2026-04-27 21:37:27.488 7 INFO neutron.api.extensions [None req-dd919f12-c442-4bed-84c0-06e77c2ca1ed - - - - - -] Loaded extension: pagination
2026-04-27 21:37:27.488 8 INFO neutron.api.extensions [None req-ef5b293a-9fe7-4ae1-9eb5-e7ea8f720067 - - - - - -] Loaded extension: vpn-endpoint-groups
2026-04-27 21:37:27.488 7 INFO neutron.api.extensions [None req-dd919f12-c442-4bed-84c0-06e77c2ca1ed - - - - - -] Loaded extension: port-device-profile
2026-04-27 21:37:27.489 8 INFO neutron.api.extensions [None req-ef5b293a-9fe7-4ae1-9eb5-e7ea8f720067 - - - - - -] Loaded extension: vpn-flavors
2026-04-27 21:37:27.489 7 INFO neutron.api.extensions [None req-dd919f12-c442-4bed-84c0-06e77c2ca1ed - - - - - -] Extension port-hardware-offload-type not supported by any of loaded plugins
2026-04-27 21:37:27.490 7 INFO neutron.api.extensions [None req-dd919f12-c442-4bed-84c0-06e77c2ca1ed - - - - - -] Extension port-hint-ovs-tx-steering not supported by any of loaded plugins
2026-04-27 21:37:27.490 7 INFO neutron.api.extensions [None req-dd919f12-c442-4bed-84c0-06e77c2ca1ed - - - - - -] Extension port-hints not supported by any of loaded plugins
2026-04-27 21:37:27.490 8 INFO neutron.api.extensions [None req-ef5b293a-9fe7-4ae1-9eb5-e7ea8f720067 - - - - - -] Loaded extension: vpnaas
2026-04-27 21:37:27.491 7 INFO neutron.api.extensions [None req-dd919f12-c442-4bed-84c0-06e77c2ca1ed - - - - - -] Loaded extension: port-mac-override
2026-04-27 21:37:27.491 7 INFO neutron.api.extensions [None req-dd919f12-c442-4bed-84c0-06e77c2ca1ed - - - - - -] Loaded extension: port-mac-address-regenerate
2026-04-27 21:37:27.492 7 INFO neutron.api.extensions [None req-dd919f12-c442-4bed-84c0-06e77c2ca1ed - - - - - -] Loaded extension: port-numa-affinity-policy
2026-04-27 21:37:27.492 7 INFO neutron.api.extensions [None req-dd919f12-c442-4bed-84c0-06e77c2ca1ed - - - - - -] Loaded extension: port-numa-affinity-policy-socket
2026-04-27 21:37:27.493 8 INFO neutron.api.extensions [None req-ef5b293a-9fe7-4ae1-9eb5-e7ea8f720067 - - - - - -] Loaded extension: taas
2026-04-27 21:37:27.493 7 INFO neutron.api.extensions [None req-dd919f12-c442-4bed-84c0-06e77c2ca1ed - - - - - -] Loaded extension: port-resource-request
2026-04-27 21:37:27.494 7 INFO neutron.api.extensions [None req-dd919f12-c442-4bed-84c0-06e77c2ca1ed - - - - - -] Loaded extension: port-resource-request-groups
2026-04-27 21:37:27.494 8 INFO neutron.api.extensions [None req-ef5b293a-9fe7-4ae1-9eb5-e7ea8f720067 - - - - - -] Loaded extension: tap-mirror
2026-04-27 21:37:27.494 8 INFO neutron.api.extensions [None req-ef5b293a-9fe7-4ae1-9eb5-e7ea8f720067 - - - - - -] Loaded extension: taas-vlan-filter
2026-04-27 21:37:27.494 7 INFO neutron.api.extensions [None req-dd919f12-c442-4bed-84c0-06e77c2ca1ed - - - - - -] Extension port-trusted-vif not supported by any of loaded plugins
2026-04-27 21:37:27.495 7 INFO neutron.api.extensions [None req-dd919f12-c442-4bed-84c0-06e77c2ca1ed - - - - - -] Loaded extension: binding
2026-04-27 21:37:27.496 7 INFO neutron.api.extensions [None req-dd919f12-c442-4bed-84c0-06e77c2ca1ed - - - - - -] Loaded extension: binding-extended
2026-04-27 21:37:27.496 7 INFO neutron.api.extensions [None req-dd919f12-c442-4bed-84c0-06e77c2ca1ed - - - - - -] Loaded extension: port-security
2026-04-27 21:37:27.497 7 INFO neutron.api.extensions [None req-dd919f12-c442-4bed-84c0-06e77c2ca1ed - - - - - -] Loaded extension: project-id
2026-04-27 21:37:27.497 8 INFO neutron.quota.resource_registry [None req-ef5b293a-9fe7-4ae1-9eb5-e7ea8f720067 - - - - - -] Creating instance of TrackedResource for resource:network
2026-04-27 21:37:27.497 8 INFO neutron.quota.resource_registry [None req-ef5b293a-9fe7-4ae1-9eb5-e7ea8f720067 - - - - - -] Creating instance of TrackedResource for resource:subnet
2026-04-27 21:37:27.497 8 INFO neutron.quota.resource_registry [None req-ef5b293a-9fe7-4ae1-9eb5-e7ea8f720067 - - - - - -] Creating instance of TrackedResource for resource:subnetpool
2026-04-27 21:37:27.497 8 INFO neutron.quota.resource_registry [None req-ef5b293a-9fe7-4ae1-9eb5-e7ea8f720067 - - - - - -] Creating instance of TrackedResource for resource:port
2026-04-27 21:37:27.497 7 INFO neutron.api.extensions [None req-dd919f12-c442-4bed-84c0-06e77c2ca1ed - - - - - -] Loaded extension: provider
2026-04-27 21:37:27.498 7 INFO neutron.api.extensions [None req-dd919f12-c442-4bed-84c0-06e77c2ca1ed - - - - - -] Extension qinq not supported by any of loaded plugins
2026-04-27 21:37:27.500 7 INFO neutron.api.extensions [None req-dd919f12-c442-4bed-84c0-06e77c2ca1ed - - - - - -] Loaded extension: qos
2026-04-27 21:37:27.501 8 INFO neutron.quota.resource_registry [None req-ef5b293a-9fe7-4ae1-9eb5-e7ea8f720067 - - - - - -] Creating instance of TrackedResource for resource:router
2026-04-27 21:37:27.501 7 INFO neutron.api.extensions [None req-dd919f12-c442-4bed-84c0-06e77c2ca1ed - - - - - -] Loaded extension: qos-bw-limit-direction
2026-04-27 21:37:27.501 8 INFO neutron.quota.resource_registry [None req-ef5b293a-9fe7-4ae1-9eb5-e7ea8f720067 - - - - - -] Creating instance of TrackedResource for resource:floatingip
2026-04-27 21:37:27.502 7 INFO neutron.api.extensions [None req-dd919f12-c442-4bed-84c0-06e77c2ca1ed - - - - - -] Loaded extension: qos-bw-minimum-ingress
2026-04-27 21:37:27.502 7 INFO neutron.api.extensions [None req-dd919f12-c442-4bed-84c0-06e77c2ca1ed - - - - - -] Loaded extension: qos-default
2026-04-27 21:37:27.503 7 INFO neutron.api.extensions [None req-dd919f12-c442-4bed-84c0-06e77c2ca1ed - - - - - -] Loaded extension: qos-fip
2026-04-27 21:37:27.503 7 INFO neutron.api.extensions [None req-dd919f12-c442-4bed-84c0-06e77c2ca1ed - - - - - -] Extension qos-fip-network-policy not supported by any of loaded plugins
2026-04-27 21:37:27.504 7 INFO neutron.api.extensions [None req-dd919f12-c442-4bed-84c0-06e77c2ca1ed - - - - - -] Loaded extension: qos-gateway-ip
2026-04-27 21:37:27.504 7 INFO neutron.api.extensions [None req-dd919f12-c442-4bed-84c0-06e77c2ca1ed - - - - - -] Loaded extension: qos-port-network-policy
2026-04-27 21:37:27.505 7 INFO neutron.api.extensions [None req-dd919f12-c442-4bed-84c0-06e77c2ca1ed - - - - - -] Loaded extension: qos-pps-minimum
2026-04-27 21:37:27.506 7 INFO neutron.api.extensions [None req-dd919f12-c442-4bed-84c0-06e77c2ca1ed - - - - - -] Loaded extension: qos-pps-minimum-rule-alias
2026-04-27 21:37:27.506 8 INFO neutron.quota.resource_registry [None req-ef5b293a-9fe7-4ae1-9eb5-e7ea8f720067 - - - - - -] Creating instance of CountableResource for resource:rbac_policy
2026-04-27 21:37:27.507 8 INFO neutron.quota.resource_registry [None req-ef5b293a-9fe7-4ae1-9eb5-e7ea8f720067 - - - - - -] Creating instance of TrackedResource for resource:security_group
2026-04-27 21:37:27.507 7 INFO neutron.api.extensions [None req-dd919f12-c442-4bed-84c0-06e77c2ca1ed - - - - - -] Loaded extension: qos-pps
2026-04-27 21:37:27.507 8 INFO neutron.quota.resource_registry [None req-ef5b293a-9fe7-4ae1-9eb5-e7ea8f720067 - - - - - -] Creating instance of TrackedResource for resource:security_group_rule
2026-04-27 21:37:27.508 7 INFO neutron.api.extensions [None req-dd919f12-c442-4bed-84c0-06e77c2ca1ed - - - - - -] Loaded extension: qos-rule-type-details
2026-04-27 21:37:27.508 8 INFO neutron.quota.resource_registry [None req-ef5b293a-9fe7-4ae1-9eb5-e7ea8f720067 - - - - - -] Creating instance of TrackedResource for resource:subnetpool
2026-04-27 21:37:27.508 8 WARNING neutron.quota.resource_registry [None req-ef5b293a-9fe7-4ae1-9eb5-e7ea8f720067 - - - - - -] subnetpool is already registered
2026-04-27 21:37:27.508 7 INFO neutron.api.extensions [None req-dd919f12-c442-4bed-84c0-06e77c2ca1ed - - - - - -] Loaded extension: qos-rule-type-filter
2026-04-27 21:37:27.509 8 INFO neutron.quota.resource_registry [None req-ef5b293a-9fe7-4ae1-9eb5-e7ea8f720067 - - - - - -] Creating instance of TrackedResource for resource:subnetpool
2026-04-27 21:37:27.509 8 WARNING neutron.quota.resource_registry [None req-ef5b293a-9fe7-4ae1-9eb5-e7ea8f720067 - - - - - -] subnetpool is already registered
2026-04-27 21:37:27.509 7 INFO neutron.api.extensions [None req-dd919f12-c442-4bed-84c0-06e77c2ca1ed - - - - - -] Loaded extension: qos-rules-alias
2026-04-27 21:37:27.509 8 INFO neutron.quota.resource_registry [None req-ef5b293a-9fe7-4ae1-9eb5-e7ea8f720067 - - - - - -] Creating instance of CountableResource for resource:trunk
2026-04-27 21:37:27.509 8 INFO neutron.quota.resource_registry [None req-ef5b293a-9fe7-4ae1-9eb5-e7ea8f720067 - - - - - -] Creating instance of CountableResource for resource:ikepolicy
2026-04-27 21:37:27.510 7 INFO neutron.api.extensions [None req-dd919f12-c442-4bed-84c0-06e77c2ca1ed - - - - - -] Loaded extension: quota-check-limit
2026-04-27 21:37:27.510 8 INFO neutron.quota.resource_registry [None req-ef5b293a-9fe7-4ae1-9eb5-e7ea8f720067 - - - - - -] Creating instance of CountableResource for resource:ipsecpolicy
2026-04-27 21:37:27.510 7 INFO neutron.api.extensions [None req-dd919f12-c442-4bed-84c0-06e77c2ca1ed - - - - - -] Loaded extension: quota-check-limit-default
2026-04-27 21:37:27.510 8 INFO neutron.quota.resource_registry [None req-ef5b293a-9fe7-4ae1-9eb5-e7ea8f720067 - - - - - -] Creating instance of CountableResource for resource:endpoint_group
2026-04-27 21:37:27.511 8 INFO neutron.quota.resource_registry [None req-ef5b293a-9fe7-4ae1-9eb5-e7ea8f720067 - - - - - -] Creating instance of CountableResource for resource:vpnservice
2026-04-27 21:37:27.511 8 INFO neutron.quota.resource_registry [None req-ef5b293a-9fe7-4ae1-9eb5-e7ea8f720067 - - - - - -] Creating instance of CountableResource for resource:ipsec_site_connection
2026-04-27 21:37:27.512 8 INFO neutron.quota.resource_registry [None req-ef5b293a-9fe7-4ae1-9eb5-e7ea8f720067 - - - - - -] Creating instance of CountableResource for resource:ipsecpolicy
2026-04-27 21:37:27.512 8 WARNING neutron.quota.resource_registry [None req-ef5b293a-9fe7-4ae1-9eb5-e7ea8f720067 - - - - - -] ipsecpolicy is already registered
2026-04-27 21:37:27.512 8 INFO neutron.quota.resource_registry [None req-ef5b293a-9fe7-4ae1-9eb5-e7ea8f720067 - - - - - -] Creating instance of CountableResource for resource:ikepolicy
2026-04-27 21:37:27.512 8 WARNING neutron.quota.resource_registry [None req-ef5b293a-9fe7-4ae1-9eb5-e7ea8f720067 - - - - - -] ikepolicy is already registered
2026-04-27 21:37:27.515 7 INFO neutron.api.extensions [None req-dd919f12-c442-4bed-84c0-06e77c2ca1ed - - - - - -] Loaded extension: quotas
2026-04-27 21:37:27.516 7 INFO neutron.api.extensions [None req-dd919f12-c442-4bed-84c0-06e77c2ca1ed - - - - - -] Loaded extension: quota_details
2026-04-27 21:37:27.517 8 INFO neutron.quota.resource_registry [None req-ef5b293a-9fe7-4ae1-9eb5-e7ea8f720067 - - - - - -] Creating instance of TrackedResource for resource:router
2026-04-27 21:37:27.517 8 WARNING neutron.quota.resource_registry [None req-ef5b293a-9fe7-4ae1-9eb5-e7ea8f720067 - - - - - -] router is already registered
2026-04-27 21:37:27.518 7 INFO neutron.api.extensions [None req-dd919f12-c442-4bed-84c0-06e77c2ca1ed - - - - - -] Loaded extension: rbac-policies
2026-04-27 21:37:27.518 8 INFO neutron.quota.resource_registry [None req-ef5b293a-9fe7-4ae1-9eb5-e7ea8f720067 - - - - - -] Creating instance of TrackedResource for resource:floatingip
2026-04-27 21:37:27.518 8 WARNING neutron.quota.resource_registry [None req-ef5b293a-9fe7-4ae1-9eb5-e7ea8f720067 - - - - - -] floatingip is already registered
2026-04-27 21:37:27.518 7 INFO neutron.api.extensions [None req-dd919f12-c442-4bed-84c0-06e77c2ca1ed - - - - - -] Loaded extension: rbac-address-group
2026-04-27 21:37:27.519 7 INFO neutron.api.extensions [None req-dd919f12-c442-4bed-84c0-06e77c2ca1ed - - - - - -] Loaded extension: rbac-address-scope
2026-04-27 21:37:27.520 7 INFO neutron.api.extensions [None req-dd919f12-c442-4bed-84c0-06e77c2ca1ed - - - - - -] Loaded extension: rbac-security-groups
2026-04-27 21:37:27.520 7 INFO neutron.api.extensions [None req-dd919f12-c442-4bed-84c0-06e77c2ca1ed - - - - - -] Loaded extension: rbac-subnetpool
2026-04-27 21:37:27.521 7 INFO neutron.api.extensions [None req-dd919f12-c442-4bed-84c0-06e77c2ca1ed - - - - - -] Loaded extension: revision-if-match
2026-04-27 21:37:27.521 7 INFO neutron.api.extensions [None req-dd919f12-c442-4bed-84c0-06e77c2ca1ed - - - - - -] Loaded extension: standard-attr-revisions
2026-04-27 21:37:27.522 8 INFO neutron.quota.resource_registry [None req-ef5b293a-9fe7-4ae1-9eb5-e7ea8f720067 - - - - - -] Creating instance of CountableResource for resource:rbac_policy
2026-04-27 21:37:27.522 7 INFO neutron.api.extensions [None req-dd919f12-c442-4bed-84c0-06e77c2ca1ed - - - - - -] Loaded extension: router_availability_zone
2026-04-27 21:37:27.522 8 WARNING neutron.quota.resource_registry [None req-ef5b293a-9fe7-4ae1-9eb5-e7ea8f720067 - - - - - -] rbac_policy is already registered
2026-04-27 21:37:27.523 7 INFO neutron.api.extensions [None req-dd919f12-c442-4bed-84c0-06e77c2ca1ed - - - - - -] Extension router-service-type not supported by any of loaded plugins
2026-04-27 21:37:27.523 8 INFO neutron.quota.resource_registry [None req-ef5b293a-9fe7-4ae1-9eb5-e7ea8f720067 - - - - - -] Creating instance of TrackedResource for resource:security_group
2026-04-27 21:37:27.523 8 WARNING neutron.quota.resource_registry [None req-ef5b293a-9fe7-4ae1-9eb5-e7ea8f720067 - - - - - -] security_group is already registered
2026-04-27 21:37:27.523 8 INFO neutron.quota.resource_registry [None req-ef5b293a-9fe7-4ae1-9eb5-e7ea8f720067 - - - - - -] Creating instance of TrackedResource for resource:security_group_rule
2026-04-27 21:37:27.523 8 WARNING neutron.quota.resource_registry [None req-ef5b293a-9fe7-4ae1-9eb5-e7ea8f720067 - - - - - -] security_group_rule is already registered
2026-04-27 21:37:27.524 8 INFO neutron.quota.resource_registry [None req-ef5b293a-9fe7-4ae1-9eb5-e7ea8f720067 - - - - - -] Creating instance of TrackedResource for resource:subnetpool
2026-04-27 21:37:27.524 8 WARNING neutron.quota.resource_registry [None req-ef5b293a-9fe7-4ae1-9eb5-e7ea8f720067 - - - - - -] subnetpool is already registered
2026-04-27 21:37:27.525 7 INFO neutron.api.extensions [None req-dd919f12-c442-4bed-84c0-06e77c2ca1ed - - - - - -] Loaded extension: security-groups-default-rules
2026-04-27 21:37:27.525 8 INFO neutron.quota.resource_registry [None req-ef5b293a-9fe7-4ae1-9eb5-e7ea8f720067 - - - - - -] Creating instance of TrackedResource for resource:subnetpool
2026-04-27 21:37:27.525 8 WARNING neutron.quota.resource_registry [None req-ef5b293a-9fe7-4ae1-9eb5-e7ea8f720067 - - - - - -] subnetpool is already registered
2026-04-27 21:37:27.525 7 INFO neutron.api.extensions [None req-dd919f12-c442-4bed-84c0-06e77c2ca1ed - - - - - -] Loaded extension: security-groups-normalized-cidr
2026-04-27 21:37:27.526 8 INFO neutron.quota.resource_registry [None req-ef5b293a-9fe7-4ae1-9eb5-e7ea8f720067 - - - - - -] Creating instance of CountableResource for resource:trunk
2026-04-27 21:37:27.526 7 INFO neutron.api.extensions [None req-dd919f12-c442-4bed-84c0-06e77c2ca1ed - - - - - -] Loaded extension: port-security-groups-filtering
2026-04-27 21:37:27.526 8 WARNING neutron.quota.resource_registry [None req-ef5b293a-9fe7-4ae1-9eb5-e7ea8f720067 - - - - - -] trunk is already registered
2026-04-27 21:37:27.526 8 INFO neutron.quota.resource_registry [None req-ef5b293a-9fe7-4ae1-9eb5-e7ea8f720067 - - - - - -] Creating instance of CountableResource for resource:ikepolicy
2026-04-27 21:37:27.526 8 WARNING neutron.quota.resource_registry [None req-ef5b293a-9fe7-4ae1-9eb5-e7ea8f720067 - - - - - -] ikepolicy is already registered
2026-04-27 21:37:27.526 7 INFO neutron.api.extensions [None req-dd919f12-c442-4bed-84c0-06e77c2ca1ed - - - - - -] Loaded extension: security-groups-remote-address-group
2026-04-27 21:37:27.527 8 INFO neutron.quota.resource_registry [None req-ef5b293a-9fe7-4ae1-9eb5-e7ea8f720067 - - - - - -] Creating instance of CountableResource for resource:ipsecpolicy
2026-04-27 21:37:27.527 8 WARNING neutron.quota.resource_registry [None req-ef5b293a-9fe7-4ae1-9eb5-e7ea8f720067 - - - - - -] ipsecpolicy is already registered
2026-04-27 21:37:27.527 7 INFO neutron.api.extensions [None req-dd919f12-c442-4bed-84c0-06e77c2ca1ed - - - - - -] Loaded extension: security-groups-rules-belongs-to-default-sg
2026-04-27 21:37:27.527 8 INFO neutron.quota.resource_registry [None req-ef5b293a-9fe7-4ae1-9eb5-e7ea8f720067 - - - - - -] Creating instance of CountableResource for resource:endpoint_group
2026-04-27 21:37:27.527 8 WARNING neutron.quota.resource_registry [None req-ef5b293a-9fe7-4ae1-9eb5-e7ea8f720067 - - - - - -] endpoint_group is already registered
2026-04-27 21:37:27.527 7 INFO neutron.api.extensions [None req-dd919f12-c442-4bed-84c0-06e77c2ca1ed - - - - - -] Loaded extension: security-groups-shared-filtering
2026-04-27 21:37:27.528 8 INFO neutron.quota.resource_registry [None req-ef5b293a-9fe7-4ae1-9eb5-e7ea8f720067 - - - - - -] Creating instance of CountableResource for resource:vpnservice
2026-04-27 21:37:27.528 8 WARNING neutron.quota.resource_registry [None req-ef5b293a-9fe7-4ae1-9eb5-e7ea8f720067 - - - - - -] vpnservice is already registered
2026-04-27 21:37:27.528 8 INFO neutron.quota.resource_registry [None req-ef5b293a-9fe7-4ae1-9eb5-e7ea8f720067 - - - - - -] Creating instance of CountableResource for resource:ipsec_site_connection
2026-04-27 21:37:27.528 8 WARNING neutron.quota.resource_registry [None req-ef5b293a-9fe7-4ae1-9eb5-e7ea8f720067 - - - - - -] ipsec_site_connection is already registered
2026-04-27 21:37:27.529 8 INFO neutron.quota.resource_registry [None req-ef5b293a-9fe7-4ae1-9eb5-e7ea8f720067 - - - - - -] Creating instance of CountableResource for resource:ipsecpolicy
2026-04-27 21:37:27.529 8 WARNING neutron.quota.resource_registry [None req-ef5b293a-9fe7-4ae1-9eb5-e7ea8f720067 - - - - - -] ipsecpolicy is already registered
2026-04-27 21:37:27.529 8 INFO neutron.quota.resource_registry [None req-ef5b293a-9fe7-4ae1-9eb5-e7ea8f720067 - - - - - -] Creating instance of CountableResource for resource:ikepolicy
2026-04-27 21:37:27.530 8 WARNING neutron.quota.resource_registry [None req-ef5b293a-9fe7-4ae1-9eb5-e7ea8f720067 - - - - - -] ikepolicy is already registered
2026-04-27 21:37:27.532 7 INFO neutron.api.extensions [None req-dd919f12-c442-4bed-84c0-06e77c2ca1ed - - - - - -] Loaded extension: security-group
2026-04-27 21:37:27.533 7 INFO neutron.api.extensions [None req-dd919f12-c442-4bed-84c0-06e77c2ca1ed - - - - - -] Loaded extension: segment
2026-04-27 21:37:27.534 7 INFO neutron.api.extensions [None req-dd919f12-c442-4bed-84c0-06e77c2ca1ed - - - - - -] Loaded extension: segments-peer-subnet-host-routes
2026-04-27 21:37:27.534 7 INFO neutron.api.extensions [None req-dd919f12-c442-4bed-84c0-06e77c2ca1ed - - - - - -] Loaded extension: service-type
2026-04-27 21:37:27.535 7 INFO neutron.api.extensions [None req-dd919f12-c442-4bed-84c0-06e77c2ca1ed - - - - - -] Loaded extension: sorting
2026-04-27 21:37:27.536 7 INFO neutron.api.extensions [None req-dd919f12-c442-4bed-84c0-06e77c2ca1ed - - - - - -] Loaded extension: standard-attr-segment
2026-04-27 21:37:27.536 7 INFO neutron.api.extensions [None req-dd919f12-c442-4bed-84c0-06e77c2ca1ed - - - - - -] Loaded extension: standard-attr-description
2026-04-27 21:37:27.537 7 INFO neutron.api.extensions [None req-dd919f12-c442-4bed-84c0-06e77c2ca1ed - - - - - -] Loaded extension: stateful-security-group
2026-04-27 21:37:27.537 7 WARNING neutron.api.extensions [None req-dd919f12-c442-4bed-84c0-06e77c2ca1ed - - - - - -] Did not find expected name "Stdattrs_common" in /var/lib/openstack/lib/python3.12/site-packages/neutron/extensions/stdattrs_common.py
2026-04-27 21:37:27.538 7 INFO neutron.api.extensions [None req-dd919f12-c442-4bed-84c0-06e77c2ca1ed - - - - - -] Extension subnet-dns-publish-fixed-ip not supported by any of loaded plugins
2026-04-27 21:37:27.539 7 INFO neutron.api.extensions [None req-dd919f12-c442-4bed-84c0-06e77c2ca1ed - - - - - -] Loaded extension: subnet-external-network
2026-04-27 21:37:27.539 7 INFO neutron.api.extensions [None req-dd919f12-c442-4bed-84c0-06e77c2ca1ed - - - - - -] Loaded extension: subnet_onboard
2026-04-27 21:37:27.540 7 INFO neutron.api.extensions [None req-dd919f12-c442-4bed-84c0-06e77c2ca1ed - - - - - -] Loaded extension: subnet-segmentid-writable
2026-04-27 21:37:27.540 7 INFO neutron.api.extensions [None req-dd919f12-c442-4bed-84c0-06e77c2ca1ed - - - - - -] Loaded extension: subnet-service-types
2026-04-27 21:37:27.541 7 INFO neutron.api.extensions [None req-dd919f12-c442-4bed-84c0-06e77c2ca1ed - - - - - -] Loaded extension: subnet_allocation
2026-04-27 21:37:27.542 7 INFO neutron.api.extensions [None req-dd919f12-c442-4bed-84c0-06e77c2ca1ed - - - - - -] Loaded extension: subnetpool-prefix-ops
2026-04-27 21:37:27.542 7 INFO neutron.api.extensions [None req-dd919f12-c442-4bed-84c0-06e77c2ca1ed - - - - - -] Loaded extension: tag-creation
2026-04-27 21:37:27.543 7 INFO neutron.api.extensions [None req-dd919f12-c442-4bed-84c0-06e77c2ca1ed - - - - - -] Extension tag-ports-during-bulk-creation not supported by any of loaded plugins
2026-04-27 21:37:27.547 7 INFO neutron.api.extensions [None req-dd919f12-c442-4bed-84c0-06e77c2ca1ed - - - - - -] Loaded extension: standard-attr-tag
2026-04-27 21:37:27.549 7 INFO neutron.api.extensions [None req-dd919f12-c442-4bed-84c0-06e77c2ca1ed - - - - - -] Loaded extension: standard-attr-timestamp
2026-04-27 21:37:27.549 7 INFO neutron.api.extensions [None req-dd919f12-c442-4bed-84c0-06e77c2ca1ed - - - - - -] Loaded extension: trunk
2026-04-27 21:37:27.550 7 INFO neutron.api.extensions [None req-dd919f12-c442-4bed-84c0-06e77c2ca1ed - - - - - -] Loaded extension: trunk-details
2026-04-27 21:37:27.550 7 INFO neutron.api.extensions [None req-dd919f12-c442-4bed-84c0-06e77c2ca1ed - - - - - -] Extension uplink-status-propagation not supported by any of loaded plugins
2026-04-27 21:37:27.551 7 INFO neutron.api.extensions [None req-dd919f12-c442-4bed-84c0-06e77c2ca1ed - - - - - -] Extension uplink-status-propagation-updatable not supported by any of loaded plugins
2026-04-27 21:37:27.552 7 INFO neutron.api.extensions [None req-dd919f12-c442-4bed-84c0-06e77c2ca1ed - - - - - -] Extension vlan-transparent not supported by any of loaded plugins
2026-04-27 21:37:27.552 7 INFO neutron.api.extensions [None req-dd919f12-c442-4bed-84c0-06e77c2ca1ed - - - - - -] Loaded extension: vpn-aes-ctr
2026-04-27 21:37:27.554 7 INFO neutron.api.extensions [None req-dd919f12-c442-4bed-84c0-06e77c2ca1ed - - - - - -] Extension vpn-agent-scheduler not supported by any of loaded plugins
2026-04-27 21:37:27.555 7 INFO neutron.api.extensions [None req-dd919f12-c442-4bed-84c0-06e77c2ca1ed - - - - - -] Loaded extension: vpn-endpoint-groups
2026-04-27 21:37:27.556 7 INFO neutron.api.extensions [None req-dd919f12-c442-4bed-84c0-06e77c2ca1ed - - - - - -] Loaded extension: vpn-flavors
2026-04-27 21:37:27.558 7 INFO neutron.api.extensions [None req-dd919f12-c442-4bed-84c0-06e77c2ca1ed - - - - - -] Loaded extension: vpnaas
2026-04-27 21:37:27.560 7 INFO neutron.api.extensions [None req-dd919f12-c442-4bed-84c0-06e77c2ca1ed - - - - - -] Loaded extension: taas
2026-04-27 21:37:27.561 7 INFO neutron.api.extensions [None req-dd919f12-c442-4bed-84c0-06e77c2ca1ed - - - - - -] Loaded extension: tap-mirror
2026-04-27 21:37:27.561 7 INFO neutron.api.extensions [None req-dd919f12-c442-4bed-84c0-06e77c2ca1ed - - - - - -] Loaded extension: taas-vlan-filter
2026-04-27 21:37:27.564 7 INFO neutron.quota.resource_registry [None req-dd919f12-c442-4bed-84c0-06e77c2ca1ed - - - - - -] Creating instance of TrackedResource for resource:network
2026-04-27 21:37:27.564 7 INFO neutron.quota.resource_registry [None req-dd919f12-c442-4bed-84c0-06e77c2ca1ed - - - - - -] Creating instance of TrackedResource for resource:subnet
2026-04-27 21:37:27.564 7 INFO neutron.quota.resource_registry [None req-dd919f12-c442-4bed-84c0-06e77c2ca1ed - - - - - -] Creating instance of TrackedResource for resource:subnetpool
2026-04-27 21:37:27.564 7 INFO neutron.quota.resource_registry [None req-dd919f12-c442-4bed-84c0-06e77c2ca1ed - - - - - -] Creating instance of TrackedResource for resource:port
2026-04-27 21:37:27.568 7 INFO neutron.quota.resource_registry [None req-dd919f12-c442-4bed-84c0-06e77c2ca1ed - - - - - -] Creating instance of TrackedResource for resource:router
2026-04-27 21:37:27.568 8 WARNING keystonemiddleware._common.config [None req-ef5b293a-9fe7-4ae1-9eb5-e7ea8f720067 - - - - - -] The option "audit_map_file" is not known to keystonemiddleware
2026-04-27 21:37:27.568 7 INFO neutron.quota.resource_registry [None req-dd919f12-c442-4bed-84c0-06e77c2ca1ed - - - - - -] Creating instance of TrackedResource for resource:floatingip
2026-04-27 21:37:27.573 7 INFO neutron.quota.resource_registry [None req-dd919f12-c442-4bed-84c0-06e77c2ca1ed - - - - - -] Creating instance of CountableResource for resource:rbac_policy
2026-04-27 21:37:27.574 7 INFO neutron.quota.resource_registry [None req-dd919f12-c442-4bed-84c0-06e77c2ca1ed - - - - - -] Creating instance of TrackedResource for resource:security_group
2026-04-27 21:37:27.574 7 INFO neutron.quota.resource_registry [None req-dd919f12-c442-4bed-84c0-06e77c2ca1ed - - - - - -] Creating instance of TrackedResource for resource:security_group_rule
2026-04-27 21:37:27.575 8 WARNING oslo_config.cfg [None req-ef5b293a-9fe7-4ae1-9eb5-e7ea8f720067 - - - - - -] Deprecated: Option "auth_uri" from group "keystone_authtoken" is deprecated. Use option "www_authenticate_uri" from group "keystone_authtoken".
2026-04-27 21:37:27.575 7 INFO neutron.quota.resource_registry [None req-dd919f12-c442-4bed-84c0-06e77c2ca1ed - - - - - -] Creating instance of TrackedResource for resource:subnetpool
2026-04-27 21:37:27.576 7 WARNING neutron.quota.resource_registry [None req-dd919f12-c442-4bed-84c0-06e77c2ca1ed - - - - - -] subnetpool is already registered
2026-04-27 21:37:27.576 7 INFO neutron.quota.resource_registry [None req-dd919f12-c442-4bed-84c0-06e77c2ca1ed - - - - - -] Creating instance of TrackedResource for resource:subnetpool
2026-04-27 21:37:27.576 7 WARNING neutron.quota.resource_registry [None req-dd919f12-c442-4bed-84c0-06e77c2ca1ed - - - - - -] subnetpool is already registered
2026-04-27 21:37:27.577 7 INFO neutron.quota.resource_registry [None req-dd919f12-c442-4bed-84c0-06e77c2ca1ed - - - - - -] Creating instance of CountableResource for resource:trunk
2026-04-27 21:37:27.577 7 INFO neutron.quota.resource_registry [None req-dd919f12-c442-4bed-84c0-06e77c2ca1ed - - - - - -] Creating instance of CountableResource for resource:ikepolicy WSGI app 0 (mountpoint='') ready in 8 seconds on interpreter 0x7fdb07b71668 pid: 8 (default app)
2026-04-27 21:37:27.578 7 INFO neutron.quota.resource_registry [None req-dd919f12-c442-4bed-84c0-06e77c2ca1ed - - - - - -] Creating instance of CountableResource for resource:ipsecpolicy
2026-04-27 21:37:27.578 7 INFO neutron.quota.resource_registry [None req-dd919f12-c442-4bed-84c0-06e77c2ca1ed - - - - - -] Creating instance of CountableResource for resource:endpoint_group
2026-04-27 21:37:27.579 7 INFO neutron.quota.resource_registry [None req-dd919f12-c442-4bed-84c0-06e77c2ca1ed - - - - - -] Creating instance of CountableResource for resource:vpnservice
2026-04-27 21:37:27.579 7 INFO neutron.quota.resource_registry [None req-dd919f12-c442-4bed-84c0-06e77c2ca1ed - - - - - -] Creating instance of CountableResource for resource:ipsec_site_connection
2026-04-27 21:37:27.580 7 INFO neutron.quota.resource_registry [None req-dd919f12-c442-4bed-84c0-06e77c2ca1ed - - - - - -] Creating instance of CountableResource for resource:ipsecpolicy
2026-04-27 21:37:27.580 7 WARNING neutron.quota.resource_registry [None req-dd919f12-c442-4bed-84c0-06e77c2ca1ed - - - - - -] ipsecpolicy is already registered
2026-04-27 21:37:27.580 7 INFO neutron.quota.resource_registry [None req-dd919f12-c442-4bed-84c0-06e77c2ca1ed - - - - - -] Creating instance of CountableResource for resource:ikepolicy
2026-04-27 21:37:27.580 7 WARNING neutron.quota.resource_registry [None req-dd919f12-c442-4bed-84c0-06e77c2ca1ed - - - - - -] ikepolicy is already registered
2026-04-27 21:37:27.585 7 INFO neutron.quota.resource_registry [None req-dd919f12-c442-4bed-84c0-06e77c2ca1ed - - - - - -] Creating instance of TrackedResource for resource:router
2026-04-27 21:37:27.585 7 WARNING neutron.quota.resource_registry [None req-dd919f12-c442-4bed-84c0-06e77c2ca1ed - - - - - -] router is already registered
2026-04-27 21:37:27.586 7 INFO neutron.quota.resource_registry [None req-dd919f12-c442-4bed-84c0-06e77c2ca1ed - - - - - -] Creating instance of TrackedResource for resource:floatingip
2026-04-27 21:37:27.586 7 WARNING neutron.quota.resource_registry [None req-dd919f12-c442-4bed-84c0-06e77c2ca1ed - - - - - -] floatingip is already registered
2026-04-27 21:37:27.590 7 INFO neutron.quota.resource_registry [None req-dd919f12-c442-4bed-84c0-06e77c2ca1ed - - - - - -] Creating instance of CountableResource for resource:rbac_policy
2026-04-27 21:37:27.590 7 WARNING neutron.quota.resource_registry [None req-dd919f12-c442-4bed-84c0-06e77c2ca1ed - - - - - -] rbac_policy is already registered
2026-04-27 21:37:27.591 7 INFO neutron.quota.resource_registry [None req-dd919f12-c442-4bed-84c0-06e77c2ca1ed - - - - - -] Creating instance of TrackedResource for resource:security_group
2026-04-27 21:37:27.591 7 WARNING neutron.quota.resource_registry [None req-dd919f12-c442-4bed-84c0-06e77c2ca1ed - - - - - -] security_group is already registered
2026-04-27 21:37:27.592 7 INFO neutron.quota.resource_registry [None req-dd919f12-c442-4bed-84c0-06e77c2ca1ed - - - - - -] Creating instance of TrackedResource for resource:security_group_rule
2026-04-27 21:37:27.592 7 WARNING neutron.quota.resource_registry [None req-dd919f12-c442-4bed-84c0-06e77c2ca1ed - - - - - -] security_group_rule is already registered
2026-04-27 21:37:27.593 7 INFO neutron.quota.resource_registry [None req-dd919f12-c442-4bed-84c0-06e77c2ca1ed - - - - - -] Creating instance of TrackedResource for resource:subnetpool
2026-04-27 21:37:27.593 7 WARNING neutron.quota.resource_registry [None req-dd919f12-c442-4bed-84c0-06e77c2ca1ed - - - - - -] subnetpool is already registered
2026-04-27 21:37:27.593 7 INFO neutron.quota.resource_registry [None req-dd919f12-c442-4bed-84c0-06e77c2ca1ed - - - - - -] Creating instance of TrackedResource for resource:subnetpool
2026-04-27 21:37:27.594 7 WARNING neutron.quota.resource_registry [None req-dd919f12-c442-4bed-84c0-06e77c2ca1ed - - - - - -] subnetpool is already registered
2026-04-27 21:37:27.594 7 INFO neutron.quota.resource_registry [None req-dd919f12-c442-4bed-84c0-06e77c2ca1ed - - - - - -] Creating instance of CountableResource for resource:trunk
2026-04-27 21:37:27.594 7 WARNING neutron.quota.resource_registry [None req-dd919f12-c442-4bed-84c0-06e77c2ca1ed - - - - - -] trunk is already registered
2026-04-27 21:37:27.595 7 INFO neutron.quota.resource_registry [None req-dd919f12-c442-4bed-84c0-06e77c2ca1ed - - - - - -] Creating instance of CountableResource for resource:ikepolicy
2026-04-27 21:37:27.595 7 WARNING neutron.quota.resource_registry [None req-dd919f12-c442-4bed-84c0-06e77c2ca1ed - - - - - -] ikepolicy is already registered
2026-04-27 21:37:27.596 7 INFO neutron.quota.resource_registry [None req-dd919f12-c442-4bed-84c0-06e77c2ca1ed - - - - - -] Creating instance of CountableResource for resource:ipsecpolicy
2026-04-27 21:37:27.596 7 WARNING neutron.quota.resource_registry [None req-dd919f12-c442-4bed-84c0-06e77c2ca1ed - - - - - -] ipsecpolicy is already registered
2026-04-27 21:37:27.596 7 INFO neutron.quota.resource_registry [None req-dd919f12-c442-4bed-84c0-06e77c2ca1ed - - - - - -] Creating instance of CountableResource for resource:endpoint_group
2026-04-27 21:37:27.596 7 WARNING neutron.quota.resource_registry [None req-dd919f12-c442-4bed-84c0-06e77c2ca1ed - - - - - -] endpoint_group is already registered
2026-04-27 21:37:27.597 7 INFO neutron.quota.resource_registry [None req-dd919f12-c442-4bed-84c0-06e77c2ca1ed - - - - - -] Creating instance of CountableResource for resource:vpnservice
2026-04-27 21:37:27.597 7 WARNING neutron.quota.resource_registry [None req-dd919f12-c442-4bed-84c0-06e77c2ca1ed - - - - - -] vpnservice is already registered
2026-04-27 21:37:27.598 7 INFO neutron.quota.resource_registry [None req-dd919f12-c442-4bed-84c0-06e77c2ca1ed - - - - - -] Creating instance of CountableResource for resource:ipsec_site_connection
2026-04-27 21:37:27.598 7 WARNING neutron.quota.resource_registry [None req-dd919f12-c442-4bed-84c0-06e77c2ca1ed - - - - - -] ipsec_site_connection is already registered
2026-04-27 21:37:27.598 7 INFO neutron.quota.resource_registry [None req-dd919f12-c442-4bed-84c0-06e77c2ca1ed - - - - - -] Creating instance of CountableResource for resource:ipsecpolicy
2026-04-27 21:37:27.598 7 WARNING neutron.quota.resource_registry [None req-dd919f12-c442-4bed-84c0-06e77c2ca1ed - - - - - -] ipsecpolicy is already registered
2026-04-27 21:37:27.599 7 INFO neutron.quota.resource_registry [None req-dd919f12-c442-4bed-84c0-06e77c2ca1ed - - - - - -] Creating instance of CountableResource for resource:ikepolicy
2026-04-27 21:37:27.599 7 WARNING neutron.quota.resource_registry [None req-dd919f12-c442-4bed-84c0-06e77c2ca1ed - - - - - -] ikepolicy is already registered
2026-04-27 21:37:27.638 7 WARNING keystonemiddleware._common.config [None req-dd919f12-c442-4bed-84c0-06e77c2ca1ed - - - - - -] The option "audit_map_file" is not known to keystonemiddleware
2026-04-27 21:37:27.647 7 WARNING oslo_config.cfg [None req-dd919f12-c442-4bed-84c0-06e77c2ca1ed - - - - - -] Deprecated: Option "auth_uri" from group "keystone_authtoken" is deprecated. Use option "www_authenticate_uri" from group "keystone_authtoken". WSGI app 0 (mountpoint='') ready in 8 seconds on interpreter 0x7fdb07b71668 pid: 7 (default app) /var/lib/openstack/lib/python3.12/site-packages/pycadf/identifier.py:70: UserWarning: Invalid uuid: unknown. To ensure interoperability, identifiers should be a valid uuid. warnings.warn(('Invalid uuid: %s. To ensure interoperability, '
2026-04-27 21:37:31.641 8 INFO neutron.pecan_wsgi.hooks.translation [None req-0e67d9e3-2d20-4a06-9b16-d7be501f8972 194c760999444bf4ba1040f147085c4e e9e1c01ccbd64cc6804302eb74e640ad - - default default] GET failed (client error): The resource could not be found. [pid: 8|app: 0|req: 3/4] 199.19.213.23 () {44 vars in 923 bytes} [Mon Apr 27 21:37:30 2026] GET /v2.0/networks/public => generated 108 bytes in 810 msecs (HTTP/1.1 404) 4 headers in 164 bytes (1 switches on core 0) /var/lib/openstack/lib/python3.12/site-packages/pycadf/identifier.py:70: UserWarning: Invalid uuid: unknown. To ensure interoperability, identifiers should be a valid uuid. warnings.warn(('Invalid uuid: %s. To ensure interoperability, ' [pid: 7|app: 0|req: 2/5] 199.19.213.23 () {44 vars in 945 bytes} [Mon Apr 27 21:37:31 2026] GET /v2.0/networks?name=public => generated 15 bytes in 371 msecs (HTTP/1.1 200) 4 headers in 156 bytes (1 switches on core 0)
2026-04-27 21:37:32.386 8 WARNING neutron.services.revisions.revision_plugin [None req-c78441b4-e2f8-4b85-b829-483040930edd 194c760999444bf4ba1040f147085c4e e9e1c01ccbd64cc6804302eb74e640ad - - default default] Could not find related network for resource to bump revision.
2026-04-27 21:37:32.403 8 INFO neutron.db.segments_db [None req-c78441b4-e2f8-4b85-b829-483040930edd 194c760999444bf4ba1040f147085c4e e9e1c01ccbd64cc6804302eb74e640ad - - default default] Added segment e3cc5250-1aeb-4df4-bb79-a9a229f0aa03 of type flat for network 3684d09e-16aa-47be-9540-301bdd8f94b4
2026-04-27 21:37:32.445 8 INFO neutron.pecan_wsgi.hooks.translation [None req-c78441b4-e2f8-4b85-b829-483040930edd 194c760999444bf4ba1040f147085c4e e9e1c01ccbd64cc6804302eb74e640ad - - default default] POST failed (client error): The resource could not be found. [pid: 8|app: 0|req: 4/6] 199.19.213.23 () {48 vars in 963 bytes} [Mon Apr 27 21:37:32 2026] POST /v2.0/networks => generated 124 bytes in 453 msecs (HTTP/1.1 404) 4 headers in 164 bytes (1 switches on core 0)
2026-04-27 21:37:38.642 7 INFO neutron.pecan_wsgi.hooks.translation [None req-b56b8402-efbe-4703-8b10-262ea1b6c411 194c760999444bf4ba1040f147085c4e e9e1c01ccbd64cc6804302eb74e640ad - - default default] GET failed (client error): The resource could not be found. [pid: 7|app: 0|req: 3/7] 199.19.213.23 () {44 vars in 923 bytes} [Mon Apr 27 21:37:38 2026] GET /v2.0/networks/public => generated 108 bytes in 391 msecs (HTTP/1.1 404) 4 headers in 164 bytes (1 switches on core 0) [pid: 8|app: 0|req: 5/8] 199.19.213.23 () {44 vars in 945 bytes} [Mon Apr 27 21:37:38 2026] GET /v2.0/networks?name=public => generated 15 bytes in 22 msecs (HTTP/1.1 200) 4 headers in 156 bytes (1 switches on core 0)
2026-04-27 21:37:38.927 7 WARNING neutron.services.revisions.revision_plugin [None req-bb45b17e-2cee-437f-a125-52e0458ec7a7 194c760999444bf4ba1040f147085c4e e9e1c01ccbd64cc6804302eb74e640ad - - default default] Could not find related network for resource to bump revision.
2026-04-27 21:37:38.952 7 INFO neutron.db.segments_db [None req-bb45b17e-2cee-437f-a125-52e0458ec7a7 194c760999444bf4ba1040f147085c4e e9e1c01ccbd64cc6804302eb74e640ad - - default default] Added segment 784e1a34-9224-408e-a0c2-ef125fdf33d6 of type flat for network 92b37be8-d024-4b3a-a6c0-f24991bb840d
2026-04-27 21:37:39.006 7 INFO neutron.pecan_wsgi.hooks.translation [None req-bb45b17e-2cee-437f-a125-52e0458ec7a7 194c760999444bf4ba1040f147085c4e e9e1c01ccbd64cc6804302eb74e640ad - - default default] POST failed (client error): The resource could not be found. [pid: 7|app: 0|req: 4/9] 199.19.213.23 () {48 vars in 963 bytes} [Mon Apr 27 21:37:38 2026] POST /v2.0/networks => generated 124 bytes in 346 msecs (HTTP/1.1 404) 4 headers in 164 bytes (1 switches on core 0)
2026-04-27 21:37:44.846 8 INFO neutron.pecan_wsgi.hooks.translation [None req-b4774874-57a2-4654-8d86-37dc2112bc35 194c760999444bf4ba1040f147085c4e e9e1c01ccbd64cc6804302eb74e640ad - - default default] GET failed (client error): The resource could not be found. [pid: 8|app: 0|req: 6/10] 199.19.213.23 () {44 vars in 923 bytes} [Mon Apr 27 21:37:44 2026] GET /v2.0/networks/public => generated 108 bytes in 43 msecs (HTTP/1.1 404) 4 headers in 164 bytes (1 switches on core 0) [pid: 7|app: 0|req: 5/11] 199.19.213.23 () {44 vars in 945 bytes} [Mon Apr 27 21:37:44 2026] GET /v2.0/networks?name=public => generated 15 bytes in 9 msecs (HTTP/1.1 200) 4 headers in 156 bytes (1 switches on core 0)
2026-04-27 21:37:44.914 8 WARNING neutron.services.revisions.revision_plugin [None req-ddccba10-d990-4447-8d1b-543e5840dcba 194c760999444bf4ba1040f147085c4e e9e1c01ccbd64cc6804302eb74e640ad - - default default] Could not find related network for resource to bump revision.
2026-04-27 21:37:44.925 8 INFO neutron.db.segments_db [None req-ddccba10-d990-4447-8d1b-543e5840dcba 194c760999444bf4ba1040f147085c4e e9e1c01ccbd64cc6804302eb74e640ad - - default default] Added segment c8784ab3-bf77-45e0-ac05-d6a4d1c71472 of type flat for network c0b3d5e6-d71d-4396-82a7-e826eebb0fec
2026-04-27 21:37:44.943 8 INFO neutron.pecan_wsgi.hooks.translation [None req-ddccba10-d990-4447-8d1b-543e5840dcba 194c760999444bf4ba1040f147085c4e e9e1c01ccbd64cc6804302eb74e640ad - - default default] POST failed (client error): The resource could not be found. [pid: 8|app: 0|req: 7/12] 199.19.213.23 () {48 vars in 963 bytes} [Mon Apr 27 21:37:44 2026] POST /v2.0/networks => generated 124 bytes in 83 msecs (HTTP/1.1 404) 4 headers in 164 bytes (1 switches on core 0)
2026-04-27 21:37:50.765 8 INFO neutron.pecan_wsgi.hooks.translation [None req-f65f31e0-7e7a-4d0e-a170-4f2270e1d34e 194c760999444bf4ba1040f147085c4e e9e1c01ccbd64cc6804302eb74e640ad - - default default] GET failed (client error): The resource could not be found. [pid: 8|app: 0|req: 8/14] 199.19.213.23 () {44 vars in 923 bytes} [Mon Apr 27 21:37:50 2026] GET /v2.0/networks/public => generated 108 bytes in 42 msecs (HTTP/1.1 404) 4 headers in 164 bytes (1 switches on core 0) [pid: 7|app: 0|req: 7/15] 199.19.213.23 () {44 vars in 945 bytes} [Mon Apr 27 21:37:50 2026] GET /v2.0/networks?name=public => generated 15 bytes in 14 msecs (HTTP/1.1 200) 4 headers in 156 bytes (1 switches on core 0)
2026-04-27 21:37:50.823 8 WARNING neutron.services.revisions.revision_plugin [None req-97638d52-8ac0-4605-838c-77e80dde6745 194c760999444bf4ba1040f147085c4e e9e1c01ccbd64cc6804302eb74e640ad - - default default] Could not find related network for resource to bump revision.
2026-04-27 21:37:50.838 8 INFO neutron.db.segments_db [None req-97638d52-8ac0-4605-838c-77e80dde6745 194c760999444bf4ba1040f147085c4e e9e1c01ccbd64cc6804302eb74e640ad - - default default] Added segment a6d9612d-a166-429c-b14e-ed9f26207fea of type flat for network 7436fde4-fc8c-4670-b256-7d02a22a4734
2026-04-27 21:37:50.860 8 INFO neutron.pecan_wsgi.hooks.translation [None req-97638d52-8ac0-4605-838c-77e80dde6745 194c760999444bf4ba1040f147085c4e e9e1c01ccbd64cc6804302eb74e640ad - - default default] POST failed (client error): The resource could not be found. [pid: 8|app: 0|req: 9/16] 199.19.213.23 () {48 vars in 963 bytes} [Mon Apr 27 21:37:50 2026] POST /v2.0/networks => generated 124 bytes in 76 msecs (HTTP/1.1 404) 4 headers in 164 bytes (1 switches on core 0)
2026-04-27 21:37:56.738 7 INFO neutron.pecan_wsgi.hooks.translation [None req-54a3d6da-8990-425a-ab52-2f657741acb5 194c760999444bf4ba1040f147085c4e e9e1c01ccbd64cc6804302eb74e640ad - - default default] GET failed (client error): The resource could not be found. [pid: 7|app: 0|req: 8/17] 199.19.213.23 () {44 vars in 923 bytes} [Mon Apr 27 21:37:56 2026] GET /v2.0/networks/public => generated 108 bytes in 56 msecs (HTTP/1.1 404) 4 headers in 164 bytes (1 switches on core 0) [pid: 8|app: 0|req: 10/18] 199.19.213.23 () {44 vars in 945 bytes} [Mon Apr 27 21:37:56 2026] GET /v2.0/networks?name=public => generated 15 bytes in 25 msecs (HTTP/1.1 200) 4 headers in 156 bytes (1 switches on core 0)
2026-04-27 21:37:56.820 7 WARNING neutron.services.revisions.revision_plugin [None req-688032bb-95a0-4616-83e1-559a8925523b 194c760999444bf4ba1040f147085c4e e9e1c01ccbd64cc6804302eb74e640ad - - default default] Could not find related network for resource to bump revision.
2026-04-27 21:37:56.842 7 INFO neutron.db.segments_db [None req-688032bb-95a0-4616-83e1-559a8925523b 194c760999444bf4ba1040f147085c4e e9e1c01ccbd64cc6804302eb74e640ad - - default default] Added segment f7b53179-99be-49b3-a1a4-b17a0951672e of type flat for network 5dfa7737-718b-4260-81bf-303ff176c35f
2026-04-27 21:37:56.871 7 INFO neutron.pecan_wsgi.hooks.translation [None req-688032bb-95a0-4616-83e1-559a8925523b 194c760999444bf4ba1040f147085c4e e9e1c01ccbd64cc6804302eb74e640ad - - default default] POST failed (client error): The resource could not be found. [pid: 7|app: 0|req: 9/19] 199.19.213.23 () {48 vars in 963 bytes} [Mon Apr 27 21:37:56 2026] POST /v2.0/networks => generated 124 bytes in 124 msecs (HTTP/1.1 404) 4 headers in 164 bytes (1 switches on core 0)
2026-04-27 21:38:02.759 7 INFO neutron.pecan_wsgi.hooks.translation [None req-56c3aada-5f67-4d20-b9b4-ecb8e1ebc1f3 194c760999444bf4ba1040f147085c4e e9e1c01ccbd64cc6804302eb74e640ad - - default default] GET failed (client error): The resource could not be found. [pid: 7|app: 0|req: 10/21] 199.19.213.23 () {44 vars in 923 bytes} [Mon Apr 27 21:38:02 2026] GET /v2.0/networks/public => generated 108 bytes in 38 msecs (HTTP/1.1 404) 4 headers in 164 bytes (1 switches on core 0) [pid: 8|app: 0|req: 12/22] 199.19.213.23 () {44 vars in 945 bytes} [Mon Apr 27 21:38:02 2026] GET /v2.0/networks?name=public => generated 15 bytes in 17 msecs (HTTP/1.1 200) 4 headers in 156 bytes (1 switches on core 0)
2026-04-27 21:38:02.854 7 WARNING neutron.services.revisions.revision_plugin [None req-3ab3b7fd-a284-43ce-8151-c25487a2d6d1 194c760999444bf4ba1040f147085c4e e9e1c01ccbd64cc6804302eb74e640ad - - default default] Could not find related network for resource to bump revision.
2026-04-27 21:38:02.886 7 INFO neutron.db.segments_db [None req-3ab3b7fd-a284-43ce-8151-c25487a2d6d1 194c760999444bf4ba1040f147085c4e e9e1c01ccbd64cc6804302eb74e640ad - - default default] Added segment d2b6fd8c-9be4-4440-9539-58d1f1a389f7 of type flat for network 82d47d99-b4d1-4c91-ab9d-a659f53ee64a [pid: 7|app: 0|req: 11/23] 199.19.213.23 () {48 vars in 963 bytes} [Mon Apr 27 21:38:02 2026] POST /v2.0/networks => generated 706 bytes in 516 msecs (HTTP/1.1 201) 4 headers in 162 bytes (1 switches on core 0)
2026-04-27 21:38:04.384 8 INFO neutron.pecan_wsgi.hooks.translation [None req-be92843d-dfdd-4de6-b482-e478d809f53d 194c760999444bf4ba1040f147085c4e e9e1c01ccbd64cc6804302eb74e640ad - - default default] GET failed (client error): The resource could not be found. [pid: 8|app: 0|req: 13/24] 199.19.213.23 () {44 vars in 923 bytes} [Mon Apr 27 21:38:04 2026] GET /v2.0/networks/public => generated 108 bytes in 49 msecs (HTTP/1.1 404) 4 headers in 164 bytes (1 switches on core 0) [pid: 7|app: 0|req: 12/25] 199.19.213.23 () {44 vars in 945 bytes} [Mon Apr 27 21:38:04 2026] GET /v2.0/networks?name=public => generated 709 bytes in 34 msecs (HTTP/1.1 200) 4 headers in 157 bytes (1 switches on core 0)
2026-04-27 21:38:04.454 8 INFO neutron.pecan_wsgi.hooks.translation [None req-27ad961f-aa44-4b85-8818-ac3dfe7f2f45 194c760999444bf4ba1040f147085c4e e9e1c01ccbd64cc6804302eb74e640ad - - default default] GET failed (client error): The resource could not be found. [pid: 8|app: 0|req: 14/26] 199.19.213.23 () {44 vars in 1030 bytes} [Mon Apr 27 21:38:04 2026] GET /v2.0/subnets/public-subnet?network_id=82d47d99-b4d1-4c91-ab9d-a659f53ee64a => generated 113 bytes in 24 msecs (HTTP/1.1 404) 4 headers in 164 bytes (1 switches on core 0) [pid: 7|app: 0|req: 13/27] 199.19.213.23 () {44 vars in 1053 bytes} [Mon Apr 27 21:38:04 2026] GET /v2.0/subnets?name=public-subnet&network_id=82d47d99-b4d1-4c91-ab9d-a659f53ee64a => generated 14 bytes in 20 msecs (HTTP/1.1 200) 4 headers in 156 bytes (1 switches on core 0) [pid: 8|app: 0|req: 15/28] 199.19.213.23 () {48 vars in 961 bytes} [Mon Apr 27 21:38:04 2026] POST /v2.0/subnets => generated 664 bytes in 306 msecs (HTTP/1.1 201) 4 headers in 162 bytes (1 switches on core 0)
2026-04-27 21:42:56.221 7 INFO neutron.pecan_wsgi.hooks.translation [None req-087615fe-5ff9-496d-85a7-d0c28e408e49 194c760999444bf4ba1040f147085c4e e9e1c01ccbd64cc6804302eb74e640ad - - default default] GET failed (client error): The resource could not be found. [pid: 7|app: 0|req: 33/66] 199.19.213.23 () {44 vars in 933 bytes} [Mon Apr 27 21:42:56 2026] GET /v2.0/networks/lb-mgmt-net => generated 113 bytes in 105 msecs (HTTP/1.1 404) 4 headers in 164 bytes (1 switches on core 0) [pid: 8|app: 0|req: 34/67] 199.19.213.23 () {44 vars in 955 bytes} [Mon Apr 27 21:42:56 2026] GET /v2.0/networks?name=lb-mgmt-net => generated 15 bytes in 21 msecs (HTTP/1.1 200) 4 headers in 156 bytes (1 switches on core 0)
2026-04-27 21:42:56.311 7 INFO neutron.db.segments_db [None req-d274b6c9-f58d-4a6b-8e4b-5964e16b0d06 194c760999444bf4ba1040f147085c4e e9e1c01ccbd64cc6804302eb74e640ad - - default default] Added segment 085c94a6-c07c-4444-9eb5-c6074591e02b of type vxlan for network e3511490-2d04-4341-8db1-5789d558ea08 [pid: 7|app: 0|req: 34/68] 199.19.213.23 () {48 vars in 962 bytes} [Mon Apr 27 21:42:56 2026] POST /v2.0/networks => generated 707 bytes in 146 msecs (HTTP/1.1 201) 4 headers in 162 bytes (1 switches on core 0)
2026-04-27 21:42:57.371 8 INFO neutron.pecan_wsgi.hooks.translation [None req-2f5f61d1-a492-44ae-90e0-975c84122a51 194c760999444bf4ba1040f147085c4e e9e1c01ccbd64cc6804302eb74e640ad - - default default] GET failed (client error): The resource could not be found. [pid: 8|app: 0|req: 35/69] 199.19.213.23 () {44 vars in 933 bytes} [Mon Apr 27 21:42:57 2026] GET /v2.0/networks/lb-mgmt-net => generated 113 bytes in 49 msecs (HTTP/1.1 404) 4 headers in 164 bytes (1 switches on core 0) [pid: 7|app: 0|req: 35/70] 199.19.213.23 () {44 vars in 955 bytes} [Mon Apr 27 21:42:57 2026] GET /v2.0/networks?name=lb-mgmt-net => generated 691 bytes in 35 msecs (HTTP/1.1 200) 4 headers in 157 bytes (1 switches on core 0)
2026-04-27 21:42:57.435 8 INFO neutron.pecan_wsgi.hooks.translation [None req-0773fae0-5753-4755-81cb-d086f2221957 194c760999444bf4ba1040f147085c4e e9e1c01ccbd64cc6804302eb74e640ad - - default default] GET failed (client error): The resource could not be found. [pid: 8|app: 0|req: 36/71] 199.19.213.23 () {44 vars in 1032 bytes} [Mon Apr 27 21:42:57 2026] GET /v2.0/subnets/lb-mgmt-subnet?network_id=e3511490-2d04-4341-8db1-5789d558ea08 => generated 114 bytes in 12 msecs (HTTP/1.1 404) 4 headers in 164 bytes (1 switches on core 0) [pid: 7|app: 0|req: 36/72] 199.19.213.23 () {44 vars in 1055 bytes} [Mon Apr 27 21:42:57 2026] GET /v2.0/subnets?name=lb-mgmt-subnet&network_id=e3511490-2d04-4341-8db1-5789d558ea08 => generated 14 bytes in 16 msecs (HTTP/1.1 200) 4 headers in 156 bytes (1 switches on core 0) [pid: 8|app: 0|req: 37/73] 199.19.213.23 () {48 vars in 961 bytes} [Mon Apr 27 21:42:57 2026] POST /v2.0/subnets => generated 651 bytes in 182 msecs (HTTP/1.1 201) 4 headers in 162 bytes (1 switches on core 0)
