2026-03-04 02:32:34.030 8 INFO placement.requestlog [req-8c730367-4369-4d4e-814e-1ba417709f6a req-7efbd95b-f742-40d4-9c39-cf150f3e7db9 f79484ac0ebd45989133847f5caa3f60 00d782468dc24d3d90cf772f48b05c59 - - 83f737f2674b4d05970043bfcb207fdf 83f737f2674b4d05970043bfcb207fdf] 10.0.0.234 "GET /allocations/2cddf2a6-f875-45b7-bd3b-f1679f80c488" status: 200 len: 19 microversion: 1.28 [pid: 8|app: 0|req: 546/1096] 10.0.0.234 () {34 vars in 861 bytes} [Wed Mar 4 02:32:34 2026] GET /allocations/2cddf2a6-f875-45b7-bd3b-f1679f80c488 => generated 19 bytes in 10 msecs (HTTP/1.1 200) 8 headers in 295 bytes (1 switches on core 0)
2026-03-04 02:32:34.153 7 INFO placement.requestlog [req-8c730367-4369-4d4e-814e-1ba417709f6a req-5adfb44d-7aa2-414b-987d-d6d1ca48b083 f79484ac0ebd45989133847f5caa3f60 00d782468dc24d3d90cf772f48b05c59 - - 83f737f2674b4d05970043bfcb207fdf 83f737f2674b4d05970043bfcb207fdf] 10.0.0.234 "PUT /allocations/2cddf2a6-f875-45b7-bd3b-f1679f80c488" status: 204 len: 0 microversion: 1.36 [pid: 7|app: 0|req: 551/1097] 10.0.0.234 () {38 vars in 914 bytes} [Wed Mar 4 02:32:34 2026] PUT /allocations/2cddf2a6-f875-45b7-bd3b-f1679f80c488 => generated 0 bytes in 116 msecs (HTTP/1.1 204) 5 headers in 199 bytes (1 switches on core 0)
2026-03-04 02:32:34.233 8 INFO placement.requestlog [None req-bf5ff305-ff95-44f5-a4cd-152b29fb32ec e01112a6a5464f49acdf0c4dc386174d 00d782468dc24d3d90cf772f48b05c59 - - 83f737f2674b4d05970043bfcb207fdf 83f737f2674b4d05970043bfcb207fdf] 10.0.0.56 "GET /resource_providers/031f5f00-f47a-4be9-ac94-168cf7517a29/aggregates" status: 404 len: 235 microversion: 1.1 [pid: 8|app: 0|req: 547/1098] 10.0.0.56 () {32 vars in 815 bytes} [Wed Mar 4 02:32:34 2026] GET /resource_providers/031f5f00-f47a-4be9-ac94-168cf7517a29/aggregates => generated 235 bytes in 19 msecs (HTTP/1.1 404) 5 headers in 202 bytes (1 switches on core 0)
2026-03-04 02:32:34.242 7 INFO placement.requestlog [None req-390e48dd-96c4-454d-84b3-55de7926072b e01112a6a5464f49acdf0c4dc386174d 00d782468dc24d3d90cf772f48b05c59 - - 83f737f2674b4d05970043bfcb207fdf 83f737f2674b4d05970043bfcb207fdf] 10.0.0.56 "GET /resource_providers/031f5f00-f47a-4be9-ac94-168cf7517a29/aggregates" status: 404 len: 235 microversion: 1.1 [pid: 7|app: 0|req: 552/1099] 10.0.0.56 () {32 vars in 815 bytes} [Wed Mar 4 02:32:34 2026] GET /resource_providers/031f5f00-f47a-4be9-ac94-168cf7517a29/aggregates => generated 235 bytes in 19 msecs (HTTP/1.1 404) 5 headers in 202 bytes (1 switches on core 0)
2026-03-04 02:32:34.262 7 INFO placement.requestlog [None req-56e444d4-b9c3-4692-bd34-e4e3670662c2 e01112a6a5464f49acdf0c4dc386174d 00d782468dc24d3d90cf772f48b05c59 - - 83f737f2674b4d05970043bfcb207fdf 83f737f2674b4d05970043bfcb207fdf] 10.0.0.56 "DELETE /resource_providers/031f5f00-f47a-4be9-ac94-168cf7517a29" status: 404 len: 246 microversion: 1.1 [pid: 7|app: 0|req: 553/1100] 10.0.0.56 () {34 vars in 815 bytes} [Wed Mar 4 02:32:34 2026] DELETE /resource_providers/031f5f00-f47a-4be9-ac94-168cf7517a29 => generated 246 bytes in 10 msecs (HTTP/1.1 404) 6 headers in 231 bytes (1 switches on core 0)
2026-03-04 02:32:34.268 8 INFO placement.requestlog [None req-33014aba-2e47-42d7-98a1-10c8dc564850 e01112a6a5464f49acdf0c4dc386174d 00d782468dc24d3d90cf772f48b05c59 - - 83f737f2674b4d05970043bfcb207fdf 83f737f2674b4d05970043bfcb207fdf] 10.0.0.56 "DELETE /resource_providers/031f5f00-f47a-4be9-ac94-168cf7517a29" status: 404 len: 246 microversion: 1.1 [pid: 8|app: 0|req: 548/1101] 10.0.0.56 () {34 vars in 815 bytes} [Wed Mar 4 02:32:34 2026] DELETE /resource_providers/031f5f00-f47a-4be9-ac94-168cf7517a29 => generated 246 bytes in 16 msecs (HTTP/1.1 404) 6 headers in 231 bytes (1 switches on core 0)
2026-03-04 02:32:34.346 8 INFO placement.requestlog [None req-81358400-c9ee-4875-bd6d-b6fa0ac7fb73 e01112a6a5464f49acdf0c4dc386174d 00d782468dc24d3d90cf772f48b05c59 - - 83f737f2674b4d05970043bfcb207fdf 83f737f2674b4d05970043bfcb207fdf] 10.0.0.56 "GET /resource_providers/a1d6ce8c-a17b-4834-b92a-32dccb430e5c/aggregates" status: 404 len: 235 microversion: 1.1 [pid: 8|app: 0|req: 549/1102] 10.0.0.56 () {32 vars in 815 bytes} [Wed Mar 4 02:32:34 2026] GET /resource_providers/a1d6ce8c-a17b-4834-b92a-32dccb430e5c/aggregates => generated 235 bytes in 13 msecs (HTTP/1.1 404) 5 headers in 202 bytes (1 switches on core 0)
2026-03-04 02:32:34.348 7 INFO placement.requestlog [None req-ae908d0a-2bbb-4a81-8e57-a929da9f3cc0 e01112a6a5464f49acdf0c4dc386174d 00d782468dc24d3d90cf772f48b05c59 - - 83f737f2674b4d05970043bfcb207fdf 83f737f2674b4d05970043bfcb207fdf] 10.0.0.56 "GET /resource_providers/a1d6ce8c-a17b-4834-b92a-32dccb430e5c/aggregates" status: 404 len: 235 microversion: 1.1 [pid: 7|app: 0|req: 554/1103] 10.0.0.56 () {32 vars in 815 bytes} [Wed Mar 4 02:32:34 2026] GET /resource_providers/a1d6ce8c-a17b-4834-b92a-32dccb430e5c/aggregates => generated 235 bytes in 24 msecs (HTTP/1.1 404) 5 headers in 202 bytes (1 switches on core 0)
2026-03-04 02:32:34.559 8 INFO placement.requestlog [req-8c730367-4369-4d4e-814e-1ba417709f6a req-7fac712d-1998-499c-85e4-6bb85936203a f79484ac0ebd45989133847f5caa3f60 00d782468dc24d3d90cf772f48b05c59 - - 83f737f2674b4d05970043bfcb207fdf 83f737f2674b4d05970043bfcb207fdf] 199.204.45.115 "GET /allocations/2cddf2a6-f875-45b7-bd3b-f1679f80c488" status: 200 len: 245 microversion: 1.28 [pid: 8|app: 0|req: 550/1104] 199.204.45.115 () {34 vars in 863 bytes} [Wed Mar 4 02:32:34 2026] GET /allocations/2cddf2a6-f875-45b7-bd3b-f1679f80c488 => generated 245 bytes in 19 msecs (HTTP/1.1 200) 8 headers in 296 bytes (1 switches on core 0)
2026-03-04 02:32:34.610 8 INFO placement.requestlog [None req-b424fab1-ecfe-4298-ac10-1ec6a5ef5686 e01112a6a5464f49acdf0c4dc386174d 00d782468dc24d3d90cf772f48b05c59 - - 83f737f2674b4d05970043bfcb207fdf 83f737f2674b4d05970043bfcb207fdf] 10.0.0.56 "DELETE /resource_providers/a1d6ce8c-a17b-4834-b92a-32dccb430e5c" status: 404 len: 246 microversion: 1.1 [pid: 8|app: 0|req: 551/1105] 10.0.0.56 () {34 vars in 815 bytes} [Wed Mar 4 02:32:34 2026] DELETE /resource_providers/a1d6ce8c-a17b-4834-b92a-32dccb430e5c => generated 246 bytes in 10 msecs (HTTP/1.1 404) 6 headers in 231 bytes (1 switches on core 0)
2026-03-04 02:32:34.611 7 INFO placement.requestlog [None req-ef974526-08f5-4cef-8012-52427437c1e8 e01112a6a5464f49acdf0c4dc386174d 00d782468dc24d3d90cf772f48b05c59 - - 83f737f2674b4d05970043bfcb207fdf 83f737f2674b4d05970043bfcb207fdf] 10.0.0.56 "DELETE /resource_providers/a1d6ce8c-a17b-4834-b92a-32dccb430e5c" status: 404 len: 246 microversion: 1.1 [pid: 7|app: 0|req: 555/1106] 10.0.0.56 () {34 vars in 815 bytes} [Wed Mar 4 02:32:34 2026] DELETE /resource_providers/a1d6ce8c-a17b-4834-b92a-32dccb430e5c => generated 246 bytes in 11 msecs (HTTP/1.1 404) 6 headers in 231 bytes (1 switches on core 0)
2026-03-04 02:32:34.703 8 INFO placement.requestlog [req-8c730367-4369-4d4e-814e-1ba417709f6a req-01067fe3-fa27-4468-935d-ec60438534f6 f79484ac0ebd45989133847f5caa3f60 00d782468dc24d3d90cf772f48b05c59 - - 83f737f2674b4d05970043bfcb207fdf 83f737f2674b4d05970043bfcb207fdf] 199.204.45.115 "GET /resource_providers/cac03c29-7265-4402-b777-a2c9b433436f/allocations" status: 200 len: 340 microversion: 1.0 [pid: 8|app: 0|req: 552/1107] 199.204.45.115 () {32 vars in 857 bytes} [Wed Mar 4 02:32:34 2026] GET /resource_providers/cac03c29-7265-4402-b777-a2c9b433436f/allocations => generated 340 bytes in 16 msecs (HTTP/1.1 200) 6 headers in 224 bytes (1 switches on core 0)
2026-03-04 02:32:34.733 7 INFO placement.requestlog [req-8c730367-4369-4d4e-814e-1ba417709f6a req-1b9454a7-bad6-4cdd-ba89-cc4b30bcd4ad f79484ac0ebd45989133847f5caa3f60 00d782468dc24d3d90cf772f48b05c59 - - 83f737f2674b4d05970043bfcb207fdf 83f737f2674b4d05970043bfcb207fdf] 199.204.45.115 "GET /allocations/cc5b2d00-7269-4e85-aed8-d6125255e193" status: 200 len: 258 microversion: 1.28 [pid: 7|app: 0|req: 556/1108] 199.204.45.115 () {34 vars in 863 bytes} [Wed Mar 4 02:32:34 2026] GET /allocations/cc5b2d00-7269-4e85-aed8-d6125255e193 => generated 258 bytes in 17 msecs (HTTP/1.1 200) 8 headers in 296 bytes (1 switches on core 0)
2026-03-04 02:32:34.755 8 INFO placement.requestlog [req-8c730367-4369-4d4e-814e-1ba417709f6a req-6ce91fee-f730-48d4-b92a-fecd9288e6e2 f79484ac0ebd45989133847f5caa3f60 00d782468dc24d3d90cf772f48b05c59 - - 83f737f2674b4d05970043bfcb207fdf 83f737f2674b4d05970043bfcb207fdf] 199.204.45.115 "GET /allocations/3beae07b-4f2d-4d89-802c-943137218876" status: 200 len: 258 microversion: 1.28 [pid: 8|app: 0|req: 553/1109] 199.204.45.115 () {34 vars in 863 bytes} [Wed Mar 4 02:32:34 2026] GET /allocations/3beae07b-4f2d-4d89-802c-943137218876 => generated 258 bytes in 11 msecs (HTTP/1.1 200) 8 headers in 296 bytes (1 switches on core 0)
2026-03-04 02:32:34.776 7 INFO placement.requestlog [req-8c730367-4369-4d4e-814e-1ba417709f6a req-6a627dab-8dae-4bb2-a0bc-350d2fd6c27c f79484ac0ebd45989133847f5caa3f60 00d782468dc24d3d90cf772f48b05c59 - - 83f737f2674b4d05970043bfcb207fdf 83f737f2674b4d05970043bfcb207fdf] 199.204.45.115 "GET /allocations/2cddf2a6-f875-45b7-bd3b-f1679f80c488" status: 200 len: 245 microversion: 1.28 [pid: 7|app: 0|req: 557/1110] 199.204.45.115 () {34 vars in 863 bytes} [Wed Mar 4 02:32:34 2026] GET /allocations/2cddf2a6-f875-45b7-bd3b-f1679f80c488 => generated 245 bytes in 13 msecs (HTTP/1.1 200) 8 headers in 296 bytes (1 switches on core 0)
2026-03-04 02:32:35.129 7 INFO placement.requestlog [None req-9d317834-b51a-46cd-bfca-e57eaa660092 e01112a6a5464f49acdf0c4dc386174d 00d782468dc24d3d90cf772f48b05c59 - - 83f737f2674b4d05970043bfcb207fdf 83f737f2674b4d05970043bfcb207fdf] 10.0.0.56 "GET /resource_providers/2e8c36b9-b073-4e60-b0f1-ad31c7c48b8e/aggregates" status: 404 len: 235 microversion: 1.1 [pid: 7|app: 0|req: 558/1111] 10.0.0.56 () {32 vars in 815 bytes} [Wed Mar 4 02:32:35 2026] GET /resource_providers/2e8c36b9-b073-4e60-b0f1-ad31c7c48b8e/aggregates => generated 235 bytes in 16 msecs (HTTP/1.1 404) 5 headers in 202 bytes (1 switches on core 0)
2026-03-04 02:32:35.145 8 INFO placement.requestlog [None req-56c0e0bf-29cd-4495-9a25-2c75f4b5eaf3 e01112a6a5464f49acdf0c4dc386174d 00d782468dc24d3d90cf772f48b05c59 - - 83f737f2674b4d05970043bfcb207fdf 83f737f2674b4d05970043bfcb207fdf] 10.0.0.56 "GET /resource_providers/2e8c36b9-b073-4e60-b0f1-ad31c7c48b8e/aggregates" status: 404 len: 235 microversion: 1.1 [pid: 8|app: 0|req: 554/1112] 10.0.0.56 () {32 vars in 815 bytes} [Wed Mar 4 02:32:35 2026] GET /resource_providers/2e8c36b9-b073-4e60-b0f1-ad31c7c48b8e/aggregates => generated 235 bytes in 37 msecs (HTTP/1.1 404) 5 headers in 202 bytes (1 switches on core 0)
2026-03-04 02:32:35.150 7 INFO placement.requestlog [None req-b8abdb3b-a3f1-4572-b905-42f5f0554b1e e01112a6a5464f49acdf0c4dc386174d 00d782468dc24d3d90cf772f48b05c59 - - 83f737f2674b4d05970043bfcb207fdf 83f737f2674b4d05970043bfcb207fdf] 10.0.0.56 "DELETE /resource_providers/2e8c36b9-b073-4e60-b0f1-ad31c7c48b8e" status: 404 len: 246 microversion: 1.1 [pid: 7|app: 0|req: 559/1113] 10.0.0.56 () {34 vars in 815 bytes} [Wed Mar 4 02:32:35 2026] DELETE /resource_providers/2e8c36b9-b073-4e60-b0f1-ad31c7c48b8e => generated 246 bytes in 10 msecs (HTTP/1.1 404) 6 headers in 231 bytes (1 switches on core 0)
2026-03-04 02:32:35.171 8 INFO placement.requestlog [None req-5d1a1b23-aa9c-4c14-9d6a-e8c3a326f09c e01112a6a5464f49acdf0c4dc386174d 00d782468dc24d3d90cf772f48b05c59 - - 83f737f2674b4d05970043bfcb207fdf 83f737f2674b4d05970043bfcb207fdf] 10.0.0.56 "DELETE /resource_providers/2e8c36b9-b073-4e60-b0f1-ad31c7c48b8e" status: 404 len: 246 microversion: 1.1 [pid: 8|app: 0|req: 555/1114] 10.0.0.56 () {34 vars in 815 bytes} [Wed Mar 4 02:32:35 2026] DELETE /resource_providers/2e8c36b9-b073-4e60-b0f1-ad31c7c48b8e => generated 246 bytes in 14 msecs (HTTP/1.1 404) 6 headers in 231 bytes (1 switches on core 0)
2026-03-04 02:32:38.386 8 INFO placement.requestlog [None req-b3997a63-af0d-4d1a-99a6-d4e9cfa2e6e1 - - - - - -] 10.0.0.58 "GET /" status: 200 len: 136 microversion: 1.0
2026-03-04 02:32:38.388 8 INFO placement.requestlog [None req-9a86b4b5-d44f-4853-a435-58abaced7edf - - - - - -] 10.0.0.58 "GET /" status: 200 len: 136 microversion: 1.0
2026-03-04 02:32:38.558 7 INFO placement.requestlog [None req-acea99c5-8767-4e6d-8962-432a024878d6 c8a6dc937765446bae0c70bac1b79115 8b089e29f2304a2d8f825c34eefcf476 - - default default] 10.0.0.86 "GET /resource_providers" status: 200 len: 406 microversion: 1.0 [pid: 7|app: 0|req: 560/1117] 10.0.0.86 () {28 vars in 592 bytes} [Wed Mar 4 02:32:38 2026] GET /resource_providers => generated 406 bytes in 299 msecs (HTTP/1.1 200) 6 headers in 224 bytes (1 switches on core 0)
2026-03-04 02:32:38.577 8 INFO placement.requestlog [None req-32375e94-563e-4ca7-a612-993dcb2e7e88 c8a6dc937765446bae0c70bac1b79115 8b089e29f2304a2d8f825c34eefcf476 - - default default] 10.0.0.86 "GET /resource_providers/cac03c29-7265-4402-b777-a2c9b433436f/inventories" status: 200 len: 401 microversion: 1.0 [pid: 8|app: 0|req: 558/1118] 10.0.0.86 () {28 vars in 690 bytes} [Wed Mar 4 02:32:38 2026] GET /resource_providers/cac03c29-7265-4402-b777-a2c9b433436f/inventories => generated 401 bytes in 15 msecs (HTTP/1.1 200) 6 headers in 224 bytes (1 switches on core 0)
2026-03-04 02:32:38.596 7 INFO placement.requestlog [None req-82206a57-6046-41ec-a6a0-ac309db51745 c8a6dc937765446bae0c70bac1b79115 8b089e29f2304a2d8f825c34eefcf476 - - default default] 10.0.0.86 "GET /resource_providers/cac03c29-7265-4402-b777-a2c9b433436f/usages" status: 200 len: 92 microversion: 1.0 [pid: 7|app: 0|req: 561/1119] 10.0.0.86 () {28 vars in 680 bytes} [Wed Mar 4 02:32:38 2026] GET /resource_providers/cac03c29-7265-4402-b777-a2c9b433436f/usages => generated 92 bytes in 15 msecs (HTTP/1.1 200) 6 headers in 223 bytes (1 switches on core 0)
2026-03-04 02:32:40.710 8 INFO placement.requestlog [None req-cd815b4b-a5a0-4b55-be9d-541578397e5f e01112a6a5464f49acdf0c4dc386174d 00d782468dc24d3d90cf772f48b05c59 - - 83f737f2674b4d05970043bfcb207fdf 83f737f2674b4d05970043bfcb207fdf] 10.0.0.56 "GET /resource_providers/c5c632d4-0558-4c44-8d7b-7b0b5eaaa85f/aggregates" status: 404 len: 235 microversion: 1.1 [pid: 8|app: 0|req: 559/1120] 10.0.0.56 () {32 vars in 815 bytes} [Wed Mar 4 02:32:40 2026] GET /resource_providers/c5c632d4-0558-4c44-8d7b-7b0b5eaaa85f/aggregates => generated 235 bytes in 13 msecs (HTTP/1.1 404) 5 headers in 202 bytes (1 switches on core 0)
2026-03-04 02:32:40.730 7 INFO placement.requestlog [None req-8186fac0-5468-4a68-9976-778b02e5d677 e01112a6a5464f49acdf0c4dc386174d 00d782468dc24d3d90cf772f48b05c59 - - 83f737f2674b4d05970043bfcb207fdf 83f737f2674b4d05970043bfcb207fdf] 10.0.0.56 "GET /resource_providers/c5c632d4-0558-4c44-8d7b-7b0b5eaaa85f/aggregates" status: 404 len: 235 microversion: 1.1 [pid: 7|app: 0|req: 562/1121] 10.0.0.56 () {32 vars in 815 bytes} [Wed Mar 4 02:32:40 2026] GET /resource_providers/c5c632d4-0558-4c44-8d7b-7b0b5eaaa85f/aggregates => generated 235 bytes in 26 msecs (HTTP/1.1 404) 5 headers in 202 bytes (1 switches on core 0)
2026-03-04 02:32:40.739 8 INFO placement.requestlog [None req-5524e74c-c6bb-4d49-af65-a6dac0b2c9e1 e01112a6a5464f49acdf0c4dc386174d 00d782468dc24d3d90cf772f48b05c59 - - 83f737f2674b4d05970043bfcb207fdf 83f737f2674b4d05970043bfcb207fdf] 10.0.0.56 "DELETE /resource_providers/c5c632d4-0558-4c44-8d7b-7b0b5eaaa85f" status: 404 len: 246 microversion: 1.1 [pid: 8|app: 0|req: 560/1122] 10.0.0.56 () {34 vars in 815 bytes} [Wed Mar 4 02:32:40 2026] DELETE /resource_providers/c5c632d4-0558-4c44-8d7b-7b0b5eaaa85f => generated 246 bytes in 16 msecs (HTTP/1.1 404) 6 headers in 231 bytes (1 switches on core 0)
2026-03-04 02:32:40.759 7 INFO placement.requestlog [None req-05f3fc91-ec91-4d58-ae22-341ef75da780 e01112a6a5464f49acdf0c4dc386174d 00d782468dc24d3d90cf772f48b05c59 - - 83f737f2674b4d05970043bfcb207fdf 83f737f2674b4d05970043bfcb207fdf] 10.0.0.56 "DELETE /resource_providers/c5c632d4-0558-4c44-8d7b-7b0b5eaaa85f" status: 404 len: 246 microversion: 1.1 [pid: 7|app: 0|req: 563/1123] 10.0.0.56 () {34 vars in 815 bytes} [Wed Mar 4 02:32:40 2026] DELETE /resource_providers/c5c632d4-0558-4c44-8d7b-7b0b5eaaa85f => generated 246 bytes in 22 msecs (HTTP/1.1 404) 6 headers in 231 bytes (1 switches on core 0)
2026-03-04 02:32:47.631 8 INFO placement.requestlog [None req-08cf1dfe-eb92-4be9-85a3-e0819c9e330a e01112a6a5464f49acdf0c4dc386174d 00d782468dc24d3d90cf772f48b05c59 - - 83f737f2674b4d05970043bfcb207fdf 83f737f2674b4d05970043bfcb207fdf] 10.0.0.56 "GET /resource_providers/9cf6709a-292b-4e58-922a-ca3ee2fdd3e4/aggregates" status: 404 len: 235 microversion: 1.1 [pid: 8|app: 0|req: 561/1124] 10.0.0.56 () {32 vars in 815 bytes} [Wed Mar 4 02:32:47 2026] GET /resource_providers/9cf6709a-292b-4e58-922a-ca3ee2fdd3e4/aggregates => generated 235 bytes in 13 msecs (HTTP/1.1 404) 5 headers in 202 bytes (1 switches on core 0)
2026-03-04 02:32:47.649 7 INFO placement.requestlog [None req-d2a70266-3ab3-404d-9e53-430d5f98f834 e01112a6a5464f49acdf0c4dc386174d 00d782468dc24d3d90cf772f48b05c59 - - 83f737f2674b4d05970043bfcb207fdf 83f737f2674b4d05970043bfcb207fdf] 10.0.0.56 "GET /resource_providers/9cf6709a-292b-4e58-922a-ca3ee2fdd3e4/aggregates" status: 404 len: 235 microversion: 1.1 [pid: 7|app: 0|req: 564/1125] 10.0.0.56 () {32 vars in 815 bytes} [Wed Mar 4 02:32:47 2026] GET /resource_providers/9cf6709a-292b-4e58-922a-ca3ee2fdd3e4/aggregates => generated 235 bytes in 27 msecs (HTTP/1.1 404) 5 headers in 202 bytes (1 switches on core 0)
2026-03-04 02:32:47.658 8 INFO placement.requestlog [None req-5da62b4a-3ea8-4269-a734-9669955ec30e e01112a6a5464f49acdf0c4dc386174d 00d782468dc24d3d90cf772f48b05c59 - - 83f737f2674b4d05970043bfcb207fdf 83f737f2674b4d05970043bfcb207fdf] 10.0.0.56 "DELETE /resource_providers/9cf6709a-292b-4e58-922a-ca3ee2fdd3e4" status: 404 len: 246 microversion: 1.1 [pid: 8|app: 0|req: 562/1126] 10.0.0.56 () {34 vars in 815 bytes} [Wed Mar 4 02:32:47 2026] DELETE /resource_providers/9cf6709a-292b-4e58-922a-ca3ee2fdd3e4 => generated 246 bytes in 13 msecs (HTTP/1.1 404) 6 headers in 231 bytes (1 switches on core 0)
2026-03-04 02:32:47.667 7 INFO placement.requestlog [None req-d893d9aa-063e-4480-a506-990c98fc99f7 e01112a6a5464f49acdf0c4dc386174d 00d782468dc24d3d90cf772f48b05c59 - - 83f737f2674b4d05970043bfcb207fdf 83f737f2674b4d05970043bfcb207fdf] 10.0.0.56 "DELETE /resource_providers/9cf6709a-292b-4e58-922a-ca3ee2fdd3e4" status: 404 len: 246 microversion: 1.1 [pid: 7|app: 0|req: 565/1127] 10.0.0.56 () {34 vars in 815 bytes} [Wed Mar 4 02:32:47 2026] DELETE /resource_providers/9cf6709a-292b-4e58-922a-ca3ee2fdd3e4 => generated 246 bytes in 10 msecs (HTTP/1.1 404) 6 headers in 231 bytes (1 switches on core 0)
2026-03-04 02:32:48.386 7 INFO placement.requestlog [None req-2f299f09-ea12-44aa-ac61-18ab1cb82caa - - - - - -] 10.0.0.58 "GET /" status: 200 len: 136 microversion: 1.0
2026-03-04 02:32:48.386 8 INFO placement.requestlog [None req-c67ec955-48aa-4c3e-a536-8b5446b1dedc - - - - - -] 10.0.0.58 "GET /" status: 200 len: 136 microversion: 1.0
2026-03-04 02:32:58.386 7 INFO placement.requestlog [None req-9aa1bcfa-ba43-46e5-9525-393efb278229 - - - - - -] 10.0.0.58 "GET /" status: 200 len: 136 microversion: 1.0
2026-03-04 02:32:58.387 8 INFO placement.requestlog [None req-eedbbb22-ccb6-4715-8d6f-128c81cd45e8 - - - - - -] 10.0.0.58 "GET /" status: 200 len: 136 microversion: 1.0
2026-03-04 02:33:00.032 8 INFO placement.requestlog [None req-4a416d82-9fcf-4aea-97e5-237e1574667f e01112a6a5464f49acdf0c4dc386174d 00d782468dc24d3d90cf772f48b05c59 - - 83f737f2674b4d05970043bfcb207fdf 83f737f2674b4d05970043bfcb207fdf] 10.0.0.56 "GET /resource_providers/f34bb64b-5f92-485c-bf59-e729e87d6423/aggregates" status: 404 len: 235 microversion: 1.1 [pid: 8|app: 0|req: 565/1132] 10.0.0.56 () {32 vars in 815 bytes} [Wed Mar 4 02:33:00 2026] GET /resource_providers/f34bb64b-5f92-485c-bf59-e729e87d6423/aggregates => generated 235 bytes in 19 msecs (HTTP/1.1 404) 5 headers in 202 bytes (1 switches on core 0)
2026-03-04 02:33:00.035 7 INFO placement.requestlog [None req-419e9bef-8477-4d5a-b12e-cbfdcf5939d4 e01112a6a5464f49acdf0c4dc386174d 00d782468dc24d3d90cf772f48b05c59 - - 83f737f2674b4d05970043bfcb207fdf 83f737f2674b4d05970043bfcb207fdf] 10.0.0.56 "GET /resource_providers/f34bb64b-5f92-485c-bf59-e729e87d6423/aggregates" status: 404 len: 235 microversion: 1.1 [pid: 7|app: 0|req: 568/1133] 10.0.0.56 () {32 vars in 815 bytes} [Wed Mar 4 02:33:00 2026] GET /resource_providers/f34bb64b-5f92-485c-bf59-e729e87d6423/aggregates => generated 235 bytes in 22 msecs (HTTP/1.1 404) 5 headers in 202 bytes (1 switches on core 0)
2026-03-04 02:33:00.055 8 INFO placement.requestlog [None req-c735706e-5d85-4661-89d4-b5a73f33d2ba e01112a6a5464f49acdf0c4dc386174d 00d782468dc24d3d90cf772f48b05c59 - - 83f737f2674b4d05970043bfcb207fdf 83f737f2674b4d05970043bfcb207fdf] 10.0.0.56 "DELETE /resource_providers/f34bb64b-5f92-485c-bf59-e729e87d6423" status: 404 len: 246 microversion: 1.1 [pid: 8|app: 0|req: 566/1134] 10.0.0.56 () {34 vars in 815 bytes} [Wed Mar 4 02:33:00 2026] DELETE /resource_providers/f34bb64b-5f92-485c-bf59-e729e87d6423 => generated 246 bytes in 12 msecs (HTTP/1.1 404) 6 headers in 231 bytes (1 switches on core 0)
2026-03-04 02:33:00.069 7 INFO placement.requestlog [None req-d8fca9fe-271d-41b3-b375-8841fd0c1063 e01112a6a5464f49acdf0c4dc386174d 00d782468dc24d3d90cf772f48b05c59 - - 83f737f2674b4d05970043bfcb207fdf 83f737f2674b4d05970043bfcb207fdf] 10.0.0.56 "DELETE /resource_providers/f34bb64b-5f92-485c-bf59-e729e87d6423" status: 404 len: 246 microversion: 1.1 [pid: 7|app: 0|req: 569/1135] 10.0.0.56 () {34 vars in 815 bytes} [Wed Mar 4 02:33:00 2026] DELETE /resource_providers/f34bb64b-5f92-485c-bf59-e729e87d6423 => generated 246 bytes in 16 msecs (HTTP/1.1 404) 6 headers in 231 bytes (1 switches on core 0)
2026-03-04 02:33:07.522 8 INFO placement.requestlog [None req-e85ab9c2-75e1-4c3b-819d-05bb9c423ceb e01112a6a5464f49acdf0c4dc386174d 00d782468dc24d3d90cf772f48b05c59 - - 83f737f2674b4d05970043bfcb207fdf 83f737f2674b4d05970043bfcb207fdf] 10.0.0.56 "GET /resource_providers/b976afa2-a44e-4c66-aa98-85fc6eff2c8f/aggregates" status: 404 len: 235 microversion: 1.1 [pid: 8|app: 0|req: 567/1136] 10.0.0.56 () {32 vars in 815 bytes} [Wed Mar 4 02:33:07 2026] GET /resource_providers/b976afa2-a44e-4c66-aa98-85fc6eff2c8f/aggregates => generated 235 bytes in 11 msecs (HTTP/1.1 404) 5 headers in 202 bytes (1 switches on core 0)
2026-03-04 02:33:07.540 7 INFO placement.requestlog [None req-d3af2a8e-98c4-4d4a-b631-07f0611486a9 e01112a6a5464f49acdf0c4dc386174d 00d782468dc24d3d90cf772f48b05c59 - - 83f737f2674b4d05970043bfcb207fdf 83f737f2674b4d05970043bfcb207fdf] 10.0.0.56 "GET /resource_providers/b976afa2-a44e-4c66-aa98-85fc6eff2c8f/aggregates" status: 404 len: 235 microversion: 1.1 [pid: 7|app: 0|req: 570/1137] 10.0.0.56 () {32 vars in 815 bytes} [Wed Mar 4 02:33:07 2026] GET /resource_providers/b976afa2-a44e-4c66-aa98-85fc6eff2c8f/aggregates => generated 235 bytes in 13 msecs (HTTP/1.1 404) 5 headers in 202 bytes (1 switches on core 0)
2026-03-04 02:33:07.545 8 INFO placement.requestlog [None req-4eff1f4d-f4af-4783-b0f8-412aa8af4584 e01112a6a5464f49acdf0c4dc386174d 00d782468dc24d3d90cf772f48b05c59 - - 83f737f2674b4d05970043bfcb207fdf 83f737f2674b4d05970043bfcb207fdf] 10.0.0.56 "DELETE /resource_providers/b976afa2-a44e-4c66-aa98-85fc6eff2c8f" status: 404 len: 246 microversion: 1.1 [pid: 8|app: 0|req: 568/1138] 10.0.0.56 () {34 vars in 815 bytes} [Wed Mar 4 02:33:07 2026] DELETE /resource_providers/b976afa2-a44e-4c66-aa98-85fc6eff2c8f => generated 246 bytes in 11 msecs (HTTP/1.1 404) 6 headers in 231 bytes (1 switches on core 0)
2026-03-04 02:33:07.561 7 INFO placement.requestlog [None req-97cb083a-a1bd-4bc5-9235-4f6adeb60f71 e01112a6a5464f49acdf0c4dc386174d 00d782468dc24d3d90cf772f48b05c59 - - 83f737f2674b4d05970043bfcb207fdf 83f737f2674b4d05970043bfcb207fdf] 10.0.0.56 "DELETE /resource_providers/b976afa2-a44e-4c66-aa98-85fc6eff2c8f" status: 404 len: 246 microversion: 1.1 [pid: 7|app: 0|req: 571/1139] 10.0.0.56 () {34 vars in 815 bytes} [Wed Mar 4 02:33:07 2026] DELETE /resource_providers/b976afa2-a44e-4c66-aa98-85fc6eff2c8f => generated 246 bytes in 16 msecs (HTTP/1.1 404) 6 headers in 231 bytes (1 switches on core 0)
2026-03-04 02:33:08.386 8 INFO placement.requestlog [None req-e0f107f1-d94f-43c7-8165-1d3a6e620851 - - - - - -] 10.0.0.58 "GET /" status: 200 len: 136 microversion: 1.0
2026-03-04 02:33:08.388 7 INFO placement.requestlog [None req-d6ea4539-80f4-4a64-8110-4c1264842a55 - - - - - -] 10.0.0.58 "GET /" status: 200 len: 136 microversion: 1.0
2026-03-04 02:33:17.321 8 INFO placement.requestlog [None req-306ddbd0-d162-428f-aede-adb522639de4 e01112a6a5464f49acdf0c4dc386174d 00d782468dc24d3d90cf772f48b05c59 - - 83f737f2674b4d05970043bfcb207fdf 83f737f2674b4d05970043bfcb207fdf] 10.0.0.56 "GET /resource_providers/742b36b0-229a-47e1-894e-5962e849facd/aggregates" status: 404 len: 235 microversion: 1.1 [pid: 8|app: 0|req: 570/1142] 10.0.0.56 () {32 vars in 815 bytes} [Wed Mar 4 02:33:17 2026] GET /resource_providers/742b36b0-229a-47e1-894e-5962e849facd/aggregates => generated 235 bytes in 13 msecs (HTTP/1.1 404) 5 headers in 202 bytes (1 switches on core 0)
2026-03-04 02:33:17.328 7 INFO placement.requestlog [None req-a93053ce-580e-4bf9-8c73-d1d93eae2f9f e01112a6a5464f49acdf0c4dc386174d 00d782468dc24d3d90cf772f48b05c59 - - 83f737f2674b4d05970043bfcb207fdf 83f737f2674b4d05970043bfcb207fdf] 10.0.0.56 "GET /resource_providers/742b36b0-229a-47e1-894e-5962e849facd/aggregates" status: 404 len: 235 microversion: 1.1 [pid: 7|app: 0|req: 573/1143] 10.0.0.56 () {32 vars in 815 bytes} [Wed Mar 4 02:33:17 2026] GET /resource_providers/742b36b0-229a-47e1-894e-5962e849facd/aggregates => generated 235 bytes in 13 msecs (HTTP/1.1 404) 5 headers in 202 bytes (1 switches on core 0)
2026-03-04 02:33:17.352 8 INFO placement.requestlog [None req-718ce030-706d-4607-b548-eb2d08b29a70 e01112a6a5464f49acdf0c4dc386174d 00d782468dc24d3d90cf772f48b05c59 - - 83f737f2674b4d05970043bfcb207fdf 83f737f2674b4d05970043bfcb207fdf] 10.0.0.56 "DELETE /resource_providers/742b36b0-229a-47e1-894e-5962e849facd" status: 404 len: 246 microversion: 1.1 [pid: 8|app: 0|req: 571/1144] 10.0.0.56 () {34 vars in 815 bytes} [Wed Mar 4 02:33:17 2026] DELETE /resource_providers/742b36b0-229a-47e1-894e-5962e849facd => generated 246 bytes in 10 msecs (HTTP/1.1 404) 6 headers in 231 bytes (1 switches on core 0)
2026-03-04 02:33:17.355 7 INFO placement.requestlog [None req-9302c912-be00-4fe3-a76e-9e57c3da4f8a e01112a6a5464f49acdf0c4dc386174d 00d782468dc24d3d90cf772f48b05c59 - - 83f737f2674b4d05970043bfcb207fdf 83f737f2674b4d05970043bfcb207fdf] 10.0.0.56 "DELETE /resource_providers/742b36b0-229a-47e1-894e-5962e849facd" status: 404 len: 246 microversion: 1.1 [pid: 7|app: 0|req: 574/1145] 10.0.0.56 () {34 vars in 815 bytes} [Wed Mar 4 02:33:17 2026] DELETE /resource_providers/742b36b0-229a-47e1-894e-5962e849facd => generated 246 bytes in 12 msecs (HTTP/1.1 404) 6 headers in 231 bytes (1 switches on core 0)
2026-03-04 02:33:18.387 8 INFO placement.requestlog [None req-a99ab588-30b4-4574-86bb-1db1ddb5f92c - - - - - -] 10.0.0.58 "GET /" status: 200 len: 136 microversion: 1.0
2026-03-04 02:33:18.388 7 INFO placement.requestlog [None req-a0a62302-af6e-41ab-b466-eabc941552e1 - - - - - -] 10.0.0.58 "GET /" status: 200 len: 136 microversion: 1.0
2026-03-04 02:33:28.386 8 INFO placement.requestlog [None req-77cde8e2-7c2f-4069-afbc-f148867fa792 - - - - - -] 10.0.0.58 "GET /" status: 200 len: 136 microversion: 1.0
2026-03-04 02:33:28.387 7 INFO placement.requestlog [None req-1bfaba6a-a23c-437b-9cf9-dcb6b5b9f95f - - - - - -] 10.0.0.58 "GET /" status: 200 len: 136 microversion: 1.0
2026-03-04 02:33:28.754 8 INFO placement.requestlog [req-d99243ad-c04e-4ec7-b17d-8a2c745743ad req-f046a1da-c638-4dcb-8540-8502d6398ae8 f79484ac0ebd45989133847f5caa3f60 00d782468dc24d3d90cf772f48b05c59 - - 83f737f2674b4d05970043bfcb207fdf 83f737f2674b4d05970043bfcb207fdf] 199.204.45.115 "GET /resource_providers/cac03c29-7265-4402-b777-a2c9b433436f/allocations" status: 200 len: 340 microversion: 1.0 [pid: 8|app: 0|req: 574/1150] 199.204.45.115 () {32 vars in 857 bytes} [Wed Mar 4 02:33:28 2026] GET /resource_providers/cac03c29-7265-4402-b777-a2c9b433436f/allocations => generated 340 bytes in 200 msecs (HTTP/1.1 200) 6 headers in 224 bytes (1 switches on core 0)
2026-03-04 02:33:28.782 7 INFO placement.requestlog [req-d99243ad-c04e-4ec7-b17d-8a2c745743ad req-0b749d08-887a-4bf5-a85e-75db47acd579 f79484ac0ebd45989133847f5caa3f60 00d782468dc24d3d90cf772f48b05c59 - - 83f737f2674b4d05970043bfcb207fdf 83f737f2674b4d05970043bfcb207fdf] 199.204.45.115 "GET /resource_providers?in_tree=cac03c29-7265-4402-b777-a2c9b433436f" status: 200 len: 798 microversion: 1.14 [pid: 7|app: 0|req: 577/1151] 199.204.45.115 () {34 vars in 892 bytes} [Wed Mar 4 02:33:28 2026] GET /resource_providers?in_tree=cac03c29-7265-4402-b777-a2c9b433436f => generated 798 bytes in 18 msecs (HTTP/1.1 200) 6 headers in 225 bytes (1 switches on core 0)
2026-03-04 02:33:28.809 8 INFO placement.requestlog [req-d99243ad-c04e-4ec7-b17d-8a2c745743ad req-f86fae24-43cd-4b40-a289-b0ba8c89de4c f79484ac0ebd45989133847f5caa3f60 00d782468dc24d3d90cf772f48b05c59 - - 83f737f2674b4d05970043bfcb207fdf 83f737f2674b4d05970043bfcb207fdf] 199.204.45.115 "GET /resource_providers/cac03c29-7265-4402-b777-a2c9b433436f/inventories" status: 200 len: 401 microversion: 1.0 [pid: 8|app: 0|req: 575/1152] 199.204.45.115 () {32 vars in 857 bytes} [Wed Mar 4 02:33:28 2026] GET /resource_providers/cac03c29-7265-4402-b777-a2c9b433436f/inventories => generated 401 bytes in 18 msecs (HTTP/1.1 200) 6 headers in 224 bytes (1 switches on core 0)
2026-03-04 02:33:28.830 7 INFO placement.requestlog [req-d99243ad-c04e-4ec7-b17d-8a2c745743ad req-90ce28c8-5bba-4f6a-ba6f-bbe679a8d517 f79484ac0ebd45989133847f5caa3f60 00d782468dc24d3d90cf772f48b05c59 - - 83f737f2674b4d05970043bfcb207fdf 83f737f2674b4d05970043bfcb207fdf] 199.204.45.115 "GET /resource_providers/cac03c29-7265-4402-b777-a2c9b433436f/aggregates" status: 200 len: 54 microversion: 1.19 [pid: 7|app: 0|req: 578/1153] 199.204.45.115 () {34 vars in 899 bytes} [Wed Mar 4 02:33:28 2026] GET /resource_providers/cac03c29-7265-4402-b777-a2c9b433436f/aggregates => generated 54 bytes in 13 msecs (HTTP/1.1 200) 8 headers in 295 bytes (1 switches on core 0)
2026-03-04 02:33:28.866 8 INFO placement.requestlog [req-d99243ad-c04e-4ec7-b17d-8a2c745743ad req-b457e886-506c-4766-a697-ad6d28715406 f79484ac0ebd45989133847f5caa3f60 00d782468dc24d3d90cf772f48b05c59 - - 83f737f2674b4d05970043bfcb207fdf 83f737f2674b4d05970043bfcb207fdf] 199.204.45.115 "GET /resource_providers/cac03c29-7265-4402-b777-a2c9b433436f/traits" status: 200 len: 1724 microversion: 1.6 [pid: 8|app: 0|req: 576/1154] 199.204.45.115 () {34 vars in 890 bytes} [Wed Mar 4 02:33:28 2026] GET /resource_providers/cac03c29-7265-4402-b777-a2c9b433436f/traits => generated 1724 bytes in 28 msecs (HTTP/1.1 200) 6 headers in 225 bytes (1 switches on core 0)
2026-03-04 02:33:28.894 7 INFO placement.requestlog [req-d99243ad-c04e-4ec7-b17d-8a2c745743ad req-8222c354-92d4-4b23-ba20-86d171bb7a2e f79484ac0ebd45989133847f5caa3f60 00d782468dc24d3d90cf772f48b05c59 - - 83f737f2674b4d05970043bfcb207fdf 83f737f2674b4d05970043bfcb207fdf] 199.204.45.115 "GET /resource_providers/cac03c29-7265-4402-b777-a2c9b433436f/allocations" status: 200 len: 340 microversion: 1.0 [pid: 7|app: 0|req: 579/1155] 199.204.45.115 () {32 vars in 857 bytes} [Wed Mar 4 02:33:28 2026] GET /resource_providers/cac03c29-7265-4402-b777-a2c9b433436f/allocations => generated 340 bytes in 18 msecs (HTTP/1.1 200) 6 headers in 224 bytes (1 switches on core 0)
2026-03-04 02:33:28.915 8 INFO placement.requestlog [req-d99243ad-c04e-4ec7-b17d-8a2c745743ad req-e9b1b73e-d4ad-4675-a8bd-516bda7a186e f79484ac0ebd45989133847f5caa3f60 00d782468dc24d3d90cf772f48b05c59 - - 83f737f2674b4d05970043bfcb207fdf 83f737f2674b4d05970043bfcb207fdf] 199.204.45.115 "GET /allocations/cc5b2d00-7269-4e85-aed8-d6125255e193" status: 200 len: 258 microversion: 1.28 [pid: 8|app: 0|req: 577/1156] 199.204.45.115 () {34 vars in 863 bytes} [Wed Mar 4 02:33:28 2026] GET /allocations/cc5b2d00-7269-4e85-aed8-d6125255e193 => generated 258 bytes in 15 msecs (HTTP/1.1 200) 8 headers in 296 bytes (1 switches on core 0)
2026-03-04 02:33:28.937 7 INFO placement.requestlog [req-d99243ad-c04e-4ec7-b17d-8a2c745743ad req-0c8b4b67-d47b-45e0-8510-81fd72dc4884 f79484ac0ebd45989133847f5caa3f60 00d782468dc24d3d90cf772f48b05c59 - - 83f737f2674b4d05970043bfcb207fdf 83f737f2674b4d05970043bfcb207fdf] 199.204.45.115 "GET /allocations/3beae07b-4f2d-4d89-802c-943137218876" status: 200 len: 258 microversion: 1.28 [pid: 7|app: 0|req: 580/1157] 199.204.45.115 () {34 vars in 863 bytes} [Wed Mar 4 02:33:28 2026] GET /allocations/3beae07b-4f2d-4d89-802c-943137218876 => generated 258 bytes in 14 msecs (HTTP/1.1 200) 8 headers in 296 bytes (1 switches on core 0)
2026-03-04 02:33:28.958 8 INFO placement.requestlog [req-d99243ad-c04e-4ec7-b17d-8a2c745743ad req-f6e6e6d6-32f2-4291-90ce-b7c372778656 f79484ac0ebd45989133847f5caa3f60 00d782468dc24d3d90cf772f48b05c59 - - 83f737f2674b4d05970043bfcb207fdf 83f737f2674b4d05970043bfcb207fdf] 199.204.45.115 "GET /allocations/2cddf2a6-f875-45b7-bd3b-f1679f80c488" status: 200 len: 245 microversion: 1.28 [pid: 8|app: 0|req: 578/1158] 199.204.45.115 () {34 vars in 863 bytes} [Wed Mar 4 02:33:28 2026] GET /allocations/2cddf2a6-f875-45b7-bd3b-f1679f80c488 => generated 245 bytes in 13 msecs (HTTP/1.1 200) 8 headers in 296 bytes (1 switches on core 0)
2026-03-04 02:33:38.005 7 INFO placement.requestlog [None req-54899d3d-5394-4fb4-89b1-a038804bc8f8 c8a6dc937765446bae0c70bac1b79115 8b089e29f2304a2d8f825c34eefcf476 - - default default] 10.0.0.86 "GET /resource_providers" status: 200 len: 406 microversion: 1.0 [pid: 7|app: 0|req: 581/1159] 10.0.0.86 () {28 vars in 592 bytes} [Wed Mar 4 02:33:37 2026] GET /resource_providers => generated 406 bytes in 70 msecs (HTTP/1.1 200) 6 headers in 224 bytes (1 switches on core 0)
2026-03-04 02:33:38.029 8 INFO placement.requestlog [None req-40203d20-2db4-4535-8903-cd04a494c4ba c8a6dc937765446bae0c70bac1b79115 8b089e29f2304a2d8f825c34eefcf476 - - default default] 10.0.0.86 "GET /resource_providers/cac03c29-7265-4402-b777-a2c9b433436f/inventories" status: 200 len: 401 microversion: 1.0 [pid: 8|app: 0|req: 579/1160] 10.0.0.86 () {28 vars in 690 bytes} [Wed Mar 4 02:33:38 2026] GET /resource_providers/cac03c29-7265-4402-b777-a2c9b433436f/inventories => generated 401 bytes in 15 msecs (HTTP/1.1 200) 6 headers in 224 bytes (1 switches on core 0)
2026-03-04 02:33:38.053 7 INFO placement.requestlog [None req-9d6ea63a-f323-4fff-88cc-e748aa3ec725 c8a6dc937765446bae0c70bac1b79115 8b089e29f2304a2d8f825c34eefcf476 - - default default] 10.0.0.86 "GET /resource_providers/cac03c29-7265-4402-b777-a2c9b433436f/usages" status: 200 len: 92 microversion: 1.0 [pid: 7|app: 0|req: 582/1161] 10.0.0.86 () {28 vars in 680 bytes} [Wed Mar 4 02:33:38 2026] GET /resource_providers/cac03c29-7265-4402-b777-a2c9b433436f/usages => generated 92 bytes in 15 msecs (HTTP/1.1 200) 6 headers in 223 bytes (1 switches on core 0)
2026-03-04 02:33:38.387 7 INFO placement.requestlog [None req-8fd35052-9a75-4149-9ff4-2e0d64e5c043 - - - - - -] 10.0.0.58 "GET /" status: 200 len: 136 microversion: 1.0
2026-03-04 02:33:38.388 8 INFO placement.requestlog [None req-38aab139-a26c-429e-aed3-9fa249b757b3 - - - - - -] 10.0.0.58 "GET /" status: 200 len: 136 microversion: 1.0
2026-03-04 02:33:48.387 7 INFO placement.requestlog [None req-4e136a57-c66a-488c-a6ea-206645ad3dd4 - - - - - -] 10.0.0.58 "GET /" status: 200 len: 136 microversion: 1.0
2026-03-04 02:33:48.387 8 INFO placement.requestlog [None req-80e03850-4b6b-4e1b-893f-066efb60ec90 - - - - - -] 10.0.0.58 "GET /" status: 200 len: 136 microversion: 1.0
2026-03-04 02:33:58.390 8 INFO placement.requestlog [None req-8fbc8174-d7d4-4745-a1c8-94db3a9b2432 - - - - - -] 10.0.0.58 "GET /" status: 200 len: 136 microversion: 1.0
2026-03-04 02:33:58.392 7 INFO placement.requestlog [None req-975489bf-2ddf-4544-a42d-749b8cee656d - - - - - -] 10.0.0.58 "GET /" status: 200 len: 136 microversion: 1.0
2026-03-04 02:34:08.387 7 INFO placement.requestlog [None req-0c12da5e-8680-4869-ba3e-93f884dd8d26 - - - - - -] 10.0.0.58 "GET /" status: 200 len: 136 microversion: 1.0
2026-03-04 02:34:08.387 8 INFO placement.requestlog [None req-df8bf8d2-2c14-4618-a66b-799bed4585bd - - - - - -] 10.0.0.58 "GET /" status: 200 len: 136 microversion: 1.0
2026-03-04 02:34:18.398 7 INFO placement.requestlog [None req-e145624c-ecd8-44a1-9d74-ed909d6cb30f - - - - - -] 10.0.0.58 "GET /" status: 200 len: 136 microversion: 1.0
2026-03-04 02:34:18.399 8 INFO placement.requestlog [None req-e698c6f1-999f-4cc9-8850-9acf86c7a44e - - - - - -] 10.0.0.58 "GET /" status: 200 len: 136 microversion: 1.0
2026-03-04 02:34:28.387 7 INFO placement.requestlog [None req-9a8a21a4-6fe4-434c-a308-f7bf81466f02 - - - - - -] 10.0.0.58 "GET /" status: 200 len: 136 microversion: 1.0
2026-03-04 02:34:28.387 8 INFO placement.requestlog [None req-a005106c-1385-483f-bece-9bfda9b44230 - - - - - -] 10.0.0.58 "GET /" status: 200 len: 136 microversion: 1.0
2026-03-04 02:34:30.608 7 INFO placement.requestlog [req-7b278108-46de-4d45-8f64-734c00e9ca10 req-5eb3e726-478f-48fc-af52-09e34d1c9bcc f79484ac0ebd45989133847f5caa3f60 00d782468dc24d3d90cf772f48b05c59 - - 83f737f2674b4d05970043bfcb207fdf 83f737f2674b4d05970043bfcb207fdf] 199.204.45.115 "GET /resource_providers/cac03c29-7265-4402-b777-a2c9b433436f/allocations" status: 200 len: 340 microversion: 1.0 [pid: 7|app: 0|req: 589/1174] 199.204.45.115 () {32 vars in 857 bytes} [Wed Mar 4 02:34:30 2026] GET /resource_providers/cac03c29-7265-4402-b777-a2c9b433436f/allocations => generated 340 bytes in 18 msecs (HTTP/1.1 200) 6 headers in 224 bytes (1 switches on core 0)
2026-03-04 02:34:30.634 8 INFO placement.requestlog [req-7b278108-46de-4d45-8f64-734c00e9ca10 req-e812ebbd-b194-4ac6-88ce-ca2ef3de6e31 f79484ac0ebd45989133847f5caa3f60 00d782468dc24d3d90cf772f48b05c59 - - 83f737f2674b4d05970043bfcb207fdf 83f737f2674b4d05970043bfcb207fdf] 199.204.45.115 "GET /resource_providers/cac03c29-7265-4402-b777-a2c9b433436f/allocations" status: 200 len: 340 microversion: 1.0 [pid: 8|app: 0|req: 586/1175] 199.204.45.115 () {32 vars in 857 bytes} [Wed Mar 4 02:34:30 2026] GET /resource_providers/cac03c29-7265-4402-b777-a2c9b433436f/allocations => generated 340 bytes in 17 msecs (HTTP/1.1 200) 6 headers in 224 bytes (1 switches on core 0)
2026-03-04 02:34:30.658 7 INFO placement.requestlog [req-7b278108-46de-4d45-8f64-734c00e9ca10 req-fe765190-407c-4ee5-8258-ff9919589fa8 f79484ac0ebd45989133847f5caa3f60 00d782468dc24d3d90cf772f48b05c59 - - 83f737f2674b4d05970043bfcb207fdf 83f737f2674b4d05970043bfcb207fdf] 199.204.45.115 "GET /allocations/cc5b2d00-7269-4e85-aed8-d6125255e193" status: 200 len: 258 microversion: 1.28 [pid: 7|app: 0|req: 590/1176] 199.204.45.115 () {34 vars in 863 bytes} [Wed Mar 4 02:34:30 2026] GET /allocations/cc5b2d00-7269-4e85-aed8-d6125255e193 => generated 258 bytes in 14 msecs (HTTP/1.1 200) 8 headers in 296 bytes (1 switches on core 0)
2026-03-04 02:34:30.680 8 INFO placement.requestlog [req-7b278108-46de-4d45-8f64-734c00e9ca10 req-b45cac95-b1fd-49cd-bba4-c1789ff49e47 f79484ac0ebd45989133847f5caa3f60 00d782468dc24d3d90cf772f48b05c59 - - 83f737f2674b4d05970043bfcb207fdf 83f737f2674b4d05970043bfcb207fdf] 199.204.45.115 "GET /allocations/3beae07b-4f2d-4d89-802c-943137218876" status: 200 len: 258 microversion: 1.28 [pid: 8|app: 0|req: 587/1177] 199.204.45.115 () {34 vars in 863 bytes} [Wed Mar 4 02:34:30 2026] GET /allocations/3beae07b-4f2d-4d89-802c-943137218876 => generated 258 bytes in 13 msecs (HTTP/1.1 200) 8 headers in 296 bytes (1 switches on core 0)
2026-03-04 02:34:30.702 7 INFO placement.requestlog [req-7b278108-46de-4d45-8f64-734c00e9ca10 req-287b5ab0-ae96-474a-a38d-b15ae4e55697 f79484ac0ebd45989133847f5caa3f60 00d782468dc24d3d90cf772f48b05c59 - - 83f737f2674b4d05970043bfcb207fdf 83f737f2674b4d05970043bfcb207fdf] 199.204.45.115 "GET /allocations/2cddf2a6-f875-45b7-bd3b-f1679f80c488" status: 200 len: 245 microversion: 1.28 [pid: 7|app: 0|req: 591/1178] 199.204.45.115 () {34 vars in 863 bytes} [Wed Mar 4 02:34:30 2026] GET /allocations/2cddf2a6-f875-45b7-bd3b-f1679f80c488 => generated 245 bytes in 15 msecs (HTTP/1.1 200) 8 headers in 296 bytes (1 switches on core 0)
2026-03-04 02:34:37.833 8 INFO placement.requestlog [None req-39f9d3f4-dd72-4244-adfc-181b2b33d803 c8a6dc937765446bae0c70bac1b79115 8b089e29f2304a2d8f825c34eefcf476 - - default default] 10.0.0.86 "GET /resource_providers" status: 200 len: 406 microversion: 1.0 [pid: 8|app: 0|req: 588/1179] 10.0.0.86 () {28 vars in 592 bytes} [Wed Mar 4 02:34:37 2026] GET /resource_providers => generated 406 bytes in 114 msecs (HTTP/1.1 200) 6 headers in 224 bytes (1 switches on core 0)
2026-03-04 02:34:37.862 7 INFO placement.requestlog [None req-8947efe4-da9e-486c-98d4-32ff41dab3f9 c8a6dc937765446bae0c70bac1b79115 8b089e29f2304a2d8f825c34eefcf476 - - default default] 10.0.0.86 "GET /resource_providers/cac03c29-7265-4402-b777-a2c9b433436f/inventories" status: 200 len: 401 microversion: 1.0 [pid: 7|app: 0|req: 592/1180] 10.0.0.86 () {28 vars in 690 bytes} [Wed Mar 4 02:34:37 2026] GET /resource_providers/cac03c29-7265-4402-b777-a2c9b433436f/inventories => generated 401 bytes in 24 msecs (HTTP/1.1 200) 6 headers in 224 bytes (1 switches on core 0)
2026-03-04 02:34:37.886 8 INFO placement.requestlog [None req-110ad0c4-1568-4134-9061-67746f47594e c8a6dc937765446bae0c70bac1b79115 8b089e29f2304a2d8f825c34eefcf476 - - default default] 10.0.0.86 "GET /resource_providers/cac03c29-7265-4402-b777-a2c9b433436f/usages" status: 200 len: 92 microversion: 1.0 [pid: 8|app: 0|req: 589/1181] 10.0.0.86 () {28 vars in 680 bytes} [Wed Mar 4 02:34:37 2026] GET /resource_providers/cac03c29-7265-4402-b777-a2c9b433436f/usages => generated 92 bytes in 14 msecs (HTTP/1.1 200) 6 headers in 223 bytes (1 switches on core 0)
2026-03-04 02:34:38.386 8 INFO placement.requestlog [None req-19e6e5f3-40b5-482c-87fb-eb4798b26c04 - - - - - -] 10.0.0.58 "GET /" status: 200 len: 136 microversion: 1.0
2026-03-04 02:34:38.386 7 INFO placement.requestlog [None req-387741e2-21a7-4def-b1a6-98a0f3f524f8 - - - - - -] 10.0.0.58 "GET /" status: 200 len: 136 microversion: 1.0
2026-03-04 02:34:40.676 8 INFO placement.requestlog [req-32521eb0-4a99-4ef2-992e-d9e480864388 req-c10de4ae-850f-4e93-88f2-ab5c89058149 f79484ac0ebd45989133847f5caa3f60 00d782468dc24d3d90cf772f48b05c59 - - 83f737f2674b4d05970043bfcb207fdf 83f737f2674b4d05970043bfcb207fdf] 199.204.45.115 "GET /resource_providers/cac03c29-7265-4402-b777-a2c9b433436f/allocations" status: 200 len: 340 microversion: 1.0 [pid: 8|app: 0|req: 591/1184] 199.204.45.115 () {32 vars in 857 bytes} [Wed Mar 4 02:34:40 2026] GET /resource_providers/cac03c29-7265-4402-b777-a2c9b433436f/allocations => generated 340 bytes in 17 msecs (HTTP/1.1 200) 6 headers in 224 bytes (1 switches on core 0)
2026-03-04 02:34:40.703 7 INFO placement.requestlog [req-32521eb0-4a99-4ef2-992e-d9e480864388 req-86a24be2-ec7a-4ade-9a71-4efc8697c7c8 f79484ac0ebd45989133847f5caa3f60 00d782468dc24d3d90cf772f48b05c59 - - 83f737f2674b4d05970043bfcb207fdf 83f737f2674b4d05970043bfcb207fdf] 199.204.45.115 "GET /allocations/cc5b2d00-7269-4e85-aed8-d6125255e193" status: 200 len: 258 microversion: 1.28 [pid: 7|app: 0|req: 594/1185] 199.204.45.115 () {34 vars in 863 bytes} [Wed Mar 4 02:34:40 2026] GET /allocations/cc5b2d00-7269-4e85-aed8-d6125255e193 => generated 258 bytes in 18 msecs (HTTP/1.1 200) 8 headers in 296 bytes (1 switches on core 0)
2026-03-04 02:34:40.729 8 INFO placement.requestlog [req-32521eb0-4a99-4ef2-992e-d9e480864388 req-8de9a5b3-fcd7-4973-8aae-e9e26df2312e f79484ac0ebd45989133847f5caa3f60 00d782468dc24d3d90cf772f48b05c59 - - 83f737f2674b4d05970043bfcb207fdf 83f737f2674b4d05970043bfcb207fdf] 199.204.45.115 "GET /allocations/3beae07b-4f2d-4d89-802c-943137218876" status: 200 len: 258 microversion: 1.28 [pid: 8|app: 0|req: 592/1186] 199.204.45.115 () {34 vars in 863 bytes} [Wed Mar 4 02:34:40 2026] GET /allocations/3beae07b-4f2d-4d89-802c-943137218876 => generated 258 bytes in 18 msecs (HTTP/1.1 200) 8 headers in 296 bytes (1 switches on core 0)
2026-03-04 02:34:40.752 7 INFO placement.requestlog [req-32521eb0-4a99-4ef2-992e-d9e480864388 req-6626e5ce-1d4c-4e43-bc57-accb1d295fd1 f79484ac0ebd45989133847f5caa3f60 00d782468dc24d3d90cf772f48b05c59 - - 83f737f2674b4d05970043bfcb207fdf 83f737f2674b4d05970043bfcb207fdf] 199.204.45.115 "GET /allocations/2cddf2a6-f875-45b7-bd3b-f1679f80c488" status: 200 len: 245 microversion: 1.28 [pid: 7|app: 0|req: 595/1187] 199.204.45.115 () {34 vars in 863 bytes} [Wed Mar 4 02:34:40 2026] GET /allocations/2cddf2a6-f875-45b7-bd3b-f1679f80c488 => generated 245 bytes in 15 msecs (HTTP/1.1 200) 8 headers in 296 bytes (1 switches on core 0)
2026-03-04 02:34:40.852 8 INFO placement.requestlog [req-32521eb0-4a99-4ef2-992e-d9e480864388 req-06535600-0d6a-4dd0-8ceb-cc55efd04b66 f79484ac0ebd45989133847f5caa3f60 00d782468dc24d3d90cf772f48b05c59 - - 83f737f2674b4d05970043bfcb207fdf 83f737f2674b4d05970043bfcb207fdf] 199.204.45.115 "DELETE /allocations/2cddf2a6-f875-45b7-bd3b-f1679f80c488" status: 204 len: 0 microversion: 1.0 [pid: 8|app: 0|req: 593/1188] 199.204.45.115 () {34 vars in 841 bytes} [Wed Mar 4 02:34:40 2026] DELETE /allocations/2cddf2a6-f875-45b7-bd3b-f1679f80c488 => generated 0 bytes in 39 msecs (HTTP/1.1 204) 5 headers in 198 bytes (1 switches on core 0)
2026-03-04 02:34:45.450 7 INFO placement.requestlog [req-ac7bc402-f38f-4167-b284-e5c6c2375744 req-a90670d5-dc9a-43ca-b951-1b37d0d54a43 f79484ac0ebd45989133847f5caa3f60 00d782468dc24d3d90cf772f48b05c59 - - 83f737f2674b4d05970043bfcb207fdf 83f737f2674b4d05970043bfcb207fdf] 199.204.45.115 "GET /resource_providers/cac03c29-7265-4402-b777-a2c9b433436f/allocations" status: 200 len: 253 microversion: 1.0 [pid: 7|app: 0|req: 596/1189] 199.204.45.115 () {32 vars in 857 bytes} [Wed Mar 4 02:34:45 2026] GET /resource_providers/cac03c29-7265-4402-b777-a2c9b433436f/allocations => generated 253 bytes in 17 msecs (HTTP/1.1 200) 6 headers in 224 bytes (1 switches on core 0)
2026-03-04 02:34:45.473 8 INFO placement.requestlog [req-ac7bc402-f38f-4167-b284-e5c6c2375744 req-dc8d862e-e068-4a98-9486-8d0dca2bfad1 f79484ac0ebd45989133847f5caa3f60 00d782468dc24d3d90cf772f48b05c59 - - 83f737f2674b4d05970043bfcb207fdf 83f737f2674b4d05970043bfcb207fdf] 199.204.45.115 "GET /allocations/cc5b2d00-7269-4e85-aed8-d6125255e193" status: 200 len: 258 microversion: 1.28 [pid: 8|app: 0|req: 594/1190] 199.204.45.115 () {34 vars in 863 bytes} [Wed Mar 4 02:34:45 2026] GET /allocations/cc5b2d00-7269-4e85-aed8-d6125255e193 => generated 258 bytes in 15 msecs (HTTP/1.1 200) 8 headers in 296 bytes (1 switches on core 0)
2026-03-04 02:34:45.498 7 INFO placement.requestlog [req-ac7bc402-f38f-4167-b284-e5c6c2375744 req-006286cf-1cba-4432-8985-b3544b59bef1 f79484ac0ebd45989133847f5caa3f60 00d782468dc24d3d90cf772f48b05c59 - - 83f737f2674b4d05970043bfcb207fdf 83f737f2674b4d05970043bfcb207fdf] 199.204.45.115 "GET /allocations/3beae07b-4f2d-4d89-802c-943137218876" status: 200 len: 258 microversion: 1.28 [pid: 7|app: 0|req: 597/1191] 199.204.45.115 () {34 vars in 863 bytes} [Wed Mar 4 02:34:45 2026] GET /allocations/3beae07b-4f2d-4d89-802c-943137218876 => generated 258 bytes in 17 msecs (HTTP/1.1 200) 8 headers in 296 bytes (1 switches on core 0)
2026-03-04 02:34:45.572 8 INFO placement.requestlog [req-ac7bc402-f38f-4167-b284-e5c6c2375744 req-92f3bf1e-17dd-4f1c-ac4d-9caa8787d34e f79484ac0ebd45989133847f5caa3f60 00d782468dc24d3d90cf772f48b05c59 - - 83f737f2674b4d05970043bfcb207fdf 83f737f2674b4d05970043bfcb207fdf] 199.204.45.115 "DELETE /allocations/3beae07b-4f2d-4d89-802c-943137218876" status: 204 len: 0 microversion: 1.0 [pid: 8|app: 0|req: 595/1192] 199.204.45.115 () {34 vars in 841 bytes} [Wed Mar 4 02:34:45 2026] DELETE /allocations/3beae07b-4f2d-4d89-802c-943137218876 => generated 0 bytes in 24 msecs (HTTP/1.1 204) 5 headers in 198 bytes (1 switches on core 0)
2026-03-04 02:34:48.388 8 INFO placement.requestlog [None req-fc02ca50-9129-40a3-9986-df1e3cc733ae - - - - - -] 10.0.0.58 "GET /" status: 200 len: 136 microversion: 1.0
2026-03-04 02:34:48.388 7 INFO placement.requestlog [None req-0aadebc6-8414-4ae3-a5b9-e1102d06a25a - - - - - -] 10.0.0.58 "GET /" status: 200 len: 136 microversion: 1.0
2026-03-04 02:34:51.703 8 INFO placement.requestlog [req-cfe8dfb1-5a24-4d8e-8202-238a6b6e0c5f req-7e012e74-c4f6-48f6-bab8-daecf413d42b f79484ac0ebd45989133847f5caa3f60 00d782468dc24d3d90cf772f48b05c59 - - 83f737f2674b4d05970043bfcb207fdf 83f737f2674b4d05970043bfcb207fdf] 199.204.45.115 "GET /resource_providers/cac03c29-7265-4402-b777-a2c9b433436f/allocations" status: 200 len: 153 microversion: 1.0 [pid: 8|app: 0|req: 597/1195] 199.204.45.115 () {32 vars in 857 bytes} [Wed Mar 4 02:34:51 2026] GET /resource_providers/cac03c29-7265-4402-b777-a2c9b433436f/allocations => generated 153 bytes in 23 msecs (HTTP/1.1 200) 6 headers in 224 bytes (1 switches on core 0)
2026-03-04 02:34:51.725 7 INFO placement.requestlog [req-cfe8dfb1-5a24-4d8e-8202-238a6b6e0c5f req-ed83d996-68ff-4343-8545-b607f6bf1074 f79484ac0ebd45989133847f5caa3f60 00d782468dc24d3d90cf772f48b05c59 - - 83f737f2674b4d05970043bfcb207fdf 83f737f2674b4d05970043bfcb207fdf] 199.204.45.115 "GET /allocations/cc5b2d00-7269-4e85-aed8-d6125255e193" status: 200 len: 258 microversion: 1.28 [pid: 7|app: 0|req: 599/1196] 199.204.45.115 () {34 vars in 863 bytes} [Wed Mar 4 02:34:51 2026] GET /allocations/cc5b2d00-7269-4e85-aed8-d6125255e193 => generated 258 bytes in 14 msecs (HTTP/1.1 200) 8 headers in 296 bytes (1 switches on core 0)
