Jun 25 20:08:19.006700 np0000182864 nova-conductor[110948]: DEBUG cotyledon.oslo_config_glue [-] vnc.vencrypt_client_key = None {{(pid=110948) log_opt_values /opt/stack/data/venv/lib/python3.12/site-packages/oslo_config/cfg.py:3253}}
Jun 25 20:08:19.006700 np0000182864 nova-conductor[110948]: DEBUG cotyledon.oslo_config_glue [-] workarounds.disable_compute_service_check_for_ffu = False {{(pid=110948) log_opt_values /opt/stack/data/venv/lib/python3.12/site-packages/oslo_config/cfg.py:3253}}
Jun 25 20:08:19.006700 np0000182864 nova-conductor[110948]: DEBUG cotyledon.oslo_config_glue [-] workarounds.disable_deep_image_inspection = False {{(pid=110948) log_opt_values /opt/stack/data/venv/lib/python3.12/site-packages/oslo_config/cfg.py:3253}}
Jun 25 20:08:19.006700 np0000182864 nova-conductor[110948]: DEBUG cotyledon.oslo_config_glue [-] workarounds.disable_fallback_pcpu_query = False {{(pid=110948) log_opt_values /opt/stack/data/venv/lib/python3.12/site-packages/oslo_config/cfg.py:3253}}
Jun 25 20:08:19.007161 np0000182864 nova-conductor[110948]: DEBUG cotyledon.oslo_config_glue [-] workarounds.disable_group_policy_check_upcall = False {{(pid=110948) log_opt_values /opt/stack/data/venv/lib/python3.12/site-packages/oslo_config/cfg.py:3253}}
Jun 25 20:08:19.007161 np0000182864 nova-conductor[110948]: DEBUG cotyledon.oslo_config_glue [-] workarounds.disable_libvirt_livesnapshot = False {{(pid=110948) log_opt_values /opt/stack/data/venv/lib/python3.12/site-packages/oslo_config/cfg.py:3253}}
Jun 25 20:08:19.007161 np0000182864 nova-conductor[110948]: DEBUG cotyledon.oslo_config_glue [-] workarounds.disable_rootwrap = False {{(pid=110948) log_opt_values /opt/stack/data/venv/lib/python3.12/site-packages/oslo_config/cfg.py:3253}}
Jun 25 20:08:19.007161 np0000182864 nova-conductor[110948]: DEBUG cotyledon.oslo_config_glue [-] workarounds.enable_numa_live_migration = False {{(pid=110948) log_opt_values /opt/stack/data/venv/lib/python3.12/site-packages/oslo_config/cfg.py:3253}}
Jun 25 20:08:19.007161 np0000182864 nova-conductor[110948]: DEBUG cotyledon.oslo_config_glue [-] workarounds.enable_qemu_monitor_announce_self = False {{(pid=110948) log_opt_values /opt/stack/data/venv/lib/python3.12/site-packages/oslo_config/cfg.py:3253}}
Jun 25 20:08:19.007161 np0000182864 nova-conductor[110948]: DEBUG cotyledon.oslo_config_glue [-] workarounds.ensure_libvirt_rbd_instance_dir_cleanup = False {{(pid=110948) log_opt_values /opt/stack/data/venv/lib/python3.12/site-packages/oslo_config/cfg.py:3253}}
Jun 25 20:08:19.007161 np0000182864 nova-conductor[110948]: DEBUG cotyledon.oslo_config_glue [-] workarounds.handle_virt_lifecycle_events = True {{(pid=110948) log_opt_values /opt/stack/data/venv/lib/python3.12/site-packages/oslo_config/cfg.py:3253}}
Jun 25 20:08:19.007161 np0000182864 nova-conductor[110948]: DEBUG cotyledon.oslo_config_glue [-] workarounds.libvirt_disable_apic = False {{(pid=110948) log_opt_values /opt/stack/data/venv/lib/python3.12/site-packages/oslo_config/cfg.py:3253}}
Jun 25 20:08:19.007161 np0000182864 nova-conductor[110948]: DEBUG cotyledon.oslo_config_glue [-] workarounds.never_download_image_if_on_rbd = False {{(pid=110948) log_opt_values /opt/stack/data/venv/lib/python3.12/site-packages/oslo_config/cfg.py:3253}}
Jun 25 20:08:19.007408 np0000182864 nova-conductor[110948]: DEBUG cotyledon.oslo_config_glue [-] workarounds.qemu_monitor_announce_self_count = 3 {{(pid=110948) log_opt_values /opt/stack/data/venv/lib/python3.12/site-packages/oslo_config/cfg.py:3253}}
Jun 25 20:08:19.007408 np0000182864 nova-conductor[110948]: DEBUG cotyledon.oslo_config_glue [-] workarounds.qemu_monitor_announce_self_interval = 1 {{(pid=110948) log_opt_values /opt/stack/data/venv/lib/python3.12/site-packages/oslo_config/cfg.py:3253}}
Jun 25 20:08:19.007408 np0000182864 nova-conductor[110948]: DEBUG cotyledon.oslo_config_glue [-] workarounds.reserve_disk_resource_for_image_cache = False {{(pid=110948) log_opt_values /opt/stack/data/venv/lib/python3.12/site-packages/oslo_config/cfg.py:3253}}
Jun 25 20:08:19.007408 np0000182864 nova-conductor[110948]: DEBUG cotyledon.oslo_config_glue [-] workarounds.skip_cpu_compare_at_startup = False {{(pid=110948) log_opt_values /opt/stack/data/venv/lib/python3.12/site-packages/oslo_config/cfg.py:3253}}
Jun 25 20:08:19.007408 np0000182864 nova-conductor[110948]: DEBUG cotyledon.oslo_config_glue [-] workarounds.skip_cpu_compare_on_dest = False {{(pid=110948) log_opt_values /opt/stack/data/venv/lib/python3.12/site-packages/oslo_config/cfg.py:3253}}
Jun 25 20:08:19.007408 np0000182864 nova-conductor[110948]: DEBUG cotyledon.oslo_config_glue [-] workarounds.skip_hypervisor_version_check_on_lm = False {{(pid=110948) log_opt_values /opt/stack/data/venv/lib/python3.12/site-packages/oslo_config/cfg.py:3253}}
Jun 25 20:08:19.007408 np0000182864 nova-conductor[110948]: DEBUG cotyledon.oslo_config_glue [-] workarounds.skip_reserve_in_use_ironic_nodes = False {{(pid=110948) log_opt_values /opt/stack/data/venv/lib/python3.12/site-packages/oslo_config/cfg.py:3253}}
Jun 25 20:08:19.007408 np0000182864 nova-conductor[110948]: DEBUG cotyledon.oslo_config_glue [-] workarounds.unified_limits_count_pcpu_as_vcpu = False {{(pid=110948) log_opt_values /opt/stack/data/venv/lib/python3.12/site-packages/oslo_config/cfg.py:3253}}
Jun 25 20:08:19.007657 np0000182864 nova-conductor[110948]: DEBUG cotyledon.oslo_config_glue [-] workarounds.wait_for_vif_plugged_event_during_hard_reboot = [] {{(pid=110948) log_opt_values /opt/stack/data/venv/lib/python3.12/site-packages/oslo_config/cfg.py:3253}}
Jun 25 20:08:19.007657 np0000182864 nova-conductor[110948]: DEBUG cotyledon.oslo_config_glue [-] wsgi.api_paste_config = /etc/nova/api-paste.ini {{(pid=110948) log_opt_values /opt/stack/data/venv/lib/python3.12/site-packages/oslo_config/cfg.py:3253}}
Jun 25 20:08:19.007657 np0000182864 nova-conductor[110948]: DEBUG cotyledon.oslo_config_glue [-] wsgi.secure_proxy_ssl_header = None {{(pid=110948) log_opt_values /opt/stack/data/venv/lib/python3.12/site-packages/oslo_config/cfg.py:3253}}
Jun 25 20:08:19.007657 np0000182864 nova-conductor[110948]: DEBUG cotyledon.oslo_config_glue [-] zvm.ca_file = None {{(pid=110948) log_opt_values /opt/stack/data/venv/lib/python3.12/site-packages/oslo_config/cfg.py:3253}}
Jun 25 20:08:19.007657 np0000182864 nova-conductor[110948]: DEBUG cotyledon.oslo_config_glue [-] zvm.cloud_connector_url = None {{(pid=110948) log_opt_values /opt/stack/data/venv/lib/python3.12/site-packages/oslo_config/cfg.py:3253}}
Jun 25 20:08:19.007657 np0000182864 nova-conductor[110948]: DEBUG cotyledon.oslo_config_glue [-] zvm.image_tmp_path = /opt/stack/data/nova/images {{(pid=110948) log_opt_values /opt/stack/data/venv/lib/python3.12/site-packages/oslo_config/cfg.py:3253}}
Jun 25 20:08:19.007657 np0000182864 nova-conductor[110948]: DEBUG cotyledon.oslo_config_glue [-] zvm.reachable_timeout = 300 {{(pid=110948) log_opt_values /opt/stack/data/venv/lib/python3.12/site-packages/oslo_config/cfg.py:3253}}
Jun 25 20:08:19.007657 np0000182864 nova-conductor[110948]: DEBUG cotyledon.oslo_config_glue [-] oslo_versionedobjects.fatal_exception_format_errors = False {{(pid=110948) log_opt_values /opt/stack/data/venv/lib/python3.12/site-packages/oslo_config/cfg.py:3253}}
Jun 25 20:08:19.007657 np0000182864 nova-conductor[110948]: DEBUG cotyledon.oslo_config_glue [-] oslo_middleware.http_basic_auth_user_file = /etc/htpasswd {{(pid=110948) log_opt_values /opt/stack/data/venv/lib/python3.12/site-packages/oslo_config/cfg.py:3253}}
Jun 25 20:08:19.007944 np0000182864 nova-conductor[110948]: DEBUG cotyledon.oslo_config_glue [-] profiler.connection_string = messaging:// {{(pid=110948) log_opt_values /opt/stack/data/venv/lib/python3.12/site-packages/oslo_config/cfg.py:3253}}
Jun 25 20:08:19.007944 np0000182864 nova-conductor[110948]: DEBUG cotyledon.oslo_config_glue [-] profiler.enabled = False {{(pid=110948) log_opt_values /opt/stack/data/venv/lib/python3.12/site-packages/oslo_config/cfg.py:3253}}
Jun 25 20:08:19.007944 np0000182864 nova-conductor[110948]: DEBUG cotyledon.oslo_config_glue [-] profiler.es_doc_type = notification {{(pid=110948) log_opt_values /opt/stack/data/venv/lib/python3.12/site-packages/oslo_config/cfg.py:3253}}
Jun 25 20:08:19.007944 np0000182864 nova-conductor[110948]: DEBUG cotyledon.oslo_config_glue [-] profiler.es_scroll_size = 10000 {{(pid=110948) log_opt_values /opt/stack/data/venv/lib/python3.12/site-packages/oslo_config/cfg.py:3253}}
Jun 25 20:08:19.007944 np0000182864 nova-conductor[110948]: DEBUG cotyledon.oslo_config_glue [-] profiler.es_scroll_time = 2m {{(pid=110948) log_opt_values /opt/stack/data/venv/lib/python3.12/site-packages/oslo_config/cfg.py:3253}}
Jun 25 20:08:19.007944 np0000182864 nova-conductor[110948]: DEBUG cotyledon.oslo_config_glue [-] profiler.filter_error_trace = False {{(pid=110948) log_opt_values /opt/stack/data/venv/lib/python3.12/site-packages/oslo_config/cfg.py:3253}}
Jun 25 20:08:19.007944 np0000182864 nova-conductor[110948]: DEBUG cotyledon.oslo_config_glue [-] profiler.hmac_keys = **** {{(pid=110948) log_opt_values /opt/stack/data/venv/lib/python3.12/site-packages/oslo_config/cfg.py:3253}}
Jun 25 20:08:19.007944 np0000182864 nova-conductor[110948]: DEBUG cotyledon.oslo_config_glue [-] profiler.sentinel_service_name = mymaster {{(pid=110948) log_opt_values /opt/stack/data/venv/lib/python3.12/site-packages/oslo_config/cfg.py:3253}}
Jun 25 20:08:19.007944 np0000182864 nova-conductor[110948]: DEBUG cotyledon.oslo_config_glue [-] profiler.socket_timeout = 0.1 {{(pid=110948) log_opt_values /opt/stack/data/venv/lib/python3.12/site-packages/oslo_config/cfg.py:3253}}
Jun 25 20:08:19.008199 np0000182864 nova-conductor[110948]: DEBUG cotyledon.oslo_config_glue [-] profiler.trace_requests = False {{(pid=110948) log_opt_values /opt/stack/data/venv/lib/python3.12/site-packages/oslo_config/cfg.py:3253}}
Jun 25 20:08:19.008199 np0000182864 nova-conductor[110948]: DEBUG cotyledon.oslo_config_glue [-] profiler.trace_sqlalchemy = False {{(pid=110948) log_opt_values /opt/stack/data/venv/lib/python3.12/site-packages/oslo_config/cfg.py:3253}}
Jun 25 20:08:19.008199 np0000182864 nova-conductor[110948]: DEBUG cotyledon.oslo_config_glue [-] profiler_jaeger.process_tags = {} {{(pid=110948) log_opt_values /opt/stack/data/venv/lib/python3.12/site-packages/oslo_config/cfg.py:3253}}
Jun 25 20:08:19.008199 np0000182864 nova-conductor[110948]: DEBUG cotyledon.oslo_config_glue [-] profiler_jaeger.service_name_prefix = None {{(pid=110948) log_opt_values /opt/stack/data/venv/lib/python3.12/site-packages/oslo_config/cfg.py:3253}}
Jun 25 20:08:19.008199 np0000182864 nova-conductor[110948]: DEBUG cotyledon.oslo_config_glue [-] profiler_otlp.service_name_prefix = None {{(pid=110948) log_opt_values /opt/stack/data/venv/lib/python3.12/site-packages/oslo_config/cfg.py:3253}}
Jun 25 20:08:19.008199 np0000182864 nova-conductor[110948]: DEBUG cotyledon.oslo_config_glue [-] oslo_messaging_rabbit.amqp_auto_delete = False {{(pid=110948) log_opt_values /opt/stack/data/venv/lib/python3.12/site-packages/oslo_config/cfg.py:3253}}
Jun 25 20:08:19.008199 np0000182864 nova-conductor[110948]: DEBUG cotyledon.oslo_config_glue [-] oslo_messaging_rabbit.amqp_durable_queues = False {{(pid=110948) log_opt_values /opt/stack/data/venv/lib/python3.12/site-packages/oslo_config/cfg.py:3253}}
Jun 25 20:08:19.008199 np0000182864 nova-conductor[110948]: DEBUG cotyledon.oslo_config_glue [-] oslo_messaging_rabbit.conn_pool_min_size = 2 {{(pid=110948) log_opt_values /opt/stack/data/venv/lib/python3.12/site-packages/oslo_config/cfg.py:3253}}
Jun 25 20:08:19.008199 np0000182864 nova-conductor[110948]: DEBUG cotyledon.oslo_config_glue [-] oslo_messaging_rabbit.conn_pool_ttl = 1200 {{(pid=110948) log_opt_values /opt/stack/data/venv/lib/python3.12/site-packages/oslo_config/cfg.py:3253}}
Jun 25 20:08:19.008433 np0000182864 nova-conductor[110948]: DEBUG cotyledon.oslo_config_glue [-] oslo_messaging_rabbit.direct_mandatory_flag = True {{(pid=110948) log_opt_values /opt/stack/data/venv/lib/python3.12/site-packages/oslo_config/cfg.py:3253}}
Jun 25 20:08:19.008433 np0000182864 nova-conductor[110948]: DEBUG cotyledon.oslo_config_glue [-] oslo_messaging_rabbit.enable_cancel_on_failover = False {{(pid=110948) log_opt_values /opt/stack/data/venv/lib/python3.12/site-packages/oslo_config/cfg.py:3253}}
Jun 25 20:08:19.008433 np0000182864 nova-conductor[110948]: DEBUG cotyledon.oslo_config_glue [-] oslo_messaging_rabbit.heartbeat_rate = 3 {{(pid=110948) log_opt_values /opt/stack/data/venv/lib/python3.12/site-packages/oslo_config/cfg.py:3253}}
Jun 25 20:08:19.008433 np0000182864 nova-conductor[110948]: DEBUG cotyledon.oslo_config_glue [-] oslo_messaging_rabbit.heartbeat_timeout_threshold = 60 {{(pid=110948) log_opt_values /opt/stack/data/venv/lib/python3.12/site-packages/oslo_config/cfg.py:3253}}
Jun 25 20:08:19.008433 np0000182864 nova-conductor[110948]: DEBUG cotyledon.oslo_config_glue [-] oslo_messaging_rabbit.hostname = np0000182864 {{(pid=110948) log_opt_values /opt/stack/data/venv/lib/python3.12/site-packages/oslo_config/cfg.py:3253}}
Jun 25 20:08:19.008433 np0000182864 nova-conductor[110948]: DEBUG cotyledon.oslo_config_glue [-] oslo_messaging_rabbit.kombu_compression = None {{(pid=110948) log_opt_values /opt/stack/data/venv/lib/python3.12/site-packages/oslo_config/cfg.py:3253}}
Jun 25 20:08:19.008433 np0000182864 nova-conductor[110948]: DEBUG cotyledon.oslo_config_glue [-] oslo_messaging_rabbit.kombu_failover_strategy = round-robin {{(pid=110948) log_opt_values /opt/stack/data/venv/lib/python3.12/site-packages/oslo_config/cfg.py:3253}}
Jun 25 20:08:19.008433 np0000182864 nova-conductor[110948]: DEBUG cotyledon.oslo_config_glue [-] oslo_messaging_rabbit.kombu_missing_consumer_retry_timeout = 60 {{(pid=110948) log_opt_values /opt/stack/data/venv/lib/python3.12/site-packages/oslo_config/cfg.py:3253}}
Jun 25 20:08:19.008691 np0000182864 nova-conductor[110948]: DEBUG cotyledon.oslo_config_glue [-] oslo_messaging_rabbit.kombu_reconnect_delay = 1.0 {{(pid=110948) log_opt_values /opt/stack/data/venv/lib/python3.12/site-packages/oslo_config/cfg.py:3253}}
Jun 25 20:08:19.008691 np0000182864 nova-conductor[110948]: DEBUG cotyledon.oslo_config_glue [-] oslo_messaging_rabbit.kombu_reconnect_splay = 0.0 {{(pid=110948) log_opt_values /opt/stack/data/venv/lib/python3.12/site-packages/oslo_config/cfg.py:3253}}
Jun 25 20:08:19.008691 np0000182864 nova-conductor[110948]: DEBUG cotyledon.oslo_config_glue [-] oslo_messaging_rabbit.processname = nova-conductor {{(pid=110948) log_opt_values /opt/stack/data/venv/lib/python3.12/site-packages/oslo_config/cfg.py:3253}}
Jun 25 20:08:19.008691 np0000182864 nova-conductor[110948]: DEBUG cotyledon.oslo_config_glue [-] oslo_messaging_rabbit.rabbit_ha_queues = False {{(pid=110948) log_opt_values /opt/stack/data/venv/lib/python3.12/site-packages/oslo_config/cfg.py:3253}}
Jun 25 20:08:19.008691 np0000182864 nova-conductor[110948]: DEBUG cotyledon.oslo_config_glue [-] oslo_messaging_rabbit.rabbit_interval_max = 30 {{(pid=110948) log_opt_values /opt/stack/data/venv/lib/python3.12/site-packages/oslo_config/cfg.py:3253}}
Jun 25 20:08:19.008691 np0000182864 nova-conductor[110948]: DEBUG cotyledon.oslo_config_glue [-] oslo_messaging_rabbit.rabbit_login_method = AMQPLAIN {{(pid=110948) log_opt_values /opt/stack/data/venv/lib/python3.12/site-packages/oslo_config/cfg.py:3253}}
Jun 25 20:08:19.008691 np0000182864 nova-conductor[110948]: DEBUG cotyledon.oslo_config_glue [-] oslo_messaging_rabbit.rabbit_qos_prefetch_count = 0 {{(pid=110948) log_opt_values /opt/stack/data/venv/lib/python3.12/site-packages/oslo_config/cfg.py:3253}}
Jun 25 20:08:19.008691 np0000182864 nova-conductor[110948]: DEBUG cotyledon.oslo_config_glue [-] oslo_messaging_rabbit.rabbit_quorum_delivery_limit = 0 {{(pid=110948) log_opt_values /opt/stack/data/venv/lib/python3.12/site-packages/oslo_config/cfg.py:3253}}
Jun 25 20:08:19.008691 np0000182864 nova-conductor[110948]: DEBUG cotyledon.oslo_config_glue [-] oslo_messaging_rabbit.rabbit_quorum_max_memory_bytes = 0 {{(pid=110948) log_opt_values /opt/stack/data/venv/lib/python3.12/site-packages/oslo_config/cfg.py:3253}}
Jun 25 20:08:19.009004 np0000182864 nova-conductor[110948]: DEBUG cotyledon.oslo_config_glue [-] oslo_messaging_rabbit.rabbit_quorum_max_memory_length = 0 {{(pid=110948) log_opt_values /opt/stack/data/venv/lib/python3.12/site-packages/oslo_config/cfg.py:3253}}
Jun 25 20:08:19.009004 np0000182864 nova-conductor[110948]: DEBUG cotyledon.oslo_config_glue [-] oslo_messaging_rabbit.rabbit_quorum_queue = False {{(pid=110948) log_opt_values /opt/stack/data/venv/lib/python3.12/site-packages/oslo_config/cfg.py:3253}}
Jun 25 20:08:19.009004 np0000182864 nova-conductor[110948]: DEBUG cotyledon.oslo_config_glue [-] oslo_messaging_rabbit.rabbit_retry_backoff = 2 {{(pid=110948) log_opt_values /opt/stack/data/venv/lib/python3.12/site-packages/oslo_config/cfg.py:3253}}
Jun 25 20:08:19.009004 np0000182864 nova-conductor[110948]: DEBUG cotyledon.oslo_config_glue [-] oslo_messaging_rabbit.rabbit_retry_interval = 1 {{(pid=110948) log_opt_values /opt/stack/data/venv/lib/python3.12/site-packages/oslo_config/cfg.py:3253}}
Jun 25 20:08:19.009004 np0000182864 nova-conductor[110948]: DEBUG cotyledon.oslo_config_glue [-] oslo_messaging_rabbit.rabbit_stream_fanout = False {{(pid=110948) log_opt_values /opt/stack/data/venv/lib/python3.12/site-packages/oslo_config/cfg.py:3253}}
Jun 25 20:08:19.009004 np0000182864 nova-conductor[110948]: DEBUG cotyledon.oslo_config_glue [-] oslo_messaging_rabbit.rabbit_transient_queues_ttl = 1800 {{(pid=110948) log_opt_values /opt/stack/data/venv/lib/python3.12/site-packages/oslo_config/cfg.py:3253}}
Jun 25 20:08:19.009004 np0000182864 nova-conductor[110948]: DEBUG cotyledon.oslo_config_glue [-] oslo_messaging_rabbit.rabbit_transient_quorum_queue = False {{(pid=110948) log_opt_values /opt/stack/data/venv/lib/python3.12/site-packages/oslo_config/cfg.py:3253}}
Jun 25 20:08:19.009004 np0000182864 nova-conductor[110948]: DEBUG cotyledon.oslo_config_glue [-] oslo_messaging_rabbit.rpc_conn_pool_size = 30 {{(pid=110948) log_opt_values /opt/stack/data/venv/lib/python3.12/site-packages/oslo_config/cfg.py:3253}}
Jun 25 20:08:19.009004 np0000182864 nova-conductor[110948]: DEBUG cotyledon.oslo_config_glue [-] oslo_messaging_rabbit.ssl = False {{(pid=110948) log_opt_values /opt/stack/data/venv/lib/python3.12/site-packages/oslo_config/cfg.py:3253}}
Jun 25 20:08:19.009246 np0000182864 nova-conductor[110948]: DEBUG cotyledon.oslo_config_glue [-] oslo_messaging_rabbit.ssl_ca_file = {{(pid=110948) log_opt_values /opt/stack/data/venv/lib/python3.12/site-packages/oslo_config/cfg.py:3253}}
Jun 25 20:08:19.009246 np0000182864 nova-conductor[110948]: DEBUG cotyledon.oslo_config_glue [-] oslo_messaging_rabbit.ssl_cert_file = {{(pid=110948) log_opt_values /opt/stack/data/venv/lib/python3.12/site-packages/oslo_config/cfg.py:3253}}
Jun 25 20:08:19.009246 np0000182864 nova-conductor[110948]: DEBUG cotyledon.oslo_config_glue [-] oslo_messaging_rabbit.ssl_enforce_fips_mode = False {{(pid=110948) log_opt_values /opt/stack/data/venv/lib/python3.12/site-packages/oslo_config/cfg.py:3253}}
Jun 25 20:08:19.009246 np0000182864 nova-conductor[110948]: DEBUG cotyledon.oslo_config_glue [-] oslo_messaging_rabbit.ssl_enforce_hostname_verification = True {{(pid=110948) log_opt_values /opt/stack/data/venv/lib/python3.12/site-packages/oslo_config/cfg.py:3253}}
Jun 25 20:08:19.009246 np0000182864 nova-conductor[110948]: DEBUG cotyledon.oslo_config_glue [-] oslo_messaging_rabbit.ssl_key_file = {{(pid=110948) log_opt_values /opt/stack/data/venv/lib/python3.12/site-packages/oslo_config/cfg.py:3253}}
Jun 25 20:08:19.009246 np0000182864 nova-conductor[110948]: DEBUG cotyledon.oslo_config_glue [-] oslo_messaging_rabbit.ssl_version = {{(pid=110948) log_opt_values /opt/stack/data/venv/lib/python3.12/site-packages/oslo_config/cfg.py:3253}}
Jun 25 20:08:19.009246 np0000182864 nova-conductor[110948]: DEBUG cotyledon.oslo_config_glue [-] oslo_messaging_rabbit.use_queue_manager = False {{(pid=110948) log_opt_values /opt/stack/data/venv/lib/python3.12/site-packages/oslo_config/cfg.py:3253}}
Jun 25 20:08:19.009246 np0000182864 nova-conductor[110948]: DEBUG cotyledon.oslo_config_glue [-] oslo_messaging_notifications.driver = ['messagingv2'] {{(pid=110948) log_opt_values /opt/stack/data/venv/lib/python3.12/site-packages/oslo_config/cfg.py:3253}}
Jun 25 20:08:19.009246 np0000182864 nova-conductor[110948]: DEBUG cotyledon.oslo_config_glue [-] oslo_messaging_notifications.retry = -1 {{(pid=110948) log_opt_values /opt/stack/data/venv/lib/python3.12/site-packages/oslo_config/cfg.py:3253}}
Jun 25 20:08:19.009485 np0000182864 nova-conductor[110948]: DEBUG cotyledon.oslo_config_glue [-] oslo_messaging_notifications.topics = ['notifications'] {{(pid=110948) log_opt_values /opt/stack/data/venv/lib/python3.12/site-packages/oslo_config/cfg.py:3253}}
Jun 25 20:08:19.009485 np0000182864 nova-conductor[110948]: DEBUG cotyledon.oslo_config_glue [-] oslo_messaging_notifications.transport_url = **** {{(pid=110948) log_opt_values /opt/stack/data/venv/lib/python3.12/site-packages/oslo_config/cfg.py:3253}}
Jun 25 20:08:19.009485 np0000182864 nova-conductor[110948]: DEBUG cotyledon.oslo_config_glue [-] oslo_limit.auth_section = None {{(pid=110948) log_opt_values /opt/stack/data/venv/lib/python3.12/site-packages/oslo_config/cfg.py:3253}}
Jun 25 20:08:19.009485 np0000182864 nova-conductor[110948]: DEBUG cotyledon.oslo_config_glue [-] oslo_limit.auth_type = None {{(pid=110948) log_opt_values /opt/stack/data/venv/lib/python3.12/site-packages/oslo_config/cfg.py:3253}}
Jun 25 20:08:19.009485 np0000182864 nova-conductor[110948]: DEBUG cotyledon.oslo_config_glue [-] oslo_limit.cafile = None {{(pid=110948) log_opt_values /opt/stack/data/venv/lib/python3.12/site-packages/oslo_config/cfg.py:3253}}
Jun 25 20:08:19.009485 np0000182864 nova-conductor[110948]: DEBUG cotyledon.oslo_config_glue [-] oslo_limit.certfile = None {{(pid=110948) log_opt_values /opt/stack/data/venv/lib/python3.12/site-packages/oslo_config/cfg.py:3253}}
Jun 25 20:08:19.009485 np0000182864 nova-conductor[110948]: DEBUG cotyledon.oslo_config_glue [-] oslo_limit.collect_timing = False {{(pid=110948) log_opt_values /opt/stack/data/venv/lib/python3.12/site-packages/oslo_config/cfg.py:3253}}
Jun 25 20:08:19.009485 np0000182864 nova-conductor[110948]: DEBUG cotyledon.oslo_config_glue [-] oslo_limit.connect_retries = None {{(pid=110948) log_opt_values /opt/stack/data/venv/lib/python3.12/site-packages/oslo_config/cfg.py:3253}}
Jun 25 20:08:19.009485 np0000182864 nova-conductor[110948]: DEBUG cotyledon.oslo_config_glue [-] oslo_limit.connect_retry_delay = None {{(pid=110948) log_opt_values /opt/stack/data/venv/lib/python3.12/site-packages/oslo_config/cfg.py:3253}}
Jun 25 20:08:19.009719 np0000182864 nova-conductor[110948]: DEBUG cotyledon.oslo_config_glue [-] oslo_limit.endpoint_id = None {{(pid=110948) log_opt_values /opt/stack/data/venv/lib/python3.12/site-packages/oslo_config/cfg.py:3253}}
Jun 25 20:08:19.009719 np0000182864 nova-conductor[110948]: DEBUG cotyledon.oslo_config_glue [-] oslo_limit.endpoint_interface = public {{(pid=110948) log_opt_values /opt/stack/data/venv/lib/python3.12/site-packages/oslo_config/cfg.py:3253}}
Jun 25 20:08:19.009719 np0000182864 nova-conductor[110948]: DEBUG cotyledon.oslo_config_glue [-] oslo_limit.endpoint_override = None {{(pid=110948) log_opt_values /opt/stack/data/venv/lib/python3.12/site-packages/oslo_config/cfg.py:3253}}
Jun 25 20:08:19.009719 np0000182864 nova-conductor[110948]: DEBUG cotyledon.oslo_config_glue [-] oslo_limit.endpoint_region_name = None {{(pid=110948) log_opt_values /opt/stack/data/venv/lib/python3.12/site-packages/oslo_config/cfg.py:3253}}
Jun 25 20:08:19.009719 np0000182864 nova-conductor[110948]: DEBUG cotyledon.oslo_config_glue [-] oslo_limit.endpoint_service_name = None {{(pid=110948) log_opt_values /opt/stack/data/venv/lib/python3.12/site-packages/oslo_config/cfg.py:3253}}
Jun 25 20:08:19.009719 np0000182864 nova-conductor[110948]: DEBUG cotyledon.oslo_config_glue [-] oslo_limit.endpoint_service_type = None {{(pid=110948) log_opt_values /opt/stack/data/venv/lib/python3.12/site-packages/oslo_config/cfg.py:3253}}
Jun 25 20:08:19.009719 np0000182864 nova-conductor[110948]: DEBUG cotyledon.oslo_config_glue [-] oslo_limit.insecure = False {{(pid=110948) log_opt_values /opt/stack/data/venv/lib/python3.12/site-packages/oslo_config/cfg.py:3253}}
Jun 25 20:08:19.009719 np0000182864 nova-conductor[110948]: DEBUG cotyledon.oslo_config_glue [-] oslo_limit.keyfile = None {{(pid=110948) log_opt_values /opt/stack/data/venv/lib/python3.12/site-packages/oslo_config/cfg.py:3253}}
Jun 25 20:08:19.009719 np0000182864 nova-conductor[110948]: DEBUG cotyledon.oslo_config_glue [-] oslo_limit.max_version = None {{(pid=110948) log_opt_values /opt/stack/data/venv/lib/python3.12/site-packages/oslo_config/cfg.py:3253}}
Jun 25 20:08:19.009944 np0000182864 nova-conductor[110948]: DEBUG cotyledon.oslo_config_glue [-] oslo_limit.min_version = None {{(pid=110948) log_opt_values /opt/stack/data/venv/lib/python3.12/site-packages/oslo_config/cfg.py:3253}}
Jun 25 20:08:19.009944 np0000182864 nova-conductor[110948]: DEBUG cotyledon.oslo_config_glue [-] oslo_limit.region_name = None {{(pid=110948) log_opt_values /opt/stack/data/venv/lib/python3.12/site-packages/oslo_config/cfg.py:3253}}
Jun 25 20:08:19.009944 np0000182864 nova-conductor[110948]: DEBUG cotyledon.oslo_config_glue [-] oslo_limit.retriable_status_codes = None {{(pid=110948) log_opt_values /opt/stack/data/venv/lib/python3.12/site-packages/oslo_config/cfg.py:3253}}
Jun 25 20:08:19.009944 np0000182864 nova-conductor[110948]: DEBUG cotyledon.oslo_config_glue [-] oslo_limit.service_name = None {{(pid=110948) log_opt_values /opt/stack/data/venv/lib/python3.12/site-packages/oslo_config/cfg.py:3253}}
Jun 25 20:08:19.009944 np0000182864 nova-conductor[110948]: DEBUG cotyledon.oslo_config_glue [-] oslo_limit.service_type = None {{(pid=110948) log_opt_values /opt/stack/data/venv/lib/python3.12/site-packages/oslo_config/cfg.py:3253}}
Jun 25 20:08:19.009944 np0000182864 nova-conductor[110948]: DEBUG cotyledon.oslo_config_glue [-] oslo_limit.split_loggers = False {{(pid=110948) log_opt_values /opt/stack/data/venv/lib/python3.12/site-packages/oslo_config/cfg.py:3253}}
Jun 25 20:08:19.009944 np0000182864 nova-conductor[110948]: DEBUG cotyledon.oslo_config_glue [-] oslo_limit.status_code_retries = None {{(pid=110948) log_opt_values /opt/stack/data/venv/lib/python3.12/site-packages/oslo_config/cfg.py:3253}}
Jun 25 20:08:19.009944 np0000182864 nova-conductor[110948]: DEBUG cotyledon.oslo_config_glue [-] oslo_limit.status_code_retry_delay = None {{(pid=110948) log_opt_values /opt/stack/data/venv/lib/python3.12/site-packages/oslo_config/cfg.py:3253}}
Jun 25 20:08:19.009944 np0000182864 nova-conductor[110948]: DEBUG cotyledon.oslo_config_glue [-] oslo_limit.timeout = None {{(pid=110948) log_opt_values /opt/stack/data/venv/lib/python3.12/site-packages/oslo_config/cfg.py:3253}}
Jun 25 20:08:19.010258 np0000182864 nova-conductor[110941]: INFO dbcounter [None req-f2f7fc3a-38af-4e62-a7f1-e3d5819b6511 None None] Registered counter for database nova_cell0
Jun 25 20:08:19.010294 np0000182864 nova-conductor[110948]: DEBUG cotyledon.oslo_config_glue [-] oslo_limit.valid_interfaces = None {{(pid=110948) log_opt_values /opt/stack/data/venv/lib/python3.12/site-packages/oslo_config/cfg.py:3253}}
Jun 25 20:08:19.010294 np0000182864 nova-conductor[110948]: DEBUG cotyledon.oslo_config_glue [-] oslo_limit.version = None {{(pid=110948) log_opt_values /opt/stack/data/venv/lib/python3.12/site-packages/oslo_config/cfg.py:3253}}
Jun 25 20:08:19.010294 np0000182864 nova-conductor[110948]: DEBUG cotyledon.oslo_config_glue [-] oslo_reports.file_event_handler = None {{(pid=110948) log_opt_values /opt/stack/data/venv/lib/python3.12/site-packages/oslo_config/cfg.py:3253}}
Jun 25 20:08:19.010294 np0000182864 nova-conductor[110948]: DEBUG cotyledon.oslo_config_glue [-] oslo_reports.file_event_handler_interval = 1 {{(pid=110948) log_opt_values /opt/stack/data/venv/lib/python3.12/site-packages/oslo_config/cfg.py:3253}}
Jun 25 20:08:19.010294 np0000182864 nova-conductor[110948]: DEBUG cotyledon.oslo_config_glue [-] oslo_reports.log_dir = None {{(pid=110948) log_opt_values /opt/stack/data/venv/lib/python3.12/site-packages/oslo_config/cfg.py:3253}}
Jun 25 20:08:19.010294 np0000182864 nova-conductor[110948]: DEBUG cotyledon.oslo_config_glue [-] ******************************************************************************** {{(pid=110948) log_opt_values /opt/stack/data/venv/lib/python3.12/site-packages/oslo_config/cfg.py:3260}}
Jun 25 20:08:19.010294 np0000182864 nova-conductor[110948]: DEBUG cotyledon._service_worker [-] Run service ServiceWrapper(3) [110948] {{(pid=110948) wait_forever /opt/stack/data/venv/lib/python3.12/site-packages/cotyledon/_service_worker.py:218}}
Jun 25 20:08:19.010294 np0000182864 nova-conductor[110948]: INFO nova.service [-] Starting conductor node (version 33.1.0)
Jun 25 20:08:19.010294 np0000182864 nova-conductor[110948]: INFO dbcounter [None req-79ac043c-d3ee-4380-8b23-3626b2a6693d None None] Registered counter for database nova_cell0
Jun 25 20:08:19.010539 np0000182864 nova-conductor[110923]: DEBUG oslo_db.sqlalchemy.engines [None req-00fc0d15-24a6-41e3-8c2b-6dc6cc7e7a0e None None] MySQL server mode set to STRICT_TRANS_TABLES,STRICT_ALL_TABLES,NO_ZERO_IN_DATE,NO_ZERO_DATE,ERROR_FOR_DIVISION_BY_ZERO,TRADITIONAL,NO_ENGINE_SUBSTITUTION {{(pid=110923) _check_effective_sql_mode /opt/stack/data/venv/lib/python3.12/site-packages/oslo_db/sqlalchemy/engines.py:325}}
Jun 25 20:08:19.010539 np0000182864 nova-conductor[110923]: DEBUG dbcounter [-] [110923] Writer thread running {{(pid=110923) stat_writer /opt/stack/data/venv/lib/python3.12/site-packages/dbcounter.py:102}}
Jun 25 20:08:19.010606 np0000182864 nova-conductor[110932]: DEBUG oslo_db.sqlalchemy.engines [None req-1db203fe-1ba9-4b5f-8c1e-f84530029c7d None None] MySQL server mode set to STRICT_TRANS_TABLES,STRICT_ALL_TABLES,NO_ZERO_IN_DATE,NO_ZERO_DATE,ERROR_FOR_DIVISION_BY_ZERO,TRADITIONAL,NO_ENGINE_SUBSTITUTION {{(pid=110932) _check_effective_sql_mode /opt/stack/data/venv/lib/python3.12/site-packages/oslo_db/sqlalchemy/engines.py:325}}
Jun 25 20:08:19.010606 np0000182864 nova-conductor[110932]: DEBUG dbcounter [-] [110932] Writer thread running {{(pid=110932) stat_writer /opt/stack/data/venv/lib/python3.12/site-packages/dbcounter.py:102}}
Jun 25 20:08:19.010666 np0000182864 nova-conductor[110923]: DEBUG nova.service [None req-00fc0d15-24a6-41e3-8c2b-6dc6cc7e7a0e None None] Creating RPC server for service: nova-conductor on topic: conductor {{(pid=110923) start /opt/stack/nova/nova/service.py:196}}
Jun 25 20:08:19.010715 np0000182864 nova-conductor[110941]: DEBUG oslo_db.sqlalchemy.engines [None req-f2f7fc3a-38af-4e62-a7f1-e3d5819b6511 None None] MySQL server mode set to STRICT_TRANS_TABLES,STRICT_ALL_TABLES,NO_ZERO_IN_DATE,NO_ZERO_DATE,ERROR_FOR_DIVISION_BY_ZERO,TRADITIONAL,NO_ENGINE_SUBSTITUTION {{(pid=110941) _check_effective_sql_mode /opt/stack/data/venv/lib/python3.12/site-packages/oslo_db/sqlalchemy/engines.py:325}}
Jun 25 20:08:19.011108 np0000182864 nova-conductor[110948]: DEBUG oslo_db.sqlalchemy.engines [None req-79ac043c-d3ee-4380-8b23-3626b2a6693d None None] MySQL server mode set to STRICT_TRANS_TABLES,STRICT_ALL_TABLES,NO_ZERO_IN_DATE,NO_ZERO_DATE,ERROR_FOR_DIVISION_BY_ZERO,TRADITIONAL,NO_ENGINE_SUBSTITUTION {{(pid=110948) _check_effective_sql_mode /opt/stack/data/venv/lib/python3.12/site-packages/oslo_db/sqlalchemy/engines.py:325}}
Jun 25 20:08:19.013123 np0000182864 nova-conductor[110932]: DEBUG nova.service [None req-1db203fe-1ba9-4b5f-8c1e-f84530029c7d None None] Creating RPC server for service: nova-conductor on topic: conductor {{(pid=110932) start /opt/stack/nova/nova/service.py:196}}
Jun 25 20:08:19.014424 np0000182864 nova-conductor[110941]: DEBUG dbcounter [-] [110941] Writer thread running {{(pid=110941) stat_writer /opt/stack/data/venv/lib/python3.12/site-packages/dbcounter.py:102}}
Jun 25 20:08:19.018252 np0000182864 nova-conductor[110941]: DEBUG nova.service [None req-f2f7fc3a-38af-4e62-a7f1-e3d5819b6511 None None] Creating RPC server for service: nova-conductor on topic: conductor {{(pid=110941) start /opt/stack/nova/nova/service.py:196}}
Jun 25 20:08:19.023700 np0000182864 nova-conductor[110948]: DEBUG dbcounter [-] [110948] Writer thread running {{(pid=110948) stat_writer /opt/stack/data/venv/lib/python3.12/site-packages/dbcounter.py:102}}
Jun 25 20:08:19.027163 np0000182864 nova-conductor[110948]: DEBUG nova.service [None req-79ac043c-d3ee-4380-8b23-3626b2a6693d None None] Creating RPC server for service: nova-conductor on topic: conductor {{(pid=110948) start /opt/stack/nova/nova/service.py:196}}
Jun 25 20:08:19.031565 np0000182864 nova-conductor[110923]: DEBUG nova.service [None req-00fc0d15-24a6-41e3-8c2b-6dc6cc7e7a0e None None] Join ServiceGroup membership for this service conductor {{(pid=110923) start /opt/stack/nova/nova/service.py:222}}
Jun 25 20:08:19.031837 np0000182864 nova-conductor[110923]: DEBUG nova.servicegroup.drivers.db [None req-00fc0d15-24a6-41e3-8c2b-6dc6cc7e7a0e None None] DB_Driver: join new ServiceGroup member np0000182864 to the conductor group, service = {{(pid=110923) join /opt/stack/nova/nova/servicegroup/drivers/db.py:44}}
Jun 25 20:08:19.041237 np0000182864 nova-conductor[110932]: DEBUG nova.service [None req-1db203fe-1ba9-4b5f-8c1e-f84530029c7d None None] Join ServiceGroup membership for this service conductor {{(pid=110932) start /opt/stack/nova/nova/service.py:222}}
Jun 25 20:08:19.041446 np0000182864 nova-conductor[110932]: DEBUG nova.servicegroup.drivers.db [None req-1db203fe-1ba9-4b5f-8c1e-f84530029c7d None None] DB_Driver: join new ServiceGroup member np0000182864 to the conductor group, service = {{(pid=110932) join /opt/stack/nova/nova/servicegroup/drivers/db.py:44}}
Jun 25 20:08:19.044175 np0000182864 nova-conductor[110941]: DEBUG nova.service [None req-f2f7fc3a-38af-4e62-a7f1-e3d5819b6511 None None] Join ServiceGroup membership for this service conductor {{(pid=110941) start /opt/stack/nova/nova/service.py:222}}
Jun 25 20:08:19.044568 np0000182864 nova-conductor[110941]: DEBUG nova.servicegroup.drivers.db [None req-f2f7fc3a-38af-4e62-a7f1-e3d5819b6511 None None] DB_Driver: join new ServiceGroup member np0000182864 to the conductor group, service = {{(pid=110941) join /opt/stack/nova/nova/servicegroup/drivers/db.py:44}}
Jun 25 20:08:19.049976 np0000182864 nova-conductor[110948]: DEBUG nova.service [None req-79ac043c-d3ee-4380-8b23-3626b2a6693d None None] Join ServiceGroup membership for this service conductor {{(pid=110948) start /opt/stack/nova/nova/service.py:222}}
Jun 25 20:08:19.050232 np0000182864 nova-conductor[110948]: DEBUG nova.servicegroup.drivers.db [None req-79ac043c-d3ee-4380-8b23-3626b2a6693d None None] DB_Driver: join new ServiceGroup member np0000182864 to the conductor group, service = {{(pid=110948) join /opt/stack/nova/nova/servicegroup/drivers/db.py:44}}
Jun 25 20:08:24.059711 np0000182864 nova-conductor[110923]: DEBUG oslo.service.backend._threading.loopingcall [-] Fixed interval looping call 'nova.servicegroup.drivers.db.DbDriver._report_state' sleeping for 119.98 seconds {{(pid=110923) _run_loop /opt/stack/data/venv/lib/python3.12/site-packages/oslo_service/backend/_threading/loopingcall.py:125}}
Jun 25 20:08:24.061730 np0000182864 nova-conductor[110932]: DEBUG oslo.service.backend._threading.loopingcall [-] Fixed interval looping call 'nova.servicegroup.drivers.db.DbDriver._report_state' sleeping for 119.98 seconds {{(pid=110932) _run_loop /opt/stack/data/venv/lib/python3.12/site-packages/oslo_service/backend/_threading/loopingcall.py:125}}
Jun 25 20:08:24.065023 np0000182864 nova-conductor[110941]: DEBUG oslo.service.backend._threading.loopingcall [-] Fixed interval looping call 'nova.servicegroup.drivers.db.DbDriver._report_state' sleeping for 119.98 seconds {{(pid=110941) _run_loop /opt/stack/data/venv/lib/python3.12/site-packages/oslo_service/backend/_threading/loopingcall.py:125}}
Jun 25 20:08:24.073199 np0000182864 nova-conductor[110948]: DEBUG oslo.service.backend._threading.loopingcall [-] Fixed interval looping call 'nova.servicegroup.drivers.db.DbDriver._report_state' sleeping for 119.98 seconds {{(pid=110948) _run_loop /opt/stack/data/venv/lib/python3.12/site-packages/oslo_service/backend/_threading/loopingcall.py:125}}
Jun 25 20:08:27.479203 np0000182864 nova-conductor[110186]: DEBUG dbcounter [-] [110186] Writing DB stats nova_api:SELECT=1 {{(pid=110186) stat_writer /opt/stack/data/venv/lib/python3.12/site-packages/dbcounter.py:115}}
Jun 25 20:08:27.641138 np0000182864 nova-conductor[110186]: DEBUG dbcounter [-] [110186] Writing DB stats nova_cell1:SELECT=1 {{(pid=110186) stat_writer /opt/stack/data/venv/lib/python3.12/site-packages/dbcounter.py:115}}
Jun 25 20:08:27.648399 np0000182864 nova-conductor[110186]: DEBUG dbcounter [-] [110186] Writing DB stats nova_cell0:SELECT=1 {{(pid=110186) stat_writer /opt/stack/data/venv/lib/python3.12/site-packages/dbcounter.py:115}}
Jun 25 20:08:32.047748 np0000182864 nova-conductor[110941]: DEBUG oslo.service.backend._threading.loopingcall [None req-39d5dd5d-f304-44d3-a4aa-d93fcc7b29fc None None] Dynamic interval looping call 'nova.service.Service.periodic_tasks' sleeping for 60.00 seconds {{(pid=110941) _run_loop /opt/stack/data/venv/lib/python3.12/site-packages/oslo_service/backend/_threading/loopingcall.py:125}}
Jun 25 20:08:32.052868 np0000182864 nova-conductor[110948]: DEBUG oslo.service.backend._threading.loopingcall [None req-ab97e759-3cae-4c66-b1ce-1f169cbe0fa1 None None] Dynamic interval looping call 'nova.service.Service.periodic_tasks' sleeping for 60.00 seconds {{(pid=110948) _run_loop /opt/stack/data/venv/lib/python3.12/site-packages/oslo_service/backend/_threading/loopingcall.py:125}}
Jun 25 20:08:34.049480 np0000182864 nova-conductor[110923]: DEBUG dbcounter [-] [110923] Writing DB stats nova_cell0:SELECT=4,nova_cell0:INSERT=1,nova_cell0:UPDATE=1 {{(pid=110923) stat_writer /opt/stack/data/venv/lib/python3.12/site-packages/dbcounter.py:115}}
Jun 25 20:08:34.061695 np0000182864 nova-conductor[110932]: DEBUG dbcounter [-] [110932] Writing DB stats nova_cell0:SELECT=4,nova_cell0:INSERT=1,nova_cell0:UPDATE=1 {{(pid=110932) stat_writer /opt/stack/data/venv/lib/python3.12/site-packages/dbcounter.py:115}}
Jun 25 20:08:34.061941 np0000182864 nova-conductor[110941]: DEBUG dbcounter [-] [110941] Writing DB stats nova_cell0:SELECT=3 {{(pid=110941) stat_writer /opt/stack/data/venv/lib/python3.12/site-packages/dbcounter.py:115}}
Jun 25 20:08:34.068994 np0000182864 nova-conductor[110948]: DEBUG dbcounter [-] [110948] Writing DB stats nova_cell0:SELECT=3 {{(pid=110948) stat_writer /opt/stack/data/venv/lib/python3.12/site-packages/dbcounter.py:115}}
Jun 25 20:09:01.039503 np0000182864 nova-conductor[110923]: DEBUG oslo.service.backend._threading.loopingcall [None req-09c47949-4efa-49a2-885b-1b13195f961f None None] Dynamic interval looping call 'nova.service.Service.periodic_tasks' sleeping for 60.00 seconds {{(pid=110923) _run_loop /opt/stack/data/venv/lib/python3.12/site-packages/oslo_service/backend/_threading/loopingcall.py:125}}
Jun 25 20:09:10.045200 np0000182864 nova-conductor[110932]: DEBUG oslo.service.backend._threading.loopingcall [None req-143a1cd1-8d1b-4fac-b8ef-a1fff537e274 None None] Dynamic interval looping call 'nova.service.Service.periodic_tasks' sleeping for 60.00 seconds {{(pid=110932) _run_loop /opt/stack/data/venv/lib/python3.12/site-packages/oslo_service/backend/_threading/loopingcall.py:125}}
Jun 25 20:09:32.048671 np0000182864 nova-conductor[110941]: DEBUG oslo.service.backend._threading.loopingcall [None req-39d5dd5d-f304-44d3-a4aa-d93fcc7b29fc None None] Dynamic interval looping call 'nova.service.Service.periodic_tasks' sleeping for 60.00 seconds {{(pid=110941) _run_loop /opt/stack/data/venv/lib/python3.12/site-packages/oslo_service/backend/_threading/loopingcall.py:125}}
Jun 25 20:09:32.053720 np0000182864 nova-conductor[110948]: DEBUG oslo.service.backend._threading.loopingcall [None req-ab97e759-3cae-4c66-b1ce-1f169cbe0fa1 None None] Dynamic interval looping call 'nova.service.Service.periodic_tasks' sleeping for 60.00 seconds {{(pid=110948) _run_loop /opt/stack/data/venv/lib/python3.12/site-packages/oslo_service/backend/_threading/loopingcall.py:125}}
Jun 25 20:10:01.040473 np0000182864 nova-conductor[110923]: DEBUG oslo.service.backend._threading.loopingcall [None req-09c47949-4efa-49a2-885b-1b13195f961f None None] Dynamic interval looping call 'nova.service.Service.periodic_tasks' sleeping for 60.00 seconds {{(pid=110923) _run_loop /opt/stack/data/venv/lib/python3.12/site-packages/oslo_service/backend/_threading/loopingcall.py:125}}
Jun 25 20:10:10.046160 np0000182864 nova-conductor[110932]: DEBUG oslo.service.backend._threading.loopingcall [None req-143a1cd1-8d1b-4fac-b8ef-a1fff537e274 None None] Dynamic interval looping call 'nova.service.Service.periodic_tasks' sleeping for 60.00 seconds {{(pid=110932) _run_loop /opt/stack/data/venv/lib/python3.12/site-packages/oslo_service/backend/_threading/loopingcall.py:125}}
Jun 25 20:10:24.054819 np0000182864 nova-conductor[110941]: DEBUG oslo.service.backend._threading.loopingcall [-] Fixed interval looping call 'nova.servicegroup.drivers.db.DbDriver._report_state' sleeping for 119.99 seconds {{(pid=110941) _run_loop /opt/stack/data/venv/lib/python3.12/site-packages/oslo_service/backend/_threading/loopingcall.py:125}}
Jun 25 20:10:24.055668 np0000182864 nova-conductor[110923]: DEBUG oslo.service.backend._threading.loopingcall [-] Fixed interval looping call 'nova.servicegroup.drivers.db.DbDriver._report_state' sleeping for 119.98 seconds {{(pid=110923) _run_loop /opt/stack/data/venv/lib/python3.12/site-packages/oslo_service/backend/_threading/loopingcall.py:125}}
Jun 25 20:10:24.056577 np0000182864 nova-conductor[110932]: DEBUG oslo.service.backend._threading.loopingcall [-] Fixed interval looping call 'nova.servicegroup.drivers.db.DbDriver._report_state' sleeping for 119.99 seconds {{(pid=110932) _run_loop /opt/stack/data/venv/lib/python3.12/site-packages/oslo_service/backend/_threading/loopingcall.py:125}}
Jun 25 20:10:24.059955 np0000182864 nova-conductor[110948]: DEBUG oslo.service.backend._threading.loopingcall [-] Fixed interval looping call 'nova.servicegroup.drivers.db.DbDriver._report_state' sleeping for 119.99 seconds {{(pid=110948) _run_loop /opt/stack/data/venv/lib/python3.12/site-packages/oslo_service/backend/_threading/loopingcall.py:125}}
Jun 25 20:10:32.049592 np0000182864 nova-conductor[110941]: DEBUG oslo.service.backend._threading.loopingcall [None req-39d5dd5d-f304-44d3-a4aa-d93fcc7b29fc None None] Dynamic interval looping call 'nova.service.Service.periodic_tasks' sleeping for 60.00 seconds {{(pid=110941) _run_loop /opt/stack/data/venv/lib/python3.12/site-packages/oslo_service/backend/_threading/loopingcall.py:125}}
Jun 25 20:10:32.054624 np0000182864 nova-conductor[110948]: DEBUG oslo.service.backend._threading.loopingcall [None req-ab97e759-3cae-4c66-b1ce-1f169cbe0fa1 None None] Dynamic interval looping call 'nova.service.Service.periodic_tasks' sleeping for 60.00 seconds {{(pid=110948) _run_loop /opt/stack/data/venv/lib/python3.12/site-packages/oslo_service/backend/_threading/loopingcall.py:125}}
Jun 25 20:10:34.043710 np0000182864 nova-conductor[110923]: DEBUG dbcounter [-] [110923] Writing DB stats nova_cell0:SELECT=1,nova_cell0:UPDATE=1 {{(pid=110923) stat_writer /opt/stack/data/venv/lib/python3.12/site-packages/dbcounter.py:115}}
Jun 25 20:10:34.052696 np0000182864 nova-conductor[110941]: DEBUG dbcounter [-] [110941] Writing DB stats nova_cell0:SELECT=1,nova_cell0:UPDATE=1 {{(pid=110941) stat_writer /opt/stack/data/venv/lib/python3.12/site-packages/dbcounter.py:115}}
Jun 25 20:10:34.053284 np0000182864 nova-conductor[110932]: DEBUG dbcounter [-] [110932] Writing DB stats nova_cell0:SELECT=1,nova_cell0:UPDATE=1 {{(pid=110932) stat_writer /opt/stack/data/venv/lib/python3.12/site-packages/dbcounter.py:115}}
Jun 25 20:10:34.057498 np0000182864 nova-conductor[110948]: DEBUG dbcounter [-] [110948] Writing DB stats nova_cell0:SELECT=1 {{(pid=110948) stat_writer /opt/stack/data/venv/lib/python3.12/site-packages/dbcounter.py:115}}
Jun 25 20:11:01.041440 np0000182864 nova-conductor[110923]: DEBUG oslo.service.backend._threading.loopingcall [None req-09c47949-4efa-49a2-885b-1b13195f961f None None] Dynamic interval looping call 'nova.service.Service.periodic_tasks' sleeping for 60.00 seconds {{(pid=110923) _run_loop /opt/stack/data/venv/lib/python3.12/site-packages/oslo_service/backend/_threading/loopingcall.py:125}}
Jun 25 20:11:10.047022 np0000182864 nova-conductor[110932]: DEBUG oslo.service.backend._threading.loopingcall [None req-143a1cd1-8d1b-4fac-b8ef-a1fff537e274 None None] Dynamic interval looping call 'nova.service.Service.periodic_tasks' sleeping for 60.00 seconds {{(pid=110932) _run_loop /opt/stack/data/venv/lib/python3.12/site-packages/oslo_service/backend/_threading/loopingcall.py:125}}
Jun 25 20:11:32.050657 np0000182864 nova-conductor[110941]: DEBUG oslo.service.backend._threading.loopingcall [None req-39d5dd5d-f304-44d3-a4aa-d93fcc7b29fc None None] Dynamic interval looping call 'nova.service.Service.periodic_tasks' sleeping for 60.00 seconds {{(pid=110941) _run_loop /opt/stack/data/venv/lib/python3.12/site-packages/oslo_service/backend/_threading/loopingcall.py:125}}
Jun 25 20:11:32.055656 np0000182864 nova-conductor[110948]: DEBUG oslo.service.backend._threading.loopingcall [None req-ab97e759-3cae-4c66-b1ce-1f169cbe0fa1 None None] Dynamic interval looping call 'nova.service.Service.periodic_tasks' sleeping for 60.00 seconds {{(pid=110948) _run_loop /opt/stack/data/venv/lib/python3.12/site-packages/oslo_service/backend/_threading/loopingcall.py:125}}
Jun 25 20:12:01.042315 np0000182864 nova-conductor[110923]: DEBUG oslo.service.backend._threading.loopingcall [None req-09c47949-4efa-49a2-885b-1b13195f961f None None] Dynamic interval looping call 'nova.service.Service.periodic_tasks' sleeping for 60.00 seconds {{(pid=110923) _run_loop /opt/stack/data/venv/lib/python3.12/site-packages/oslo_service/backend/_threading/loopingcall.py:125}}
Jun 25 20:12:10.048544 np0000182864 nova-conductor[110932]: DEBUG oslo.service.backend._threading.loopingcall [None req-143a1cd1-8d1b-4fac-b8ef-a1fff537e274 None None] Dynamic interval looping call 'nova.service.Service.periodic_tasks' sleeping for 60.00 seconds {{(pid=110932) _run_loop /opt/stack/data/venv/lib/python3.12/site-packages/oslo_service/backend/_threading/loopingcall.py:125}}
Jun 25 20:12:24.046391 np0000182864 nova-conductor[110923]: DEBUG oslo.service.backend._threading.loopingcall [-] Fixed interval looping call 'nova.servicegroup.drivers.db.DbDriver._report_state' sleeping for 119.99 seconds {{(pid=110923) _run_loop /opt/stack/data/venv/lib/python3.12/site-packages/oslo_service/backend/_threading/loopingcall.py:125}}
Jun 25 20:12:24.054844 np0000182864 nova-conductor[110932]: DEBUG oslo.service.backend._threading.loopingcall [-] Fixed interval looping call 'nova.servicegroup.drivers.db.DbDriver._report_state' sleeping for 119.99 seconds {{(pid=110932) _run_loop /opt/stack/data/venv/lib/python3.12/site-packages/oslo_service/backend/_threading/loopingcall.py:125}}
Jun 25 20:12:24.055611 np0000182864 nova-conductor[110941]: DEBUG oslo.service.backend._threading.loopingcall [-] Fixed interval looping call 'nova.servicegroup.drivers.db.DbDriver._report_state' sleeping for 119.99 seconds {{(pid=110941) _run_loop /opt/stack/data/venv/lib/python3.12/site-packages/oslo_service/backend/_threading/loopingcall.py:125}}
Jun 25 20:12:24.058248 np0000182864 nova-conductor[110948]: DEBUG oslo.service.backend._threading.loopingcall [-] Fixed interval looping call 'nova.servicegroup.drivers.db.DbDriver._report_state' sleeping for 119.99 seconds {{(pid=110948) _run_loop /opt/stack/data/venv/lib/python3.12/site-packages/oslo_service/backend/_threading/loopingcall.py:125}}
Jun 25 20:12:32.051335 np0000182864 nova-conductor[110941]: DEBUG oslo.service.backend._threading.loopingcall [None req-39d5dd5d-f304-44d3-a4aa-d93fcc7b29fc None None] Dynamic interval looping call 'nova.service.Service.periodic_tasks' sleeping for 60.00 seconds {{(pid=110941) _run_loop /opt/stack/data/venv/lib/python3.12/site-packages/oslo_service/backend/_threading/loopingcall.py:125}}
Jun 25 20:12:32.056495 np0000182864 nova-conductor[110948]: DEBUG oslo.service.backend._threading.loopingcall [None req-ab97e759-3cae-4c66-b1ce-1f169cbe0fa1 None None] Dynamic interval looping call 'nova.service.Service.periodic_tasks' sleeping for 60.00 seconds {{(pid=110948) _run_loop /opt/stack/data/venv/lib/python3.12/site-packages/oslo_service/backend/_threading/loopingcall.py:125}}
Jun 25 20:12:34.041404 np0000182864 nova-conductor[110923]: DEBUG dbcounter [-] [110923] Writing DB stats nova_cell0:SELECT=1,nova_cell0:UPDATE=1 {{(pid=110923) stat_writer /opt/stack/data/venv/lib/python3.12/site-packages/dbcounter.py:115}}
Jun 25 20:12:34.050271 np0000182864 nova-conductor[110932]: DEBUG dbcounter [-] [110932] Writing DB stats nova_cell0:SELECT=1 {{(pid=110932) stat_writer /opt/stack/data/venv/lib/python3.12/site-packages/dbcounter.py:115}}
Jun 25 20:12:34.052585 np0000182864 nova-conductor[110941]: DEBUG dbcounter [-] [110941] Writing DB stats nova_cell0:SELECT=1 {{(pid=110941) stat_writer /opt/stack/data/venv/lib/python3.12/site-packages/dbcounter.py:115}}
Jun 25 20:12:34.057274 np0000182864 nova-conductor[110948]: DEBUG dbcounter [-] [110948] Writing DB stats nova_cell0:SELECT=1 {{(pid=110948) stat_writer /opt/stack/data/venv/lib/python3.12/site-packages/dbcounter.py:115}}
