May 09 14:08:03.179848 np0000173169 neutron-periodic-workers[104983]: DEBUG cotyledon.oslo_config_glue [-] network_log.rate_limit = 100 {{(pid=104983) log_opt_values /opt/stack/data/venv/lib/python3.12/site-packages/oslo_config/cfg.py:3006}}
May 09 14:08:03.179936 np0000173169 neutron-periodic-workers[104983]: DEBUG cotyledon.oslo_config_glue [-] database.asyncio_connection = **** {{(pid=104983) log_opt_values /opt/stack/data/venv/lib/python3.12/site-packages/oslo_config/cfg.py:3006}}
May 09 14:08:03.179995 np0000173169 neutron-periodic-workers[104983]: DEBUG cotyledon.oslo_config_glue [-] database.asyncio_slave_connection = **** {{(pid=104983) log_opt_values /opt/stack/data/venv/lib/python3.12/site-packages/oslo_config/cfg.py:3006}}
May 09 14:08:03.180062 np0000173169 neutron-periodic-workers[104983]: DEBUG cotyledon.oslo_config_glue [-] database.backend = sqlalchemy {{(pid=104983) log_opt_values /opt/stack/data/venv/lib/python3.12/site-packages/oslo_config/cfg.py:3006}}
May 09 14:08:03.180132 np0000173169 neutron-periodic-workers[104983]: DEBUG cotyledon.oslo_config_glue [-] database.connection = **** {{(pid=104983) log_opt_values /opt/stack/data/venv/lib/python3.12/site-packages/oslo_config/cfg.py:3006}}
May 09 14:08:03.180199 np0000173169 neutron-periodic-workers[104983]: DEBUG cotyledon.oslo_config_glue [-] database.connection_debug = 0 {{(pid=104983) log_opt_values /opt/stack/data/venv/lib/python3.12/site-packages/oslo_config/cfg.py:3006}}
May 09 14:08:03.180266 np0000173169 neutron-periodic-workers[104983]: DEBUG cotyledon.oslo_config_glue [-] database.connection_parameters = {{(pid=104983) log_opt_values /opt/stack/data/venv/lib/python3.12/site-packages/oslo_config/cfg.py:3006}}
May 09 14:08:03.180341 np0000173169 neutron-periodic-workers[104983]: DEBUG cotyledon.oslo_config_glue [-] database.connection_recycle_time = 3600 {{(pid=104983) log_opt_values /opt/stack/data/venv/lib/python3.12/site-packages/oslo_config/cfg.py:3006}}
May 09 14:08:03.180397 np0000173169 neutron-periodic-workers[104983]: DEBUG cotyledon.oslo_config_glue [-] database.connection_trace = False {{(pid=104983) log_opt_values /opt/stack/data/venv/lib/python3.12/site-packages/oslo_config/cfg.py:3006}}
May 09 14:08:03.180457 np0000173169 neutron-periodic-workers[104983]: DEBUG cotyledon.oslo_config_glue [-] database.db_inc_retry_interval = True {{(pid=104983) log_opt_values /opt/stack/data/venv/lib/python3.12/site-packages/oslo_config/cfg.py:3006}}
May 09 14:08:03.180515 np0000173169 neutron-periodic-workers[104983]: DEBUG cotyledon.oslo_config_glue [-] database.db_max_retries = 20 {{(pid=104983) log_opt_values /opt/stack/data/venv/lib/python3.12/site-packages/oslo_config/cfg.py:3006}}
May 09 14:08:03.180573 np0000173169 neutron-periodic-workers[104983]: DEBUG cotyledon.oslo_config_glue [-] database.db_max_retry_interval = 10 {{(pid=104983) log_opt_values /opt/stack/data/venv/lib/python3.12/site-packages/oslo_config/cfg.py:3006}}
May 09 14:08:03.180631 np0000173169 neutron-periodic-workers[104983]: DEBUG cotyledon.oslo_config_glue [-] database.db_retry_interval = 1 {{(pid=104983) log_opt_values /opt/stack/data/venv/lib/python3.12/site-packages/oslo_config/cfg.py:3006}}
May 09 14:08:03.180690 np0000173169 neutron-periodic-workers[104983]: DEBUG cotyledon.oslo_config_glue [-] database.max_overflow = 50 {{(pid=104983) log_opt_values /opt/stack/data/venv/lib/python3.12/site-packages/oslo_config/cfg.py:3006}}
May 09 14:08:03.180768 np0000173169 neutron-periodic-workers[104983]: DEBUG cotyledon.oslo_config_glue [-] database.max_pool_size = 5 {{(pid=104983) log_opt_values /opt/stack/data/venv/lib/python3.12/site-packages/oslo_config/cfg.py:3006}}
May 09 14:08:03.180828 np0000173169 neutron-periodic-workers[104983]: DEBUG cotyledon.oslo_config_glue [-] database.max_retries = 10 {{(pid=104983) log_opt_values /opt/stack/data/venv/lib/python3.12/site-packages/oslo_config/cfg.py:3006}}
May 09 14:08:03.180898 np0000173169 neutron-periodic-workers[104983]: DEBUG cotyledon.oslo_config_glue [-] database.mysql_sql_mode = TRADITIONAL {{(pid=104983) log_opt_values /opt/stack/data/venv/lib/python3.12/site-packages/oslo_config/cfg.py:3006}}
May 09 14:08:03.180958 np0000173169 neutron-periodic-workers[104983]: DEBUG cotyledon.oslo_config_glue [-] database.mysql_wsrep_sync_wait = None {{(pid=104983) log_opt_values /opt/stack/data/venv/lib/python3.12/site-packages/oslo_config/cfg.py:3006}}
May 09 14:08:03.181016 np0000173169 neutron-periodic-workers[104983]: DEBUG cotyledon.oslo_config_glue [-] database.pool_timeout = None {{(pid=104983) log_opt_values /opt/stack/data/venv/lib/python3.12/site-packages/oslo_config/cfg.py:3006}}
May 09 14:08:03.181075 np0000173169 neutron-periodic-workers[104983]: DEBUG cotyledon.oslo_config_glue [-] database.retry_interval = 10 {{(pid=104983) log_opt_values /opt/stack/data/venv/lib/python3.12/site-packages/oslo_config/cfg.py:3006}}
May 09 14:08:03.181149 np0000173169 neutron-periodic-workers[104983]: DEBUG cotyledon.oslo_config_glue [-] database.slave_connection = **** {{(pid=104983) log_opt_values /opt/stack/data/venv/lib/python3.12/site-packages/oslo_config/cfg.py:3006}}
May 09 14:08:03.181208 np0000173169 neutron-periodic-workers[104983]: DEBUG cotyledon.oslo_config_glue [-] database.sqlite_synchronous = True {{(pid=104983) log_opt_values /opt/stack/data/venv/lib/python3.12/site-packages/oslo_config/cfg.py:3006}}
May 09 14:08:03.181266 np0000173169 neutron-periodic-workers[104983]: DEBUG cotyledon.oslo_config_glue [-] database.synchronous_reader = True {{(pid=104983) log_opt_values /opt/stack/data/venv/lib/python3.12/site-packages/oslo_config/cfg.py:3006}}
May 09 14:08:03.181327 np0000173169 neutron-periodic-workers[104983]: DEBUG cotyledon.oslo_config_glue [-] database.use_db_reconnect = False {{(pid=104983) log_opt_values /opt/stack/data/venv/lib/python3.12/site-packages/oslo_config/cfg.py:3006}}
May 09 14:08:03.181422 np0000173169 neutron-periodic-workers[104983]: DEBUG cotyledon.oslo_config_glue [-] ovn.bfd_min_rx = 1000 {{(pid=104983) log_opt_values /opt/stack/data/venv/lib/python3.12/site-packages/oslo_config/cfg.py:3006}}
May 09 14:08:03.181480 np0000173169 neutron-periodic-workers[104983]: DEBUG cotyledon.oslo_config_glue [-] ovn.bfd_min_tx = 100 {{(pid=104983) log_opt_values /opt/stack/data/venv/lib/python3.12/site-packages/oslo_config/cfg.py:3006}}
May 09 14:08:03.181538 np0000173169 neutron-periodic-workers[104983]: DEBUG cotyledon.oslo_config_glue [-] ovn.bfd_mult = 3 {{(pid=104983) log_opt_values /opt/stack/data/venv/lib/python3.12/site-packages/oslo_config/cfg.py:3006}}
May 09 14:08:03.181605 np0000173169 neutron-periodic-workers[104983]: DEBUG cotyledon.oslo_config_glue [-] ovn.broadcast_arps_to_all_routers = True {{(pid=104983) log_opt_values /opt/stack/data/venv/lib/python3.12/site-packages/oslo_config/cfg.py:3006}}
May 09 14:08:03.181677 np0000173169 neutron-periodic-workers[104983]: DEBUG cotyledon.oslo_config_glue [-] ovn.dhcp_default_lease_time = 43200 {{(pid=104983) log_opt_values /opt/stack/data/venv/lib/python3.12/site-packages/oslo_config/cfg.py:3006}}
May 09 14:08:03.181760 np0000173169 neutron-periodic-workers[104983]: DEBUG cotyledon.oslo_config_glue [-] ovn.disable_ovn_dhcp_for_baremetal_ports = False {{(pid=104983) log_opt_values /opt/stack/data/venv/lib/python3.12/site-packages/oslo_config/cfg.py:3006}}
May 09 14:08:03.181820 np0000173169 neutron-periodic-workers[104983]: DEBUG cotyledon.oslo_config_glue [-] ovn.dns_records_ovn_owned = False {{(pid=104983) log_opt_values /opt/stack/data/venv/lib/python3.12/site-packages/oslo_config/cfg.py:3006}}
May 09 14:08:03.181889 np0000173169 neutron-periodic-workers[104983]: DEBUG cotyledon.oslo_config_glue [-] ovn.dns_servers = [] {{(pid=104983) log_opt_values /opt/stack/data/venv/lib/python3.12/site-packages/oslo_config/cfg.py:3006}}
May 09 14:08:03.181948 np0000173169 neutron-periodic-workers[104983]: DEBUG cotyledon.oslo_config_glue [-] ovn.enable_distributed_floating_ip = False {{(pid=104983) log_opt_values /opt/stack/data/venv/lib/python3.12/site-packages/oslo_config/cfg.py:3006}}
May 09 14:08:03.182016 np0000173169 neutron-periodic-workers[104983]: DEBUG cotyledon.oslo_config_glue [-] ovn.fdb_age_threshold = 300 {{(pid=104983) log_opt_values /opt/stack/data/venv/lib/python3.12/site-packages/oslo_config/cfg.py:3006}}
May 09 14:08:03.182076 np0000173169 neutron-periodic-workers[104983]: DEBUG cotyledon.oslo_config_glue [-] ovn.ha_failover_strategy = normal {{(pid=104983) log_opt_values /opt/stack/data/venv/lib/python3.12/site-packages/oslo_config/cfg.py:3006}}
May 09 14:08:03.182133 np0000173169 neutron-periodic-workers[104983]: DEBUG cotyledon.oslo_config_glue [-] ovn.live_migration_activation_strategy = rarp {{(pid=104983) log_opt_values /opt/stack/data/venv/lib/python3.12/site-packages/oslo_config/cfg.py:3006}}
May 09 14:08:03.182192 np0000173169 neutron-periodic-workers[104983]: DEBUG cotyledon.oslo_config_glue [-] ovn.localnet_learn_fdb = False {{(pid=104983) log_opt_values /opt/stack/data/venv/lib/python3.12/site-packages/oslo_config/cfg.py:3006}}
May 09 14:08:03.182254 np0000173169 neutron-periodic-workers[104983]: DEBUG cotyledon.oslo_config_glue [-] ovn.mac_binding_age_threshold = 300 {{(pid=104983) log_opt_values /opt/stack/data/venv/lib/python3.12/site-packages/oslo_config/cfg.py:3006}}
May 09 14:08:03.182328 np0000173169 neutron-periodic-workers[104983]: DEBUG cotyledon.oslo_config_glue [-] ovn.neutron_sync_mode = log {{(pid=104983) log_opt_values /opt/stack/data/venv/lib/python3.12/site-packages/oslo_config/cfg.py:3006}}
May 09 14:08:03.182390 np0000173169 neutron-periodic-workers[104983]: DEBUG cotyledon.oslo_config_glue [-] ovn.ovn_dhcp4_global_options = {} {{(pid=104983) log_opt_values /opt/stack/data/venv/lib/python3.12/site-packages/oslo_config/cfg.py:3006}}
May 09 14:08:03.182450 np0000173169 neutron-periodic-workers[104983]: DEBUG cotyledon.oslo_config_glue [-] ovn.ovn_dhcp6_global_options = {} {{(pid=104983) log_opt_values /opt/stack/data/venv/lib/python3.12/site-packages/oslo_config/cfg.py:3006}}
May 09 14:08:03.182520 np0000173169 neutron-periodic-workers[104983]: DEBUG cotyledon.oslo_config_glue [-] ovn.ovn_l3_scheduler = leastloaded {{(pid=104983) log_opt_values /opt/stack/data/venv/lib/python3.12/site-packages/oslo_config/cfg.py:3006}}
May 09 14:08:03.182588 np0000173169 neutron-periodic-workers[104983]: DEBUG cotyledon.oslo_config_glue [-] ovn.ovn_metadata_enabled = True {{(pid=104983) log_opt_values /opt/stack/data/venv/lib/python3.12/site-packages/oslo_config/cfg.py:3006}}
May 09 14:08:03.182658 np0000173169 neutron-periodic-workers[104983]: DEBUG cotyledon.oslo_config_glue [-] ovn.ovn_nb_ca_cert = /opt/stack/data/CA/int-ca/ca-chain.pem {{(pid=104983) log_opt_values /opt/stack/data/venv/lib/python3.12/site-packages/oslo_config/cfg.py:3006}}
May 09 14:08:03.182749 np0000173169 neutron-periodic-workers[104983]: DEBUG cotyledon.oslo_config_glue [-] ovn.ovn_nb_certificate = /opt/stack/data/CA/int-ca/devstack-cert.crt {{(pid=104983) log_opt_values /opt/stack/data/venv/lib/python3.12/site-packages/oslo_config/cfg.py:3006}}
May 09 14:08:03.182812 np0000173169 neutron-periodic-workers[104983]: DEBUG cotyledon.oslo_config_glue [-] ovn.ovn_nb_connection = ['ssl:199.204.45.233:6641'] {{(pid=104983) log_opt_values /opt/stack/data/venv/lib/python3.12/site-packages/oslo_config/cfg.py:3006}}
May 09 14:08:03.182874 np0000173169 neutron-periodic-workers[104983]: DEBUG cotyledon.oslo_config_glue [-] ovn.ovn_nb_private_key = /opt/stack/data/CA/int-ca/private/devstack-cert.key {{(pid=104983) log_opt_values /opt/stack/data/venv/lib/python3.12/site-packages/oslo_config/cfg.py:3006}}
May 09 14:08:03.182934 np0000173169 neutron-periodic-workers[104983]: DEBUG cotyledon.oslo_config_glue [-] ovn.ovn_router_indirect_snat = False {{(pid=104983) log_opt_values /opt/stack/data/venv/lib/python3.12/site-packages/oslo_config/cfg.py:3006}}
May 09 14:08:03.182993 np0000173169 neutron-periodic-workers[104983]: DEBUG cotyledon.oslo_config_glue [-] ovn.ovn_sb_ca_cert = /opt/stack/data/CA/int-ca/ca-chain.pem {{(pid=104983) log_opt_values /opt/stack/data/venv/lib/python3.12/site-packages/oslo_config/cfg.py:3006}}
May 09 14:08:03.183053 np0000173169 neutron-periodic-workers[104983]: DEBUG cotyledon.oslo_config_glue [-] ovn.ovn_sb_certificate = /opt/stack/data/CA/int-ca/devstack-cert.crt {{(pid=104983) log_opt_values /opt/stack/data/venv/lib/python3.12/site-packages/oslo_config/cfg.py:3006}}
May 09 14:08:03.183113 np0000173169 neutron-periodic-workers[104983]: DEBUG cotyledon.oslo_config_glue [-] ovn.ovn_sb_connection = ['ssl:199.204.45.233:6642'] {{(pid=104983) log_opt_values /opt/stack/data/venv/lib/python3.12/site-packages/oslo_config/cfg.py:3006}}
May 09 14:08:03.183171 np0000173169 neutron-periodic-workers[104983]: DEBUG cotyledon.oslo_config_glue [-] ovn.ovn_sb_private_key = /opt/stack/data/CA/int-ca/private/devstack-cert.key {{(pid=104983) log_opt_values /opt/stack/data/venv/lib/python3.12/site-packages/oslo_config/cfg.py:3006}}
May 09 14:08:03.183268 np0000173169 neutron-periodic-workers[104983]: DEBUG cotyledon.oslo_config_glue [-] ovn.ovs_create_tap = False {{(pid=104983) log_opt_values /opt/stack/data/venv/lib/python3.12/site-packages/oslo_config/cfg.py:3006}}
May 09 14:08:03.183308 np0000173169 neutron-periodic-workers[104983]: DEBUG cotyledon.oslo_config_glue [-] ovn.ovsdb_connection_timeout = 180 {{(pid=104983) log_opt_values /opt/stack/data/venv/lib/python3.12/site-packages/oslo_config/cfg.py:3006}}
May 09 14:08:03.183370 np0000173169 neutron-periodic-workers[104983]: DEBUG cotyledon.oslo_config_glue [-] ovn.ovsdb_log_level = INFO {{(pid=104983) log_opt_values /opt/stack/data/venv/lib/python3.12/site-packages/oslo_config/cfg.py:3006}}
May 09 14:08:03.183427 np0000173169 neutron-periodic-workers[104983]: DEBUG cotyledon.oslo_config_glue [-] ovn.ovsdb_probe_interval = 60000 {{(pid=104983) log_opt_values /opt/stack/data/venv/lib/python3.12/site-packages/oslo_config/cfg.py:3006}}
May 09 14:08:03.183485 np0000173169 neutron-periodic-workers[104983]: DEBUG cotyledon.oslo_config_glue [-] ovn.ovsdb_retry_max_interval = 180 {{(pid=104983) log_opt_values /opt/stack/data/venv/lib/python3.12/site-packages/oslo_config/cfg.py:3006}}
May 09 14:08:03.183544 np0000173169 neutron-periodic-workers[104983]: DEBUG cotyledon.oslo_config_glue [-] ovn.stateless_nat_enabled = False {{(pid=104983) log_opt_values /opt/stack/data/venv/lib/python3.12/site-packages/oslo_config/cfg.py:3006}}
May 09 14:08:03.183614 np0000173169 neutron-periodic-workers[104983]: DEBUG cotyledon.oslo_config_glue [-] ovn.vhost_sock_dir = /var/run/openvswitch {{(pid=104983) log_opt_values /opt/stack/data/venv/lib/python3.12/site-packages/oslo_config/cfg.py:3006}}
May 09 14:08:03.183693 np0000173169 neutron-periodic-workers[104983]: DEBUG cotyledon.oslo_config_glue [-] OVS.bridge_mac_table_size = 50000 {{(pid=104983) log_opt_values /opt/stack/data/venv/lib/python3.12/site-packages/oslo_config/cfg.py:3006}}
May 09 14:08:03.183780 np0000173169 neutron-periodic-workers[104983]: DEBUG cotyledon.oslo_config_glue [-] OVS.igmp_flood = False {{(pid=104983) log_opt_values /opt/stack/data/venv/lib/python3.12/site-packages/oslo_config/cfg.py:3006}}
May 09 14:08:03.183841 np0000173169 neutron-periodic-workers[104983]: DEBUG cotyledon.oslo_config_glue [-] OVS.igmp_flood_reports = True {{(pid=104983) log_opt_values /opt/stack/data/venv/lib/python3.12/site-packages/oslo_config/cfg.py:3006}}
May 09 14:08:03.183901 np0000173169 neutron-periodic-workers[104983]: DEBUG cotyledon.oslo_config_glue [-] OVS.igmp_flood_unregistered = False {{(pid=104983) log_opt_values /opt/stack/data/venv/lib/python3.12/site-packages/oslo_config/cfg.py:3006}}
May 09 14:08:03.183960 np0000173169 neutron-periodic-workers[104983]: DEBUG cotyledon.oslo_config_glue [-] OVS.igmp_snooping_enable = False {{(pid=104983) log_opt_values /opt/stack/data/venv/lib/python3.12/site-packages/oslo_config/cfg.py:3006}}
May 09 14:08:03.184019 np0000173169 neutron-periodic-workers[104983]: DEBUG cotyledon.oslo_config_glue [-] OVS.ovsdb_timeout = 10 {{(pid=104983) log_opt_values /opt/stack/data/venv/lib/python3.12/site-packages/oslo_config/cfg.py:3006}}
May 09 14:08:03.184093 np0000173169 neutron-periodic-workers[104983]: DEBUG cotyledon.oslo_config_glue [-] ovn_nb_global.fdb_removal_limit = 0 {{(pid=104983) log_opt_values /opt/stack/data/venv/lib/python3.12/site-packages/oslo_config/cfg.py:3006}}
May 09 14:08:03.184159 np0000173169 neutron-periodic-workers[104983]: DEBUG cotyledon.oslo_config_glue [-] ovn_nb_global.ignore_lsp_down = False {{(pid=104983) log_opt_values /opt/stack/data/venv/lib/python3.12/site-packages/oslo_config/cfg.py:3006}}
May 09 14:08:03.184225 np0000173169 neutron-periodic-workers[104983]: DEBUG cotyledon.oslo_config_glue [-] ovn_nb_global.mac_binding_removal_limit = 0 {{(pid=104983) log_opt_values /opt/stack/data/venv/lib/python3.12/site-packages/oslo_config/cfg.py:3006}}
May 09 14:08:03.184283 np0000173169 neutron-periodic-workers[104983]: DEBUG cotyledon.oslo_config_glue [-] ******************************************************************************** {{(pid=104983) log_opt_values /opt/stack/data/venv/lib/python3.12/site-packages/oslo_config/cfg.py:3013}}
May 09 14:08:03.184496 np0000173169 neutron-periodic-workers[104983]: DEBUG cotyledon._service_worker [-] Run service ServiceWrapper(0) [104983] {{(pid=104983) wait_forever /opt/stack/data/venv/lib/python3.12/site-packages/cotyledon/_service_worker.py:218}}
May 09 14:08:12.794342 np0000173169 neutron-periodic-workers[104188]: DEBUG dbcounter [-] [104188] Writing DB stats neutron:SELECT=4 {{(pid=104188) stat_writer /opt/stack/data/venv/lib/python3.12/site-packages/dbcounter.py:115}}
May 09 14:08:41.158909 np0000173169 neutron-periodic-workers[104972]: DEBUG oslo_db.sqlalchemy.engines [None req-e09de74b-78a2-417f-9c0a-2377c56ea843 None None] Parent process 104188 forked (104972) with an open database connection, which is being discarded and recreated. {{(pid=104972) checkout /opt/stack/data/venv/lib/python3.12/site-packages/oslo_db/sqlalchemy/engines.py:402}}
May 09 14:08:41.167036 np0000173169 neutron-periodic-workers[104972]: DEBUG dbcounter [-] [104972] Writer thread running {{(pid=104972) stat_writer /opt/stack/data/venv/lib/python3.12/site-packages/dbcounter.py:102}}
May 09 14:08:41.170494 np0000173169 neutron-periodic-workers[104972]: DEBUG neutron.db.agents_db [None req-e09de74b-78a2-417f-9c0a-2377c56ea843 None None] Agent healthcheck: found 0 active agents {{(pid=104972) agent_health_check /opt/stack/neutron/neutron/db/agents_db.py:322}}
May 09 14:08:41.170672 np0000173169 neutron-periodic-workers[104972]: DEBUG oslo.service.backend._threading.loopingcall [None req-e09de74b-78a2-417f-9c0a-2377c56ea843 None None] Fixed interval looping call 'neutron.plugins.ml2.plugin.AgentDbMixin.agent_health_check' sleeping for 36.98 seconds {{(pid=104972) _run_loop /opt/stack/data/venv/lib/python3.12/site-packages/oslo_service/backend/_threading/loopingcall.py:125}}
May 09 14:08:51.167682 np0000173169 neutron-periodic-workers[104972]: DEBUG dbcounter [-] [104972] Writing DB stats neutron:SELECT=1 {{(pid=104972) stat_writer /opt/stack/data/venv/lib/python3.12/site-packages/dbcounter.py:115}}
May 09 14:08:52.148310 np0000173169 neutron-periodic-workers[104962]: DEBUG dbcounter [-] [104962] Writer thread running {{(pid=104962) stat_writer /opt/stack/data/venv/lib/python3.12/site-packages/dbcounter.py:102}}
May 09 14:08:52.157598 np0000173169 neutron-periodic-workers[104962]: DEBUG oslo.service.backend._threading.loopingcall [None req-5dc1df20-cf1a-4609-a89b-20ab6e0d9a4f None None] Fixed interval looping call 'neutron.plugins.ml2.plugin.DhcpAgentSchedulerDbMixin.remove_networks_from_down_agents' sleeping for 36.97 seconds {{(pid=104962) _run_loop /opt/stack/data/venv/lib/python3.12/site-packages/oslo_service/backend/_threading/loopingcall.py:125}}
May 09 14:09:02.158439 np0000173169 neutron-periodic-workers[104962]: DEBUG dbcounter [-] [104962] Writing DB stats neutron:SELECT=3 {{(pid=104962) stat_writer /opt/stack/data/venv/lib/python3.12/site-packages/dbcounter.py:115}}
May 09 14:09:18.155285 np0000173169 neutron-periodic-workers[104972]: DEBUG neutron.db.agents_db [None req-e09de74b-78a2-417f-9c0a-2377c56ea843 None None] Agent healthcheck: found 0 active agents {{(pid=104972) agent_health_check /opt/stack/neutron/neutron/db/agents_db.py:322}}
May 09 14:09:18.155802 np0000173169 neutron-periodic-workers[104972]: DEBUG oslo.service.backend._threading.loopingcall [None req-e09de74b-78a2-417f-9c0a-2377c56ea843 None None] Fixed interval looping call 'neutron.plugins.ml2.plugin.AgentDbMixin.agent_health_check' sleeping for 37.00 seconds {{(pid=104972) _run_loop /opt/stack/data/venv/lib/python3.12/site-packages/oslo_service/backend/_threading/loopingcall.py:125}}
May 09 14:09:28.153793 np0000173169 neutron-periodic-workers[104972]: DEBUG dbcounter [-] [104972] Writing DB stats neutron:SELECT=1 {{(pid=104972) stat_writer /opt/stack/data/venv/lib/python3.12/site-packages/dbcounter.py:115}}
May 09 14:09:29.137810 np0000173169 neutron-periodic-workers[104962]: DEBUG oslo.service.backend._threading.loopingcall [None req-5dc1df20-cf1a-4609-a89b-20ab6e0d9a4f None None] Fixed interval looping call 'neutron.plugins.ml2.plugin.DhcpAgentSchedulerDbMixin.remove_networks_from_down_agents' sleeping for 36.99 seconds {{(pid=104962) _run_loop /opt/stack/data/venv/lib/python3.12/site-packages/oslo_service/backend/_threading/loopingcall.py:125}}
May 09 14:09:39.136882 np0000173169 neutron-periodic-workers[104962]: DEBUG dbcounter [-] [104962] Writing DB stats neutron:SELECT=3 {{(pid=104962) stat_writer /opt/stack/data/venv/lib/python3.12/site-packages/dbcounter.py:115}}
May 09 14:09:55.162140 np0000173169 neutron-periodic-workers[104972]: DEBUG neutron.db.agents_db [None req-e09de74b-78a2-417f-9c0a-2377c56ea843 None None] Agent healthcheck: found 0 active agents {{(pid=104972) agent_health_check /opt/stack/neutron/neutron/db/agents_db.py:322}}
May 09 14:09:55.162862 np0000173169 neutron-periodic-workers[104972]: DEBUG oslo.service.backend._threading.loopingcall [None req-e09de74b-78a2-417f-9c0a-2377c56ea843 None None] Fixed interval looping call 'neutron.plugins.ml2.plugin.AgentDbMixin.agent_health_check' sleeping for 36.99 seconds {{(pid=104972) _run_loop /opt/stack/data/venv/lib/python3.12/site-packages/oslo_service/backend/_threading/loopingcall.py:125}}
May 09 14:10:03.202676 np0000173169 neutron-periodic-workers[104983]: DEBUG dbcounter [-] [104983] Writer thread running {{(pid=104983) stat_writer /opt/stack/data/venv/lib/python3.12/site-packages/dbcounter.py:102}}
May 09 14:10:03.232815 np0000173169 neutron-periodic-workers[104983]: DEBUG oslo.service.backend._threading.loopingcall [None req-f296cedb-fa67-42ab-a97b-6e73b0dc572f None None] Fixed interval looping call 'neutron.db.quota.driver_nolock.DbQuotaNoLockDriver._remove_expired_reservations' sleeping for 119.96 seconds {{(pid=104983) _run_loop /opt/stack/data/venv/lib/python3.12/site-packages/oslo_service/backend/_threading/loopingcall.py:125}}
May 09 14:10:05.160549 np0000173169 neutron-periodic-workers[104972]: DEBUG dbcounter [-] [104972] Writing DB stats neutron:SELECT=1 {{(pid=104972) stat_writer /opt/stack/data/venv/lib/python3.12/site-packages/dbcounter.py:115}}
May 09 14:10:06.138936 np0000173169 neutron-periodic-workers[104962]: DEBUG oslo.service.backend._threading.loopingcall [None req-5dc1df20-cf1a-4609-a89b-20ab6e0d9a4f None None] Fixed interval looping call 'neutron.plugins.ml2.plugin.DhcpAgentSchedulerDbMixin.remove_networks_from_down_agents' sleeping for 36.99 seconds {{(pid=104962) _run_loop /opt/stack/data/venv/lib/python3.12/site-packages/oslo_service/backend/_threading/loopingcall.py:125}}
May 09 14:10:13.203417 np0000173169 neutron-periodic-workers[104983]: DEBUG dbcounter [-] [104983] Writing DB stats neutron:DELETE=1 {{(pid=104983) stat_writer /opt/stack/data/venv/lib/python3.12/site-packages/dbcounter.py:115}}
May 09 14:10:16.137505 np0000173169 neutron-periodic-workers[104962]: DEBUG dbcounter [-] [104962] Writing DB stats neutron:SELECT=3 {{(pid=104962) stat_writer /opt/stack/data/venv/lib/python3.12/site-packages/dbcounter.py:115}}
May 09 14:10:32.159341 np0000173169 neutron-periodic-workers[104972]: DEBUG neutron.db.agents_db [None req-e09de74b-78a2-417f-9c0a-2377c56ea843 None None] Agent healthcheck: found 0 active agents {{(pid=104972) agent_health_check /opt/stack/neutron/neutron/db/agents_db.py:322}}
May 09 14:10:32.160653 np0000173169 neutron-periodic-workers[104972]: DEBUG oslo.service.backend._threading.loopingcall [None req-e09de74b-78a2-417f-9c0a-2377c56ea843 None None] Fixed interval looping call 'neutron.plugins.ml2.plugin.AgentDbMixin.agent_health_check' sleeping for 36.99 seconds {{(pid=104972) _run_loop /opt/stack/data/venv/lib/python3.12/site-packages/oslo_service/backend/_threading/loopingcall.py:125}}
May 09 14:10:42.158221 np0000173169 neutron-periodic-workers[104972]: DEBUG dbcounter [-] [104972] Writing DB stats neutron:SELECT=1 {{(pid=104972) stat_writer /opt/stack/data/venv/lib/python3.12/site-packages/dbcounter.py:115}}
May 09 14:10:43.140384 np0000173169 neutron-periodic-workers[104962]: DEBUG oslo.service.backend._threading.loopingcall [None req-5dc1df20-cf1a-4609-a89b-20ab6e0d9a4f None None] Fixed interval looping call 'neutron.plugins.ml2.plugin.DhcpAgentSchedulerDbMixin.remove_networks_from_down_agents' sleeping for 36.99 seconds {{(pid=104962) _run_loop /opt/stack/data/venv/lib/python3.12/site-packages/oslo_service/backend/_threading/loopingcall.py:125}}
May 09 14:10:53.139429 np0000173169 neutron-periodic-workers[104962]: DEBUG dbcounter [-] [104962] Writing DB stats neutron:SELECT=3 {{(pid=104962) stat_writer /opt/stack/data/venv/lib/python3.12/site-packages/dbcounter.py:115}}
May 09 14:11:09.156186 np0000173169 neutron-periodic-workers[104972]: DEBUG neutron.db.agents_db [None req-e09de74b-78a2-417f-9c0a-2377c56ea843 None None] Agent healthcheck: found 0 active agents {{(pid=104972) agent_health_check /opt/stack/neutron/neutron/db/agents_db.py:322}}
May 09 14:11:09.156795 np0000173169 neutron-periodic-workers[104972]: DEBUG oslo.service.backend._threading.loopingcall [None req-e09de74b-78a2-417f-9c0a-2377c56ea843 None None] Fixed interval looping call 'neutron.plugins.ml2.plugin.AgentDbMixin.agent_health_check' sleeping for 36.99 seconds {{(pid=104972) _run_loop /opt/stack/data/venv/lib/python3.12/site-packages/oslo_service/backend/_threading/loopingcall.py:125}}
May 09 14:11:16.146464 np0000173169 neutron-periodic-workers[104955]: DEBUG dbcounter [-] [104955] Writer thread running {{(pid=104955) stat_writer /opt/stack/data/venv/lib/python3.12/site-packages/dbcounter.py:102}}
May 09 14:11:16.312367 np0000173169 neutron-periodic-workers[104955]: DEBUG oslo.service.backend._threading.loopingcall [None req-1aa129c0-26d6-42c3-8e58-d8c51f7bba60 None None] Fixed interval looping call 'neutron.services.ovn_l3.plugin.L3_NAT_dbonly_mixin._clean_garbage' sleeping for 299.95 seconds {{(pid=104955) _run_loop /opt/stack/data/venv/lib/python3.12/site-packages/oslo_service/backend/_threading/loopingcall.py:125}}
May 09 14:11:19.154130 np0000173169 neutron-periodic-workers[104972]: DEBUG dbcounter [-] [104972] Writing DB stats neutron:SELECT=1 {{(pid=104972) stat_writer /opt/stack/data/venv/lib/python3.12/site-packages/dbcounter.py:115}}
May 09 14:11:20.141926 np0000173169 neutron-periodic-workers[104962]: DEBUG oslo.service.backend._threading.loopingcall [None req-5dc1df20-cf1a-4609-a89b-20ab6e0d9a4f None None] Fixed interval looping call 'neutron.plugins.ml2.plugin.DhcpAgentSchedulerDbMixin.remove_networks_from_down_agents' sleeping for 36.99 seconds {{(pid=104962) _run_loop /opt/stack/data/venv/lib/python3.12/site-packages/oslo_service/backend/_threading/loopingcall.py:125}}
May 09 14:11:26.147304 np0000173169 neutron-periodic-workers[104955]: DEBUG dbcounter [-] [104955] Writing DB stats neutron:SELECT=1 {{(pid=104955) stat_writer /opt/stack/data/venv/lib/python3.12/site-packages/dbcounter.py:115}}
May 09 14:11:30.140973 np0000173169 neutron-periodic-workers[104962]: DEBUG dbcounter [-] [104962] Writing DB stats neutron:SELECT=3 {{(pid=104962) stat_writer /opt/stack/data/venv/lib/python3.12/site-packages/dbcounter.py:115}}
May 09 14:11:46.152001 np0000173169 neutron-periodic-workers[104972]: DEBUG neutron.db.agents_db [None req-e09de74b-78a2-417f-9c0a-2377c56ea843 None None] Agent healthcheck: found 0 active agents {{(pid=104972) agent_health_check /opt/stack/neutron/neutron/db/agents_db.py:322}}
May 09 14:11:46.152714 np0000173169 neutron-periodic-workers[104972]: DEBUG oslo.service.backend._threading.loopingcall [None req-e09de74b-78a2-417f-9c0a-2377c56ea843 None None] Fixed interval looping call 'neutron.plugins.ml2.plugin.AgentDbMixin.agent_health_check' sleeping for 36.99 seconds {{(pid=104972) _run_loop /opt/stack/data/venv/lib/python3.12/site-packages/oslo_service/backend/_threading/loopingcall.py:125}}
May 09 14:11:56.150449 np0000173169 neutron-periodic-workers[104972]: DEBUG dbcounter [-] [104972] Writing DB stats neutron:SELECT=1 {{(pid=104972) stat_writer /opt/stack/data/venv/lib/python3.12/site-packages/dbcounter.py:115}}
May 09 14:11:57.139934 np0000173169 neutron-periodic-workers[104962]: DEBUG oslo.service.backend._threading.loopingcall [None req-5dc1df20-cf1a-4609-a89b-20ab6e0d9a4f None None] Fixed interval looping call 'neutron.plugins.ml2.plugin.DhcpAgentSchedulerDbMixin.remove_networks_from_down_agents' sleeping for 36.99 seconds {{(pid=104962) _run_loop /opt/stack/data/venv/lib/python3.12/site-packages/oslo_service/backend/_threading/loopingcall.py:125}}
May 09 14:12:03.200673 np0000173169 neutron-periodic-workers[104983]: DEBUG oslo.service.backend._threading.loopingcall [None req-f296cedb-fa67-42ab-a97b-6e73b0dc572f None None] Fixed interval looping call 'neutron.db.quota.driver_nolock.DbQuotaNoLockDriver._remove_expired_reservations' sleeping for 119.99 seconds {{(pid=104983) _run_loop /opt/stack/data/venv/lib/python3.12/site-packages/oslo_service/backend/_threading/loopingcall.py:125}}
May 09 14:12:07.139141 np0000173169 neutron-periodic-workers[104962]: DEBUG dbcounter [-] [104962] Writing DB stats neutron:SELECT=3 {{(pid=104962) stat_writer /opt/stack/data/venv/lib/python3.12/site-packages/dbcounter.py:115}}
May 09 14:12:13.199086 np0000173169 neutron-periodic-workers[104983]: DEBUG dbcounter [-] [104983] Writing DB stats neutron:DELETE=1 {{(pid=104983) stat_writer /opt/stack/data/venv/lib/python3.12/site-packages/dbcounter.py:115}}
May 09 14:12:23.147531 np0000173169 neutron-periodic-workers[104972]: DEBUG neutron.db.agents_db [None req-e09de74b-78a2-417f-9c0a-2377c56ea843 None None] Agent healthcheck: found 0 active agents {{(pid=104972) agent_health_check /opt/stack/neutron/neutron/db/agents_db.py:322}}
May 09 14:12:23.148299 np0000173169 neutron-periodic-workers[104972]: DEBUG oslo.service.backend._threading.loopingcall [None req-e09de74b-78a2-417f-9c0a-2377c56ea843 None None] Fixed interval looping call 'neutron.plugins.ml2.plugin.AgentDbMixin.agent_health_check' sleeping for 36.99 seconds {{(pid=104972) _run_loop /opt/stack/data/venv/lib/python3.12/site-packages/oslo_service/backend/_threading/loopingcall.py:125}}
May 09 14:12:33.146295 np0000173169 neutron-periodic-workers[104972]: DEBUG dbcounter [-] [104972] Writing DB stats neutron:SELECT=1 {{(pid=104972) stat_writer /opt/stack/data/venv/lib/python3.12/site-packages/dbcounter.py:115}}
May 09 14:12:34.137965 np0000173169 neutron-periodic-workers[104962]: DEBUG oslo.service.backend._threading.loopingcall [None req-5dc1df20-cf1a-4609-a89b-20ab6e0d9a4f None None] Fixed interval looping call 'neutron.plugins.ml2.plugin.DhcpAgentSchedulerDbMixin.remove_networks_from_down_agents' sleeping for 36.99 seconds {{(pid=104962) _run_loop /opt/stack/data/venv/lib/python3.12/site-packages/oslo_service/backend/_threading/loopingcall.py:125}}
May 09 14:12:44.137181 np0000173169 neutron-periodic-workers[104962]: DEBUG dbcounter [-] [104962] Writing DB stats neutron:SELECT=3 {{(pid=104962) stat_writer /opt/stack/data/venv/lib/python3.12/site-packages/dbcounter.py:115}}
May 09 14:13:00.143978 np0000173169 neutron-periodic-workers[104972]: DEBUG neutron.db.agents_db [None req-e09de74b-78a2-417f-9c0a-2377c56ea843 None None] Agent healthcheck: found 0 active agents {{(pid=104972) agent_health_check /opt/stack/neutron/neutron/db/agents_db.py:322}}
May 09 14:13:00.144417 np0000173169 neutron-periodic-workers[104972]: DEBUG oslo.service.backend._threading.loopingcall [None req-e09de74b-78a2-417f-9c0a-2377c56ea843 None None] Fixed interval looping call 'neutron.plugins.ml2.plugin.AgentDbMixin.agent_health_check' sleeping for 36.99 seconds {{(pid=104972) _run_loop /opt/stack/data/venv/lib/python3.12/site-packages/oslo_service/backend/_threading/loopingcall.py:125}}
May 09 14:13:10.141894 np0000173169 neutron-periodic-workers[104972]: DEBUG dbcounter [-] [104972] Writing DB stats neutron:SELECT=1 {{(pid=104972) stat_writer /opt/stack/data/venv/lib/python3.12/site-packages/dbcounter.py:115}}
May 09 14:13:11.134075 np0000173169 neutron-periodic-workers[104962]: DEBUG oslo.service.backend._threading.loopingcall [None req-5dc1df20-cf1a-4609-a89b-20ab6e0d9a4f None None] Fixed interval looping call 'neutron.plugins.ml2.plugin.DhcpAgentSchedulerDbMixin.remove_networks_from_down_agents' sleeping for 36.99 seconds {{(pid=104962) _run_loop /opt/stack/data/venv/lib/python3.12/site-packages/oslo_service/backend/_threading/loopingcall.py:125}}
May 09 14:13:21.133131 np0000173169 neutron-periodic-workers[104962]: DEBUG dbcounter [-] [104962] Writing DB stats neutron:SELECT=3 {{(pid=104962) stat_writer /opt/stack/data/venv/lib/python3.12/site-packages/dbcounter.py:115}}
May 09 14:13:37.140669 np0000173169 neutron-periodic-workers[104972]: DEBUG neutron.db.agents_db [None req-e09de74b-78a2-417f-9c0a-2377c56ea843 None None] Agent healthcheck: found 0 active agents {{(pid=104972) agent_health_check /opt/stack/neutron/neutron/db/agents_db.py:322}}
May 09 14:13:37.143753 np0000173169 neutron-periodic-workers[104972]: DEBUG oslo.service.backend._threading.loopingcall [None req-e09de74b-78a2-417f-9c0a-2377c56ea843 None None] Fixed interval looping call 'neutron.plugins.ml2.plugin.AgentDbMixin.agent_health_check' sleeping for 36.99 seconds {{(pid=104972) _run_loop /opt/stack/data/venv/lib/python3.12/site-packages/oslo_service/backend/_threading/loopingcall.py:125}}
May 09 14:13:47.138596 np0000173169 neutron-periodic-workers[104972]: DEBUG dbcounter [-] [104972] Writing DB stats neutron:SELECT=1 {{(pid=104972) stat_writer /opt/stack/data/venv/lib/python3.12/site-packages/dbcounter.py:115}}
May 09 14:13:48.132112 np0000173169 neutron-periodic-workers[104962]: DEBUG oslo.service.backend._threading.loopingcall [None req-5dc1df20-cf1a-4609-a89b-20ab6e0d9a4f None None] Fixed interval looping call 'neutron.plugins.ml2.plugin.DhcpAgentSchedulerDbMixin.remove_networks_from_down_agents' sleeping for 36.99 seconds {{(pid=104962) _run_loop /opt/stack/data/venv/lib/python3.12/site-packages/oslo_service/backend/_threading/loopingcall.py:125}}
May 09 14:13:58.131137 np0000173169 neutron-periodic-workers[104962]: DEBUG dbcounter [-] [104962] Writing DB stats neutron:SELECT=3 {{(pid=104962) stat_writer /opt/stack/data/venv/lib/python3.12/site-packages/dbcounter.py:115}}
May 09 14:14:03.195820 np0000173169 neutron-periodic-workers[104983]: DEBUG oslo.service.backend._threading.loopingcall [None req-f296cedb-fa67-42ab-a97b-6e73b0dc572f None None] Fixed interval looping call 'neutron.db.quota.driver_nolock.DbQuotaNoLockDriver._remove_expired_reservations' sleeping for 120.00 seconds {{(pid=104983) _run_loop /opt/stack/data/venv/lib/python3.12/site-packages/oslo_service/backend/_threading/loopingcall.py:125}}
May 09 14:14:13.195771 np0000173169 neutron-periodic-workers[104983]: DEBUG dbcounter [-] [104983] Writing DB stats neutron:DELETE=1 {{(pid=104983) stat_writer /opt/stack/data/venv/lib/python3.12/site-packages/dbcounter.py:115}}
May 09 14:14:14.138107 np0000173169 neutron-periodic-workers[104972]: DEBUG neutron.db.agents_db [None req-e09de74b-78a2-417f-9c0a-2377c56ea843 None None] Agent healthcheck: found 0 active agents {{(pid=104972) agent_health_check /opt/stack/neutron/neutron/db/agents_db.py:322}}
May 09 14:14:14.138107 np0000173169 neutron-periodic-workers[104972]: DEBUG oslo.service.backend._threading.loopingcall [None req-e09de74b-78a2-417f-9c0a-2377c56ea843 None None] Fixed interval looping call 'neutron.plugins.ml2.plugin.AgentDbMixin.agent_health_check' sleeping for 36.99 seconds {{(pid=104972) _run_loop /opt/stack/data/venv/lib/python3.12/site-packages/oslo_service/backend/_threading/loopingcall.py:125}}
May 09 14:14:24.135779 np0000173169 neutron-periodic-workers[104972]: DEBUG dbcounter [-] [104972] Writing DB stats neutron:SELECT=1 {{(pid=104972) stat_writer /opt/stack/data/venv/lib/python3.12/site-packages/dbcounter.py:115}}
May 09 14:14:25.131994 np0000173169 neutron-periodic-workers[104962]: DEBUG oslo.service.backend._threading.loopingcall [None req-5dc1df20-cf1a-4609-a89b-20ab6e0d9a4f None None] Fixed interval looping call 'neutron.plugins.ml2.plugin.DhcpAgentSchedulerDbMixin.remove_networks_from_down_agents' sleeping for 36.99 seconds {{(pid=104962) _run_loop /opt/stack/data/venv/lib/python3.12/site-packages/oslo_service/backend/_threading/loopingcall.py:125}}
May 09 14:14:35.130582 np0000173169 neutron-periodic-workers[104962]: DEBUG dbcounter [-] [104962] Writing DB stats neutron:SELECT=3 {{(pid=104962) stat_writer /opt/stack/data/venv/lib/python3.12/site-packages/dbcounter.py:115}}
May 09 14:14:51.133844 np0000173169 neutron-periodic-workers[104972]: DEBUG neutron.db.agents_db [None req-e09de74b-78a2-417f-9c0a-2377c56ea843 None None] Agent healthcheck: found 0 active agents {{(pid=104972) agent_health_check /opt/stack/neutron/neutron/db/agents_db.py:322}}
May 09 14:14:51.133844 np0000173169 neutron-periodic-workers[104972]: DEBUG oslo.service.backend._threading.loopingcall [None req-e09de74b-78a2-417f-9c0a-2377c56ea843 None None] Fixed interval looping call 'neutron.plugins.ml2.plugin.AgentDbMixin.agent_health_check' sleeping for 37.00 seconds {{(pid=104972) _run_loop /opt/stack/data/venv/lib/python3.12/site-packages/oslo_service/backend/_threading/loopingcall.py:125}}
May 09 14:15:01.131274 np0000173169 neutron-periodic-workers[104972]: DEBUG dbcounter [-] [104972] Writing DB stats neutron:SELECT=1 {{(pid=104972) stat_writer /opt/stack/data/venv/lib/python3.12/site-packages/dbcounter.py:115}}
May 09 14:15:02.129540 np0000173169 neutron-periodic-workers[104962]: DEBUG oslo.service.backend._threading.loopingcall [None req-5dc1df20-cf1a-4609-a89b-20ab6e0d9a4f None None] Fixed interval looping call 'neutron.plugins.ml2.plugin.DhcpAgentSchedulerDbMixin.remove_networks_from_down_agents' sleeping for 36.99 seconds {{(pid=104962) _run_loop /opt/stack/data/venv/lib/python3.12/site-packages/oslo_service/backend/_threading/loopingcall.py:125}}
May 09 14:15:12.128416 np0000173169 neutron-periodic-workers[104962]: DEBUG dbcounter [-] [104962] Writing DB stats neutron:SELECT=3 {{(pid=104962) stat_writer /opt/stack/data/venv/lib/python3.12/site-packages/dbcounter.py:115}}
May 09 14:15:28.142532 np0000173169 neutron-periodic-workers[104972]: DEBUG neutron.db.agents_db [None req-e09de74b-78a2-417f-9c0a-2377c56ea843 None None] Agent healthcheck: found 0 active agents {{(pid=104972) agent_health_check /opt/stack/neutron/neutron/db/agents_db.py:322}}
May 09 14:15:28.143613 np0000173169 neutron-periodic-workers[104972]: DEBUG oslo.service.backend._threading.loopingcall [None req-e09de74b-78a2-417f-9c0a-2377c56ea843 None None] Fixed interval looping call 'neutron.plugins.ml2.plugin.AgentDbMixin.agent_health_check' sleeping for 36.99 seconds {{(pid=104972) _run_loop /opt/stack/data/venv/lib/python3.12/site-packages/oslo_service/backend/_threading/loopingcall.py:125}}
May 09 14:15:38.140396 np0000173169 neutron-periodic-workers[104972]: DEBUG dbcounter [-] [104972] Writing DB stats neutron:SELECT=1 {{(pid=104972) stat_writer /opt/stack/data/venv/lib/python3.12/site-packages/dbcounter.py:115}}
May 09 14:15:39.129706 np0000173169 neutron-periodic-workers[104962]: DEBUG oslo.service.backend._threading.loopingcall [None req-5dc1df20-cf1a-4609-a89b-20ab6e0d9a4f None None] Fixed interval looping call 'neutron.plugins.ml2.plugin.DhcpAgentSchedulerDbMixin.remove_networks_from_down_agents' sleeping for 36.99 seconds {{(pid=104962) _run_loop /opt/stack/data/venv/lib/python3.12/site-packages/oslo_service/backend/_threading/loopingcall.py:125}}
May 09 14:15:49.128929 np0000173169 neutron-periodic-workers[104962]: DEBUG dbcounter [-] [104962] Writing DB stats neutron:SELECT=3 {{(pid=104962) stat_writer /opt/stack/data/venv/lib/python3.12/site-packages/dbcounter.py:115}}
May 09 14:16:03.202096 np0000173169 neutron-periodic-workers[104983]: DEBUG oslo.service.backend._threading.loopingcall [None req-f296cedb-fa67-42ab-a97b-6e73b0dc572f None None] Fixed interval looping call 'neutron.db.quota.driver_nolock.DbQuotaNoLockDriver._remove_expired_reservations' sleeping for 119.99 seconds {{(pid=104983) _run_loop /opt/stack/data/venv/lib/python3.12/site-packages/oslo_service/backend/_threading/loopingcall.py:125}}
May 09 14:16:05.138825 np0000173169 neutron-periodic-workers[104972]: DEBUG neutron.db.agents_db [None req-e09de74b-78a2-417f-9c0a-2377c56ea843 None None] Agent healthcheck: found 0 active agents {{(pid=104972) agent_health_check /opt/stack/neutron/neutron/db/agents_db.py:322}}
May 09 14:16:05.139370 np0000173169 neutron-periodic-workers[104972]: DEBUG oslo.service.backend._threading.loopingcall [None req-e09de74b-78a2-417f-9c0a-2377c56ea843 None None] Fixed interval looping call 'neutron.plugins.ml2.plugin.AgentDbMixin.agent_health_check' sleeping for 36.99 seconds {{(pid=104972) _run_loop /opt/stack/data/venv/lib/python3.12/site-packages/oslo_service/backend/_threading/loopingcall.py:125}}
May 09 14:16:13.199755 np0000173169 neutron-periodic-workers[104983]: DEBUG dbcounter [-] [104983] Writing DB stats neutron:DELETE=1 {{(pid=104983) stat_writer /opt/stack/data/venv/lib/python3.12/site-packages/dbcounter.py:115}}
May 09 14:16:15.136190 np0000173169 neutron-periodic-workers[104972]: DEBUG dbcounter [-] [104972] Writing DB stats neutron:SELECT=1 {{(pid=104972) stat_writer /opt/stack/data/venv/lib/python3.12/site-packages/dbcounter.py:115}}
May 09 14:16:16.123294 np0000173169 neutron-periodic-workers[104955]: DEBUG oslo.service.backend._threading.loopingcall [None req-1aa129c0-26d6-42c3-8e58-d8c51f7bba60 None None] Fixed interval looping call 'neutron.services.ovn_l3.plugin.L3_NAT_dbonly_mixin._clean_garbage' sleeping for 299.99 seconds {{(pid=104955) _run_loop /opt/stack/data/venv/lib/python3.12/site-packages/oslo_service/backend/_threading/loopingcall.py:125}}
May 09 14:16:16.130021 np0000173169 neutron-periodic-workers[104962]: DEBUG oslo.service.backend._threading.loopingcall [None req-5dc1df20-cf1a-4609-a89b-20ab6e0d9a4f None None] Fixed interval looping call 'neutron.plugins.ml2.plugin.DhcpAgentSchedulerDbMixin.remove_networks_from_down_agents' sleeping for 36.99 seconds {{(pid=104962) _run_loop /opt/stack/data/venv/lib/python3.12/site-packages/oslo_service/backend/_threading/loopingcall.py:125}}
May 09 14:16:26.115236 np0000173169 neutron-periodic-workers[104955]: DEBUG dbcounter [-] [104955] Writing DB stats neutron:SELECT=1 {{(pid=104955) stat_writer /opt/stack/data/venv/lib/python3.12/site-packages/dbcounter.py:115}}
May 09 14:16:26.128146 np0000173169 neutron-periodic-workers[104962]: DEBUG dbcounter [-] [104962] Writing DB stats neutron:SELECT=3 {{(pid=104962) stat_writer /opt/stack/data/venv/lib/python3.12/site-packages/dbcounter.py:115}}
May 09 14:16:42.136077 np0000173169 neutron-periodic-workers[104972]: DEBUG neutron.db.agents_db [None req-e09de74b-78a2-417f-9c0a-2377c56ea843 None None] Agent healthcheck: found 0 active agents {{(pid=104972) agent_health_check /opt/stack/neutron/neutron/db/agents_db.py:322}}
May 09 14:16:42.136779 np0000173169 neutron-periodic-workers[104972]: DEBUG oslo.service.backend._threading.loopingcall [None req-e09de74b-78a2-417f-9c0a-2377c56ea843 None None] Fixed interval looping call 'neutron.plugins.ml2.plugin.AgentDbMixin.agent_health_check' sleeping for 36.99 seconds {{(pid=104972) _run_loop /opt/stack/data/venv/lib/python3.12/site-packages/oslo_service/backend/_threading/loopingcall.py:125}}
May 09 14:16:52.133144 np0000173169 neutron-periodic-workers[104972]: DEBUG dbcounter [-] [104972] Writing DB stats neutron:SELECT=1 {{(pid=104972) stat_writer /opt/stack/data/venv/lib/python3.12/site-packages/dbcounter.py:115}}
May 09 14:16:53.129705 np0000173169 neutron-periodic-workers[104962]: DEBUG oslo.service.backend._threading.loopingcall [None req-5dc1df20-cf1a-4609-a89b-20ab6e0d9a4f None None] Fixed interval looping call 'neutron.plugins.ml2.plugin.DhcpAgentSchedulerDbMixin.remove_networks_from_down_agents' sleeping for 36.99 seconds {{(pid=104962) _run_loop /opt/stack/data/venv/lib/python3.12/site-packages/oslo_service/backend/_threading/loopingcall.py:125}}
May 09 14:17:03.128247 np0000173169 neutron-periodic-workers[104962]: DEBUG dbcounter [-] [104962] Writing DB stats neutron:SELECT=3 {{(pid=104962) stat_writer /opt/stack/data/venv/lib/python3.12/site-packages/dbcounter.py:115}}
May 09 14:17:19.132156 np0000173169 neutron-periodic-workers[104972]: DEBUG neutron.db.agents_db [None req-e09de74b-78a2-417f-9c0a-2377c56ea843 None None] Agent healthcheck: found 0 active agents {{(pid=104972) agent_health_check /opt/stack/neutron/neutron/db/agents_db.py:322}}
May 09 14:17:19.132876 np0000173169 neutron-periodic-workers[104972]: DEBUG oslo.service.backend._threading.loopingcall [None req-e09de74b-78a2-417f-9c0a-2377c56ea843 None None] Fixed interval looping call 'neutron.plugins.ml2.plugin.AgentDbMixin.agent_health_check' sleeping for 36.99 seconds {{(pid=104972) _run_loop /opt/stack/data/venv/lib/python3.12/site-packages/oslo_service/backend/_threading/loopingcall.py:125}}
May 09 14:17:29.130172 np0000173169 neutron-periodic-workers[104972]: DEBUG dbcounter [-] [104972] Writing DB stats neutron:SELECT=1 {{(pid=104972) stat_writer /opt/stack/data/venv/lib/python3.12/site-packages/dbcounter.py:115}}
May 09 14:17:30.129478 np0000173169 neutron-periodic-workers[104962]: DEBUG oslo.service.backend._threading.loopingcall [None req-5dc1df20-cf1a-4609-a89b-20ab6e0d9a4f None None] Fixed interval looping call 'neutron.plugins.ml2.plugin.DhcpAgentSchedulerDbMixin.remove_networks_from_down_agents' sleeping for 36.99 seconds {{(pid=104962) _run_loop /opt/stack/data/venv/lib/python3.12/site-packages/oslo_service/backend/_threading/loopingcall.py:125}}
May 09 14:17:40.128149 np0000173169 neutron-periodic-workers[104962]: DEBUG dbcounter [-] [104962] Writing DB stats neutron:SELECT=3 {{(pid=104962) stat_writer /opt/stack/data/venv/lib/python3.12/site-packages/dbcounter.py:115}}
May 09 14:17:56.129500 np0000173169 neutron-periodic-workers[104972]: DEBUG neutron.db.agents_db [None req-e09de74b-78a2-417f-9c0a-2377c56ea843 None None] Agent healthcheck: found 0 active agents {{(pid=104972) agent_health_check /opt/stack/neutron/neutron/db/agents_db.py:322}}
May 09 14:17:56.130259 np0000173169 neutron-periodic-workers[104972]: DEBUG oslo.service.backend._threading.loopingcall [None req-e09de74b-78a2-417f-9c0a-2377c56ea843 None None] Fixed interval looping call 'neutron.plugins.ml2.plugin.AgentDbMixin.agent_health_check' sleeping for 36.99 seconds {{(pid=104972) _run_loop /opt/stack/data/venv/lib/python3.12/site-packages/oslo_service/backend/_threading/loopingcall.py:125}}
May 09 14:18:03.195043 np0000173169 neutron-periodic-workers[104983]: DEBUG oslo.service.backend._threading.loopingcall [None req-f296cedb-fa67-42ab-a97b-6e73b0dc572f None None] Fixed interval looping call 'neutron.db.quota.driver_nolock.DbQuotaNoLockDriver._remove_expired_reservations' sleeping for 120.00 seconds {{(pid=104983) _run_loop /opt/stack/data/venv/lib/python3.12/site-packages/oslo_service/backend/_threading/loopingcall.py:125}}
May 09 14:18:06.127131 np0000173169 neutron-periodic-workers[104972]: DEBUG dbcounter [-] [104972] Writing DB stats neutron:SELECT=1 {{(pid=104972) stat_writer /opt/stack/data/venv/lib/python3.12/site-packages/dbcounter.py:115}}
May 09 14:18:07.128938 np0000173169 neutron-periodic-workers[104962]: DEBUG oslo.service.backend._threading.loopingcall [None req-5dc1df20-cf1a-4609-a89b-20ab6e0d9a4f None None] Fixed interval looping call 'neutron.plugins.ml2.plugin.DhcpAgentSchedulerDbMixin.remove_networks_from_down_agents' sleeping for 36.99 seconds {{(pid=104962) _run_loop /opt/stack/data/venv/lib/python3.12/site-packages/oslo_service/backend/_threading/loopingcall.py:125}}
May 09 14:18:13.194960 np0000173169 neutron-periodic-workers[104983]: DEBUG dbcounter [-] [104983] Writing DB stats neutron:DELETE=1 {{(pid=104983) stat_writer /opt/stack/data/venv/lib/python3.12/site-packages/dbcounter.py:115}}
May 09 14:18:17.131869 np0000173169 neutron-periodic-workers[104962]: DEBUG dbcounter [-] [104962] Writing DB stats neutron:SELECT=3 {{(pid=104962) stat_writer /opt/stack/data/venv/lib/python3.12/site-packages/dbcounter.py:115}}
May 09 14:18:33.124163 np0000173169 neutron-periodic-workers[104972]: DEBUG neutron.db.agents_db [None req-e09de74b-78a2-417f-9c0a-2377c56ea843 None None] Agent healthcheck: found 0 active agents {{(pid=104972) agent_health_check /opt/stack/neutron/neutron/db/agents_db.py:322}}
