2026-07-02 01:28:39.377 8 INFO placement.requestlog [None req-216e9b75-689a-4f10-97b0-982ea9a1c9c0 c72acaee8dec45ee9303926af7325044 8c71cd8d41f24ab68420fbe36ac9f868 - - ced19b38c93f49e5b83ae2cb50993d49 ced19b38c93f49e5b83ae2cb50993d49] 10.0.0.226 "DELETE /resource_providers/4292dce5-02f8-4ae3-a4e9-70e48a10d35a" status: 404 len: 246 microversion: 1.1 [pid: 8|app: 0|req: 416/829] 10.0.0.226 () {34 vars in 816 bytes} [Thu Jul 2 01:28:39 2026] DELETE /resource_providers/4292dce5-02f8-4ae3-a4e9-70e48a10d35a => generated 246 bytes in 13 msecs (HTTP/1.1 404) 6 headers in 231 bytes (1 switches on core 0)
2026-07-02 01:28:41.359 8 INFO placement.requestlog [None req-e95b3007-c4fe-436c-b5b2-461ece75e7ba c72acaee8dec45ee9303926af7325044 8c71cd8d41f24ab68420fbe36ac9f868 - - ced19b38c93f49e5b83ae2cb50993d49 ced19b38c93f49e5b83ae2cb50993d49] 10.0.0.226 "GET /resource_providers/c6e36fc2-d90b-4039-a568-d0843734e3a5/aggregates" status: 404 len: 235 microversion: 1.1 [pid: 8|app: 0|req: 417/830] 10.0.0.226 () {32 vars in 816 bytes} [Thu Jul 2 01:28:41 2026] GET /resource_providers/c6e36fc2-d90b-4039-a568-d0843734e3a5/aggregates => generated 235 bytes in 10 msecs (HTTP/1.1 404) 5 headers in 202 bytes (1 switches on core 0)
2026-07-02 01:28:41.370 9 INFO placement.requestlog [None req-2b5aea0d-f60f-4e45-b073-04d1b55ed875 c72acaee8dec45ee9303926af7325044 8c71cd8d41f24ab68420fbe36ac9f868 - - ced19b38c93f49e5b83ae2cb50993d49 ced19b38c93f49e5b83ae2cb50993d49] 10.0.0.226 "GET /resource_providers/c6e36fc2-d90b-4039-a568-d0843734e3a5/aggregates" status: 404 len: 235 microversion: 1.1 [pid: 9|app: 0|req: 414/831] 10.0.0.226 () {32 vars in 816 bytes} [Thu Jul 2 01:28:41 2026] GET /resource_providers/c6e36fc2-d90b-4039-a568-d0843734e3a5/aggregates => generated 235 bytes in 21 msecs (HTTP/1.1 404) 5 headers in 202 bytes (1 switches on core 0)
2026-07-02 01:28:41.390 8 INFO placement.requestlog [None req-76fcc720-add0-4680-adda-2f3d943a6697 c72acaee8dec45ee9303926af7325044 8c71cd8d41f24ab68420fbe36ac9f868 - - ced19b38c93f49e5b83ae2cb50993d49 ced19b38c93f49e5b83ae2cb50993d49] 10.0.0.226 "DELETE /resource_providers/c6e36fc2-d90b-4039-a568-d0843734e3a5" status: 404 len: 246 microversion: 1.1 [pid: 8|app: 0|req: 418/832] 10.0.0.226 () {34 vars in 816 bytes} [Thu Jul 2 01:28:41 2026] DELETE /resource_providers/c6e36fc2-d90b-4039-a568-d0843734e3a5 => generated 246 bytes in 14 msecs (HTTP/1.1 404) 6 headers in 231 bytes (1 switches on core 0)
2026-07-02 01:28:41.390 9 INFO placement.requestlog [None req-e863baa1-22f1-45c4-9de5-c25aec16f204 c72acaee8dec45ee9303926af7325044 8c71cd8d41f24ab68420fbe36ac9f868 - - ced19b38c93f49e5b83ae2cb50993d49 ced19b38c93f49e5b83ae2cb50993d49] 10.0.0.226 "DELETE /resource_providers/c6e36fc2-d90b-4039-a568-d0843734e3a5" status: 404 len: 246 microversion: 1.1 [pid: 9|app: 0|req: 415/833] 10.0.0.226 () {34 vars in 816 bytes} [Thu Jul 2 01:28:41 2026] DELETE /resource_providers/c6e36fc2-d90b-4039-a568-d0843734e3a5 => generated 246 bytes in 12 msecs (HTTP/1.1 404) 6 headers in 231 bytes (1 switches on core 0)
2026-07-02 01:28:42.933 9 INFO placement.requestlog [None req-06ee2166-c254-4a88-8da5-61d2fd669ad9 c72acaee8dec45ee9303926af7325044 8c71cd8d41f24ab68420fbe36ac9f868 - - ced19b38c93f49e5b83ae2cb50993d49 ced19b38c93f49e5b83ae2cb50993d49] 10.0.0.226 "GET /resource_providers/df2272a8-6b90-4506-ac24-b600a59e9a2b/aggregates" status: 404 len: 235 microversion: 1.1 [pid: 9|app: 0|req: 416/834] 10.0.0.226 () {32 vars in 816 bytes} [Thu Jul 2 01:28:42 2026] GET /resource_providers/df2272a8-6b90-4506-ac24-b600a59e9a2b/aggregates => generated 235 bytes in 14 msecs (HTTP/1.1 404) 5 headers in 202 bytes (1 switches on core 0)
2026-07-02 01:28:42.935 8 INFO placement.requestlog [None req-6bed87a5-e9d5-47b3-9fcc-c932d16e3498 c72acaee8dec45ee9303926af7325044 8c71cd8d41f24ab68420fbe36ac9f868 - - ced19b38c93f49e5b83ae2cb50993d49 ced19b38c93f49e5b83ae2cb50993d49] 10.0.0.226 "GET /resource_providers/df2272a8-6b90-4506-ac24-b600a59e9a2b/aggregates" status: 404 len: 235 microversion: 1.1 [pid: 8|app: 0|req: 419/835] 10.0.0.226 () {32 vars in 816 bytes} [Thu Jul 2 01:28:42 2026] GET /resource_providers/df2272a8-6b90-4506-ac24-b600a59e9a2b/aggregates => generated 235 bytes in 17 msecs (HTTP/1.1 404) 5 headers in 202 bytes (1 switches on core 0)
2026-07-02 01:28:42.977 8 INFO placement.requestlog [None req-30c33014-1c8a-403c-a4a6-bc40ba0c18aa c72acaee8dec45ee9303926af7325044 8c71cd8d41f24ab68420fbe36ac9f868 - - ced19b38c93f49e5b83ae2cb50993d49 ced19b38c93f49e5b83ae2cb50993d49] 10.0.0.226 "DELETE /resource_providers/df2272a8-6b90-4506-ac24-b600a59e9a2b" status: 404 len: 246 microversion: 1.1 [pid: 8|app: 0|req: 420/836] 10.0.0.226 () {34 vars in 816 bytes} [Thu Jul 2 01:28:42 2026] DELETE /resource_providers/df2272a8-6b90-4506-ac24-b600a59e9a2b => generated 246 bytes in 20 msecs (HTTP/1.1 404) 6 headers in 231 bytes (1 switches on core 0)
2026-07-02 01:28:42.982 9 INFO placement.requestlog [None req-b7d9ea01-5380-4a16-bb6b-9b957ee5a35a c72acaee8dec45ee9303926af7325044 8c71cd8d41f24ab68420fbe36ac9f868 - - ced19b38c93f49e5b83ae2cb50993d49 ced19b38c93f49e5b83ae2cb50993d49] 10.0.0.226 "DELETE /resource_providers/df2272a8-6b90-4506-ac24-b600a59e9a2b" status: 404 len: 246 microversion: 1.1 [pid: 9|app: 0|req: 417/837] 10.0.0.226 () {34 vars in 816 bytes} [Thu Jul 2 01:28:42 2026] DELETE /resource_providers/df2272a8-6b90-4506-ac24-b600a59e9a2b => generated 246 bytes in 25 msecs (HTTP/1.1 404) 6 headers in 231 bytes (1 switches on core 0)
2026-07-02 01:28:43.231 8 INFO placement.requestlog [req-7c185e7b-96e2-4458-a7ad-02670c90eba8 req-adb3297f-3d6a-43e3-81be-55cc454c1f1a c006f5d6c041462c97ff3971e34492aa 8c71cd8d41f24ab68420fbe36ac9f868 - - ced19b38c93f49e5b83ae2cb50993d49 ced19b38c93f49e5b83ae2cb50993d49] 10.0.0.113 "GET /allocation_candidates?limit=1000&resources=DISK_GB%3A1%2CMEMORY_MB%3A512%2CVCPU%3A1&root_required=%21COMPUTE_STATUS_DISABLED" status: 200 len: 2190 microversion: 1.36 [pid: 8|app: 0|req: 421/838] 10.0.0.113 () {34 vars in 1012 bytes} [Thu Jul 2 01:28:43 2026] GET /allocation_candidates?limit=1000&resources=DISK_GB%3A1%2CMEMORY_MB%3A512%2CVCPU%3A1&root_required=%21COMPUTE_STATUS_DISABLED => generated 2190 bytes in 40 msecs (HTTP/1.1 200) 8 headers in 297 bytes (1 switches on core 0)
2026-07-02 01:28:43.280 9 INFO placement.requestlog [req-7c185e7b-96e2-4458-a7ad-02670c90eba8 req-7f9deaba-6ab5-43c6-9b1d-1849c5613965 c006f5d6c041462c97ff3971e34492aa 8c71cd8d41f24ab68420fbe36ac9f868 - - ced19b38c93f49e5b83ae2cb50993d49 ced19b38c93f49e5b83ae2cb50993d49] 10.0.0.113 "GET /allocations/09de8552-20b4-4f79-9e63-835ee7cc996c" status: 200 len: 19 microversion: 1.28 [pid: 9|app: 0|req: 418/839] 10.0.0.113 () {34 vars in 861 bytes} [Thu Jul 2 01:28:43 2026] GET /allocations/09de8552-20b4-4f79-9e63-835ee7cc996c => generated 19 bytes in 25 msecs (HTTP/1.1 200) 8 headers in 295 bytes (1 switches on core 0)
2026-07-02 01:28:43.352 8 INFO placement.requestlog [req-7c185e7b-96e2-4458-a7ad-02670c90eba8 req-2197efc2-df1e-4cff-b961-c1b6f7c2f83c c006f5d6c041462c97ff3971e34492aa 8c71cd8d41f24ab68420fbe36ac9f868 - - ced19b38c93f49e5b83ae2cb50993d49 ced19b38c93f49e5b83ae2cb50993d49] 10.0.0.113 "PUT /allocations/09de8552-20b4-4f79-9e63-835ee7cc996c" status: 204 len: 0 microversion: 1.36 [pid: 8|app: 0|req: 422/840] 10.0.0.113 () {38 vars in 914 bytes} [Thu Jul 2 01:28:43 2026] PUT /allocations/09de8552-20b4-4f79-9e63-835ee7cc996c => generated 0 bytes in 65 msecs (HTTP/1.1 204) 5 headers in 199 bytes (1 switches on core 0)
2026-07-02 01:28:43.423 9 INFO placement.requestlog [None req-781ba727-d58e-41ec-8cff-6c494268036f c72acaee8dec45ee9303926af7325044 8c71cd8d41f24ab68420fbe36ac9f868 - - ced19b38c93f49e5b83ae2cb50993d49 ced19b38c93f49e5b83ae2cb50993d49] 10.0.0.226 "GET /resource_providers/57f673cb-0e4b-443b-ae92-beaea982f4d9/aggregates" status: 404 len: 235 microversion: 1.1 [pid: 9|app: 0|req: 419/841] 10.0.0.226 () {32 vars in 816 bytes} [Thu Jul 2 01:28:43 2026] GET /resource_providers/57f673cb-0e4b-443b-ae92-beaea982f4d9/aggregates => generated 235 bytes in 9 msecs (HTTP/1.1 404) 5 headers in 202 bytes (1 switches on core 0)
2026-07-02 01:28:43.426 8 INFO placement.requestlog [None req-6e3582a1-6766-43c8-824e-4970d8bcdcb1 c72acaee8dec45ee9303926af7325044 8c71cd8d41f24ab68420fbe36ac9f868 - - ced19b38c93f49e5b83ae2cb50993d49 ced19b38c93f49e5b83ae2cb50993d49] 10.0.0.226 "GET /resource_providers/57f673cb-0e4b-443b-ae92-beaea982f4d9/aggregates" status: 404 len: 235 microversion: 1.1 [pid: 8|app: 0|req: 423/842] 10.0.0.226 () {32 vars in 816 bytes} [Thu Jul 2 01:28:43 2026] GET /resource_providers/57f673cb-0e4b-443b-ae92-beaea982f4d9/aggregates => generated 235 bytes in 12 msecs (HTTP/1.1 404) 5 headers in 202 bytes (1 switches on core 0)
2026-07-02 01:28:43.443 9 INFO placement.requestlog [None req-3a712e94-e9e9-479a-8d67-ca056a4e718d c72acaee8dec45ee9303926af7325044 8c71cd8d41f24ab68420fbe36ac9f868 - - ced19b38c93f49e5b83ae2cb50993d49 ced19b38c93f49e5b83ae2cb50993d49] 10.0.0.226 "DELETE /resource_providers/57f673cb-0e4b-443b-ae92-beaea982f4d9" status: 404 len: 246 microversion: 1.1 [pid: 9|app: 0|req: 420/843] 10.0.0.226 () {34 vars in 816 bytes} [Thu Jul 2 01:28:43 2026] DELETE /resource_providers/57f673cb-0e4b-443b-ae92-beaea982f4d9 => generated 246 bytes in 8 msecs (HTTP/1.1 404) 6 headers in 231 bytes (1 switches on core 0)
2026-07-02 01:28:43.444 8 INFO placement.requestlog [None req-445f4225-da04-47d0-888a-dec13c0e3738 c72acaee8dec45ee9303926af7325044 8c71cd8d41f24ab68420fbe36ac9f868 - - ced19b38c93f49e5b83ae2cb50993d49 ced19b38c93f49e5b83ae2cb50993d49] 10.0.0.226 "DELETE /resource_providers/57f673cb-0e4b-443b-ae92-beaea982f4d9" status: 404 len: 246 microversion: 1.1 [pid: 8|app: 0|req: 424/844] 10.0.0.226 () {34 vars in 816 bytes} [Thu Jul 2 01:28:43 2026] DELETE /resource_providers/57f673cb-0e4b-443b-ae92-beaea982f4d9 => generated 246 bytes in 10 msecs (HTTP/1.1 404) 6 headers in 231 bytes (1 switches on core 0)
2026-07-02 01:28:43.472 9 INFO placement.requestlog [None req-f5c0d229-3f16-477a-b580-054b9a861b24 c72acaee8dec45ee9303926af7325044 8c71cd8d41f24ab68420fbe36ac9f868 - - ced19b38c93f49e5b83ae2cb50993d49 ced19b38c93f49e5b83ae2cb50993d49] 10.0.0.226 "GET /resource_providers/ae53cbb7-51c5-4a57-a7f4-bc1f3d906bad/aggregates" status: 404 len: 235 microversion: 1.1 [pid: 9|app: 0|req: 421/845] 10.0.0.226 () {32 vars in 816 bytes} [Thu Jul 2 01:28:43 2026] GET /resource_providers/ae53cbb7-51c5-4a57-a7f4-bc1f3d906bad/aggregates => generated 235 bytes in 8 msecs (HTTP/1.1 404) 5 headers in 202 bytes (1 switches on core 0)
2026-07-02 01:28:43.475 8 INFO placement.requestlog [None req-3c56083f-9e76-4f2e-8949-0ba1a22372c2 c72acaee8dec45ee9303926af7325044 8c71cd8d41f24ab68420fbe36ac9f868 - - ced19b38c93f49e5b83ae2cb50993d49 ced19b38c93f49e5b83ae2cb50993d49] 10.0.0.226 "GET /resource_providers/ae53cbb7-51c5-4a57-a7f4-bc1f3d906bad/aggregates" status: 404 len: 235 microversion: 1.1 [pid: 8|app: 0|req: 425/846] 10.0.0.226 () {32 vars in 816 bytes} [Thu Jul 2 01:28:43 2026] GET /resource_providers/ae53cbb7-51c5-4a57-a7f4-bc1f3d906bad/aggregates => generated 235 bytes in 10 msecs (HTTP/1.1 404) 5 headers in 202 bytes (1 switches on core 0)
2026-07-02 01:28:43.489 9 INFO placement.requestlog [None req-ffdd2ed4-3fad-4936-a2bc-e63181d20e63 c72acaee8dec45ee9303926af7325044 8c71cd8d41f24ab68420fbe36ac9f868 - - ced19b38c93f49e5b83ae2cb50993d49 ced19b38c93f49e5b83ae2cb50993d49] 10.0.0.226 "DELETE /resource_providers/ae53cbb7-51c5-4a57-a7f4-bc1f3d906bad" status: 404 len: 246 microversion: 1.1 [pid: 9|app: 0|req: 422/847] 10.0.0.226 () {34 vars in 816 bytes} [Thu Jul 2 01:28:43 2026] DELETE /resource_providers/ae53cbb7-51c5-4a57-a7f4-bc1f3d906bad => generated 246 bytes in 7 msecs (HTTP/1.1 404) 6 headers in 231 bytes (1 switches on core 0)
2026-07-02 01:28:43.492 8 INFO placement.requestlog [None req-765c5d28-e142-49ef-8078-6bc788cae24f c72acaee8dec45ee9303926af7325044 8c71cd8d41f24ab68420fbe36ac9f868 - - ced19b38c93f49e5b83ae2cb50993d49 ced19b38c93f49e5b83ae2cb50993d49] 10.0.0.226 "DELETE /resource_providers/ae53cbb7-51c5-4a57-a7f4-bc1f3d906bad" status: 404 len: 246 microversion: 1.1 [pid: 8|app: 0|req: 426/848] 10.0.0.226 () {34 vars in 816 bytes} [Thu Jul 2 01:28:43 2026] DELETE /resource_providers/ae53cbb7-51c5-4a57-a7f4-bc1f3d906bad => generated 246 bytes in 10 msecs (HTTP/1.1 404) 6 headers in 231 bytes (1 switches on core 0)
2026-07-02 01:28:43.517 9 INFO placement.requestlog [None req-45d07bed-0a22-43c1-8599-baf4fbf8e519 c72acaee8dec45ee9303926af7325044 8c71cd8d41f24ab68420fbe36ac9f868 - - ced19b38c93f49e5b83ae2cb50993d49 ced19b38c93f49e5b83ae2cb50993d49] 10.0.0.226 "GET /resource_providers/b312fd53-0340-4bd0-b368-94eaac2a6104/aggregates" status: 404 len: 235 microversion: 1.1 [pid: 9|app: 0|req: 423/849] 10.0.0.226 () {32 vars in 816 bytes} [Thu Jul 2 01:28:43 2026] GET /resource_providers/b312fd53-0340-4bd0-b368-94eaac2a6104/aggregates => generated 235 bytes in 14 msecs (HTTP/1.1 404) 5 headers in 202 bytes (1 switches on core 0)
2026-07-02 01:28:43.519 8 INFO placement.requestlog [None req-f7dfe43e-dae3-4d37-8d9f-bbafe2689fb1 c72acaee8dec45ee9303926af7325044 8c71cd8d41f24ab68420fbe36ac9f868 - - ced19b38c93f49e5b83ae2cb50993d49 ced19b38c93f49e5b83ae2cb50993d49] 10.0.0.226 "GET /resource_providers/b312fd53-0340-4bd0-b368-94eaac2a6104/aggregates" status: 404 len: 235 microversion: 1.1 [pid: 8|app: 0|req: 427/850] 10.0.0.226 () {32 vars in 816 bytes} [Thu Jul 2 01:28:43 2026] GET /resource_providers/b312fd53-0340-4bd0-b368-94eaac2a6104/aggregates => generated 235 bytes in 16 msecs (HTTP/1.1 404) 5 headers in 202 bytes (1 switches on core 0)
2026-07-02 01:28:43.545 8 INFO placement.requestlog [None req-23ed0b76-bad3-4b7f-bcc7-70b1dcdb5e13 c72acaee8dec45ee9303926af7325044 8c71cd8d41f24ab68420fbe36ac9f868 - - ced19b38c93f49e5b83ae2cb50993d49 ced19b38c93f49e5b83ae2cb50993d49] 10.0.0.226 "DELETE /resource_providers/b312fd53-0340-4bd0-b368-94eaac2a6104" status: 404 len: 246 microversion: 1.1 [pid: 8|app: 0|req: 428/851] 10.0.0.226 () {34 vars in 816 bytes} [Thu Jul 2 01:28:43 2026] DELETE /resource_providers/b312fd53-0340-4bd0-b368-94eaac2a6104 => generated 246 bytes in 13 msecs (HTTP/1.1 404) 6 headers in 231 bytes (1 switches on core 0)
2026-07-02 01:28:43.552 9 INFO placement.requestlog [None req-d28efc8b-0a7e-43f8-950c-9e9e47908858 c72acaee8dec45ee9303926af7325044 8c71cd8d41f24ab68420fbe36ac9f868 - - ced19b38c93f49e5b83ae2cb50993d49 ced19b38c93f49e5b83ae2cb50993d49] 10.0.0.226 "DELETE /resource_providers/b312fd53-0340-4bd0-b368-94eaac2a6104" status: 404 len: 246 microversion: 1.1 [pid: 9|app: 0|req: 424/852] 10.0.0.226 () {34 vars in 816 bytes} [Thu Jul 2 01:28:43 2026] DELETE /resource_providers/b312fd53-0340-4bd0-b368-94eaac2a6104 => generated 246 bytes in 21 msecs (HTTP/1.1 404) 6 headers in 231 bytes (1 switches on core 0)
2026-07-02 01:28:43.585 8 INFO placement.requestlog [req-7c185e7b-96e2-4458-a7ad-02670c90eba8 req-8125ae8b-2ed7-415b-8ce4-bcfd7fb7a861 c006f5d6c041462c97ff3971e34492aa 8c71cd8d41f24ab68420fbe36ac9f868 - - ced19b38c93f49e5b83ae2cb50993d49 ced19b38c93f49e5b83ae2cb50993d49] 199.204.45.3 "GET /allocations/09de8552-20b4-4f79-9e63-835ee7cc996c" status: 200 len: 258 microversion: 1.28 [pid: 8|app: 0|req: 429/853] 199.204.45.3 () {34 vars in 861 bytes} [Thu Jul 2 01:28:43 2026] GET /allocations/09de8552-20b4-4f79-9e63-835ee7cc996c => generated 258 bytes in 14 msecs (HTTP/1.1 200) 8 headers in 296 bytes (1 switches on core 0)
2026-07-02 01:28:43.677 9 INFO placement.requestlog [req-7c185e7b-96e2-4458-a7ad-02670c90eba8 req-b63fa90b-b17f-4277-b8ef-5c7e9dae0358 c006f5d6c041462c97ff3971e34492aa 8c71cd8d41f24ab68420fbe36ac9f868 - - ced19b38c93f49e5b83ae2cb50993d49 ced19b38c93f49e5b83ae2cb50993d49] 199.204.45.3 "GET /resource_providers/fca10694-553e-43a9-b5b4-5f6b4382ff56/allocations" status: 200 len: 253 microversion: 1.0 [pid: 9|app: 0|req: 425/854] 199.204.45.3 () {32 vars in 855 bytes} [Thu Jul 2 01:28:43 2026] GET /resource_providers/fca10694-553e-43a9-b5b4-5f6b4382ff56/allocations => generated 253 bytes in 14 msecs (HTTP/1.1 200) 6 headers in 224 bytes (1 switches on core 0)
2026-07-02 01:28:43.702 8 INFO placement.requestlog [req-7c185e7b-96e2-4458-a7ad-02670c90eba8 req-8a7e9e52-f7f3-4c32-b4ed-86b6cf910ebc c006f5d6c041462c97ff3971e34492aa 8c71cd8d41f24ab68420fbe36ac9f868 - - ced19b38c93f49e5b83ae2cb50993d49 ced19b38c93f49e5b83ae2cb50993d49] 199.204.45.3 "GET /allocations/09de8552-20b4-4f79-9e63-835ee7cc996c" status: 200 len: 258 microversion: 1.28 [pid: 8|app: 0|req: 430/855] 199.204.45.3 () {34 vars in 861 bytes} [Thu Jul 2 01:28:43 2026] GET /allocations/09de8552-20b4-4f79-9e63-835ee7cc996c => generated 258 bytes in 18 msecs (HTTP/1.1 200) 8 headers in 296 bytes (1 switches on core 0)
2026-07-02 01:28:43.720 9 INFO placement.requestlog [req-7c185e7b-96e2-4458-a7ad-02670c90eba8 req-c0c87693-10c4-4272-bdc7-7c68964c4b71 c006f5d6c041462c97ff3971e34492aa 8c71cd8d41f24ab68420fbe36ac9f868 - - ced19b38c93f49e5b83ae2cb50993d49 ced19b38c93f49e5b83ae2cb50993d49] 199.204.45.3 "GET /allocations/39820596-b2e5-48d9-8830-a8551d941c05" status: 200 len: 258 microversion: 1.28 [pid: 9|app: 0|req: 426/856] 199.204.45.3 () {34 vars in 861 bytes} [Thu Jul 2 01:28:43 2026] GET /allocations/39820596-b2e5-48d9-8830-a8551d941c05 => generated 258 bytes in 11 msecs (HTTP/1.1 200) 8 headers in 296 bytes (1 switches on core 0)
2026-07-02 01:28:44.150 8 INFO placement.requestlog [None req-461dc7fc-ae94-4ddf-8a52-10cd0ac4bb06 - - - - - -] 10.0.0.140 "GET /" status: 200 len: 136 microversion: 1.0
2026-07-02 01:28:44.158 9 INFO placement.requestlog [None req-95b4068c-6f23-4965-b089-c682c26142e3 - - - - - -] 10.0.0.140 "GET /" status: 200 len: 136 microversion: 1.0
2026-07-02 01:28:44.997 8 INFO placement.requestlog [None req-badb9c4c-36d8-4d06-ad1f-9a6d13819c46 c72acaee8dec45ee9303926af7325044 8c71cd8d41f24ab68420fbe36ac9f868 - - ced19b38c93f49e5b83ae2cb50993d49 ced19b38c93f49e5b83ae2cb50993d49] 10.0.0.226 "GET /resource_providers/575f0d61-0869-45d2-b53e-315abacf561c/aggregates" status: 404 len: 235 microversion: 1.1 [pid: 8|app: 0|req: 432/859] 10.0.0.226 () {32 vars in 816 bytes} [Thu Jul 2 01:28:44 2026] GET /resource_providers/575f0d61-0869-45d2-b53e-315abacf561c/aggregates => generated 235 bytes in 11 msecs (HTTP/1.1 404) 5 headers in 202 bytes (1 switches on core 0)
2026-07-02 01:28:45.007 9 INFO placement.requestlog [None req-9eabe5d2-f589-4d0b-8608-ee18f675ddb6 c72acaee8dec45ee9303926af7325044 8c71cd8d41f24ab68420fbe36ac9f868 - - ced19b38c93f49e5b83ae2cb50993d49 ced19b38c93f49e5b83ae2cb50993d49] 10.0.0.226 "GET /resource_providers/575f0d61-0869-45d2-b53e-315abacf561c/aggregates" status: 404 len: 235 microversion: 1.1 [pid: 9|app: 0|req: 428/860] 10.0.0.226 () {32 vars in 816 bytes} [Thu Jul 2 01:28:44 2026] GET /resource_providers/575f0d61-0869-45d2-b53e-315abacf561c/aggregates => generated 235 bytes in 15 msecs (HTTP/1.1 404) 5 headers in 202 bytes (1 switches on core 0)
2026-07-02 01:28:45.025 8 INFO placement.requestlog [None req-db1d1edb-a184-4ebd-b523-d4437e1c1426 c72acaee8dec45ee9303926af7325044 8c71cd8d41f24ab68420fbe36ac9f868 - - ced19b38c93f49e5b83ae2cb50993d49 ced19b38c93f49e5b83ae2cb50993d49] 10.0.0.226 "DELETE /resource_providers/575f0d61-0869-45d2-b53e-315abacf561c" status: 404 len: 246 microversion: 1.1 [pid: 8|app: 0|req: 433/861] 10.0.0.226 () {34 vars in 816 bytes} [Thu Jul 2 01:28:45 2026] DELETE /resource_providers/575f0d61-0869-45d2-b53e-315abacf561c => generated 246 bytes in 11 msecs (HTTP/1.1 404) 6 headers in 231 bytes (1 switches on core 0)
2026-07-02 01:28:45.033 9 INFO placement.requestlog [None req-493cd38e-84e5-4484-8f1f-2ad9851c399a c72acaee8dec45ee9303926af7325044 8c71cd8d41f24ab68420fbe36ac9f868 - - ced19b38c93f49e5b83ae2cb50993d49 ced19b38c93f49e5b83ae2cb50993d49] 10.0.0.226 "DELETE /resource_providers/575f0d61-0869-45d2-b53e-315abacf561c" status: 404 len: 246 microversion: 1.1 [pid: 9|app: 0|req: 429/862] 10.0.0.226 () {34 vars in 816 bytes} [Thu Jul 2 01:28:45 2026] DELETE /resource_providers/575f0d61-0869-45d2-b53e-315abacf561c => generated 246 bytes in 9 msecs (HTTP/1.1 404) 6 headers in 231 bytes (1 switches on core 0)
2026-07-02 01:28:45.568 8 INFO placement.requestlog [None req-29dbfbae-fbfa-490e-b419-cad1ec4fe1f3 c72acaee8dec45ee9303926af7325044 8c71cd8d41f24ab68420fbe36ac9f868 - - ced19b38c93f49e5b83ae2cb50993d49 ced19b38c93f49e5b83ae2cb50993d49] 10.0.0.226 "GET /resource_providers/a057d389-cccb-46ab-a4da-4fdc12053376/aggregates" status: 404 len: 235 microversion: 1.1 [pid: 8|app: 0|req: 434/863] 10.0.0.226 () {32 vars in 816 bytes} [Thu Jul 2 01:28:45 2026] GET /resource_providers/a057d389-cccb-46ab-a4da-4fdc12053376/aggregates => generated 235 bytes in 11 msecs (HTTP/1.1 404) 5 headers in 202 bytes (1 switches on core 0)
2026-07-02 01:28:45.600 9 INFO placement.requestlog [None req-d11caa77-03b3-4527-b733-2e72382eb8d4 c72acaee8dec45ee9303926af7325044 8c71cd8d41f24ab68420fbe36ac9f868 - - ced19b38c93f49e5b83ae2cb50993d49 ced19b38c93f49e5b83ae2cb50993d49] 10.0.0.226 "GET /resource_providers/a057d389-cccb-46ab-a4da-4fdc12053376/aggregates" status: 404 len: 235 microversion: 1.1 [pid: 9|app: 0|req: 430/864] 10.0.0.226 () {32 vars in 816 bytes} [Thu Jul 2 01:28:45 2026] GET /resource_providers/a057d389-cccb-46ab-a4da-4fdc12053376/aggregates => generated 235 bytes in 14 msecs (HTTP/1.1 404) 5 headers in 202 bytes (1 switches on core 0)
2026-07-02 01:28:45.603 8 INFO placement.requestlog [None req-a8afad32-1890-43c9-a094-c4e279eb96de c72acaee8dec45ee9303926af7325044 8c71cd8d41f24ab68420fbe36ac9f868 - - ced19b38c93f49e5b83ae2cb50993d49 ced19b38c93f49e5b83ae2cb50993d49] 10.0.0.226 "DELETE /resource_providers/a057d389-cccb-46ab-a4da-4fdc12053376" status: 404 len: 246 microversion: 1.1 [pid: 8|app: 0|req: 435/865] 10.0.0.226 () {34 vars in 816 bytes} [Thu Jul 2 01:28:45 2026] DELETE /resource_providers/a057d389-cccb-46ab-a4da-4fdc12053376 => generated 246 bytes in 13 msecs (HTTP/1.1 404) 6 headers in 231 bytes (1 switches on core 0)
2026-07-02 01:28:45.617 9 INFO placement.requestlog [None req-4d1a0541-8320-4b58-9189-0ac599c6ef97 c72acaee8dec45ee9303926af7325044 8c71cd8d41f24ab68420fbe36ac9f868 - - ced19b38c93f49e5b83ae2cb50993d49 ced19b38c93f49e5b83ae2cb50993d49] 10.0.0.226 "DELETE /resource_providers/a057d389-cccb-46ab-a4da-4fdc12053376" status: 404 len: 246 microversion: 1.1 [pid: 9|app: 0|req: 431/866] 10.0.0.226 () {34 vars in 816 bytes} [Thu Jul 2 01:28:45 2026] DELETE /resource_providers/a057d389-cccb-46ab-a4da-4fdc12053376 => generated 246 bytes in 8 msecs (HTTP/1.1 404) 6 headers in 231 bytes (1 switches on core 0)
2026-07-02 01:28:45.631 9 INFO placement.requestlog [None req-64a54da5-6b6d-4ea9-a75a-933cf15536bd c72acaee8dec45ee9303926af7325044 8c71cd8d41f24ab68420fbe36ac9f868 - - ced19b38c93f49e5b83ae2cb50993d49 ced19b38c93f49e5b83ae2cb50993d49] 10.0.0.226 "GET /resource_providers/768d80cb-3c29-4951-a626-b00bcef57e9e/aggregates" status: 404 len: 235 microversion: 1.1 [pid: 9|app: 0|req: 432/867] 10.0.0.226 () {32 vars in 816 bytes} [Thu Jul 2 01:28:45 2026] GET /resource_providers/768d80cb-3c29-4951-a626-b00bcef57e9e/aggregates => generated 235 bytes in 7 msecs (HTTP/1.1 404) 5 headers in 202 bytes (1 switches on core 0)
2026-07-02 01:28:45.632 8 INFO placement.requestlog [None req-b8c4d5f0-ca56-4c71-88b3-8462dfd3aba4 c72acaee8dec45ee9303926af7325044 8c71cd8d41f24ab68420fbe36ac9f868 - - ced19b38c93f49e5b83ae2cb50993d49 ced19b38c93f49e5b83ae2cb50993d49] 10.0.0.226 "GET /resource_providers/768d80cb-3c29-4951-a626-b00bcef57e9e/aggregates" status: 404 len: 235 microversion: 1.1 [pid: 8|app: 0|req: 436/868] 10.0.0.226 () {32 vars in 816 bytes} [Thu Jul 2 01:28:45 2026] GET /resource_providers/768d80cb-3c29-4951-a626-b00bcef57e9e/aggregates => generated 235 bytes in 16 msecs (HTTP/1.1 404) 5 headers in 202 bytes (1 switches on core 0)
2026-07-02 01:28:45.645 9 INFO placement.requestlog [None req-523e8ab8-d178-406f-af20-f51f404d6b13 c72acaee8dec45ee9303926af7325044 8c71cd8d41f24ab68420fbe36ac9f868 - - ced19b38c93f49e5b83ae2cb50993d49 ced19b38c93f49e5b83ae2cb50993d49] 10.0.0.226 "DELETE /resource_providers/768d80cb-3c29-4951-a626-b00bcef57e9e" status: 404 len: 246 microversion: 1.1 [pid: 9|app: 0|req: 433/869] 10.0.0.226 () {34 vars in 816 bytes} [Thu Jul 2 01:28:45 2026] DELETE /resource_providers/768d80cb-3c29-4951-a626-b00bcef57e9e => generated 246 bytes in 7 msecs (HTTP/1.1 404) 6 headers in 231 bytes (1 switches on core 0)
2026-07-02 01:28:45.657 8 INFO placement.requestlog [None req-8499db40-8ec6-4d8c-8e0f-930a0b9c860b c72acaee8dec45ee9303926af7325044 8c71cd8d41f24ab68420fbe36ac9f868 - - ced19b38c93f49e5b83ae2cb50993d49 ced19b38c93f49e5b83ae2cb50993d49] 10.0.0.226 "DELETE /resource_providers/768d80cb-3c29-4951-a626-b00bcef57e9e" status: 404 len: 246 microversion: 1.1 [pid: 8|app: 0|req: 437/870] 10.0.0.226 () {34 vars in 816 bytes} [Thu Jul 2 01:28:45 2026] DELETE /resource_providers/768d80cb-3c29-4951-a626-b00bcef57e9e => generated 246 bytes in 13 msecs (HTTP/1.1 404) 6 headers in 231 bytes (1 switches on core 0)
2026-07-02 01:28:47.985 9 INFO placement.requestlog [req-40fb0149-358d-4c29-bf9e-72dc14548bf4 req-e3d7eeeb-f07d-41c8-bd2b-55c56d4d1e79 c006f5d6c041462c97ff3971e34492aa 8c71cd8d41f24ab68420fbe36ac9f868 - - ced19b38c93f49e5b83ae2cb50993d49 ced19b38c93f49e5b83ae2cb50993d49] 199.204.45.3 "GET /resource_providers/fca10694-553e-43a9-b5b4-5f6b4382ff56/allocations" status: 200 len: 253 microversion: 1.0 [pid: 9|app: 0|req: 434/871] 199.204.45.3 () {32 vars in 855 bytes} [Thu Jul 2 01:28:47 2026] GET /resource_providers/fca10694-553e-43a9-b5b4-5f6b4382ff56/allocations => generated 253 bytes in 16 msecs (HTTP/1.1 200) 6 headers in 224 bytes (1 switches on core 0)
2026-07-02 01:28:48.012 8 INFO placement.requestlog [req-40fb0149-358d-4c29-bf9e-72dc14548bf4 req-5df04664-662a-4b3e-ab43-d32417783180 c006f5d6c041462c97ff3971e34492aa 8c71cd8d41f24ab68420fbe36ac9f868 - - ced19b38c93f49e5b83ae2cb50993d49 ced19b38c93f49e5b83ae2cb50993d49] 199.204.45.3 "GET /resource_providers/fca10694-553e-43a9-b5b4-5f6b4382ff56/allocations" status: 200 len: 253 microversion: 1.0 [pid: 8|app: 0|req: 438/872] 199.204.45.3 () {32 vars in 855 bytes} [Thu Jul 2 01:28:47 2026] GET /resource_providers/fca10694-553e-43a9-b5b4-5f6b4382ff56/allocations => generated 253 bytes in 15 msecs (HTTP/1.1 200) 6 headers in 224 bytes (1 switches on core 0)
2026-07-02 01:28:48.034 9 INFO placement.requestlog [req-40fb0149-358d-4c29-bf9e-72dc14548bf4 req-b30fb9d3-42c1-4c8b-a309-580692f109b4 c006f5d6c041462c97ff3971e34492aa 8c71cd8d41f24ab68420fbe36ac9f868 - - ced19b38c93f49e5b83ae2cb50993d49 ced19b38c93f49e5b83ae2cb50993d49] 199.204.45.3 "GET /allocations/09de8552-20b4-4f79-9e63-835ee7cc996c" status: 200 len: 258 microversion: 1.28 [pid: 9|app: 0|req: 435/873] 199.204.45.3 () {34 vars in 861 bytes} [Thu Jul 2 01:28:48 2026] GET /allocations/09de8552-20b4-4f79-9e63-835ee7cc996c => generated 258 bytes in 14 msecs (HTTP/1.1 200) 8 headers in 296 bytes (1 switches on core 0)
2026-07-02 01:28:48.057 8 INFO placement.requestlog [req-40fb0149-358d-4c29-bf9e-72dc14548bf4 req-f9eab046-53cf-40e3-a6a7-f48c34fecbcf c006f5d6c041462c97ff3971e34492aa 8c71cd8d41f24ab68420fbe36ac9f868 - - ced19b38c93f49e5b83ae2cb50993d49 ced19b38c93f49e5b83ae2cb50993d49] 199.204.45.3 "GET /allocations/39820596-b2e5-48d9-8830-a8551d941c05" status: 200 len: 258 microversion: 1.28 [pid: 8|app: 0|req: 439/874] 199.204.45.3 () {34 vars in 861 bytes} [Thu Jul 2 01:28:48 2026] GET /allocations/39820596-b2e5-48d9-8830-a8551d941c05 => generated 258 bytes in 14 msecs (HTTP/1.1 200) 8 headers in 296 bytes (1 switches on core 0)
2026-07-02 01:28:50.675 8 INFO placement.requestlog [None req-f12e5926-27be-46ff-8d43-46d3c21c4d7c c72acaee8dec45ee9303926af7325044 8c71cd8d41f24ab68420fbe36ac9f868 - - ced19b38c93f49e5b83ae2cb50993d49 ced19b38c93f49e5b83ae2cb50993d49] 10.0.0.226 "GET /resource_providers/c00c70c3-095c-4f39-8193-5742ab6c61c5/aggregates" status: 404 len: 235 microversion: 1.1 [pid: 8|app: 0|req: 440/875] 10.0.0.226 () {32 vars in 816 bytes} [Thu Jul 2 01:28:50 2026] GET /resource_providers/c00c70c3-095c-4f39-8193-5742ab6c61c5/aggregates => generated 235 bytes in 9 msecs (HTTP/1.1 404) 5 headers in 202 bytes (1 switches on core 0)
2026-07-02 01:28:50.676 9 INFO placement.requestlog [None req-edfb1248-08b9-414a-8835-7983266fb36a c72acaee8dec45ee9303926af7325044 8c71cd8d41f24ab68420fbe36ac9f868 - - ced19b38c93f49e5b83ae2cb50993d49 ced19b38c93f49e5b83ae2cb50993d49] 10.0.0.226 "GET /resource_providers/c00c70c3-095c-4f39-8193-5742ab6c61c5/aggregates" status: 404 len: 235 microversion: 1.1 [pid: 9|app: 0|req: 436/876] 10.0.0.226 () {32 vars in 816 bytes} [Thu Jul 2 01:28:50 2026] GET /resource_providers/c00c70c3-095c-4f39-8193-5742ab6c61c5/aggregates => generated 235 bytes in 11 msecs (HTTP/1.1 404) 5 headers in 202 bytes (1 switches on core 0)
2026-07-02 01:28:50.688 8 INFO placement.requestlog [None req-23411dda-df2d-439e-9e8a-9f394666d605 c72acaee8dec45ee9303926af7325044 8c71cd8d41f24ab68420fbe36ac9f868 - - ced19b38c93f49e5b83ae2cb50993d49 ced19b38c93f49e5b83ae2cb50993d49] 10.0.0.226 "DELETE /resource_providers/c00c70c3-095c-4f39-8193-5742ab6c61c5" status: 404 len: 246 microversion: 1.1 [pid: 8|app: 0|req: 441/877] 10.0.0.226 () {34 vars in 816 bytes} [Thu Jul 2 01:28:50 2026] DELETE /resource_providers/c00c70c3-095c-4f39-8193-5742ab6c61c5 => generated 246 bytes in 7 msecs (HTTP/1.1 404) 6 headers in 231 bytes (1 switches on core 0)
2026-07-02 01:28:50.695 9 INFO placement.requestlog [None req-c85586c0-c753-48b0-b2ed-db040d0a111e c72acaee8dec45ee9303926af7325044 8c71cd8d41f24ab68420fbe36ac9f868 - - ced19b38c93f49e5b83ae2cb50993d49 ced19b38c93f49e5b83ae2cb50993d49] 10.0.0.226 "DELETE /resource_providers/c00c70c3-095c-4f39-8193-5742ab6c61c5" status: 404 len: 246 microversion: 1.1 [pid: 9|app: 0|req: 437/878] 10.0.0.226 () {34 vars in 816 bytes} [Thu Jul 2 01:28:50 2026] DELETE /resource_providers/c00c70c3-095c-4f39-8193-5742ab6c61c5 => generated 246 bytes in 8 msecs (HTTP/1.1 404) 6 headers in 231 bytes (1 switches on core 0)
2026-07-02 01:28:52.713 8 INFO placement.requestlog [None req-c62c4c0b-3edf-40b2-aa8b-c36ca6b4350c c72acaee8dec45ee9303926af7325044 8c71cd8d41f24ab68420fbe36ac9f868 - - ced19b38c93f49e5b83ae2cb50993d49 ced19b38c93f49e5b83ae2cb50993d49] 10.0.0.226 "GET /resource_providers/30b46f61-21eb-447b-9985-10d914529d18/aggregates" status: 404 len: 235 microversion: 1.1 [pid: 8|app: 0|req: 442/879] 10.0.0.226 () {32 vars in 816 bytes} [Thu Jul 2 01:28:52 2026] GET /resource_providers/30b46f61-21eb-447b-9985-10d914529d18/aggregates => generated 235 bytes in 12 msecs (HTTP/1.1 404) 5 headers in 202 bytes (1 switches on core 0)
2026-07-02 01:28:52.740 9 INFO placement.requestlog [None req-3389caa2-15ec-4094-9393-0f14a87e2bc1 c72acaee8dec45ee9303926af7325044 8c71cd8d41f24ab68420fbe36ac9f868 - - ced19b38c93f49e5b83ae2cb50993d49 ced19b38c93f49e5b83ae2cb50993d49] 10.0.0.226 "GET /resource_providers/30b46f61-21eb-447b-9985-10d914529d18/aggregates" status: 404 len: 235 microversion: 1.1 [pid: 9|app: 0|req: 438/880] 10.0.0.226 () {32 vars in 816 bytes} [Thu Jul 2 01:28:52 2026] GET /resource_providers/30b46f61-21eb-447b-9985-10d914529d18/aggregates => generated 235 bytes in 34 msecs (HTTP/1.1 404) 5 headers in 202 bytes (1 switches on core 0)
2026-07-02 01:28:52.744 8 INFO placement.requestlog [None req-bdc3def9-4eb7-4d13-acfb-443e1050ad0c c72acaee8dec45ee9303926af7325044 8c71cd8d41f24ab68420fbe36ac9f868 - - ced19b38c93f49e5b83ae2cb50993d49 ced19b38c93f49e5b83ae2cb50993d49] 10.0.0.226 "DELETE /resource_providers/30b46f61-21eb-447b-9985-10d914529d18" status: 404 len: 246 microversion: 1.1 [pid: 8|app: 0|req: 443/881] 10.0.0.226 () {34 vars in 816 bytes} [Thu Jul 2 01:28:52 2026] DELETE /resource_providers/30b46f61-21eb-447b-9985-10d914529d18 => generated 246 bytes in 9 msecs (HTTP/1.1 404) 6 headers in 231 bytes (1 switches on core 0)
2026-07-02 01:28:52.756 9 INFO placement.requestlog [None req-510e294b-5987-4392-a1ef-8ae954fb23c2 c72acaee8dec45ee9303926af7325044 8c71cd8d41f24ab68420fbe36ac9f868 - - ced19b38c93f49e5b83ae2cb50993d49 ced19b38c93f49e5b83ae2cb50993d49] 10.0.0.226 "DELETE /resource_providers/30b46f61-21eb-447b-9985-10d914529d18" status: 404 len: 246 microversion: 1.1 [pid: 9|app: 0|req: 439/882] 10.0.0.226 () {34 vars in 816 bytes} [Thu Jul 2 01:28:52 2026] DELETE /resource_providers/30b46f61-21eb-447b-9985-10d914529d18 => generated 246 bytes in 9 msecs (HTTP/1.1 404) 6 headers in 231 bytes (1 switches on core 0)
2026-07-02 01:28:54.150 8 INFO placement.requestlog [None req-20b03766-1081-49e8-91b8-f38a241eb3c2 - - - - - -] 10.0.0.140 "GET /" status: 200 len: 136 microversion: 1.0
2026-07-02 01:28:54.150 9 INFO placement.requestlog [None req-31ff5b42-c7dc-4b93-8f26-ab6a73862c5b - - - - - -] 10.0.0.140 "GET /" status: 200 len: 136 microversion: 1.0
2026-07-02 01:28:56.750 8 INFO placement.requestlog [None req-b2da07a0-66b3-456f-9e47-c88f21dac98e c72acaee8dec45ee9303926af7325044 8c71cd8d41f24ab68420fbe36ac9f868 - - ced19b38c93f49e5b83ae2cb50993d49 ced19b38c93f49e5b83ae2cb50993d49] 10.0.0.226 "GET /resource_providers/3627d905-c28a-4699-8bfe-eda53b1ca359/aggregates" status: 404 len: 235 microversion: 1.1 [pid: 8|app: 0|req: 445/885] 10.0.0.226 () {32 vars in 816 bytes} [Thu Jul 2 01:28:56 2026] GET /resource_providers/3627d905-c28a-4699-8bfe-eda53b1ca359/aggregates => generated 235 bytes in 7 msecs (HTTP/1.1 404) 5 headers in 202 bytes (1 switches on core 0)
2026-07-02 01:28:56.754 9 INFO placement.requestlog [None req-d429ea89-83cc-45f9-9d04-59bd3fd64025 c72acaee8dec45ee9303926af7325044 8c71cd8d41f24ab68420fbe36ac9f868 - - ced19b38c93f49e5b83ae2cb50993d49 ced19b38c93f49e5b83ae2cb50993d49] 10.0.0.226 "GET /resource_providers/3627d905-c28a-4699-8bfe-eda53b1ca359/aggregates" status: 404 len: 235 microversion: 1.1 [pid: 9|app: 0|req: 441/886] 10.0.0.226 () {32 vars in 816 bytes} [Thu Jul 2 01:28:56 2026] GET /resource_providers/3627d905-c28a-4699-8bfe-eda53b1ca359/aggregates => generated 235 bytes in 11 msecs (HTTP/1.1 404) 5 headers in 202 bytes (1 switches on core 0)
2026-07-02 01:28:56.783 8 INFO placement.requestlog [None req-20016a12-d499-49f9-a577-a4b2af0aed60 c72acaee8dec45ee9303926af7325044 8c71cd8d41f24ab68420fbe36ac9f868 - - ced19b38c93f49e5b83ae2cb50993d49 ced19b38c93f49e5b83ae2cb50993d49] 10.0.0.226 "DELETE /resource_providers/3627d905-c28a-4699-8bfe-eda53b1ca359" status: 404 len: 246 microversion: 1.1 [pid: 8|app: 0|req: 446/887] 10.0.0.226 () {34 vars in 816 bytes} [Thu Jul 2 01:28:56 2026] DELETE /resource_providers/3627d905-c28a-4699-8bfe-eda53b1ca359 => generated 246 bytes in 7 msecs (HTTP/1.1 404) 6 headers in 231 bytes (1 switches on core 0)
2026-07-02 01:28:56.788 9 INFO placement.requestlog [None req-5a2007ea-0ad4-4b36-a7af-064e12f321d5 c72acaee8dec45ee9303926af7325044 8c71cd8d41f24ab68420fbe36ac9f868 - - ced19b38c93f49e5b83ae2cb50993d49 ced19b38c93f49e5b83ae2cb50993d49] 10.0.0.226 "DELETE /resource_providers/3627d905-c28a-4699-8bfe-eda53b1ca359" status: 404 len: 246 microversion: 1.1 [pid: 9|app: 0|req: 442/888] 10.0.0.226 () {34 vars in 816 bytes} [Thu Jul 2 01:28:56 2026] DELETE /resource_providers/3627d905-c28a-4699-8bfe-eda53b1ca359 => generated 246 bytes in 12 msecs (HTTP/1.1 404) 6 headers in 231 bytes (1 switches on core 0)
2026-07-02 01:29:04.150 9 INFO placement.requestlog [None req-9f6c4f71-c0b1-4c20-aec0-cfca6f81249e - - - - - -] 10.0.0.140 "GET /" status: 200 len: 136 microversion: 1.0
2026-07-02 01:29:04.150 8 INFO placement.requestlog [None req-c13fdb68-bd2b-4f35-a0fe-ae119a48c904 - - - - - -] 10.0.0.140 "GET /" status: 200 len: 136 microversion: 1.0
2026-07-02 01:29:13.902 9 INFO placement.requestlog [req-6748247a-5972-4fd1-af14-608dd35f22e7 req-f88ebeb8-55a1-4f0e-8d73-f391492fbc58 c006f5d6c041462c97ff3971e34492aa 8c71cd8d41f24ab68420fbe36ac9f868 - - ced19b38c93f49e5b83ae2cb50993d49 ced19b38c93f49e5b83ae2cb50993d49] 10.0.0.113 "GET /allocation_candidates?limit=1000&resources=DISK_GB%3A1%2CMEMORY_MB%3A512%2CVCPU%3A1&root_required=%21COMPUTE_STATUS_DISABLED" status: 200 len: 2191 microversion: 1.36 [pid: 9|app: 0|req: 444/891] 10.0.0.113 () {34 vars in 1012 bytes} [Thu Jul 2 01:29:13 2026] GET /allocation_candidates?limit=1000&resources=DISK_GB%3A1%2CMEMORY_MB%3A512%2CVCPU%3A1&root_required=%21COMPUTE_STATUS_DISABLED => generated 2191 bytes in 135 msecs (HTTP/1.1 200) 8 headers in 297 bytes (1 switches on core 0)
2026-07-02 01:29:13.937 8 INFO placement.requestlog [req-6748247a-5972-4fd1-af14-608dd35f22e7 req-3713ca39-f43c-458a-add9-71cdfcc66248 c006f5d6c041462c97ff3971e34492aa 8c71cd8d41f24ab68420fbe36ac9f868 - - ced19b38c93f49e5b83ae2cb50993d49 ced19b38c93f49e5b83ae2cb50993d49] 10.0.0.113 "GET /allocations/d457e923-ad0c-4e75-bc58-1a78b354476b" status: 200 len: 19 microversion: 1.28 [pid: 8|app: 0|req: 448/892] 10.0.0.113 () {34 vars in 861 bytes} [Thu Jul 2 01:29:13 2026] GET /allocations/d457e923-ad0c-4e75-bc58-1a78b354476b => generated 19 bytes in 17 msecs (HTTP/1.1 200) 8 headers in 295 bytes (1 switches on core 0)
2026-07-02 01:29:14.016 9 INFO placement.requestlog [req-6748247a-5972-4fd1-af14-608dd35f22e7 req-ce01f83a-db0b-434e-bacb-454637a5b644 c006f5d6c041462c97ff3971e34492aa 8c71cd8d41f24ab68420fbe36ac9f868 - - ced19b38c93f49e5b83ae2cb50993d49 ced19b38c93f49e5b83ae2cb50993d49] 10.0.0.113 "PUT /allocations/d457e923-ad0c-4e75-bc58-1a78b354476b" status: 204 len: 0 microversion: 1.36 [pid: 9|app: 0|req: 445/893] 10.0.0.113 () {38 vars in 914 bytes} [Thu Jul 2 01:29:13 2026] PUT /allocations/d457e923-ad0c-4e75-bc58-1a78b354476b => generated 0 bytes in 71 msecs (HTTP/1.1 204) 5 headers in 199 bytes (1 switches on core 0)
2026-07-02 01:29:14.150 9 INFO placement.requestlog [None req-1675d33e-b912-4246-9db9-7456a4d1436c - - - - - -] 10.0.0.140 "GET /" status: 200 len: 136 microversion: 1.0
2026-07-02 01:29:14.150 8 INFO placement.requestlog [None req-ff4c9548-3b4d-4b5c-bc0a-455676336da9 - - - - - -] 10.0.0.140 "GET /" status: 200 len: 136 microversion: 1.0
2026-07-02 01:29:14.338 9 INFO placement.requestlog [req-6748247a-5972-4fd1-af14-608dd35f22e7 req-b17af0e8-70b8-4dfc-b9c4-ccfa55f9f435 c006f5d6c041462c97ff3971e34492aa 8c71cd8d41f24ab68420fbe36ac9f868 - - ced19b38c93f49e5b83ae2cb50993d49 ced19b38c93f49e5b83ae2cb50993d49] 199.204.45.3 "GET /allocations/d457e923-ad0c-4e75-bc58-1a78b354476b" status: 200 len: 258 microversion: 1.28 [pid: 9|app: 0|req: 447/896] 199.204.45.3 () {34 vars in 861 bytes} [Thu Jul 2 01:29:14 2026] GET /allocations/d457e923-ad0c-4e75-bc58-1a78b354476b => generated 258 bytes in 20 msecs (HTTP/1.1 200) 8 headers in 296 bytes (1 switches on core 0)
2026-07-02 01:29:14.439 8 INFO placement.requestlog [req-6748247a-5972-4fd1-af14-608dd35f22e7 req-c71991f1-b94b-42c2-9c35-426ecf53fab8 c006f5d6c041462c97ff3971e34492aa 8c71cd8d41f24ab68420fbe36ac9f868 - - ced19b38c93f49e5b83ae2cb50993d49 ced19b38c93f49e5b83ae2cb50993d49] 199.204.45.3 "GET /resource_providers/fca10694-553e-43a9-b5b4-5f6b4382ff56/allocations" status: 200 len: 353 microversion: 1.0 [pid: 8|app: 0|req: 450/897] 199.204.45.3 () {32 vars in 855 bytes} [Thu Jul 2 01:29:14 2026] GET /resource_providers/fca10694-553e-43a9-b5b4-5f6b4382ff56/allocations => generated 353 bytes in 16 msecs (HTTP/1.1 200) 6 headers in 224 bytes (1 switches on core 0)
2026-07-02 01:29:14.457 9 INFO placement.requestlog [req-6748247a-5972-4fd1-af14-608dd35f22e7 req-ef08f704-4ecb-40c5-ba78-99687f7e4382 c006f5d6c041462c97ff3971e34492aa 8c71cd8d41f24ab68420fbe36ac9f868 - - ced19b38c93f49e5b83ae2cb50993d49 ced19b38c93f49e5b83ae2cb50993d49] 199.204.45.3 "GET /allocations/09de8552-20b4-4f79-9e63-835ee7cc996c" status: 200 len: 258 microversion: 1.28 [pid: 9|app: 0|req: 448/898] 199.204.45.3 () {34 vars in 861 bytes} [Thu Jul 2 01:29:14 2026] GET /allocations/09de8552-20b4-4f79-9e63-835ee7cc996c => generated 258 bytes in 8 msecs (HTTP/1.1 200) 8 headers in 296 bytes (1 switches on core 0)
2026-07-02 01:29:14.478 8 INFO placement.requestlog [req-6748247a-5972-4fd1-af14-608dd35f22e7 req-4922564a-5f2b-4a7e-8fb4-26ec58c98c86 c006f5d6c041462c97ff3971e34492aa 8c71cd8d41f24ab68420fbe36ac9f868 - - ced19b38c93f49e5b83ae2cb50993d49 ced19b38c93f49e5b83ae2cb50993d49] 199.204.45.3 "GET /allocations/d457e923-ad0c-4e75-bc58-1a78b354476b" status: 200 len: 258 microversion: 1.28 [pid: 8|app: 0|req: 451/899] 199.204.45.3 () {34 vars in 861 bytes} [Thu Jul 2 01:29:14 2026] GET /allocations/d457e923-ad0c-4e75-bc58-1a78b354476b => generated 258 bytes in 14 msecs (HTTP/1.1 200) 8 headers in 296 bytes (1 switches on core 0)
2026-07-02 01:29:14.479 9 INFO placement.requestlog [None req-4908e800-a74b-4c7d-8395-eeeee29fa92a c72acaee8dec45ee9303926af7325044 8c71cd8d41f24ab68420fbe36ac9f868 - - ced19b38c93f49e5b83ae2cb50993d49 ced19b38c93f49e5b83ae2cb50993d49] 10.0.0.226 "GET /resource_providers/b3ef5974-65b2-44a5-be88-8d9889c88ccb/aggregates" status: 404 len: 235 microversion: 1.1 [pid: 9|app: 0|req: 449/900] 10.0.0.226 () {32 vars in 816 bytes} [Thu Jul 2 01:29:14 2026] GET /resource_providers/b3ef5974-65b2-44a5-be88-8d9889c88ccb/aggregates => generated 235 bytes in 9 msecs (HTTP/1.1 404) 5 headers in 202 bytes (1 switches on core 0)
2026-07-02 01:29:14.489 8 INFO placement.requestlog [None req-719fe3ec-7859-40bc-ba78-47291e0477a4 c72acaee8dec45ee9303926af7325044 8c71cd8d41f24ab68420fbe36ac9f868 - - ced19b38c93f49e5b83ae2cb50993d49 ced19b38c93f49e5b83ae2cb50993d49] 10.0.0.226 "GET /resource_providers/b3ef5974-65b2-44a5-be88-8d9889c88ccb/aggregates" status: 404 len: 235 microversion: 1.1 [pid: 8|app: 0|req: 452/901] 10.0.0.226 () {32 vars in 816 bytes} [Thu Jul 2 01:29:14 2026] GET /resource_providers/b3ef5974-65b2-44a5-be88-8d9889c88ccb/aggregates => generated 235 bytes in 10 msecs (HTTP/1.1 404) 5 headers in 202 bytes (1 switches on core 0)
2026-07-02 01:29:14.502 9 INFO placement.requestlog [req-6748247a-5972-4fd1-af14-608dd35f22e7 req-5b368a80-2509-4d0f-ac04-1384f25e9555 c006f5d6c041462c97ff3971e34492aa 8c71cd8d41f24ab68420fbe36ac9f868 - - ced19b38c93f49e5b83ae2cb50993d49 ced19b38c93f49e5b83ae2cb50993d49] 199.204.45.3 "GET /allocations/39820596-b2e5-48d9-8830-a8551d941c05" status: 200 len: 258 microversion: 1.28 [pid: 9|app: 0|req: 450/902] 199.204.45.3 () {34 vars in 861 bytes} [Thu Jul 2 01:29:14 2026] GET /allocations/39820596-b2e5-48d9-8830-a8551d941c05 => generated 258 bytes in 17 msecs (HTTP/1.1 200) 8 headers in 296 bytes (1 switches on core 0)
2026-07-02 01:29:14.512 9 INFO placement.requestlog [None req-ed14fe11-3964-4332-938f-486c9113676b c72acaee8dec45ee9303926af7325044 8c71cd8d41f24ab68420fbe36ac9f868 - - ced19b38c93f49e5b83ae2cb50993d49 ced19b38c93f49e5b83ae2cb50993d49] 10.0.0.226 "DELETE /resource_providers/b3ef5974-65b2-44a5-be88-8d9889c88ccb" status: 404 len: 246 microversion: 1.1 [pid: 9|app: 0|req: 451/903] 10.0.0.226 () {34 vars in 816 bytes} [Thu Jul 2 01:29:14 2026] DELETE /resource_providers/b3ef5974-65b2-44a5-be88-8d9889c88ccb => generated 246 bytes in 9 msecs (HTTP/1.1 404) 6 headers in 231 bytes (1 switches on core 0)
2026-07-02 01:29:14.514 8 INFO placement.requestlog [None req-480475ed-22df-493c-949b-397c6383518a c72acaee8dec45ee9303926af7325044 8c71cd8d41f24ab68420fbe36ac9f868 - - ced19b38c93f49e5b83ae2cb50993d49 ced19b38c93f49e5b83ae2cb50993d49] 10.0.0.226 "DELETE /resource_providers/b3ef5974-65b2-44a5-be88-8d9889c88ccb" status: 404 len: 246 microversion: 1.1 [pid: 8|app: 0|req: 453/904] 10.0.0.226 () {34 vars in 816 bytes} [Thu Jul 2 01:29:14 2026] DELETE /resource_providers/b3ef5974-65b2-44a5-be88-8d9889c88ccb => generated 246 bytes in 14 msecs (HTTP/1.1 404) 6 headers in 231 bytes (1 switches on core 0)
2026-07-02 01:29:14.762 9 INFO placement.requestlog [None req-752a0d76-b867-48b4-b0ef-8c5bc3cb22d6 c72acaee8dec45ee9303926af7325044 8c71cd8d41f24ab68420fbe36ac9f868 - - ced19b38c93f49e5b83ae2cb50993d49 ced19b38c93f49e5b83ae2cb50993d49] 10.0.0.226 "GET /resource_providers/63c966e1-91a8-4fb2-a673-1fb9a6be7cb1/aggregates" status: 404 len: 235 microversion: 1.1 [pid: 9|app: 0|req: 452/905] 10.0.0.226 () {32 vars in 816 bytes} [Thu Jul 2 01:29:14 2026] GET /resource_providers/63c966e1-91a8-4fb2-a673-1fb9a6be7cb1/aggregates => generated 235 bytes in 10 msecs (HTTP/1.1 404) 5 headers in 202 bytes (1 switches on core 0)
2026-07-02 01:29:14.763 8 INFO placement.requestlog [None req-fea56c0c-c9b6-4ea4-9819-5d27f2758b83 c72acaee8dec45ee9303926af7325044 8c71cd8d41f24ab68420fbe36ac9f868 - - ced19b38c93f49e5b83ae2cb50993d49 ced19b38c93f49e5b83ae2cb50993d49] 10.0.0.226 "GET /resource_providers/63c966e1-91a8-4fb2-a673-1fb9a6be7cb1/aggregates" status: 404 len: 235 microversion: 1.1 [pid: 8|app: 0|req: 454/906] 10.0.0.226 () {32 vars in 816 bytes} [Thu Jul 2 01:29:14 2026] GET /resource_providers/63c966e1-91a8-4fb2-a673-1fb9a6be7cb1/aggregates => generated 235 bytes in 11 msecs (HTTP/1.1 404) 5 headers in 202 bytes (1 switches on core 0)
2026-07-02 01:29:14.788 9 INFO placement.requestlog [None req-a1bc9b72-bedd-4658-b2f7-f0b5a74b616e c72acaee8dec45ee9303926af7325044 8c71cd8d41f24ab68420fbe36ac9f868 - - ced19b38c93f49e5b83ae2cb50993d49 ced19b38c93f49e5b83ae2cb50993d49] 10.0.0.226 "DELETE /resource_providers/63c966e1-91a8-4fb2-a673-1fb9a6be7cb1" status: 404 len: 246 microversion: 1.1 [pid: 9|app: 0|req: 453/907] 10.0.0.226 () {34 vars in 816 bytes} [Thu Jul 2 01:29:14 2026] DELETE /resource_providers/63c966e1-91a8-4fb2-a673-1fb9a6be7cb1 => generated 246 bytes in 8 msecs (HTTP/1.1 404) 6 headers in 231 bytes (1 switches on core 0)
2026-07-02 01:29:14.806 8 INFO placement.requestlog [None req-803a03eb-4e11-4538-b313-31a4e183c4c9 c72acaee8dec45ee9303926af7325044 8c71cd8d41f24ab68420fbe36ac9f868 - - ced19b38c93f49e5b83ae2cb50993d49 ced19b38c93f49e5b83ae2cb50993d49] 10.0.0.226 "DELETE /resource_providers/63c966e1-91a8-4fb2-a673-1fb9a6be7cb1" status: 404 len: 246 microversion: 1.1 [pid: 8|app: 0|req: 455/908] 10.0.0.226 () {34 vars in 816 bytes} [Thu Jul 2 01:29:14 2026] DELETE /resource_providers/63c966e1-91a8-4fb2-a673-1fb9a6be7cb1 => generated 246 bytes in 10 msecs (HTTP/1.1 404) 6 headers in 231 bytes (1 switches on core 0)
2026-07-02 01:29:19.512 9 INFO placement.requestlog [None req-89317d58-4826-47c1-9f88-43b933060fab c72acaee8dec45ee9303926af7325044 8c71cd8d41f24ab68420fbe36ac9f868 - - ced19b38c93f49e5b83ae2cb50993d49 ced19b38c93f49e5b83ae2cb50993d49] 10.0.0.226 "GET /resource_providers/4117640f-c67f-4b6d-b5a8-0a5adc344586/aggregates" status: 404 len: 235 microversion: 1.1 [pid: 9|app: 0|req: 454/909] 10.0.0.226 () {32 vars in 816 bytes} [Thu Jul 2 01:29:19 2026] GET /resource_providers/4117640f-c67f-4b6d-b5a8-0a5adc344586/aggregates => generated 235 bytes in 27 msecs (HTTP/1.1 404) 5 headers in 202 bytes (1 switches on core 0)
2026-07-02 01:29:19.515 8 INFO placement.requestlog [None req-6f3e52cb-5c49-4fea-b547-74162ac863f5 c72acaee8dec45ee9303926af7325044 8c71cd8d41f24ab68420fbe36ac9f868 - - ced19b38c93f49e5b83ae2cb50993d49 ced19b38c93f49e5b83ae2cb50993d49] 10.0.0.226 "GET /resource_providers/4117640f-c67f-4b6d-b5a8-0a5adc344586/aggregates" status: 404 len: 235 microversion: 1.1 [pid: 8|app: 0|req: 456/910] 10.0.0.226 () {32 vars in 816 bytes} [Thu Jul 2 01:29:19 2026] GET /resource_providers/4117640f-c67f-4b6d-b5a8-0a5adc344586/aggregates => generated 235 bytes in 21 msecs (HTTP/1.1 404) 5 headers in 202 bytes (1 switches on core 0)
2026-07-02 01:29:19.548 9 INFO placement.requestlog [None req-9104394e-ed7f-4d7a-97aa-4b04114432b9 c72acaee8dec45ee9303926af7325044 8c71cd8d41f24ab68420fbe36ac9f868 - - ced19b38c93f49e5b83ae2cb50993d49 ced19b38c93f49e5b83ae2cb50993d49] 10.0.0.226 "DELETE /resource_providers/4117640f-c67f-4b6d-b5a8-0a5adc344586" status: 404 len: 246 microversion: 1.1 [pid: 9|app: 0|req: 455/911] 10.0.0.226 () {34 vars in 816 bytes} [Thu Jul 2 01:29:19 2026] DELETE /resource_providers/4117640f-c67f-4b6d-b5a8-0a5adc344586 => generated 246 bytes in 15 msecs (HTTP/1.1 404) 6 headers in 231 bytes (1 switches on core 0)
2026-07-02 01:29:19.549 8 INFO placement.requestlog [None req-9732bf2a-0a55-48eb-abcd-515c4812919c c72acaee8dec45ee9303926af7325044 8c71cd8d41f24ab68420fbe36ac9f868 - - ced19b38c93f49e5b83ae2cb50993d49 ced19b38c93f49e5b83ae2cb50993d49] 10.0.0.226 "DELETE /resource_providers/4117640f-c67f-4b6d-b5a8-0a5adc344586" status: 404 len: 246 microversion: 1.1 [pid: 8|app: 0|req: 457/912] 10.0.0.226 () {34 vars in 816 bytes} [Thu Jul 2 01:29:19 2026] DELETE /resource_providers/4117640f-c67f-4b6d-b5a8-0a5adc344586 => generated 246 bytes in 15 msecs (HTTP/1.1 404) 6 headers in 231 bytes (1 switches on core 0)
2026-07-02 01:29:21.290 9 INFO placement.requestlog [req-eb784787-f0d0-42be-95f8-b17837cdc2b6 req-daca567f-26bb-428e-97a3-3c093fb48d78 c006f5d6c041462c97ff3971e34492aa 8c71cd8d41f24ab68420fbe36ac9f868 - - ced19b38c93f49e5b83ae2cb50993d49 ced19b38c93f49e5b83ae2cb50993d49] 10.0.0.113 "GET /allocation_candidates?limit=1000&resources=MEMORY_MB%3A2048%2CVCPU%3A2&root_required=%21COMPUTE_STATUS_DISABLED" status: 200 len: 2178 microversion: 1.36 [pid: 9|app: 0|req: 456/913] 10.0.0.113 () {34 vars in 986 bytes} [Thu Jul 2 01:29:21 2026] GET /allocation_candidates?limit=1000&resources=MEMORY_MB%3A2048%2CVCPU%3A2&root_required=%21COMPUTE_STATUS_DISABLED => generated 2178 bytes in 61 msecs (HTTP/1.1 200) 8 headers in 297 bytes (1 switches on core 0)
2026-07-02 01:29:21.327 8 INFO placement.requestlog [req-eb784787-f0d0-42be-95f8-b17837cdc2b6 req-b183ad5c-eb1b-4964-aaad-1dbd5ad4cb65 c006f5d6c041462c97ff3971e34492aa 8c71cd8d41f24ab68420fbe36ac9f868 - - ced19b38c93f49e5b83ae2cb50993d49 ced19b38c93f49e5b83ae2cb50993d49] 10.0.0.113 "GET /allocations/865f43da-f5f8-4bfd-a702-6dce6eed43d8" status: 200 len: 19 microversion: 1.28 [pid: 8|app: 0|req: 458/914] 10.0.0.113 () {34 vars in 861 bytes} [Thu Jul 2 01:29:21 2026] GET /allocations/865f43da-f5f8-4bfd-a702-6dce6eed43d8 => generated 19 bytes in 16 msecs (HTTP/1.1 200) 8 headers in 295 bytes (1 switches on core 0)
