2026-07-02 01:27:23.785 9 INFO neutron.plugins.ml2.plugin [None req-02e60896-6f01-4db9-b194-e4d2b6798f11 - - - - - -] Attempt 1 to provision port 3ccb5ab0-030a-4cf3-93bc-b6cf904f2e48
2026-07-02 01:27:25.382 10 INFO neutron.plugins.ml2.plugin [None req-02e60896-6f01-4db9-b194-e4d2b6798f11 - - - - - -] Attempt 1 to provision port 3ccb5ab0-030a-4cf3-93bc-b6cf904f2e48
2026-07-02 01:27:25.390 9 INFO neutron.plugins.ml2.plugin [None req-e55bf1cc-0e23-4bde-961e-263b07ac382c - - - - - -] Attempt 1 to provision port 29f85174-feb3-4e6d-8056-581a97b1b112
2026-07-02 01:27:25.953 10 INFO neutron.plugins.ml2.plugin [None req-3eec64a9-5259-49de-a5aa-3a18c4bb5ad9 - - - - - -] Attempt 1 to provision port 29f85174-feb3-4e6d-8056-581a97b1b112
2026-07-02 01:27:27.395 9 INFO neutron.plugins.ml2.plugin [None req-02e60896-6f01-4db9-b194-e4d2b6798f11 - - - - - -] Attempt 1 to provision port 609c2810-78ac-491a-b733-579dd31d68bf
2026-07-02 01:27:29.457 10 INFO neutron.plugins.ml2.plugin [None req-02e60896-6f01-4db9-b194-e4d2b6798f11 - - - - - -] Attempt 1 to provision port 609c2810-78ac-491a-b733-579dd31d68bf
2026-07-02 01:27:30.337 10 INFO neutron.plugins.ml2.plugin [None req-e7ec0305-996f-4c95-b890-21e6480628d8 - - - - - -] Attempt 1 to provision port f1de677e-0c0c-4067-a69d-3d0a2ee59a10
2026-07-02 01:27:30.872 10 INFO neutron.plugins.ml2.plugin [None req-e7ec0305-996f-4c95-b890-21e6480628d8 - - - - - -] Attempt 2 to provision port f1de677e-0c0c-4067-a69d-3d0a2ee59a10
2026-07-02 01:27:31.420 10 INFO neutron.plugins.ml2.plugin [None req-02e60896-6f01-4db9-b194-e4d2b6798f11 - - - - - -] Attempt 1 to provision port f1de677e-0c0c-4067-a69d-3d0a2ee59a10
2026-07-02 01:27:31.539 10 INFO neutron.notifiers.nova [-] Nova event matching ['req-148e01bf-7a3e-46b4-b8b9-ea16811684ce'] response: {'server_uuid': '8f902f5e-e4ee-4447-81c9-592a67383b56', 'name': 'network-vif-plugged', 'status': 'completed', 'tag': 'f1de677e-0c0c-4067-a69d-3d0a2ee59a10', 'code': 200}
2026-07-02 01:27:33.383 9 INFO neutron.plugins.ml2.plugin [None req-02e60896-6f01-4db9-b194-e4d2b6798f11 - - - - - -] Attempt 1 to provision port f1de677e-0c0c-4067-a69d-3d0a2ee59a10
2026-07-02 01:27:37.180 9 INFO neutron.plugins.ml2.plugin [None req-3b01dc9f-caf8-42c8-af29-df67d31e6e24 - - - - - -] Attempt 1 to provision port 1c91cf7c-45b8-49c6-ac20-e55687ad4e03
2026-07-02 01:27:37.376 10 INFO neutron.plugins.ml2.plugin [None req-02e60896-6f01-4db9-b194-e4d2b6798f11 - - - - - -] Attempt 1 to provision port 95de7522-7cdb-49a9-befa-6058648cdb96
2026-07-02 01:27:37.944 10 INFO neutron.plugins.ml2.plugin [None req-cc031fa0-8a7d-4a4f-b136-78a0c13dfb58 - - - - - -] Attempt 1 to provision port 95de7522-7cdb-49a9-befa-6058648cdb96
2026-07-02 01:27:39.353 9 INFO neutron.plugins.ml2.plugin [None req-02e60896-6f01-4db9-b194-e4d2b6798f11 - - - - - -] Attempt 1 to provision port 95de7522-7cdb-49a9-befa-6058648cdb96
2026-07-02 01:27:39.632 9 INFO neutron.plugins.ml2.plugin [None req-661e1ac9-9f82-43cb-b4d2-a1a0e5bbf9d8 - - - - - -] Attempt 1 to provision port 2981157f-f42f-4a6f-8d14-951bce67097a
2026-07-02 01:27:40.305 9 INFO neutron.plugins.ml2.plugin [None req-792746a6-e5e1-4d9e-8665-ab25f393afab - - - - - -] Attempt 1 to provision port 2981157f-f42f-4a6f-8d14-951bce67097a
2026-07-02 01:27:41.379 10 INFO neutron.plugins.ml2.plugin [None req-02e60896-6f01-4db9-b194-e4d2b6798f11 - - - - - -] Attempt 1 to provision port fe590f83-7702-4d9e-9ead-6709fb0537de
2026-07-02 01:27:43.389 9 INFO neutron.plugins.ml2.plugin [None req-02e60896-6f01-4db9-b194-e4d2b6798f11 - - - - - -] Attempt 1 to provision port fe590f83-7702-4d9e-9ead-6709fb0537de
2026-07-02 01:27:45.287 10 INFO neutron.plugins.ml2.plugin [None req-a81d9af8-8a1d-4a18-8e6b-37fd772dac8e - - - - - -] Attempt 1 to provision port 7ada2dcd-842a-4252-8135-4f581f213087
2026-07-02 01:27:47.600 9 INFO neutron.plugins.ml2.plugin [None req-02e60896-6f01-4db9-b194-e4d2b6798f11 - - - - - -] Attempt 1 to provision port 5cd0639e-ebd3-45fb-9975-d50e9ebd1a2f
2026-07-02 01:27:47.925 9 INFO neutron.plugins.ml2.plugin [None req-02e60896-6f01-4db9-b194-e4d2b6798f11 - - - - - -] Attempt 1 to provision port 29f85174-feb3-4e6d-8056-581a97b1b112
2026-07-02 01:27:48.318 9 INFO neutron.plugins.ml2.plugin [None req-02e60896-6f01-4db9-b194-e4d2b6798f11 - - - - - -] Attempt 1 to provision port 7ada2dcd-842a-4252-8135-4f581f213087
2026-07-02 01:27:48.443 9 INFO neutron.notifiers.nova [-] Nova event matching ['req-00b327aa-b415-4e42-b1e1-450a1884e244'] response: {'server_uuid': 'b3bfb560-d12e-494f-8224-96a99af2c7ad', 'name': 'network-vif-plugged', 'status': 'completed', 'tag': '7ada2dcd-842a-4252-8135-4f581f213087', 'code': 200}
2026-07-02 01:27:49.157 9 INFO neutron.plugins.ml2.plugin [None req-25bc7a57-9e0f-49eb-ac36-855432b10c8a - - - - - -] Attempt 1 to provision port 4652770e-061e-4853-a678-306f41b1d867
2026-07-02 01:27:49.530 10 INFO neutron.plugins.ml2.plugin [None req-02e60896-6f01-4db9-b194-e4d2b6798f11 - - - - - -] Attempt 1 to provision port 5cd0639e-ebd3-45fb-9975-d50e9ebd1a2f
2026-07-02 01:27:49.931 10 INFO neutron.plugins.ml2.plugin [None req-02e60896-6f01-4db9-b194-e4d2b6798f11 - - - - - -] Attempt 1 to provision port 29f85174-feb3-4e6d-8056-581a97b1b112
2026-07-02 01:27:50.369 10 INFO neutron.plugins.ml2.plugin [None req-02e60896-6f01-4db9-b194-e4d2b6798f11 - - - - - -] Attempt 1 to provision port 7ada2dcd-842a-4252-8135-4f581f213087
2026-07-02 01:27:51.414 10 INFO neutron.notifiers.nova [-] Nova event matching ['req-9a0fd37c-878f-4fb4-9c7b-d11871c64060'] response: {'server_uuid': '8f902f5e-e4ee-4447-81c9-592a67383b56', 'name': 'network-vif-unplugged', 'status': 'completed', 'tag': 'f1de677e-0c0c-4067-a69d-3d0a2ee59a10', 'code': 200}
2026-07-02 01:27:52.146 10 INFO neutron.plugins.ml2.plugin [None req-02e60896-6f01-4db9-b194-e4d2b6798f11 - - - - - -] Attempt 1 to provision port f1de677e-0c0c-4067-a69d-3d0a2ee59a10
2026-07-02 01:27:53.429 10 INFO neutron.plugins.ml2.plugin [None req-02e60896-6f01-4db9-b194-e4d2b6798f11 - - - - - -] Attempt 1 to provision port f1de677e-0c0c-4067-a69d-3d0a2ee59a10
2026-07-02 01:27:53.474 10 INFO neutron.notifiers.nova [-] Nova event matching ['req-7e79baa4-36e8-43af-9479-e08157083e01'] response: {'server_uuid': '8f902f5e-e4ee-4447-81c9-592a67383b56', 'name': 'network-vif-plugged', 'status': 'completed', 'tag': 'f1de677e-0c0c-4067-a69d-3d0a2ee59a10', 'code': 200} /var/lib/openstack/lib/python3.10/site-packages/oslo_db/sqlalchemy/enginefacade.py:667: SAWarning: DELETE statement on table 'portsecuritybindings' expected to delete 1 row(s); 0 were matched. Please set confirm_deleted_rows=False within the mapper configuration to prevent this warning. self.session.flush() /var/lib/openstack/lib/python3.10/site-packages/oslo_db/sqlalchemy/enginefacade.py:667: SAWarning: DELETE statement on table 'ml2_port_bindings' expected to delete 1 row(s); 0 were matched. Please set confirm_deleted_rows=False within the mapper configuration to prevent this warning. self.session.flush() /var/lib/openstack/lib/python3.10/site-packages/oslo_db/sqlalchemy/enginefacade.py:667: SAWarning: DELETE statement on table 'ml2_port_binding_levels' expected to delete 1 row(s); 0 were matched. Please set confirm_deleted_rows=False within the mapper configuration to prevent this warning. self.session.flush() /var/lib/openstack/lib/python3.10/site-packages/oslo_db/sqlalchemy/enginefacade.py:667: SAWarning: DELETE statement on table 'ports' expected to delete 1 row(s); 0 were matched. Please set confirm_deleted_rows=False within the mapper configuration to prevent this warning. self.session.flush()
2026-07-02 01:28:09.637 10 INFO neutron.plugins.ml2.plugin [None req-02e60896-6f01-4db9-b194-e4d2b6798f11 - - - - - -] Attempt 1 to provision port d1e69b04-7d7e-491b-8ea3-4d610d3eb964
2026-07-02 01:28:10.098 10 INFO neutron.plugins.ml2.plugin [None req-231a7036-a2b8-4119-8ce6-796ac4e6bcb7 - - - - - -] Attempt 1 to provision port d1e69b04-7d7e-491b-8ea3-4d610d3eb964
2026-07-02 01:28:10.118 10 INFO neutron.plugins.ml2.plugin [None req-02e60896-6f01-4db9-b194-e4d2b6798f11 - - - - - -] Attempt 1 to provision port bfd033b9-efe5-45fc-a343-f2a548138a24
2026-07-02 01:28:10.620 10 INFO neutron.plugins.ml2.plugin [None req-2c72995a-d016-4dd8-aeeb-b9c52b7f9605 - - - - - -] Attempt 1 to provision port d1e69b04-7d7e-491b-8ea3-4d610d3eb964
2026-07-02 01:28:11.629 10 INFO neutron.plugins.ml2.plugin [None req-02e60896-6f01-4db9-b194-e4d2b6798f11 - - - - - -] Attempt 1 to provision port d1e69b04-7d7e-491b-8ea3-4d610d3eb964
2026-07-02 01:28:11.654 10 INFO neutron.plugins.ml2.plugin [None req-22696515-21a1-4290-ad86-91c82282995f - - - - - -] Attempt 1 to provision port bfd033b9-efe5-45fc-a343-f2a548138a24
2026-07-02 01:28:11.917 10 INFO neutron.plugins.ml2.plugin [None req-02e60896-6f01-4db9-b194-e4d2b6798f11 - - - - - -] Attempt 1 to provision port bfd033b9-efe5-45fc-a343-f2a548138a24
2026-07-02 01:28:12.090 9 INFO neutron.plugins.ml2.plugin [None req-aaa25b1f-6eaa-4215-9847-3986c4961bfd - - - - - -] Attempt 1 to provision port bfd033b9-efe5-45fc-a343-f2a548138a24
2026-07-02 01:28:12.224 10 INFO neutron.plugins.ml2.plugin [None req-02e60896-6f01-4db9-b194-e4d2b6798f11 - - - - - -] Attempt 1 to provision port 0a890d82-ca56-4121-b6f1-b7d3c1855754
2026-07-02 01:28:12.616 9 INFO neutron.plugins.ml2.plugin [None req-1af54109-8a33-4412-8c14-2aa8b47c1c47 - - - - - -] Attempt 1 to provision port 32075d8c-15ff-44ec-86cf-dffa81e30c0c
2026-07-02 01:28:13.080 10 INFO neutron.plugins.ml2.plugin [None req-050597cf-38b3-40b4-b447-99ed0bee4a74 - - - - - -] Attempt 1 to provision port ef3a58db-37d5-4ff9-9f7f-37a04914a85a
2026-07-02 01:28:13.547 9 INFO neutron.plugins.ml2.plugin [None req-0b60b432-1d54-4277-b446-e6acc9573356 - - - - - -] Attempt 1 to provision port 0a890d82-ca56-4121-b6f1-b7d3c1855754
2026-07-02 01:28:13.760 10 INFO neutron.plugins.ml2.plugin [None req-02e60896-6f01-4db9-b194-e4d2b6798f11 - - - - - -] Attempt 1 to provision port ef3a58db-37d5-4ff9-9f7f-37a04914a85a
2026-07-02 01:28:13.890 9 INFO neutron.plugins.ml2.plugin [None req-0c57144c-52e6-4e5f-b9a2-8d4ad706ddec - - - - - -] Attempt 1 to provision port 0a890d82-ca56-4121-b6f1-b7d3c1855754
2026-07-02 01:28:14.096 10 INFO neutron.plugins.ml2.plugin [None req-02e60896-6f01-4db9-b194-e4d2b6798f11 - - - - - -] Attempt 1 to provision port 0a890d82-ca56-4121-b6f1-b7d3c1855754
2026-07-02 01:28:15.435 10 INFO neutron.plugins.ml2.plugin [None req-af76df89-f04a-4ecd-affa-e1676a9ef0d2 - - - - - -] Attempt 1 to provision port fad33bf3-d455-4db0-b669-39a7477eabaa
2026-07-02 01:28:15.855 10 INFO neutron.plugins.ml2.plugin [None req-02e60896-6f01-4db9-b194-e4d2b6798f11 - - - - - -] Attempt 1 to provision port 068f01b1-cdcd-47bb-a1f9-bf097a3caa8e
2026-07-02 01:28:16.203 10 INFO neutron.plugins.ml2.plugin [None req-17342133-c590-4cad-85ae-c3bb034b6116 - - - - - -] Attempt 1 to provision port fad33bf3-d455-4db0-b669-39a7477eabaa
2026-07-02 01:28:17.574 9 INFO neutron.plugins.ml2.plugin [None req-3621906b-2399-4ecc-b160-6108bfe7a0b4 - - - - - -] Attempt 1 to provision port cc04506e-5d52-456a-a2f9-aa694078dc55
2026-07-02 01:28:17.669 10 INFO neutron.plugins.ml2.plugin [None req-02e60896-6f01-4db9-b194-e4d2b6798f11 - - - - - -] Attempt 1 to provision port 068f01b1-cdcd-47bb-a1f9-bf097a3caa8e
2026-07-02 01:28:18.225 9 INFO neutron.plugins.ml2.plugin [None req-d8e5ede8-98b6-4878-8887-e86ac892bf15 - - - - - -] Attempt 1 to provision port cc04506e-5d52-456a-a2f9-aa694078dc55
2026-07-02 01:28:19.393 9 INFO neutron.plugins.ml2.plugin [None req-daeeed31-254d-44c3-a92a-4989e68b8afb - - - - - -] Attempt 1 to provision port baa9a671-2eb6-4005-9861-ffd2688507ef
2026-07-02 01:28:20.150 9 INFO neutron.plugins.ml2.plugin [None req-8bfef512-5a36-4f6b-bb91-c5a03a66838a - - - - - -] Attempt 1 to provision port baa9a671-2eb6-4005-9861-ffd2688507ef
2026-07-02 01:28:21.939 10 INFO neutron.plugins.ml2.plugin [None req-02e60896-6f01-4db9-b194-e4d2b6798f11 - - - - - -] Attempt 1 to provision port b3bf75f1-9994-4b68-9e3b-5d3246261093
2026-07-02 01:28:22.409 9 INFO neutron.plugins.ml2.plugin [None req-1539ba7b-d701-4304-8fcd-6188a6759311 - - - - - -] Attempt 1 to provision port e30a632a-4204-498d-bd35-1e2d95aa7f4d
2026-07-02 01:28:22.853 10 INFO neutron.plugins.ml2.plugin [None req-aeefca07-fc79-43cd-a686-4bc35e4e540c - - - - - -] Attempt 1 to provision port b3bf75f1-9994-4b68-9e3b-5d3246261093
2026-07-02 01:28:23.714 9 INFO neutron.plugins.ml2.plugin [None req-02e60896-6f01-4db9-b194-e4d2b6798f11 - - - - - -] Attempt 1 to provision port b3bf75f1-9994-4b68-9e3b-5d3246261093
2026-07-02 01:28:24.654 9 INFO neutron.plugins.ml2.plugin [None req-17b18319-d337-47ea-9531-7b73a9b20330 - - - - - -] Attempt 1 to provision port 0f5ced61-48d3-4def-af46-ce9bc3e70008
2026-07-02 01:28:25.197 9 INFO neutron.plugins.ml2.plugin [None req-d1be15cb-87f6-430a-b1a8-93aac579a372 - - - - - -] Attempt 1 to provision port 0f5ced61-48d3-4def-af46-ce9bc3e70008
2026-07-02 01:28:25.932 9 INFO neutron.plugins.ml2.plugin [None req-02e60896-6f01-4db9-b194-e4d2b6798f11 - - - - - -] Attempt 1 to provision port 1f24ec2b-a496-4629-8a0c-9962eb55df4f
2026-07-02 01:28:26.650 9 INFO neutron.plugins.ml2.plugin [None req-02e60896-6f01-4db9-b194-e4d2b6798f11 - - - - - -] Attempt 1 to provision port c0854dbf-69aa-45f5-9e0a-c6c1c969f71f
2026-07-02 01:28:26.781 9 INFO neutron.plugins.ml2.plugin [None req-7f5742c8-05da-4e87-bd9d-f2aac0723378 - - - - - -] Attempt 1 to provision port 1f24ec2b-a496-4629-8a0c-9962eb55df4f
2026-07-02 01:28:27.600 9 INFO neutron.plugins.ml2.plugin [None req-aca0cfbe-8d49-489a-b87d-748057e3444a - - - - - -] Attempt 1 to provision port 46610168-3744-4313-90a2-586717bba7b5
2026-07-02 01:28:27.719 10 INFO neutron.plugins.ml2.plugin [None req-02e60896-6f01-4db9-b194-e4d2b6798f11 - - - - - -] Attempt 1 to provision port 1f24ec2b-a496-4629-8a0c-9962eb55df4f
2026-07-02 01:28:27.985 10 INFO neutron.plugins.ml2.plugin [None req-3ab6c1c7-49ef-412a-96ea-35a41be40e73 - - - - - -] Attempt 1 to provision port cc7d2d75-8650-4396-8edb-dd770d6fc047
2026-07-02 01:28:28.093 10 INFO neutron.plugins.ml2.plugin [None req-02e60896-6f01-4db9-b194-e4d2b6798f11 - - - - - -] Attempt 1 to provision port c0854dbf-69aa-45f5-9e0a-c6c1c969f71f
2026-07-02 01:28:28.238 9 INFO neutron.plugins.ml2.plugin [None req-15b463d5-639e-438b-a3cd-9703a1b0a306 - - - - - -] Attempt 1 to provision port e2a2b8b6-070f-4ab7-9ea4-babb47be2df6
2026-07-02 01:28:28.379 10 INFO neutron.plugins.ml2.plugin [None req-02e60896-6f01-4db9-b194-e4d2b6798f11 - - - - - -] Attempt 1 to provision port 46610168-3744-4313-90a2-586717bba7b5
2026-07-02 01:28:29.287 9 INFO neutron.plugins.ml2.plugin [None req-98a24f09-fa89-4c0c-a08a-88a308bd2d25 - - - - - -] Attempt 1 to provision port 5166975a-e41c-498b-81b8-0df9d1552362
2026-07-02 01:28:29.318 9 INFO neutron.plugins.ml2.plugin [None req-98a24f09-fa89-4c0c-a08a-88a308bd2d25 - - - - - -] Attempt 1 to provision port e2a2b8b6-070f-4ab7-9ea4-babb47be2df6
2026-07-02 01:28:29.700 10 INFO neutron.plugins.ml2.plugin [None req-02e60896-6f01-4db9-b194-e4d2b6798f11 - - - - - -] Attempt 1 to provision port 46610168-3744-4313-90a2-586717bba7b5
2026-07-02 01:28:30.156 9 INFO neutron.plugins.ml2.plugin [None req-0f594393-4aab-4734-bbbd-92e817395d77 - - - - - -] Attempt 1 to provision port 5879ef56-631c-422b-a028-7a9f9973aa26
2026-07-02 01:28:30.803 10 INFO neutron.plugins.ml2.plugin [None req-cf10a2b5-1b82-4d5c-ae93-a4dd6b0a3ae1 - - - - - -] Attempt 1 to provision port 5879ef56-631c-422b-a028-7a9f9973aa26
2026-07-02 01:28:31.886 9 INFO neutron.plugins.ml2.plugin [None req-02e60896-6f01-4db9-b194-e4d2b6798f11 - - - - - -] Attempt 1 to provision port 5166975a-e41c-498b-81b8-0df9d1552362
2026-07-02 01:28:32.087 9 INFO neutron.notifiers.nova [-] Nova event matching ['req-1cd16beb-bd74-45ec-b793-995628a2d19e'] response: {'server_uuid': 'b6419a9d-07c2-4e2b-bc6d-d1580842528d', 'name': 'network-vif-plugged', 'status': 'completed', 'tag': '5166975a-e41c-498b-81b8-0df9d1552362', 'code': 200}
2026-07-02 01:28:32.635 9 INFO neutron.plugins.ml2.plugin [None req-02e60896-6f01-4db9-b194-e4d2b6798f11 - - - - - -] Attempt 1 to provision port cc7d2d75-8650-4396-8edb-dd770d6fc047
2026-07-02 01:28:33.847 10 INFO neutron.plugins.ml2.plugin [None req-02e60896-6f01-4db9-b194-e4d2b6798f11 - - - - - -] Attempt 1 to provision port cc7d2d75-8650-4396-8edb-dd770d6fc047
2026-07-02 01:28:34.069 9 INFO neutron.plugins.ml2.plugin [None req-65cbe76e-7b68-490b-be9d-0e9cc71360b7 - - - - - -] Attempt 1 to provision port 6fd9bfe9-f6a6-4ece-b18e-0da0da090860
2026-07-02 01:28:34.141 9 INFO neutron.notifiers.nova [-] Nova event matching ['req-a5c68d2c-5261-4cd2-8153-15aab9e0cf88'] response: {'server_uuid': '39820596-b2e5-48d9-8830-a8551d941c05', 'name': 'network-vif-plugged', 'status': 'completed', 'tag': 'cc7d2d75-8650-4396-8edb-dd770d6fc047', 'code': 200}
2026-07-02 01:28:34.427 10 INFO neutron.plugins.ml2.plugin [None req-02e60896-6f01-4db9-b194-e4d2b6798f11 - - - - - -] Attempt 1 to provision port 6fd9bfe9-f6a6-4ece-b18e-0da0da090860
2026-07-02 01:28:35.011 10 INFO neutron.plugins.ml2.plugin [None req-02e60896-6f01-4db9-b194-e4d2b6798f11 - - - - - -] Attempt 1 to provision port 5166975a-e41c-498b-81b8-0df9d1552362
2026-07-02 01:28:35.746 9 INFO neutron.plugins.ml2.plugin [None req-baf196f3-5ae0-401e-a4be-2965ec4cf701 - - - - - -] Attempt 1 to provision port cefafbcd-fcdb-4f77-b742-b18edd3e7616
2026-07-02 01:28:36.180 9 INFO neutron.plugins.ml2.plugin [None req-02e60896-6f01-4db9-b194-e4d2b6798f11 - - - - - -] Attempt 1 to provision port baa9a671-2eb6-4005-9861-ffd2688507ef
2026-07-02 01:28:36.621 9 INFO neutron.plugins.ml2.plugin [None req-02e60896-6f01-4db9-b194-e4d2b6798f11 - - - - - -] Attempt 1 to provision port d0e04c54-369c-4861-b342-57f09a9a923a
2026-07-02 01:28:36.685 10 INFO neutron.plugins.ml2.plugin [None req-e12b80e3-7aa7-4db5-b2ca-543f3a09502f - - - - - -] Attempt 1 to provision port d0e04c54-369c-4861-b342-57f09a9a923a
2026-07-02 01:28:37.465 9 INFO neutron.plugins.ml2.plugin [None req-02e60896-6f01-4db9-b194-e4d2b6798f11 - - - - - -] Attempt 1 to provision port 2af99d21-5606-438a-929f-8502a7b5e347
2026-07-02 01:28:37.489 9 INFO neutron.plugins.ml2.plugin [None req-c1dd1a54-caaf-40e4-8a8d-59debe3a9f2f - - - - - -] Attempt 1 to provision port 2af99d21-5606-438a-929f-8502a7b5e347
2026-07-02 01:28:38.070 9 INFO neutron.plugins.ml2.plugin [None req-02e60896-6f01-4db9-b194-e4d2b6798f11 - - - - - -] Attempt 1 to provision port 32075d8c-15ff-44ec-86cf-dffa81e30c0c
2026-07-02 01:28:38.352 10 INFO neutron.plugins.ml2.plugin [None req-62db78b3-218d-4f61-8e1d-16c380cad12b - - - - - -] Attempt 1 to provision port 52bea2c2-703d-4aba-9b30-36d4eafd61bc
2026-07-02 01:28:38.851 9 INFO neutron.plugins.ml2.plugin [None req-02e60896-6f01-4db9-b194-e4d2b6798f11 - - - - - -] Attempt 1 to provision port cefafbcd-fcdb-4f77-b742-b18edd3e7616
2026-07-02 01:28:39.273 10 INFO neutron.plugins.ml2.plugin [None req-18e3d49b-36ce-4a7b-84ea-a29384b8b969 - - - - - -] Attempt 1 to provision port 594af525-3675-499e-a70a-1868dc9f04dc
2026-07-02 01:28:39.739 9 INFO neutron.plugins.ml2.plugin [None req-02e60896-6f01-4db9-b194-e4d2b6798f11 - - - - - -] Attempt 1 to provision port baa9a671-2eb6-4005-9861-ffd2688507ef
2026-07-02 01:28:39.967 9 INFO neutron.plugins.ml2.plugin [None req-76cb6f73-e272-4c89-9dd6-d62ef51d2e4c - - - - - -] Attempt 1 to provision port 84629b05-c201-4906-a3bf-3520e3706a66
2026-07-02 01:28:40.012 9 INFO neutron.plugins.ml2.plugin [None req-02e60896-6f01-4db9-b194-e4d2b6798f11 - - - - - -] Attempt 1 to provision port fad33bf3-d455-4db0-b669-39a7477eabaa
2026-07-02 01:28:40.489 9 INFO neutron.plugins.ml2.plugin [None req-02e60896-6f01-4db9-b194-e4d2b6798f11 - - - - - -] Attempt 1 to provision port 32075d8c-15ff-44ec-86cf-dffa81e30c0c
2026-07-02 01:28:40.712 9 INFO neutron.plugins.ml2.plugin [None req-02e60896-6f01-4db9-b194-e4d2b6798f11 - - - - - -] Attempt 1 to provision port 52bea2c2-703d-4aba-9b30-36d4eafd61bc
2026-07-02 01:28:40.819 10 INFO neutron.plugins.ml2.plugin [None req-9ab73a34-7fe1-4acd-a6b9-e32fec6887eb - - - - - -] Attempt 1 to provision port 84629b05-c201-4906-a3bf-3520e3706a66
2026-07-02 01:28:41.144 9 INFO neutron.plugins.ml2.plugin [None req-02e60896-6f01-4db9-b194-e4d2b6798f11 - - - - - -] Attempt 1 to provision port 594af525-3675-499e-a70a-1868dc9f04dc /var/lib/openstack/lib/python3.10/site-packages/oslo_db/sqlalchemy/enginefacade.py:667: SAWarning: DELETE statement on table 'portsecuritybindings' expected to delete 1 row(s); 0 were matched. Please set confirm_deleted_rows=False within the mapper configuration to prevent this warning. self.session.flush() /var/lib/openstack/lib/python3.10/site-packages/oslo_db/sqlalchemy/enginefacade.py:667: SAWarning: DELETE statement on table 'ml2_port_bindings' expected to delete 1 row(s); 0 were matched. Please set confirm_deleted_rows=False within the mapper configuration to prevent this warning. self.session.flush() /var/lib/openstack/lib/python3.10/site-packages/oslo_db/sqlalchemy/enginefacade.py:667: SAWarning: DELETE statement on table 'ml2_port_binding_levels' expected to delete 1 row(s); 0 were matched. Please set confirm_deleted_rows=False within the mapper configuration to prevent this warning. self.session.flush() /var/lib/openstack/lib/python3.10/site-packages/oslo_db/sqlalchemy/enginefacade.py:667: SAWarning: DELETE statement on table 'ports' expected to delete 1 row(s); 0 were matched. Please set confirm_deleted_rows=False within the mapper configuration to prevent this warning. self.session.flush()
2026-07-02 01:28:41.402 9 INFO neutron.plugins.ml2.plugin [None req-02e60896-6f01-4db9-b194-e4d2b6798f11 - - - - - -] Attempt 1 to provision port cc04506e-5d52-456a-a2f9-aa694078dc55
2026-07-02 01:28:42.250 9 INFO neutron.plugins.ml2.plugin [None req-02e60896-6f01-4db9-b194-e4d2b6798f11 - - - - - -] Attempt 1 to provision port fad33bf3-d455-4db0-b669-39a7477eabaa
2026-07-02 01:28:42.513 9 INFO neutron.plugins.ml2.plugin [None req-02e60896-6f01-4db9-b194-e4d2b6798f11 - - - - - -] Attempt 1 to provision port cc04506e-5d52-456a-a2f9-aa694078dc55
2026-07-02 01:28:42.800 9 INFO neutron.plugins.ml2.plugin [None req-02e60896-6f01-4db9-b194-e4d2b6798f11 - - - - - -] Attempt 1 to provision port 594af525-3675-499e-a70a-1868dc9f04dc
2026-07-02 01:28:44.796 10 INFO neutron.plugins.ml2.plugin [None req-8e80b5b0-99ec-4826-be60-43eff0a64401 - - - - - -] Attempt 1 to provision port 878ed024-2d11-4f20-81cc-a998ec73de09
2026-07-02 01:28:46.190 9 INFO neutron.plugins.ml2.plugin [None req-02e60896-6f01-4db9-b194-e4d2b6798f11 - - - - - -] Attempt 1 to provision port ca58ed19-91a8-4175-aee0-d0bfd1167868
2026-07-02 01:28:47.259 9 INFO neutron.plugins.ml2.plugin [None req-d51487a4-fb8d-4749-9da8-0e0890d8ccd8 - - - - - -] Attempt 1 to provision port ca58ed19-91a8-4175-aee0-d0bfd1167868
2026-07-02 01:28:48.162 9 INFO neutron.plugins.ml2.plugin [None req-02e60896-6f01-4db9-b194-e4d2b6798f11 - - - - - -] Attempt 1 to provision port ca58ed19-91a8-4175-aee0-d0bfd1167868
2026-07-02 01:28:48.473 9 INFO neutron.plugins.ml2.plugin [None req-02e60896-6f01-4db9-b194-e4d2b6798f11 - - - - - -] Attempt 1 to provision port 878ed024-2d11-4f20-81cc-a998ec73de09
2026-07-02 01:28:48.537 10 INFO neutron.plugins.ml2.plugin [None req-6ee55604-8ce4-4deb-a868-df481bb728d9 - - - - - -] Attempt 1 to provision port 39b69428-882d-4438-b41d-8486d350b6ab
2026-07-02 01:28:48.623 9 INFO neutron.notifiers.nova [-] Nova event matching ['req-187da8ac-a121-4b67-90ec-2245106325b1'] response: {'server_uuid': '09de8552-20b4-4f79-9e63-835ee7cc996c', 'name': 'network-vif-plugged', 'status': 'completed', 'tag': '878ed024-2d11-4f20-81cc-a998ec73de09', 'code': 200}
2026-07-02 01:28:48.901 9 INFO neutron.plugins.ml2.plugin [None req-e35fba00-120b-4c47-b689-74af70d20ed1 - - - - - -] Attempt 1 to provision port 39b69428-882d-4438-b41d-8486d350b6ab
2026-07-02 01:28:50.148 10 INFO neutron.plugins.ml2.plugin [None req-02e60896-6f01-4db9-b194-e4d2b6798f11 - - - - - -] Attempt 1 to provision port 878ed024-2d11-4f20-81cc-a998ec73de09
2026-07-02 01:28:52.713 10 INFO neutron.plugins.ml2.plugin [None req-8c21e9e0-0519-499f-9279-f914d8c7733d - - - - - -] Attempt 1 to provision port 2c3f8d4a-fbfe-4bad-9599-2a790252b0b8
2026-07-02 01:29:07.090 9 INFO neutron.plugins.ml2.plugin [None req-344de9ec-e624-4b75-a852-ea6843faf342 - - - - - -] Attempt 1 to provision port ea127d90-30c4-4997-9b9a-8b528ed0297c
2026-07-02 01:29:09.745 9 INFO neutron.plugins.ml2.plugin [None req-1aca15f3-8421-41b4-8781-f52960f537fd - - - - - -] Attempt 1 to provision port b43e0865-94d0-44ef-b4c2-5c0398acd989
2026-07-02 01:29:10.174 10 INFO neutron.plugins.ml2.plugin [None req-02e60896-6f01-4db9-b194-e4d2b6798f11 - - - - - -] Attempt 1 to provision port 308cdeda-0b16-4ca0-b134-592a7e9282bd
2026-07-02 01:29:11.405 10 INFO neutron.plugins.ml2.plugin [None req-9e1099c1-d3b3-4066-809a-5a7b1ff8e592 - - - - - -] Attempt 1 to provision port 5fbc977a-d35f-4684-815d-6a045931a1a2
2026-07-02 01:29:11.452 10 INFO neutron.plugins.ml2.plugin [None req-9e1099c1-d3b3-4066-809a-5a7b1ff8e592 - - - - - -] Attempt 1 to provision port 37074943-dabc-44e1-a378-3996540530d4
2026-07-02 01:29:12.181 9 INFO neutron.plugins.ml2.plugin [None req-02e60896-6f01-4db9-b194-e4d2b6798f11 - - - - - -] Attempt 1 to provision port 308cdeda-0b16-4ca0-b134-592a7e9282bd
2026-07-02 01:29:12.439 9 INFO neutron.plugins.ml2.plugin [None req-2d649b49-48b4-423b-b678-72b257423f08 - - - - - -] Attempt 1 to provision port 5fbc977a-d35f-4684-815d-6a045931a1a2
2026-07-02 01:29:12.448 9 INFO neutron.plugins.ml2.plugin [None req-02e60896-6f01-4db9-b194-e4d2b6798f11 - - - - - -] Attempt 1 to provision port 37074943-dabc-44e1-a378-3996540530d4
2026-07-02 01:29:12.900 9 INFO neutron.plugins.ml2.plugin [None req-d8f5cb06-768e-4461-80c1-63b38fe86db8 - - - - - -] Attempt 1 to provision port 5fbc977a-d35f-4684-815d-6a045931a1a2
2026-07-02 01:29:15.453 9 INFO neutron.plugins.ml2.plugin [None req-933a0b75-b6df-449b-93c3-ba36177331d1 - - - - - -] Attempt 1 to provision port 42c70b18-49bd-4d02-b68a-c9b98063e7d9
2026-07-02 01:29:18.246 10 INFO neutron.plugins.ml2.plugin [None req-02e60896-6f01-4db9-b194-e4d2b6798f11 - - - - - -] Attempt 1 to provision port 42c70b18-49bd-4d02-b68a-c9b98063e7d9
2026-07-02 01:29:18.364 10 INFO neutron.notifiers.nova [-] Nova event matching ['req-eade44b3-1f52-416f-8598-648058608690'] response: {'server_uuid': 'd457e923-ad0c-4e75-bc58-1a78b354476b', 'name': 'network-vif-plugged', 'status': 'completed', 'tag': '42c70b18-49bd-4d02-b68a-c9b98063e7d9', 'code': 200}
2026-07-02 01:29:20.298 9 INFO neutron.plugins.ml2.plugin [None req-02e60896-6f01-4db9-b194-e4d2b6798f11 - - - - - -] Attempt 1 to provision port 42c70b18-49bd-4d02-b68a-c9b98063e7d9
2026-07-02 01:29:22.755 9 INFO neutron.plugins.ml2.plugin [None req-eed52690-3691-4a4b-b24f-f9d8d7425a74 - - - - - -] Attempt 1 to provision port ae158550-de6a-4e79-8453-74434ce0ba6b
2026-07-02 01:29:24.171 9 INFO neutron.plugins.ml2.plugin [None req-02e60896-6f01-4db9-b194-e4d2b6798f11 - - - - - -] Attempt 1 to provision port ae158550-de6a-4e79-8453-74434ce0ba6b
2026-07-02 01:29:24.294 9 INFO neutron.notifiers.nova [-] Nova event matching ['req-76bb0d61-1cde-449b-82ea-199b561e6062'] response: {'server_uuid': '865f43da-f5f8-4bfd-a702-6dce6eed43d8', 'name': 'network-vif-plugged', 'status': 'completed', 'tag': 'ae158550-de6a-4e79-8453-74434ce0ba6b', 'code': 200}
2026-07-02 01:29:26.159 10 INFO neutron.plugins.ml2.plugin [None req-02e60896-6f01-4db9-b194-e4d2b6798f11 - - - - - -] Attempt 1 to provision port ae158550-de6a-4e79-8453-74434ce0ba6b
2026-07-02 01:29:34.145 9 INFO neutron.plugins.ml2.plugin [None req-02e60896-6f01-4db9-b194-e4d2b6798f11 - - - - - -] Attempt 1 to provision port 5fbc977a-d35f-4684-815d-6a045931a1a2
2026-07-02 01:29:34.542 9 INFO neutron.plugins.ml2.plugin [None req-02e60896-6f01-4db9-b194-e4d2b6798f11 - - - - - -] Attempt 1 to provision port ea127d90-30c4-4997-9b9a-8b528ed0297c
2026-07-02 01:29:35.709 9 INFO neutron.plugins.ml2.plugin [None req-4fc1ace0-20f5-4d2b-b82b-121feeecb0ee - - - - - -] Attempt 1 to provision port 218d0568-2e09-4a9c-893a-2e816db2a6ff
2026-07-02 01:29:36.179 10 INFO neutron.plugins.ml2.plugin [None req-09d854f0-8edf-4285-bb05-e470ea90a59b - - - - - -] Attempt 1 to provision port 02cd1f12-4338-4d5d-a38c-963369420930
2026-07-02 01:29:36.251 9 INFO neutron.plugins.ml2.plugin [None req-02e60896-6f01-4db9-b194-e4d2b6798f11 - - - - - -] Attempt 1 to provision port 218d0568-2e09-4a9c-893a-2e816db2a6ff
2026-07-02 01:29:36.562 9 INFO neutron.plugins.ml2.plugin [None req-02e60896-6f01-4db9-b194-e4d2b6798f11 - - - - - -] Attempt 1 to provision port 5fbc977a-d35f-4684-815d-6a045931a1a2
2026-07-02 01:29:36.856 9 INFO neutron.plugins.ml2.plugin [None req-02e60896-6f01-4db9-b194-e4d2b6798f11 - - - - - -] Attempt 1 to provision port 02cd1f12-4338-4d5d-a38c-963369420930
2026-07-02 01:29:37.218 9 INFO neutron.plugins.ml2.plugin [None req-5c4b2cab-7b77-4c44-b9ae-1e2bf7cb681b - - - - - -] Attempt 1 to provision port c4418440-e0a8-4037-806f-94d1933c9faa
2026-07-02 01:29:37.237 9 INFO neutron.plugins.ml2.plugin [None req-02e60896-6f01-4db9-b194-e4d2b6798f11 - - - - - -] Attempt 1 to provision port ea127d90-30c4-4997-9b9a-8b528ed0297c
2026-07-02 01:29:37.584 9 INFO neutron.plugins.ml2.plugin [None req-03652e62-b6c1-4542-941a-1855b8c3ab37 - - - - - -] Attempt 1 to provision port c4418440-e0a8-4037-806f-94d1933c9faa
2026-07-02 01:29:38.118 9 INFO neutron.plugins.ml2.plugin [None req-02e60896-6f01-4db9-b194-e4d2b6798f11 - - - - - -] Attempt 1 to provision port 218d0568-2e09-4a9c-893a-2e816db2a6ff
2026-07-02 01:29:38.230 10 INFO neutron.plugins.ml2.plugin [None req-da52472c-ab36-49dd-b4ef-159299df0450 - - - - - -] Attempt 1 to provision port 0335f918-5967-46dc-a390-05c6a634d133
2026-07-02 01:29:38.354 9 INFO neutron.plugins.ml2.plugin [None req-02e60896-6f01-4db9-b194-e4d2b6798f11 - - - - - -] Attempt 1 to provision port 02cd1f12-4338-4d5d-a38c-963369420930
2026-07-02 01:29:38.977 10 INFO neutron.plugins.ml2.plugin [None req-a0c252f3-1621-4e9e-88a9-edc5c9e5bb62 - - - - - -] Attempt 1 to provision port 0335f918-5967-46dc-a390-05c6a634d133
2026-07-02 01:29:43.667 10 INFO neutron.plugins.ml2.plugin [None req-e6803eeb-3da1-42fc-8602-7c050ad07427 - - - - - -] Attempt 1 to provision port eb8336d5-d7c2-4e9b-b155-2cd2798008b0
2026-07-02 01:29:46.244 10 INFO neutron.plugins.ml2.plugin [None req-02e60896-6f01-4db9-b194-e4d2b6798f11 - - - - - -] Attempt 1 to provision port eb8336d5-d7c2-4e9b-b155-2cd2798008b0
2026-07-02 01:29:46.327 9 INFO neutron.plugins.ml2.plugin [None req-3dede873-3621-48b8-ab7d-e8d7f0e681df - - - - - -] Attempt 1 to provision port 165b00ca-9334-4473-ae7f-78c23c49b965
2026-07-02 01:29:46.376 10 INFO neutron.notifiers.nova [-] Nova event matching ['req-f51e4abc-f67e-41a6-a493-ca49601ad6cf'] response: {'server_uuid': 'f047e7d8-1bb3-457d-a428-bc22d1b3ba4b', 'name': 'network-vif-plugged', 'status': 'completed', 'tag': 'eb8336d5-d7c2-4e9b-b155-2cd2798008b0', 'code': 200}
2026-07-02 01:29:46.747 10 INFO neutron.plugins.ml2.plugin [None req-02e60896-6f01-4db9-b194-e4d2b6798f11 - - - - - -] Attempt 1 to provision port 165b00ca-9334-4473-ae7f-78c23c49b965
2026-07-02 01:29:47.136 9 INFO neutron.plugins.ml2.plugin [None req-5a68b212-04ce-4f7d-8259-51181e04665c - - - - - -] Attempt 1 to provision port 8857417b-e36b-47c0-9c2b-10c319b0425c
2026-07-02 01:29:48.174 9 INFO neutron.plugins.ml2.plugin [None req-02e60896-6f01-4db9-b194-e4d2b6798f11 - - - - - -] Attempt 1 to provision port eb8336d5-d7c2-4e9b-b155-2cd2798008b0
2026-07-02 01:29:48.203 10 INFO neutron.plugins.ml2.plugin [None req-b9d751f7-6801-40b6-9d50-948b06a46b59 - - - - - -] Attempt 1 to provision port 8857417b-e36b-47c0-9c2b-10c319b0425c
2026-07-02 01:29:48.644 9 INFO neutron.plugins.ml2.plugin [None req-02e60896-6f01-4db9-b194-e4d2b6798f11 - - - - - -] Attempt 1 to provision port 165b00ca-9334-4473-ae7f-78c23c49b965 /var/lib/openstack/lib/python3.10/site-packages/oslo_db/sqlalchemy/enginefacade.py:667: SAWarning: DELETE statement on table 'portsecuritybindings' expected to delete 1 row(s); 0 were matched. Please set confirm_deleted_rows=False within the mapper configuration to prevent this warning. self.session.flush() /var/lib/openstack/lib/python3.10/site-packages/oslo_db/sqlalchemy/enginefacade.py:667: SAWarning: DELETE statement on table 'ml2_port_bindings' expected to delete 1 row(s); 0 were matched. Please set confirm_deleted_rows=False within the mapper configuration to prevent this warning. self.session.flush() /var/lib/openstack/lib/python3.10/site-packages/oslo_db/sqlalchemy/enginefacade.py:667: SAWarning: DELETE statement on table 'ml2_port_binding_levels' expected to delete 1 row(s); 0 were matched. Please set confirm_deleted_rows=False within the mapper configuration to prevent this warning. self.session.flush() /var/lib/openstack/lib/python3.10/site-packages/oslo_db/sqlalchemy/enginefacade.py:667: SAWarning: DELETE statement on table 'ports' expected to delete 1 row(s); 0 were matched. Please set confirm_deleted_rows=False within the mapper configuration to prevent this warning. self.session.flush()
2026-07-02 01:29:54.181 10 INFO neutron.plugins.ml2.plugin [None req-02e60896-6f01-4db9-b194-e4d2b6798f11 - - - - - -] Attempt 1 to provision port 873b561c-5018-4ccc-9f60-684a0c4079b2
2026-07-02 01:29:54.198 9 INFO neutron.plugins.ml2.plugin [None req-55256ee1-9d2d-43af-a097-2c36c27077d4 - - - - - -] Attempt 1 to provision port 873b561c-5018-4ccc-9f60-684a0c4079b2
2026-07-02 01:29:55.340 9 INFO neutron.plugins.ml2.plugin [None req-766727a3-5985-4560-b8c3-3914ccaa2ea0 - - - - - -] Attempt 1 to provision port 38cf5e42-52a1-4cc0-812a-47cd470a0b53
2026-07-02 01:29:55.705 9 INFO neutron.plugins.ml2.plugin [None req-45c57188-b4ba-4ea6-a9a6-c52b66efa6d0 - - - - - -] Attempt 1 to provision port 38cf5e42-52a1-4cc0-812a-47cd470a0b53
2026-07-02 01:29:56.151 10 INFO neutron.plugins.ml2.plugin [None req-02e60896-6f01-4db9-b194-e4d2b6798f11 - - - - - -] Attempt 1 to provision port 873b561c-5018-4ccc-9f60-684a0c4079b2
2026-07-02 01:29:59.585 10 INFO neutron.plugins.ml2.plugin [None req-ad3730eb-611d-40be-bb2e-5cf4df2d0224 - - - - - -] Attempt 1 to provision port 6a204c21-0a3c-4969-8e26-6a1600bb75e5
2026-07-02 01:30:03.873 10 INFO neutron.plugins.ml2.plugin [None req-55b3b47a-0480-4194-84bf-4b5a4b108898 - - - - - -] Attempt 1 to provision port 9426ee39-c461-4525-a590-c4f901650f88
2026-07-02 01:30:06.378 10 INFO neutron.plugins.ml2.plugin [None req-02e60896-6f01-4db9-b194-e4d2b6798f11 - - - - - -] Attempt 1 to provision port 9426ee39-c461-4525-a590-c4f901650f88
2026-07-02 01:30:06.494 10 INFO neutron.notifiers.nova [-] Nova event matching ['req-000bf0e3-beb5-464f-9aa8-f7e5ac8ac404'] response: {'server_uuid': '865f43da-f5f8-4bfd-a702-6dce6eed43d8', 'name': 'network-vif-plugged', 'status': 'completed', 'tag': '9426ee39-c461-4525-a590-c4f901650f88', 'code': 200}
2026-07-02 01:30:08.315 9 INFO neutron.plugins.ml2.plugin [None req-02e60896-6f01-4db9-b194-e4d2b6798f11 - - - - - -] Attempt 1 to provision port 9426ee39-c461-4525-a590-c4f901650f88
2026-07-02 01:30:17.418 10 INFO neutron.plugins.ml2.plugin [None req-ce192228-197f-4134-98fe-b2b404921a2b - - - - - -] Attempt 1 to provision port 119800f1-318e-4559-847c-da1bd0874e78
2026-07-02 01:30:18.161 10 INFO neutron.plugins.ml2.plugin [None req-02e60896-6f01-4db9-b194-e4d2b6798f11 - - - - - -] Attempt 1 to provision port 34ffad88-3d89-44d0-b4d6-92b35ce651df
2026-07-02 01:30:18.284 9 INFO neutron.plugins.ml2.plugin [None req-b253456b-6805-46a7-91f4-622038ea717d - - - - - -] Attempt 1 to provision port 34ffad88-3d89-44d0-b4d6-92b35ce651df
2026-07-02 01:30:19.874 9 INFO neutron.plugins.ml2.plugin [None req-e8e78dc3-2fc4-423d-966c-9ec17235572e - - - - - -] Attempt 1 to provision port 645681e8-bedb-4494-81fa-5e75e1332a09
2026-07-02 01:30:20.261 9 INFO neutron.plugins.ml2.plugin [None req-02e60896-6f01-4db9-b194-e4d2b6798f11 - - - - - -] Attempt 1 to provision port 34ffad88-3d89-44d0-b4d6-92b35ce651df
2026-07-02 01:30:20.317 10 INFO neutron.plugins.ml2.plugin [None req-0e9ac5a8-e13a-479f-9ed8-3c4290445d50 - - - - - -] Attempt 1 to provision port 645681e8-bedb-4494-81fa-5e75e1332a09
2026-07-02 01:30:20.598 9 INFO neutron.plugins.ml2.plugin [None req-02e60896-6f01-4db9-b194-e4d2b6798f11 - - - - - -] Attempt 1 to provision port 9f4cdb70-5ce7-4750-be23-d2e3ad19b91d
2026-07-02 01:30:22.191 9 INFO neutron.plugins.ml2.plugin [None req-02e60896-6f01-4db9-b194-e4d2b6798f11 - - - - - -] Attempt 1 to provision port 9f4cdb70-5ce7-4750-be23-d2e3ad19b91d
2026-07-02 01:30:23.175 9 INFO neutron.plugins.ml2.plugin [None req-6026cdc8-6870-4ebb-a832-4cf564dd5e4e - - - - - -] Attempt 1 to provision port 2581ac4b-2c9e-4e55-8d69-4b6bf44f3b9c
2026-07-02 01:30:24.030 9 INFO neutron.plugins.ml2.plugin [None req-a3093556-3743-49e6-b650-59a8a0d9d4f6 - - - - - -] Attempt 1 to provision port bbe5823c-5840-4927-adcf-59c6e6691460
2026-07-02 01:30:24.361 10 INFO neutron.plugins.ml2.plugin [None req-02e60896-6f01-4db9-b194-e4d2b6798f11 - - - - - -] Attempt 1 to provision port bbe5823c-5840-4927-adcf-59c6e6691460
2026-07-02 01:30:25.569 10 INFO neutron.plugins.ml2.plugin [None req-f949f5ff-b5d8-4ba8-9075-d9b3c8d72644 - - - - - -] Attempt 1 to provision port fd3b30a2-148d-4e07-80b9-55a20efea75a
2026-07-02 01:30:26.225 9 INFO neutron.plugins.ml2.plugin [None req-468ac168-5d34-4618-bf8b-1676aee5f571 - - - - - -] Attempt 1 to provision port fd3b30a2-148d-4e07-80b9-55a20efea75a
2026-07-02 01:30:26.237 10 INFO neutron.plugins.ml2.plugin [None req-02e60896-6f01-4db9-b194-e4d2b6798f11 - - - - - -] Attempt 1 to provision port ffe5e703-b098-4b59-92e5-c43b33501b01
2026-07-02 01:30:26.765 10 INFO neutron.plugins.ml2.plugin [None req-02e60896-6f01-4db9-b194-e4d2b6798f11 - - - - - -] Attempt 1 to provision port bbe5823c-5840-4927-adcf-59c6e6691460
2026-07-02 01:30:28.192 10 INFO neutron.plugins.ml2.plugin [None req-02e60896-6f01-4db9-b194-e4d2b6798f11 - - - - - -] Attempt 1 to provision port ffe5e703-b098-4b59-92e5-c43b33501b01
2026-07-02 01:30:31.518 10 INFO neutron.plugins.ml2.plugin [None req-164b8e05-e0b9-421a-ae30-e659599b69fa - - - - - -] Attempt 1 to provision port 051fb0c6-3e65-4026-90d4-d3bfd07881ee
2026-07-02 01:30:34.229 9 INFO neutron.plugins.ml2.plugin [None req-02e60896-6f01-4db9-b194-e4d2b6798f11 - - - - - -] Attempt 1 to provision port 051fb0c6-3e65-4026-90d4-d3bfd07881ee
2026-07-02 01:30:34.370 9 INFO neutron.notifiers.nova [-] Nova event matching ['req-1e950231-25eb-420a-8d73-114200ce7609'] response: {'server_uuid': '1751559a-6733-40ba-bcbd-90a31d1c04d9', 'name': 'network-vif-plugged', 'status': 'completed', 'tag': '051fb0c6-3e65-4026-90d4-d3bfd07881ee', 'code': 200}
2026-07-02 01:30:36.183 9 INFO neutron.plugins.ml2.plugin [None req-02e60896-6f01-4db9-b194-e4d2b6798f11 - - - - - -] Attempt 1 to provision port 119800f1-318e-4559-847c-da1bd0874e78
2026-07-02 01:30:36.507 9 INFO neutron.plugins.ml2.plugin [None req-7638a85d-8f8e-4265-aeed-58ddf643991a - - - - - -] Attempt 1 to provision port b5da10ae-b700-486c-b687-6f7061157870
2026-07-02 01:30:36.574 9 INFO neutron.plugins.ml2.plugin [None req-02e60896-6f01-4db9-b194-e4d2b6798f11 - - - - - -] Attempt 1 to provision port 051fb0c6-3e65-4026-90d4-d3bfd07881ee
2026-07-02 01:30:36.828 9 INFO neutron.plugins.ml2.plugin [None req-02e60896-6f01-4db9-b194-e4d2b6798f11 - - - - - -] Attempt 1 to provision port 645681e8-bedb-4494-81fa-5e75e1332a09
2026-07-02 01:30:37.117 9 INFO neutron.plugins.ml2.plugin [None req-7638a85d-8f8e-4265-aeed-58ddf643991a - - - - - -] Attempt 2 to provision port b5da10ae-b700-486c-b687-6f7061157870
2026-07-02 01:30:38.178 10 INFO neutron.plugins.ml2.plugin [None req-02e60896-6f01-4db9-b194-e4d2b6798f11 - - - - - -] Attempt 1 to provision port 645681e8-bedb-4494-81fa-5e75e1332a09
2026-07-02 01:30:38.469 10 INFO neutron.plugins.ml2.plugin [None req-02e60896-6f01-4db9-b194-e4d2b6798f11 - - - - - -] Attempt 1 to provision port 119800f1-318e-4559-847c-da1bd0874e78
2026-07-02 01:30:40.222 9 INFO neutron.plugins.ml2.plugin [None req-02e60896-6f01-4db9-b194-e4d2b6798f11 - - - - - -] Attempt 1 to provision port b5da10ae-b700-486c-b687-6f7061157870
2026-07-02 01:30:40.327 9 INFO neutron.notifiers.nova [-] Nova event matching ['req-574a46a1-efc5-40e9-9a13-e1150d6f55cc'] response: {'server_uuid': '865f43da-f5f8-4bfd-a702-6dce6eed43d8', 'name': 'network-vif-plugged', 'status': 'completed', 'tag': 'b5da10ae-b700-486c-b687-6f7061157870', 'code': 200}
2026-07-02 01:30:42.211 10 INFO neutron.plugins.ml2.plugin [None req-02e60896-6f01-4db9-b194-e4d2b6798f11 - - - - - -] Attempt 1 to provision port fd3b30a2-148d-4e07-80b9-55a20efea75a
2026-07-02 01:30:42.652 10 INFO neutron.plugins.ml2.plugin [None req-02e60896-6f01-4db9-b194-e4d2b6798f11 - - - - - -] Attempt 1 to provision port 2581ac4b-2c9e-4e55-8d69-4b6bf44f3b9c
2026-07-02 01:30:42.941 10 INFO neutron.plugins.ml2.plugin [None req-02e60896-6f01-4db9-b194-e4d2b6798f11 - - - - - -] Attempt 1 to provision port b5da10ae-b700-486c-b687-6f7061157870
2026-07-02 01:30:44.175 9 INFO neutron.plugins.ml2.plugin [None req-02e60896-6f01-4db9-b194-e4d2b6798f11 - - - - - -] Attempt 1 to provision port fd3b30a2-148d-4e07-80b9-55a20efea75a
2026-07-02 01:30:44.447 9 INFO neutron.plugins.ml2.plugin [None req-02e60896-6f01-4db9-b194-e4d2b6798f11 - - - - - -] Attempt 1 to provision port 2581ac4b-2c9e-4e55-8d69-4b6bf44f3b9c
2026-07-02 01:30:47.491 10 INFO neutron.plugins.ml2.plugin [None req-6300ca44-f1ee-4d69-8b55-a25c77de3bd4 - - - - - -] Attempt 1 to provision port dba6e48d-08d2-42bb-9c28-0acd612dab32
2026-07-02 01:30:52.369 9 INFO neutron.plugins.ml2.plugin [None req-02e60896-6f01-4db9-b194-e4d2b6798f11 - - - - - -] Attempt 1 to provision port dba6e48d-08d2-42bb-9c28-0acd612dab32
2026-07-02 01:30:52.526 9 INFO neutron.notifiers.nova [-] Nova event matching ['req-b5fd5250-4176-45af-a939-fbb734f95996'] response: {'server_uuid': '865f43da-f5f8-4bfd-a702-6dce6eed43d8', 'name': 'network-vif-plugged', 'status': 'completed', 'tag': 'dba6e48d-08d2-42bb-9c28-0acd612dab32', 'code': 200}
2026-07-02 01:30:54.217 10 INFO neutron.plugins.ml2.plugin [None req-02e60896-6f01-4db9-b194-e4d2b6798f11 - - - - - -] Attempt 1 to provision port dba6e48d-08d2-42bb-9c28-0acd612dab32 /var/lib/openstack/lib/python3.10/site-packages/oslo_db/sqlalchemy/enginefacade.py:667: SAWarning: DELETE statement on table 'portsecuritybindings' expected to delete 1 row(s); 0 were matched. Please set confirm_deleted_rows=False within the mapper configuration to prevent this warning. self.session.flush() /var/lib/openstack/lib/python3.10/site-packages/oslo_db/sqlalchemy/enginefacade.py:667: SAWarning: DELETE statement on table 'ml2_port_bindings' expected to delete 1 row(s); 0 were matched. Please set confirm_deleted_rows=False within the mapper configuration to prevent this warning. self.session.flush() /var/lib/openstack/lib/python3.10/site-packages/oslo_db/sqlalchemy/enginefacade.py:667: SAWarning: DELETE statement on table 'ml2_port_binding_levels' expected to delete 1 row(s); 0 were matched. Please set confirm_deleted_rows=False within the mapper configuration to prevent this warning. self.session.flush() /var/lib/openstack/lib/python3.10/site-packages/oslo_db/sqlalchemy/enginefacade.py:667: SAWarning: DELETE statement on table 'ports' expected to delete 1 row(s); 0 were matched. Please set confirm_deleted_rows=False within the mapper configuration to prevent this warning. self.session.flush()
2026-07-02 01:31:05.802 10 INFO neutron.plugins.ml2.plugin [None req-a5d064b5-b671-4ac4-beb9-466ac48b0655 - - - - - -] Attempt 1 to provision port dba6e48d-08d2-42bb-9c28-0acd612dab32
2026-07-02 01:31:06.228 9 INFO neutron.plugins.ml2.plugin [None req-02e60896-6f01-4db9-b194-e4d2b6798f11 - - - - - -] Attempt 1 to provision port dba6e48d-08d2-42bb-9c28-0acd612dab32
2026-07-02 01:31:16.220 9 INFO neutron.plugins.ml2.plugin [None req-02e60896-6f01-4db9-b194-e4d2b6798f11 - - - - - -] Attempt 1 to provision port b5da10ae-b700-486c-b687-6f7061157870
2026-07-02 01:31:16.243 10 INFO neutron.plugins.ml2.plugin [None req-9dbc7535-0bc4-4906-ab2c-af04704b525a - - - - - -] Attempt 1 to provision port b5da10ae-b700-486c-b687-6f7061157870
2026-07-02 01:31:36.466 9 INFO neutron.notifiers.nova [-] Nova event matching ['req-d61da8c9-36d1-42f0-bb17-af6295c2752c'] response: {'server_uuid': '865f43da-f5f8-4bfd-a702-6dce6eed43d8', 'name': 'network-vif-unplugged', 'status': 'completed', 'tag': 'ae158550-de6a-4e79-8453-74434ce0ba6b', 'code': 200}
2026-07-02 01:31:44.553 9 INFO neutron.plugins.ml2.plugin [None req-02e60896-6f01-4db9-b194-e4d2b6798f11 - - - - - -] No ports have port_id starting with cc7d2d75-8650-4396-8edb-dd770d6fc047
2026-07-02 01:31:44.637 9 INFO neutron.notifiers.nova [-] Nova event matching ['req-8a8934e8-cb36-4b69-a7ce-12b312c39310'] response: {'server_uuid': '39820596-b2e5-48d9-8830-a8551d941c05', 'name': 'network-vif-unplugged', 'status': 'completed', 'tag': 'cc7d2d75-8650-4396-8edb-dd770d6fc047', 'code': 200}
2026-07-02 01:32:08.037 10 ERROR neutron.plugins.ml2.managers [None req-6cecd33f-82f0-4e63-a5fa-efa3835225ad - - - - - -] Mechanism driver openvswitch failed in bind_port: neutron_lib.exceptions.SubnetNotFound: Subnet e175405a-d99a-417c-8cf7-4ea6c6d5aba2 could not be found.
2026-07-02 01:32:08.037 10 ERROR neutron.plugins.ml2.managers
Traceback (most recent call last):
2026-07-02 01:32:08.037 10 ERROR neutron.plugins.ml2.managers
File "/var/lib/openstack/lib/python3.10/site-packages/neutron/plugins/ml2/managers.py", line 866, in _bind_port_level
2026-07-02 01:32:08.037 10 ERROR neutron.plugins.ml2.managers driver.obj.bind_port(context)
2026-07-02 01:32:08.037 10 ERROR neutron.plugins.ml2.managers
File "/var/lib/openstack/lib/python3.10/site-packages/neutron/plugins/ml2/drivers/openvswitch/mech_driver/mech_openvswitch.py", line 133, in bind_port
2026-07-02 01:32:08.037 10 ERROR neutron.plugins.ml2.managers super(OpenvswitchMechanismDriver, self).bind_port(context)
2026-07-02 01:32:08.037 10 ERROR neutron.plugins.ml2.managers
File "/var/lib/openstack/lib/python3.10/site-packages/neutron/plugins/ml2/drivers/mech_agent.py", line 104, in bind_port
2026-07-02 01:32:08.037 10 ERROR neutron.plugins.ml2.managers subnets = self.get_subnets_from_fixed_ips(context)
2026-07-02 01:32:08.037 10 ERROR neutron.plugins.ml2.managers
File "/var/lib/openstack/lib/python3.10/site-packages/neutron/plugins/ml2/drivers/mech_agent.py", line 149, in get_subnets_from_fixed_ips
2026-07-02 01:32:08.037 10 ERROR neutron.plugins.ml2.managers subnets.append(context._plugin.get_subnet(
2026-07-02 01:32:08.037 10 ERROR neutron.plugins.ml2.managers
File "/var/lib/openstack/lib/python3.10/site-packages/neutron_lib/db/api.py", line 223, in wrapped
2026-07-02 01:32:08.037 10 ERROR neutron.plugins.ml2.managers return f_with_retry(*args, **kwargs,
2026-07-02 01:32:08.037 10 ERROR neutron.plugins.ml2.managers
File "/var/lib/openstack/lib/python3.10/site-packages/neutron_lib/db/api.py", line 137, in wrapped
2026-07-02 01:32:08.037 10 ERROR neutron.plugins.ml2.managers with excutils.save_and_reraise_exception():
2026-07-02 01:32:08.037 10 ERROR neutron.plugins.ml2.managers
File "/var/lib/openstack/lib/python3.10/site-packages/oslo_utils/excutils.py", line 227, in __exit__
2026-07-02 01:32:08.037 10 ERROR neutron.plugins.ml2.managers self.force_reraise()
2026-07-02 01:32:08.037 10 ERROR neutron.plugins.ml2.managers
File "/var/lib/openstack/lib/python3.10/site-packages/oslo_utils/excutils.py", line 200, in force_reraise
2026-07-02 01:32:08.037 10 ERROR neutron.plugins.ml2.managers raise self.value
2026-07-02 01:32:08.037 10 ERROR neutron.plugins.ml2.managers
File "/var/lib/openstack/lib/python3.10/site-packages/neutron_lib/db/api.py", line 135, in wrapped
2026-07-02 01:32:08.037 10 ERROR neutron.plugins.ml2.managers return f(*args, **kwargs)
2026-07-02 01:32:08.037 10 ERROR neutron.plugins.ml2.managers
File "/var/lib/openstack/lib/python3.10/site-packages/oslo_db/api.py", line 144, in wrapper
2026-07-02 01:32:08.037 10 ERROR neutron.plugins.ml2.managers with excutils.save_and_reraise_exception() as ectxt:
2026-07-02 01:32:08.037 10 ERROR neutron.plugins.ml2.managers
File "/var/lib/openstack/lib/python3.10/site-packages/oslo_utils/excutils.py", line 227, in __exit__
2026-07-02 01:32:08.037 10 ERROR neutron.plugins.ml2.managers self.force_reraise()
2026-07-02 01:32:08.037 10 ERROR neutron.plugins.ml2.managers
File "/var/lib/openstack/lib/python3.10/site-packages/oslo_utils/excutils.py", line 200, in force_reraise
2026-07-02 01:32:08.037 10 ERROR neutron.plugins.ml2.managers raise self.value
2026-07-02 01:32:08.037 10 ERROR neutron.plugins.ml2.managers
File "/var/lib/openstack/lib/python3.10/site-packages/oslo_db/api.py", line 142, in wrapper
2026-07-02 01:32:08.037 10 ERROR neutron.plugins.ml2.managers return f(*args, **kwargs)
2026-07-02 01:32:08.037 10 ERROR neutron.plugins.ml2.managers
File "/var/lib/openstack/lib/python3.10/site-packages/neutron_lib/db/api.py", line 183, in wrapped
2026-07-02 01:32:08.037 10 ERROR neutron.plugins.ml2.managers with excutils.save_and_reraise_exception():
2026-07-02 01:32:08.037 10 ERROR neutron.plugins.ml2.managers
File "/var/lib/openstack/lib/python3.10/site-packages/oslo_utils/excutils.py", line 227, in __exit__
2026-07-02 01:32:08.037 10 ERROR neutron.plugins.ml2.managers self.force_reraise()
2026-07-02 01:32:08.037 10 ERROR neutron.plugins.ml2.managers
File "/var/lib/openstack/lib/python3.10/site-packages/oslo_utils/excutils.py", line 200, in force_reraise
2026-07-02 01:32:08.037 10 ERROR neutron.plugins.ml2.managers raise self.value
2026-07-02 01:32:08.037 10 ERROR neutron.plugins.ml2.managers
File "/var/lib/openstack/lib/python3.10/site-packages/neutron_lib/db/api.py", line 181, in wrapped
2026-07-02 01:32:08.037 10 ERROR neutron.plugins.ml2.managers return f(*dup_args, **dup_kwargs)
2026-07-02 01:32:08.037 10 ERROR neutron.plugins.ml2.managers
