Apr 02 09:16:00.005864 np0000162846 devstack@neutron-api.service[102385]: DEBUG neutron_lib.callbacks.manager [None req-e3c6d30f-09d3-4137-be0a-a1fb5ec7b304 None None] Subscribe: > router before_create 55550100, False {{(pid=102385) subscribe /opt/stack/data/venv/lib/python3.12/site-packages/neutron_lib/callbacks/manager.py:52}}
Apr 02 09:16:00.005903 np0000162846 devstack@neutron-api.service[102386]: INFO neutron.api.extensions [None req-b29c0934-7e68-49fd-95a8-f2663564204c None None] Extension dvr not supported by any of loaded plugins
Apr 02 09:16:00.005945 np0000162846 devstack@neutron-api.service[102385]: DEBUG neutron_lib.callbacks.manager [None req-e3c6d30f-09d3-4137-be0a-a1fb5ec7b304 None None] Subscribe: > router precommit_delete 55550100, False {{(pid=102385) subscribe /opt/stack/data/venv/lib/python3.12/site-packages/neutron_lib/callbacks/manager.py:52}}
Apr 02 09:16:00.005989 np0000162846 devstack@neutron-api.service[102386]: DEBUG neutron.api.extensions [None req-b29c0934-7e68-49fd-95a8-f2663564204c None None] Loading extension file: ecmp_routes.py {{(pid=102386) _load_all_extensions_from_path /opt/stack/neutron/neutron/api/extensions.py:449}}
Apr 02 09:16:00.006071 np0000162846 devstack@neutron-api.service[102385]: DEBUG neutron_lib.callbacks.manager [None req-e3c6d30f-09d3-4137-be0a-a1fb5ec7b304 None None] Subscribe: > router precommit_create 55550100, False {{(pid=102385) subscribe /opt/stack/data/venv/lib/python3.12/site-packages/neutron_lib/callbacks/manager.py:52}}
Apr 02 09:16:00.006122 np0000162846 devstack@neutron-api.service[102387]: DEBUG neutron_lib.callbacks.manager [None req-069989e5-67c1-4247-af5c-11a2d7710b22 None None] Subscribe: > security_group after_update 55550000, False {{(pid=102387) subscribe /opt/stack/data/venv/lib/python3.12/site-packages/neutron_lib/callbacks/manager.py:52}}
Apr 02 09:16:00.006313 np0000162846 devstack@neutron-api.service[102385]: DEBUG neutron_lib.callbacks.manager [None req-e3c6d30f-09d3-4137-be0a-a1fb5ec7b304 None None] Subscribe: > router precommit_update 55550100, False {{(pid=102385) subscribe /opt/stack/data/venv/lib/python3.12/site-packages/neutron_lib/callbacks/manager.py:52}}
Apr 02 09:16:00.006363 np0000162846 devstack@neutron-api.service[102386]: DEBUG neutron.api.extensions [None req-b29c0934-7e68-49fd-95a8-f2663564204c None None] Ext name="Equal Cost Multipath Routing" alias="ecmp_routes" description="Allows traffic to reach thesame destination via multiple different links " updated="2020-11-26T18:00:00-00:00" {{(pid=102386) _check_extension /opt/stack/neutron/neutron/api/extensions.py:415}}
Apr 02 09:16:00.006408 np0000162846 devstack@neutron-api.service[102387]: DEBUG neutron_lib.callbacks.manager [None req-069989e5-67c1-4247-af5c-11a2d7710b22 None None] Subscribe: > security_group after_delete 55550000, False {{(pid=102387) subscribe /opt/stack/data/venv/lib/python3.12/site-packages/neutron_lib/callbacks/manager.py:52}}
Apr 02 09:16:00.006461 np0000162846 devstack@neutron-api.service[102386]: INFO neutron.api.extensions [None req-b29c0934-7e68-49fd-95a8-f2663564204c None None] Extension ecmp_routes not supported by any of loaded plugins
Apr 02 09:16:00.006461 np0000162846 devstack@neutron-api.service[102386]: DEBUG neutron.api.extensions [None req-b29c0934-7e68-49fd-95a8-f2663564204c None None] Loading extension file: empty_string_filtering.py {{(pid=102386) _load_all_extensions_from_path /opt/stack/neutron/neutron/api/extensions.py:449}}
Apr 02 09:16:00.006543 np0000162846 devstack@neutron-api.service[102387]: DEBUG neutron_lib.callbacks.manager [None req-069989e5-67c1-4247-af5c-11a2d7710b22 None None] Subscribe: > security_group_rule after_create 55550000, False {{(pid=102387) subscribe /opt/stack/data/venv/lib/python3.12/site-packages/neutron_lib/callbacks/manager.py:52}}
Apr 02 09:16:00.006588 np0000162846 devstack@neutron-api.service[102386]: DEBUG neutron.api.extensions [None req-b29c0934-7e68-49fd-95a8-f2663564204c None None] Ext name="Empty String Filtering Extension" alias="empty-string-filtering" description="Allow filtering by attributes with empty string value" updated="2018-05-01T10:00:00-00:00" {{(pid=102386) _check_extension /opt/stack/neutron/neutron/api/extensions.py:415}}
Apr 02 09:16:00.006588 np0000162846 devstack@neutron-api.service[102386]: INFO neutron.api.extensions [None req-b29c0934-7e68-49fd-95a8-f2663564204c None None] Loaded extension: empty-string-filtering
Apr 02 09:16:00.006670 np0000162846 devstack@neutron-api.service[102387]: DEBUG neutron_lib.callbacks.manager [None req-069989e5-67c1-4247-af5c-11a2d7710b22 None None] Subscribe: > security_group_rule after_update 55550000, False {{(pid=102387) subscribe /opt/stack/data/venv/lib/python3.12/site-packages/neutron_lib/callbacks/manager.py:52}}
Apr 02 09:16:00.006765 np0000162846 devstack@neutron-api.service[102386]: DEBUG neutron.api.extensions [None req-b29c0934-7e68-49fd-95a8-f2663564204c None None] Loading extension file: expose_l3_conntrack_helper.py {{(pid=102386) _load_all_extensions_from_path /opt/stack/neutron/neutron/api/extensions.py:449}}
Apr 02 09:16:00.006819 np0000162846 devstack@neutron-api.service[102387]: DEBUG neutron_lib.callbacks.manager [None req-069989e5-67c1-4247-af5c-11a2d7710b22 None None] Subscribe: > security_group_rule after_delete 55550000, False {{(pid=102387) subscribe /opt/stack/data/venv/lib/python3.12/site-packages/neutron_lib/callbacks/manager.py:52}}
Apr 02 09:16:00.006867 np0000162846 devstack@neutron-api.service[102386]: DEBUG neutron.api.extensions [None req-b29c0934-7e68-49fd-95a8-f2663564204c None None] Ext name="Expose CT target rules for conntrack helper" alias="expose-l3-conntrack-helper" description="Expose allow adding CT target rules for conntrack helper" updated="2019-04-04T10:00:00-00:00" {{(pid=102386) _check_extension /opt/stack/neutron/neutron/api/extensions.py:415}}
Apr 02 09:16:00.006913 np0000162846 devstack@neutron-api.service[102386]: INFO neutron.api.extensions [None req-b29c0934-7e68-49fd-95a8-f2663564204c None None] Extension expose-l3-conntrack-helper not supported by any of loaded plugins
Apr 02 09:16:00.006966 np0000162846 devstack@neutron-api.service[102387]: DEBUG neutron_lib.callbacks.manager [None req-069989e5-67c1-4247-af5c-11a2d7710b22 None None] Subscribe: > address_group after_create 55550000, False {{(pid=102387) subscribe /opt/stack/data/venv/lib/python3.12/site-packages/neutron_lib/callbacks/manager.py:52}}
Apr 02 09:16:00.007016 np0000162846 devstack@neutron-api.service[102386]: DEBUG neutron.api.extensions [None req-b29c0934-7e68-49fd-95a8-f2663564204c None None] Loading extension file: expose_port_forwarding_in_fip.py {{(pid=102386) _load_all_extensions_from_path /opt/stack/neutron/neutron/api/extensions.py:449}}
Apr 02 09:16:00.007177 np0000162846 devstack@neutron-api.service[102387]: DEBUG neutron_lib.callbacks.manager [None req-069989e5-67c1-4247-af5c-11a2d7710b22 None None] Subscribe: > address_group after_update 55550000, False {{(pid=102387) subscribe /opt/stack/data/venv/lib/python3.12/site-packages/neutron_lib/callbacks/manager.py:52}}
Apr 02 09:16:00.007261 np0000162846 devstack@neutron-api.service[102386]: DEBUG neutron.api.extensions [None req-b29c0934-7e68-49fd-95a8-f2663564204c None None] Ext name="Expose Floating IP port forwardings" alias="expose-port-forwarding-in-fip" description="Expose port forwarding fields in floating IP response" updated="2018-06-28T16:00:00-00:00" {{(pid=102386) _check_extension /opt/stack/neutron/neutron/api/extensions.py:415}}
Apr 02 09:16:00.007446 np0000162846 devstack@neutron-api.service[102386]: INFO neutron.api.extensions [None req-b29c0934-7e68-49fd-95a8-f2663564204c None None] Extension expose-port-forwarding-in-fip not supported by any of loaded plugins
Apr 02 09:16:00.007504 np0000162846 devstack@neutron-api.service[102387]: DEBUG neutron_lib.callbacks.manager [None req-069989e5-67c1-4247-af5c-11a2d7710b22 None None] Subscribe: > address_group after_delete 55550000, False {{(pid=102387) subscribe /opt/stack/data/venv/lib/python3.12/site-packages/neutron_lib/callbacks/manager.py:52}}
Apr 02 09:16:00.007557 np0000162846 devstack@neutron-api.service[102386]: DEBUG neutron.api.extensions [None req-b29c0934-7e68-49fd-95a8-f2663564204c None None] Loading extension file: external_net.py {{(pid=102386) _load_all_extensions_from_path /opt/stack/neutron/neutron/api/extensions.py:449}}
Apr 02 09:16:00.007652 np0000162846 devstack@neutron-api.service[102387]: DEBUG neutron.plugins.ml2.ovo_rpc [None req-069989e5-67c1-4247-af5c-11a2d7710b22 None None] ML2 OVO RPC backend initialized. {{(pid=102387) __init__ /opt/stack/neutron/neutron/plugins/ml2/ovo_rpc.py:117}}
Apr 02 09:16:00.007711 np0000162846 devstack@neutron-api.service[102386]: DEBUG neutron.api.extensions [None req-b29c0934-7e68-49fd-95a8-f2663564204c None None] Ext name="Neutron external network" alias="external-net" description="Adds external network attribute to network resource." updated="2013-01-14T10:00:00-00:00" {{(pid=102386) _check_extension /opt/stack/neutron/neutron/api/extensions.py:415}}
Apr 02 09:16:00.007869 np0000162846 devstack@neutron-api.service[102386]: INFO neutron.api.extensions [None req-b29c0934-7e68-49fd-95a8-f2663564204c None None] Loaded extension: external-net
Apr 02 09:16:00.007946 np0000162846 devstack@neutron-api.service[102386]: DEBUG neutron.api.extensions [None req-b29c0934-7e68-49fd-95a8-f2663564204c None None] Loading extension file: extra_dhcp_opt.py {{(pid=102386) _load_all_extensions_from_path /opt/stack/neutron/neutron/api/extensions.py:449}}
Apr 02 09:16:00.008179 np0000162846 devstack@neutron-api.service[102386]: DEBUG neutron.api.extensions [None req-b29c0934-7e68-49fd-95a8-f2663564204c None None] Ext name="Neutron Extra DHCP options" alias="extra_dhcp_opt" description="Extra options configuration for DHCP. For example PXE boot options to DHCP clients can be specified (e.g. tftp-server, server-ip-address, bootfile-name)" updated="2013-03-17T12:00:00-00:00" {{(pid=102386) _check_extension /opt/stack/neutron/neutron/api/extensions.py:415}}
Apr 02 09:16:00.008394 np0000162846 devstack@neutron-api.service[102386]: INFO neutron.api.extensions [None req-b29c0934-7e68-49fd-95a8-f2663564204c None None] Loaded extension: extra_dhcp_opt
Apr 02 09:16:00.008441 np0000162846 devstack@neutron-api.service[102386]: DEBUG neutron.api.extensions [None req-b29c0934-7e68-49fd-95a8-f2663564204c None None] Loading extension file: extraroute.py {{(pid=102386) _load_all_extensions_from_path /opt/stack/neutron/neutron/api/extensions.py:449}}
Apr 02 09:16:00.008681 np0000162846 devstack@neutron-api.service[102386]: DEBUG neutron.api.extensions [None req-b29c0934-7e68-49fd-95a8-f2663564204c None None] Ext name="Neutron Extra Route" alias="extraroute" description="Extra routes configuration for L3 router" updated="2013-02-01T10:00:00-00:00" {{(pid=102386) _check_extension /opt/stack/neutron/neutron/api/extensions.py:415}}
Apr 02 09:16:00.008805 np0000162846 devstack@neutron-api.service[102386]: INFO neutron.api.extensions [None req-b29c0934-7e68-49fd-95a8-f2663564204c None None] Loaded extension: extraroute
Apr 02 09:16:00.008902 np0000162846 devstack@neutron-api.service[102386]: DEBUG neutron.api.extensions [None req-b29c0934-7e68-49fd-95a8-f2663564204c None None] Loading extension file: extraroute_atomic.py {{(pid=102386) _load_all_extensions_from_path /opt/stack/neutron/neutron/api/extensions.py:449}}
Apr 02 09:16:00.008980 np0000162846 devstack@neutron-api.service[102385]: DEBUG neutron.services.provider_configuration [None req-e3c6d30f-09d3-4137-be0a-a1fb5ec7b304 None None] Service providers = [] {{(pid=102385) parse_service_provider_opt /opt/stack/neutron/neutron/services/provider_configuration.py:170}}
Apr 02 09:16:00.009089 np0000162846 devstack@neutron-api.service[102385]: DEBUG neutron.db.servicetype_db [None req-e3c6d30f-09d3-4137-be0a-a1fb5ec7b304 None None] Adding provider configuration for service L3_ROUTER_NAT {{(pid=102385) add_provider_configuration /opt/stack/neutron/neutron/db/servicetype_db.py:42}}
Apr 02 09:16:00.009130 np0000162846 devstack@neutron-api.service[102386]: DEBUG neutron.api.extensions [None req-b29c0934-7e68-49fd-95a8-f2663564204c None None] Ext name="Atomically add/remove extra routes" alias="extraroute-atomic" description="Edit extra routes of a router on server side by atomically adding/removing extra routes" updated="2019-07-10T00:00:00+00:00" {{(pid=102386) _check_extension /opt/stack/neutron/neutron/api/extensions.py:415}}
Apr 02 09:16:00.009207 np0000162846 devstack@neutron-api.service[102387]: INFO neutron.quota [None req-069989e5-67c1-4247-af5c-11a2d7710b22 None None] Loaded quota_driver: .
Apr 02 09:16:00.009322 np0000162846 devstack@neutron-api.service[102386]: INFO neutron.api.extensions [None req-b29c0934-7e68-49fd-95a8-f2663564204c None None] Loaded extension: extraroute-atomic
Apr 02 09:16:00.009413 np0000162846 devstack@neutron-api.service[102386]: DEBUG neutron.api.extensions [None req-b29c0934-7e68-49fd-95a8-f2663564204c None None] Loading extension file: filter_validation.py {{(pid=102386) _load_all_extensions_from_path /opt/stack/neutron/neutron/api/extensions.py:449}}
Apr 02 09:16:00.009550 np0000162846 devstack@neutron-api.service[102387]: INFO neutron.plugins.ml2.plugin [None req-069989e5-67c1-4247-af5c-11a2d7710b22 None None] Modular L2 Plugin initialization complete
Apr 02 09:16:00.009664 np0000162846 devstack@neutron-api.service[102386]: DEBUG neutron.api.extensions [None req-b29c0934-7e68-49fd-95a8-f2663564204c None None] Ext name="Filter parameters validation" alias="filter-validation" description="Provides validation on filter parameters." updated="2018-07-04T10:00:00-00:00" {{(pid=102386) _check_extension /opt/stack/neutron/neutron/api/extensions.py:415}}
Apr 02 09:16:00.009850 np0000162846 devstack@neutron-api.service[102386]: INFO neutron.api.extensions [None req-b29c0934-7e68-49fd-95a8-f2663564204c None None] Loaded extension: filter-validation
Apr 02 09:16:00.009888 np0000162846 devstack@neutron-api.service[102387]: DEBUG neutron.manager [None req-069989e5-67c1-4247-af5c-11a2d7710b22 None None] Loading services supported by the core plugin {{(pid=102387) _load_services_from_core_plugin /opt/stack/neutron/neutron/manager.py:170}}
Apr 02 09:16:00.009970 np0000162846 devstack@neutron-api.service[102386]: DEBUG neutron.api.extensions [None req-b29c0934-7e68-49fd-95a8-f2663564204c None None] Loading extension file: fip_pf_description.py {{(pid=102386) _load_all_extensions_from_path /opt/stack/neutron/neutron/api/extensions.py:449}}
Apr 02 09:16:00.010109 np0000162846 devstack@neutron-api.service[102387]: INFO neutron.plugins.ml2.managers [None req-069989e5-67c1-4247-af5c-11a2d7710b22 None None] Got port-security extension from driver 'port_security'
Apr 02 09:16:00.010158 np0000162846 devstack@neutron-api.service[102386]: DEBUG neutron.api.extensions [None req-b29c0934-7e68-49fd-95a8-f2663564204c None None] Ext name="Floating IP Port Forwarding new attribute description" alias="floating-ip-port-forwarding-description" description="Add a description field to Port Forwarding rules" updated="2019-11-01T10:00:00-00:00" {{(pid=102386) _check_extension /opt/stack/neutron/neutron/api/extensions.py:415}}
Apr 02 09:16:00.010339 np0000162846 devstack@neutron-api.service[102386]: INFO neutron.api.extensions [None req-b29c0934-7e68-49fd-95a8-f2663564204c None None] Extension floating-ip-port-forwarding-description not supported by any of loaded plugins
Apr 02 09:16:00.010376 np0000162846 devstack@neutron-api.service[102385]: DEBUG neutron_lib.callbacks.manager [None req-e3c6d30f-09d3-4137-be0a-a1fb5ec7b304 None None] Subscribe: > router precommit_create 55549900, False {{(pid=102385) subscribe /opt/stack/data/venv/lib/python3.12/site-packages/neutron_lib/callbacks/manager.py:52}}
Apr 02 09:16:00.010416 np0000162846 devstack@neutron-api.service[102386]: DEBUG neutron.api.extensions [None req-b29c0934-7e68-49fd-95a8-f2663564204c None None] Loading extension file: fip_pf_detail.py {{(pid=102386) _load_all_extensions_from_path /opt/stack/neutron/neutron/api/extensions.py:449}}
Apr 02 09:16:00.010501 np0000162846 devstack@neutron-api.service[102385]: DEBUG neutron_lib.callbacks.manager [None req-e3c6d30f-09d3-4137-be0a-a1fb5ec7b304 None None] Subscribe: > router_interface after_create 55550000, False {{(pid=102385) subscribe /opt/stack/data/venv/lib/python3.12/site-packages/neutron_lib/callbacks/manager.py:52}}
Apr 02 09:16:00.010604 np0000162846 devstack@neutron-api.service[102385]: DEBUG neutron_lib.callbacks.manager [None req-e3c6d30f-09d3-4137-be0a-a1fb5ec7b304 None None] Subscribe: > floatingip after_create 55550000, False {{(pid=102385) subscribe /opt/stack/data/venv/lib/python3.12/site-packages/neutron_lib/callbacks/manager.py:52}}
Apr 02 09:16:00.010689 np0000162846 devstack@neutron-api.service[102386]: DEBUG neutron.api.extensions [None req-b29c0934-7e68-49fd-95a8-f2663564204c None None] Ext name="Floating IP port forwarding detail" alias="floating-ip-port-forwarding-detail" description="Allow list floating ip return more port forwarding data, include'id' and 'internal_port_id'" updated="2022-05-06T10:00:00-00:00" {{(pid=102386) _check_extension /opt/stack/neutron/neutron/api/extensions.py:415}}
Apr 02 09:16:00.010776 np0000162846 devstack@neutron-api.service[102387]: DEBUG neutron.manager [None req-069989e5-67c1-4247-af5c-11a2d7710b22 None None] Loading service plugins: ['ovn-router', 'auto_allocate', 'tag', 'timestamp', 'network_ip_availability', 'flavors', 'revisions'] {{(pid=102387) _load_service_plugins /opt/stack/neutron/neutron/manager.py:195}}
Apr 02 09:16:00.010814 np0000162846 devstack@neutron-api.service[102385]: DEBUG neutron_lib.callbacks.manager [None req-e3c6d30f-09d3-4137-be0a-a1fb5ec7b304 None None] Subscribe: > floatingip precommit_create 55550000, False {{(pid=102385) subscribe /opt/stack/data/venv/lib/python3.12/site-packages/neutron_lib/callbacks/manager.py:52}}
Apr 02 09:16:00.010853 np0000162846 devstack@neutron-api.service[102386]: INFO neutron.api.extensions [None req-b29c0934-7e68-49fd-95a8-f2663564204c None None] Loaded extension: floating-ip-port-forwarding-detail
Apr 02 09:16:00.010944 np0000162846 devstack@neutron-api.service[102385]: DEBUG neutron_lib.callbacks.manager [None req-e3c6d30f-09d3-4137-be0a-a1fb5ec7b304 None None] Subscribe: > floatingip precommit_update 55550000, False {{(pid=102385) subscribe /opt/stack/data/venv/lib/python3.12/site-packages/neutron_lib/callbacks/manager.py:52}}
Apr 02 09:16:00.010989 np0000162846 devstack@neutron-api.service[102386]: DEBUG neutron.api.extensions [None req-b29c0934-7e68-49fd-95a8-f2663564204c None None] Loading extension file: fip_pf_port_range.py {{(pid=102386) _load_all_extensions_from_path /opt/stack/neutron/neutron/api/extensions.py:449}}
Apr 02 09:16:00.011067 np0000162846 devstack@neutron-api.service[102387]: INFO neutron.manager [None req-069989e5-67c1-4247-af5c-11a2d7710b22 None None] Loading Plugin: ovn-router
Apr 02 09:16:00.011148 np0000162846 devstack@neutron-api.service[102385]: DEBUG neutron_lib.callbacks.manager [None req-e3c6d30f-09d3-4137-be0a-a1fb5ec7b304 None None] Subscribe: > floatingip after_delete 55550000, False {{(pid=102385) subscribe /opt/stack/data/venv/lib/python3.12/site-packages/neutron_lib/callbacks/manager.py:52}}
Apr 02 09:16:00.011148 np0000162846 devstack@neutron-api.service[102385]: DEBUG neutron_lib.callbacks.manager [None req-e3c6d30f-09d3-4137-be0a-a1fb5ec7b304 None None] Subscribe: > floatingip after_status_update 55550000, False {{(pid=102385) subscribe /opt/stack/data/venv/lib/python3.12/site-packages/neutron_lib/callbacks/manager.py:52}}
Apr 02 09:16:00.011246 np0000162846 devstack@neutron-api.service[102386]: DEBUG neutron.api.extensions [None req-b29c0934-7e68-49fd-95a8-f2663564204c None None] Ext name="Floating IP Port Forwarding support port ranges" alias="floating-ip-port-forwarding-port-ranges" description="Add support to port ranges" updated="2020-07-01T10:00:00-00:00" {{(pid=102386) _check_extension /opt/stack/neutron/neutron/api/extensions.py:415}}
Apr 02 09:16:00.011337 np0000162846 devstack@neutron-api.service[102385]: DEBUG neutron_lib.callbacks.manager [None req-e3c6d30f-09d3-4137-be0a-a1fb5ec7b304 None None] Subscribe: > floatingip after_update 55550000, False {{(pid=102385) subscribe /opt/stack/data/venv/lib/python3.12/site-packages/neutron_lib/callbacks/manager.py:52}}
Apr 02 09:16:00.011337 np0000162846 devstack@neutron-api.service[102385]: DEBUG neutron_lib.callbacks.manager [None req-e3c6d30f-09d3-4137-be0a-a1fb5ec7b304 None None] Subscribe: > port_forwarding after_create 55550000, False {{(pid=102385) subscribe /opt/stack/data/venv/lib/python3.12/site-packages/neutron_lib/callbacks/manager.py:52}}
Apr 02 09:16:00.011409 np0000162846 devstack@neutron-api.service[102386]: INFO neutron.api.extensions [None req-b29c0934-7e68-49fd-95a8-f2663564204c None None] Extension floating-ip-port-forwarding-port-ranges not supported by any of loaded plugins
Apr 02 09:16:00.011483 np0000162846 devstack@neutron-api.service[102385]: DEBUG neutron_lib.callbacks.manager [None req-e3c6d30f-09d3-4137-be0a-a1fb5ec7b304 None None] Subscribe: > router_interface after_delete 55550000, False {{(pid=102385) subscribe /opt/stack/data/venv/lib/python3.12/site-packages/neutron_lib/callbacks/manager.py:52}}
Apr 02 09:16:00.011580 np0000162846 devstack@neutron-api.service[102386]: DEBUG neutron.api.extensions [None req-b29c0934-7e68-49fd-95a8-f2663564204c None None] Loading extension file: fip_port_details.py {{(pid=102386) _load_all_extensions_from_path /opt/stack/neutron/neutron/api/extensions.py:449}}
Apr 02 09:16:00.011615 np0000162846 devstack@neutron-api.service[102385]: DEBUG neutron_lib.callbacks.manager [None req-e3c6d30f-09d3-4137-be0a-a1fb5ec7b304 None None] Subscribe: > router after_create 55550000, False {{(pid=102385) subscribe /opt/stack/data/venv/lib/python3.12/site-packages/neutron_lib/callbacks/manager.py:52}}
Apr 02 09:16:00.011615 np0000162846 devstack@neutron-api.service[102385]: DEBUG neutron_lib.callbacks.manager [None req-e3c6d30f-09d3-4137-be0a-a1fb5ec7b304 None None] Subscribe: > router precommit_create 55550000, False {{(pid=102385) subscribe /opt/stack/data/venv/lib/python3.12/site-packages/neutron_lib/callbacks/manager.py:52}}
Apr 02 09:16:00.011688 np0000162846 devstack@neutron-api.service[102386]: DEBUG neutron.api.extensions [None req-b29c0934-7e68-49fd-95a8-f2663564204c None None] Ext name="Floating IP Port Details Extension" alias="fip-port-details" description="Add port_details attribute to Floating IP resource" updated="2018-04-09T10:00:00-00:00" {{(pid=102386) _check_extension /opt/stack/neutron/neutron/api/extensions.py:415}}
Apr 02 09:16:00.011733 np0000162846 devstack@neutron-api.service[102385]: DEBUG neutron_lib.callbacks.manager [None req-e3c6d30f-09d3-4137-be0a-a1fb5ec7b304 None None] Subscribe: > router after_delete 55550000, False {{(pid=102385) subscribe /opt/stack/data/venv/lib/python3.12/site-packages/neutron_lib/callbacks/manager.py:52}}
Apr 02 09:16:00.011733 np0000162846 devstack@neutron-api.service[102385]: DEBUG neutron_lib.callbacks.manager [None req-e3c6d30f-09d3-4137-be0a-a1fb5ec7b304 None None] Subscribe: > router after_update 55550000, False {{(pid=102385) subscribe /opt/stack/data/venv/lib/python3.12/site-packages/neutron_lib/callbacks/manager.py:52}}
Apr 02 09:16:00.011882 np0000162846 devstack@neutron-api.service[102386]: INFO neutron.api.extensions [None req-b29c0934-7e68-49fd-95a8-f2663564204c None None] Loaded extension: fip-port-details
Apr 02 09:16:00.011966 np0000162846 devstack@neutron-api.service[102385]: DEBUG neutron.services.service_base [None req-e3c6d30f-09d3-4137-be0a-a1fb5ec7b304 None None] Loaded 'neutron.services.ovn_l3.service_providers.ovn.OvnDriver' provider for service L3_ROUTER_NAT {{(pid=102385) load_drivers /opt/stack/neutron/neutron/services/service_base.py:49}}
Apr 02 09:16:00.012044 np0000162846 devstack@neutron-api.service[102386]: DEBUG neutron.api.extensions [None req-b29c0934-7e68-49fd-95a8-f2663564204c None None] Loading extension file: flavors.py {{(pid=102386) _load_all_extensions_from_path /opt/stack/neutron/neutron/api/extensions.py:449}}
Apr 02 09:16:00.012082 np0000162846 devstack@neutron-api.service[102385]: DEBUG neutron_lib.callbacks.manager [None req-e3c6d30f-09d3-4137-be0a-a1fb5ec7b304 None None] Subscribe: > process after_init 55550001, True {{(pid=102385) subscribe /opt/stack/data/venv/lib/python3.12/site-packages/neutron_lib/callbacks/manager.py:52}}
Apr 02 09:16:00.012082 np0000162846 devstack@neutron-api.service[102385]: DEBUG neutron.manager [None req-e3c6d30f-09d3-4137-be0a-a1fb5ec7b304 None None] Successfully loaded L3_ROUTER_NAT plugin. Description: L3 Router Service Plugin for basic L3 forwarding using OVN {{(pid=102385) _create_and_add_service_plugin /opt/stack/neutron/neutron/manager.py:239}}
Apr 02 09:16:00.012158 np0000162846 devstack@neutron-api.service[102385]: INFO neutron.manager [None req-e3c6d30f-09d3-4137-be0a-a1fb5ec7b304 None None] Loading Plugin: auto_allocate
Apr 02 09:16:00.012867 np0000162846 devstack@neutron-api.service[102386]: DEBUG neutron.api.extensions [None req-b29c0934-7e68-49fd-95a8-f2663564204c None None] Ext name="Neutron Service Flavors" alias="flavors" description="Flavor specification for Neutron advanced services." updated="2015-09-17T10:00:00-00:00" {{(pid=102386) _check_extension /opt/stack/neutron/neutron/api/extensions.py:415}}
Apr 02 09:16:00.012996 np0000162846 devstack@neutron-api.service[102386]: INFO neutron.api.extensions [None req-b29c0934-7e68-49fd-95a8-f2663564204c None None] Loaded extension: flavors
Apr 02 09:16:00.013078 np0000162846 devstack@neutron-api.service[102385]: DEBUG neutron_lib.callbacks.manager [None req-e3c6d30f-09d3-4137-be0a-a1fb5ec7b304 None None] Subscribe: network precommit_update 55550000, False {{(pid=102385) subscribe /opt/stack/data/venv/lib/python3.12/site-packages/neutron_lib/callbacks/manager.py:52}}
Apr 02 09:16:00.013125 np0000162846 devstack@neutron-api.service[102386]: DEBUG neutron.api.extensions [None req-b29c0934-7e68-49fd-95a8-f2663564204c None None] Loading extension file: floating_ip_port_forwarding.py {{(pid=102386) _load_all_extensions_from_path /opt/stack/neutron/neutron/api/extensions.py:449}}
Apr 02 09:16:00.013203 np0000162846 devstack@neutron-api.service[102385]: DEBUG neutron_lib.callbacks.manager [None req-e3c6d30f-09d3-4137-be0a-a1fb5ec7b304 None None] Subscribe: network precommit_create 55550000, False {{(pid=102385) subscribe /opt/stack/data/venv/lib/python3.12/site-packages/neutron_lib/callbacks/manager.py:52}}
Apr 02 09:16:00.013356 np0000162846 devstack@neutron-api.service[102385]: DEBUG neutron.manager [None req-e3c6d30f-09d3-4137-be0a-a1fb5ec7b304 None None] Successfully loaded auto-allocated-topology plugin. Description: Auto Allocated Topology - aka get me a network. {{(pid=102385) _create_and_add_service_plugin /opt/stack/neutron/neutron/manager.py:239}}
Apr 02 09:16:00.013460 np0000162846 devstack@neutron-api.service[102386]: DEBUG neutron.api.extensions [None req-b29c0934-7e68-49fd-95a8-f2663564204c None None] Ext name="Floating IP Port Forwarding" alias="floating-ip-port-forwarding" description="Allow port forwarding from floating IP port to an internal port" updated="2018-01-19T10:00:00-00:00" {{(pid=102386) _check_extension /opt/stack/neutron/neutron/api/extensions.py:415}}
Apr 02 09:16:00.013516 np0000162846 devstack@neutron-api.service[102385]: INFO neutron.manager [None req-e3c6d30f-09d3-4137-be0a-a1fb5ec7b304 None None] Loading Plugin: tag
Apr 02 09:16:00.013657 np0000162846 devstack@neutron-api.service[102386]: INFO neutron.api.extensions [None req-b29c0934-7e68-49fd-95a8-f2663564204c None None] Extension floating-ip-port-forwarding not supported by any of loaded plugins
Apr 02 09:16:00.013697 np0000162846 devstack@neutron-api.service[102386]: DEBUG neutron.api.extensions [None req-b29c0934-7e68-49fd-95a8-f2663564204c None None] Loading extension file: floatingip_pools.py {{(pid=102386) _load_all_extensions_from_path /opt/stack/neutron/neutron/api/extensions.py:449}}
Apr 02 09:16:00.013963 np0000162846 devstack@neutron-api.service[102386]: DEBUG neutron.api.extensions [None req-b29c0934-7e68-49fd-95a8-f2663564204c None None] Ext name="Floating IP Pools Extension" alias="floatingip-pools" description="Provides a floating IP pools API." updated="2018-03-21T10:00:00-00:00" {{(pid=102386) _check_extension /opt/stack/neutron/neutron/api/extensions.py:415}}
Apr 02 09:16:00.014134 np0000162846 devstack@neutron-api.service[102386]: INFO neutron.api.extensions [None req-b29c0934-7e68-49fd-95a8-f2663564204c None None] Loaded extension: floatingip-pools
Apr 02 09:16:00.014353 np0000162846 devstack@neutron-api.service[102386]: DEBUG neutron.api.extensions [None req-b29c0934-7e68-49fd-95a8-f2663564204c None None] Loading extension file: ip_allocation.py {{(pid=102386) _load_all_extensions_from_path /opt/stack/neutron/neutron/api/extensions.py:449}}
Apr 02 09:16:00.014494 np0000162846 devstack@neutron-api.service[102386]: DEBUG neutron.api.extensions [None req-b29c0934-7e68-49fd-95a8-f2663564204c None None] Ext name="IP Allocation" alias="ip_allocation" description="IP allocation extension." updated="2016-06-10T23:00:00-00:00" {{(pid=102386) _check_extension /opt/stack/neutron/neutron/api/extensions.py:415}}
Apr 02 09:16:00.014614 np0000162846 devstack@neutron-api.service[102386]: INFO neutron.api.extensions [None req-b29c0934-7e68-49fd-95a8-f2663564204c None None] Extension ip_allocation not supported by any of loaded plugins
Apr 02 09:16:00.014710 np0000162846 devstack@neutron-api.service[102386]: DEBUG neutron.api.extensions [None req-b29c0934-7e68-49fd-95a8-f2663564204c None None] Loading extension file: ip_substring_port_filtering.py {{(pid=102386) _load_all_extensions_from_path /opt/stack/neutron/neutron/api/extensions.py:449}}
Apr 02 09:16:00.014938 np0000162846 devstack@neutron-api.service[102386]: DEBUG neutron.api.extensions [None req-b29c0934-7e68-49fd-95a8-f2663564204c None None] Ext name="IP address substring filtering" alias="ip-substring-filtering" description="Provides IP address substring filtering when listing ports" updated="2017-11-28T09:00:00-00:00" {{(pid=102386) _check_extension /opt/stack/neutron/neutron/api/extensions.py:415}}
Apr 02 09:16:00.015145 np0000162846 devstack@neutron-api.service[102386]: INFO neutron.api.extensions [None req-b29c0934-7e68-49fd-95a8-f2663564204c None None] Extension ip-substring-filtering not supported by any of loaded plugins
Apr 02 09:16:00.015187 np0000162846 devstack@neutron-api.service[102386]: DEBUG neutron.api.extensions [None req-b29c0934-7e68-49fd-95a8-f2663564204c None None] Loading extension file: l2_adjacency.py {{(pid=102386) _load_all_extensions_from_path /opt/stack/neutron/neutron/api/extensions.py:449}}
Apr 02 09:16:00.015427 np0000162846 devstack@neutron-api.service[102386]: DEBUG neutron.api.extensions [None req-b29c0934-7e68-49fd-95a8-f2663564204c None None] Ext name="L2 Adjacency" alias="l2_adjacency" description="Display L2 Adjacency for Neutron Networks." updated="2016-04-12T16:00:00-00:00" {{(pid=102386) _check_extension /opt/stack/neutron/neutron/api/extensions.py:415}}
Apr 02 09:16:00.015595 np0000162846 devstack@neutron-api.service[102386]: INFO neutron.api.extensions [None req-b29c0934-7e68-49fd-95a8-f2663564204c None None] Extension l2_adjacency not supported by any of loaded plugins
Apr 02 09:16:00.015682 np0000162846 devstack@neutron-api.service[102386]: DEBUG neutron.api.extensions [None req-b29c0934-7e68-49fd-95a8-f2663564204c None None] Loading extension file: l3.py {{(pid=102386) _load_all_extensions_from_path /opt/stack/neutron/neutron/api/extensions.py:449}}
Apr 02 09:16:00.016085 np0000162846 devstack@neutron-api.service[102386]: DEBUG neutron.api.extensions [None req-b29c0934-7e68-49fd-95a8-f2663564204c None None] Ext name="Neutron L3 Router" alias="router" description="Router abstraction for basic L3 forwarding between L2 Neutron networks and access to external networks via a NAT gateway." updated="2012-07-20T10:00:00-00:00" {{(pid=102386) _check_extension /opt/stack/neutron/neutron/api/extensions.py:415}}
Apr 02 09:16:00.016123 np0000162846 devstack@neutron-api.service[102385]: DEBUG neutron.manager [None req-e3c6d30f-09d3-4137-be0a-a1fb5ec7b304 None None] Successfully loaded TAG plugin. Description: Tag support {{(pid=102385) _create_and_add_service_plugin /opt/stack/neutron/neutron/manager.py:239}}
Apr 02 09:16:00.016193 np0000162846 devstack@neutron-api.service[102385]: INFO neutron.manager [None req-e3c6d30f-09d3-4137-be0a-a1fb5ec7b304 None None] Loading Plugin: timestamp
Apr 02 09:16:00.016286 np0000162846 devstack@neutron-api.service[102386]: INFO neutron.api.extensions [None req-b29c0934-7e68-49fd-95a8-f2663564204c None None] Loaded extension: router
Apr 02 09:16:00.016379 np0000162846 devstack@neutron-api.service[102386]: DEBUG neutron.api.extensions [None req-b29c0934-7e68-49fd-95a8-f2663564204c None None] Loading extension file: l3_conntrack_helper.py {{(pid=102386) _load_all_extensions_from_path /opt/stack/neutron/neutron/api/extensions.py:449}}
Apr 02 09:16:00.016970 np0000162846 devstack@neutron-api.service[102386]: DEBUG neutron.api.extensions [None req-b29c0934-7e68-49fd-95a8-f2663564204c None None] Ext name="L3 Conntrack helper" alias="l3-conntrack-helper" description="Allow adding CT target rules for conntrack helper" updated="2019-04-04T10:00:00-00:00" {{(pid=102386) _check_extension /opt/stack/neutron/neutron/api/extensions.py:415}}
Apr 02 09:16:00.017145 np0000162846 devstack@neutron-api.service[102386]: INFO neutron.api.extensions [None req-b29c0934-7e68-49fd-95a8-f2663564204c None None] Extension l3-conntrack-helper not supported by any of loaded plugins
Apr 02 09:16:00.017242 np0000162846 devstack@neutron-api.service[102386]: DEBUG neutron.api.extensions [None req-b29c0934-7e68-49fd-95a8-f2663564204c None None] Loading extension file: l3_enable_default_route_bfd.py {{(pid=102386) _load_all_extensions_from_path /opt/stack/neutron/neutron/api/extensions.py:449}}
Apr 02 09:16:00.017406 np0000162846 devstack@neutron-api.service[102385]: DEBUG neutron.manager [None req-e3c6d30f-09d3-4137-be0a-a1fb5ec7b304 None None] Successfully loaded timestamp plugin. Description: Adds timestamps to Neutron resources with standard attributes {{(pid=102385) _create_and_add_service_plugin /opt/stack/neutron/neutron/manager.py:239}}
Apr 02 09:16:00.017487 np0000162846 devstack@neutron-api.service[102386]: DEBUG neutron.api.extensions [None req-b29c0934-7e68-49fd-95a8-f2663564204c None None] Ext name="Enable Default Route BFD" alias="enable-default-route-bfd" description="Enables configurable BFD behavior for default routes" updated="2023-02-27T00:00:00-00:00" {{(pid=102386) _check_extension /opt/stack/neutron/neutron/api/extensions.py:415}}
Apr 02 09:16:00.017514 np0000162846 devstack@neutron-api.service[102385]: INFO neutron.manager [None req-e3c6d30f-09d3-4137-be0a-a1fb5ec7b304 None None] Loading Plugin: network_ip_availability
Apr 02 09:16:00.017662 np0000162846 devstack@neutron-api.service[102386]: INFO neutron.api.extensions [None req-b29c0934-7e68-49fd-95a8-f2663564204c None None] Loaded extension: enable-default-route-bfd
Apr 02 09:16:00.017755 np0000162846 devstack@neutron-api.service[102386]: DEBUG neutron.api.extensions [None req-b29c0934-7e68-49fd-95a8-f2663564204c None None] Loading extension file: l3_enable_default_route_ecmp.py {{(pid=102386) _load_all_extensions_from_path /opt/stack/neutron/neutron/api/extensions.py:449}}
Apr 02 09:16:00.017996 np0000162846 devstack@neutron-api.service[102386]: DEBUG neutron.api.extensions [None req-b29c0934-7e68-49fd-95a8-f2663564204c None None] Ext name="Enable Default Route ECMP" alias="enable-default-route-ecmp" description="Enables configurable ECMP behavior for default routes" updated="2023-02-27T00:00:00-00:00" {{(pid=102386) _check_extension /opt/stack/neutron/neutron/api/extensions.py:415}}
Apr 02 09:16:00.018189 np0000162846 devstack@neutron-api.service[102386]: INFO neutron.api.extensions [None req-b29c0934-7e68-49fd-95a8-f2663564204c None None] Loaded extension: enable-default-route-ecmp
Apr 02 09:16:00.018251 np0000162846 devstack@neutron-api.service[102386]: DEBUG neutron.api.extensions [None req-b29c0934-7e68-49fd-95a8-f2663564204c None None] Loading extension file: l3_ext_gw_mode.py {{(pid=102386) _load_all_extensions_from_path /opt/stack/neutron/neutron/api/extensions.py:449}}
Apr 02 09:16:00.018472 np0000162846 devstack@neutron-api.service[102386]: DEBUG neutron.api.extensions [None req-b29c0934-7e68-49fd-95a8-f2663564204c None None] Ext name="Neutron L3 Configurable external gateway mode" alias="ext-gw-mode" description="Extension of the router abstraction for specifying whether SNAT should occur on the external gateway" updated="2013-03-28T10:00:00-00:00" {{(pid=102386) _check_extension /opt/stack/neutron/neutron/api/extensions.py:415}}
Apr 02 09:16:00.018640 np0000162846 devstack@neutron-api.service[102386]: INFO neutron.api.extensions [None req-b29c0934-7e68-49fd-95a8-f2663564204c None None] Loaded extension: ext-gw-mode
Apr 02 09:16:00.018730 np0000162846 devstack@neutron-api.service[102386]: DEBUG neutron.api.extensions [None req-b29c0934-7e68-49fd-95a8-f2663564204c None None] Loading extension file: l3_ext_ha_mode.py {{(pid=102386) _load_all_extensions_from_path /opt/stack/neutron/neutron/api/extensions.py:449}}
Apr 02 09:16:00.018976 np0000162846 devstack@neutron-api.service[102386]: DEBUG neutron.api.extensions [None req-b29c0934-7e68-49fd-95a8-f2663564204c None None] Ext name="HA Router extension" alias="l3-ha" description="Adds HA capability to routers." updated="2014-04-26T00:00:00-00:00" {{(pid=102386) _check_extension /opt/stack/neutron/neutron/api/extensions.py:415}}
Apr 02 09:16:00.019060 np0000162846 devstack@neutron-api.service[102385]: DEBUG neutron.manager [None req-e3c6d30f-09d3-4137-be0a-a1fb5ec7b304 None None] Successfully loaded network-ip-availability plugin. Description: Provides IP availability data for each network and subnet. {{(pid=102385) _create_and_add_service_plugin /opt/stack/neutron/neutron/manager.py:239}}
Apr 02 09:16:00.019111 np0000162846 devstack@neutron-api.service[102386]: INFO neutron.api.extensions [None req-b29c0934-7e68-49fd-95a8-f2663564204c None None] Loaded extension: l3-ha
Apr 02 09:16:00.019155 np0000162846 devstack@neutron-api.service[102385]: INFO neutron.manager [None req-e3c6d30f-09d3-4137-be0a-a1fb5ec7b304 None None] Loading Plugin: flavors
Apr 02 09:16:00.019273 np0000162846 devstack@neutron-api.service[102386]: DEBUG neutron.api.extensions [None req-b29c0934-7e68-49fd-95a8-f2663564204c None None] Loading extension file: l3_ext_ndp_proxy.py {{(pid=102386) _load_all_extensions_from_path /opt/stack/neutron/neutron/api/extensions.py:449}}
Apr 02 09:16:00.019440 np0000162846 devstack@neutron-api.service[102386]: DEBUG neutron.api.extensions [None req-b29c0934-7e68-49fd-95a8-f2663564204c None None] Ext name="Router support to enable NDP proxy" alias="l3-ext-ndp-proxy" description="Router extension to enable ndp proxy" updated="2020-08-25T00:00:00-00:00" {{(pid=102386) _check_extension /opt/stack/neutron/neutron/api/extensions.py:415}}
Apr 02 09:16:00.019600 np0000162846 devstack@neutron-api.service[102386]: INFO neutron.api.extensions [None req-b29c0934-7e68-49fd-95a8-f2663564204c None None] Extension l3-ext-ndp-proxy not supported by any of loaded plugins
Apr 02 09:16:00.019715 np0000162846 devstack@neutron-api.service[102386]: DEBUG neutron.api.extensions [None req-b29c0934-7e68-49fd-95a8-f2663564204c None None] Loading extension file: l3_extra_gws.py {{(pid=102386) _load_all_extensions_from_path /opt/stack/neutron/neutron/api/extensions.py:449}}
Apr 02 09:16:00.019922 np0000162846 devstack@neutron-api.service[102386]: DEBUG neutron.api.extensions [None req-b29c0934-7e68-49fd-95a8-f2663564204c None None] Ext name="Neutron L3 External Gateway Multihoming" alias="external-gateway-multihoming" description="Allow multiple external gateway ports per router" updated="2023-01-18T00:00:00-00:00" {{(pid=102386) _check_extension /opt/stack/neutron/neutron/api/extensions.py:415}}
Apr 02 09:16:00.020074 np0000162846 devstack@neutron-api.service[102385]: DEBUG neutron.manager [None req-e3c6d30f-09d3-4137-be0a-a1fb5ec7b304 None None] Successfully loaded FLAVORS plugin. Description: Neutron Flavors and Service Profiles manager plugin {{(pid=102385) _create_and_add_service_plugin /opt/stack/neutron/neutron/manager.py:239}}
Apr 02 09:16:00.020113 np0000162846 devstack@neutron-api.service[102386]: INFO neutron.api.extensions [None req-b29c0934-7e68-49fd-95a8-f2663564204c None None] Loaded extension: external-gateway-multihoming
Apr 02 09:16:00.020218 np0000162846 devstack@neutron-api.service[102385]: INFO neutron.manager [None req-e3c6d30f-09d3-4137-be0a-a1fb5ec7b304 None None] Loading Plugin: revisions
Apr 02 09:16:00.020277 np0000162846 devstack@neutron-api.service[102386]: DEBUG neutron.api.extensions [None req-b29c0934-7e68-49fd-95a8-f2663564204c None None] Loading extension file: l3_flavors.py {{(pid=102386) _load_all_extensions_from_path /opt/stack/neutron/neutron/api/extensions.py:449}}
Apr 02 09:16:00.020433 np0000162846 devstack@neutron-api.service[102386]: DEBUG neutron.api.extensions [None req-b29c0934-7e68-49fd-95a8-f2663564204c None None] Ext name="Router Flavor Extension" alias="l3-flavors" description="Flavor support for routers." updated="2016-05-17T00:00:00-00:00" {{(pid=102386) _check_extension /opt/stack/neutron/neutron/api/extensions.py:415}}
Apr 02 09:16:00.020560 np0000162846 devstack@neutron-api.service[102386]: INFO neutron.api.extensions [None req-b29c0934-7e68-49fd-95a8-f2663564204c None None] Loaded extension: l3-flavors
Apr 02 09:16:00.020653 np0000162846 devstack@neutron-api.service[102386]: DEBUG neutron.api.extensions [None req-b29c0934-7e68-49fd-95a8-f2663564204c None None] Loading extension file: l3_ndp_proxy.py {{(pid=102386) _load_all_extensions_from_path /opt/stack/neutron/neutron/api/extensions.py:449}}
Apr 02 09:16:00.020934 np0000162846 devstack@neutron-api.service[102386]: DEBUG neutron.api.extensions [None req-b29c0934-7e68-49fd-95a8-f2663564204c None None] Ext name="name" alias="l3-ndp-proxy" description="description" updated="2021-06-29T10:00:00-00:00" {{(pid=102386) _check_extension /opt/stack/neutron/neutron/api/extensions.py:415}}
Apr 02 09:16:00.021103 np0000162846 devstack@neutron-api.service[102386]: INFO neutron.api.extensions [None req-b29c0934-7e68-49fd-95a8-f2663564204c None None] Extension l3-ndp-proxy not supported by any of loaded plugins
Apr 02 09:16:00.021136 np0000162846 devstack@neutron-api.service[102385]: DEBUG neutron.manager [None req-e3c6d30f-09d3-4137-be0a-a1fb5ec7b304 None None] Successfully loaded revision_plugin plugin. Description: Adds revision numbers to resources. {{(pid=102385) _create_and_add_service_plugin /opt/stack/neutron/neutron/manager.py:239}}
Apr 02 09:16:00.021204 np0000162846 devstack@neutron-api.service[102386]: DEBUG neutron.api.extensions [None req-b29c0934-7e68-49fd-95a8-f2663564204c None None] Loading extension file: l3_port_ip_change_not_allowed.py {{(pid=102386) _load_all_extensions_from_path /opt/stack/neutron/neutron/api/extensions.py:449}}
Apr 02 09:16:00.021265 np0000162846 devstack@neutron-api.service[102385]: DEBUG oslo_concurrency.lockutils [None req-e3c6d30f-09d3-4137-be0a-a1fb5ec7b304 None None] Lock "manager" "released" by "neutron.manager.NeutronManager._create_instance" :: held 4.574s {{(pid=102385) inner /opt/stack/data/venv/lib/python3.12/site-packages/oslo_concurrency/lockutils.py:538}}
Apr 02 09:16:00.021461 np0000162846 devstack@neutron-api.service[102386]: DEBUG neutron.api.extensions [None req-b29c0934-7e68-49fd-95a8-f2663564204c None None] Ext name="Prevent L3 router ports IP address change extension" alias="l3-port-ip-change-not-allowed" description="Prevent change of IP address for some L3 router ports" updated="2018-10-09T10:00:00-00:00" {{(pid=102386) _check_extension /opt/stack/neutron/neutron/api/extensions.py:415}}
Apr 02 09:16:00.021537 np0000162846 devstack@neutron-api.service[102385]: DEBUG neutron.api.extensions [None req-e3c6d30f-09d3-4137-be0a-a1fb5ec7b304 None None] get_extension_paths = OrderedDict({'/opt/stack/neutron/neutron/extensions': 1}) {{(pid=102385) get_extensions_path /opt/stack/neutron/neutron/api/extensions.py:640}}
Apr 02 09:16:00.021644 np0000162846 devstack@neutron-api.service[102385]: INFO neutron.api.extensions [None req-e3c6d30f-09d3-4137-be0a-a1fb5ec7b304 None None] Initializing extension manager.
Apr 02 09:16:00.021677 np0000162846 devstack@neutron-api.service[102386]: INFO neutron.api.extensions [None req-b29c0934-7e68-49fd-95a8-f2663564204c None None] Extension l3-port-ip-change-not-allowed not supported by any of loaded plugins
Apr 02 09:16:00.021734 np0000162846 devstack@neutron-api.service[102386]: DEBUG neutron.api.extensions [None req-b29c0934-7e68-49fd-95a8-f2663564204c None None] Loading extension file: l3agentscheduler.py {{(pid=102386) _load_all_extensions_from_path /opt/stack/neutron/neutron/api/extensions.py:449}}
Apr 02 09:16:00.021852 np0000162846 devstack@neutron-api.service[102385]: DEBUG neutron.api.extensions [None req-e3c6d30f-09d3-4137-be0a-a1fb5ec7b304 None None] Loading extension file: __init__.py {{(pid=102385) _load_all_extensions_from_path /opt/stack/neutron/neutron/api/extensions.py:449}}
Apr 02 09:16:00.021954 np0000162846 devstack@neutron-api.service[102385]: DEBUG neutron.api.extensions [None req-e3c6d30f-09d3-4137-be0a-a1fb5ec7b304 None None] Loading extension file: __pycache__ {{(pid=102385) _load_all_extensions_from_path /opt/stack/neutron/neutron/api/extensions.py:449}}
Apr 02 09:16:00.022043 np0000162846 devstack@neutron-api.service[102385]: DEBUG neutron.api.extensions [None req-e3c6d30f-09d3-4137-be0a-a1fb5ec7b304 None None] Loading extension file: address_group.py {{(pid=102385) _load_all_extensions_from_path /opt/stack/neutron/neutron/api/extensions.py:449}}
Apr 02 09:16:00.022289 np0000162846 devstack@neutron-api.service[102386]: DEBUG neutron.api.extensions [None req-b29c0934-7e68-49fd-95a8-f2663564204c None None] Ext name="L3 Agent Scheduler" alias="l3_agent_scheduler" description="Schedule routers among l3 agents" updated="2013-02-07T10:00:00-00:00" {{(pid=102386) _check_extension /opt/stack/neutron/neutron/api/extensions.py:415}}
Apr 02 09:16:00.022391 np0000162846 devstack@neutron-api.service[102385]: DEBUG neutron.api.extensions [None req-e3c6d30f-09d3-4137-be0a-a1fb5ec7b304 None None] Ext name="Address group" alias="address-group" description="Support address group" updated="2020-07-15T10:00:00-00:00" {{(pid=102385) _check_extension /opt/stack/neutron/neutron/api/extensions.py:415}}
Apr 02 09:16:00.022428 np0000162846 devstack@neutron-api.service[102386]: INFO neutron.api.extensions [None req-b29c0934-7e68-49fd-95a8-f2663564204c None None] Extension l3_agent_scheduler not supported by any of loaded plugins
Apr 02 09:16:00.022558 np0000162846 devstack@neutron-api.service[102386]: DEBUG neutron.api.extensions [None req-b29c0934-7e68-49fd-95a8-f2663564204c None None] Loading extension file: local_ip.py {{(pid=102386) _load_all_extensions_from_path /opt/stack/neutron/neutron/api/extensions.py:449}}
Apr 02 09:16:00.022661 np0000162846 devstack@neutron-api.service[102385]: INFO neutron.api.extensions [None req-e3c6d30f-09d3-4137-be0a-a1fb5ec7b304 None None] Loaded extension: address-group
Apr 02 09:16:00.022755 np0000162846 devstack@neutron-api.service[102385]: DEBUG neutron.api.extensions [None req-e3c6d30f-09d3-4137-be0a-a1fb5ec7b304 None None] Loading extension file: address_scope.py {{(pid=102385) _load_all_extensions_from_path /opt/stack/neutron/neutron/api/extensions.py:449}}
Apr 02 09:16:00.022870 np0000162846 devstack@neutron-api.service[102386]: DEBUG neutron.api.extensions [None req-b29c0934-7e68-49fd-95a8-f2663564204c None None] Ext name="Local IP" alias="local_ip" description="Support Node Local Virtual IP" updated="2021-07-26T10:00:00-00:00" {{(pid=102386) _check_extension /opt/stack/neutron/neutron/api/extensions.py:415}}
Apr 02 09:16:00.023004 np0000162846 devstack@neutron-api.service[102386]: INFO neutron.api.extensions [None req-b29c0934-7e68-49fd-95a8-f2663564204c None None] Extension local_ip not supported by any of loaded plugins
Apr 02 09:16:00.023069 np0000162846 devstack@neutron-api.service[102385]: DEBUG neutron.api.extensions [None req-e3c6d30f-09d3-4137-be0a-a1fb5ec7b304 None None] Ext name="Address scope" alias="address-scope" description="Address scopes extension." updated="2015-07-26T10:00:00-00:00" {{(pid=102385) _check_extension /opt/stack/neutron/neutron/api/extensions.py:415}}
Apr 02 09:16:00.023165 np0000162846 devstack@neutron-api.service[102386]: DEBUG neutron.api.extensions [None req-b29c0934-7e68-49fd-95a8-f2663564204c None None] Loading extension file: logging.py {{(pid=102386) _load_all_extensions_from_path /opt/stack/neutron/neutron/api/extensions.py:449}}
Apr 02 09:16:00.023256 np0000162846 devstack@neutron-api.service[102385]: INFO neutron.api.extensions [None req-e3c6d30f-09d3-4137-be0a-a1fb5ec7b304 None None] Loaded extension: address-scope
Apr 02 09:16:00.023351 np0000162846 devstack@neutron-api.service[102385]: DEBUG neutron.api.extensions [None req-e3c6d30f-09d3-4137-be0a-a1fb5ec7b304 None None] Loading extension file: admin_state_down_before_update.py {{(pid=102385) _load_all_extensions_from_path /opt/stack/neutron/neutron/api/extensions.py:449}}
