2026-04-20 11:15:47.683 8 INFO placement.requestlog [None req-a457e126-dabc-4f03-b1cd-f6f0b7d4fca3 - - - - - -] 10.0.0.98 "GET /" status: 200 len: 136 microversion: 1.0
2026-04-20 11:15:57.678 7 INFO placement.requestlog [None req-a8b60c98-f025-49d4-97cb-3072a58a03e3 - - - - - -] 10.0.0.98 "GET /" status: 200 len: 136 microversion: 1.0
2026-04-20 11:15:57.678 8 INFO placement.requestlog [None req-5d504853-cbbf-410f-b40d-b31bc020718b - - - - - -] 10.0.0.98 "GET /" status: 200 len: 136 microversion: 1.0
2026-04-20 11:15:59.985 7 INFO placement.requestlog [req-05a995da-a18a-4bda-8b0d-400f351cd229 req-01520839-3f0d-4936-a980-8c3033f03eff 471bb74d013b4b908e2dcbff8a8bdc07 1f1e1cf18cf54fec9b6531f10678cafc - - 6861bdfe46ba4ec295e377aa612e00a9 6861bdfe46ba4ec295e377aa612e00a9] 199.204.45.205 "GET /resource_providers/09b06215-f853-427a-9fab-45de71d33031/allocations" status: 200 len: 54 microversion: 1.0 [pid: 7|app: 0|req: 100/201] 199.204.45.205 () {32 vars in 857 bytes} [Mon Apr 20 11:15:59 2026] GET /resource_providers/09b06215-f853-427a-9fab-45de71d33031/allocations => generated 54 bytes in 116 msecs (HTTP/1.1 200) 6 headers in 223 bytes (1 switches on core 0)
2026-04-20 11:16:00.008 8 INFO placement.requestlog [req-05a995da-a18a-4bda-8b0d-400f351cd229 req-50f71579-6100-4b01-bc53-347d5200a59f 471bb74d013b4b908e2dcbff8a8bdc07 1f1e1cf18cf54fec9b6531f10678cafc - - 6861bdfe46ba4ec295e377aa612e00a9 6861bdfe46ba4ec295e377aa612e00a9] 199.204.45.205 "GET /resource_providers?in_tree=09b06215-f853-427a-9fab-45de71d33031" status: 200 len: 797 microversion: 1.14 [pid: 8|app: 0|req: 102/202] 199.204.45.205 () {34 vars in 892 bytes} [Mon Apr 20 11:15:59 2026] GET /resource_providers?in_tree=09b06215-f853-427a-9fab-45de71d33031 => generated 797 bytes in 17 msecs (HTTP/1.1 200) 6 headers in 225 bytes (1 switches on core 0)
2026-04-20 11:16:00.032 7 INFO placement.requestlog [req-05a995da-a18a-4bda-8b0d-400f351cd229 req-a304721e-d6ea-46eb-9410-3fef8c1f1327 471bb74d013b4b908e2dcbff8a8bdc07 1f1e1cf18cf54fec9b6531f10678cafc - - 6861bdfe46ba4ec295e377aa612e00a9 6861bdfe46ba4ec295e377aa612e00a9] 199.204.45.205 "GET /resource_providers/09b06215-f853-427a-9fab-45de71d33031/inventories" status: 200 len: 400 microversion: 1.0 [pid: 7|app: 0|req: 101/203] 199.204.45.205 () {32 vars in 857 bytes} [Mon Apr 20 11:16:00 2026] GET /resource_providers/09b06215-f853-427a-9fab-45de71d33031/inventories => generated 400 bytes in 17 msecs (HTTP/1.1 200) 6 headers in 224 bytes (1 switches on core 0)
2026-04-20 11:16:00.052 8 INFO placement.requestlog [req-05a995da-a18a-4bda-8b0d-400f351cd229 req-df27958c-b337-4cdb-9e77-c7386554a3a9 471bb74d013b4b908e2dcbff8a8bdc07 1f1e1cf18cf54fec9b6531f10678cafc - - 6861bdfe46ba4ec295e377aa612e00a9 6861bdfe46ba4ec295e377aa612e00a9] 199.204.45.205 "GET /resource_providers/09b06215-f853-427a-9fab-45de71d33031/aggregates" status: 200 len: 53 microversion: 1.19 [pid: 8|app: 0|req: 103/204] 199.204.45.205 () {34 vars in 899 bytes} [Mon Apr 20 11:16:00 2026] GET /resource_providers/09b06215-f853-427a-9fab-45de71d33031/aggregates => generated 53 bytes in 14 msecs (HTTP/1.1 200) 8 headers in 295 bytes (1 switches on core 0)
2026-04-20 11:16:00.145 7 INFO placement.requestlog [req-05a995da-a18a-4bda-8b0d-400f351cd229 req-f59051c8-4c3f-4c79-a185-5e22b2c8fd90 471bb74d013b4b908e2dcbff8a8bdc07 1f1e1cf18cf54fec9b6531f10678cafc - - 6861bdfe46ba4ec295e377aa612e00a9 6861bdfe46ba4ec295e377aa612e00a9] 199.204.45.205 "GET /resource_providers/09b06215-f853-427a-9fab-45de71d33031/traits" status: 200 len: 2316 microversion: 1.6 [pid: 7|app: 0|req: 102/205] 199.204.45.205 () {34 vars in 890 bytes} [Mon Apr 20 11:16:00 2026] GET /resource_providers/09b06215-f853-427a-9fab-45de71d33031/traits => generated 2316 bytes in 88 msecs (HTTP/1.1 200) 6 headers in 225 bytes (1 switches on core 0)
2026-04-20 11:16:00.182 8 INFO placement.requestlog [req-05a995da-a18a-4bda-8b0d-400f351cd229 req-e92ef218-3b04-4ce0-be3e-893c9a1bfae7 471bb74d013b4b908e2dcbff8a8bdc07 1f1e1cf18cf54fec9b6531f10678cafc - - 6861bdfe46ba4ec295e377aa612e00a9 6861bdfe46ba4ec295e377aa612e00a9] 199.204.45.205 "GET /resource_providers/09b06215-f853-427a-9fab-45de71d33031/allocations" status: 200 len: 54 microversion: 1.0 [pid: 8|app: 0|req: 104/206] 199.204.45.205 () {32 vars in 857 bytes} [Mon Apr 20 11:16:00 2026] GET /resource_providers/09b06215-f853-427a-9fab-45de71d33031/allocations => generated 54 bytes in 28 msecs (HTTP/1.1 200) 6 headers in 223 bytes (1 switches on core 0)
2026-04-20 11:16:07.679 8 INFO placement.requestlog [None req-3be66921-fc03-4674-ac84-2223f2d2e00f - - - - - -] 10.0.0.98 "GET /" status: 200 len: 136 microversion: 1.0
2026-04-20 11:16:07.679 7 INFO placement.requestlog [None req-fb30a0d4-fccc-4e24-82b5-1276bad2479c - - - - - -] 10.0.0.98 "GET /" status: 200 len: 136 microversion: 1.0
2026-04-20 11:16:17.678 8 INFO placement.requestlog [None req-4a5522aa-9ccf-437b-850d-53389e48b1d6 - - - - - -] 10.0.0.98 "GET /" status: 200 len: 136 microversion: 1.0
2026-04-20 11:16:17.678 7 INFO placement.requestlog [None req-c6b0191c-ab7f-459e-8fd8-423d775e1151 - - - - - -] 10.0.0.98 "GET /" status: 200 len: 136 microversion: 1.0
2026-04-20 11:16:27.679 8 INFO placement.requestlog [None req-30bdceaa-23e1-48f2-8155-63bfae93cd51 - - - - - -] 10.0.0.98 "GET /" status: 200 len: 136 microversion: 1.0
2026-04-20 11:16:27.679 7 INFO placement.requestlog [None req-fbeedc09-a61a-4af4-aee4-a05b20dee902 - - - - - -] 10.0.0.98 "GET /" status: 200 len: 136 microversion: 1.0
2026-04-20 11:16:37.679 8 INFO placement.requestlog [None req-64446026-db86-4444-a8c0-8528d885a4b9 - - - - - -] 10.0.0.98 "GET /" status: 200 len: 136 microversion: 1.0
2026-04-20 11:16:37.679 7 INFO placement.requestlog [None req-a3e5e6ef-aaf8-4b49-a93a-4076a7f2f577 - - - - - -] 10.0.0.98 "GET /" status: 200 len: 136 microversion: 1.0
2026-04-20 11:16:43.435 8 INFO placement.requestlog [req-bfbf66ae-60d3-45ba-b9f6-49b573181882 req-0fd4ecf5-4d36-4d18-9acf-6bdc96ecf887 471bb74d013b4b908e2dcbff8a8bdc07 1f1e1cf18cf54fec9b6531f10678cafc - - 6861bdfe46ba4ec295e377aa612e00a9 6861bdfe46ba4ec295e377aa612e00a9] 10.0.0.148 "GET /allocation_candidates?limit=1000&resources=DISK_GB%3A1%2CMEMORY_MB%3A512%2CVCPU%3A1&root_required=%21COMPUTE_STATUS_DISABLED" status: 200 len: 2781 microversion: 1.36 [pid: 8|app: 0|req: 109/215] 10.0.0.148 () {34 vars in 1012 bytes} [Mon Apr 20 11:16:42 2026] GET /allocation_candidates?limit=1000&resources=DISK_GB%3A1%2CMEMORY_MB%3A512%2CVCPU%3A1&root_required=%21COMPUTE_STATUS_DISABLED => generated 2781 bytes in 510 msecs (HTTP/1.1 200) 8 headers in 297 bytes (1 switches on core 0)
2026-04-20 11:16:43.486 7 INFO placement.requestlog [req-bfbf66ae-60d3-45ba-b9f6-49b573181882 req-ae869808-5465-4fcc-b018-e4d50f1db4a2 471bb74d013b4b908e2dcbff8a8bdc07 1f1e1cf18cf54fec9b6531f10678cafc - - 6861bdfe46ba4ec295e377aa612e00a9 6861bdfe46ba4ec295e377aa612e00a9] 10.0.0.148 "GET /allocations/056a31ba-c3f9-4695-b8a2-b3964b0c648d" status: 200 len: 19 microversion: 1.28 [pid: 7|app: 0|req: 107/216] 10.0.0.148 () {34 vars in 861 bytes} [Mon Apr 20 11:16:43 2026] GET /allocations/056a31ba-c3f9-4695-b8a2-b3964b0c648d => generated 19 bytes in 15 msecs (HTTP/1.1 200) 8 headers in 295 bytes (1 switches on core 0)
2026-04-20 11:16:43.555 7 INFO placement.requestlog [req-c1150dd4-5f46-47d9-9968-d3f70d729dea req-1f502e23-d1df-4f6c-a718-020efce11c99 471bb74d013b4b908e2dcbff8a8bdc07 1f1e1cf18cf54fec9b6531f10678cafc - - 6861bdfe46ba4ec295e377aa612e00a9 6861bdfe46ba4ec295e377aa612e00a9] 10.0.0.148 "GET /allocation_candidates?limit=1000&resources=DISK_GB%3A1%2CMEMORY_MB%3A512%2CVCPU%3A1&root_required=%21COMPUTE_STATUS_DISABLED" status: 200 len: 2781 microversion: 1.36 [pid: 7|app: 0|req: 108/217] 10.0.0.148 () {34 vars in 1012 bytes} [Mon Apr 20 11:16:43 2026] GET /allocation_candidates?limit=1000&resources=DISK_GB%3A1%2CMEMORY_MB%3A512%2CVCPU%3A1&root_required=%21COMPUTE_STATUS_DISABLED => generated 2781 bytes in 51 msecs (HTTP/1.1 200) 8 headers in 297 bytes (1 switches on core 0)
2026-04-20 11:16:43.567 8 INFO placement.requestlog [req-bfbf66ae-60d3-45ba-b9f6-49b573181882 req-e32cc13f-f683-4728-ab39-d5c29a8f6a20 471bb74d013b4b908e2dcbff8a8bdc07 1f1e1cf18cf54fec9b6531f10678cafc - - 6861bdfe46ba4ec295e377aa612e00a9 6861bdfe46ba4ec295e377aa612e00a9] 10.0.0.148 "PUT /allocations/056a31ba-c3f9-4695-b8a2-b3964b0c648d" status: 204 len: 0 microversion: 1.36 [pid: 8|app: 0|req: 110/218] 10.0.0.148 () {38 vars in 914 bytes} [Mon Apr 20 11:16:43 2026] PUT /allocations/056a31ba-c3f9-4695-b8a2-b3964b0c648d => generated 0 bytes in 72 msecs (HTTP/1.1 204) 5 headers in 199 bytes (1 switches on core 0)
2026-04-20 11:16:43.617 7 INFO placement.requestlog [req-c1150dd4-5f46-47d9-9968-d3f70d729dea req-57fbff9c-6bb4-41c1-b998-7d3c956480df 471bb74d013b4b908e2dcbff8a8bdc07 1f1e1cf18cf54fec9b6531f10678cafc - - 6861bdfe46ba4ec295e377aa612e00a9 6861bdfe46ba4ec295e377aa612e00a9] 10.0.0.148 "GET /allocations/948f8bf3-3ace-4bbc-9b07-b77540e87e04" status: 200 len: 19 microversion: 1.28 [pid: 7|app: 0|req: 109/219] 10.0.0.148 () {34 vars in 861 bytes} [Mon Apr 20 11:16:43 2026] GET /allocations/948f8bf3-3ace-4bbc-9b07-b77540e87e04 => generated 19 bytes in 8 msecs (HTTP/1.1 200) 8 headers in 295 bytes (1 switches on core 0)
2026-04-20 11:16:43.672 8 INFO placement.requestlog [req-c1150dd4-5f46-47d9-9968-d3f70d729dea req-7f67dc93-fceb-449e-9320-0f2ffce6deac 471bb74d013b4b908e2dcbff8a8bdc07 1f1e1cf18cf54fec9b6531f10678cafc - - 6861bdfe46ba4ec295e377aa612e00a9 6861bdfe46ba4ec295e377aa612e00a9] 10.0.0.148 "PUT /allocations/948f8bf3-3ace-4bbc-9b07-b77540e87e04" status: 204 len: 0 microversion: 1.36 [pid: 8|app: 0|req: 111/220] 10.0.0.148 () {38 vars in 914 bytes} [Mon Apr 20 11:16:43 2026] PUT /allocations/948f8bf3-3ace-4bbc-9b07-b77540e87e04 => generated 0 bytes in 47 msecs (HTTP/1.1 204) 5 headers in 199 bytes (1 switches on core 0)
2026-04-20 11:16:45.310 7 INFO placement.requestlog [req-bfbf66ae-60d3-45ba-b9f6-49b573181882 req-5aa47d0b-c286-4b43-be1d-fdfdb64783a9 471bb74d013b4b908e2dcbff8a8bdc07 1f1e1cf18cf54fec9b6531f10678cafc - - 6861bdfe46ba4ec295e377aa612e00a9 6861bdfe46ba4ec295e377aa612e00a9] 199.204.45.205 "GET /allocations/056a31ba-c3f9-4695-b8a2-b3964b0c648d" status: 200 len: 257 microversion: 1.28 [pid: 7|app: 0|req: 110/221] 199.204.45.205 () {34 vars in 863 bytes} [Mon Apr 20 11:16:45 2026] GET /allocations/056a31ba-c3f9-4695-b8a2-b3964b0c648d => generated 257 bytes in 16 msecs (HTTP/1.1 200) 8 headers in 296 bytes (1 switches on core 0)
2026-04-20 11:16:45.357 8 INFO placement.requestlog [req-c1150dd4-5f46-47d9-9968-d3f70d729dea req-8e6ade87-1b16-4941-b869-d812cb7f1b64 471bb74d013b4b908e2dcbff8a8bdc07 1f1e1cf18cf54fec9b6531f10678cafc - - 6861bdfe46ba4ec295e377aa612e00a9 6861bdfe46ba4ec295e377aa612e00a9] 199.204.45.205 "GET /allocations/948f8bf3-3ace-4bbc-9b07-b77540e87e04" status: 200 len: 257 microversion: 1.28 [pid: 8|app: 0|req: 112/222] 199.204.45.205 () {34 vars in 863 bytes} [Mon Apr 20 11:16:45 2026] GET /allocations/948f8bf3-3ace-4bbc-9b07-b77540e87e04 => generated 257 bytes in 18 msecs (HTTP/1.1 200) 8 headers in 296 bytes (1 switches on core 0)
2026-04-20 11:16:46.354 7 INFO placement.requestlog [req-bfbf66ae-60d3-45ba-b9f6-49b573181882 req-79a1c4a9-0da3-463c-9603-277d1f45afec 471bb74d013b4b908e2dcbff8a8bdc07 1f1e1cf18cf54fec9b6531f10678cafc - - 6861bdfe46ba4ec295e377aa612e00a9 6861bdfe46ba4ec295e377aa612e00a9] 199.204.45.205 "GET /resource_providers/09b06215-f853-427a-9fab-45de71d33031/allocations" status: 200 len: 252 microversion: 1.0 [pid: 7|app: 0|req: 111/223] 199.204.45.205 () {32 vars in 857 bytes} [Mon Apr 20 11:16:46 2026] GET /resource_providers/09b06215-f853-427a-9fab-45de71d33031/allocations => generated 252 bytes in 16 msecs (HTTP/1.1 200) 6 headers in 224 bytes (1 switches on core 0)
2026-04-20 11:16:46.376 8 INFO placement.requestlog [req-bfbf66ae-60d3-45ba-b9f6-49b573181882 req-b0a0a8fa-f3e4-4b1a-a903-f627d5b4e48c 471bb74d013b4b908e2dcbff8a8bdc07 1f1e1cf18cf54fec9b6531f10678cafc - - 6861bdfe46ba4ec295e377aa612e00a9 6861bdfe46ba4ec295e377aa612e00a9] 199.204.45.205 "GET /allocations/948f8bf3-3ace-4bbc-9b07-b77540e87e04" status: 200 len: 257 microversion: 1.28 [pid: 8|app: 0|req: 113/224] 199.204.45.205 () {34 vars in 863 bytes} [Mon Apr 20 11:16:46 2026] GET /allocations/948f8bf3-3ace-4bbc-9b07-b77540e87e04 => generated 257 bytes in 18 msecs (HTTP/1.1 200) 8 headers in 296 bytes (1 switches on core 0)
2026-04-20 11:16:46.397 7 INFO placement.requestlog [req-bfbf66ae-60d3-45ba-b9f6-49b573181882 req-78f69b8a-694a-457d-8b37-b58466e055d2 471bb74d013b4b908e2dcbff8a8bdc07 1f1e1cf18cf54fec9b6531f10678cafc - - 6861bdfe46ba4ec295e377aa612e00a9 6861bdfe46ba4ec295e377aa612e00a9] 199.204.45.205 "GET /allocations/056a31ba-c3f9-4695-b8a2-b3964b0c648d" status: 200 len: 257 microversion: 1.28 [pid: 7|app: 0|req: 112/225] 199.204.45.205 () {34 vars in 863 bytes} [Mon Apr 20 11:16:46 2026] GET /allocations/056a31ba-c3f9-4695-b8a2-b3964b0c648d => generated 257 bytes in 12 msecs (HTTP/1.1 200) 8 headers in 296 bytes (1 switches on core 0)
2026-04-20 11:16:47.422 8 INFO placement.requestlog [None req-895ea805-67ba-4027-b79c-ce91fa79da90 8a50fdbd5ccf41938227072ce0d19692 1f1e1cf18cf54fec9b6531f10678cafc - - 6861bdfe46ba4ec295e377aa612e00a9 6861bdfe46ba4ec295e377aa612e00a9] 10.0.0.99 "GET /resource_providers/2a4477f1-2f28-4113-b8b5-4066d382bc7d/aggregates" status: 404 len: 235 microversion: 1.1 [pid: 8|app: 0|req: 114/226] 10.0.0.99 () {32 vars in 815 bytes} [Mon Apr 20 11:16:47 2026] GET /resource_providers/2a4477f1-2f28-4113-b8b5-4066d382bc7d/aggregates => generated 235 bytes in 111 msecs (HTTP/1.1 404) 5 headers in 202 bytes (1 switches on core 0)
2026-04-20 11:16:47.440 7 INFO placement.requestlog [None req-f362031b-2354-4e8f-ba96-bd7957a62e04 8a50fdbd5ccf41938227072ce0d19692 1f1e1cf18cf54fec9b6531f10678cafc - - 6861bdfe46ba4ec295e377aa612e00a9 6861bdfe46ba4ec295e377aa612e00a9] 10.0.0.99 "GET /resource_providers/2a4477f1-2f28-4113-b8b5-4066d382bc7d/aggregates" status: 404 len: 235 microversion: 1.1 [pid: 7|app: 0|req: 113/227] 10.0.0.99 () {32 vars in 815 bytes} [Mon Apr 20 11:16:47 2026] GET /resource_providers/2a4477f1-2f28-4113-b8b5-4066d382bc7d/aggregates => generated 235 bytes in 121 msecs (HTTP/1.1 404) 5 headers in 202 bytes (1 switches on core 0)
2026-04-20 11:16:47.443 8 INFO placement.requestlog [None req-41b4fa6a-6c1c-4b7f-928b-b6bb1c5706ba 8a50fdbd5ccf41938227072ce0d19692 1f1e1cf18cf54fec9b6531f10678cafc - - 6861bdfe46ba4ec295e377aa612e00a9 6861bdfe46ba4ec295e377aa612e00a9] 10.0.0.99 "DELETE /resource_providers/2a4477f1-2f28-4113-b8b5-4066d382bc7d" status: 404 len: 246 microversion: 1.1 [pid: 8|app: 0|req: 115/228] 10.0.0.99 () {34 vars in 815 bytes} [Mon Apr 20 11:16:47 2026] DELETE /resource_providers/2a4477f1-2f28-4113-b8b5-4066d382bc7d => generated 246 bytes in 9 msecs (HTTP/1.1 404) 6 headers in 231 bytes (1 switches on core 0)
2026-04-20 11:16:47.459 7 INFO placement.requestlog [None req-234be04f-f43e-4909-aa9a-9b71e747afe7 8a50fdbd5ccf41938227072ce0d19692 1f1e1cf18cf54fec9b6531f10678cafc - - 6861bdfe46ba4ec295e377aa612e00a9 6861bdfe46ba4ec295e377aa612e00a9] 10.0.0.99 "DELETE /resource_providers/2a4477f1-2f28-4113-b8b5-4066d382bc7d" status: 404 len: 246 microversion: 1.1 [pid: 7|app: 0|req: 114/229] 10.0.0.99 () {34 vars in 815 bytes} [Mon Apr 20 11:16:47 2026] DELETE /resource_providers/2a4477f1-2f28-4113-b8b5-4066d382bc7d => generated 246 bytes in 11 msecs (HTTP/1.1 404) 6 headers in 231 bytes (1 switches on core 0)
2026-04-20 11:16:47.679 7 INFO placement.requestlog [None req-c7f099b9-d6e5-44df-9ac7-945f002644d1 - - - - - -] 10.0.0.98 "GET /" status: 200 len: 136 microversion: 1.0
2026-04-20 11:16:47.681 7 INFO placement.requestlog [None req-e204896c-a604-4788-bdc6-7d54ceaaf4d6 - - - - - -] 10.0.0.98 "GET /" status: 200 len: 136 microversion: 1.0
2026-04-20 11:16:47.700 8 INFO placement.requestlog [req-77774b99-f299-49bc-9f85-96ee5cc2b9fd req-3a60dcf5-b901-4824-98e1-cbaec8882643 471bb74d013b4b908e2dcbff8a8bdc07 1f1e1cf18cf54fec9b6531f10678cafc - - 6861bdfe46ba4ec295e377aa612e00a9 6861bdfe46ba4ec295e377aa612e00a9] 10.0.0.148 "GET /allocation_candidates?limit=1000&resources=DISK_GB%3A1%2CMEMORY_MB%3A512%2CVCPU%3A1&root_required=%21COMPUTE_STATUS_DISABLED" status: 200 len: 2784 microversion: 1.36 [pid: 8|app: 0|req: 116/232] 10.0.0.148 () {34 vars in 1012 bytes} [Mon Apr 20 11:16:47 2026] GET /allocation_candidates?limit=1000&resources=DISK_GB%3A1%2CMEMORY_MB%3A512%2CVCPU%3A1&root_required=%21COMPUTE_STATUS_DISABLED => generated 2784 bytes in 45 msecs (HTTP/1.1 200) 8 headers in 297 bytes (1 switches on core 0)
2026-04-20 11:16:47.737 7 INFO placement.requestlog [req-77774b99-f299-49bc-9f85-96ee5cc2b9fd req-e458385a-3347-4e93-b27d-28c22cb3ddf6 471bb74d013b4b908e2dcbff8a8bdc07 1f1e1cf18cf54fec9b6531f10678cafc - - 6861bdfe46ba4ec295e377aa612e00a9 6861bdfe46ba4ec295e377aa612e00a9] 10.0.0.148 "GET /allocations/2a980b25-b21c-414c-96b3-78fe9540953f" status: 200 len: 19 microversion: 1.28 [pid: 7|app: 0|req: 117/233] 10.0.0.148 () {34 vars in 861 bytes} [Mon Apr 20 11:16:47 2026] GET /allocations/2a980b25-b21c-414c-96b3-78fe9540953f => generated 19 bytes in 10 msecs (HTTP/1.1 200) 8 headers in 295 bytes (1 switches on core 0)
2026-04-20 11:16:47.802 8 INFO placement.requestlog [req-77774b99-f299-49bc-9f85-96ee5cc2b9fd req-dfff30c7-2ea3-4937-962d-3781f9ca8910 471bb74d013b4b908e2dcbff8a8bdc07 1f1e1cf18cf54fec9b6531f10678cafc - - 6861bdfe46ba4ec295e377aa612e00a9 6861bdfe46ba4ec295e377aa612e00a9] 10.0.0.148 "PUT /allocations/2a980b25-b21c-414c-96b3-78fe9540953f" status: 204 len: 0 microversion: 1.36 [pid: 8|app: 0|req: 117/234] 10.0.0.148 () {38 vars in 914 bytes} [Mon Apr 20 11:16:47 2026] PUT /allocations/2a980b25-b21c-414c-96b3-78fe9540953f => generated 0 bytes in 60 msecs (HTTP/1.1 204) 5 headers in 199 bytes (1 switches on core 0)
2026-04-20 11:16:48.474 7 INFO placement.requestlog [req-c1150dd4-5f46-47d9-9968-d3f70d729dea req-001951b2-6ef9-4a64-9335-0ed372bb5101 471bb74d013b4b908e2dcbff8a8bdc07 1f1e1cf18cf54fec9b6531f10678cafc - - 6861bdfe46ba4ec295e377aa612e00a9 6861bdfe46ba4ec295e377aa612e00a9] 199.204.45.205 "GET /resource_providers/09b06215-f853-427a-9fab-45de71d33031/allocations" status: 200 len: 352 microversion: 1.0 [pid: 7|app: 0|req: 118/235] 199.204.45.205 () {32 vars in 857 bytes} [Mon Apr 20 11:16:48 2026] GET /resource_providers/09b06215-f853-427a-9fab-45de71d33031/allocations => generated 352 bytes in 21 msecs (HTTP/1.1 200) 6 headers in 224 bytes (1 switches on core 0)
2026-04-20 11:16:48.493 8 INFO placement.requestlog [req-c1150dd4-5f46-47d9-9968-d3f70d729dea req-8763ef59-5ecb-4373-a818-720d528e7d14 471bb74d013b4b908e2dcbff8a8bdc07 1f1e1cf18cf54fec9b6531f10678cafc - - 6861bdfe46ba4ec295e377aa612e00a9 6861bdfe46ba4ec295e377aa612e00a9] 199.204.45.205 "GET /allocations/2a980b25-b21c-414c-96b3-78fe9540953f" status: 200 len: 257 microversion: 1.28 [pid: 8|app: 0|req: 118/236] 199.204.45.205 () {34 vars in 863 bytes} [Mon Apr 20 11:16:48 2026] GET /allocations/2a980b25-b21c-414c-96b3-78fe9540953f => generated 257 bytes in 13 msecs (HTTP/1.1 200) 8 headers in 296 bytes (1 switches on core 0)
2026-04-20 11:16:48.512 7 INFO placement.requestlog [req-c1150dd4-5f46-47d9-9968-d3f70d729dea req-3afe6350-aadd-41b3-9186-1c315fdf4855 471bb74d013b4b908e2dcbff8a8bdc07 1f1e1cf18cf54fec9b6531f10678cafc - - 6861bdfe46ba4ec295e377aa612e00a9 6861bdfe46ba4ec295e377aa612e00a9] 199.204.45.205 "GET /allocations/948f8bf3-3ace-4bbc-9b07-b77540e87e04" status: 200 len: 257 microversion: 1.28 [pid: 7|app: 0|req: 119/237] 199.204.45.205 () {34 vars in 863 bytes} [Mon Apr 20 11:16:48 2026] GET /allocations/948f8bf3-3ace-4bbc-9b07-b77540e87e04 => generated 257 bytes in 12 msecs (HTTP/1.1 200) 8 headers in 296 bytes (1 switches on core 0)
2026-04-20 11:16:48.529 8 INFO placement.requestlog [req-c1150dd4-5f46-47d9-9968-d3f70d729dea req-bae58e45-b220-481c-a91f-7e916f2f2325 471bb74d013b4b908e2dcbff8a8bdc07 1f1e1cf18cf54fec9b6531f10678cafc - - 6861bdfe46ba4ec295e377aa612e00a9 6861bdfe46ba4ec295e377aa612e00a9] 199.204.45.205 "GET /allocations/056a31ba-c3f9-4695-b8a2-b3964b0c648d" status: 200 len: 257 microversion: 1.28 [pid: 8|app: 0|req: 119/238] 199.204.45.205 () {34 vars in 863 bytes} [Mon Apr 20 11:16:48 2026] GET /allocations/056a31ba-c3f9-4695-b8a2-b3964b0c648d => generated 257 bytes in 11 msecs (HTTP/1.1 200) 8 headers in 296 bytes (1 switches on core 0)
2026-04-20 11:16:49.320 7 INFO placement.requestlog [req-77774b99-f299-49bc-9f85-96ee5cc2b9fd req-14276736-b154-4eca-a45f-625907c67661 471bb74d013b4b908e2dcbff8a8bdc07 1f1e1cf18cf54fec9b6531f10678cafc - - 6861bdfe46ba4ec295e377aa612e00a9 6861bdfe46ba4ec295e377aa612e00a9] 199.204.45.205 "GET /allocations/2a980b25-b21c-414c-96b3-78fe9540953f" status: 200 len: 257 microversion: 1.28 [pid: 7|app: 0|req: 120/239] 199.204.45.205 () {34 vars in 863 bytes} [Mon Apr 20 11:16:49 2026] GET /allocations/2a980b25-b21c-414c-96b3-78fe9540953f => generated 257 bytes in 21 msecs (HTTP/1.1 200) 8 headers in 296 bytes (1 switches on core 0)
2026-04-20 11:16:50.613 8 INFO placement.requestlog [req-77774b99-f299-49bc-9f85-96ee5cc2b9fd req-1fcb4809-384d-4fc2-a63b-784cdad6ed27 471bb74d013b4b908e2dcbff8a8bdc07 1f1e1cf18cf54fec9b6531f10678cafc - - 6861bdfe46ba4ec295e377aa612e00a9 6861bdfe46ba4ec295e377aa612e00a9] 199.204.45.205 "GET /resource_providers/09b06215-f853-427a-9fab-45de71d33031/allocations" status: 200 len: 352 microversion: 1.0 [pid: 8|app: 0|req: 120/240] 199.204.45.205 () {32 vars in 857 bytes} [Mon Apr 20 11:16:50 2026] GET /resource_providers/09b06215-f853-427a-9fab-45de71d33031/allocations => generated 352 bytes in 18 msecs (HTTP/1.1 200) 6 headers in 224 bytes (1 switches on core 0)
2026-04-20 11:16:50.635 7 INFO placement.requestlog [req-77774b99-f299-49bc-9f85-96ee5cc2b9fd req-2d0107c0-6d6d-44a3-8a6f-118b1d02262c 471bb74d013b4b908e2dcbff8a8bdc07 1f1e1cf18cf54fec9b6531f10678cafc - - 6861bdfe46ba4ec295e377aa612e00a9 6861bdfe46ba4ec295e377aa612e00a9] 199.204.45.205 "GET /allocations/2a980b25-b21c-414c-96b3-78fe9540953f" status: 200 len: 257 microversion: 1.28 [pid: 7|app: 0|req: 121/241] 199.204.45.205 () {34 vars in 863 bytes} [Mon Apr 20 11:16:50 2026] GET /allocations/2a980b25-b21c-414c-96b3-78fe9540953f => generated 257 bytes in 12 msecs (HTTP/1.1 200) 8 headers in 296 bytes (1 switches on core 0)
2026-04-20 11:16:50.652 8 INFO placement.requestlog [req-77774b99-f299-49bc-9f85-96ee5cc2b9fd req-c2c7007e-bc45-451b-b4bb-449d25bcd16d 471bb74d013b4b908e2dcbff8a8bdc07 1f1e1cf18cf54fec9b6531f10678cafc - - 6861bdfe46ba4ec295e377aa612e00a9 6861bdfe46ba4ec295e377aa612e00a9] 199.204.45.205 "GET /allocations/948f8bf3-3ace-4bbc-9b07-b77540e87e04" status: 200 len: 257 microversion: 1.28 [pid: 8|app: 0|req: 121/242] 199.204.45.205 () {34 vars in 863 bytes} [Mon Apr 20 11:16:50 2026] GET /allocations/948f8bf3-3ace-4bbc-9b07-b77540e87e04 => generated 257 bytes in 11 msecs (HTTP/1.1 200) 8 headers in 296 bytes (1 switches on core 0)
2026-04-20 11:16:50.668 7 INFO placement.requestlog [req-77774b99-f299-49bc-9f85-96ee5cc2b9fd req-e45ebdbb-2635-4b30-8134-87827f71d868 471bb74d013b4b908e2dcbff8a8bdc07 1f1e1cf18cf54fec9b6531f10678cafc - - 6861bdfe46ba4ec295e377aa612e00a9 6861bdfe46ba4ec295e377aa612e00a9] 199.204.45.205 "GET /allocations/056a31ba-c3f9-4695-b8a2-b3964b0c648d" status: 200 len: 257 microversion: 1.28 [pid: 7|app: 0|req: 122/243] 199.204.45.205 () {34 vars in 863 bytes} [Mon Apr 20 11:16:50 2026] GET /allocations/056a31ba-c3f9-4695-b8a2-b3964b0c648d => generated 257 bytes in 11 msecs (HTTP/1.1 200) 8 headers in 296 bytes (1 switches on core 0)
2026-04-20 11:16:57.682 8 INFO placement.requestlog [None req-b71e84d7-bb88-4b10-88aa-6370ee18b1ba - - - - - -] 10.0.0.98 "GET /" status: 200 len: 136 microversion: 1.0
2026-04-20 11:16:57.682 7 INFO placement.requestlog [None req-0254ac6c-544b-4bcc-bebc-80521fe84e61 - - - - - -] 10.0.0.98 "GET /" status: 200 len: 136 microversion: 1.0
2026-04-20 11:16:59.924 8 INFO placement.requestlog [None req-af75b94e-b317-4737-9448-90d52f662e86 8a50fdbd5ccf41938227072ce0d19692 1f1e1cf18cf54fec9b6531f10678cafc - - 6861bdfe46ba4ec295e377aa612e00a9 6861bdfe46ba4ec295e377aa612e00a9] 10.0.0.99 "GET /resource_providers/ee4bf22e-75c4-4207-b709-c1cf4650f541/aggregates" status: 404 len: 235 microversion: 1.1 [pid: 8|app: 0|req: 123/246] 10.0.0.99 () {32 vars in 815 bytes} [Mon Apr 20 11:16:59 2026] GET /resource_providers/ee4bf22e-75c4-4207-b709-c1cf4650f541/aggregates => generated 235 bytes in 9 msecs (HTTP/1.1 404) 5 headers in 202 bytes (1 switches on core 0)
2026-04-20 11:16:59.928 7 INFO placement.requestlog [None req-38dd2b20-ad52-44b5-8bb9-95da40bda18c 8a50fdbd5ccf41938227072ce0d19692 1f1e1cf18cf54fec9b6531f10678cafc - - 6861bdfe46ba4ec295e377aa612e00a9 6861bdfe46ba4ec295e377aa612e00a9] 10.0.0.99 "GET /resource_providers/ee4bf22e-75c4-4207-b709-c1cf4650f541/aggregates" status: 404 len: 235 microversion: 1.1 [pid: 7|app: 0|req: 124/247] 10.0.0.99 () {32 vars in 815 bytes} [Mon Apr 20 11:16:59 2026] GET /resource_providers/ee4bf22e-75c4-4207-b709-c1cf4650f541/aggregates => generated 235 bytes in 9 msecs (HTTP/1.1 404) 5 headers in 202 bytes (1 switches on core 0)
2026-04-20 11:16:59.946 8 INFO placement.requestlog [None req-c1844324-b6b0-4f6b-8149-de6f313530f5 8a50fdbd5ccf41938227072ce0d19692 1f1e1cf18cf54fec9b6531f10678cafc - - 6861bdfe46ba4ec295e377aa612e00a9 6861bdfe46ba4ec295e377aa612e00a9] 10.0.0.99 "DELETE /resource_providers/ee4bf22e-75c4-4207-b709-c1cf4650f541" status: 404 len: 246 microversion: 1.1 [pid: 8|app: 0|req: 124/248] 10.0.0.99 () {34 vars in 815 bytes} [Mon Apr 20 11:16:59 2026] DELETE /resource_providers/ee4bf22e-75c4-4207-b709-c1cf4650f541 => generated 246 bytes in 9 msecs (HTTP/1.1 404) 6 headers in 231 bytes (1 switches on core 0)
2026-04-20 11:16:59.954 7 INFO placement.requestlog [None req-ff2dadeb-06cd-45ef-9f09-2970f845cf81 8a50fdbd5ccf41938227072ce0d19692 1f1e1cf18cf54fec9b6531f10678cafc - - 6861bdfe46ba4ec295e377aa612e00a9 6861bdfe46ba4ec295e377aa612e00a9] 10.0.0.99 "DELETE /resource_providers/ee4bf22e-75c4-4207-b709-c1cf4650f541" status: 404 len: 246 microversion: 1.1 [pid: 7|app: 0|req: 125/249] 10.0.0.99 () {34 vars in 815 bytes} [Mon Apr 20 11:16:59 2026] DELETE /resource_providers/ee4bf22e-75c4-4207-b709-c1cf4650f541 => generated 246 bytes in 11 msecs (HTTP/1.1 404) 6 headers in 231 bytes (1 switches on core 0)
2026-04-20 11:17:03.724 8 INFO placement.requestlog [req-7d9fbda1-2068-4211-8942-54755b5fef75 req-c9d93eca-a3eb-4e80-a3ee-4d9d8ca36050 471bb74d013b4b908e2dcbff8a8bdc07 1f1e1cf18cf54fec9b6531f10678cafc - - 6861bdfe46ba4ec295e377aa612e00a9 6861bdfe46ba4ec295e377aa612e00a9] 199.204.45.205 "GET /resource_providers/09b06215-f853-427a-9fab-45de71d33031/allocations" status: 200 len: 352 microversion: 1.0 [pid: 8|app: 0|req: 125/250] 199.204.45.205 () {32 vars in 857 bytes} [Mon Apr 20 11:17:03 2026] GET /resource_providers/09b06215-f853-427a-9fab-45de71d33031/allocations => generated 352 bytes in 27 msecs (HTTP/1.1 200) 6 headers in 224 bytes (1 switches on core 0)
2026-04-20 11:17:03.756 7 INFO placement.requestlog [req-7d9fbda1-2068-4211-8942-54755b5fef75 req-133af156-40fd-4f4d-afdf-d211343140d3 471bb74d013b4b908e2dcbff8a8bdc07 1f1e1cf18cf54fec9b6531f10678cafc - - 6861bdfe46ba4ec295e377aa612e00a9 6861bdfe46ba4ec295e377aa612e00a9] 199.204.45.205 "GET /resource_providers/09b06215-f853-427a-9fab-45de71d33031/allocations" status: 200 len: 352 microversion: 1.0 [pid: 7|app: 0|req: 126/251] 199.204.45.205 () {32 vars in 857 bytes} [Mon Apr 20 11:17:03 2026] GET /resource_providers/09b06215-f853-427a-9fab-45de71d33031/allocations => generated 352 bytes in 22 msecs (HTTP/1.1 200) 6 headers in 224 bytes (1 switches on core 0)
2026-04-20 11:17:03.790 8 INFO placement.requestlog [req-7d9fbda1-2068-4211-8942-54755b5fef75 req-085dd18b-9539-4410-a976-8f4c09baf852 471bb74d013b4b908e2dcbff8a8bdc07 1f1e1cf18cf54fec9b6531f10678cafc - - 6861bdfe46ba4ec295e377aa612e00a9 6861bdfe46ba4ec295e377aa612e00a9] 199.204.45.205 "GET /allocations/2a980b25-b21c-414c-96b3-78fe9540953f" status: 200 len: 257 microversion: 1.28 [pid: 8|app: 0|req: 126/252] 199.204.45.205 () {34 vars in 863 bytes} [Mon Apr 20 11:17:03 2026] GET /allocations/2a980b25-b21c-414c-96b3-78fe9540953f => generated 257 bytes in 27 msecs (HTTP/1.1 200) 8 headers in 296 bytes (1 switches on core 0)
2026-04-20 11:17:03.814 7 INFO placement.requestlog [req-7d9fbda1-2068-4211-8942-54755b5fef75 req-cff93341-73cd-4fed-8896-deda44e3524e 471bb74d013b4b908e2dcbff8a8bdc07 1f1e1cf18cf54fec9b6531f10678cafc - - 6861bdfe46ba4ec295e377aa612e00a9 6861bdfe46ba4ec295e377aa612e00a9] 199.204.45.205 "GET /allocations/948f8bf3-3ace-4bbc-9b07-b77540e87e04" status: 200 len: 257 microversion: 1.28 [pid: 7|app: 0|req: 127/253] 199.204.45.205 () {34 vars in 863 bytes} [Mon Apr 20 11:17:03 2026] GET /allocations/948f8bf3-3ace-4bbc-9b07-b77540e87e04 => generated 257 bytes in 15 msecs (HTTP/1.1 200) 8 headers in 296 bytes (1 switches on core 0)
2026-04-20 11:17:03.846 8 INFO placement.requestlog [req-7d9fbda1-2068-4211-8942-54755b5fef75 req-2748dea3-caaf-4b3c-8efc-4ce32dbc2471 471bb74d013b4b908e2dcbff8a8bdc07 1f1e1cf18cf54fec9b6531f10678cafc - - 6861bdfe46ba4ec295e377aa612e00a9 6861bdfe46ba4ec295e377aa612e00a9] 199.204.45.205 "GET /allocations/056a31ba-c3f9-4695-b8a2-b3964b0c648d" status: 200 len: 257 microversion: 1.28 [pid: 8|app: 0|req: 127/254] 199.204.45.205 () {34 vars in 863 bytes} [Mon Apr 20 11:17:03 2026] GET /allocations/056a31ba-c3f9-4695-b8a2-b3964b0c648d => generated 257 bytes in 26 msecs (HTTP/1.1 200) 8 headers in 296 bytes (1 switches on core 0)
2026-04-20 11:17:07.680 8 INFO placement.requestlog [None req-e52144f2-90cb-41fe-80c6-8826d38c2134 - - - - - -] 10.0.0.98 "GET /" status: 200 len: 136 microversion: 1.0
2026-04-20 11:17:07.681 7 INFO placement.requestlog [None req-ba1c7cc4-3c6e-4bf7-824f-588954690792 - - - - - -] 10.0.0.98 "GET /" status: 200 len: 136 microversion: 1.0
2026-04-20 11:17:10.436 7 INFO placement.requestlog [req-dbd83b0e-71d6-45e8-9746-102ace1cd465 req-9d8cfc00-92b7-4b46-9fb3-7fde39801be6 471bb74d013b4b908e2dcbff8a8bdc07 1f1e1cf18cf54fec9b6531f10678cafc - - 6861bdfe46ba4ec295e377aa612e00a9 6861bdfe46ba4ec295e377aa612e00a9] 199.204.45.205 "GET /resource_providers/09b06215-f853-427a-9fab-45de71d33031/allocations" status: 200 len: 352 microversion: 1.0 [pid: 7|app: 0|req: 129/257] 199.204.45.205 () {32 vars in 857 bytes} [Mon Apr 20 11:17:10 2026] GET /resource_providers/09b06215-f853-427a-9fab-45de71d33031/allocations => generated 352 bytes in 27 msecs (HTTP/1.1 200) 6 headers in 224 bytes (1 switches on core 0)
2026-04-20 11:17:10.458 8 INFO placement.requestlog [req-dbd83b0e-71d6-45e8-9746-102ace1cd465 req-f5a6979a-15e1-4601-8103-20ae4b4de960 471bb74d013b4b908e2dcbff8a8bdc07 1f1e1cf18cf54fec9b6531f10678cafc - - 6861bdfe46ba4ec295e377aa612e00a9 6861bdfe46ba4ec295e377aa612e00a9] 199.204.45.205 "GET /allocations/2a980b25-b21c-414c-96b3-78fe9540953f" status: 200 len: 257 microversion: 1.28 [pid: 8|app: 0|req: 129/258] 199.204.45.205 () {34 vars in 863 bytes} [Mon Apr 20 11:17:10 2026] GET /allocations/2a980b25-b21c-414c-96b3-78fe9540953f => generated 257 bytes in 14 msecs (HTTP/1.1 200) 8 headers in 296 bytes (1 switches on core 0)
2026-04-20 11:17:10.482 7 INFO placement.requestlog [req-dbd83b0e-71d6-45e8-9746-102ace1cd465 req-ae6e65bb-8b23-4a92-a015-5be1ac759344 471bb74d013b4b908e2dcbff8a8bdc07 1f1e1cf18cf54fec9b6531f10678cafc - - 6861bdfe46ba4ec295e377aa612e00a9 6861bdfe46ba4ec295e377aa612e00a9] 199.204.45.205 "GET /allocations/948f8bf3-3ace-4bbc-9b07-b77540e87e04" status: 200 len: 257 microversion: 1.28 [pid: 7|app: 0|req: 130/259] 199.204.45.205 () {34 vars in 863 bytes} [Mon Apr 20 11:17:10 2026] GET /allocations/948f8bf3-3ace-4bbc-9b07-b77540e87e04 => generated 257 bytes in 16 msecs (HTTP/1.1 200) 8 headers in 296 bytes (1 switches on core 0)
2026-04-20 11:17:10.501 8 INFO placement.requestlog [req-dbd83b0e-71d6-45e8-9746-102ace1cd465 req-6c2ff61b-29e0-4308-8db5-aaddb780f173 471bb74d013b4b908e2dcbff8a8bdc07 1f1e1cf18cf54fec9b6531f10678cafc - - 6861bdfe46ba4ec295e377aa612e00a9 6861bdfe46ba4ec295e377aa612e00a9] 199.204.45.205 "GET /allocations/056a31ba-c3f9-4695-b8a2-b3964b0c648d" status: 200 len: 257 microversion: 1.28 [pid: 8|app: 0|req: 130/260] 199.204.45.205 () {34 vars in 863 bytes} [Mon Apr 20 11:17:10 2026] GET /allocations/056a31ba-c3f9-4695-b8a2-b3964b0c648d => generated 257 bytes in 11 msecs (HTTP/1.1 200) 8 headers in 296 bytes (1 switches on core 0)
2026-04-20 11:17:11.556 7 INFO placement.requestlog [req-dbd83b0e-71d6-45e8-9746-102ace1cd465 req-dfb76ead-8d0c-4eb4-88ea-d5ab2fafeeb1 471bb74d013b4b908e2dcbff8a8bdc07 1f1e1cf18cf54fec9b6531f10678cafc - - 6861bdfe46ba4ec295e377aa612e00a9 6861bdfe46ba4ec295e377aa612e00a9] 199.204.45.205 "DELETE /allocations/056a31ba-c3f9-4695-b8a2-b3964b0c648d" status: 204 len: 0 microversion: 1.0 [pid: 7|app: 0|req: 131/261] 199.204.45.205 () {34 vars in 841 bytes} [Mon Apr 20 11:17:11 2026] DELETE /allocations/056a31ba-c3f9-4695-b8a2-b3964b0c648d => generated 0 bytes in 25 msecs (HTTP/1.1 204) 5 headers in 198 bytes (1 switches on core 0)
2026-04-20 11:17:13.744 8 INFO placement.requestlog [req-afdaf3e8-3435-4ca3-87f9-fe42e0fd8849 req-5ff5739b-a328-40e9-af62-d47c9fd78b99 471bb74d013b4b908e2dcbff8a8bdc07 1f1e1cf18cf54fec9b6531f10678cafc - - 6861bdfe46ba4ec295e377aa612e00a9 6861bdfe46ba4ec295e377aa612e00a9] 199.204.45.205 "GET /resource_providers/09b06215-f853-427a-9fab-45de71d33031/allocations" status: 200 len: 252 microversion: 1.0 [pid: 8|app: 0|req: 131/262] 199.204.45.205 () {32 vars in 857 bytes} [Mon Apr 20 11:17:13 2026] GET /resource_providers/09b06215-f853-427a-9fab-45de71d33031/allocations => generated 252 bytes in 16 msecs (HTTP/1.1 200) 6 headers in 224 bytes (1 switches on core 0)
2026-04-20 11:17:13.764 7 INFO placement.requestlog [req-afdaf3e8-3435-4ca3-87f9-fe42e0fd8849 req-f18ae1cf-a79d-433b-ac94-8ce29bd9f6ec 471bb74d013b4b908e2dcbff8a8bdc07 1f1e1cf18cf54fec9b6531f10678cafc - - 6861bdfe46ba4ec295e377aa612e00a9 6861bdfe46ba4ec295e377aa612e00a9] 199.204.45.205 "GET /allocations/2a980b25-b21c-414c-96b3-78fe9540953f" status: 200 len: 257 microversion: 1.28 [pid: 7|app: 0|req: 132/263] 199.204.45.205 () {34 vars in 863 bytes} [Mon Apr 20 11:17:13 2026] GET /allocations/2a980b25-b21c-414c-96b3-78fe9540953f => generated 257 bytes in 14 msecs (HTTP/1.1 200) 8 headers in 296 bytes (1 switches on core 0)
2026-04-20 11:17:13.788 8 INFO placement.requestlog [req-afdaf3e8-3435-4ca3-87f9-fe42e0fd8849 req-10b8613d-d54e-4144-957a-e62a177ac01d 471bb74d013b4b908e2dcbff8a8bdc07 1f1e1cf18cf54fec9b6531f10678cafc - - 6861bdfe46ba4ec295e377aa612e00a9 6861bdfe46ba4ec295e377aa612e00a9] 199.204.45.205 "GET /allocations/948f8bf3-3ace-4bbc-9b07-b77540e87e04" status: 200 len: 257 microversion: 1.28 [pid: 8|app: 0|req: 132/264] 199.204.45.205 () {34 vars in 863 bytes} [Mon Apr 20 11:17:13 2026] GET /allocations/948f8bf3-3ace-4bbc-9b07-b77540e87e04 => generated 257 bytes in 17 msecs (HTTP/1.1 200) 8 headers in 296 bytes (1 switches on core 0)
2026-04-20 11:17:14.845 7 INFO placement.requestlog [req-afdaf3e8-3435-4ca3-87f9-fe42e0fd8849 req-2818f262-e8ab-4c10-9369-b4ec00f17ce1 471bb74d013b4b908e2dcbff8a8bdc07 1f1e1cf18cf54fec9b6531f10678cafc - - 6861bdfe46ba4ec295e377aa612e00a9 6861bdfe46ba4ec295e377aa612e00a9] 199.204.45.205 "DELETE /allocations/2a980b25-b21c-414c-96b3-78fe9540953f" status: 204 len: 0 microversion: 1.0 [pid: 7|app: 0|req: 133/265] 199.204.45.205 () {34 vars in 841 bytes} [Mon Apr 20 11:17:14 2026] DELETE /allocations/2a980b25-b21c-414c-96b3-78fe9540953f => generated 0 bytes in 24 msecs (HTTP/1.1 204) 5 headers in 198 bytes (1 switches on core 0)
2026-04-20 11:17:15.918 8 INFO placement.requestlog [req-2106e07f-d4b4-4574-8a04-d59128db6ac2 req-88f836c6-d935-4577-931c-feed315a0aca 471bb74d013b4b908e2dcbff8a8bdc07 1f1e1cf18cf54fec9b6531f10678cafc - - 6861bdfe46ba4ec295e377aa612e00a9 6861bdfe46ba4ec295e377aa612e00a9] 10.0.0.148 "GET /allocation_candidates?limit=1000&resources=MEMORY_MB%3A512%2CVCPU%3A1&root_required=%21COMPUTE_STATUS_DISABLED" status: 200 len: 2769 microversion: 1.36 [pid: 8|app: 0|req: 133/266] 10.0.0.148 () {34 vars in 984 bytes} [Mon Apr 20 11:17:15 2026] GET /allocation_candidates?limit=1000&resources=MEMORY_MB%3A512%2CVCPU%3A1&root_required=%21COMPUTE_STATUS_DISABLED => generated 2769 bytes in 43 msecs (HTTP/1.1 200) 8 headers in 297 bytes (1 switches on core 0)
2026-04-20 11:17:15.954 7 INFO placement.requestlog [req-2106e07f-d4b4-4574-8a04-d59128db6ac2 req-e86965fc-0603-4ab9-81f8-508572f98938 471bb74d013b4b908e2dcbff8a8bdc07 1f1e1cf18cf54fec9b6531f10678cafc - - 6861bdfe46ba4ec295e377aa612e00a9 6861bdfe46ba4ec295e377aa612e00a9] 10.0.0.148 "GET /allocations/9d64be6c-3a52-436f-a00e-f9267a26dfd5" status: 200 len: 19 microversion: 1.28 [pid: 7|app: 0|req: 134/267] 10.0.0.148 () {34 vars in 861 bytes} [Mon Apr 20 11:17:15 2026] GET /allocations/9d64be6c-3a52-436f-a00e-f9267a26dfd5 => generated 19 bytes in 12 msecs (HTTP/1.1 200) 8 headers in 295 bytes (1 switches on core 0)
2026-04-20 11:17:16.025 8 INFO placement.requestlog [req-2106e07f-d4b4-4574-8a04-d59128db6ac2 req-5afcf578-854b-48be-9934-5d938039fe6b 471bb74d013b4b908e2dcbff8a8bdc07 1f1e1cf18cf54fec9b6531f10678cafc - - 6861bdfe46ba4ec295e377aa612e00a9 6861bdfe46ba4ec295e377aa612e00a9] 10.0.0.148 "PUT /allocations/9d64be6c-3a52-436f-a00e-f9267a26dfd5" status: 204 len: 0 microversion: 1.36 [pid: 8|app: 0|req: 134/268] 10.0.0.148 () {38 vars in 914 bytes} [Mon Apr 20 11:17:15 2026] PUT /allocations/9d64be6c-3a52-436f-a00e-f9267a26dfd5 => generated 0 bytes in 64 msecs (HTTP/1.1 204) 5 headers in 199 bytes (1 switches on core 0)
2026-04-20 11:17:16.164 7 INFO placement.requestlog [None req-232acbf9-5b35-488f-a8ab-be79b6c46a0d 8a50fdbd5ccf41938227072ce0d19692 1f1e1cf18cf54fec9b6531f10678cafc - - 6861bdfe46ba4ec295e377aa612e00a9 6861bdfe46ba4ec295e377aa612e00a9] 10.0.0.99 "GET /resource_providers/7d5cfecf-52f6-46d1-ae3b-3763940c9acf/aggregates" status: 404 len: 235 microversion: 1.1 [pid: 7|app: 0|req: 135/269] 10.0.0.99 () {32 vars in 815 bytes} [Mon Apr 20 11:17:16 2026] GET /resource_providers/7d5cfecf-52f6-46d1-ae3b-3763940c9acf/aggregates => generated 235 bytes in 14 msecs (HTTP/1.1 404) 5 headers in 202 bytes (1 switches on core 0)
2026-04-20 11:17:16.166 8 INFO placement.requestlog [None req-72b36a16-bcb3-497a-a79c-a3c1be62c1f3 8a50fdbd5ccf41938227072ce0d19692 1f1e1cf18cf54fec9b6531f10678cafc - - 6861bdfe46ba4ec295e377aa612e00a9 6861bdfe46ba4ec295e377aa612e00a9] 10.0.0.99 "GET /resource_providers/7d5cfecf-52f6-46d1-ae3b-3763940c9acf/aggregates" status: 404 len: 235 microversion: 1.1 [pid: 8|app: 0|req: 135/270] 10.0.0.99 () {32 vars in 815 bytes} [Mon Apr 20 11:17:16 2026] GET /resource_providers/7d5cfecf-52f6-46d1-ae3b-3763940c9acf/aggregates => generated 235 bytes in 12 msecs (HTTP/1.1 404) 5 headers in 202 bytes (1 switches on core 0)
2026-04-20 11:17:16.190 7 INFO placement.requestlog [None req-76f51b69-8c69-42e3-8257-6691bd72d6a5 8a50fdbd5ccf41938227072ce0d19692 1f1e1cf18cf54fec9b6531f10678cafc - - 6861bdfe46ba4ec295e377aa612e00a9 6861bdfe46ba4ec295e377aa612e00a9] 10.0.0.99 "DELETE /resource_providers/7d5cfecf-52f6-46d1-ae3b-3763940c9acf" status: 404 len: 246 microversion: 1.1 [pid: 7|app: 0|req: 136/271] 10.0.0.99 () {34 vars in 815 bytes} [Mon Apr 20 11:17:16 2026] DELETE /resource_providers/7d5cfecf-52f6-46d1-ae3b-3763940c9acf => generated 246 bytes in 10 msecs (HTTP/1.1 404) 6 headers in 231 bytes (1 switches on core 0)
2026-04-20 11:17:16.192 8 INFO placement.requestlog [None req-6699e3bd-be98-4ed0-91b6-a6b67e817cfb 8a50fdbd5ccf41938227072ce0d19692 1f1e1cf18cf54fec9b6531f10678cafc - - 6861bdfe46ba4ec295e377aa612e00a9 6861bdfe46ba4ec295e377aa612e00a9] 10.0.0.99 "DELETE /resource_providers/7d5cfecf-52f6-46d1-ae3b-3763940c9acf" status: 404 len: 246 microversion: 1.1 [pid: 8|app: 0|req: 136/272] 10.0.0.99 () {34 vars in 815 bytes} [Mon Apr 20 11:17:16 2026] DELETE /resource_providers/7d5cfecf-52f6-46d1-ae3b-3763940c9acf => generated 246 bytes in 9 msecs (HTTP/1.1 404) 6 headers in 231 bytes (1 switches on core 0)
2026-04-20 11:17:17.530 7 INFO placement.requestlog [req-2106e07f-d4b4-4574-8a04-d59128db6ac2 req-604c8e9d-080a-40cd-bffa-c4eaae4fb60f 471bb74d013b4b908e2dcbff8a8bdc07 1f1e1cf18cf54fec9b6531f10678cafc - - 6861bdfe46ba4ec295e377aa612e00a9 6861bdfe46ba4ec295e377aa612e00a9] 199.204.45.205 "GET /allocations/9d64be6c-3a52-436f-a00e-f9267a26dfd5" status: 200 len: 243 microversion: 1.28 [pid: 7|app: 0|req: 137/273] 199.204.45.205 () {34 vars in 863 bytes} [Mon Apr 20 11:17:17 2026] GET /allocations/9d64be6c-3a52-436f-a00e-f9267a26dfd5 => generated 243 bytes in 14 msecs (HTTP/1.1 200) 8 headers in 296 bytes (1 switches on core 0)
2026-04-20 11:17:17.678 8 INFO placement.requestlog [None req-f4102825-5c5f-4082-90c0-b691a5796f63 - - - - - -] 10.0.0.98 "GET /" status: 200 len: 136 microversion: 1.0
2026-04-20 11:17:17.678 7 INFO placement.requestlog [None req-8de9d29f-b29f-4f21-b515-55a553cbdc05 - - - - - -] 10.0.0.98 "GET /" status: 200 len: 136 microversion: 1.0
2026-04-20 11:17:18.575 8 INFO placement.requestlog [req-2106e07f-d4b4-4574-8a04-d59128db6ac2 req-5364bb01-a7c2-41f1-b545-52484d92031f 471bb74d013b4b908e2dcbff8a8bdc07 1f1e1cf18cf54fec9b6531f10678cafc - - 6861bdfe46ba4ec295e377aa612e00a9 6861bdfe46ba4ec295e377aa612e00a9] 199.204.45.205 "GET /resource_providers/09b06215-f853-427a-9fab-45de71d33031/allocations" status: 200 len: 238 microversion: 1.0 [pid: 8|app: 0|req: 138/276] 199.204.45.205 () {32 vars in 857 bytes} [Mon Apr 20 11:17:18 2026] GET /resource_providers/09b06215-f853-427a-9fab-45de71d33031/allocations => generated 238 bytes in 22 msecs (HTTP/1.1 200) 6 headers in 224 bytes (1 switches on core 0)
2026-04-20 11:17:18.598 7 INFO placement.requestlog [req-2106e07f-d4b4-4574-8a04-d59128db6ac2 req-05addac8-3851-4dd8-80bd-e7d509b3bb26 471bb74d013b4b908e2dcbff8a8bdc07 1f1e1cf18cf54fec9b6531f10678cafc - - 6861bdfe46ba4ec295e377aa612e00a9 6861bdfe46ba4ec295e377aa612e00a9] 199.204.45.205 "GET /allocations/9d64be6c-3a52-436f-a00e-f9267a26dfd5" status: 200 len: 243 microversion: 1.28 [pid: 7|app: 0|req: 139/277] 199.204.45.205 () {34 vars in 863 bytes} [Mon Apr 20 11:17:18 2026] GET /allocations/9d64be6c-3a52-436f-a00e-f9267a26dfd5 => generated 243 bytes in 17 msecs (HTTP/1.1 200) 8 headers in 296 bytes (1 switches on core 0)
2026-04-20 11:17:18.618 8 INFO placement.requestlog [req-2106e07f-d4b4-4574-8a04-d59128db6ac2 req-086ef784-96a9-45d1-9e7d-17e638353b18 471bb74d013b4b908e2dcbff8a8bdc07 1f1e1cf18cf54fec9b6531f10678cafc - - 6861bdfe46ba4ec295e377aa612e00a9 6861bdfe46ba4ec295e377aa612e00a9] 199.204.45.205 "GET /allocations/948f8bf3-3ace-4bbc-9b07-b77540e87e04" status: 200 len: 257 microversion: 1.28 [pid: 8|app: 0|req: 139/278] 199.204.45.205 () {34 vars in 863 bytes} [Mon Apr 20 11:17:18 2026] GET /allocations/948f8bf3-3ace-4bbc-9b07-b77540e87e04 => generated 257 bytes in 14 msecs (HTTP/1.1 200) 8 headers in 296 bytes (1 switches on core 0)
2026-04-20 11:17:19.880 8 INFO placement.requestlog [None req-b917c690-0ad3-45b2-851d-b74b7f4a8d7f 8a50fdbd5ccf41938227072ce0d19692 1f1e1cf18cf54fec9b6531f10678cafc - - 6861bdfe46ba4ec295e377aa612e00a9 6861bdfe46ba4ec295e377aa612e00a9] 10.0.0.99 "GET /resource_providers/003fdb67-43c4-4783-942b-9aaec7ee2793/aggregates" status: 404 len: 235 microversion: 1.1 [pid: 8|app: 0|req: 140/279] 10.0.0.99 () {32 vars in 815 bytes} [Mon Apr 20 11:17:19 2026] GET /resource_providers/003fdb67-43c4-4783-942b-9aaec7ee2793/aggregates => generated 235 bytes in 86 msecs (HTTP/1.1 404) 5 headers in 202 bytes (1 switches on core 0)
2026-04-20 11:17:19.897 8 INFO placement.requestlog [None req-247607e5-49ae-47c8-aa5a-abf9b066f764 8a50fdbd5ccf41938227072ce0d19692 1f1e1cf18cf54fec9b6531f10678cafc - - 6861bdfe46ba4ec295e377aa612e00a9 6861bdfe46ba4ec295e377aa612e00a9] 10.0.0.99 "DELETE /resource_providers/003fdb67-43c4-4783-942b-9aaec7ee2793" status: 404 len: 246 microversion: 1.1 [pid: 8|app: 0|req: 141/280] 10.0.0.99 () {34 vars in 815 bytes} [Mon Apr 20 11:17:19 2026] DELETE /resource_providers/003fdb67-43c4-4783-942b-9aaec7ee2793 => generated 246 bytes in 8 msecs (HTTP/1.1 404) 6 headers in 231 bytes (1 switches on core 0)
2026-04-20 11:17:19.909 7 INFO placement.requestlog [None req-cedd3b28-34e7-4ef4-be87-e48d182846bb 8a50fdbd5ccf41938227072ce0d19692 1f1e1cf18cf54fec9b6531f10678cafc - - 6861bdfe46ba4ec295e377aa612e00a9 6861bdfe46ba4ec295e377aa612e00a9] 10.0.0.99 "GET /resource_providers/003fdb67-43c4-4783-942b-9aaec7ee2793/aggregates" status: 404 len: 235 microversion: 1.1 [pid: 7|app: 0|req: 140/281] 10.0.0.99 () {32 vars in 815 bytes} [Mon Apr 20 11:17:19 2026] GET /resource_providers/003fdb67-43c4-4783-942b-9aaec7ee2793/aggregates => generated 235 bytes in 123 msecs (HTTP/1.1 404) 5 headers in 202 bytes (1 switches on core 0)
2026-04-20 11:17:19.929 8 INFO placement.requestlog [None req-18c775e4-41a4-404f-90cc-6f27ca919dcf 8a50fdbd5ccf41938227072ce0d19692 1f1e1cf18cf54fec9b6531f10678cafc - - 6861bdfe46ba4ec295e377aa612e00a9 6861bdfe46ba4ec295e377aa612e00a9] 10.0.0.99 "DELETE /resource_providers/003fdb67-43c4-4783-942b-9aaec7ee2793" status: 404 len: 246 microversion: 1.1 [pid: 8|app: 0|req: 142/282] 10.0.0.99 () {34 vars in 815 bytes} [Mon Apr 20 11:17:19 2026] DELETE /resource_providers/003fdb67-43c4-4783-942b-9aaec7ee2793 => generated 246 bytes in 11 msecs (HTTP/1.1 404) 6 headers in 231 bytes (1 switches on core 0)
2026-04-20 11:17:27.678 7 INFO placement.requestlog [None req-8d4fa212-8828-49a3-9f27-0691fee7cf3c - - - - - -] 10.0.0.98 "GET /" status: 200 len: 136 microversion: 1.0
2026-04-20 11:17:27.679 8 INFO placement.requestlog [None req-a190c3e0-95bc-424a-92b2-3f3577b2cbdd - - - - - -] 10.0.0.98 "GET /" status: 200 len: 136 microversion: 1.0
2026-04-20 11:17:28.547 7 INFO placement.requestlog [req-6a086b74-7d32-4d58-b8bd-911ba16cd792 req-c7bb6675-69b6-4ac2-8762-21eb42d81757 471bb74d013b4b908e2dcbff8a8bdc07 1f1e1cf18cf54fec9b6531f10678cafc - - 6861bdfe46ba4ec295e377aa612e00a9 6861bdfe46ba4ec295e377aa612e00a9] 10.0.0.148 "GET /allocation_candidates?limit=1000&resources=DISK_GB%3A1%2CMEMORY_MB%3A512%2CVCPU%3A1&root_required=%21COMPUTE_STATUS_DISABLED" status: 200 len: 2784 microversion: 1.36 [pid: 7|app: 0|req: 142/285] 10.0.0.148 () {34 vars in 1012 bytes} [Mon Apr 20 11:17:28 2026] GET /allocation_candidates?limit=1000&resources=DISK_GB%3A1%2CMEMORY_MB%3A512%2CVCPU%3A1&root_required=%21COMPUTE_STATUS_DISABLED => generated 2784 bytes in 44 msecs (HTTP/1.1 200) 8 headers in 297 bytes (1 switches on core 0)
2026-04-20 11:17:28.582 8 INFO placement.requestlog [req-6a086b74-7d32-4d58-b8bd-911ba16cd792 req-b969209b-7988-47e7-8c92-43af8ec2d66a 471bb74d013b4b908e2dcbff8a8bdc07 1f1e1cf18cf54fec9b6531f10678cafc - - 6861bdfe46ba4ec295e377aa612e00a9 6861bdfe46ba4ec295e377aa612e00a9] 10.0.0.148 "GET /allocations/df2455d4-b573-4971-9666-7207a4eb5c9e" status: 200 len: 19 microversion: 1.28 [pid: 8|app: 0|req: 144/286] 10.0.0.148 () {34 vars in 861 bytes} [Mon Apr 20 11:17:28 2026] GET /allocations/df2455d4-b573-4971-9666-7207a4eb5c9e => generated 19 bytes in 11 msecs (HTTP/1.1 200) 8 headers in 295 bytes (1 switches on core 0)
2026-04-20 11:17:28.678 7 INFO placement.requestlog [req-6a086b74-7d32-4d58-b8bd-911ba16cd792 req-1b1e1a5a-60fb-46fe-94cc-197d6321e8d9 471bb74d013b4b908e2dcbff8a8bdc07 1f1e1cf18cf54fec9b6531f10678cafc - - 6861bdfe46ba4ec295e377aa612e00a9 6861bdfe46ba4ec295e377aa612e00a9] 10.0.0.148 "PUT /allocations/df2455d4-b573-4971-9666-7207a4eb5c9e" status: 204 len: 0 microversion: 1.36 [pid: 7|app: 0|req: 143/287] 10.0.0.148 () {38 vars in 914 bytes} [Mon Apr 20 11:17:28 2026] PUT /allocations/df2455d4-b573-4971-9666-7207a4eb5c9e => generated 0 bytes in 86 msecs (HTTP/1.1 204) 5 headers in 199 bytes (1 switches on core 0)
2026-04-20 11:17:30.237 8 INFO placement.requestlog [req-6a086b74-7d32-4d58-b8bd-911ba16cd792 req-f2d66b40-f2cd-4c59-8229-1f7ae3da97bf 471bb74d013b4b908e2dcbff8a8bdc07 1f1e1cf18cf54fec9b6531f10678cafc - - 6861bdfe46ba4ec295e377aa612e00a9 6861bdfe46ba4ec295e377aa612e00a9] 199.204.45.205 "GET /allocations/df2455d4-b573-4971-9666-7207a4eb5c9e" status: 200 len: 257 microversion: 1.28 [pid: 8|app: 0|req: 145/288] 199.204.45.205 () {34 vars in 863 bytes} [Mon Apr 20 11:17:30 2026] GET /allocations/df2455d4-b573-4971-9666-7207a4eb5c9e => generated 257 bytes in 15 msecs (HTTP/1.1 200) 8 headers in 296 bytes (1 switches on core 0)
2026-04-20 11:17:31.181 7 INFO placement.requestlog [None req-39c183fd-7155-4ac9-81a1-5b7fe5e96360 8a50fdbd5ccf41938227072ce0d19692 1f1e1cf18cf54fec9b6531f10678cafc - - 6861bdfe46ba4ec295e377aa612e00a9 6861bdfe46ba4ec295e377aa612e00a9] 10.0.0.99 "GET /resource_providers/1426da36-a360-4e92-b5c2-81a46c3ed46e/aggregates" status: 404 len: 235 microversion: 1.1 [pid: 7|app: 0|req: 144/289] 10.0.0.99 () {32 vars in 815 bytes} [Mon Apr 20 11:17:31 2026] GET /resource_providers/1426da36-a360-4e92-b5c2-81a46c3ed46e/aggregates => generated 235 bytes in 10 msecs (HTTP/1.1 404) 5 headers in 202 bytes (1 switches on core 0)
2026-04-20 11:17:31.189 8 INFO placement.requestlog [None req-ef2072a7-6dee-4311-8562-53ac07dfc855 8a50fdbd5ccf41938227072ce0d19692 1f1e1cf18cf54fec9b6531f10678cafc - - 6861bdfe46ba4ec295e377aa612e00a9 6861bdfe46ba4ec295e377aa612e00a9] 10.0.0.99 "GET /resource_providers/1426da36-a360-4e92-b5c2-81a46c3ed46e/aggregates" status: 404 len: 235 microversion: 1.1 [pid: 8|app: 0|req: 146/290] 10.0.0.99 () {32 vars in 815 bytes} [Mon Apr 20 11:17:31 2026] GET /resource_providers/1426da36-a360-4e92-b5c2-81a46c3ed46e/aggregates => generated 235 bytes in 10 msecs (HTTP/1.1 404) 5 headers in 202 bytes (1 switches on core 0)
