Apr 03 01:21:45.490385 np0000163300 nova-conductor[109612]: DEBUG cotyledon.oslo_config_glue [-] vnc.novncproxy_host = 0.0.0.0 {{(pid=109612) log_opt_values /opt/stack/data/venv/lib/python3.12/site-packages/oslo_config/cfg.py:3006}}
Apr 03 01:21:45.490385 np0000163300 nova-conductor[109612]: DEBUG cotyledon.oslo_config_glue [-] vnc.novncproxy_port = 6080 {{(pid=109612) log_opt_values /opt/stack/data/venv/lib/python3.12/site-packages/oslo_config/cfg.py:3006}}
Apr 03 01:21:45.490385 np0000163300 nova-conductor[109612]: DEBUG cotyledon.oslo_config_glue [-] vnc.server_listen = 127.0.0.1 {{(pid=109612) log_opt_values /opt/stack/data/venv/lib/python3.12/site-packages/oslo_config/cfg.py:3006}}
Apr 03 01:21:45.490385 np0000163300 nova-conductor[109612]: DEBUG cotyledon.oslo_config_glue [-] vnc.server_proxyclient_address = 127.0.0.1 {{(pid=109612) log_opt_values /opt/stack/data/venv/lib/python3.12/site-packages/oslo_config/cfg.py:3006}}
Apr 03 01:21:45.490385 np0000163300 nova-conductor[109612]: DEBUG cotyledon.oslo_config_glue [-] vnc.vencrypt_ca_certs = None {{(pid=109612) log_opt_values /opt/stack/data/venv/lib/python3.12/site-packages/oslo_config/cfg.py:3006}}
Apr 03 01:21:45.490618 np0000163300 nova-conductor[109612]: DEBUG cotyledon.oslo_config_glue [-] vnc.vencrypt_client_cert = None {{(pid=109612) log_opt_values /opt/stack/data/venv/lib/python3.12/site-packages/oslo_config/cfg.py:3006}}
Apr 03 01:21:45.490618 np0000163300 nova-conductor[109612]: DEBUG cotyledon.oslo_config_glue [-] vnc.vencrypt_client_key = None {{(pid=109612) log_opt_values /opt/stack/data/venv/lib/python3.12/site-packages/oslo_config/cfg.py:3006}}
Apr 03 01:21:45.490618 np0000163300 nova-conductor[109612]: DEBUG cotyledon.oslo_config_glue [-] workarounds.disable_compute_service_check_for_ffu = False {{(pid=109612) log_opt_values /opt/stack/data/venv/lib/python3.12/site-packages/oslo_config/cfg.py:3006}}
Apr 03 01:21:45.490618 np0000163300 nova-conductor[109612]: DEBUG cotyledon.oslo_config_glue [-] workarounds.disable_deep_image_inspection = False {{(pid=109612) log_opt_values /opt/stack/data/venv/lib/python3.12/site-packages/oslo_config/cfg.py:3006}}
Apr 03 01:21:45.490618 np0000163300 nova-conductor[109612]: DEBUG cotyledon.oslo_config_glue [-] workarounds.disable_fallback_pcpu_query = False {{(pid=109612) log_opt_values /opt/stack/data/venv/lib/python3.12/site-packages/oslo_config/cfg.py:3006}}
Apr 03 01:21:45.490618 np0000163300 nova-conductor[109612]: DEBUG cotyledon.oslo_config_glue [-] workarounds.disable_group_policy_check_upcall = False {{(pid=109612) log_opt_values /opt/stack/data/venv/lib/python3.12/site-packages/oslo_config/cfg.py:3006}}
Apr 03 01:21:45.490618 np0000163300 nova-conductor[109612]: DEBUG cotyledon.oslo_config_glue [-] workarounds.disable_libvirt_livesnapshot = False {{(pid=109612) log_opt_values /opt/stack/data/venv/lib/python3.12/site-packages/oslo_config/cfg.py:3006}}
Apr 03 01:21:45.490618 np0000163300 nova-conductor[109612]: DEBUG cotyledon.oslo_config_glue [-] workarounds.disable_rootwrap = False {{(pid=109612) log_opt_values /opt/stack/data/venv/lib/python3.12/site-packages/oslo_config/cfg.py:3006}}
Apr 03 01:21:45.490618 np0000163300 nova-conductor[109612]: DEBUG cotyledon.oslo_config_glue [-] workarounds.enable_numa_live_migration = False {{(pid=109612) log_opt_values /opt/stack/data/venv/lib/python3.12/site-packages/oslo_config/cfg.py:3006}}
Apr 03 01:21:45.490858 np0000163300 nova-conductor[109612]: DEBUG cotyledon.oslo_config_glue [-] workarounds.enable_qemu_monitor_announce_self = False {{(pid=109612) log_opt_values /opt/stack/data/venv/lib/python3.12/site-packages/oslo_config/cfg.py:3006}}
Apr 03 01:21:45.490858 np0000163300 nova-conductor[109612]: DEBUG cotyledon.oslo_config_glue [-] workarounds.ensure_libvirt_rbd_instance_dir_cleanup = False {{(pid=109612) log_opt_values /opt/stack/data/venv/lib/python3.12/site-packages/oslo_config/cfg.py:3006}}
Apr 03 01:21:45.490909 np0000163300 nova-conductor[109597]: DEBUG dbcounter [-] [109597] Writer thread running {{(pid=109597) stat_writer /opt/stack/data/venv/lib/python3.12/site-packages/dbcounter.py:102}}
Apr 03 01:21:45.490938 np0000163300 nova-conductor[109612]: DEBUG cotyledon.oslo_config_glue [-] workarounds.handle_virt_lifecycle_events = True {{(pid=109612) log_opt_values /opt/stack/data/venv/lib/python3.12/site-packages/oslo_config/cfg.py:3006}}
Apr 03 01:21:45.490938 np0000163300 nova-conductor[109612]: DEBUG cotyledon.oslo_config_glue [-] workarounds.libvirt_disable_apic = False {{(pid=109612) log_opt_values /opt/stack/data/venv/lib/python3.12/site-packages/oslo_config/cfg.py:3006}}
Apr 03 01:21:45.490938 np0000163300 nova-conductor[109612]: DEBUG cotyledon.oslo_config_glue [-] workarounds.never_download_image_if_on_rbd = False {{(pid=109612) log_opt_values /opt/stack/data/venv/lib/python3.12/site-packages/oslo_config/cfg.py:3006}}
Apr 03 01:21:45.490938 np0000163300 nova-conductor[109612]: DEBUG cotyledon.oslo_config_glue [-] workarounds.qemu_monitor_announce_self_count = 3 {{(pid=109612) log_opt_values /opt/stack/data/venv/lib/python3.12/site-packages/oslo_config/cfg.py:3006}}
Apr 03 01:21:45.490938 np0000163300 nova-conductor[109612]: DEBUG cotyledon.oslo_config_glue [-] workarounds.qemu_monitor_announce_self_interval = 1 {{(pid=109612) log_opt_values /opt/stack/data/venv/lib/python3.12/site-packages/oslo_config/cfg.py:3006}}
Apr 03 01:21:45.490938 np0000163300 nova-conductor[109612]: DEBUG cotyledon.oslo_config_glue [-] workarounds.reserve_disk_resource_for_image_cache = False {{(pid=109612) log_opt_values /opt/stack/data/venv/lib/python3.12/site-packages/oslo_config/cfg.py:3006}}
Apr 03 01:21:45.490938 np0000163300 nova-conductor[109612]: DEBUG cotyledon.oslo_config_glue [-] workarounds.skip_cpu_compare_at_startup = False {{(pid=109612) log_opt_values /opt/stack/data/venv/lib/python3.12/site-packages/oslo_config/cfg.py:3006}}
Apr 03 01:21:45.490938 np0000163300 nova-conductor[109612]: DEBUG cotyledon.oslo_config_glue [-] workarounds.skip_cpu_compare_on_dest = False {{(pid=109612) log_opt_values /opt/stack/data/venv/lib/python3.12/site-packages/oslo_config/cfg.py:3006}}
Apr 03 01:21:45.490938 np0000163300 nova-conductor[109612]: DEBUG cotyledon.oslo_config_glue [-] workarounds.skip_hypervisor_version_check_on_lm = False {{(pid=109612) log_opt_values /opt/stack/data/venv/lib/python3.12/site-packages/oslo_config/cfg.py:3006}}
Apr 03 01:21:45.491198 np0000163300 nova-conductor[109612]: DEBUG cotyledon.oslo_config_glue [-] workarounds.skip_reserve_in_use_ironic_nodes = False {{(pid=109612) log_opt_values /opt/stack/data/venv/lib/python3.12/site-packages/oslo_config/cfg.py:3006}}
Apr 03 01:21:45.491198 np0000163300 nova-conductor[109612]: DEBUG cotyledon.oslo_config_glue [-] workarounds.unified_limits_count_pcpu_as_vcpu = False {{(pid=109612) log_opt_values /opt/stack/data/venv/lib/python3.12/site-packages/oslo_config/cfg.py:3006}}
Apr 03 01:21:45.491198 np0000163300 nova-conductor[109612]: DEBUG cotyledon.oslo_config_glue [-] workarounds.wait_for_vif_plugged_event_during_hard_reboot = [] {{(pid=109612) log_opt_values /opt/stack/data/venv/lib/python3.12/site-packages/oslo_config/cfg.py:3006}}
Apr 03 01:21:45.491198 np0000163300 nova-conductor[109612]: DEBUG cotyledon.oslo_config_glue [-] wsgi.api_paste_config = /etc/nova/api-paste.ini {{(pid=109612) log_opt_values /opt/stack/data/venv/lib/python3.12/site-packages/oslo_config/cfg.py:3006}}
Apr 03 01:21:45.491198 np0000163300 nova-conductor[109612]: DEBUG cotyledon.oslo_config_glue [-] wsgi.secure_proxy_ssl_header = None {{(pid=109612) log_opt_values /opt/stack/data/venv/lib/python3.12/site-packages/oslo_config/cfg.py:3006}}
Apr 03 01:21:45.491198 np0000163300 nova-conductor[109612]: DEBUG cotyledon.oslo_config_glue [-] zvm.ca_file = None {{(pid=109612) log_opt_values /opt/stack/data/venv/lib/python3.12/site-packages/oslo_config/cfg.py:3006}}
Apr 03 01:21:45.491198 np0000163300 nova-conductor[109612]: DEBUG cotyledon.oslo_config_glue [-] zvm.cloud_connector_url = None {{(pid=109612) log_opt_values /opt/stack/data/venv/lib/python3.12/site-packages/oslo_config/cfg.py:3006}}
Apr 03 01:21:45.491198 np0000163300 nova-conductor[109612]: DEBUG cotyledon.oslo_config_glue [-] zvm.image_tmp_path = /opt/stack/data/nova/images {{(pid=109612) log_opt_values /opt/stack/data/venv/lib/python3.12/site-packages/oslo_config/cfg.py:3006}}
Apr 03 01:21:45.491198 np0000163300 nova-conductor[109612]: DEBUG cotyledon.oslo_config_glue [-] zvm.reachable_timeout = 300 {{(pid=109612) log_opt_values /opt/stack/data/venv/lib/python3.12/site-packages/oslo_config/cfg.py:3006}}
Apr 03 01:21:45.491435 np0000163300 nova-conductor[109612]: DEBUG cotyledon.oslo_config_glue [-] oslo_versionedobjects.fatal_exception_format_errors = False {{(pid=109612) log_opt_values /opt/stack/data/venv/lib/python3.12/site-packages/oslo_config/cfg.py:3006}}
Apr 03 01:21:45.491435 np0000163300 nova-conductor[109612]: DEBUG cotyledon.oslo_config_glue [-] oslo_middleware.http_basic_auth_user_file = /etc/htpasswd {{(pid=109612) log_opt_values /opt/stack/data/venv/lib/python3.12/site-packages/oslo_config/cfg.py:3006}}
Apr 03 01:21:45.491435 np0000163300 nova-conductor[109612]: DEBUG cotyledon.oslo_config_glue [-] profiler.connection_string = messaging:// {{(pid=109612) log_opt_values /opt/stack/data/venv/lib/python3.12/site-packages/oslo_config/cfg.py:3006}}
Apr 03 01:21:45.491435 np0000163300 nova-conductor[109612]: DEBUG cotyledon.oslo_config_glue [-] profiler.enabled = False {{(pid=109612) log_opt_values /opt/stack/data/venv/lib/python3.12/site-packages/oslo_config/cfg.py:3006}}
Apr 03 01:21:45.491435 np0000163300 nova-conductor[109612]: DEBUG cotyledon.oslo_config_glue [-] profiler.es_doc_type = notification {{(pid=109612) log_opt_values /opt/stack/data/venv/lib/python3.12/site-packages/oslo_config/cfg.py:3006}}
Apr 03 01:21:45.491435 np0000163300 nova-conductor[109612]: DEBUG cotyledon.oslo_config_glue [-] profiler.es_scroll_size = 10000 {{(pid=109612) log_opt_values /opt/stack/data/venv/lib/python3.12/site-packages/oslo_config/cfg.py:3006}}
Apr 03 01:21:45.491435 np0000163300 nova-conductor[109612]: DEBUG cotyledon.oslo_config_glue [-] profiler.es_scroll_time = 2m {{(pid=109612) log_opt_values /opt/stack/data/venv/lib/python3.12/site-packages/oslo_config/cfg.py:3006}}
Apr 03 01:21:45.491435 np0000163300 nova-conductor[109612]: DEBUG cotyledon.oslo_config_glue [-] profiler.filter_error_trace = False {{(pid=109612) log_opt_values /opt/stack/data/venv/lib/python3.12/site-packages/oslo_config/cfg.py:3006}}
Apr 03 01:21:45.491435 np0000163300 nova-conductor[109612]: DEBUG cotyledon.oslo_config_glue [-] profiler.hmac_keys = **** {{(pid=109612) log_opt_values /opt/stack/data/venv/lib/python3.12/site-packages/oslo_config/cfg.py:3006}}
Apr 03 01:21:45.491643 np0000163300 nova-conductor[109612]: DEBUG cotyledon.oslo_config_glue [-] profiler.sentinel_service_name = mymaster {{(pid=109612) log_opt_values /opt/stack/data/venv/lib/python3.12/site-packages/oslo_config/cfg.py:3006}}
Apr 03 01:21:45.491643 np0000163300 nova-conductor[109612]: DEBUG cotyledon.oslo_config_glue [-] profiler.socket_timeout = 0.1 {{(pid=109612) log_opt_values /opt/stack/data/venv/lib/python3.12/site-packages/oslo_config/cfg.py:3006}}
Apr 03 01:21:45.491643 np0000163300 nova-conductor[109612]: DEBUG cotyledon.oslo_config_glue [-] profiler.trace_requests = False {{(pid=109612) log_opt_values /opt/stack/data/venv/lib/python3.12/site-packages/oslo_config/cfg.py:3006}}
Apr 03 01:21:45.491643 np0000163300 nova-conductor[109612]: DEBUG cotyledon.oslo_config_glue [-] profiler.trace_sqlalchemy = False {{(pid=109612) log_opt_values /opt/stack/data/venv/lib/python3.12/site-packages/oslo_config/cfg.py:3006}}
Apr 03 01:21:45.491643 np0000163300 nova-conductor[109612]: DEBUG cotyledon.oslo_config_glue [-] profiler_jaeger.process_tags = {} {{(pid=109612) log_opt_values /opt/stack/data/venv/lib/python3.12/site-packages/oslo_config/cfg.py:3006}}
Apr 03 01:21:45.491643 np0000163300 nova-conductor[109612]: DEBUG cotyledon.oslo_config_glue [-] profiler_jaeger.service_name_prefix = None {{(pid=109612) log_opt_values /opt/stack/data/venv/lib/python3.12/site-packages/oslo_config/cfg.py:3006}}
Apr 03 01:21:45.491643 np0000163300 nova-conductor[109612]: DEBUG cotyledon.oslo_config_glue [-] profiler_otlp.service_name_prefix = None {{(pid=109612) log_opt_values /opt/stack/data/venv/lib/python3.12/site-packages/oslo_config/cfg.py:3006}}
Apr 03 01:21:45.491643 np0000163300 nova-conductor[109612]: DEBUG cotyledon.oslo_config_glue [-] oslo_messaging_rabbit.amqp_auto_delete = False {{(pid=109612) log_opt_values /opt/stack/data/venv/lib/python3.12/site-packages/oslo_config/cfg.py:3006}}
Apr 03 01:21:45.491643 np0000163300 nova-conductor[109612]: DEBUG cotyledon.oslo_config_glue [-] oslo_messaging_rabbit.amqp_durable_queues = False {{(pid=109612) log_opt_values /opt/stack/data/venv/lib/python3.12/site-packages/oslo_config/cfg.py:3006}}
Apr 03 01:21:45.491855 np0000163300 nova-conductor[109612]: DEBUG cotyledon.oslo_config_glue [-] oslo_messaging_rabbit.conn_pool_min_size = 2 {{(pid=109612) log_opt_values /opt/stack/data/venv/lib/python3.12/site-packages/oslo_config/cfg.py:3006}}
Apr 03 01:21:45.491855 np0000163300 nova-conductor[109612]: DEBUG cotyledon.oslo_config_glue [-] oslo_messaging_rabbit.conn_pool_ttl = 1200 {{(pid=109612) log_opt_values /opt/stack/data/venv/lib/python3.12/site-packages/oslo_config/cfg.py:3006}}
Apr 03 01:21:45.491855 np0000163300 nova-conductor[109612]: DEBUG cotyledon.oslo_config_glue [-] oslo_messaging_rabbit.direct_mandatory_flag = True {{(pid=109612) log_opt_values /opt/stack/data/venv/lib/python3.12/site-packages/oslo_config/cfg.py:3006}}
Apr 03 01:21:45.491855 np0000163300 nova-conductor[109612]: DEBUG cotyledon.oslo_config_glue [-] oslo_messaging_rabbit.enable_cancel_on_failover = False {{(pid=109612) log_opt_values /opt/stack/data/venv/lib/python3.12/site-packages/oslo_config/cfg.py:3006}}
Apr 03 01:21:45.491855 np0000163300 nova-conductor[109612]: DEBUG cotyledon.oslo_config_glue [-] oslo_messaging_rabbit.heartbeat_in_pthread = False {{(pid=109612) log_opt_values /opt/stack/data/venv/lib/python3.12/site-packages/oslo_config/cfg.py:3006}}
Apr 03 01:21:45.491855 np0000163300 nova-conductor[109612]: DEBUG cotyledon.oslo_config_glue [-] oslo_messaging_rabbit.heartbeat_rate = 3 {{(pid=109612) log_opt_values /opt/stack/data/venv/lib/python3.12/site-packages/oslo_config/cfg.py:3006}}
Apr 03 01:21:45.491855 np0000163300 nova-conductor[109612]: DEBUG cotyledon.oslo_config_glue [-] oslo_messaging_rabbit.heartbeat_timeout_threshold = 60 {{(pid=109612) log_opt_values /opt/stack/data/venv/lib/python3.12/site-packages/oslo_config/cfg.py:3006}}
Apr 03 01:21:45.491855 np0000163300 nova-conductor[109612]: DEBUG cotyledon.oslo_config_glue [-] oslo_messaging_rabbit.hostname = np0000163300 {{(pid=109612) log_opt_values /opt/stack/data/venv/lib/python3.12/site-packages/oslo_config/cfg.py:3006}}
Apr 03 01:21:45.491855 np0000163300 nova-conductor[109612]: DEBUG cotyledon.oslo_config_glue [-] oslo_messaging_rabbit.kombu_compression = None {{(pid=109612) log_opt_values /opt/stack/data/venv/lib/python3.12/site-packages/oslo_config/cfg.py:3006}}
Apr 03 01:21:45.492115 np0000163300 nova-conductor[109612]: DEBUG cotyledon.oslo_config_glue [-] oslo_messaging_rabbit.kombu_failover_strategy = round-robin {{(pid=109612) log_opt_values /opt/stack/data/venv/lib/python3.12/site-packages/oslo_config/cfg.py:3006}}
Apr 03 01:21:45.492115 np0000163300 nova-conductor[109612]: DEBUG cotyledon.oslo_config_glue [-] oslo_messaging_rabbit.kombu_missing_consumer_retry_timeout = 60 {{(pid=109612) log_opt_values /opt/stack/data/venv/lib/python3.12/site-packages/oslo_config/cfg.py:3006}}
Apr 03 01:21:45.492115 np0000163300 nova-conductor[109612]: DEBUG cotyledon.oslo_config_glue [-] oslo_messaging_rabbit.kombu_reconnect_delay = 1.0 {{(pid=109612) log_opt_values /opt/stack/data/venv/lib/python3.12/site-packages/oslo_config/cfg.py:3006}}
Apr 03 01:21:45.492115 np0000163300 nova-conductor[109612]: DEBUG cotyledon.oslo_config_glue [-] oslo_messaging_rabbit.kombu_reconnect_splay = 0.0 {{(pid=109612) log_opt_values /opt/stack/data/venv/lib/python3.12/site-packages/oslo_config/cfg.py:3006}}
Apr 03 01:21:45.492115 np0000163300 nova-conductor[109612]: DEBUG cotyledon.oslo_config_glue [-] oslo_messaging_rabbit.processname = nova-conductor {{(pid=109612) log_opt_values /opt/stack/data/venv/lib/python3.12/site-packages/oslo_config/cfg.py:3006}}
Apr 03 01:21:45.492115 np0000163300 nova-conductor[109612]: DEBUG cotyledon.oslo_config_glue [-] oslo_messaging_rabbit.rabbit_ha_queues = False {{(pid=109612) log_opt_values /opt/stack/data/venv/lib/python3.12/site-packages/oslo_config/cfg.py:3006}}
Apr 03 01:21:45.492115 np0000163300 nova-conductor[109612]: DEBUG cotyledon.oslo_config_glue [-] oslo_messaging_rabbit.rabbit_interval_max = 30 {{(pid=109612) log_opt_values /opt/stack/data/venv/lib/python3.12/site-packages/oslo_config/cfg.py:3006}}
Apr 03 01:21:45.492115 np0000163300 nova-conductor[109612]: DEBUG cotyledon.oslo_config_glue [-] oslo_messaging_rabbit.rabbit_login_method = AMQPLAIN {{(pid=109612) log_opt_values /opt/stack/data/venv/lib/python3.12/site-packages/oslo_config/cfg.py:3006}}
Apr 03 01:21:45.492300 np0000163300 nova-conductor[109612]: DEBUG cotyledon.oslo_config_glue [-] oslo_messaging_rabbit.rabbit_qos_prefetch_count = 0 {{(pid=109612) log_opt_values /opt/stack/data/venv/lib/python3.12/site-packages/oslo_config/cfg.py:3006}}
Apr 03 01:21:45.492300 np0000163300 nova-conductor[109612]: DEBUG cotyledon.oslo_config_glue [-] oslo_messaging_rabbit.rabbit_quorum_delivery_limit = 0 {{(pid=109612) log_opt_values /opt/stack/data/venv/lib/python3.12/site-packages/oslo_config/cfg.py:3006}}
Apr 03 01:21:45.492300 np0000163300 nova-conductor[109612]: DEBUG cotyledon.oslo_config_glue [-] oslo_messaging_rabbit.rabbit_quorum_max_memory_bytes = 0 {{(pid=109612) log_opt_values /opt/stack/data/venv/lib/python3.12/site-packages/oslo_config/cfg.py:3006}}
Apr 03 01:21:45.492300 np0000163300 nova-conductor[109612]: DEBUG cotyledon.oslo_config_glue [-] oslo_messaging_rabbit.rabbit_quorum_max_memory_length = 0 {{(pid=109612) log_opt_values /opt/stack/data/venv/lib/python3.12/site-packages/oslo_config/cfg.py:3006}}
Apr 03 01:21:45.492300 np0000163300 nova-conductor[109612]: DEBUG cotyledon.oslo_config_glue [-] oslo_messaging_rabbit.rabbit_quorum_queue = False {{(pid=109612) log_opt_values /opt/stack/data/venv/lib/python3.12/site-packages/oslo_config/cfg.py:3006}}
Apr 03 01:21:45.492300 np0000163300 nova-conductor[109612]: DEBUG cotyledon.oslo_config_glue [-] oslo_messaging_rabbit.rabbit_retry_backoff = 2 {{(pid=109612) log_opt_values /opt/stack/data/venv/lib/python3.12/site-packages/oslo_config/cfg.py:3006}}
Apr 03 01:21:45.492300 np0000163300 nova-conductor[109612]: DEBUG cotyledon.oslo_config_glue [-] oslo_messaging_rabbit.rabbit_retry_interval = 1 {{(pid=109612) log_opt_values /opt/stack/data/venv/lib/python3.12/site-packages/oslo_config/cfg.py:3006}}
Apr 03 01:21:45.492300 np0000163300 nova-conductor[109612]: DEBUG cotyledon.oslo_config_glue [-] oslo_messaging_rabbit.rabbit_stream_fanout = False {{(pid=109612) log_opt_values /opt/stack/data/venv/lib/python3.12/site-packages/oslo_config/cfg.py:3006}}
Apr 03 01:21:45.492514 np0000163300 nova-conductor[109612]: DEBUG cotyledon.oslo_config_glue [-] oslo_messaging_rabbit.rabbit_transient_queues_ttl = 1800 {{(pid=109612) log_opt_values /opt/stack/data/venv/lib/python3.12/site-packages/oslo_config/cfg.py:3006}}
Apr 03 01:21:45.492514 np0000163300 nova-conductor[109612]: DEBUG cotyledon.oslo_config_glue [-] oslo_messaging_rabbit.rabbit_transient_quorum_queue = False {{(pid=109612) log_opt_values /opt/stack/data/venv/lib/python3.12/site-packages/oslo_config/cfg.py:3006}}
Apr 03 01:21:45.492514 np0000163300 nova-conductor[109612]: DEBUG cotyledon.oslo_config_glue [-] oslo_messaging_rabbit.rpc_conn_pool_size = 30 {{(pid=109612) log_opt_values /opt/stack/data/venv/lib/python3.12/site-packages/oslo_config/cfg.py:3006}}
Apr 03 01:21:45.492514 np0000163300 nova-conductor[109612]: DEBUG cotyledon.oslo_config_glue [-] oslo_messaging_rabbit.ssl = False {{(pid=109612) log_opt_values /opt/stack/data/venv/lib/python3.12/site-packages/oslo_config/cfg.py:3006}}
Apr 03 01:21:45.492514 np0000163300 nova-conductor[109612]: DEBUG cotyledon.oslo_config_glue [-] oslo_messaging_rabbit.ssl_ca_file = {{(pid=109612) log_opt_values /opt/stack/data/venv/lib/python3.12/site-packages/oslo_config/cfg.py:3006}}
Apr 03 01:21:45.492514 np0000163300 nova-conductor[109612]: DEBUG cotyledon.oslo_config_glue [-] oslo_messaging_rabbit.ssl_cert_file = {{(pid=109612) log_opt_values /opt/stack/data/venv/lib/python3.12/site-packages/oslo_config/cfg.py:3006}}
Apr 03 01:21:45.492514 np0000163300 nova-conductor[109612]: DEBUG cotyledon.oslo_config_glue [-] oslo_messaging_rabbit.ssl_enforce_fips_mode = False {{(pid=109612) log_opt_values /opt/stack/data/venv/lib/python3.12/site-packages/oslo_config/cfg.py:3006}}
Apr 03 01:21:45.492514 np0000163300 nova-conductor[109612]: DEBUG cotyledon.oslo_config_glue [-] oslo_messaging_rabbit.ssl_key_file = {{(pid=109612) log_opt_values /opt/stack/data/venv/lib/python3.12/site-packages/oslo_config/cfg.py:3006}}
Apr 03 01:21:45.492514 np0000163300 nova-conductor[109612]: DEBUG cotyledon.oslo_config_glue [-] oslo_messaging_rabbit.ssl_version = {{(pid=109612) log_opt_values /opt/stack/data/venv/lib/python3.12/site-packages/oslo_config/cfg.py:3006}}
Apr 03 01:21:45.492979 np0000163300 nova-conductor[109612]: DEBUG cotyledon.oslo_config_glue [-] oslo_messaging_rabbit.use_queue_manager = False {{(pid=109612) log_opt_values /opt/stack/data/venv/lib/python3.12/site-packages/oslo_config/cfg.py:3006}}
Apr 03 01:21:45.492979 np0000163300 nova-conductor[109612]: DEBUG cotyledon.oslo_config_glue [-] oslo_messaging_notifications.driver = ['messagingv2'] {{(pid=109612) log_opt_values /opt/stack/data/venv/lib/python3.12/site-packages/oslo_config/cfg.py:3006}}
Apr 03 01:21:45.492979 np0000163300 nova-conductor[109612]: DEBUG cotyledon.oslo_config_glue [-] oslo_messaging_notifications.retry = -1 {{(pid=109612) log_opt_values /opt/stack/data/venv/lib/python3.12/site-packages/oslo_config/cfg.py:3006}}
Apr 03 01:21:45.492979 np0000163300 nova-conductor[109612]: DEBUG cotyledon.oslo_config_glue [-] oslo_messaging_notifications.topics = ['notifications'] {{(pid=109612) log_opt_values /opt/stack/data/venv/lib/python3.12/site-packages/oslo_config/cfg.py:3006}}
Apr 03 01:21:45.492979 np0000163300 nova-conductor[109612]: DEBUG cotyledon.oslo_config_glue [-] oslo_messaging_notifications.transport_url = **** {{(pid=109612) log_opt_values /opt/stack/data/venv/lib/python3.12/site-packages/oslo_config/cfg.py:3006}}
Apr 03 01:21:45.492979 np0000163300 nova-conductor[109612]: DEBUG cotyledon.oslo_config_glue [-] oslo_limit.auth_section = None {{(pid=109612) log_opt_values /opt/stack/data/venv/lib/python3.12/site-packages/oslo_config/cfg.py:3006}}
Apr 03 01:21:45.492979 np0000163300 nova-conductor[109612]: DEBUG cotyledon.oslo_config_glue [-] oslo_limit.auth_type = None {{(pid=109612) log_opt_values /opt/stack/data/venv/lib/python3.12/site-packages/oslo_config/cfg.py:3006}}
Apr 03 01:21:45.492979 np0000163300 nova-conductor[109612]: DEBUG cotyledon.oslo_config_glue [-] oslo_limit.cafile = None {{(pid=109612) log_opt_values /opt/stack/data/venv/lib/python3.12/site-packages/oslo_config/cfg.py:3006}}
Apr 03 01:21:45.492979 np0000163300 nova-conductor[109612]: DEBUG cotyledon.oslo_config_glue [-] oslo_limit.certfile = None {{(pid=109612) log_opt_values /opt/stack/data/venv/lib/python3.12/site-packages/oslo_config/cfg.py:3006}}
Apr 03 01:21:45.493212 np0000163300 nova-conductor[109612]: DEBUG cotyledon.oslo_config_glue [-] oslo_limit.collect_timing = False {{(pid=109612) log_opt_values /opt/stack/data/venv/lib/python3.12/site-packages/oslo_config/cfg.py:3006}}
Apr 03 01:21:45.493212 np0000163300 nova-conductor[109612]: DEBUG cotyledon.oslo_config_glue [-] oslo_limit.connect_retries = None {{(pid=109612) log_opt_values /opt/stack/data/venv/lib/python3.12/site-packages/oslo_config/cfg.py:3006}}
Apr 03 01:21:45.493212 np0000163300 nova-conductor[109612]: DEBUG cotyledon.oslo_config_glue [-] oslo_limit.connect_retry_delay = None {{(pid=109612) log_opt_values /opt/stack/data/venv/lib/python3.12/site-packages/oslo_config/cfg.py:3006}}
Apr 03 01:21:45.493212 np0000163300 nova-conductor[109612]: DEBUG cotyledon.oslo_config_glue [-] oslo_limit.endpoint_id = None {{(pid=109612) log_opt_values /opt/stack/data/venv/lib/python3.12/site-packages/oslo_config/cfg.py:3006}}
Apr 03 01:21:45.493212 np0000163300 nova-conductor[109612]: DEBUG cotyledon.oslo_config_glue [-] oslo_limit.endpoint_interface = public {{(pid=109612) log_opt_values /opt/stack/data/venv/lib/python3.12/site-packages/oslo_config/cfg.py:3006}}
Apr 03 01:21:45.493212 np0000163300 nova-conductor[109612]: DEBUG cotyledon.oslo_config_glue [-] oslo_limit.endpoint_override = None {{(pid=109612) log_opt_values /opt/stack/data/venv/lib/python3.12/site-packages/oslo_config/cfg.py:3006}}
Apr 03 01:21:45.493212 np0000163300 nova-conductor[109612]: DEBUG cotyledon.oslo_config_glue [-] oslo_limit.endpoint_region_name = None {{(pid=109612) log_opt_values /opt/stack/data/venv/lib/python3.12/site-packages/oslo_config/cfg.py:3006}}
Apr 03 01:21:45.493212 np0000163300 nova-conductor[109612]: DEBUG cotyledon.oslo_config_glue [-] oslo_limit.endpoint_service_name = None {{(pid=109612) log_opt_values /opt/stack/data/venv/lib/python3.12/site-packages/oslo_config/cfg.py:3006}}
Apr 03 01:21:45.493212 np0000163300 nova-conductor[109612]: DEBUG cotyledon.oslo_config_glue [-] oslo_limit.endpoint_service_type = None {{(pid=109612) log_opt_values /opt/stack/data/venv/lib/python3.12/site-packages/oslo_config/cfg.py:3006}}
Apr 03 01:21:45.493410 np0000163300 nova-conductor[109612]: DEBUG cotyledon.oslo_config_glue [-] oslo_limit.insecure = False {{(pid=109612) log_opt_values /opt/stack/data/venv/lib/python3.12/site-packages/oslo_config/cfg.py:3006}}
Apr 03 01:21:45.493410 np0000163300 nova-conductor[109612]: DEBUG cotyledon.oslo_config_glue [-] oslo_limit.keyfile = None {{(pid=109612) log_opt_values /opt/stack/data/venv/lib/python3.12/site-packages/oslo_config/cfg.py:3006}}
Apr 03 01:21:45.493410 np0000163300 nova-conductor[109612]: DEBUG cotyledon.oslo_config_glue [-] oslo_limit.max_version = None {{(pid=109612) log_opt_values /opt/stack/data/venv/lib/python3.12/site-packages/oslo_config/cfg.py:3006}}
Apr 03 01:21:45.493410 np0000163300 nova-conductor[109612]: DEBUG cotyledon.oslo_config_glue [-] oslo_limit.min_version = None {{(pid=109612) log_opt_values /opt/stack/data/venv/lib/python3.12/site-packages/oslo_config/cfg.py:3006}}
Apr 03 01:21:45.493410 np0000163300 nova-conductor[109612]: DEBUG cotyledon.oslo_config_glue [-] oslo_limit.region_name = None {{(pid=109612) log_opt_values /opt/stack/data/venv/lib/python3.12/site-packages/oslo_config/cfg.py:3006}}
Apr 03 01:21:45.493410 np0000163300 nova-conductor[109612]: DEBUG cotyledon.oslo_config_glue [-] oslo_limit.retriable_status_codes = None {{(pid=109612) log_opt_values /opt/stack/data/venv/lib/python3.12/site-packages/oslo_config/cfg.py:3006}}
Apr 03 01:21:45.493410 np0000163300 nova-conductor[109612]: DEBUG cotyledon.oslo_config_glue [-] oslo_limit.service_name = None {{(pid=109612) log_opt_values /opt/stack/data/venv/lib/python3.12/site-packages/oslo_config/cfg.py:3006}}
Apr 03 01:21:45.493410 np0000163300 nova-conductor[109612]: DEBUG cotyledon.oslo_config_glue [-] oslo_limit.service_type = None {{(pid=109612) log_opt_values /opt/stack/data/venv/lib/python3.12/site-packages/oslo_config/cfg.py:3006}}
Apr 03 01:21:45.493410 np0000163300 nova-conductor[109612]: DEBUG cotyledon.oslo_config_glue [-] oslo_limit.split_loggers = False {{(pid=109612) log_opt_values /opt/stack/data/venv/lib/python3.12/site-packages/oslo_config/cfg.py:3006}}
Apr 03 01:21:45.493637 np0000163300 nova-conductor[109612]: DEBUG cotyledon.oslo_config_glue [-] oslo_limit.status_code_retries = None {{(pid=109612) log_opt_values /opt/stack/data/venv/lib/python3.12/site-packages/oslo_config/cfg.py:3006}}
Apr 03 01:21:45.493637 np0000163300 nova-conductor[109612]: DEBUG cotyledon.oslo_config_glue [-] oslo_limit.status_code_retry_delay = None {{(pid=109612) log_opt_values /opt/stack/data/venv/lib/python3.12/site-packages/oslo_config/cfg.py:3006}}
Apr 03 01:21:45.493637 np0000163300 nova-conductor[109612]: DEBUG cotyledon.oslo_config_glue [-] oslo_limit.timeout = None {{(pid=109612) log_opt_values /opt/stack/data/venv/lib/python3.12/site-packages/oslo_config/cfg.py:3006}}
Apr 03 01:21:45.493637 np0000163300 nova-conductor[109612]: DEBUG cotyledon.oslo_config_glue [-] oslo_limit.valid_interfaces = None {{(pid=109612) log_opt_values /opt/stack/data/venv/lib/python3.12/site-packages/oslo_config/cfg.py:3006}}
Apr 03 01:21:45.493637 np0000163300 nova-conductor[109612]: DEBUG cotyledon.oslo_config_glue [-] oslo_limit.version = None {{(pid=109612) log_opt_values /opt/stack/data/venv/lib/python3.12/site-packages/oslo_config/cfg.py:3006}}
Apr 03 01:21:45.493637 np0000163300 nova-conductor[109612]: DEBUG cotyledon.oslo_config_glue [-] oslo_reports.file_event_handler = None {{(pid=109612) log_opt_values /opt/stack/data/venv/lib/python3.12/site-packages/oslo_config/cfg.py:3006}}
Apr 03 01:21:45.493637 np0000163300 nova-conductor[109612]: DEBUG cotyledon.oslo_config_glue [-] oslo_reports.file_event_handler_interval = 1 {{(pid=109612) log_opt_values /opt/stack/data/venv/lib/python3.12/site-packages/oslo_config/cfg.py:3006}}
Apr 03 01:21:45.493637 np0000163300 nova-conductor[109612]: DEBUG cotyledon.oslo_config_glue [-] oslo_reports.log_dir = None {{(pid=109612) log_opt_values /opt/stack/data/venv/lib/python3.12/site-packages/oslo_config/cfg.py:3006}}
Apr 03 01:21:45.493637 np0000163300 nova-conductor[109612]: DEBUG cotyledon.oslo_config_glue [-] ******************************************************************************** {{(pid=109612) log_opt_values /opt/stack/data/venv/lib/python3.12/site-packages/oslo_config/cfg.py:3013}}
Apr 03 01:21:45.493858 np0000163300 nova-conductor[109612]: DEBUG cotyledon._service_worker [-] Run service ServiceWrapper(3) [109612] {{(pid=109612) wait_forever /opt/stack/data/venv/lib/python3.12/site-packages/cotyledon/_service_worker.py:218}}
Apr 03 01:21:45.493888 np0000163300 nova-conductor[109589]: DEBUG nova.service [None req-832a7726-c7af-48d7-96e5-0dab8cbe767f None None] Creating RPC server for service: nova-conductor on topic: conductor {{(pid=109589) start /opt/stack/nova/nova/service.py:195}}
Apr 03 01:21:45.493920 np0000163300 nova-conductor[109612]: INFO nova.service [-] Starting conductor node (version 33.1.0)
Apr 03 01:21:45.493969 np0000163300 nova-conductor[109604]: DEBUG oslo_db.sqlalchemy.engines [None req-df74ae05-f30a-4e11-8384-488ae0775b75 None None] MySQL server mode set to STRICT_TRANS_TABLES,STRICT_ALL_TABLES,NO_ZERO_IN_DATE,NO_ZERO_DATE,ERROR_FOR_DIVISION_BY_ZERO,TRADITIONAL,NO_ENGINE_SUBSTITUTION {{(pid=109604) _check_effective_sql_mode /opt/stack/data/venv/lib/python3.12/site-packages/oslo_db/sqlalchemy/engines.py:325}}
Apr 03 01:21:45.494017 np0000163300 nova-conductor[109612]: INFO dbcounter [None req-a88eee01-4079-4611-b4cf-3d4d04a8bfbe None None] Registered counter for database nova_cell0
Apr 03 01:21:45.495252 np0000163300 nova-conductor[109597]: DEBUG nova.service [None req-c05625ac-3e10-4ded-9e91-483ceaedecd3 None None] Creating RPC server for service: nova-conductor on topic: conductor {{(pid=109597) start /opt/stack/nova/nova/service.py:195}}
Apr 03 01:21:45.495809 np0000163300 nova-conductor[109604]: DEBUG dbcounter [-] [109604] Writer thread running {{(pid=109604) stat_writer /opt/stack/data/venv/lib/python3.12/site-packages/dbcounter.py:102}}
Apr 03 01:21:45.499411 np0000163300 nova-conductor[109604]: DEBUG nova.service [None req-df74ae05-f30a-4e11-8384-488ae0775b75 None None] Creating RPC server for service: nova-conductor on topic: conductor {{(pid=109604) start /opt/stack/nova/nova/service.py:195}}
Apr 03 01:21:45.501336 np0000163300 nova-conductor[109612]: DEBUG oslo_db.sqlalchemy.engines [None req-a88eee01-4079-4611-b4cf-3d4d04a8bfbe None None] MySQL server mode set to STRICT_TRANS_TABLES,STRICT_ALL_TABLES,NO_ZERO_IN_DATE,NO_ZERO_DATE,ERROR_FOR_DIVISION_BY_ZERO,TRADITIONAL,NO_ENGINE_SUBSTITUTION {{(pid=109612) _check_effective_sql_mode /opt/stack/data/venv/lib/python3.12/site-packages/oslo_db/sqlalchemy/engines.py:325}}
Apr 03 01:21:45.518703 np0000163300 nova-conductor[109612]: DEBUG dbcounter [-] [109612] Writer thread running {{(pid=109612) stat_writer /opt/stack/data/venv/lib/python3.12/site-packages/dbcounter.py:102}}
Apr 03 01:21:45.523592 np0000163300 nova-conductor[109612]: DEBUG nova.service [None req-a88eee01-4079-4611-b4cf-3d4d04a8bfbe None None] Creating RPC server for service: nova-conductor on topic: conductor {{(pid=109612) start /opt/stack/nova/nova/service.py:195}}
Apr 03 01:21:45.565655 np0000163300 nova-conductor[109597]: DEBUG nova.service [None req-c05625ac-3e10-4ded-9e91-483ceaedecd3 None None] Join ServiceGroup membership for this service conductor {{(pid=109597) start /opt/stack/nova/nova/service.py:221}}
Apr 03 01:21:45.565742 np0000163300 nova-conductor[109604]: DEBUG nova.service [None req-df74ae05-f30a-4e11-8384-488ae0775b75 None None] Join ServiceGroup membership for this service conductor {{(pid=109604) start /opt/stack/nova/nova/service.py:221}}
Apr 03 01:21:45.565967 np0000163300 nova-conductor[109597]: DEBUG nova.servicegroup.drivers.db [None req-c05625ac-3e10-4ded-9e91-483ceaedecd3 None None] DB_Driver: join new ServiceGroup member np0000163300 to the conductor group, service = {{(pid=109597) join /opt/stack/nova/nova/servicegroup/drivers/db.py:44}}
Apr 03 01:21:45.566035 np0000163300 nova-conductor[109604]: DEBUG nova.servicegroup.drivers.db [None req-df74ae05-f30a-4e11-8384-488ae0775b75 None None] DB_Driver: join new ServiceGroup member np0000163300 to the conductor group, service = {{(pid=109604) join /opt/stack/nova/nova/servicegroup/drivers/db.py:44}}
Apr 03 01:21:45.566254 np0000163300 nova-conductor[109612]: DEBUG nova.service [None req-a88eee01-4079-4611-b4cf-3d4d04a8bfbe None None] Join ServiceGroup membership for this service conductor {{(pid=109612) start /opt/stack/nova/nova/service.py:221}}
Apr 03 01:21:45.566492 np0000163300 nova-conductor[109589]: DEBUG nova.service [None req-832a7726-c7af-48d7-96e5-0dab8cbe767f None None] Join ServiceGroup membership for this service conductor {{(pid=109589) start /opt/stack/nova/nova/service.py:221}}
Apr 03 01:21:45.566931 np0000163300 nova-conductor[109612]: DEBUG nova.servicegroup.drivers.db [None req-a88eee01-4079-4611-b4cf-3d4d04a8bfbe None None] DB_Driver: join new ServiceGroup member np0000163300 to the conductor group, service = {{(pid=109612) join /opt/stack/nova/nova/servicegroup/drivers/db.py:44}}
Apr 03 01:21:45.567043 np0000163300 nova-conductor[109589]: DEBUG nova.servicegroup.drivers.db [None req-832a7726-c7af-48d7-96e5-0dab8cbe767f None None] DB_Driver: join new ServiceGroup member np0000163300 to the conductor group, service = {{(pid=109589) join /opt/stack/nova/nova/servicegroup/drivers/db.py:44}}
Apr 03 01:21:46.568594 np0000163300 nova-conductor[109597]: DEBUG oslo.service.backend._threading.loopingcall [None req-24690a2d-d2bb-4fba-9e0a-6f938b6a55c6 None None] Dynamic interval looping call 'nova.service.Service.periodic_tasks' sleeping for 60.00 seconds {{(pid=109597) _run_loop /opt/stack/data/venv/lib/python3.12/site-packages/oslo_service/backend/_threading/loopingcall.py:125}}
Apr 03 01:21:50.582003 np0000163300 nova-conductor[109597]: DEBUG oslo.service.backend._threading.loopingcall [-] Fixed interval looping call 'nova.servicegroup.drivers.db.DbDriver._report_state' sleeping for 119.99 seconds {{(pid=109597) _run_loop /opt/stack/data/venv/lib/python3.12/site-packages/oslo_service/backend/_threading/loopingcall.py:125}}
Apr 03 01:21:50.582648 np0000163300 nova-conductor[109589]: DEBUG oslo.service.backend._threading.loopingcall [-] Fixed interval looping call 'nova.servicegroup.drivers.db.DbDriver._report_state' sleeping for 119.99 seconds {{(pid=109589) _run_loop /opt/stack/data/venv/lib/python3.12/site-packages/oslo_service/backend/_threading/loopingcall.py:125}}
Apr 03 01:21:50.584331 np0000163300 nova-conductor[109604]: DEBUG oslo.service.backend._threading.loopingcall [-] Fixed interval looping call 'nova.servicegroup.drivers.db.DbDriver._report_state' sleeping for 119.98 seconds {{(pid=109604) _run_loop /opt/stack/data/venv/lib/python3.12/site-packages/oslo_service/backend/_threading/loopingcall.py:125}}
Apr 03 01:21:50.585499 np0000163300 nova-conductor[109612]: DEBUG oslo.service.backend._threading.loopingcall [-] Fixed interval looping call 'nova.servicegroup.drivers.db.DbDriver._report_state' sleeping for 119.98 seconds {{(pid=109612) _run_loop /opt/stack/data/venv/lib/python3.12/site-packages/oslo_service/backend/_threading/loopingcall.py:125}}
Apr 03 01:21:54.083024 np0000163300 nova-conductor[108843]: DEBUG dbcounter [-] [108843] Writing DB stats nova_api:SELECT=1 {{(pid=108843) stat_writer /opt/stack/data/venv/lib/python3.12/site-packages/dbcounter.py:115}}
Apr 03 01:21:54.192149 np0000163300 nova-conductor[108843]: DEBUG dbcounter [-] [108843] Writing DB stats nova_cell0:SELECT=1 {{(pid=108843) stat_writer /opt/stack/data/venv/lib/python3.12/site-packages/dbcounter.py:115}}
Apr 03 01:21:54.197422 np0000163300 nova-conductor[108843]: DEBUG dbcounter [-] [108843] Writing DB stats nova_cell1:SELECT=1 {{(pid=108843) stat_writer /opt/stack/data/venv/lib/python3.12/site-packages/dbcounter.py:115}}
Apr 03 01:21:56.569940 np0000163300 nova-conductor[109589]: DEBUG oslo.service.backend._threading.loopingcall [None req-205b5153-6f7e-426b-a2ad-b99c80ccc846 None None] Dynamic interval looping call 'nova.service.Service.periodic_tasks' sleeping for 60.00 seconds {{(pid=109589) _run_loop /opt/stack/data/venv/lib/python3.12/site-packages/oslo_service/backend/_threading/loopingcall.py:125}}
Apr 03 01:22:00.575608 np0000163300 nova-conductor[109597]: DEBUG dbcounter [-] [109597] Writing DB stats nova_cell0:SELECT=4,nova_cell0:INSERT=1,nova_cell0:UPDATE=1 {{(pid=109597) stat_writer /opt/stack/data/venv/lib/python3.12/site-packages/dbcounter.py:115}}
Apr 03 01:22:00.576586 np0000163300 nova-conductor[109589]: DEBUG dbcounter [-] [109589] Writing DB stats nova_cell0:SELECT=4,nova_cell0:INSERT=1,nova_cell0:UPDATE=1 {{(pid=109589) stat_writer /opt/stack/data/venv/lib/python3.12/site-packages/dbcounter.py:115}}
Apr 03 01:22:00.583032 np0000163300 nova-conductor[109604]: DEBUG dbcounter [-] [109604] Writing DB stats nova_cell0:SELECT=3,nova_cell0:UPDATE=1 {{(pid=109604) stat_writer /opt/stack/data/venv/lib/python3.12/site-packages/dbcounter.py:115}}
Apr 03 01:22:00.583778 np0000163300 nova-conductor[109612]: DEBUG dbcounter [-] [109612] Writing DB stats nova_cell0:SELECT=3,nova_cell0:UPDATE=1 {{(pid=109612) stat_writer /opt/stack/data/venv/lib/python3.12/site-packages/dbcounter.py:115}}
Apr 03 01:22:11.568812 np0000163300 nova-conductor[109604]: DEBUG oslo.service.backend._threading.loopingcall [None req-0fe0b41a-aad7-467f-9c6e-1598c94f20eb None None] Dynamic interval looping call 'nova.service.Service.periodic_tasks' sleeping for 60.00 seconds {{(pid=109604) _run_loop /opt/stack/data/venv/lib/python3.12/site-packages/oslo_service/backend/_threading/loopingcall.py:125}}
Apr 03 01:22:17.570989 np0000163300 nova-conductor[109612]: DEBUG oslo.service.backend._threading.loopingcall [None req-8e8df3f0-9456-4918-8e09-69eb9dddfb10 None None] Dynamic interval looping call 'nova.service.Service.periodic_tasks' sleeping for 60.00 seconds {{(pid=109612) _run_loop /opt/stack/data/venv/lib/python3.12/site-packages/oslo_service/backend/_threading/loopingcall.py:125}}
Apr 03 01:22:46.569501 np0000163300 nova-conductor[109597]: DEBUG oslo.service.backend._threading.loopingcall [None req-24690a2d-d2bb-4fba-9e0a-6f938b6a55c6 None None] Dynamic interval looping call 'nova.service.Service.periodic_tasks' sleeping for 60.00 seconds {{(pid=109597) _run_loop /opt/stack/data/venv/lib/python3.12/site-packages/oslo_service/backend/_threading/loopingcall.py:125}}
Apr 03 01:22:56.570800 np0000163300 nova-conductor[109589]: DEBUG oslo.service.backend._threading.loopingcall [None req-205b5153-6f7e-426b-a2ad-b99c80ccc846 None None] Dynamic interval looping call 'nova.service.Service.periodic_tasks' sleeping for 60.00 seconds {{(pid=109589) _run_loop /opt/stack/data/venv/lib/python3.12/site-packages/oslo_service/backend/_threading/loopingcall.py:125}}
Apr 03 01:23:11.569443 np0000163300 nova-conductor[109604]: DEBUG oslo.service.backend._threading.loopingcall [None req-0fe0b41a-aad7-467f-9c6e-1598c94f20eb None None] Dynamic interval looping call 'nova.service.Service.periodic_tasks' sleeping for 60.00 seconds {{(pid=109604) _run_loop /opt/stack/data/venv/lib/python3.12/site-packages/oslo_service/backend/_threading/loopingcall.py:125}}
Apr 03 01:23:17.571603 np0000163300 nova-conductor[109612]: DEBUG oslo.service.backend._threading.loopingcall [None req-8e8df3f0-9456-4918-8e09-69eb9dddfb10 None None] Dynamic interval looping call 'nova.service.Service.periodic_tasks' sleeping for 60.00 seconds {{(pid=109612) _run_loop /opt/stack/data/venv/lib/python3.12/site-packages/oslo_service/backend/_threading/loopingcall.py:125}}
Apr 03 01:23:46.570164 np0000163300 nova-conductor[109597]: DEBUG oslo.service.backend._threading.loopingcall [None req-24690a2d-d2bb-4fba-9e0a-6f938b6a55c6 None None] Dynamic interval looping call 'nova.service.Service.periodic_tasks' sleeping for 60.00 seconds {{(pid=109597) _run_loop /opt/stack/data/venv/lib/python3.12/site-packages/oslo_service/backend/_threading/loopingcall.py:125}}
Apr 03 01:23:50.576489 np0000163300 nova-conductor[109604]: DEBUG oslo.service.backend._threading.loopingcall [-] Fixed interval looping call 'nova.servicegroup.drivers.db.DbDriver._report_state' sleeping for 119.99 seconds {{(pid=109604) _run_loop /opt/stack/data/venv/lib/python3.12/site-packages/oslo_service/backend/_threading/loopingcall.py:125}}
Apr 03 01:23:50.577615 np0000163300 nova-conductor[109612]: DEBUG oslo.service.backend._threading.loopingcall [-] Fixed interval looping call 'nova.servicegroup.drivers.db.DbDriver._report_state' sleeping for 119.99 seconds {{(pid=109612) _run_loop /opt/stack/data/venv/lib/python3.12/site-packages/oslo_service/backend/_threading/loopingcall.py:125}}
Apr 03 01:23:50.578248 np0000163300 nova-conductor[109597]: DEBUG oslo.service.backend._threading.loopingcall [-] Fixed interval looping call 'nova.servicegroup.drivers.db.DbDriver._report_state' sleeping for 119.99 seconds {{(pid=109597) _run_loop /opt/stack/data/venv/lib/python3.12/site-packages/oslo_service/backend/_threading/loopingcall.py:125}}
Apr 03 01:23:50.578766 np0000163300 nova-conductor[109589]: DEBUG oslo.service.backend._threading.loopingcall [-] Fixed interval looping call 'nova.servicegroup.drivers.db.DbDriver._report_state' sleeping for 119.99 seconds {{(pid=109589) _run_loop /opt/stack/data/venv/lib/python3.12/site-packages/oslo_service/backend/_threading/loopingcall.py:125}}
Apr 03 01:23:56.571738 np0000163300 nova-conductor[109589]: DEBUG oslo.service.backend._threading.loopingcall [None req-205b5153-6f7e-426b-a2ad-b99c80ccc846 None None] Dynamic interval looping call 'nova.service.Service.periodic_tasks' sleeping for 60.00 seconds {{(pid=109589) _run_loop /opt/stack/data/venv/lib/python3.12/site-packages/oslo_service/backend/_threading/loopingcall.py:125}}
Apr 03 01:24:00.570115 np0000163300 nova-conductor[109604]: DEBUG dbcounter [-] [109604] Writing DB stats nova_cell0:SELECT=1,nova_cell0:UPDATE=1 {{(pid=109604) stat_writer /opt/stack/data/venv/lib/python3.12/site-packages/dbcounter.py:115}}
Apr 03 01:24:00.571944 np0000163300 nova-conductor[109612]: DEBUG dbcounter [-] [109612] Writing DB stats nova_cell0:SELECT=1,nova_cell0:UPDATE=1 {{(pid=109612) stat_writer /opt/stack/data/venv/lib/python3.12/site-packages/dbcounter.py:115}}
Apr 03 01:24:00.575932 np0000163300 nova-conductor[109589]: DEBUG dbcounter [-] [109589] Writing DB stats nova_cell0:SELECT=1 {{(pid=109589) stat_writer /opt/stack/data/venv/lib/python3.12/site-packages/dbcounter.py:115}}
Apr 03 01:24:00.576464 np0000163300 nova-conductor[109597]: DEBUG dbcounter [-] [109597] Writing DB stats nova_cell0:SELECT=1,nova_cell0:UPDATE=1 {{(pid=109597) stat_writer /opt/stack/data/venv/lib/python3.12/site-packages/dbcounter.py:115}}
Apr 03 01:24:11.570795 np0000163300 nova-conductor[109604]: DEBUG oslo.service.backend._threading.loopingcall [None req-0fe0b41a-aad7-467f-9c6e-1598c94f20eb None None] Dynamic interval looping call 'nova.service.Service.periodic_tasks' sleeping for 60.00 seconds {{(pid=109604) _run_loop /opt/stack/data/venv/lib/python3.12/site-packages/oslo_service/backend/_threading/loopingcall.py:125}}
Apr 03 01:24:17.572535 np0000163300 nova-conductor[109612]: DEBUG oslo.service.backend._threading.loopingcall [None req-8e8df3f0-9456-4918-8e09-69eb9dddfb10 None None] Dynamic interval looping call 'nova.service.Service.periodic_tasks' sleeping for 60.00 seconds {{(pid=109612) _run_loop /opt/stack/data/venv/lib/python3.12/site-packages/oslo_service/backend/_threading/loopingcall.py:125}}
Apr 03 01:24:46.570907 np0000163300 nova-conductor[109597]: DEBUG oslo.service.backend._threading.loopingcall [None req-24690a2d-d2bb-4fba-9e0a-6f938b6a55c6 None None] Dynamic interval looping call 'nova.service.Service.periodic_tasks' sleeping for 60.00 seconds {{(pid=109597) _run_loop /opt/stack/data/venv/lib/python3.12/site-packages/oslo_service/backend/_threading/loopingcall.py:125}}
Apr 03 01:24:56.572637 np0000163300 nova-conductor[109589]: DEBUG oslo.service.backend._threading.loopingcall [None req-205b5153-6f7e-426b-a2ad-b99c80ccc846 None None] Dynamic interval looping call 'nova.service.Service.periodic_tasks' sleeping for 60.00 seconds {{(pid=109589) _run_loop /opt/stack/data/venv/lib/python3.12/site-packages/oslo_service/backend/_threading/loopingcall.py:125}}
Apr 03 01:25:11.571882 np0000163300 nova-conductor[109604]: DEBUG oslo.service.backend._threading.loopingcall [None req-0fe0b41a-aad7-467f-9c6e-1598c94f20eb None None] Dynamic interval looping call 'nova.service.Service.periodic_tasks' sleeping for 60.00 seconds {{(pid=109604) _run_loop /opt/stack/data/venv/lib/python3.12/site-packages/oslo_service/backend/_threading/loopingcall.py:125}}
Apr 03 01:25:17.573510 np0000163300 nova-conductor[109612]: DEBUG oslo.service.backend._threading.loopingcall [None req-8e8df3f0-9456-4918-8e09-69eb9dddfb10 None None] Dynamic interval looping call 'nova.service.Service.periodic_tasks' sleeping for 60.00 seconds {{(pid=109612) _run_loop /opt/stack/data/venv/lib/python3.12/site-packages/oslo_service/backend/_threading/loopingcall.py:125}}
Apr 03 01:25:46.571672 np0000163300 nova-conductor[109597]: DEBUG oslo.service.backend._threading.loopingcall [None req-24690a2d-d2bb-4fba-9e0a-6f938b6a55c6 None None] Dynamic interval looping call 'nova.service.Service.periodic_tasks' sleeping for 60.00 seconds {{(pid=109597) _run_loop /opt/stack/data/venv/lib/python3.12/site-packages/oslo_service/backend/_threading/loopingcall.py:125}}
Apr 03 01:25:48.012901 np0000163300 nova-conductor[109612]: INFO nova.utils [None req-f8cbbd5a-bfd8-4bb8-ac47-8e2703271c16 demo demo] The cell worker thread pool ForkProcess-4.cell_worker is initialized
Apr 03 01:25:48.013529 np0000163300 nova-conductor[109612]: DEBUG oslo_concurrency.lockutils [None req-f8cbbd5a-bfd8-4bb8-ac47-8e2703271c16 demo demo] Acquiring lock "92047996-7da1-4b45-966f-67bbe07fb588" by "nova.context.set_target_cell..get_or_set_cached_cell_and_set_connections" {{(pid=109612) inner /opt/stack/data/venv/lib/python3.12/site-packages/oslo_concurrency/lockutils.py:506}}
Apr 03 01:25:48.013638 np0000163300 nova-conductor[109612]: DEBUG oslo_concurrency.lockutils [None req-f8cbbd5a-bfd8-4bb8-ac47-8e2703271c16 demo demo] Lock "92047996-7da1-4b45-966f-67bbe07fb588" acquired by "nova.context.set_target_cell..get_or_set_cached_cell_and_set_connections" :: waited 0.000s {{(pid=109612) inner /opt/stack/data/venv/lib/python3.12/site-packages/oslo_concurrency/lockutils.py:519}}
Apr 03 01:25:48.015533 np0000163300 nova-conductor[109612]: DEBUG oslo_concurrency.lockutils [None req-f8cbbd5a-bfd8-4bb8-ac47-8e2703271c16 demo demo] Lock "92047996-7da1-4b45-966f-67bbe07fb588" "released" by "nova.context.set_target_cell..get_or_set_cached_cell_and_set_connections" :: held 0.002s {{(pid=109612) inner /opt/stack/data/venv/lib/python3.12/site-packages/oslo_concurrency/lockutils.py:538}}
Apr 03 01:25:48.022417 np0000163300 nova-conductor[109612]: INFO dbcounter [None req-f8cbbd5a-bfd8-4bb8-ac47-8e2703271c16 demo demo] Registered counter for database nova_cell1
Apr 03 01:25:48.028340 np0000163300 nova-conductor[109612]: DEBUG oslo_db.sqlalchemy.engines [None req-f8cbbd5a-bfd8-4bb8-ac47-8e2703271c16 demo demo] MySQL server mode set to STRICT_TRANS_TABLES,STRICT_ALL_TABLES,NO_ZERO_IN_DATE,NO_ZERO_DATE,ERROR_FOR_DIVISION_BY_ZERO,TRADITIONAL,NO_ENGINE_SUBSTITUTION {{(pid=109612) _check_effective_sql_mode /opt/stack/data/venv/lib/python3.12/site-packages/oslo_db/sqlalchemy/engines.py:325}}
Apr 03 01:25:48.035778 np0000163300 nova-conductor[109612]: DEBUG oslo_db.sqlalchemy.engines [None req-f8cbbd5a-bfd8-4bb8-ac47-8e2703271c16 demo demo] Parent process 108843 forked (109612) with an open database connection, which is being discarded and recreated. {{(pid=109612) checkout /opt/stack/data/venv/lib/python3.12/site-packages/oslo_db/sqlalchemy/engines.py:402}}
Apr 03 01:25:48.041034 np0000163300 nova-conductor[109612]: DEBUG dbcounter [-] [109612] Writer thread running {{(pid=109612) stat_writer /opt/stack/data/venv/lib/python3.12/site-packages/dbcounter.py:102}}
