2026-06-24 02:00:46.503 7 INFO placement.requestlog [None req-c5605411-b169-472b-b350-dcbd1b88aa2c - - - - - -] 10.0.0.227 "GET /" status: 200 len: 136 microversion: 1.0
2026-06-24 02:00:47.750 8 INFO placement.requestlog [req-bc44dd9c-328b-46c4-891a-cdaac8537629 req-be404552-787b-4542-a6da-87e1adb12d43 17739db8e4f249c7a394479befb1520b b4b905b31e9b4472b08b07c064cad9d0 - - 0b0464ddfc72474fb945e84cfed9946d 0b0464ddfc72474fb945e84cfed9946d] 199.204.45.144 "GET /allocations/c5ec0d71-62f6-4f4c-a5d1-b815bb5c6e1d" status: 200 len: 257 microversion: 1.28 [pid: 8|app: 0|req: 287/575] 199.204.45.144 () {34 vars in 863 bytes} [Wed Jun 24 02:00:47 2026] GET /allocations/c5ec0d71-62f6-4f4c-a5d1-b815bb5c6e1d => generated 257 bytes in 10 msecs (HTTP/1.1 200) 8 headers in 296 bytes (1 switches on core 0)
2026-06-24 02:00:48.793 7 INFO placement.requestlog [req-bc44dd9c-328b-46c4-891a-cdaac8537629 req-31d314d2-b099-487d-981f-5c4077307720 17739db8e4f249c7a394479befb1520b b4b905b31e9b4472b08b07c064cad9d0 - - 0b0464ddfc72474fb945e84cfed9946d 0b0464ddfc72474fb945e84cfed9946d] 199.204.45.144 "GET /resource_providers/1485773a-5a07-4bed-9313-765f15be5884/allocations" status: 200 len: 152 microversion: 1.0 [pid: 7|app: 0|req: 289/576] 199.204.45.144 () {32 vars in 857 bytes} [Wed Jun 24 02:00:48 2026] GET /resource_providers/1485773a-5a07-4bed-9313-765f15be5884/allocations => generated 152 bytes in 16 msecs (HTTP/1.1 200) 6 headers in 224 bytes (1 switches on core 0)
2026-06-24 02:00:48.808 8 INFO placement.requestlog [req-bc44dd9c-328b-46c4-891a-cdaac8537629 req-930e7444-440f-40b1-906b-91208470531f 17739db8e4f249c7a394479befb1520b b4b905b31e9b4472b08b07c064cad9d0 - - 0b0464ddfc72474fb945e84cfed9946d 0b0464ddfc72474fb945e84cfed9946d] 199.204.45.144 "GET /allocations/c5ec0d71-62f6-4f4c-a5d1-b815bb5c6e1d" status: 200 len: 257 microversion: 1.28 [pid: 8|app: 0|req: 288/577] 199.204.45.144 () {34 vars in 863 bytes} [Wed Jun 24 02:00:48 2026] GET /allocations/c5ec0d71-62f6-4f4c-a5d1-b815bb5c6e1d => generated 257 bytes in 10 msecs (HTTP/1.1 200) 8 headers in 296 bytes (1 switches on core 0)
2026-06-24 02:00:50.401 7 INFO placement.requestlog [None req-d71e1477-6b2f-4fed-a2ae-ca1fee8a7c6d f3ddcafa77db4592978cd91d5032f545 b4b905b31e9b4472b08b07c064cad9d0 - - 0b0464ddfc72474fb945e84cfed9946d 0b0464ddfc72474fb945e84cfed9946d] 10.0.0.62 "GET /resource_providers/b35c3415-a3ee-44e5-a647-b7558ee78fdb/aggregates" status: 404 len: 235 microversion: 1.1 [pid: 7|app: 0|req: 290/578] 10.0.0.62 () {32 vars in 815 bytes} [Wed Jun 24 02:00:50 2026] GET /resource_providers/b35c3415-a3ee-44e5-a647-b7558ee78fdb/aggregates => generated 235 bytes in 126 msecs (HTTP/1.1 404) 5 headers in 202 bytes (1 switches on core 0)
2026-06-24 02:00:50.408 8 INFO placement.requestlog [None req-d1341737-046e-4b77-8fec-c8e2e98279d0 f3ddcafa77db4592978cd91d5032f545 b4b905b31e9b4472b08b07c064cad9d0 - - 0b0464ddfc72474fb945e84cfed9946d 0b0464ddfc72474fb945e84cfed9946d] 10.0.0.62 "GET /resource_providers/b35c3415-a3ee-44e5-a647-b7558ee78fdb/aggregates" status: 404 len: 235 microversion: 1.1 [pid: 8|app: 0|req: 289/579] 10.0.0.62 () {32 vars in 815 bytes} [Wed Jun 24 02:00:50 2026] GET /resource_providers/b35c3415-a3ee-44e5-a647-b7558ee78fdb/aggregates => generated 235 bytes in 100 msecs (HTTP/1.1 404) 5 headers in 202 bytes (1 switches on core 0)
2026-06-24 02:00:50.427 7 INFO placement.requestlog [None req-211fbd70-6c03-4dd1-bf77-bfdf59ed8312 f3ddcafa77db4592978cd91d5032f545 b4b905b31e9b4472b08b07c064cad9d0 - - 0b0464ddfc72474fb945e84cfed9946d 0b0464ddfc72474fb945e84cfed9946d] 10.0.0.62 "DELETE /resource_providers/b35c3415-a3ee-44e5-a647-b7558ee78fdb" status: 404 len: 246 microversion: 1.1 [pid: 7|app: 0|req: 291/580] 10.0.0.62 () {34 vars in 815 bytes} [Wed Jun 24 02:00:50 2026] DELETE /resource_providers/b35c3415-a3ee-44e5-a647-b7558ee78fdb => generated 246 bytes in 10 msecs (HTTP/1.1 404) 6 headers in 231 bytes (1 switches on core 0)
2026-06-24 02:00:50.430 8 INFO placement.requestlog [None req-9db25890-8c75-49b8-b9cf-d6f24a9db354 f3ddcafa77db4592978cd91d5032f545 b4b905b31e9b4472b08b07c064cad9d0 - - 0b0464ddfc72474fb945e84cfed9946d 0b0464ddfc72474fb945e84cfed9946d] 10.0.0.62 "DELETE /resource_providers/b35c3415-a3ee-44e5-a647-b7558ee78fdb" status: 404 len: 246 microversion: 1.1 [pid: 8|app: 0|req: 290/581] 10.0.0.62 () {34 vars in 815 bytes} [Wed Jun 24 02:00:50 2026] DELETE /resource_providers/b35c3415-a3ee-44e5-a647-b7558ee78fdb => generated 246 bytes in 8 msecs (HTTP/1.1 404) 6 headers in 231 bytes (1 switches on core 0)
2026-06-24 02:00:50.707 7 INFO placement.requestlog [req-bc7c6d33-0441-4821-9f0e-c06c9b8b570a req-eaa3fae2-687c-4751-8ae9-d63b5fb90fa7 17739db8e4f249c7a394479befb1520b b4b905b31e9b4472b08b07c064cad9d0 - - 0b0464ddfc72474fb945e84cfed9946d 0b0464ddfc72474fb945e84cfed9946d] 10.0.0.4 "GET /allocation_candidates?limit=1000&resources=DISK_GB%3A1%2CMEMORY_MB%3A512%2CVCPU%3A1&root_required=%21COMPUTE_STATUS_DISABLED" status: 200 len: 2444 microversion: 1.36 [pid: 7|app: 0|req: 292/582] 10.0.0.4 () {34 vars in 1010 bytes} [Wed Jun 24 02:00:50 2026] GET /allocation_candidates?limit=1000&resources=DISK_GB%3A1%2CMEMORY_MB%3A512%2CVCPU%3A1&root_required=%21COMPUTE_STATUS_DISABLED => generated 2444 bytes in 42 msecs (HTTP/1.1 200) 8 headers in 297 bytes (1 switches on core 0)
2026-06-24 02:00:50.752 8 INFO placement.requestlog [req-bc7c6d33-0441-4821-9f0e-c06c9b8b570a req-dce30254-995b-4ff2-9fe4-8af02d794766 17739db8e4f249c7a394479befb1520b b4b905b31e9b4472b08b07c064cad9d0 - - 0b0464ddfc72474fb945e84cfed9946d 0b0464ddfc72474fb945e84cfed9946d] 10.0.0.4 "GET /allocations/b211c72b-a571-406f-8f67-4508570cd497" status: 200 len: 19 microversion: 1.28 [pid: 8|app: 0|req: 291/583] 10.0.0.4 () {34 vars in 859 bytes} [Wed Jun 24 02:00:50 2026] GET /allocations/b211c72b-a571-406f-8f67-4508570cd497 => generated 19 bytes in 13 msecs (HTTP/1.1 200) 8 headers in 295 bytes (1 switches on core 0)
2026-06-24 02:00:50.837 7 INFO placement.requestlog [req-bc7c6d33-0441-4821-9f0e-c06c9b8b570a req-8dbd7e1d-0882-4dab-a543-06a1c22eb8e6 17739db8e4f249c7a394479befb1520b b4b905b31e9b4472b08b07c064cad9d0 - - 0b0464ddfc72474fb945e84cfed9946d 0b0464ddfc72474fb945e84cfed9946d] 10.0.0.4 "PUT /allocations/b211c72b-a571-406f-8f67-4508570cd497" status: 204 len: 0 microversion: 1.36 [pid: 7|app: 0|req: 293/584] 10.0.0.4 () {38 vars in 912 bytes} [Wed Jun 24 02:00:50 2026] PUT /allocations/b211c72b-a571-406f-8f67-4508570cd497 => generated 0 bytes in 79 msecs (HTTP/1.1 204) 5 headers in 199 bytes (1 switches on core 0)
2026-06-24 02:00:52.450 8 INFO placement.requestlog [None req-7f545060-bbfa-4322-b458-edaba886ba9e f3ddcafa77db4592978cd91d5032f545 b4b905b31e9b4472b08b07c064cad9d0 - - 0b0464ddfc72474fb945e84cfed9946d 0b0464ddfc72474fb945e84cfed9946d] 10.0.0.62 "GET /resource_providers/f440c071-a1b3-4ef2-8148-e37722544f17/aggregates" status: 404 len: 235 microversion: 1.1 [pid: 8|app: 0|req: 292/585] 10.0.0.62 () {32 vars in 815 bytes} [Wed Jun 24 02:00:52 2026] GET /resource_providers/f440c071-a1b3-4ef2-8148-e37722544f17/aggregates => generated 235 bytes in 9 msecs (HTTP/1.1 404) 5 headers in 202 bytes (1 switches on core 0)
2026-06-24 02:00:52.453 7 INFO placement.requestlog [None req-8fdb8685-96b7-4b96-917d-36aa00de338e f3ddcafa77db4592978cd91d5032f545 b4b905b31e9b4472b08b07c064cad9d0 - - 0b0464ddfc72474fb945e84cfed9946d 0b0464ddfc72474fb945e84cfed9946d] 10.0.0.62 "GET /resource_providers/f440c071-a1b3-4ef2-8148-e37722544f17/aggregates" status: 404 len: 235 microversion: 1.1 [pid: 7|app: 0|req: 294/586] 10.0.0.62 () {32 vars in 815 bytes} [Wed Jun 24 02:00:52 2026] GET /resource_providers/f440c071-a1b3-4ef2-8148-e37722544f17/aggregates => generated 235 bytes in 10 msecs (HTTP/1.1 404) 5 headers in 202 bytes (1 switches on core 0)
2026-06-24 02:00:52.475 8 INFO placement.requestlog [None req-14e7c724-9910-4726-9ec1-bab6179c4714 f3ddcafa77db4592978cd91d5032f545 b4b905b31e9b4472b08b07c064cad9d0 - - 0b0464ddfc72474fb945e84cfed9946d 0b0464ddfc72474fb945e84cfed9946d] 10.0.0.62 "DELETE /resource_providers/f440c071-a1b3-4ef2-8148-e37722544f17" status: 404 len: 246 microversion: 1.1 [pid: 8|app: 0|req: 293/587] 10.0.0.62 () {34 vars in 815 bytes} [Wed Jun 24 02:00:52 2026] DELETE /resource_providers/f440c071-a1b3-4ef2-8148-e37722544f17 => generated 246 bytes in 9 msecs (HTTP/1.1 404) 6 headers in 231 bytes (1 switches on core 0)
2026-06-24 02:00:52.477 7 INFO placement.requestlog [None req-c8821d16-cda8-470e-98b1-d8d6e692c174 f3ddcafa77db4592978cd91d5032f545 b4b905b31e9b4472b08b07c064cad9d0 - - 0b0464ddfc72474fb945e84cfed9946d 0b0464ddfc72474fb945e84cfed9946d] 10.0.0.62 "DELETE /resource_providers/f440c071-a1b3-4ef2-8148-e37722544f17" status: 404 len: 246 microversion: 1.1 [pid: 7|app: 0|req: 295/588] 10.0.0.62 () {34 vars in 815 bytes} [Wed Jun 24 02:00:52 2026] DELETE /resource_providers/f440c071-a1b3-4ef2-8148-e37722544f17 => generated 246 bytes in 10 msecs (HTTP/1.1 404) 6 headers in 231 bytes (1 switches on core 0)
2026-06-24 02:00:52.538 8 INFO placement.requestlog [req-bc7c6d33-0441-4821-9f0e-c06c9b8b570a req-ef5be69a-406c-42ef-a9a7-ab6db92e3c11 17739db8e4f249c7a394479befb1520b b4b905b31e9b4472b08b07c064cad9d0 - - 0b0464ddfc72474fb945e84cfed9946d 0b0464ddfc72474fb945e84cfed9946d] 199.204.45.144 "GET /allocations/b211c72b-a571-406f-8f67-4508570cd497" status: 200 len: 257 microversion: 1.28 [pid: 8|app: 0|req: 294/589] 199.204.45.144 () {34 vars in 863 bytes} [Wed Jun 24 02:00:52 2026] GET /allocations/b211c72b-a571-406f-8f67-4508570cd497 => generated 257 bytes in 13 msecs (HTTP/1.1 200) 8 headers in 296 bytes (1 switches on core 0)
2026-06-24 02:00:53.580 7 INFO placement.requestlog [req-bc7c6d33-0441-4821-9f0e-c06c9b8b570a req-fd207501-bf4d-4518-8223-02fabfe78406 17739db8e4f249c7a394479befb1520b b4b905b31e9b4472b08b07c064cad9d0 - - 0b0464ddfc72474fb945e84cfed9946d 0b0464ddfc72474fb945e84cfed9946d] 199.204.45.144 "GET /resource_providers/1485773a-5a07-4bed-9313-765f15be5884/allocations" status: 200 len: 252 microversion: 1.0 [pid: 7|app: 0|req: 296/590] 199.204.45.144 () {32 vars in 857 bytes} [Wed Jun 24 02:00:53 2026] GET /resource_providers/1485773a-5a07-4bed-9313-765f15be5884/allocations => generated 252 bytes in 17 msecs (HTTP/1.1 200) 6 headers in 224 bytes (1 switches on core 0)
2026-06-24 02:00:53.601 8 INFO placement.requestlog [req-bc7c6d33-0441-4821-9f0e-c06c9b8b570a req-f750ccbd-fed0-4edb-ae78-ec48d6475e0d 17739db8e4f249c7a394479befb1520b b4b905b31e9b4472b08b07c064cad9d0 - - 0b0464ddfc72474fb945e84cfed9946d 0b0464ddfc72474fb945e84cfed9946d] 199.204.45.144 "GET /allocations/c5ec0d71-62f6-4f4c-a5d1-b815bb5c6e1d" status: 200 len: 257 microversion: 1.28 [pid: 8|app: 0|req: 295/591] 199.204.45.144 () {34 vars in 863 bytes} [Wed Jun 24 02:00:53 2026] GET /allocations/c5ec0d71-62f6-4f4c-a5d1-b815bb5c6e1d => generated 257 bytes in 16 msecs (HTTP/1.1 200) 8 headers in 296 bytes (1 switches on core 0)
2026-06-24 02:00:53.620 7 INFO placement.requestlog [req-bc7c6d33-0441-4821-9f0e-c06c9b8b570a req-b812047b-22ac-477a-8075-a801792ed418 17739db8e4f249c7a394479befb1520b b4b905b31e9b4472b08b07c064cad9d0 - - 0b0464ddfc72474fb945e84cfed9946d 0b0464ddfc72474fb945e84cfed9946d] 199.204.45.144 "GET /allocations/b211c72b-a571-406f-8f67-4508570cd497" status: 200 len: 257 microversion: 1.28 [pid: 7|app: 0|req: 297/592] 199.204.45.144 () {34 vars in 863 bytes} [Wed Jun 24 02:00:53 2026] GET /allocations/b211c72b-a571-406f-8f67-4508570cd497 => generated 257 bytes in 15 msecs (HTTP/1.1 200) 8 headers in 296 bytes (1 switches on core 0)
2026-06-24 02:00:56.503 8 INFO placement.requestlog [None req-d876e3a6-15e3-4e28-8ab8-f7e4189f0134 - - - - - -] 10.0.0.227 "GET /" status: 200 len: 136 microversion: 1.0
2026-06-24 02:00:56.503 7 INFO placement.requestlog [None req-db357f77-a253-44de-a5a9-6d8e704abace - - - - - -] 10.0.0.227 "GET /" status: 200 len: 136 microversion: 1.0
2026-06-24 02:01:06.503 8 INFO placement.requestlog [None req-72c51c64-1cfe-4bb3-a880-9a3f73fbb94c - - - - - -] 10.0.0.227 "GET /" status: 200 len: 136 microversion: 1.0
2026-06-24 02:01:06.504 7 INFO placement.requestlog [None req-b8c5abfa-37cc-4f4d-a965-e8d0123e35db - - - - - -] 10.0.0.227 "GET /" status: 200 len: 136 microversion: 1.0
2026-06-24 02:01:07.784 8 INFO placement.requestlog [req-8e879660-90ae-40e2-94dc-8d63b2efe304 req-6f8f1b0b-2c3d-40ec-94d2-7293cb3e81a0 17739db8e4f249c7a394479befb1520b b4b905b31e9b4472b08b07c064cad9d0 - - 0b0464ddfc72474fb945e84cfed9946d 0b0464ddfc72474fb945e84cfed9946d] 10.0.0.4 "GET /allocation_candidates?limit=1000&resources=MEMORY_MB%3A512%2CVCPU%3A1&root_required=%21COMPUTE_STATUS_DISABLED" status: 200 len: 2431 microversion: 1.36 [pid: 8|app: 0|req: 298/597] 10.0.0.4 () {34 vars in 982 bytes} [Wed Jun 24 02:01:07 2026] GET /allocation_candidates?limit=1000&resources=MEMORY_MB%3A512%2CVCPU%3A1&root_required=%21COMPUTE_STATUS_DISABLED => generated 2431 bytes in 49 msecs (HTTP/1.1 200) 8 headers in 297 bytes (1 switches on core 0)
2026-06-24 02:01:07.813 7 INFO placement.requestlog [req-8e879660-90ae-40e2-94dc-8d63b2efe304 req-80ea69df-535f-402f-8188-3c27a1c83def 17739db8e4f249c7a394479befb1520b b4b905b31e9b4472b08b07c064cad9d0 - - 0b0464ddfc72474fb945e84cfed9946d 0b0464ddfc72474fb945e84cfed9946d] 10.0.0.4 "GET /allocations/cebe7a0b-cb94-47ec-a22a-79213a2fe141" status: 200 len: 19 microversion: 1.28 [pid: 7|app: 0|req: 300/598] 10.0.0.4 () {34 vars in 859 bytes} [Wed Jun 24 02:01:07 2026] GET /allocations/cebe7a0b-cb94-47ec-a22a-79213a2fe141 => generated 19 bytes in 8 msecs (HTTP/1.1 200) 8 headers in 295 bytes (1 switches on core 0)
2026-06-24 02:01:07.892 8 INFO placement.requestlog [req-8e879660-90ae-40e2-94dc-8d63b2efe304 req-505648ef-a05a-4f45-a62b-204e2ca60958 17739db8e4f249c7a394479befb1520b b4b905b31e9b4472b08b07c064cad9d0 - - 0b0464ddfc72474fb945e84cfed9946d 0b0464ddfc72474fb945e84cfed9946d] 10.0.0.4 "PUT /allocations/cebe7a0b-cb94-47ec-a22a-79213a2fe141" status: 204 len: 0 microversion: 1.36 [pid: 8|app: 0|req: 299/599] 10.0.0.4 () {38 vars in 912 bytes} [Wed Jun 24 02:01:07 2026] PUT /allocations/cebe7a0b-cb94-47ec-a22a-79213a2fe141 => generated 0 bytes in 73 msecs (HTTP/1.1 204) 5 headers in 199 bytes (1 switches on core 0)
2026-06-24 02:01:09.363 7 INFO placement.requestlog [req-8e879660-90ae-40e2-94dc-8d63b2efe304 req-7175d654-e8d8-45e0-9aa2-c338c6feda97 17739db8e4f249c7a394479befb1520b b4b905b31e9b4472b08b07c064cad9d0 - - 0b0464ddfc72474fb945e84cfed9946d 0b0464ddfc72474fb945e84cfed9946d] 199.204.45.144 "GET /allocations/cebe7a0b-cb94-47ec-a22a-79213a2fe141" status: 200 len: 243 microversion: 1.28 [pid: 7|app: 0|req: 301/600] 199.204.45.144 () {34 vars in 863 bytes} [Wed Jun 24 02:01:09 2026] GET /allocations/cebe7a0b-cb94-47ec-a22a-79213a2fe141 => generated 243 bytes in 10 msecs (HTTP/1.1 200) 8 headers in 296 bytes (1 switches on core 0)
2026-06-24 02:01:10.400 8 INFO placement.requestlog [req-8e879660-90ae-40e2-94dc-8d63b2efe304 req-eac634df-4034-4bc6-a7e2-b7c4e86c2a7f 17739db8e4f249c7a394479befb1520b b4b905b31e9b4472b08b07c064cad9d0 - - 0b0464ddfc72474fb945e84cfed9946d 0b0464ddfc72474fb945e84cfed9946d] 199.204.45.144 "GET /resource_providers/1485773a-5a07-4bed-9313-765f15be5884/allocations" status: 200 len: 338 microversion: 1.0 [pid: 8|app: 0|req: 300/601] 199.204.45.144 () {32 vars in 857 bytes} [Wed Jun 24 02:01:10 2026] GET /resource_providers/1485773a-5a07-4bed-9313-765f15be5884/allocations => generated 338 bytes in 15 msecs (HTTP/1.1 200) 6 headers in 224 bytes (1 switches on core 0)
2026-06-24 02:01:10.417 7 INFO placement.requestlog [req-8e879660-90ae-40e2-94dc-8d63b2efe304 req-34aeb85a-01e9-4c10-bd8a-08d8bac8255a 17739db8e4f249c7a394479befb1520b b4b905b31e9b4472b08b07c064cad9d0 - - 0b0464ddfc72474fb945e84cfed9946d 0b0464ddfc72474fb945e84cfed9946d] 199.204.45.144 "GET /allocations/c5ec0d71-62f6-4f4c-a5d1-b815bb5c6e1d" status: 200 len: 257 microversion: 1.28 [pid: 7|app: 0|req: 302/602] 199.204.45.144 () {34 vars in 863 bytes} [Wed Jun 24 02:01:10 2026] GET /allocations/c5ec0d71-62f6-4f4c-a5d1-b815bb5c6e1d => generated 257 bytes in 13 msecs (HTTP/1.1 200) 8 headers in 296 bytes (1 switches on core 0)
2026-06-24 02:01:10.429 8 INFO placement.requestlog [req-8e879660-90ae-40e2-94dc-8d63b2efe304 req-656c1995-0471-4ac6-bfae-a817f0f4a065 17739db8e4f249c7a394479befb1520b b4b905b31e9b4472b08b07c064cad9d0 - - 0b0464ddfc72474fb945e84cfed9946d 0b0464ddfc72474fb945e84cfed9946d] 199.204.45.144 "GET /allocations/cebe7a0b-cb94-47ec-a22a-79213a2fe141" status: 200 len: 243 microversion: 1.28 [pid: 8|app: 0|req: 301/603] 199.204.45.144 () {34 vars in 863 bytes} [Wed Jun 24 02:01:10 2026] GET /allocations/cebe7a0b-cb94-47ec-a22a-79213a2fe141 => generated 243 bytes in 7 msecs (HTTP/1.1 200) 8 headers in 296 bytes (1 switches on core 0)
2026-06-24 02:01:10.450 7 INFO placement.requestlog [req-8e879660-90ae-40e2-94dc-8d63b2efe304 req-f52fd178-c582-4d47-b0e3-77ffcf77b8ad 17739db8e4f249c7a394479befb1520b b4b905b31e9b4472b08b07c064cad9d0 - - 0b0464ddfc72474fb945e84cfed9946d 0b0464ddfc72474fb945e84cfed9946d] 199.204.45.144 "GET /allocations/b211c72b-a571-406f-8f67-4508570cd497" status: 200 len: 257 microversion: 1.28 [pid: 7|app: 0|req: 303/604] 199.204.45.144 () {34 vars in 863 bytes} [Wed Jun 24 02:01:10 2026] GET /allocations/b211c72b-a571-406f-8f67-4508570cd497 => generated 257 bytes in 14 msecs (HTTP/1.1 200) 8 headers in 296 bytes (1 switches on core 0)
2026-06-24 02:01:11.489 8 INFO placement.requestlog [req-d8ee4752-aeea-4c8d-91d3-5ae038a7dd78 req-9ff88e13-a4ac-4e4e-8ebb-24f72d84e2f3 17739db8e4f249c7a394479befb1520b b4b905b31e9b4472b08b07c064cad9d0 - - 0b0464ddfc72474fb945e84cfed9946d 0b0464ddfc72474fb945e84cfed9946d] 199.204.45.144 "GET /resource_providers/1485773a-5a07-4bed-9313-765f15be5884/allocations" status: 200 len: 338 microversion: 1.0 [pid: 8|app: 0|req: 302/605] 199.204.45.144 () {32 vars in 857 bytes} [Wed Jun 24 02:01:11 2026] GET /resource_providers/1485773a-5a07-4bed-9313-765f15be5884/allocations => generated 338 bytes in 12 msecs (HTTP/1.1 200) 6 headers in 224 bytes (1 switches on core 0)
2026-06-24 02:01:11.504 7 INFO placement.requestlog [req-d8ee4752-aeea-4c8d-91d3-5ae038a7dd78 req-fe85fd0f-35fd-4349-abb7-19edcd974581 17739db8e4f249c7a394479befb1520b b4b905b31e9b4472b08b07c064cad9d0 - - 0b0464ddfc72474fb945e84cfed9946d 0b0464ddfc72474fb945e84cfed9946d] 199.204.45.144 "GET /allocations/c5ec0d71-62f6-4f4c-a5d1-b815bb5c6e1d" status: 200 len: 257 microversion: 1.28 [pid: 7|app: 0|req: 304/606] 199.204.45.144 () {34 vars in 863 bytes} [Wed Jun 24 02:01:11 2026] GET /allocations/c5ec0d71-62f6-4f4c-a5d1-b815bb5c6e1d => generated 257 bytes in 11 msecs (HTTP/1.1 200) 8 headers in 296 bytes (1 switches on core 0)
2026-06-24 02:01:11.522 8 INFO placement.requestlog [req-d8ee4752-aeea-4c8d-91d3-5ae038a7dd78 req-d4569227-e98d-48c4-a631-94c910fdf7d0 17739db8e4f249c7a394479befb1520b b4b905b31e9b4472b08b07c064cad9d0 - - 0b0464ddfc72474fb945e84cfed9946d 0b0464ddfc72474fb945e84cfed9946d] 199.204.45.144 "GET /allocations/cebe7a0b-cb94-47ec-a22a-79213a2fe141" status: 200 len: 243 microversion: 1.28 [pid: 8|app: 0|req: 303/607] 199.204.45.144 () {34 vars in 863 bytes} [Wed Jun 24 02:01:11 2026] GET /allocations/cebe7a0b-cb94-47ec-a22a-79213a2fe141 => generated 243 bytes in 11 msecs (HTTP/1.1 200) 8 headers in 296 bytes (1 switches on core 0)
2026-06-24 02:01:11.538 7 INFO placement.requestlog [req-d8ee4752-aeea-4c8d-91d3-5ae038a7dd78 req-18f5dfc7-0688-45ae-aa6a-bb9f796fb304 17739db8e4f249c7a394479befb1520b b4b905b31e9b4472b08b07c064cad9d0 - - 0b0464ddfc72474fb945e84cfed9946d 0b0464ddfc72474fb945e84cfed9946d] 199.204.45.144 "GET /allocations/b211c72b-a571-406f-8f67-4508570cd497" status: 200 len: 257 microversion: 1.28 [pid: 7|app: 0|req: 305/608] 199.204.45.144 () {34 vars in 863 bytes} [Wed Jun 24 02:01:11 2026] GET /allocations/b211c72b-a571-406f-8f67-4508570cd497 => generated 257 bytes in 12 msecs (HTTP/1.1 200) 8 headers in 296 bytes (1 switches on core 0)
2026-06-24 02:01:12.584 8 INFO placement.requestlog [req-d8ee4752-aeea-4c8d-91d3-5ae038a7dd78 req-6083f442-90f9-488d-be18-466b4220b1d6 17739db8e4f249c7a394479befb1520b b4b905b31e9b4472b08b07c064cad9d0 - - 0b0464ddfc72474fb945e84cfed9946d 0b0464ddfc72474fb945e84cfed9946d] 199.204.45.144 "DELETE /allocations/b211c72b-a571-406f-8f67-4508570cd497" status: 204 len: 0 microversion: 1.0 [pid: 8|app: 0|req: 304/609] 199.204.45.144 () {34 vars in 841 bytes} [Wed Jun 24 02:01:12 2026] DELETE /allocations/b211c72b-a571-406f-8f67-4508570cd497 => generated 0 bytes in 24 msecs (HTTP/1.1 204) 5 headers in 198 bytes (1 switches on core 0)
2026-06-24 02:01:16.502 8 INFO placement.requestlog [None req-c7aadd62-6bc8-4ec0-b85f-c2aefa15e257 - - - - - -] 10.0.0.227 "GET /" status: 200 len: 136 microversion: 1.0
2026-06-24 02:01:16.502 7 INFO placement.requestlog [None req-586f2875-618a-4b95-a86b-f25f92950316 - - - - - -] 10.0.0.227 "GET /" status: 200 len: 136 microversion: 1.0
2026-06-24 02:01:16.658 8 INFO placement.requestlog [None req-fae05c30-a724-4abc-b50d-9f5c516e925c f3ddcafa77db4592978cd91d5032f545 b4b905b31e9b4472b08b07c064cad9d0 - - 0b0464ddfc72474fb945e84cfed9946d 0b0464ddfc72474fb945e84cfed9946d] 10.0.0.62 "GET /resource_providers/0ad7d6cb-9698-4114-bc19-8b974aa579ec/aggregates" status: 404 len: 235 microversion: 1.1 [pid: 8|app: 0|req: 306/612] 10.0.0.62 () {32 vars in 815 bytes} [Wed Jun 24 02:01:16 2026] GET /resource_providers/0ad7d6cb-9698-4114-bc19-8b974aa579ec/aggregates => generated 235 bytes in 8 msecs (HTTP/1.1 404) 5 headers in 202 bytes (1 switches on core 0)
2026-06-24 02:01:16.665 7 INFO placement.requestlog [None req-c99e595f-e879-42b6-aa08-835d0a271ea2 f3ddcafa77db4592978cd91d5032f545 b4b905b31e9b4472b08b07c064cad9d0 - - 0b0464ddfc72474fb945e84cfed9946d 0b0464ddfc72474fb945e84cfed9946d] 10.0.0.62 "GET /resource_providers/0ad7d6cb-9698-4114-bc19-8b974aa579ec/aggregates" status: 404 len: 235 microversion: 1.1 [pid: 7|app: 0|req: 307/613] 10.0.0.62 () {32 vars in 815 bytes} [Wed Jun 24 02:01:16 2026] GET /resource_providers/0ad7d6cb-9698-4114-bc19-8b974aa579ec/aggregates => generated 235 bytes in 14 msecs (HTTP/1.1 404) 5 headers in 202 bytes (1 switches on core 0)
2026-06-24 02:01:16.678 7 INFO placement.requestlog [None req-fb3a4d90-3b92-4b43-a12f-4a41bd4375d3 f3ddcafa77db4592978cd91d5032f545 b4b905b31e9b4472b08b07c064cad9d0 - - 0b0464ddfc72474fb945e84cfed9946d 0b0464ddfc72474fb945e84cfed9946d] 10.0.0.62 "DELETE /resource_providers/0ad7d6cb-9698-4114-bc19-8b974aa579ec" status: 404 len: 246 microversion: 1.1 [pid: 7|app: 0|req: 308/614] 10.0.0.62 () {34 vars in 815 bytes} [Wed Jun 24 02:01:16 2026] DELETE /resource_providers/0ad7d6cb-9698-4114-bc19-8b974aa579ec => generated 246 bytes in 7 msecs (HTTP/1.1 404) 6 headers in 231 bytes (1 switches on core 0)
2026-06-24 02:01:16.680 8 INFO placement.requestlog [None req-31e32d2f-6f2e-43ae-93cc-91efaccd0932 f3ddcafa77db4592978cd91d5032f545 b4b905b31e9b4472b08b07c064cad9d0 - - 0b0464ddfc72474fb945e84cfed9946d 0b0464ddfc72474fb945e84cfed9946d] 10.0.0.62 "DELETE /resource_providers/0ad7d6cb-9698-4114-bc19-8b974aa579ec" status: 404 len: 246 microversion: 1.1 [pid: 8|app: 0|req: 307/615] 10.0.0.62 () {34 vars in 815 bytes} [Wed Jun 24 02:01:16 2026] DELETE /resource_providers/0ad7d6cb-9698-4114-bc19-8b974aa579ec => generated 246 bytes in 12 msecs (HTTP/1.1 404) 6 headers in 231 bytes (1 switches on core 0)
2026-06-24 02:01:18.648 7 INFO placement.requestlog [None req-58390ca8-41dd-4ae7-a052-56c909d4f90c f3ddcafa77db4592978cd91d5032f545 b4b905b31e9b4472b08b07c064cad9d0 - - 0b0464ddfc72474fb945e84cfed9946d 0b0464ddfc72474fb945e84cfed9946d] 10.0.0.62 "GET /resource_providers/bb498038-3551-4981-9956-0ebee4940a19/aggregates" status: 404 len: 235 microversion: 1.1 [pid: 7|app: 0|req: 309/616] 10.0.0.62 () {32 vars in 815 bytes} [Wed Jun 24 02:01:18 2026] GET /resource_providers/bb498038-3551-4981-9956-0ebee4940a19/aggregates => generated 235 bytes in 128 msecs (HTTP/1.1 404) 5 headers in 202 bytes (1 switches on core 0)
2026-06-24 02:01:18.675 7 INFO placement.requestlog [None req-daeda387-e935-4284-8f87-4ac0d8d8b110 f3ddcafa77db4592978cd91d5032f545 b4b905b31e9b4472b08b07c064cad9d0 - - 0b0464ddfc72474fb945e84cfed9946d 0b0464ddfc72474fb945e84cfed9946d] 10.0.0.62 "DELETE /resource_providers/bb498038-3551-4981-9956-0ebee4940a19" status: 404 len: 246 microversion: 1.1 [pid: 7|app: 0|req: 310/617] 10.0.0.62 () {34 vars in 815 bytes} [Wed Jun 24 02:01:18 2026] DELETE /resource_providers/bb498038-3551-4981-9956-0ebee4940a19 => generated 246 bytes in 12 msecs (HTTP/1.1 404) 6 headers in 231 bytes (1 switches on core 0)
2026-06-24 02:01:18.681 8 INFO placement.requestlog [None req-0307e67e-deef-4227-87c2-c1a1f9c72c43 f3ddcafa77db4592978cd91d5032f545 b4b905b31e9b4472b08b07c064cad9d0 - - 0b0464ddfc72474fb945e84cfed9946d 0b0464ddfc72474fb945e84cfed9946d] 10.0.0.62 "GET /resource_providers/bb498038-3551-4981-9956-0ebee4940a19/aggregates" status: 404 len: 235 microversion: 1.1 [pid: 8|app: 0|req: 308/618] 10.0.0.62 () {32 vars in 815 bytes} [Wed Jun 24 02:01:18 2026] GET /resource_providers/bb498038-3551-4981-9956-0ebee4940a19/aggregates => generated 235 bytes in 152 msecs (HTTP/1.1 404) 5 headers in 202 bytes (1 switches on core 0)
2026-06-24 02:01:18.697 7 INFO placement.requestlog [None req-75789be4-768e-49c6-9e90-9565b4341999 f3ddcafa77db4592978cd91d5032f545 b4b905b31e9b4472b08b07c064cad9d0 - - 0b0464ddfc72474fb945e84cfed9946d 0b0464ddfc72474fb945e84cfed9946d] 10.0.0.62 "GET /resource_providers/8a3463e5-aa3d-46b1-88f1-e1c6b0ebe219/aggregates" status: 404 len: 235 microversion: 1.1 [pid: 7|app: 0|req: 311/619] 10.0.0.62 () {32 vars in 815 bytes} [Wed Jun 24 02:01:18 2026] GET /resource_providers/8a3463e5-aa3d-46b1-88f1-e1c6b0ebe219/aggregates => generated 235 bytes in 9 msecs (HTTP/1.1 404) 5 headers in 202 bytes (1 switches on core 0)
2026-06-24 02:01:18.705 7 INFO placement.requestlog [None req-28504577-d712-4765-9d16-b9011de8f582 f3ddcafa77db4592978cd91d5032f545 b4b905b31e9b4472b08b07c064cad9d0 - - 0b0464ddfc72474fb945e84cfed9946d 0b0464ddfc72474fb945e84cfed9946d] 10.0.0.62 "DELETE /resource_providers/bb498038-3551-4981-9956-0ebee4940a19" status: 404 len: 246 microversion: 1.1 [pid: 7|app: 0|req: 312/620] 10.0.0.62 () {34 vars in 815 bytes} [Wed Jun 24 02:01:18 2026] DELETE /resource_providers/bb498038-3551-4981-9956-0ebee4940a19 => generated 246 bytes in 7 msecs (HTTP/1.1 404) 6 headers in 231 bytes (1 switches on core 0)
2026-06-24 02:01:18.710 8 INFO placement.requestlog [None req-64c02ef7-1bb3-4ef4-8708-d55eaac7f64e f3ddcafa77db4592978cd91d5032f545 b4b905b31e9b4472b08b07c064cad9d0 - - 0b0464ddfc72474fb945e84cfed9946d 0b0464ddfc72474fb945e84cfed9946d] 10.0.0.62 "GET /resource_providers/8a3463e5-aa3d-46b1-88f1-e1c6b0ebe219/aggregates" status: 404 len: 235 microversion: 1.1 [pid: 8|app: 0|req: 309/621] 10.0.0.62 () {32 vars in 815 bytes} [Wed Jun 24 02:01:18 2026] GET /resource_providers/8a3463e5-aa3d-46b1-88f1-e1c6b0ebe219/aggregates => generated 235 bytes in 18 msecs (HTTP/1.1 404) 5 headers in 202 bytes (1 switches on core 0)
2026-06-24 02:01:18.725 7 INFO placement.requestlog [None req-d3908311-0b0d-494a-820a-f3e02e9c65da f3ddcafa77db4592978cd91d5032f545 b4b905b31e9b4472b08b07c064cad9d0 - - 0b0464ddfc72474fb945e84cfed9946d 0b0464ddfc72474fb945e84cfed9946d] 10.0.0.62 "DELETE /resource_providers/8a3463e5-aa3d-46b1-88f1-e1c6b0ebe219" status: 404 len: 246 microversion: 1.1 [pid: 7|app: 0|req: 313/622] 10.0.0.62 () {34 vars in 815 bytes} [Wed Jun 24 02:01:18 2026] DELETE /resource_providers/8a3463e5-aa3d-46b1-88f1-e1c6b0ebe219 => generated 246 bytes in 11 msecs (HTTP/1.1 404) 6 headers in 231 bytes (1 switches on core 0)
2026-06-24 02:01:18.728 8 INFO placement.requestlog [None req-a5661237-afa6-4584-820f-723785ee2e47 f3ddcafa77db4592978cd91d5032f545 b4b905b31e9b4472b08b07c064cad9d0 - - 0b0464ddfc72474fb945e84cfed9946d 0b0464ddfc72474fb945e84cfed9946d] 10.0.0.62 "DELETE /resource_providers/8a3463e5-aa3d-46b1-88f1-e1c6b0ebe219" status: 404 len: 246 microversion: 1.1 [pid: 8|app: 0|req: 310/623] 10.0.0.62 () {34 vars in 815 bytes} [Wed Jun 24 02:01:18 2026] DELETE /resource_providers/8a3463e5-aa3d-46b1-88f1-e1c6b0ebe219 => generated 246 bytes in 7 msecs (HTTP/1.1 404) 6 headers in 231 bytes (1 switches on core 0)
2026-06-24 02:01:22.425 7 INFO placement.requestlog [req-1ca0f8eb-d1b9-4c0b-9e4a-3b64104512e5 req-8454a104-59c1-4853-afef-2f3ee81a0cd3 17739db8e4f249c7a394479befb1520b b4b905b31e9b4472b08b07c064cad9d0 - - 0b0464ddfc72474fb945e84cfed9946d 0b0464ddfc72474fb945e84cfed9946d] 199.204.45.144 "GET /resource_providers/1485773a-5a07-4bed-9313-765f15be5884/allocations" status: 200 len: 238 microversion: 1.0 [pid: 7|app: 0|req: 314/624] 199.204.45.144 () {32 vars in 857 bytes} [Wed Jun 24 02:01:22 2026] GET /resource_providers/1485773a-5a07-4bed-9313-765f15be5884/allocations => generated 238 bytes in 48 msecs (HTTP/1.1 200) 6 headers in 224 bytes (1 switches on core 0)
2026-06-24 02:01:22.466 8 INFO placement.requestlog [req-1ca0f8eb-d1b9-4c0b-9e4a-3b64104512e5 req-c346706d-8b4f-4f9c-8277-763103dae1c3 17739db8e4f249c7a394479befb1520b b4b905b31e9b4472b08b07c064cad9d0 - - 0b0464ddfc72474fb945e84cfed9946d 0b0464ddfc72474fb945e84cfed9946d] 199.204.45.144 "GET /resource_providers?in_tree=1485773a-5a07-4bed-9313-765f15be5884" status: 200 len: 797 microversion: 1.14 [pid: 8|app: 0|req: 311/625] 199.204.45.144 () {34 vars in 892 bytes} [Wed Jun 24 02:01:22 2026] GET /resource_providers?in_tree=1485773a-5a07-4bed-9313-765f15be5884 => generated 797 bytes in 34 msecs (HTTP/1.1 200) 6 headers in 225 bytes (1 switches on core 0)
2026-06-24 02:01:22.484 7 INFO placement.requestlog [req-1ca0f8eb-d1b9-4c0b-9e4a-3b64104512e5 req-33a9aa2c-00c5-4525-8b83-50e80d93e5c6 17739db8e4f249c7a394479befb1520b b4b905b31e9b4472b08b07c064cad9d0 - - 0b0464ddfc72474fb945e84cfed9946d 0b0464ddfc72474fb945e84cfed9946d] 199.204.45.144 "GET /resource_providers/1485773a-5a07-4bed-9313-765f15be5884/inventories" status: 200 len: 400 microversion: 1.0 [pid: 7|app: 0|req: 315/626] 199.204.45.144 () {32 vars in 857 bytes} [Wed Jun 24 02:01:22 2026] GET /resource_providers/1485773a-5a07-4bed-9313-765f15be5884/inventories => generated 400 bytes in 13 msecs (HTTP/1.1 200) 6 headers in 224 bytes (1 switches on core 0)
2026-06-24 02:01:22.507 8 INFO placement.requestlog [req-1ca0f8eb-d1b9-4c0b-9e4a-3b64104512e5 req-a820f396-8390-4a19-bd23-158ee3935373 17739db8e4f249c7a394479befb1520b b4b905b31e9b4472b08b07c064cad9d0 - - 0b0464ddfc72474fb945e84cfed9946d 0b0464ddfc72474fb945e84cfed9946d] 199.204.45.144 "GET /resource_providers/1485773a-5a07-4bed-9313-765f15be5884/aggregates" status: 200 len: 53 microversion: 1.19 [pid: 8|app: 0|req: 312/627] 199.204.45.144 () {34 vars in 899 bytes} [Wed Jun 24 02:01:22 2026] GET /resource_providers/1485773a-5a07-4bed-9313-765f15be5884/aggregates => generated 53 bytes in 13 msecs (HTTP/1.1 200) 8 headers in 295 bytes (1 switches on core 0)
2026-06-24 02:01:22.534 7 INFO placement.requestlog [req-1ca0f8eb-d1b9-4c0b-9e4a-3b64104512e5 req-eb1432ee-06a6-4863-86ff-96279f1ca29d 17739db8e4f249c7a394479befb1520b b4b905b31e9b4472b08b07c064cad9d0 - - 0b0464ddfc72474fb945e84cfed9946d 0b0464ddfc72474fb945e84cfed9946d] 199.204.45.144 "GET /resource_providers/1485773a-5a07-4bed-9313-765f15be5884/traits" status: 200 len: 1977 microversion: 1.6 [pid: 7|app: 0|req: 316/628] 199.204.45.144 () {34 vars in 890 bytes} [Wed Jun 24 02:01:22 2026] GET /resource_providers/1485773a-5a07-4bed-9313-765f15be5884/traits => generated 1977 bytes in 18 msecs (HTTP/1.1 200) 6 headers in 225 bytes (1 switches on core 0)
2026-06-24 02:01:22.567 8 INFO placement.requestlog [req-1ca0f8eb-d1b9-4c0b-9e4a-3b64104512e5 req-4c0d6bb8-c677-4f37-8432-d00781af4424 17739db8e4f249c7a394479befb1520b b4b905b31e9b4472b08b07c064cad9d0 - - 0b0464ddfc72474fb945e84cfed9946d 0b0464ddfc72474fb945e84cfed9946d] 199.204.45.144 "GET /resource_providers/1485773a-5a07-4bed-9313-765f15be5884/allocations" status: 200 len: 238 microversion: 1.0 [pid: 8|app: 0|req: 313/629] 199.204.45.144 () {32 vars in 857 bytes} [Wed Jun 24 02:01:22 2026] GET /resource_providers/1485773a-5a07-4bed-9313-765f15be5884/allocations => generated 238 bytes in 18 msecs (HTTP/1.1 200) 6 headers in 224 bytes (1 switches on core 0)
2026-06-24 02:01:22.595 7 INFO placement.requestlog [req-1ca0f8eb-d1b9-4c0b-9e4a-3b64104512e5 req-f77b7d04-40d2-44c7-89ec-01b1595e3db5 17739db8e4f249c7a394479befb1520b b4b905b31e9b4472b08b07c064cad9d0 - - 0b0464ddfc72474fb945e84cfed9946d 0b0464ddfc72474fb945e84cfed9946d] 199.204.45.144 "GET /allocations/c5ec0d71-62f6-4f4c-a5d1-b815bb5c6e1d" status: 200 len: 257 microversion: 1.28 [pid: 7|app: 0|req: 317/630] 199.204.45.144 () {34 vars in 863 bytes} [Wed Jun 24 02:01:22 2026] GET /allocations/c5ec0d71-62f6-4f4c-a5d1-b815bb5c6e1d => generated 257 bytes in 21 msecs (HTTP/1.1 200) 8 headers in 296 bytes (1 switches on core 0)
2026-06-24 02:01:22.615 8 INFO placement.requestlog [req-1ca0f8eb-d1b9-4c0b-9e4a-3b64104512e5 req-b77b8195-66ec-4d03-b11a-b6438ab7efda 17739db8e4f249c7a394479befb1520b b4b905b31e9b4472b08b07c064cad9d0 - - 0b0464ddfc72474fb945e84cfed9946d 0b0464ddfc72474fb945e84cfed9946d] 199.204.45.144 "GET /allocations/cebe7a0b-cb94-47ec-a22a-79213a2fe141" status: 200 len: 243 microversion: 1.28 [pid: 8|app: 0|req: 314/631] 199.204.45.144 () {34 vars in 863 bytes} [Wed Jun 24 02:01:22 2026] GET /allocations/cebe7a0b-cb94-47ec-a22a-79213a2fe141 => generated 243 bytes in 15 msecs (HTTP/1.1 200) 8 headers in 296 bytes (1 switches on core 0)
2026-06-24 02:01:26.502 8 INFO placement.requestlog [None req-56b57335-afa4-4b75-83ca-445d22319c26 - - - - - -] 10.0.0.227 "GET /" status: 200 len: 136 microversion: 1.0
2026-06-24 02:01:26.503 7 INFO placement.requestlog [None req-daf727b0-1816-4dee-b967-f8660979f1e0 - - - - - -] 10.0.0.227 "GET /" status: 200 len: 136 microversion: 1.0
2026-06-24 02:01:26.621 8 INFO placement.requestlog [None req-c4259023-ce86-4228-81b9-4634551aa0a5 f3ddcafa77db4592978cd91d5032f545 b4b905b31e9b4472b08b07c064cad9d0 - - 0b0464ddfc72474fb945e84cfed9946d 0b0464ddfc72474fb945e84cfed9946d] 10.0.0.62 "GET /resource_providers/c397671f-fbf0-4e3e-8c59-4e69604ce358/aggregates" status: 404 len: 235 microversion: 1.1 [pid: 8|app: 0|req: 316/634] 10.0.0.62 () {32 vars in 815 bytes} [Wed Jun 24 02:01:26 2026] GET /resource_providers/c397671f-fbf0-4e3e-8c59-4e69604ce358/aggregates => generated 235 bytes in 10 msecs (HTTP/1.1 404) 5 headers in 202 bytes (1 switches on core 0)
2026-06-24 02:01:26.624 7 INFO placement.requestlog [None req-30469779-aded-4608-ba20-795f5f9114a7 f3ddcafa77db4592978cd91d5032f545 b4b905b31e9b4472b08b07c064cad9d0 - - 0b0464ddfc72474fb945e84cfed9946d 0b0464ddfc72474fb945e84cfed9946d] 10.0.0.62 "GET /resource_providers/c397671f-fbf0-4e3e-8c59-4e69604ce358/aggregates" status: 404 len: 235 microversion: 1.1 [pid: 7|app: 0|req: 319/635] 10.0.0.62 () {32 vars in 815 bytes} [Wed Jun 24 02:01:26 2026] GET /resource_providers/c397671f-fbf0-4e3e-8c59-4e69604ce358/aggregates => generated 235 bytes in 13 msecs (HTTP/1.1 404) 5 headers in 202 bytes (1 switches on core 0)
2026-06-24 02:01:26.652 8 INFO placement.requestlog [None req-1dea7e6b-a508-4807-a826-73bf1a37f7ac f3ddcafa77db4592978cd91d5032f545 b4b905b31e9b4472b08b07c064cad9d0 - - 0b0464ddfc72474fb945e84cfed9946d 0b0464ddfc72474fb945e84cfed9946d] 10.0.0.62 "DELETE /resource_providers/c397671f-fbf0-4e3e-8c59-4e69604ce358" status: 404 len: 246 microversion: 1.1 [pid: 8|app: 0|req: 317/636] 10.0.0.62 () {34 vars in 815 bytes} [Wed Jun 24 02:01:26 2026] DELETE /resource_providers/c397671f-fbf0-4e3e-8c59-4e69604ce358 => generated 246 bytes in 13 msecs (HTTP/1.1 404) 6 headers in 231 bytes (1 switches on core 0)
2026-06-24 02:01:26.659 7 INFO placement.requestlog [None req-7e457c6d-7bdd-4776-b929-14b1c7d4a3b5 f3ddcafa77db4592978cd91d5032f545 b4b905b31e9b4472b08b07c064cad9d0 - - 0b0464ddfc72474fb945e84cfed9946d 0b0464ddfc72474fb945e84cfed9946d] 10.0.0.62 "DELETE /resource_providers/c397671f-fbf0-4e3e-8c59-4e69604ce358" status: 404 len: 246 microversion: 1.1 [pid: 7|app: 0|req: 320/637] 10.0.0.62 () {34 vars in 815 bytes} [Wed Jun 24 02:01:26 2026] DELETE /resource_providers/c397671f-fbf0-4e3e-8c59-4e69604ce358 => generated 246 bytes in 21 msecs (HTTP/1.1 404) 6 headers in 231 bytes (1 switches on core 0)
2026-06-24 02:01:27.686 7 INFO placement.requestlog [None req-a8fa35aa-fae4-4131-bd4f-af23e489fd71 f3ddcafa77db4592978cd91d5032f545 b4b905b31e9b4472b08b07c064cad9d0 - - 0b0464ddfc72474fb945e84cfed9946d 0b0464ddfc72474fb945e84cfed9946d] 10.0.0.62 "GET /resource_providers/305f286e-44f5-497f-8c64-e28bd4ee5166/aggregates" status: 404 len: 235 microversion: 1.1 [pid: 7|app: 0|req: 321/638] 10.0.0.62 () {32 vars in 815 bytes} [Wed Jun 24 02:01:27 2026] GET /resource_providers/305f286e-44f5-497f-8c64-e28bd4ee5166/aggregates => generated 235 bytes in 10 msecs (HTTP/1.1 404) 5 headers in 202 bytes (1 switches on core 0)
2026-06-24 02:01:27.688 8 INFO placement.requestlog [None req-dcfab23d-e2a6-45b3-ad5a-06bdb02c57e0 f3ddcafa77db4592978cd91d5032f545 b4b905b31e9b4472b08b07c064cad9d0 - - 0b0464ddfc72474fb945e84cfed9946d 0b0464ddfc72474fb945e84cfed9946d] 10.0.0.62 "GET /resource_providers/305f286e-44f5-497f-8c64-e28bd4ee5166/aggregates" status: 404 len: 235 microversion: 1.1 [pid: 8|app: 0|req: 318/639] 10.0.0.62 () {32 vars in 815 bytes} [Wed Jun 24 02:01:27 2026] GET /resource_providers/305f286e-44f5-497f-8c64-e28bd4ee5166/aggregates => generated 235 bytes in 12 msecs (HTTP/1.1 404) 5 headers in 202 bytes (1 switches on core 0)
2026-06-24 02:01:27.717 7 INFO placement.requestlog [None req-bff4a510-0335-47d3-a483-3a269dd9c4c8 f3ddcafa77db4592978cd91d5032f545 b4b905b31e9b4472b08b07c064cad9d0 - - 0b0464ddfc72474fb945e84cfed9946d 0b0464ddfc72474fb945e84cfed9946d] 10.0.0.62 "DELETE /resource_providers/305f286e-44f5-497f-8c64-e28bd4ee5166" status: 404 len: 246 microversion: 1.1 [pid: 7|app: 0|req: 322/640] 10.0.0.62 () {34 vars in 815 bytes} [Wed Jun 24 02:01:27 2026] DELETE /resource_providers/305f286e-44f5-497f-8c64-e28bd4ee5166 => generated 246 bytes in 9 msecs (HTTP/1.1 404) 6 headers in 231 bytes (1 switches on core 0)
2026-06-24 02:01:27.719 8 INFO placement.requestlog [None req-43c6628d-d25c-45c2-b730-9222e0ae41da f3ddcafa77db4592978cd91d5032f545 b4b905b31e9b4472b08b07c064cad9d0 - - 0b0464ddfc72474fb945e84cfed9946d 0b0464ddfc72474fb945e84cfed9946d] 10.0.0.62 "DELETE /resource_providers/305f286e-44f5-497f-8c64-e28bd4ee5166" status: 404 len: 246 microversion: 1.1 [pid: 8|app: 0|req: 319/641] 10.0.0.62 () {34 vars in 815 bytes} [Wed Jun 24 02:01:27 2026] DELETE /resource_providers/305f286e-44f5-497f-8c64-e28bd4ee5166 => generated 246 bytes in 9 msecs (HTTP/1.1 404) 6 headers in 231 bytes (1 switches on core 0)
2026-06-24 02:01:28.342 7 INFO placement.requestlog [req-90579cbc-00cb-45bc-befd-5fe0f1eebf85 req-0d442658-d95e-46e3-b3f3-0afd2364d625 17739db8e4f249c7a394479befb1520b b4b905b31e9b4472b08b07c064cad9d0 - - 0b0464ddfc72474fb945e84cfed9946d 0b0464ddfc72474fb945e84cfed9946d] 10.0.0.4 "GET /allocation_candidates?limit=1000&resources=DISK_GB%3A1%2CMEMORY_MB%3A512%2CVCPU%3A1&root_required=%21COMPUTE_STATUS_DISABLED" status: 200 len: 2445 microversion: 1.36 [pid: 7|app: 0|req: 323/642] 10.0.0.4 () {34 vars in 1010 bytes} [Wed Jun 24 02:01:28 2026] GET /allocation_candidates?limit=1000&resources=DISK_GB%3A1%2CMEMORY_MB%3A512%2CVCPU%3A1&root_required=%21COMPUTE_STATUS_DISABLED => generated 2445 bytes in 34 msecs (HTTP/1.1 200) 8 headers in 297 bytes (1 switches on core 0)
2026-06-24 02:01:28.368 8 INFO placement.requestlog [req-90579cbc-00cb-45bc-befd-5fe0f1eebf85 req-06083151-d1d2-4646-93a0-2d56bd48a375 17739db8e4f249c7a394479befb1520b b4b905b31e9b4472b08b07c064cad9d0 - - 0b0464ddfc72474fb945e84cfed9946d 0b0464ddfc72474fb945e84cfed9946d] 10.0.0.4 "GET /allocations/3d2f6614-4c79-41f6-b8f7-db0020edcd9b" status: 200 len: 19 microversion: 1.28 [pid: 8|app: 0|req: 320/643] 10.0.0.4 () {34 vars in 859 bytes} [Wed Jun 24 02:01:28 2026] GET /allocations/3d2f6614-4c79-41f6-b8f7-db0020edcd9b => generated 19 bytes in 10 msecs (HTTP/1.1 200) 8 headers in 295 bytes (1 switches on core 0)
2026-06-24 02:01:28.424 7 INFO placement.requestlog [req-90579cbc-00cb-45bc-befd-5fe0f1eebf85 req-613acd37-4c72-4f92-9e2b-0d917ce38513 17739db8e4f249c7a394479befb1520b b4b905b31e9b4472b08b07c064cad9d0 - - 0b0464ddfc72474fb945e84cfed9946d 0b0464ddfc72474fb945e84cfed9946d] 10.0.0.4 "PUT /allocations/3d2f6614-4c79-41f6-b8f7-db0020edcd9b" status: 204 len: 0 microversion: 1.36 [pid: 7|app: 0|req: 324/644] 10.0.0.4 () {38 vars in 912 bytes} [Wed Jun 24 02:01:28 2026] PUT /allocations/3d2f6614-4c79-41f6-b8f7-db0020edcd9b => generated 0 bytes in 50 msecs (HTTP/1.1 204) 5 headers in 199 bytes (1 switches on core 0)
2026-06-24 02:01:28.668 8 INFO placement.requestlog [None req-b1d77351-2451-477e-af32-7a600e85d412 f3ddcafa77db4592978cd91d5032f545 b4b905b31e9b4472b08b07c064cad9d0 - - 0b0464ddfc72474fb945e84cfed9946d 0b0464ddfc72474fb945e84cfed9946d] 10.0.0.62 "GET /resource_providers/22991158-ab06-4e5e-a0cf-5fe8a2149d61/aggregates" status: 404 len: 235 microversion: 1.1 [pid: 8|app: 0|req: 321/645] 10.0.0.62 () {32 vars in 815 bytes} [Wed Jun 24 02:01:28 2026] GET /resource_providers/22991158-ab06-4e5e-a0cf-5fe8a2149d61/aggregates => generated 235 bytes in 7 msecs (HTTP/1.1 404) 5 headers in 202 bytes (1 switches on core 0)
2026-06-24 02:01:28.682 7 INFO placement.requestlog [None req-ea607e72-fe4b-4fcc-a901-5b13f77d598b f3ddcafa77db4592978cd91d5032f545 b4b905b31e9b4472b08b07c064cad9d0 - - 0b0464ddfc72474fb945e84cfed9946d 0b0464ddfc72474fb945e84cfed9946d] 10.0.0.62 "GET /resource_providers/22991158-ab06-4e5e-a0cf-5fe8a2149d61/aggregates" status: 404 len: 235 microversion: 1.1 [pid: 7|app: 0|req: 325/646] 10.0.0.62 () {32 vars in 815 bytes} [Wed Jun 24 02:01:28 2026] GET /resource_providers/22991158-ab06-4e5e-a0cf-5fe8a2149d61/aggregates => generated 235 bytes in 10 msecs (HTTP/1.1 404) 5 headers in 202 bytes (1 switches on core 0)
2026-06-24 02:01:28.683 8 INFO placement.requestlog [None req-89743a06-cbc7-45f0-8ac1-62fa9e9d3f76 f3ddcafa77db4592978cd91d5032f545 b4b905b31e9b4472b08b07c064cad9d0 - - 0b0464ddfc72474fb945e84cfed9946d 0b0464ddfc72474fb945e84cfed9946d] 10.0.0.62 "DELETE /resource_providers/22991158-ab06-4e5e-a0cf-5fe8a2149d61" status: 404 len: 246 microversion: 1.1 [pid: 8|app: 0|req: 322/647] 10.0.0.62 () {34 vars in 815 bytes} [Wed Jun 24 02:01:28 2026] DELETE /resource_providers/22991158-ab06-4e5e-a0cf-5fe8a2149d61 => generated 246 bytes in 9 msecs (HTTP/1.1 404) 6 headers in 231 bytes (1 switches on core 0)
2026-06-24 02:01:28.706 7 INFO placement.requestlog [None req-bbc2459c-177f-4b20-bac2-92e415475ddc f3ddcafa77db4592978cd91d5032f545 b4b905b31e9b4472b08b07c064cad9d0 - - 0b0464ddfc72474fb945e84cfed9946d 0b0464ddfc72474fb945e84cfed9946d] 10.0.0.62 "DELETE /resource_providers/22991158-ab06-4e5e-a0cf-5fe8a2149d61" status: 404 len: 246 microversion: 1.1 [pid: 7|app: 0|req: 326/648] 10.0.0.62 () {34 vars in 815 bytes} [Wed Jun 24 02:01:28 2026] DELETE /resource_providers/22991158-ab06-4e5e-a0cf-5fe8a2149d61 => generated 246 bytes in 11 msecs (HTTP/1.1 404) 6 headers in 231 bytes (1 switches on core 0)
2026-06-24 02:01:29.661 8 INFO placement.requestlog [req-e2ad4a99-73c7-4a8b-8455-f32147180427 req-bc142480-e366-490d-9e3d-126c4d34d434 17739db8e4f249c7a394479befb1520b b4b905b31e9b4472b08b07c064cad9d0 - - 0b0464ddfc72474fb945e84cfed9946d 0b0464ddfc72474fb945e84cfed9946d] 199.204.45.144 "GET /resource_providers/1485773a-5a07-4bed-9313-765f15be5884/allocations" status: 200 len: 338 microversion: 1.0 [pid: 8|app: 0|req: 323/649] 199.204.45.144 () {32 vars in 857 bytes} [Wed Jun 24 02:01:29 2026] GET /resource_providers/1485773a-5a07-4bed-9313-765f15be5884/allocations => generated 338 bytes in 16 msecs (HTTP/1.1 200) 6 headers in 224 bytes (1 switches on core 0)
2026-06-24 02:01:29.687 7 INFO placement.requestlog [req-e2ad4a99-73c7-4a8b-8455-f32147180427 req-69e3f784-3bbe-4b5e-8db6-82bad72a4141 17739db8e4f249c7a394479befb1520b b4b905b31e9b4472b08b07c064cad9d0 - - 0b0464ddfc72474fb945e84cfed9946d 0b0464ddfc72474fb945e84cfed9946d] 199.204.45.144 "GET /allocations/c5ec0d71-62f6-4f4c-a5d1-b815bb5c6e1d" status: 200 len: 257 microversion: 1.28 [pid: 7|app: 0|req: 327/650] 199.204.45.144 () {34 vars in 863 bytes} [Wed Jun 24 02:01:29 2026] GET /allocations/c5ec0d71-62f6-4f4c-a5d1-b815bb5c6e1d => generated 257 bytes in 19 msecs (HTTP/1.1 200) 8 headers in 296 bytes (1 switches on core 0)
2026-06-24 02:01:29.703 8 INFO placement.requestlog [req-e2ad4a99-73c7-4a8b-8455-f32147180427 req-f64af71e-9cf2-454f-84e0-0592403f53d7 17739db8e4f249c7a394479befb1520b b4b905b31e9b4472b08b07c064cad9d0 - - 0b0464ddfc72474fb945e84cfed9946d 0b0464ddfc72474fb945e84cfed9946d] 199.204.45.144 "GET /allocations/cebe7a0b-cb94-47ec-a22a-79213a2fe141" status: 200 len: 243 microversion: 1.28 [pid: 8|app: 0|req: 324/651] 199.204.45.144 () {34 vars in 863 bytes} [Wed Jun 24 02:01:29 2026] GET /allocations/cebe7a0b-cb94-47ec-a22a-79213a2fe141 => generated 243 bytes in 9 msecs (HTTP/1.1 200) 8 headers in 296 bytes (1 switches on core 0)
2026-06-24 02:01:29.722 7 INFO placement.requestlog [req-e2ad4a99-73c7-4a8b-8455-f32147180427 req-8af4ce66-f3b4-4c7c-a273-8efe572ba6fe 17739db8e4f249c7a394479befb1520b b4b905b31e9b4472b08b07c064cad9d0 - - 0b0464ddfc72474fb945e84cfed9946d 0b0464ddfc72474fb945e84cfed9946d] 199.204.45.144 "GET /allocations/3d2f6614-4c79-41f6-b8f7-db0020edcd9b" status: 200 len: 257 microversion: 1.28 [pid: 7|app: 0|req: 328/652] 199.204.45.144 () {34 vars in 863 bytes} [Wed Jun 24 02:01:29 2026] GET /allocations/3d2f6614-4c79-41f6-b8f7-db0020edcd9b => generated 257 bytes in 12 msecs (HTTP/1.1 200) 8 headers in 296 bytes (1 switches on core 0)
2026-06-24 02:01:29.740 8 INFO placement.requestlog [None req-9f7288b9-0fa9-4e98-9046-29e19ed67f02 f3ddcafa77db4592978cd91d5032f545 b4b905b31e9b4472b08b07c064cad9d0 - - 0b0464ddfc72474fb945e84cfed9946d 0b0464ddfc72474fb945e84cfed9946d] 10.0.0.62 "GET /resource_providers/66a4bab2-fb2b-41f7-9795-98db86471252/aggregates" status: 404 len: 235 microversion: 1.1 [pid: 8|app: 0|req: 325/653] 10.0.0.62 () {32 vars in 815 bytes} [Wed Jun 24 02:01:29 2026] GET /resource_providers/66a4bab2-fb2b-41f7-9795-98db86471252/aggregates => generated 235 bytes in 7 msecs (HTTP/1.1 404) 5 headers in 202 bytes (1 switches on core 0)
2026-06-24 02:01:29.751 7 INFO placement.requestlog [None req-e83d3767-1b4f-407a-b68f-0157187cfec0 f3ddcafa77db4592978cd91d5032f545 b4b905b31e9b4472b08b07c064cad9d0 - - 0b0464ddfc72474fb945e84cfed9946d 0b0464ddfc72474fb945e84cfed9946d] 10.0.0.62 "GET /resource_providers/66a4bab2-fb2b-41f7-9795-98db86471252/aggregates" status: 404 len: 235 microversion: 1.1 [pid: 7|app: 0|req: 329/654] 10.0.0.62 () {32 vars in 815 bytes} [Wed Jun 24 02:01:29 2026] GET /resource_providers/66a4bab2-fb2b-41f7-9795-98db86471252/aggregates => generated 235 bytes in 17 msecs (HTTP/1.1 404) 5 headers in 202 bytes (1 switches on core 0)
2026-06-24 02:01:29.756 8 INFO placement.requestlog [None req-d461f09e-d660-4d4b-bc82-a4b642550e5c f3ddcafa77db4592978cd91d5032f545 b4b905b31e9b4472b08b07c064cad9d0 - - 0b0464ddfc72474fb945e84cfed9946d 0b0464ddfc72474fb945e84cfed9946d] 10.0.0.62 "DELETE /resource_providers/66a4bab2-fb2b-41f7-9795-98db86471252" status: 404 len: 246 microversion: 1.1 [pid: 8|app: 0|req: 326/655] 10.0.0.62 () {34 vars in 815 bytes} [Wed Jun 24 02:01:29 2026] DELETE /resource_providers/66a4bab2-fb2b-41f7-9795-98db86471252 => generated 246 bytes in 10 msecs (HTTP/1.1 404) 6 headers in 231 bytes (1 switches on core 0)
2026-06-24 02:01:29.773 7 INFO placement.requestlog [None req-8d655bfa-376c-4ff9-8a09-00912b7e74ad f3ddcafa77db4592978cd91d5032f545 b4b905b31e9b4472b08b07c064cad9d0 - - 0b0464ddfc72474fb945e84cfed9946d 0b0464ddfc72474fb945e84cfed9946d] 10.0.0.62 "DELETE /resource_providers/66a4bab2-fb2b-41f7-9795-98db86471252" status: 404 len: 246 microversion: 1.1 [pid: 7|app: 0|req: 330/656] 10.0.0.62 () {34 vars in 815 bytes} [Wed Jun 24 02:01:29 2026] DELETE /resource_providers/66a4bab2-fb2b-41f7-9795-98db86471252 => generated 246 bytes in 9 msecs (HTTP/1.1 404) 6 headers in 231 bytes (1 switches on core 0)
2026-06-24 02:01:29.929 8 INFO placement.requestlog [req-90579cbc-00cb-45bc-befd-5fe0f1eebf85 req-1ae485c0-d94e-40dd-92e7-92989ad61792 17739db8e4f249c7a394479befb1520b b4b905b31e9b4472b08b07c064cad9d0 - - 0b0464ddfc72474fb945e84cfed9946d 0b0464ddfc72474fb945e84cfed9946d] 199.204.45.144 "GET /allocations/3d2f6614-4c79-41f6-b8f7-db0020edcd9b" status: 200 len: 257 microversion: 1.28 [pid: 8|app: 0|req: 327/657] 199.204.45.144 () {34 vars in 863 bytes} [Wed Jun 24 02:01:29 2026] GET /allocations/3d2f6614-4c79-41f6-b8f7-db0020edcd9b => generated 257 bytes in 13 msecs (HTTP/1.1 200) 8 headers in 296 bytes (1 switches on core 0)
2026-06-24 02:01:30.774 7 INFO placement.requestlog [req-e2ad4a99-73c7-4a8b-8455-f32147180427 req-14b865e1-1364-453b-add8-84a0b0f07ea4 17739db8e4f249c7a394479befb1520b b4b905b31e9b4472b08b07c064cad9d0 - - 0b0464ddfc72474fb945e84cfed9946d 0b0464ddfc72474fb945e84cfed9946d] 199.204.45.144 "DELETE /allocations/c5ec0d71-62f6-4f4c-a5d1-b815bb5c6e1d" status: 204 len: 0 microversion: 1.0 [pid: 7|app: 0|req: 331/658] 199.204.45.144 () {34 vars in 841 bytes} [Wed Jun 24 02:01:30 2026] DELETE /allocations/c5ec0d71-62f6-4f4c-a5d1-b815bb5c6e1d => generated 0 bytes in 23 msecs (HTTP/1.1 204) 5 headers in 198 bytes (1 switches on core 0)
