2026-06-24 02:03:31.934 7 INFO neutron.db.ovn_revision_numbers_db [None req-68b92544-02e1-406b-bf26-13de584be98f 51e710b09a864bcb8c22644b0079857d 9ba30fc100d74b08b53077be88683d1e - - default default] Successfully bumped revision number for resource 40af9e5f-76e8-47eb-9711-b40f86aac414 (type: subnets) to 0 [pid: 8|app: 0|req: 938/1850] 10.0.0.65 () {32 vars in 725 bytes} [Wed Jun 24 02:03:31 2026] DELETE /v2.0/networks/007dbc40-68b3-45ee-bcae-9265d5fa69bd => generated 0 bytes in 347 msecs (HTTP/1.1 204) 3 headers in 131 bytes (1 switches on core 0) [pid: 7|app: 0|req: 913/1851] 10.0.0.65 () {34 vars in 668 bytes} [Wed Jun 24 02:03:31 2026] POST /v2.0/subnets => generated 655 bytes in 242 msecs (HTTP/1.1 201) 4 headers in 162 bytes (1 switches on core 0) [pid: 7|app: 0|req: 914/1852] 199.204.45.144 () {34 vars in 1052 bytes} [Wed Jun 24 02:03:31 2026] GET /v2.0/ports?network_id=4603395d-114d-48d4-ab2a-8055697a4926&device_owner=network%3Adhcp => generated 12 bytes in 17 msecs (HTTP/1.1 200) 4 headers in 156 bytes (1 switches on core 0)
2026-06-24 02:03:32.073 7 INFO neutron.db.ovn_revision_numbers_db [None req-e6f6fcb7-7b4a-4b7c-a45e-5ecff16be2dd 51e710b09a864bcb8c22644b0079857d 9ba30fc100d74b08b53077be88683d1e - - default default] Successfully bumped revision number for resource c984ddc7-af5e-41e2-ab00-70126db8bf3d (type: routers) to 1 [pid: 7|app: 0|req: 915/1853] 10.0.0.65 () {34 vars in 668 bytes} [Wed Jun 24 02:03:31 2026] POST /v2.0/routers => generated 607 bytes in 119 msecs (HTTP/1.1 201) 4 headers in 162 bytes (1 switches on core 0) [pid: 7|app: 0|req: 916/1854] 199.204.45.144 () {34 vars in 1012 bytes} [Wed Jun 24 02:03:32 2026] GET /v2.0/networks/4603395d-114d-48d4-ab2a-8055697a4926?fields=segments => generated 14 bytes in 37 msecs (HTTP/1.1 200) 4 headers in 156 bytes (1 switches on core 0)
2026-06-24 02:03:32.150 8 WARNING neutron.scheduler.dhcp_agent_scheduler [None req-ff534e5b-0f0c-455b-809d-21dc5cfc643d 05ce3fe1ea6b4da48b4ef203eaf720b1 c1e674bb8f5742efbf36426db763d87a - - default default] No more DHCP agents
2026-06-24 02:03:32.151 8 WARNING neutron.api.rpc.agentnotifiers.dhcp_rpc_agent_api [None req-ff534e5b-0f0c-455b-809d-21dc5cfc643d 05ce3fe1ea6b4da48b4ef203eaf720b1 c1e674bb8f5742efbf36426db763d87a - - default default] Unable to schedule network 767bfa08-330c-4515-bfce-93fd8e7dc03a: no agents available; will retry on subsequent port and subnet creation events.
2026-06-24 02:03:32.213 7 INFO neutron.plugins.ml2.drivers.ovn.mech_driver.mech_driver [None req-cbb6355c-d33a-4fed-88ba-bbd904906346 - - - - - -] OVN reports status down for port: f5287f15-c1e5-4adf-9f2c-e1ab253b6cea
2026-06-24 02:03:32.256 8 INFO neutron.db.ovn_revision_numbers_db [None req-ff534e5b-0f0c-455b-809d-21dc5cfc643d 05ce3fe1ea6b4da48b4ef203eaf720b1 c1e674bb8f5742efbf36426db763d87a - - default default] Successfully bumped revision number for resource f5287f15-c1e5-4adf-9f2c-e1ab253b6cea (type: ports) to 1
2026-06-24 02:03:32.290 8 INFO neutron.services.segments.plugin [-] Segment 367f2add-da59-4886-9482-1e80d95c126d resource provider aggregate not found
2026-06-24 02:03:32.310 8 INFO neutron.services.segments.plugin [-] Segment 367f2add-da59-4886-9482-1e80d95c126d resource provider aggregate not found
2026-06-24 02:03:32.315 8 INFO neutron.services.segments.plugin [-] Segment 367f2add-da59-4886-9482-1e80d95c126d resource provider not found; error: Placement Client Error (4xx): {"errors": [{"status": 404, "title": "Not Found", "detail": "The resource could not be found.\n\n No resource provider with uuid 367f2add-da59-4886-9482-1e80d95c126d found for delete ", "request_id": "req-c5c6e8af-c7a1-4c85-91fd-9ab59c9f0731"}]}
2026-06-24 02:03:32.329 8 INFO neutron.services.segments.plugin [-] Segment 367f2add-da59-4886-9482-1e80d95c126d resource provider not found; error: Placement Client Error (4xx): {"errors": [{"status": 404, "title": "Not Found", "detail": "The resource could not be found.\n\n No resource provider with uuid 367f2add-da59-4886-9482-1e80d95c126d found for delete ", "request_id": "req-2c30d1db-e3c8-4b32-8c3e-285f13c7632f"}]} [pid: 8|app: 0|req: 939/1855] 10.0.0.65 () {34 vars in 663 bytes} [Wed Jun 24 02:03:31 2026] POST /v2.0/ports => generated 743 bytes in 388 msecs (HTTP/1.1 201) 4 headers in 162 bytes (1 switches on core 0)
2026-06-24 02:03:32.337 8 INFO neutron.services.segments.plugin [-] Segment 70bddb24-f082-4ed0-a806-92e533bf1a53 resource provider aggregate not found /var/lib/openstack/lib/python3.12/site-packages/pycadf/identifier.py:70: UserWarning: Invalid uuid: neutron. To ensure interoperability, identifiers should be a valid uuid. warnings.warn(('Invalid uuid: %s. To ensure interoperability, '
2026-06-24 02:03:32.349 8 INFO neutron.services.segments.plugin [-] Segment 70bddb24-f082-4ed0-a806-92e533bf1a53 resource provider aggregate not found
2026-06-24 02:03:32.363 8 INFO neutron.services.segments.plugin [-] Segment 70bddb24-f082-4ed0-a806-92e533bf1a53 resource provider not found; error: Placement Client Error (4xx): {"errors": [{"status": 404, "title": "Not Found", "detail": "The resource could not be found.\n\n No resource provider with uuid 70bddb24-f082-4ed0-a806-92e533bf1a53 found for delete ", "request_id": "req-2aab3087-9884-4c7d-b87c-97b7cf8fb175"}]}
2026-06-24 02:03:32.367 8 INFO neutron.services.segments.plugin [-] Segment 70bddb24-f082-4ed0-a806-92e533bf1a53 resource provider not found; error: Placement Client Error (4xx): {"errors": [{"status": 404, "title": "Not Found", "detail": "The resource could not be found.\n\n No resource provider with uuid 70bddb24-f082-4ed0-a806-92e533bf1a53 found for delete ", "request_id": "req-2d14931a-3b2e-47a4-a647-52de3144565d"}]} [pid: 8|app: 0|req: 940/1856] 199.204.45.144 () {34 vars in 1112 bytes} [Wed Jun 24 02:03:32 2026] GET /v2.0/networks/4603395d-114d-48d4-ab2a-8055697a4926?fields=provider%3Aphysical_network&fields=provider%3Anetwork_type => generated 79 bytes in 64 msecs (HTTP/1.1 200) 4 headers in 156 bytes (1 switches on core 0)
2026-06-24 02:03:32.521 7 WARNING neutron.scheduler.dhcp_agent_scheduler [None req-63ad4005-3b31-442f-8ed4-79eab33633d8 51e710b09a864bcb8c22644b0079857d 9ba30fc100d74b08b53077be88683d1e - - default default] No more DHCP agents
2026-06-24 02:03:32.522 7 WARNING neutron.api.rpc.agentnotifiers.dhcp_rpc_agent_api [None req-63ad4005-3b31-442f-8ed4-79eab33633d8 51e710b09a864bcb8c22644b0079857d 9ba30fc100d74b08b53077be88683d1e - - default default] Unable to schedule network dbf3c7c4-f7a0-4ad4-a399-00478b0dfd81: no agents available; will retry on subsequent port and subnet creation events.
2026-06-24 02:03:32.595 7 INFO neutron.plugins.ml2.drivers.ovn.mech_driver.mech_driver [None req-cbb6355c-d33a-4fed-88ba-bbd904906346 - - - - - -] OVN reports status down for port: b7e53086-8681-4956-a4e5-efaebf7d30ce
2026-06-24 02:03:32.652 7 INFO neutron.db.ovn_revision_numbers_db [None req-63ad4005-3b31-442f-8ed4-79eab33633d8 51e710b09a864bcb8c22644b0079857d 9ba30fc100d74b08b53077be88683d1e - - default default] Successfully bumped revision number for resource b7e53086-8681-4956-a4e5-efaebf7d30ce (type: ports) to 1 [pid: 8|app: 0|req: 941/1857] 10.0.0.65 () {34 vars in 665 bytes} [Wed Jun 24 02:03:32 2026] POST /v2.0/trunks => generated 409 bytes in 260 msecs (HTTP/1.1 201) 4 headers in 162 bytes (1 switches on core 0) [pid: 8|app: 0|req: 942/1858] 10.0.0.65 () {32 vars in 773 bytes} [Wed Jun 24 02:03:32 2026] GET /v2.0/security-groups?tenant_id=cdfddff1c50a4996994d4b1e0835895b&name=default => generated 2925 bytes in 126 msecs (HTTP/1.1 200) 4 headers in 158 bytes (1 switches on core 0)
2026-06-24 02:03:32.855 8 INFO neutron.db.segments_db [None req-66395dec-bba5-49af-8e81-4b6c39d0d24a 05ce3fe1ea6b4da48b4ef203eaf720b1 c1e674bb8f5742efbf36426db763d87a - - default default] Added segment 1921da94-9eb5-4664-b52a-7529e4d3b415 of type geneve for network f1d19ab3-6001-41b9-959f-a548a87d9a45
2026-06-24 02:03:32.963 8 INFO neutron.db.ovn_revision_numbers_db [None req-66395dec-bba5-49af-8e81-4b6c39d0d24a 05ce3fe1ea6b4da48b4ef203eaf720b1 c1e674bb8f5742efbf36426db763d87a - - default default] Successfully bumped revision number for resource f1d19ab3-6001-41b9-959f-a548a87d9a45 (type: networks) to 1
2026-06-24 02:03:33.133 8 WARNING neutron.scheduler.dhcp_agent_scheduler [None req-66395dec-bba5-49af-8e81-4b6c39d0d24a 05ce3fe1ea6b4da48b4ef203eaf720b1 c1e674bb8f5742efbf36426db763d87a - - default default] No more DHCP agents
2026-06-24 02:03:33.135 8 WARNING neutron.api.rpc.agentnotifiers.dhcp_rpc_agent_api [None req-66395dec-bba5-49af-8e81-4b6c39d0d24a 05ce3fe1ea6b4da48b4ef203eaf720b1 c1e674bb8f5742efbf36426db763d87a - - default default] Unable to schedule network f1d19ab3-6001-41b9-959f-a548a87d9a45: no agents available; will retry on subsequent port and subnet creation events.
2026-06-24 02:03:33.141 7 INFO neutron.plugins.ml2.drivers.ovn.mech_driver.mech_driver [None req-cbb6355c-d33a-4fed-88ba-bbd904906346 - - - - - -] OVN reports status up for port: b7e53086-8681-4956-a4e5-efaebf7d30ce
2026-06-24 02:03:33.165 7 INFO neutron.plugins.ml2.plugin [None req-cbb6355c-d33a-4fed-88ba-bbd904906346 - - - - - -] Attempt 1 to provision port b7e53086-8681-4956-a4e5-efaebf7d30ce
2026-06-24 02:03:33.192 8 INFO neutron.plugins.ml2.drivers.ovn.mech_driver.mech_driver [None req-94b264ad-9263-48b6-9bd3-2efc9b21c10c - - - - - -] OVN reports status down for port: 4a86aaf3-16e9-47a6-834d-13c13f7b5b2e
2026-06-24 02:03:33.244 8 INFO neutron.db.ovn_revision_numbers_db [None req-66395dec-bba5-49af-8e81-4b6c39d0d24a 05ce3fe1ea6b4da48b4ef203eaf720b1 c1e674bb8f5742efbf36426db763d87a - - default default] Successfully bumped revision number for resource 4a86aaf3-16e9-47a6-834d-13c13f7b5b2e (type: ports) to 1 [pid: 8|app: 0|req: 943/1859] 10.0.0.65 () {34 vars in 669 bytes} [Wed Jun 24 02:03:32 2026] POST /v2.0/networks => generated 631 bytes in 500 msecs (HTTP/1.1 201) 4 headers in 162 bytes (1 switches on core 0)
2026-06-24 02:03:33.297 7 WARNING neutron.scheduler.dhcp_agent_scheduler [None req-63ad4005-3b31-442f-8ed4-79eab33633d8 51e710b09a864bcb8c22644b0079857d 9ba30fc100d74b08b53077be88683d1e - - default default] No more DHCP agents
2026-06-24 02:03:33.300 7 WARNING neutron.api.rpc.agentnotifiers.dhcp_rpc_agent_api [None req-63ad4005-3b31-442f-8ed4-79eab33633d8 51e710b09a864bcb8c22644b0079857d 9ba30fc100d74b08b53077be88683d1e - - default default] Unable to schedule network dbf3c7c4-f7a0-4ad4-a399-00478b0dfd81: no agents available; will retry on subsequent port and subnet creation events. [pid: 8|app: 0|req: 944/1860] 10.0.0.65 () {32 vars in 739 bytes} [Wed Jun 24 02:03:33 2026] DELETE /v2.0/security-groups/0e25735c-8a5e-43cf-bb3a-9aa01f059f4d => generated 0 bytes in 200 msecs (HTTP/1.1 204) 2 headers in 112 bytes (1 switches on core 0)
2026-06-24 02:03:33.713 8 WARNING neutron.scheduler.dhcp_agent_scheduler [None req-912c10fe-7f79-482b-922f-5e0a54e004ad 05ce3fe1ea6b4da48b4ef203eaf720b1 c1e674bb8f5742efbf36426db763d87a - - default default] No more DHCP agents
2026-06-24 02:03:33.715 8 WARNING neutron.api.rpc.agentnotifiers.dhcp_rpc_agent_api [None req-912c10fe-7f79-482b-922f-5e0a54e004ad 05ce3fe1ea6b4da48b4ef203eaf720b1 c1e674bb8f5742efbf36426db763d87a - - default default] Unable to schedule network f1d19ab3-6001-41b9-959f-a548a87d9a45: no agents available; will retry on subsequent port and subnet creation events.
2026-06-24 02:03:33.741 7 INFO neutron.db.ovn_revision_numbers_db [None req-63ad4005-3b31-442f-8ed4-79eab33633d8 51e710b09a864bcb8c22644b0079857d 9ba30fc100d74b08b53077be88683d1e - - default default] Successfully bumped revision number for resource b7e53086-8681-4956-a4e5-efaebf7d30ce (type: router_ports) to 1 [pid: 7|app: 0|req: 917/1861] 10.0.0.65 () {34 vars in 782 bytes} [Wed Jun 24 02:03:32 2026] PUT /v2.0/routers/c984ddc7-af5e-41e2-ab00-70126db8bf3d/add_router_interface => generated 309 bytes in 1631 msecs (HTTP/1.1 200) 4 headers in 157 bytes (1 switches on core 0)
2026-06-24 02:03:33.777 8 INFO neutron.plugins.ml2.drivers.ovn.mech_driver.mech_driver [None req-94b264ad-9263-48b6-9bd3-2efc9b21c10c - - - - - -] OVN reports status down for port: 4b2a4c1d-f735-442c-acae-951e6f75481d
2026-06-24 02:03:33.848 8 INFO neutron.db.ovn_revision_numbers_db [None req-912c10fe-7f79-482b-922f-5e0a54e004ad 05ce3fe1ea6b4da48b4ef203eaf720b1 c1e674bb8f5742efbf36426db763d87a - - default default] Successfully bumped revision number for resource 4b2a4c1d-f735-442c-acae-951e6f75481d (type: ports) to 1 [pid: 8|app: 0|req: 945/1862] 10.0.0.65 () {34 vars in 663 bytes} [Wed Jun 24 02:03:33 2026] POST /v2.0/ports => generated 743 bytes in 451 msecs (HTTP/1.1 201) 4 headers in 162 bytes (1 switches on core 0) /var/lib/openstack/lib/python3.12/site-packages/pycadf/identifier.py:70: UserWarning: Invalid uuid: neutron. To ensure interoperability, identifiers should be a valid uuid. warnings.warn(('Invalid uuid: %s. To ensure interoperability, ' [pid: 7|app: 0|req: 918/1863] 10.0.0.65 () {32 vars in 716 bytes} [Wed Jun 24 02:03:33 2026] GET /v2.0/ports/b7e53086-8681-4956-a4e5-efaebf7d30ce => generated 947 bytes in 192 msecs (HTTP/1.1 200) 4 headers in 157 bytes (1 switches on core 0)
2026-06-24 02:03:33.989 7 INFO neutron.db.ovn_revision_numbers_db [None req-cbb6355c-d33a-4fed-88ba-bbd904906346 - - - - - -] Successfully bumped revision number for resource b7e53086-8681-4956-a4e5-efaebf7d30ce (type: ports) to 2 [pid: 8|app: 0|req: 946/1864] 10.0.0.65 () {34 vars in 665 bytes} [Wed Jun 24 02:03:33 2026] POST /v2.0/trunks => generated 409 bytes in 154 msecs (HTTP/1.1 201) 4 headers in 162 bytes (1 switches on core 0)
2026-06-24 02:03:34.186 8 INFO neutron.db.segments_db [None req-c28ffa3f-a42a-44af-be62-6e0167921adb 05ce3fe1ea6b4da48b4ef203eaf720b1 c1e674bb8f5742efbf36426db763d87a - - default default] Added segment b6233bd4-ebef-4bc2-9d08-1b2c1760ed97 of type geneve for network 37cd94b3-14d1-454c-ba52-f30a1a8aec51
2026-06-24 02:03:34.291 8 INFO neutron.db.ovn_revision_numbers_db [None req-c28ffa3f-a42a-44af-be62-6e0167921adb 05ce3fe1ea6b4da48b4ef203eaf720b1 c1e674bb8f5742efbf36426db763d87a - - default default] Successfully bumped revision number for resource 37cd94b3-14d1-454c-ba52-f30a1a8aec51 (type: networks) to 1
2026-06-24 02:03:34.417 7 WARNING neutron.scheduler.dhcp_agent_scheduler [None req-1c1d5bf1-1366-418e-afd0-32228dd738a3 51e710b09a864bcb8c22644b0079857d 9ba30fc100d74b08b53077be88683d1e - - default default] No more DHCP agents
2026-06-24 02:03:34.419 7 WARNING neutron.api.rpc.agentnotifiers.dhcp_rpc_agent_api [None req-1c1d5bf1-1366-418e-afd0-32228dd738a3 51e710b09a864bcb8c22644b0079857d 9ba30fc100d74b08b53077be88683d1e - - default default] Unable to schedule network f798b47c-46d9-444a-9fba-2b1cc3030166: no agents available; will retry on subsequent port and subnet creation events.
2026-06-24 02:03:34.464 8 WARNING neutron.scheduler.dhcp_agent_scheduler [None req-c28ffa3f-a42a-44af-be62-6e0167921adb 05ce3fe1ea6b4da48b4ef203eaf720b1 c1e674bb8f5742efbf36426db763d87a - - default default] No more DHCP agents
2026-06-24 02:03:34.465 8 WARNING neutron.api.rpc.agentnotifiers.dhcp_rpc_agent_api [None req-c28ffa3f-a42a-44af-be62-6e0167921adb 05ce3fe1ea6b4da48b4ef203eaf720b1 c1e674bb8f5742efbf36426db763d87a - - default default] Unable to schedule network 37cd94b3-14d1-454c-ba52-f30a1a8aec51: no agents available; will retry on subsequent port and subnet creation events.
2026-06-24 02:03:34.507 8 INFO neutron.plugins.ml2.drivers.ovn.mech_driver.mech_driver [None req-94b264ad-9263-48b6-9bd3-2efc9b21c10c - - - - - -] OVN reports status down for port: 1ba59a02-acf3-474d-a332-0d0e229b6d49
2026-06-24 02:03:34.524 7 INFO neutron.db.ovn_revision_numbers_db [None req-1c1d5bf1-1366-418e-afd0-32228dd738a3 51e710b09a864bcb8c22644b0079857d 9ba30fc100d74b08b53077be88683d1e - - default default] Successfully bumped revision number for resource 1ba59a02-acf3-474d-a332-0d0e229b6d49 (type: ports) to 1
2026-06-24 02:03:34.609 8 INFO neutron.plugins.ml2.drivers.ovn.mech_driver.mech_driver [None req-94b264ad-9263-48b6-9bd3-2efc9b21c10c - - - - - -] OVN reports status down for port: 147daace-52d7-4b28-ae85-2e1b346306eb
2026-06-24 02:03:34.610 8 INFO neutron.db.ovn_revision_numbers_db [None req-c28ffa3f-a42a-44af-be62-6e0167921adb 05ce3fe1ea6b4da48b4ef203eaf720b1 c1e674bb8f5742efbf36426db763d87a - - default default] Successfully bumped revision number for resource 147daace-52d7-4b28-ae85-2e1b346306eb (type: ports) to 1 [pid: 8|app: 0|req: 947/1865] 10.0.0.65 () {34 vars in 669 bytes} [Wed Jun 24 02:03:34 2026] POST /v2.0/networks => generated 632 bytes in 542 msecs (HTTP/1.1 201) 4 headers in 162 bytes (1 switches on core 0)
2026-06-24 02:03:34.879 8 WARNING neutron.scheduler.dhcp_agent_scheduler [None req-74b50330-b7a5-47cb-bf04-d4e83d0a3670 05ce3fe1ea6b4da48b4ef203eaf720b1 c1e674bb8f5742efbf36426db763d87a - - default default] No more DHCP agents
2026-06-24 02:03:34.881 8 WARNING neutron.api.rpc.agentnotifiers.dhcp_rpc_agent_api [None req-74b50330-b7a5-47cb-bf04-d4e83d0a3670 05ce3fe1ea6b4da48b4ef203eaf720b1 c1e674bb8f5742efbf36426db763d87a - - default default] Unable to schedule network 37cd94b3-14d1-454c-ba52-f30a1a8aec51: no agents available; will retry on subsequent port and subnet creation events.
2026-06-24 02:03:34.925 8 INFO neutron.plugins.ml2.drivers.ovn.mech_driver.mech_driver [None req-94b264ad-9263-48b6-9bd3-2efc9b21c10c - - - - - -] OVN reports status down for port: ce8ad6b5-8fb4-4fdd-b47b-93094278a0c4
2026-06-24 02:03:34.977 8 INFO neutron.db.ovn_revision_numbers_db [None req-74b50330-b7a5-47cb-bf04-d4e83d0a3670 05ce3fe1ea6b4da48b4ef203eaf720b1 c1e674bb8f5742efbf36426db763d87a - - default default] Successfully bumped revision number for resource ce8ad6b5-8fb4-4fdd-b47b-93094278a0c4 (type: ports) to 1 [pid: 8|app: 0|req: 948/1866] 10.0.0.65 () {34 vars in 663 bytes} [Wed Jun 24 02:03:34 2026] POST /v2.0/ports => generated 743 bytes in 392 msecs (HTTP/1.1 201) 4 headers in 162 bytes (1 switches on core 0) /var/lib/openstack/lib/python3.12/site-packages/pycadf/identifier.py:70: UserWarning: Invalid uuid: neutron. To ensure interoperability, identifiers should be a valid uuid. warnings.warn(('Invalid uuid: %s. To ensure interoperability, '
2026-06-24 02:03:35.106 8 INFO neutron.plugins.ml2.drivers.ovn.mech_driver.mech_driver [None req-94b264ad-9263-48b6-9bd3-2efc9b21c10c - - - - - -] OVN reports status up for port: 1ba59a02-acf3-474d-a332-0d0e229b6d49
2026-06-24 02:03:35.127 8 INFO neutron.plugins.ml2.plugin [None req-94b264ad-9263-48b6-9bd3-2efc9b21c10c - - - - - -] Attempt 1 to provision port 1ba59a02-acf3-474d-a332-0d0e229b6d49
2026-06-24 02:03:35.186 7 WARNING neutron.scheduler.dhcp_agent_scheduler [None req-1c1d5bf1-1366-418e-afd0-32228dd738a3 51e710b09a864bcb8c22644b0079857d 9ba30fc100d74b08b53077be88683d1e - - default default] No more DHCP agents
2026-06-24 02:03:35.187 7 WARNING neutron.api.rpc.agentnotifiers.dhcp_rpc_agent_api [None req-1c1d5bf1-1366-418e-afd0-32228dd738a3 51e710b09a864bcb8c22644b0079857d 9ba30fc100d74b08b53077be88683d1e - - default default] Unable to schedule network f798b47c-46d9-444a-9fba-2b1cc3030166: no agents available; will retry on subsequent port and subnet creation events. [pid: 8|app: 0|req: 949/1867] 10.0.0.65 () {34 vars in 665 bytes} [Wed Jun 24 02:03:35 2026] POST /v2.0/trunks => generated 409 bytes in 266 msecs (HTTP/1.1 201) 4 headers in 162 bytes (1 switches on core 0)
2026-06-24 02:03:35.388 7 INFO neutron.db.ovn_revision_numbers_db [None req-1c1d5bf1-1366-418e-afd0-32228dd738a3 51e710b09a864bcb8c22644b0079857d 9ba30fc100d74b08b53077be88683d1e - - default default] Successfully bumped revision number for resource 1ba59a02-acf3-474d-a332-0d0e229b6d49 (type: router_ports) to 1 [pid: 7|app: 0|req: 919/1868] 10.0.0.65 () {34 vars in 782 bytes} [Wed Jun 24 02:03:33 2026] PUT /v2.0/routers/c984ddc7-af5e-41e2-ab00-70126db8bf3d/add_router_interface => generated 309 bytes in 1436 msecs (HTTP/1.1 200) 4 headers in 157 bytes (1 switches on core 0)
2026-06-24 02:03:35.494 7 INFO neutron.db.segments_db [None req-30372ea8-28ab-43de-be7a-acc00e1243ba 05ce3fe1ea6b4da48b4ef203eaf720b1 c1e674bb8f5742efbf36426db763d87a - - default default] Added segment 159ad4ff-2a6e-4136-8f5e-3bedde5d1bef of type geneve for network b0c77d87-c120-4a78-8ca3-2537a6db1bf2
2026-06-24 02:03:35.608 7 INFO neutron.db.ovn_revision_numbers_db [None req-30372ea8-28ab-43de-be7a-acc00e1243ba 05ce3fe1ea6b4da48b4ef203eaf720b1 c1e674bb8f5742efbf36426db763d87a - - default default] Successfully bumped revision number for resource b0c77d87-c120-4a78-8ca3-2537a6db1bf2 (type: networks) to 1
2026-06-24 02:03:35.792 7 WARNING neutron.scheduler.dhcp_agent_scheduler [None req-30372ea8-28ab-43de-be7a-acc00e1243ba 05ce3fe1ea6b4da48b4ef203eaf720b1 c1e674bb8f5742efbf36426db763d87a - - default default] No more DHCP agents
2026-06-24 02:03:35.796 7 WARNING neutron.api.rpc.agentnotifiers.dhcp_rpc_agent_api [None req-30372ea8-28ab-43de-be7a-acc00e1243ba 05ce3fe1ea6b4da48b4ef203eaf720b1 c1e674bb8f5742efbf36426db763d87a - - default default] Unable to schedule network b0c77d87-c120-4a78-8ca3-2537a6db1bf2: no agents available; will retry on subsequent port and subnet creation events.
2026-06-24 02:03:35.868 7 INFO neutron.db.ovn_revision_numbers_db [None req-30372ea8-28ab-43de-be7a-acc00e1243ba 05ce3fe1ea6b4da48b4ef203eaf720b1 c1e674bb8f5742efbf36426db763d87a - - default default] Successfully bumped revision number for resource 92dadd65-771e-4a60-b8f1-fcbc601ac319 (type: ports) to 1 [pid: 7|app: 0|req: 920/1869] 10.0.0.65 () {34 vars in 669 bytes} [Wed Jun 24 02:03:35 2026] POST /v2.0/networks => generated 631 bytes in 494 msecs (HTTP/1.1 201) 4 headers in 162 bytes (1 switches on core 0) [pid: 7|app: 0|req: 921/1870] 10.0.0.65 () {32 vars in 716 bytes} [Wed Jun 24 02:03:35 2026] GET /v2.0/ports/1ba59a02-acf3-474d-a332-0d0e229b6d49 => generated 955 bytes in 31 msecs (HTTP/1.1 200) 4 headers in 157 bytes (1 switches on core 0)
2026-06-24 02:03:36.112 8 INFO neutron.db.ovn_revision_numbers_db [None req-94b264ad-9263-48b6-9bd3-2efc9b21c10c - - - - - -] Successfully bumped revision number for resource 1ba59a02-acf3-474d-a332-0d0e229b6d49 (type: ports) to 2
2026-06-24 02:03:36.168 7 WARNING neutron.scheduler.dhcp_agent_scheduler [None req-5628516c-78c2-4e7c-9bfc-d084f8c0ad5c 05ce3fe1ea6b4da48b4ef203eaf720b1 c1e674bb8f5742efbf36426db763d87a - - default default] No more DHCP agents
2026-06-24 02:03:36.169 8 INFO neutron.db.ovn_revision_numbers_db [None req-3f904dcc-7b46-467b-87ac-bc7c0a64a7a7 b32fdb25696b4ea6b7dffd6321f3566b 415cc8e8887d472890754c7cdf2c1af8 - - default default] Successfully bumped revision number for resource 821bb105-da93-464b-be14-407940727beb (type: security_groups) to 1
2026-06-24 02:03:36.170 7 WARNING neutron.api.rpc.agentnotifiers.dhcp_rpc_agent_api [None req-5628516c-78c2-4e7c-9bfc-d084f8c0ad5c 05ce3fe1ea6b4da48b4ef203eaf720b1 c1e674bb8f5742efbf36426db763d87a - - default default] Unable to schedule network b0c77d87-c120-4a78-8ca3-2537a6db1bf2: no agents available; will retry on subsequent port and subnet creation events.
2026-06-24 02:03:36.190 8 INFO neutron.db.ovn_revision_numbers_db [None req-3f904dcc-7b46-467b-87ac-bc7c0a64a7a7 b32fdb25696b4ea6b7dffd6321f3566b 415cc8e8887d472890754c7cdf2c1af8 - - default default] Successfully bumped revision number for resource 23cb1be0-50e5-4ebd-8227-f62c5797bb94 (type: security_group_rules) to 0
2026-06-24 02:03:36.208 8 INFO neutron.db.ovn_revision_numbers_db [None req-3f904dcc-7b46-467b-87ac-bc7c0a64a7a7 b32fdb25696b4ea6b7dffd6321f3566b 415cc8e8887d472890754c7cdf2c1af8 - - default default] Successfully bumped revision number for resource 38f43fa2-95cf-476f-9b2a-3500d9cd798b (type: security_group_rules) to 0
2026-06-24 02:03:36.238 8 INFO neutron.db.ovn_revision_numbers_db [None req-3f904dcc-7b46-467b-87ac-bc7c0a64a7a7 b32fdb25696b4ea6b7dffd6321f3566b 415cc8e8887d472890754c7cdf2c1af8 - - default default] Successfully bumped revision number for resource 53fa624b-0cf0-4b2f-b5d0-a23e27d657d8 (type: security_group_rules) to 0
2026-06-24 02:03:36.250 7 INFO neutron.db.ovn_revision_numbers_db [None req-5628516c-78c2-4e7c-9bfc-d084f8c0ad5c 05ce3fe1ea6b4da48b4ef203eaf720b1 c1e674bb8f5742efbf36426db763d87a - - default default] Successfully bumped revision number for resource 2716141f-c980-4cec-be4b-9f0511bab9d2 (type: ports) to 1
2026-06-24 02:03:36.252 8 INFO neutron.db.ovn_revision_numbers_db [None req-3f904dcc-7b46-467b-87ac-bc7c0a64a7a7 b32fdb25696b4ea6b7dffd6321f3566b 415cc8e8887d472890754c7cdf2c1af8 - - default default] Successfully bumped revision number for resource 86ad9756-76be-4f93-8c34-0d69442a89b8 (type: security_group_rules) to 0 [pid: 7|app: 0|req: 922/1871] 10.0.0.65 () {34 vars in 663 bytes} [Wed Jun 24 02:03:35 2026] POST /v2.0/ports => generated 743 bytes in 381 msecs (HTTP/1.1 201) 4 headers in 162 bytes (1 switches on core 0) /var/lib/openstack/lib/python3.12/site-packages/pycadf/identifier.py:70: UserWarning: Invalid uuid: neutron. To ensure interoperability, identifiers should be a valid uuid. warnings.warn(('Invalid uuid: %s. To ensure interoperability, ' [pid: 7|app: 0|req: 923/1872] 10.0.0.65 () {32 vars in 716 bytes} [Wed Jun 24 02:03:36 2026] GET /v2.0/ports/1ba59a02-acf3-474d-a332-0d0e229b6d49 => generated 955 bytes in 31 msecs (HTTP/1.1 200) 4 headers in 157 bytes (1 switches on core 0)
2026-06-24 02:03:36.335 8 INFO neutron.db.segments_db [None req-3f904dcc-7b46-467b-87ac-bc7c0a64a7a7 b32fdb25696b4ea6b7dffd6321f3566b 415cc8e8887d472890754c7cdf2c1af8 - - default default] Added segment 9ebb13d7-cafe-43ad-93bf-e67b27ddc5f0 of type geneve for network 5762a176-6fe3-48cb-9c78-2de7b820991e
2026-06-24 02:03:36.448 8 INFO neutron.db.ovn_revision_numbers_db [None req-3f904dcc-7b46-467b-87ac-bc7c0a64a7a7 b32fdb25696b4ea6b7dffd6321f3566b 415cc8e8887d472890754c7cdf2c1af8 - - default default] Successfully bumped revision number for resource 5762a176-6fe3-48cb-9c78-2de7b820991e (type: networks) to 1 [pid: 7|app: 0|req: 924/1873] 10.0.0.65 () {34 vars in 665 bytes} [Wed Jun 24 02:03:36 2026] POST /v2.0/trunks => generated 409 bytes in 246 msecs (HTTP/1.1 201) 4 headers in 162 bytes (1 switches on core 0)
2026-06-24 02:03:36.602 8 WARNING neutron.scheduler.dhcp_agent_scheduler [None req-3f904dcc-7b46-467b-87ac-bc7c0a64a7a7 b32fdb25696b4ea6b7dffd6321f3566b 415cc8e8887d472890754c7cdf2c1af8 - - default default] No more DHCP agents
2026-06-24 02:03:36.604 8 WARNING neutron.api.rpc.agentnotifiers.dhcp_rpc_agent_api [None req-3f904dcc-7b46-467b-87ac-bc7c0a64a7a7 b32fdb25696b4ea6b7dffd6321f3566b 415cc8e8887d472890754c7cdf2c1af8 - - default default] Unable to schedule network 5762a176-6fe3-48cb-9c78-2de7b820991e: no agents available; will retry on subsequent port and subnet creation events.
2026-06-24 02:03:36.695 8 INFO neutron.db.ovn_revision_numbers_db [None req-3f904dcc-7b46-467b-87ac-bc7c0a64a7a7 b32fdb25696b4ea6b7dffd6321f3566b 415cc8e8887d472890754c7cdf2c1af8 - - default default] Successfully bumped revision number for resource 1349061d-bc4b-46be-9e93-2c3b65b5b1e7 (type: ports) to 1 [pid: 8|app: 0|req: 950/1874] 10.0.0.65 () {34 vars in 669 bytes} [Wed Jun 24 02:03:35 2026] POST /v2.0/networks => generated 644 bytes in 1405 msecs (HTTP/1.1 201) 4 headers in 162 bytes (1 switches on core 0)
2026-06-24 02:03:36.811 8 INFO neutron.db.segments_db [None req-118e0ae0-1e44-435c-8d17-63d4df768341 05ce3fe1ea6b4da48b4ef203eaf720b1 c1e674bb8f5742efbf36426db763d87a - - default default] Added segment e62a5dfe-3b29-410e-9798-1b7edd86585e of type geneve for network 31f8c51d-f68b-4206-bdbf-7ea0faf1e118
2026-06-24 02:03:36.890 7 INFO neutron_taas.services.taas.taas_plugin [None req-7a129bbe-9d49-417a-9a11-2430ecb1697a 51e710b09a864bcb8c22644b0079857d 9ba30fc100d74b08b53077be88683d1e - - default default] TaaS: Handle Delete Port: 1ba59a02-acf3-474d-a332-0d0e229b6d49
2026-06-24 02:03:36.894 7 INFO neutron_taas.services.taas.tap_mirror_plugin [None req-7a129bbe-9d49-417a-9a11-2430ecb1697a 51e710b09a864bcb8c22644b0079857d 9ba30fc100d74b08b53077be88683d1e - - default default] Tap Mirror: Handle Delete Port: 1ba59a02-acf3-474d-a332-0d0e229b6d49
2026-06-24 02:03:36.926 8 INFO neutron.db.ovn_revision_numbers_db [None req-118e0ae0-1e44-435c-8d17-63d4df768341 05ce3fe1ea6b4da48b4ef203eaf720b1 c1e674bb8f5742efbf36426db763d87a - - default default] Successfully bumped revision number for resource 31f8c51d-f68b-4206-bdbf-7ea0faf1e118 (type: networks) to 1
2026-06-24 02:03:37.107 8 WARNING neutron.scheduler.dhcp_agent_scheduler [None req-118e0ae0-1e44-435c-8d17-63d4df768341 05ce3fe1ea6b4da48b4ef203eaf720b1 c1e674bb8f5742efbf36426db763d87a - - default default] No more DHCP agents
2026-06-24 02:03:37.108 8 WARNING neutron.api.rpc.agentnotifiers.dhcp_rpc_agent_api [None req-118e0ae0-1e44-435c-8d17-63d4df768341 05ce3fe1ea6b4da48b4ef203eaf720b1 c1e674bb8f5742efbf36426db763d87a - - default default] Unable to schedule network 31f8c51d-f68b-4206-bdbf-7ea0faf1e118: no agents available; will retry on subsequent port and subnet creation events.
2026-06-24 02:03:37.186 8 INFO neutron.db.ovn_revision_numbers_db [None req-118e0ae0-1e44-435c-8d17-63d4df768341 05ce3fe1ea6b4da48b4ef203eaf720b1 c1e674bb8f5742efbf36426db763d87a - - default default] Successfully bumped revision number for resource 1bddf41b-f1b7-4241-b23e-3958d928c3c6 (type: ports) to 1 [pid: 7|app: 0|req: 925/1877] 10.0.0.65 () {34 vars in 788 bytes} [Wed Jun 24 02:03:36 2026] PUT /v2.0/routers/c984ddc7-af5e-41e2-ab00-70126db8bf3d/remove_router_interface => generated 309 bytes in 617 msecs (HTTP/1.1 200) 4 headers in 157 bytes (1 switches on core 0) /var/lib/openstack/lib/python3.12/site-packages/pycadf/identifier.py:70: UserWarning: Invalid uuid: neutron. To ensure interoperability, identifiers should be a valid uuid. warnings.warn(('Invalid uuid: %s. To ensure interoperability, ' [pid: 8|app: 0|req: 953/1878] 10.0.0.65 () {34 vars in 669 bytes} [Wed Jun 24 02:03:36 2026] POST /v2.0/networks => generated 632 bytes in 491 msecs (HTTP/1.1 201) 4 headers in 162 bytes (1 switches on core 0) [pid: 8|app: 0|req: 954/1879] 10.0.0.65 () {32 vars in 716 bytes} [Wed Jun 24 02:03:37 2026] GET /v2.0/ports/b7e53086-8681-4956-a4e5-efaebf7d30ce => generated 947 bytes in 71 msecs (HTTP/1.1 200) 4 headers in 157 bytes (1 switches on core 0)
2026-06-24 02:03:37.384 7 WARNING neutron.scheduler.dhcp_agent_scheduler [None req-99da29d4-30eb-4806-a8f1-1f29e47b8f86 b32fdb25696b4ea6b7dffd6321f3566b 415cc8e8887d472890754c7cdf2c1af8 - - default default] No more DHCP agents
2026-06-24 02:03:37.385 7 WARNING neutron.api.rpc.agentnotifiers.dhcp_rpc_agent_api [None req-99da29d4-30eb-4806-a8f1-1f29e47b8f86 b32fdb25696b4ea6b7dffd6321f3566b 415cc8e8887d472890754c7cdf2c1af8 - - default default] Unable to schedule network 5762a176-6fe3-48cb-9c78-2de7b820991e: no agents available; will retry on subsequent port and subnet creation events.
2026-06-24 02:03:37.498 8 WARNING neutron.scheduler.dhcp_agent_scheduler [None req-6218f39c-0e75-4b0f-9f29-cd6f7e8ebd82 05ce3fe1ea6b4da48b4ef203eaf720b1 c1e674bb8f5742efbf36426db763d87a - - default default] No more DHCP agents
2026-06-24 02:03:37.499 8 WARNING neutron.api.rpc.agentnotifiers.dhcp_rpc_agent_api [None req-6218f39c-0e75-4b0f-9f29-cd6f7e8ebd82 05ce3fe1ea6b4da48b4ef203eaf720b1 c1e674bb8f5742efbf36426db763d87a - - default default] Unable to schedule network 31f8c51d-f68b-4206-bdbf-7ea0faf1e118: no agents available; will retry on subsequent port and subnet creation events.
2026-06-24 02:03:37.572 8 INFO neutron.db.ovn_revision_numbers_db [None req-6218f39c-0e75-4b0f-9f29-cd6f7e8ebd82 05ce3fe1ea6b4da48b4ef203eaf720b1 c1e674bb8f5742efbf36426db763d87a - - default default] Successfully bumped revision number for resource 7f8f7ac2-4c68-4201-978a-367e2b9b0222 (type: ports) to 1 [pid: 8|app: 0|req: 955/1880] 10.0.0.65 () {34 vars in 663 bytes} [Wed Jun 24 02:03:37 2026] POST /v2.0/ports => generated 743 bytes in 329 msecs (HTTP/1.1 201) 4 headers in 162 bytes (1 switches on core 0) /var/lib/openstack/lib/python3.12/site-packages/pycadf/identifier.py:70: UserWarning: Invalid uuid: neutron. To ensure interoperability, identifiers should be a valid uuid. warnings.warn(('Invalid uuid: %s. To ensure interoperability, '
2026-06-24 02:03:37.854 7 INFO neutron.db.ovn_revision_numbers_db [None req-10d211ec-be4d-4da8-81d5-d312535b7ca8 - - - - - -] Successfully bumped revision number for resource 1349061d-bc4b-46be-9e93-2c3b65b5b1e7 (type: ports) to 2
2026-06-24 02:03:37.880 7 INFO neutron.db.ovn_revision_numbers_db [None req-10d211ec-be4d-4da8-81d5-d312535b7ca8 - - - - - -] Successfully bumped revision number for resource 1a63887d-24f2-43da-9e8b-be2110fba17b (type: subnets) to 0
2026-06-24 02:03:37.893 8 INFO neutron_taas.services.taas.taas_plugin [None req-d2478654-2e8f-4d9b-b27b-db4adbae76cd 51e710b09a864bcb8c22644b0079857d 9ba30fc100d74b08b53077be88683d1e - - default default] TaaS: Handle Delete Port: b7e53086-8681-4956-a4e5-efaebf7d30ce
2026-06-24 02:03:37.896 8 INFO neutron_taas.services.taas.tap_mirror_plugin [None req-d2478654-2e8f-4d9b-b27b-db4adbae76cd 51e710b09a864bcb8c22644b0079857d 9ba30fc100d74b08b53077be88683d1e - - default default] Tap Mirror: Handle Delete Port: b7e53086-8681-4956-a4e5-efaebf7d30ce [pid: 7|app: 0|req: 926/1881] 10.0.0.65 () {34 vars in 668 bytes} [Wed Jun 24 02:03:37 2026] POST /v2.0/subnets => generated 641 bytes in 699 msecs (HTTP/1.1 201) 4 headers in 162 bytes (1 switches on core 0) [pid: 7|app: 0|req: 927/1882] 10.0.0.65 () {34 vars in 665 bytes} [Wed Jun 24 02:03:37 2026] POST /v2.0/trunks => generated 409 bytes in 159 msecs (HTTP/1.1 201) 4 headers in 162 bytes (1 switches on core 0) [pid: 8|app: 0|req: 956/1883] 10.0.0.65 () {34 vars in 788 bytes} [Wed Jun 24 02:03:37 2026] PUT /v2.0/routers/c984ddc7-af5e-41e2-ab00-70126db8bf3d/remove_router_interface => generated 309 bytes in 494 msecs (HTTP/1.1 200) 4 headers in 157 bytes (1 switches on core 0) /var/lib/openstack/lib/python3.12/site-packages/pycadf/identifier.py:70: UserWarning: Invalid uuid: neutron. To ensure interoperability, identifiers should be a valid uuid. warnings.warn(('Invalid uuid: %s. To ensure interoperability, '
2026-06-24 02:03:38.138 7 INFO neutron.db.segments_db [None req-64877ace-328e-485f-86c6-9d44b890da1d b32fdb25696b4ea6b7dffd6321f3566b 415cc8e8887d472890754c7cdf2c1af8 - - default default] Added segment c4b9976d-06f9-424a-b72d-20ae28bec00c of type geneve for network 976c372c-eb14-43dc-a420-d19aed5da064 [pid: 8|app: 0|req: 957/1884] 10.0.0.65 () {34 vars in 748 bytes} [Wed Jun 24 02:03:38 2026] PUT /v2.0/trunks/0b3ce4bf-d4b4-484a-900b-97b3dd265bf1/tags => generated 17 bytes in 32 msecs (HTTP/1.1 200) 4 headers in 156 bytes (1 switches on core 0) [pid: 8|app: 0|req: 958/1885] 10.0.0.65 () {32 vars in 735 bytes} [Wed Jun 24 02:03:38 2026] GET /v2.0/ports?device_id=c984ddc7-af5e-41e2-ab00-70126db8bf3d => generated 12 bytes in 17 msecs (HTTP/1.1 200) 4 headers in 156 bytes (1 switches on core 0) [pid: 8|app: 0|req: 959/1886] 10.0.0.65 () {34 vars in 748 bytes} [Wed Jun 24 02:03:38 2026] PUT /v2.0/trunks/5b264e6b-d1b0-419c-a5f0-a2b6e627fe91/tags => generated 25 bytes in 27 msecs (HTTP/1.1 200) 4 headers in 156 bytes (1 switches on core 0)
2026-06-24 02:03:38.236 7 INFO neutron.db.ovn_revision_numbers_db [None req-64877ace-328e-485f-86c6-9d44b890da1d b32fdb25696b4ea6b7dffd6321f3566b 415cc8e8887d472890754c7cdf2c1af8 - - default default] Successfully bumped revision number for resource 976c372c-eb14-43dc-a420-d19aed5da064 (type: networks) to 1 [pid: 8|app: 0|req: 960/1887] 10.0.0.65 () {32 vars in 723 bytes} [Wed Jun 24 02:03:38 2026] DELETE /v2.0/routers/c984ddc7-af5e-41e2-ab00-70126db8bf3d => generated 0 bytes in 165 msecs (HTTP/1.1 204) 2 headers in 112 bytes (1 switches on core 0) [pid: 8|app: 0|req: 961/1888] 10.0.0.65 () {34 vars in 748 bytes} [Wed Jun 24 02:03:38 2026] PUT /v2.0/trunks/d4b29784-a50a-4fab-97ae-3044039639c7/tags => generated 34 bytes in 29 msecs (HTTP/1.1 200) 4 headers in 156 bytes (1 switches on core 0)
2026-06-24 02:03:38.395 7 WARNING neutron.scheduler.dhcp_agent_scheduler [None req-64877ace-328e-485f-86c6-9d44b890da1d b32fdb25696b4ea6b7dffd6321f3566b 415cc8e8887d472890754c7cdf2c1af8 - - default default] No more DHCP agents
2026-06-24 02:03:38.397 7 WARNING neutron.api.rpc.agentnotifiers.dhcp_rpc_agent_api [None req-64877ace-328e-485f-86c6-9d44b890da1d b32fdb25696b4ea6b7dffd6321f3566b 415cc8e8887d472890754c7cdf2c1af8 - - default default] Unable to schedule network 976c372c-eb14-43dc-a420-d19aed5da064: no agents available; will retry on subsequent port and subnet creation events.
2026-06-24 02:03:38.464 7 INFO neutron.db.ovn_revision_numbers_db [None req-64877ace-328e-485f-86c6-9d44b890da1d b32fdb25696b4ea6b7dffd6321f3566b 415cc8e8887d472890754c7cdf2c1af8 - - default default] Successfully bumped revision number for resource 8fca647e-7bcd-4242-8095-bb1f35f4dd10 (type: ports) to 1 [pid: 7|app: 0|req: 928/1889] 10.0.0.65 () {34 vars in 669 bytes} [Wed Jun 24 02:03:38 2026] POST /v2.0/networks => generated 643 bytes in 426 msecs (HTTP/1.1 201) 4 headers in 162 bytes (1 switches on core 0) [pid: 7|app: 0|req: 929/1890] 10.0.0.65 () {34 vars in 748 bytes} [Wed Jun 24 02:03:38 2026] PUT /v2.0/trunks/df9ea75a-461b-46da-aeea-a5a993c6bfaf/tags => generated 19 bytes in 39 msecs (HTTP/1.1 200) 4 headers in 156 bytes (1 switches on core 0) [pid: 8|app: 0|req: 962/1891] 10.0.0.65 () {32 vars in 723 bytes} [Wed Jun 24 02:03:38 2026] DELETE /v2.0/subnets/40af9e5f-76e8-47eb-9711-b40f86aac414 => generated 0 bytes in 146 msecs (HTTP/1.1 204) 3 headers in 131 bytes (1 switches on core 0) [pid: 8|app: 0|req: 963/1892] 10.0.0.65 () {32 vars in 661 bytes} [Wed Jun 24 02:03:38 2026] GET /v2.0/trunks?tags=red => generated 1252 bytes in 17 msecs (HTTP/1.1 200) 4 headers in 158 bytes (1 switches on core 0) [pid: 8|app: 0|req: 964/1893] 10.0.0.65 () {32 vars in 723 bytes} [Wed Jun 24 02:03:38 2026] DELETE /v2.0/subnets/4b7e9325-dd51-4487-989a-19e251ec1505 => generated 0 bytes in 136 msecs (HTTP/1.1 204) 3 headers in 131 bytes (1 switches on core 0) [pid: 8|app: 0|req: 965/1894] 10.0.0.65 () {32 vars in 675 bytes} [Wed Jun 24 02:03:38 2026] GET /v2.0/trunks?tags=red%2Cblue => generated 847 bytes in 16 msecs (HTTP/1.1 200) 4 headers in 157 bytes (1 switches on core 0)
2026-06-24 02:03:38.823 8 INFO neutron_taas.services.taas.taas_plugin [None req-e6964b9c-8628-4cec-9cf0-afc1890f9dbb 51e710b09a864bcb8c22644b0079857d 9ba30fc100d74b08b53077be88683d1e - - default default] TaaS: Handle Delete Port: 8560688b-347d-404c-b294-418f03eb9d3a
2026-06-24 02:03:38.826 8 INFO neutron_taas.services.taas.tap_mirror_plugin [None req-e6964b9c-8628-4cec-9cf0-afc1890f9dbb 51e710b09a864bcb8c22644b0079857d 9ba30fc100d74b08b53077be88683d1e - - default default] Tap Mirror: Handle Delete Port: 8560688b-347d-404c-b294-418f03eb9d3a
2026-06-24 02:03:38.995 8 INFO neutron.services.segments.plugin [-] Segment 91746081-4809-44d9-a573-d047b3e35895 resource provider aggregate not found
2026-06-24 02:03:39.000 8 INFO neutron.services.segments.plugin [-] Segment 91746081-4809-44d9-a573-d047b3e35895 resource provider aggregate not found
2026-06-24 02:03:39.025 8 INFO neutron.services.segments.plugin [-] Segment 91746081-4809-44d9-a573-d047b3e35895 resource provider not found; error: Placement Client Error (4xx): {"errors": [{"status": 404, "title": "Not Found", "detail": "The resource could not be found.\n\n No resource provider with uuid 91746081-4809-44d9-a573-d047b3e35895 found for delete ", "request_id": "req-74e15fa2-9ae8-49c9-9cf8-949303de2b6e"}]}
2026-06-24 02:03:39.025 8 INFO neutron.services.segments.plugin [-] Segment 91746081-4809-44d9-a573-d047b3e35895 resource provider not found; error: Placement Client Error (4xx): {"errors": [{"status": 404, "title": "Not Found", "detail": "The resource could not be found.\n\n No resource provider with uuid 91746081-4809-44d9-a573-d047b3e35895 found for delete ", "request_id": "req-891aed10-3c70-40f9-a596-e70ba061bed9"}]} [pid: 8|app: 0|req: 966/1895] 10.0.0.65 () {32 vars in 725 bytes} [Wed Jun 24 02:03:38 2026] DELETE /v2.0/networks/f798b47c-46d9-444a-9fba-2b1cc3030166 => generated 0 bytes in 355 msecs (HTTP/1.1 204) 3 headers in 131 bytes (1 switches on core 0)
2026-06-24 02:03:39.085 7 WARNING neutron.plugins.ml2.drivers.ovn.mech_driver.ovsdb.ovn_client [None req-652d51a7-082e-4cd9-a1ea-44fa90ac2c2c - - - - - -] No port found with ID b7e53086-8681-4956-a4e5-efaebf7d30ce: RuntimeError: No port found with ID b7e53086-8681-4956-a4e5-efaebf7d30ce [pid: 8|app: 0|req: 967/1896] 10.0.0.65 () {32 vars in 671 bytes} [Wed Jun 24 02:03:39 2026] GET /v2.0/trunks?tags-any=blue => generated 847 bytes in 29 msecs (HTTP/1.1 200) 4 headers in 157 bytes (1 switches on core 0)
2026-06-24 02:03:39.112 7 INFO neutron.plugins.ml2.drivers.ovn.mech_driver.mech_driver [None req-652d51a7-082e-4cd9-a1ea-44fa90ac2c2c - - - - - -] OVN reports status down for port: 2716141f-c980-4cec-be4b-9f0511bab9d2
2026-06-24 02:03:39.173 7 INFO neutron.db.ovn_revision_numbers_db [None req-4a5fae42-e29f-4fc0-9ab9-9df1b3a7dc7f b32fdb25696b4ea6b7dffd6321f3566b 415cc8e8887d472890754c7cdf2c1af8 - - default default] Successfully bumped revision number for resource 976c372c-eb14-43dc-a420-d19aed5da064 (type: networks) to 2 [pid: 7|app: 0|req: 930/1897] 10.0.0.65 () {34 vars in 742 bytes} [Wed Jun 24 02:03:38 2026] PUT /v2.0/networks/976c372c-eb14-43dc-a420-d19aed5da064 => generated 598 bytes in 656 msecs (HTTP/1.1 200) 4 headers in 157 bytes (1 switches on core 0)
2026-06-24 02:03:39.213 8 INFO neutron_taas.services.taas.taas_plugin [None req-192381b9-e2e1-46dc-903c-7b277d478d07 51e710b09a864bcb8c22644b0079857d 9ba30fc100d74b08b53077be88683d1e - - default default] TaaS: Handle Delete Port: c707f874-8d98-4b9f-a543-36d226677ba6 [pid: 7|app: 0|req: 931/1898] 10.0.0.65 () {32 vars in 683 bytes} [Wed Jun 24 02:03:39 2026] GET /v2.0/trunks?tags-any=red%2Cblue => generated 1252 bytes in 33 msecs (HTTP/1.1 200) 4 headers in 158 bytes (1 switches on core 0)
2026-06-24 02:03:39.215 8 INFO neutron_taas.services.taas.tap_mirror_plugin [None req-192381b9-e2e1-46dc-903c-7b277d478d07 51e710b09a864bcb8c22644b0079857d 9ba30fc100d74b08b53077be88683d1e - - default default] Tap Mirror: Handle Delete Port: c707f874-8d98-4b9f-a543-36d226677ba6 [pid: 8|app: 0|req: 968/1899] 10.0.0.65 () {32 vars in 725 bytes} [Wed Jun 24 02:03:39 2026] DELETE /v2.0/networks/dbf3c7c4-f7a0-4ad4-a399-00478b0dfd81 => generated 0 bytes in 305 msecs (HTTP/1.1 204) 3 headers in 131 bytes (1 switches on core 0)
2026-06-24 02:03:39.395 7 WARNING neutron.scheduler.dhcp_agent_scheduler [None req-ae41633a-986f-4b26-8c25-b46b62c90a93 b32fdb25696b4ea6b7dffd6321f3566b 415cc8e8887d472890754c7cdf2c1af8 - - default default] No more DHCP agents
2026-06-24 02:03:39.396 7 WARNING neutron.api.rpc.agentnotifiers.dhcp_rpc_agent_api [None req-ae41633a-986f-4b26-8c25-b46b62c90a93 b32fdb25696b4ea6b7dffd6321f3566b 415cc8e8887d472890754c7cdf2c1af8 - - default default] Unable to schedule network 976c372c-eb14-43dc-a420-d19aed5da064: no agents available; will retry on subsequent port and subnet creation events. [pid: 8|app: 0|req: 969/1900] 10.0.0.65 () {32 vars in 669 bytes} [Wed Jun 24 02:03:39 2026] GET /v2.0/trunks?not-tags=red => generated 819 bytes in 13 msecs (HTTP/1.1 200) 4 headers in 157 bytes (1 switches on core 0)
2026-06-24 02:03:39.470 8 INFO neutron.db.segments_db [None req-fc56a943-75d4-4b3c-90ac-8d59e10b8e31 51e710b09a864bcb8c22644b0079857d 9ba30fc100d74b08b53077be88683d1e - - default default] Added segment f49af212-755e-471c-9265-436fd213bf03 of type geneve for network bb5c0116-fbc8-4c62-86de-8d055050306b
2026-06-24 02:03:39.575 8 INFO neutron.db.ovn_revision_numbers_db [None req-fc56a943-75d4-4b3c-90ac-8d59e10b8e31 51e710b09a864bcb8c22644b0079857d 9ba30fc100d74b08b53077be88683d1e - - default default] Successfully bumped revision number for resource bb5c0116-fbc8-4c62-86de-8d055050306b (type: networks) to 1
2026-06-24 02:03:39.750 8 WARNING neutron.scheduler.dhcp_agent_scheduler [None req-fc56a943-75d4-4b3c-90ac-8d59e10b8e31 51e710b09a864bcb8c22644b0079857d 9ba30fc100d74b08b53077be88683d1e - - default default] No more DHCP agents
2026-06-24 02:03:39.751 8 WARNING neutron.api.rpc.agentnotifiers.dhcp_rpc_agent_api [None req-fc56a943-75d4-4b3c-90ac-8d59e10b8e31 51e710b09a864bcb8c22644b0079857d 9ba30fc100d74b08b53077be88683d1e - - default default] Unable to schedule network bb5c0116-fbc8-4c62-86de-8d055050306b: no agents available; will retry on subsequent port and subnet creation events.
2026-06-24 02:03:39.808 7 INFO neutron.plugins.ml2.drivers.ovn.mech_driver.mech_driver [None req-652d51a7-082e-4cd9-a1ea-44fa90ac2c2c - - - - - -] OVN reports status down for port: cc00b69a-82de-40a8-bc04-e41f863baa44
2026-06-24 02:03:39.814 7 INFO neutron.db.ovn_revision_numbers_db [None req-ba18a435-ae04-479a-8c5b-94b7cc05efb2 - - - - - -] Successfully bumped revision number for resource 8fca647e-7bcd-4242-8095-bb1f35f4dd10 (type: ports) to 2
2026-06-24 02:03:39.832 8 INFO neutron.db.ovn_revision_numbers_db [None req-fc56a943-75d4-4b3c-90ac-8d59e10b8e31 51e710b09a864bcb8c22644b0079857d 9ba30fc100d74b08b53077be88683d1e - - default default] Successfully bumped revision number for resource cc00b69a-82de-40a8-bc04-e41f863baa44 (type: ports) to 1 [pid: 8|app: 0|req: 970/1901] 10.0.0.65 () {34 vars in 669 bytes} [Wed Jun 24 02:03:39 2026] POST /v2.0/networks => generated 633 bytes in 449 msecs (HTTP/1.1 201) 4 headers in 162 bytes (1 switches on core 0)
2026-06-24 02:03:39.857 7 INFO neutron.db.ovn_revision_numbers_db [None req-ba18a435-ae04-479a-8c5b-94b7cc05efb2 - - - - - -] Successfully bumped revision number for resource 0382a4e2-487b-4875-bf63-b9e25891d35f (type: subnets) to 0 [pid: 8|app: 0|req: 971/1902] 10.0.0.65 () {32 vars in 683 bytes} [Wed Jun 24 02:03:39 2026] GET /v2.0/trunks?not-tags=red%2Cblue => generated 1224 bytes in 18 msecs (HTTP/1.1 200) 4 headers in 158 bytes (1 switches on core 0) [pid: 7|app: 0|req: 932/1903] 10.0.0.65 () {34 vars in 668 bytes} [Wed Jun 24 02:03:39 2026] POST /v2.0/subnets => generated 626 bytes in 670 msecs (HTTP/1.1 201) 4 headers in 162 bytes (1 switches on core 0) [pid: 7|app: 0|req: 933/1904] 10.0.0.65 () {32 vars in 679 bytes} [Wed Jun 24 02:03:39 2026] GET /v2.0/trunks?not-tags-any=blue => generated 1224 bytes in 21 msecs (HTTP/1.1 200) 4 headers in 158 bytes (1 switches on core 0)
2026-06-24 02:03:40.063 8 WARNING neutron.scheduler.dhcp_agent_scheduler [None req-869c67cb-ccb8-4d69-bac4-f60f9465ac69 51e710b09a864bcb8c22644b0079857d 9ba30fc100d74b08b53077be88683d1e - - default default] No more DHCP agents
2026-06-24 02:03:40.065 8 WARNING neutron.api.rpc.agentnotifiers.dhcp_rpc_agent_api [None req-869c67cb-ccb8-4d69-bac4-f60f9465ac69 51e710b09a864bcb8c22644b0079857d 9ba30fc100d74b08b53077be88683d1e - - default default] Unable to schedule network bb5c0116-fbc8-4c62-86de-8d055050306b: no agents available; will retry on subsequent port and subnet creation events.
2026-06-24 02:03:40.096 8 INFO neutron.db.ovn_revision_numbers_db [None req-869c67cb-ccb8-4d69-bac4-f60f9465ac69 51e710b09a864bcb8c22644b0079857d 9ba30fc100d74b08b53077be88683d1e - - default default] Successfully bumped revision number for resource 4763eb28-4c77-4406-a126-88faf60dcac4 (type: subnets) to 0
2026-06-24 02:03:40.106 7 INFO neutron.db.ovn_revision_numbers_db [None req-a14f3c9c-8ab3-46ae-bec9-b11c2bd1dcf5 b32fdb25696b4ea6b7dffd6321f3566b 415cc8e8887d472890754c7cdf2c1af8 - - default default] Successfully bumped revision number for resource 0382a4e2-487b-4875-bf63-b9e25891d35f (type: subnets) to 1 [pid: 7|app: 0|req: 934/1905] 10.0.0.65 () {34 vars in 740 bytes} [Wed Jun 24 02:03:39 2026] PUT /v2.0/subnets/0382a4e2-487b-4875-bf63-b9e25891d35f => generated 636 bytes in 203 msecs (HTTP/1.1 200) 4 headers in 157 bytes (1 switches on core 0) [pid: 8|app: 0|req: 972/1906] 10.0.0.65 () {34 vars in 668 bytes} [Wed Jun 24 02:03:39 2026] POST /v2.0/subnets => generated 646 bytes in 239 msecs (HTTP/1.1 201) 4 headers in 162 bytes (1 switches on core 0) [pid: 7|app: 0|req: 935/1907] 10.0.0.65 () {32 vars in 691 bytes} [Wed Jun 24 02:03:40 2026] GET /v2.0/trunks?not-tags-any=red%2Cblue => generated 819 bytes in 17 msecs (HTTP/1.1 200) 4 headers in 157 bytes (1 switches on core 0)
2026-06-24 02:03:40.236 7 INFO neutron.db.ovn_revision_numbers_db [None req-473bb8bd-376c-44ad-89be-3714d8fad2d4 51e710b09a864bcb8c22644b0079857d 9ba30fc100d74b08b53077be88683d1e - - default default] Successfully bumped revision number for resource 7a5efd1e-66d7-4957-a250-272202df75eb (type: routers) to 1 [pid: 7|app: 0|req: 936/1908] 10.0.0.65 () {34 vars in 668 bytes} [Wed Jun 24 02:03:40 2026] POST /v2.0/routers => generated 606 bytes in 123 msecs (HTTP/1.1 201) 4 headers in 162 bytes (1 switches on core 0)
2026-06-24 02:03:40.260 8 INFO neutron_taas.services.taas.taas_plugin [None req-1c6bd020-f785-4cd4-a59b-f7bd640bdf38 b32fdb25696b4ea6b7dffd6321f3566b 415cc8e8887d472890754c7cdf2c1af8 - - default default] TaaS: Handle Delete Port: 8fca647e-7bcd-4242-8095-bb1f35f4dd10 [pid: 7|app: 0|req: 937/1909] 10.0.0.65 () {32 vars in 718 bytes} [Wed Jun 24 02:03:40 2026] GET /v2.0/trunks/0b3ce4bf-d4b4-484a-900b-97b3dd265bf1 => generated 414 bytes in 10 msecs (HTTP/1.1 200) 4 headers in 157 bytes (1 switches on core 0)
2026-06-24 02:03:40.263 8 INFO neutron_taas.services.taas.tap_mirror_plugin [None req-1c6bd020-f785-4cd4-a59b-f7bd640bdf38 b32fdb25696b4ea6b7dffd6321f3566b 415cc8e8887d472890754c7cdf2c1af8 - - default default] Tap Mirror: Handle Delete Port: 8fca647e-7bcd-4242-8095-bb1f35f4dd10
2026-06-24 02:03:40.516 7 WARNING neutron.scheduler.dhcp_agent_scheduler [None req-42f16d4a-a14f-4508-97e3-54217cb3c1c4 51e710b09a864bcb8c22644b0079857d 9ba30fc100d74b08b53077be88683d1e - - default default] No more DHCP agents
