2026-06-24 02:02:04.692 8 INFO neutron.pecan_wsgi.hooks.translation [None req-974bf2b5-99d0-4466-baed-721066588c8a e4dfff8e7d014b22834be766010f9c83 3e8cb25a08ed45e9bfa7a2af9dff835e - - default default] GET failed (client error): The resource could not be found. [pid: 8|app: 0|req: 643/1237] 10.0.0.65 () {32 vars in 716 bytes} [Wed Jun 24 02:02:04 2026] GET /v2.0/ports/6e1242a1-c135-4f21-9e2a-e525dc228a81 => generated 132 bytes in 33 msecs (HTTP/1.1 404) 4 headers in 164 bytes (1 switches on core 0)
2026-06-24 02:02:04.701 7 INFO neutron.plugins.ml2.drivers.ovn.mech_driver.ovsdb.ovsdb_monitor [None req-66a581a4-b299-482e-90d5-3d0289e556e8 - - - - - -] Router 2808a4e1-c314-4c88-9e42-a08b4a68fe1c is bound to host instance
2026-06-24 02:02:04.711 8 INFO neutron.pecan_wsgi.hooks.translation [None req-f12042d2-8cb3-42a8-beac-cc6e7a38d05f 6444e50c0394481dbdc95f1b64cb246a 7996b63a668f4af0b3eb4be025529f5f - - default default] DELETE failed (client error): The resource could not be found. [pid: 8|app: 0|req: 644/1238] 10.0.0.65 () {32 vars in 723 bytes} [Wed Jun 24 02:02:04 2026] DELETE /v2.0/subnets/b16572ed-4b66-4db3-acc2-a88fa9ff98f7 => generated 136 bytes in 21 msecs (HTTP/1.1 404) 4 headers in 164 bytes (1 switches on core 0)
2026-06-24 02:02:04.796 7 INFO neutron.db.ovn_revision_numbers_db [None req-fcb64de6-72e2-43d8-a669-e8551985ca25 fbb81fd4bf734e3b9feed6acb99e4c9e f17a00b02b8d49e8b485b8e32f82e84a - - default default] Successfully bumped revision number for resource 2808a4e1-c314-4c88-9e42-a08b4a68fe1c (type: routers) to 2 [pid: 7|app: 0|req: 595/1239] 10.0.0.65 () {34 vars in 668 bytes} [Wed Jun 24 02:02:03 2026] POST /v2.0/routers => generated 970 bytes in 1421 msecs (HTTP/1.1 201) 4 headers in 162 bytes (1 switches on core 0)
2026-06-24 02:02:04.859 7 INFO neutron.pecan_wsgi.hooks.translation [None req-a9a62295-c9dd-4e16-b95b-e3ac9524a039 6444e50c0394481dbdc95f1b64cb246a 7996b63a668f4af0b3eb4be025529f5f - - default default] DELETE failed (client error): The resource could not be found. [pid: 7|app: 0|req: 596/1240] 10.0.0.65 () {32 vars in 723 bytes} [Wed Jun 24 02:02:04 2026] DELETE /v2.0/subnets/48e32eed-5d26-4afd-a6e3-c4c98cc89e0b => generated 136 bytes in 35 msecs (HTTP/1.1 404) 4 headers in 164 bytes (1 switches on core 0) [pid: 8|app: 0|req: 645/1241] 10.0.0.65 () {32 vars in 723 bytes} [Wed Jun 24 02:02:04 2026] DELETE /v2.0/subnets/aeecbabe-0f6f-4cdc-839e-9c003003b835 => generated 0 bytes in 164 msecs (HTTP/1.1 204) 3 headers in 131 bytes (1 switches on core 0)
2026-06-24 02:02:04.984 8 WARNING neutron.plugins.ml2.drivers.ovn.mech_driver.ovsdb.ovn_client [None req-8c95916c-6f90-4eb6-8cbf-4d0e76e35fa1 - - - - - -] No port found with ID 41815d46-60c1-4937-a4eb-065c6bc9ae56: RuntimeError: No port found with ID 41815d46-60c1-4937-a4eb-065c6bc9ae56
2026-06-24 02:02:04.984 8 INFO neutron.plugins.ml2.drivers.ovn.mech_driver.mech_driver [None req-8c95916c-6f90-4eb6-8cbf-4d0e76e35fa1 - - - - - -] OVN reports status down for port: d539ad82-4255-463d-b38c-0a0b09b454c4
2026-06-24 02:02:05.003 8 INFO neutron_taas.services.taas.taas_plugin [None req-a3c70828-975a-4f1a-8526-878b058894ac e4dfff8e7d014b22834be766010f9c83 3e8cb25a08ed45e9bfa7a2af9dff835e - - default default] TaaS: Handle Delete Port: 327c61b1-e678-4d50-ad1b-d98248361f26
2026-06-24 02:02:05.006 8 INFO neutron_taas.services.taas.tap_mirror_plugin [None req-a3c70828-975a-4f1a-8526-878b058894ac e4dfff8e7d014b22834be766010f9c83 3e8cb25a08ed45e9bfa7a2af9dff835e - - default default] Tap Mirror: Handle Delete Port: 327c61b1-e678-4d50-ad1b-d98248361f26
2026-06-24 02:02:05.072 8 INFO neutron.plugins.ml2.drivers.ovn.mech_driver.mech_driver [None req-8c95916c-6f90-4eb6-8cbf-4d0e76e35fa1 - - - - - -] OVN reports status down for port: fed8a102-f05f-41af-9b01-d846e920f9b4
2026-06-24 02:02:05.164 8 INFO neutron.plugins.ml2.drivers.ovn.mech_driver.mech_driver [None req-8c95916c-6f90-4eb6-8cbf-4d0e76e35fa1 - - - - - -] OVN reports status up for port: 3a02a196-6b52-4f55-b4a9-8174d36dbfcc
2026-06-24 02:02:05.188 8 INFO neutron.plugins.ml2.plugin [None req-8c95916c-6f90-4eb6-8cbf-4d0e76e35fa1 - - - - - -] Attempt 1 to provision port 3a02a196-6b52-4f55-b4a9-8174d36dbfcc
2026-06-24 02:02:05.268 8 INFO neutron.services.segments.plugin [-] Segment 668cc1fa-3b69-4775-8498-2671d30b47f0 resource provider aggregate not found
2026-06-24 02:02:05.272 8 INFO neutron.services.segments.plugin [-] Segment 668cc1fa-3b69-4775-8498-2671d30b47f0 resource provider aggregate not found
2026-06-24 02:02:05.290 8 INFO neutron.services.segments.plugin [-] Segment 668cc1fa-3b69-4775-8498-2671d30b47f0 resource provider not found; error: Placement Client Error (4xx): {"errors": [{"status": 404, "title": "Not Found", "detail": "The resource could not be found.\n\n No resource provider with uuid 668cc1fa-3b69-4775-8498-2671d30b47f0 found for delete ", "request_id": "req-0562b026-7a15-41bd-8d9d-0c4efc7048e1"}]}
2026-06-24 02:02:05.294 8 INFO neutron.services.segments.plugin [-] Segment 668cc1fa-3b69-4775-8498-2671d30b47f0 resource provider not found; error: Placement Client Error (4xx): {"errors": [{"status": 404, "title": "Not Found", "detail": "The resource could not be found.\n\n No resource provider with uuid 668cc1fa-3b69-4775-8498-2671d30b47f0 found for delete ", "request_id": "req-76b6ac13-d08a-4cac-8cec-ba6315beb53e"}]} [pid: 8|app: 0|req: 646/1242] 10.0.0.65 () {32 vars in 725 bytes} [Wed Jun 24 02:02:04 2026] DELETE /v2.0/networks/6d082d4d-a4d4-402d-8deb-ed06ddcf3ddc => generated 0 bytes in 491 msecs (HTTP/1.1 204) 3 headers in 131 bytes (1 switches on core 0)
2026-06-24 02:02:05.391 8 INFO neutron.notifiers.nova [-] Nova event matching ['req-e0cd718e-1573-410e-b081-b398dd8f01c3'] response: {'server_uuid': '352b97d0-a394-4515-8b21-b1a426e24aa4', 'name': 'network-vif-plugged', 'status': 'completed', 'tag': '3a02a196-6b52-4f55-b4a9-8174d36dbfcc', 'code': 200} [pid: 8|app: 0|req: 647/1243] 10.0.0.65 () {32 vars in 773 bytes} [Wed Jun 24 02:02:05 2026] GET /v2.0/security-groups?tenant_id=7996b63a668f4af0b3eb4be025529f5f&name=default => generated 2925 bytes in 169 msecs (HTTP/1.1 200) 4 headers in 158 bytes (1 switches on core 0)
2026-06-24 02:02:05.580 8 INFO neutron.db.ovn_revision_numbers_db [None req-8c95916c-6f90-4eb6-8cbf-4d0e76e35fa1 - - - - - -] Successfully bumped revision number for resource 3a02a196-6b52-4f55-b4a9-8174d36dbfcc (type: ports) to 5 [pid: 8|app: 0|req: 648/1244] 10.0.0.121 () {34 vars in 990 bytes} [Wed Jun 24 02:02:05 2026] GET /v2.0/ports?device_id=352b97d0-a394-4515-8b21-b1a426e24aa4 => generated 975 bytes in 51 msecs (HTTP/1.1 200) 4 headers in 157 bytes (1 switches on core 0)
2026-06-24 02:02:05.721 8 INFO neutron.plugins.ml2.drivers.ovn.mech_driver.mech_driver [None req-ec698841-8b02-4f5f-aa5d-53ca7d0979d5 - - - - - -] OVN reports status down for port: 327c61b1-e678-4d50-ad1b-d98248361f26
2026-06-24 02:02:05.741 8 INFO neutron.plugins.ml2.drivers.ovn.mech_driver.mech_driver [None req-ec698841-8b02-4f5f-aa5d-53ca7d0979d5 - - - - - -] OVN reports status down for port: aa3d0207-1c8d-4d7d-81e8-6a81d2c5cb41
2026-06-24 02:02:05.756 8 INFO neutron.db.segments_db [None req-cd8e54e6-4112-44e0-82cf-df2c751b8937 e4dfff8e7d014b22834be766010f9c83 3e8cb25a08ed45e9bfa7a2af9dff835e - - default default] Added segment 5e2c173d-1643-4e1b-8968-f84fcdffac1e of type geneve for network 95d67d93-f4d3-4517-b35e-25d6ce7822f9
2026-06-24 02:02:05.766 7 WARNING neutron.scheduler.dhcp_agent_scheduler [None req-b2099ee0-5ff8-4131-8166-d1cfa0d33f1e fbb81fd4bf734e3b9feed6acb99e4c9e f17a00b02b8d49e8b485b8e32f82e84a - - default default] No more DHCP agents
2026-06-24 02:02:05.769 7 WARNING neutron.api.rpc.agentnotifiers.dhcp_rpc_agent_api [None req-b2099ee0-5ff8-4131-8166-d1cfa0d33f1e fbb81fd4bf734e3b9feed6acb99e4c9e f17a00b02b8d49e8b485b8e32f82e84a - - default default] Unable to schedule network 5178b7af-398c-4f38-b005-4178e9fd34fd: no agents available; will retry on subsequent port and subnet creation events.
2026-06-24 02:02:05.838 8 WARNING neutron.plugins.ml2.drivers.ovn.mech_driver.ovsdb.ovn_client [None req-ec698841-8b02-4f5f-aa5d-53ca7d0979d5 - - - - - -] Logical_Switch_Port aa3d0207-1c8d-4d7d-81e8-6a81d2c5cb41 host information not removed, the port state is up
2026-06-24 02:02:05.838 8 INFO neutron.plugins.ml2.drivers.ovn.mech_driver.mech_driver [None req-ec698841-8b02-4f5f-aa5d-53ca7d0979d5 - - - - - -] OVN reports status up for port: aa3d0207-1c8d-4d7d-81e8-6a81d2c5cb41
2026-06-24 02:02:05.857 8 INFO neutron.plugins.ml2.plugin [None req-ec698841-8b02-4f5f-aa5d-53ca7d0979d5 - - - - - -] Attempt 1 to provision port aa3d0207-1c8d-4d7d-81e8-6a81d2c5cb41
2026-06-24 02:02:05.933 8 INFO neutron.db.ovn_revision_numbers_db [None req-cd8e54e6-4112-44e0-82cf-df2c751b8937 e4dfff8e7d014b22834be766010f9c83 3e8cb25a08ed45e9bfa7a2af9dff835e - - default default] Successfully bumped revision number for resource 95d67d93-f4d3-4517-b35e-25d6ce7822f9 (type: networks) to 1
2026-06-24 02:02:06.029 7 INFO neutron.db.ovn_revision_numbers_db [None req-b2099ee0-5ff8-4131-8166-d1cfa0d33f1e fbb81fd4bf734e3b9feed6acb99e4c9e f17a00b02b8d49e8b485b8e32f82e84a - - default default] Successfully bumped revision number for resource 5bd1fcb9-01b4-4f33-a169-165fb95c6c14 (type: ports) to 1
2026-06-24 02:02:06.134 7 INFO neutron.db.ovn_revision_numbers_db [None req-312198ba-c66f-42d2-a254-52942496d15c - - - - - -] Successfully bumped revision number for resource aa3d0207-1c8d-4d7d-81e8-6a81d2c5cb41 (type: ports) to 4
2026-06-24 02:02:06.285 8 WARNING neutron.scheduler.dhcp_agent_scheduler [None req-cd8e54e6-4112-44e0-82cf-df2c751b8937 e4dfff8e7d014b22834be766010f9c83 3e8cb25a08ed45e9bfa7a2af9dff835e - - default default] No more DHCP agents
2026-06-24 02:02:06.288 8 WARNING neutron.api.rpc.agentnotifiers.dhcp_rpc_agent_api [None req-cd8e54e6-4112-44e0-82cf-df2c751b8937 e4dfff8e7d014b22834be766010f9c83 3e8cb25a08ed45e9bfa7a2af9dff835e - - default default] Unable to schedule network 95d67d93-f4d3-4517-b35e-25d6ce7822f9: no agents available; will retry on subsequent port and subnet creation events.
2026-06-24 02:02:06.429 8 INFO neutron.db.ovn_revision_numbers_db [None req-cd8e54e6-4112-44e0-82cf-df2c751b8937 e4dfff8e7d014b22834be766010f9c83 3e8cb25a08ed45e9bfa7a2af9dff835e - - default default] Successfully bumped revision number for resource 9b0bf40e-472d-45aa-b837-206a9b384777 (type: ports) to 1 [pid: 8|app: 0|req: 649/1245] 10.0.0.65 () {34 vars in 669 bytes} [Wed Jun 24 02:02:05 2026] POST /v2.0/networks => generated 631 bytes in 908 msecs (HTTP/1.1 201) 4 headers in 162 bytes (1 switches on core 0) /var/lib/openstack/lib/python3.12/site-packages/pycadf/identifier.py:70: UserWarning: Invalid uuid: neutron. To ensure interoperability, identifiers should be a valid uuid. warnings.warn(('Invalid uuid: %s. To ensure interoperability, '
2026-06-24 02:02:06.562 8 INFO neutron.db.ovn_revision_numbers_db [None req-ec698841-8b02-4f5f-aa5d-53ca7d0979d5 - - - - - -] Successfully bumped revision number for resource aa3d0207-1c8d-4d7d-81e8-6a81d2c5cb41 (type: ports) to 5
2026-06-24 02:02:06.794 8 INFO neutron.plugins.ml2.drivers.ovn.mech_driver.mech_driver [None req-dadaa301-1a7a-4c54-a536-1160f69ab5d8 - - - - - -] OVN reports status down for port: 5bd1fcb9-01b4-4f33-a169-165fb95c6c14
2026-06-24 02:02:06.847 7 WARNING neutron.scheduler.dhcp_agent_scheduler [None req-b2099ee0-5ff8-4131-8166-d1cfa0d33f1e fbb81fd4bf734e3b9feed6acb99e4c9e f17a00b02b8d49e8b485b8e32f82e84a - - default default] No more DHCP agents
2026-06-24 02:02:06.848 7 WARNING neutron.api.rpc.agentnotifiers.dhcp_rpc_agent_api [None req-b2099ee0-5ff8-4131-8166-d1cfa0d33f1e fbb81fd4bf734e3b9feed6acb99e4c9e f17a00b02b8d49e8b485b8e32f82e84a - - default default] Unable to schedule network 5178b7af-398c-4f38-b005-4178e9fd34fd: no agents available; will retry on subsequent port and subnet creation events.
2026-06-24 02:02:06.870 8 WARNING neutron.plugins.ml2.drivers.ovn.mech_driver.ovsdb.ovn_client [None req-dadaa301-1a7a-4c54-a536-1160f69ab5d8 - - - - - -] Logical_Switch_Port 5bd1fcb9-01b4-4f33-a169-165fb95c6c14 host information not removed, the port state is up
2026-06-24 02:02:06.871 8 INFO neutron.plugins.ml2.drivers.ovn.mech_driver.mech_driver [None req-dadaa301-1a7a-4c54-a536-1160f69ab5d8 - - - - - -] OVN reports status down for port: 9b0bf40e-472d-45aa-b837-206a9b384777 [pid: 8|app: 0|req: 650/1246] 10.0.0.65 () {32 vars in 739 bytes} [Wed Jun 24 02:02:06 2026] DELETE /v2.0/security-groups/125bcedd-329f-490a-a2f8-eece56d60a09 => generated 0 bytes in 407 msecs (HTTP/1.1 204) 2 headers in 112 bytes (1 switches on core 0) [pid: 8|app: 0|req: 651/1247] 10.0.0.121 () {34 vars in 1040 bytes} [Wed Jun 24 02:02:06 2026] GET /v2.0/security-groups?id=bc697225-d307-4b93-a481-97da011fbcf8&fields=id&fields=name => generated 114 bytes in 46 msecs (HTTP/1.1 200) 4 headers in 157 bytes (1 switches on core 0)
2026-06-24 02:02:06.988 8 INFO neutron.plugins.ml2.drivers.ovn.mech_driver.mech_driver [None req-dadaa301-1a7a-4c54-a536-1160f69ab5d8 - - - - - -] OVN reports status up for port: 5bd1fcb9-01b4-4f33-a169-165fb95c6c14
2026-06-24 02:02:07.012 8 INFO neutron.plugins.ml2.plugin [None req-dadaa301-1a7a-4c54-a536-1160f69ab5d8 - - - - - -] Attempt 1 to provision port 5bd1fcb9-01b4-4f33-a169-165fb95c6c14
2026-06-24 02:02:07.272 8 WARNING neutron.scheduler.dhcp_agent_scheduler [None req-f4e1d318-973c-4e8a-baf5-33135634568e e4dfff8e7d014b22834be766010f9c83 3e8cb25a08ed45e9bfa7a2af9dff835e - - default default] No more DHCP agents
2026-06-24 02:02:07.273 8 WARNING neutron.api.rpc.agentnotifiers.dhcp_rpc_agent_api [None req-f4e1d318-973c-4e8a-baf5-33135634568e e4dfff8e7d014b22834be766010f9c83 3e8cb25a08ed45e9bfa7a2af9dff835e - - default default] Unable to schedule network 95d67d93-f4d3-4517-b35e-25d6ce7822f9: no agents available; will retry on subsequent port and subnet creation events.
2026-06-24 02:02:07.347 7 INFO neutron.db.ovn_revision_numbers_db [None req-b2099ee0-5ff8-4131-8166-d1cfa0d33f1e fbb81fd4bf734e3b9feed6acb99e4c9e f17a00b02b8d49e8b485b8e32f82e84a - - default default] Successfully bumped revision number for resource 5bd1fcb9-01b4-4f33-a169-165fb95c6c14 (type: router_ports) to 1 [pid: 7|app: 0|req: 597/1250] 10.0.0.65 () {34 vars in 782 bytes} [Wed Jun 24 02:02:04 2026] PUT /v2.0/routers/2808a4e1-c314-4c88-9e42-a08b4a68fe1c/add_router_interface => generated 309 bytes in 2489 msecs (HTTP/1.1 200) 4 headers in 157 bytes (1 switches on core 0)
2026-06-24 02:02:07.494 8 INFO neutron.notifiers.nova [-] Nova event matching ['req-270f31b2-ba43-4b4b-a0ec-1576b0333ec2'] response: {'server_uuid': '352b97d0-a394-4515-8b21-b1a426e24aa4', 'name': 'network-vif-plugged', 'status': 'completed', 'tag': '3a02a196-6b52-4f55-b4a9-8174d36dbfcc', 'code': 200}
2026-06-24 02:02:08.048 8 INFO neutron.db.ovn_revision_numbers_db [None req-dadaa301-1a7a-4c54-a536-1160f69ab5d8 - - - - - -] Successfully bumped revision number for resource 5bd1fcb9-01b4-4f33-a169-165fb95c6c14 (type: ports) to 2 [pid: 7|app: 0|req: 598/1251] 10.0.0.121 () {34 vars in 990 bytes} [Wed Jun 24 02:02:08 2026] GET /v2.0/ports?device_id=352b97d0-a394-4515-8b21-b1a426e24aa4 => generated 975 bytes in 87 msecs (HTTP/1.1 200) 4 headers in 157 bytes (1 switches on core 0) [pid: 7|app: 0|req: 599/1252] 10.0.0.121 () {34 vars in 1040 bytes} [Wed Jun 24 02:02:08 2026] GET /v2.0/security-groups?id=bc697225-d307-4b93-a481-97da011fbcf8&fields=id&fields=name => generated 114 bytes in 35 msecs (HTTP/1.1 200) 4 headers in 157 bytes (1 switches on core 0) [pid: 7|app: 0|req: 600/1253] 10.0.0.121 () {34 vars in 990 bytes} [Wed Jun 24 02:02:08 2026] GET /v2.0/ports?device_id=352b97d0-a394-4515-8b21-b1a426e24aa4 => generated 975 bytes in 40 msecs (HTTP/1.1 200) 4 headers in 157 bytes (1 switches on core 0)
2026-06-24 02:02:08.319 8 INFO neutron.db.ovn_revision_numbers_db [None req-945b9921-adb4-42ee-85e4-e8239d73506e - - - - - -] Successfully bumped revision number for resource 9b0bf40e-472d-45aa-b837-206a9b384777 (type: ports) to 2
2026-06-24 02:02:08.360 8 INFO neutron.db.ovn_revision_numbers_db [None req-945b9921-adb4-42ee-85e4-e8239d73506e - - - - - -] Successfully bumped revision number for resource f3909ffc-62db-4e06-9823-7704b64243a4 (type: subnets) to 0 [pid: 8|app: 0|req: 654/1254] 10.0.0.65 () {34 vars in 668 bytes} [Wed Jun 24 02:02:06 2026] POST /v2.0/subnets => generated 626 bytes in 1410 msecs (HTTP/1.1 201) 4 headers in 162 bytes (1 switches on core 0) [pid: 8|app: 0|req: 655/1255] 10.0.0.121 () {34 vars in 982 bytes} [Wed Jun 24 02:02:08 2026] GET /v2.0/networks?id=5178b7af-398c-4f38-b005-4178e9fd34fd => generated 677 bytes in 33 msecs (HTTP/1.1 200) 4 headers in 157 bytes (1 switches on core 0)
2026-06-24 02:02:08.648 8 WARNING neutron.scheduler.dhcp_agent_scheduler [None req-579ea477-4523-484e-8450-1d6143aa0a8a e4dfff8e7d014b22834be766010f9c83 3e8cb25a08ed45e9bfa7a2af9dff835e - - default default] No more DHCP agents
2026-06-24 02:02:08.649 8 WARNING neutron.api.rpc.agentnotifiers.dhcp_rpc_agent_api [None req-579ea477-4523-484e-8450-1d6143aa0a8a e4dfff8e7d014b22834be766010f9c83 3e8cb25a08ed45e9bfa7a2af9dff835e - - default default] Unable to schedule network 95d67d93-f4d3-4517-b35e-25d6ce7822f9: no agents available; will retry on subsequent port and subnet creation events.
2026-06-24 02:02:08.820 8 INFO neutron.db.ovn_revision_numbers_db [None req-579ea477-4523-484e-8450-1d6143aa0a8a e4dfff8e7d014b22834be766010f9c83 3e8cb25a08ed45e9bfa7a2af9dff835e - - default default] Successfully bumped revision number for resource 5466f4b0-7951-4c6a-aa2f-44c9d85b9759 (type: ports) to 1 [pid: 8|app: 0|req: 656/1256] 10.0.0.65 () {34 vars in 664 bytes} [Wed Jun 24 02:02:08 2026] POST /v2.0/ports => generated 912 bytes in 432 msecs (HTTP/1.1 201) 4 headers in 162 bytes (1 switches on core 0) [pid: 8|app: 0|req: 657/1257] 10.0.0.121 () {34 vars in 965 bytes} [Wed Jun 24 02:02:08 2026] GET /v2.0/quotas/bd4614427ea749be8766a632e28a7bea => generated 292 bytes in 8 msecs (HTTP/1.1 200) 4 headers in 157 bytes (1 switches on core 0)
2026-06-24 02:02:08.950 8 INFO neutron_taas.services.taas.taas_plugin [None req-ea2c223a-ca32-412f-a639-c5a8a78b0a6b e4dfff8e7d014b22834be766010f9c83 3e8cb25a08ed45e9bfa7a2af9dff835e - - default default] TaaS: Handle Delete Port: 5466f4b0-7951-4c6a-aa2f-44c9d85b9759
2026-06-24 02:02:08.952 8 INFO neutron_taas.services.taas.tap_mirror_plugin [None req-ea2c223a-ca32-412f-a639-c5a8a78b0a6b e4dfff8e7d014b22834be766010f9c83 3e8cb25a08ed45e9bfa7a2af9dff835e - - default default] Tap Mirror: Handle Delete Port: 5466f4b0-7951-4c6a-aa2f-44c9d85b9759 [pid: 8|app: 0|req: 658/1258] 10.0.0.65 () {32 vars in 719 bytes} [Wed Jun 24 02:02:08 2026] DELETE /v2.0/ports/5466f4b0-7951-4c6a-aa2f-44c9d85b9759 => generated 0 bytes in 264 msecs (HTTP/1.1 204) 3 headers in 131 bytes (1 switches on core 0) [pid: 8|app: 0|req: 659/1259] 10.0.0.121 () {34 vars in 1002 bytes} [Wed Jun 24 02:02:09 2026] GET /v2.0/ports?tenant_id=bd4614427ea749be8766a632e28a7bea&fields=id => generated 103 bytes in 68 msecs (HTTP/1.1 200) 4 headers in 157 bytes (1 switches on core 0)
2026-06-24 02:02:09.201 8 INFO neutron.pecan_wsgi.hooks.translation [None req-48e0848b-18f8-4dcd-929f-d95e5fcc92bf e4dfff8e7d014b22834be766010f9c83 3e8cb25a08ed45e9bfa7a2af9dff835e - - default default] GET failed (client error): The resource could not be found. [pid: 8|app: 0|req: 660/1260] 10.0.0.65 () {32 vars in 716 bytes} [Wed Jun 24 02:02:09 2026] GET /v2.0/ports/5466f4b0-7951-4c6a-aa2f-44c9d85b9759 => generated 132 bytes in 17 msecs (HTTP/1.1 404) 4 headers in 164 bytes (1 switches on core 0) [pid: 8|app: 0|req: 661/1261] 10.0.0.121 () {34 vars in 1008 bytes} [Wed Jun 24 02:02:09 2026] GET /v2.0/networks/5178b7af-398c-4f38-b005-4178e9fd34fd?fields=segments => generated 14 bytes in 35 msecs (HTTP/1.1 200) 4 headers in 156 bytes (1 switches on core 0)
2026-06-24 02:02:09.352 7 INFO neutron.db.ovn_revision_numbers_db [None req-81116126-7674-4d86-8828-427c9f1d91e8 9d8ea9df49144540806e2dd6346b508a 7de9b991841244509e6abff1f77c4406 - - default default] Successfully bumped revision number for resource 89c122b8-4315-40b7-820f-3aee6b881392 (type: floatingips) to 1 [pid: 8|app: 0|req: 662/1262] 10.0.0.65 () {32 vars in 723 bytes} [Wed Jun 24 02:02:09 2026] DELETE /v2.0/subnets/f3909ffc-62db-4e06-9823-7704b64243a4 => generated 0 bytes in 154 msecs (HTTP/1.1 204) 3 headers in 131 bytes (1 switches on core 0) [pid: 8|app: 0|req: 663/1263] 10.0.0.121 () {34 vars in 1108 bytes} [Wed Jun 24 02:02:09 2026] GET /v2.0/networks/5178b7af-398c-4f38-b005-4178e9fd34fd?fields=provider%3Aphysical_network&fields=provider%3Anetwork_type => generated 79 bytes in 48 msecs (HTTP/1.1 200) 4 headers in 156 bytes (1 switches on core 0)
2026-06-24 02:02:09.460 7 INFO neutron.db.ovn_revision_numbers_db [None req-81116126-7674-4d86-8828-427c9f1d91e8 9d8ea9df49144540806e2dd6346b508a 7de9b991841244509e6abff1f77c4406 - - default default] Successfully bumped revision number for resource 89c122b8-4315-40b7-820f-3aee6b881392 (type: floatingips) to 2
2026-06-24 02:02:09.460 7 INFO neutron.db.l3_db [None req-81116126-7674-4d86-8828-427c9f1d91e8 9d8ea9df49144540806e2dd6346b508a 7de9b991841244509e6abff1f77c4406 - - default default] Floating IP 89c122b8-4315-40b7-820f-3aee6b881392 associated. External IP: 10.96.250.202, port: 3a02a196-6b52-4f55-b4a9-8174d36dbfcc. [pid: 7|app: 0|req: 601/1264] 10.0.0.65 () {34 vars in 748 bytes} [Wed Jun 24 02:02:08 2026] PUT /v2.0/floatingips/89c122b8-4315-40b7-820f-3aee6b881392 => generated 856 bytes in 1237 msecs (HTTP/1.1 200) 4 headers in 157 bytes (1 switches on core 0)
2026-06-24 02:02:09.519 7 INFO neutron.notifiers.nova [-] Nova event matching ['req-46429f62-ef05-4149-8add-47b5bda81b5c'] response: {'name': 'network-changed', 'server_uuid': '352b97d0-a394-4515-8b21-b1a426e24aa4', 'tag': '3a02a196-6b52-4f55-b4a9-8174d36dbfcc', 'status': 'completed', 'code': 200}
2026-06-24 02:02:09.545 8 INFO neutron_taas.services.taas.taas_plugin [None req-d0d1a054-369e-4dfc-8665-7da5dd36d350 e4dfff8e7d014b22834be766010f9c83 3e8cb25a08ed45e9bfa7a2af9dff835e - - default default] TaaS: Handle Delete Port: 9b0bf40e-472d-45aa-b837-206a9b384777
2026-06-24 02:02:09.547 8 INFO neutron_taas.services.taas.tap_mirror_plugin [None req-d0d1a054-369e-4dfc-8665-7da5dd36d350 e4dfff8e7d014b22834be766010f9c83 3e8cb25a08ed45e9bfa7a2af9dff835e - - default default] Tap Mirror: Handle Delete Port: 9b0bf40e-472d-45aa-b837-206a9b384777 [pid: 7|app: 0|req: 602/1265] 10.0.0.121 () {34 vars in 990 bytes} [Wed Jun 24 02:02:09 2026] GET /v2.0/ports?device_id=9b104336-a966-42aa-9e00-bbbf63d30222 => generated 12 bytes in 21 msecs (HTTP/1.1 200) 4 headers in 156 bytes (1 switches on core 0)
2026-06-24 02:02:09.749 8 INFO neutron.services.segments.plugin [-] Segment 5e2c173d-1643-4e1b-8968-f84fcdffac1e resource provider aggregate not found
2026-06-24 02:02:09.770 8 INFO neutron.services.segments.plugin [-] Segment 5e2c173d-1643-4e1b-8968-f84fcdffac1e resource provider not found; error: Placement Client Error (4xx): {"errors": [{"status": 404, "title": "Not Found", "detail": "The resource could not be found.\n\n No resource provider with uuid 5e2c173d-1643-4e1b-8968-f84fcdffac1e found for delete ", "request_id": "req-2c428eb4-dbe1-402d-accd-ef4d3efa54cc"}]}
2026-06-24 02:02:09.770 8 INFO neutron.services.segments.plugin [-] Segment 5e2c173d-1643-4e1b-8968-f84fcdffac1e resource provider aggregate not found
2026-06-24 02:02:09.788 8 INFO neutron.services.segments.plugin [-] Segment 5e2c173d-1643-4e1b-8968-f84fcdffac1e resource provider not found; error: Placement Client Error (4xx): {"errors": [{"status": 404, "title": "Not Found", "detail": "The resource could not be found.\n\n No resource provider with uuid 5e2c173d-1643-4e1b-8968-f84fcdffac1e found for delete ", "request_id": "req-4df36fd5-078c-44ff-b905-0596d5fbbbc3"}]} [pid: 8|app: 0|req: 664/1266] 10.0.0.65 () {32 vars in 725 bytes} [Wed Jun 24 02:02:09 2026] DELETE /v2.0/networks/95d67d93-f4d3-4517-b35e-25d6ce7822f9 => generated 0 bytes in 360 msecs (HTTP/1.1 204) 3 headers in 131 bytes (1 switches on core 0)
2026-06-24 02:02:10.020 7 WARNING neutron.scheduler.dhcp_agent_scheduler [None req-bad3e6bb-f99d-409e-a235-9234557912f5 e4dfff8e7d014b22834be766010f9c83 3e8cb25a08ed45e9bfa7a2af9dff835e - - default default] No more DHCP agents
2026-06-24 02:02:10.021 7 WARNING neutron.api.rpc.agentnotifiers.dhcp_rpc_agent_api [None req-bad3e6bb-f99d-409e-a235-9234557912f5 e4dfff8e7d014b22834be766010f9c83 3e8cb25a08ed45e9bfa7a2af9dff835e - - default default] Unable to schedule network 36f06e1d-6f48-4e80-9688-8e7e8ba55131: no agents available; will retry on subsequent port and subnet creation events.
2026-06-24 02:02:10.075 7 INFO neutron.plugins.ml2.drivers.ovn.mech_driver.mech_driver [None req-5034971d-9ab1-46cc-91e3-264df3c10825 - - - - - -] OVN reports status down for port: b245036d-3fcc-48bc-99ea-9e3efe4c5ce1 [pid: 8|app: 0|req: 665/1267] 199.204.45.144 () {34 vars in 1080 bytes} [Wed Jun 24 02:02:10 2026] GET /v2.0/ports?tenant_id=7de9b991841244509e6abff1f77c4406&device_id=352b97d0-a394-4515-8b21-b1a426e24aa4 => generated 1213 bytes in 62 msecs (HTTP/1.1 200) 4 headers in 158 bytes (1 switches on core 0)
2026-06-24 02:02:10.130 7 INFO neutron.db.ovn_revision_numbers_db [None req-bad3e6bb-f99d-409e-a235-9234557912f5 e4dfff8e7d014b22834be766010f9c83 3e8cb25a08ed45e9bfa7a2af9dff835e - - default default] Successfully bumped revision number for resource b245036d-3fcc-48bc-99ea-9e3efe4c5ce1 (type: ports) to 1 [pid: 8|app: 0|req: 666/1268] 199.204.45.144 () {34 vars in 986 bytes} [Wed Jun 24 02:02:10 2026] GET /v2.0/networks?id=45aaffbd-19c3-41e8-bf77-d60fe4534d8f => generated 775 bytes in 54 msecs (HTTP/1.1 200) 4 headers in 157 bytes (1 switches on core 0) [pid: 8|app: 0|req: 667/1269] 199.204.45.144 () {34 vars in 1060 bytes} [Wed Jun 24 02:02:10 2026] GET /v2.0/floatingips?fixed_ip_address=10.100.0.13&port_id=3a02a196-6b52-4f55-b4a9-8174d36dbfcc => generated 861 bytes in 46 msecs (HTTP/1.1 200) 4 headers in 157 bytes (1 switches on core 0) [pid: 7|app: 0|req: 603/1270] 10.0.0.65 () {34 vars in 664 bytes} [Wed Jun 24 02:02:09 2026] POST /v2.0/ports => generated 774 bytes in 403 msecs (HTTP/1.1 201) 4 headers in 162 bytes (1 switches on core 0) /var/lib/openstack/lib/python3.12/site-packages/pycadf/identifier.py:70: UserWarning: Invalid uuid: neutron. To ensure interoperability, identifiers should be a valid uuid. warnings.warn(('Invalid uuid: %s. To ensure interoperability, ' [pid: 8|app: 0|req: 668/1271] 199.204.45.144 () {34 vars in 984 bytes} [Wed Jun 24 02:02:10 2026] GET /v2.0/subnets?id=87d37ab5-3c2a-4343-beb9-0d174753de4e => generated 694 bytes in 23 msecs (HTTP/1.1 200) 4 headers in 157 bytes (1 switches on core 0) [pid: 8|app: 0|req: 669/1272] 199.204.45.144 () {34 vars in 1052 bytes} [Wed Jun 24 02:02:10 2026] GET /v2.0/ports?network_id=45aaffbd-19c3-41e8-bf77-d60fe4534d8f&device_owner=network%3Adhcp => generated 12 bytes in 17 msecs (HTTP/1.1 200) 4 headers in 156 bytes (1 switches on core 0) [pid: 8|app: 0|req: 670/1273] 199.204.45.144 () {34 vars in 1012 bytes} [Wed Jun 24 02:02:10 2026] GET /v2.0/networks/45aaffbd-19c3-41e8-bf77-d60fe4534d8f?fields=segments => generated 14 bytes in 42 msecs (HTTP/1.1 200) 4 headers in 156 bytes (1 switches on core 0) [pid: 8|app: 0|req: 671/1274] 199.204.45.144 () {34 vars in 1112 bytes} [Wed Jun 24 02:02:10 2026] GET /v2.0/networks/45aaffbd-19c3-41e8-bf77-d60fe4534d8f?fields=provider%3Aphysical_network&fields=provider%3Anetwork_type => generated 79 bytes in 56 msecs (HTTP/1.1 200) 4 headers in 156 bytes (1 switches on core 0)
2026-06-24 02:02:10.421 7 INFO neutron.plugins.ml2.drivers.ovn.mech_driver.mech_driver [None req-5034971d-9ab1-46cc-91e3-264df3c10825 - - - - - -] OVN reports status down for port: b245036d-3fcc-48bc-99ea-9e3efe4c5ce1
2026-06-24 02:02:10.479 7 INFO neutron.db.ovn_revision_numbers_db [None req-2838c84e-1a40-45a3-b2ed-91726204c2c6 e4dfff8e7d014b22834be766010f9c83 3e8cb25a08ed45e9bfa7a2af9dff835e - - default default] Successfully bumped revision number for resource b245036d-3fcc-48bc-99ea-9e3efe4c5ce1 (type: ports) to 2 [pid: 7|app: 0|req: 604/1275] 10.0.0.65 () {34 vars in 736 bytes} [Wed Jun 24 02:02:10 2026] PUT /v2.0/ports/b245036d-3fcc-48bc-99ea-9e3efe4c5ce1 => generated 752 bytes in 306 msecs (HTTP/1.1 200) 4 headers in 157 bytes (1 switches on core 0) /var/lib/openstack/lib/python3.12/site-packages/pycadf/identifier.py:70: UserWarning: Invalid uuid: neutron. To ensure interoperability, identifiers should be a valid uuid. warnings.warn(('Invalid uuid: %s. To ensure interoperability, ' [pid: 7|app: 0|req: 605/1276] 10.0.0.121 () {34 vars in 990 bytes} [Wed Jun 24 02:02:10 2026] GET /v2.0/ports?device_id=9b104336-a966-42aa-9e00-bbbf63d30222 => generated 12 bytes in 26 msecs (HTTP/1.1 200) 4 headers in 156 bytes (1 switches on core 0)
2026-06-24 02:02:10.723 8 INFO neutron_taas.services.taas.taas_plugin [None req-6931d5bf-78c7-42f1-aeda-53ebfd3b6f12 e4dfff8e7d014b22834be766010f9c83 3e8cb25a08ed45e9bfa7a2af9dff835e - - default default] TaaS: Handle Delete Port: b245036d-3fcc-48bc-99ea-9e3efe4c5ce1
2026-06-24 02:02:10.737 8 INFO neutron_taas.services.taas.tap_mirror_plugin [None req-6931d5bf-78c7-42f1-aeda-53ebfd3b6f12 e4dfff8e7d014b22834be766010f9c83 3e8cb25a08ed45e9bfa7a2af9dff835e - - default default] Tap Mirror: Handle Delete Port: b245036d-3fcc-48bc-99ea-9e3efe4c5ce1 [pid: 8|app: 0|req: 672/1277] 10.0.0.65 () {32 vars in 719 bytes} [Wed Jun 24 02:02:10 2026] DELETE /v2.0/ports/b245036d-3fcc-48bc-99ea-9e3efe4c5ce1 => generated 0 bytes in 316 msecs (HTTP/1.1 204) 3 headers in 131 bytes (1 switches on core 0) [pid: 7|app: 0|req: 606/1278] 10.0.0.65 () {32 vars in 642 bytes} [Wed Jun 24 02:02:10 2026] GET /v2.0/ports => generated 1534 bytes in 45 msecs (HTTP/1.1 200) 4 headers in 158 bytes (1 switches on core 0)
2026-06-24 02:02:10.918 8 INFO neutron.pecan_wsgi.hooks.translation [None req-93340bf9-141f-4136-9425-e61591f74c0f e4dfff8e7d014b22834be766010f9c83 3e8cb25a08ed45e9bfa7a2af9dff835e - - default default] GET failed (client error): The resource could not be found. [pid: 8|app: 0|req: 673/1279] 10.0.0.65 () {32 vars in 716 bytes} [Wed Jun 24 02:02:10 2026] GET /v2.0/ports/b245036d-3fcc-48bc-99ea-9e3efe4c5ce1 => generated 132 bytes in 23 msecs (HTTP/1.1 404) 4 headers in 164 bytes (1 switches on core 0) [pid: 7|app: 0|req: 607/1280] 10.0.0.65 () {32 vars in 642 bytes} [Wed Jun 24 02:02:10 2026] GET /v2.0/ports => generated 1534 bytes in 42 msecs (HTTP/1.1 200) 4 headers in 158 bytes (1 switches on core 0) [pid: 8|app: 0|req: 674/1281] 10.0.0.65 () {32 vars in 716 bytes} [Wed Jun 24 02:02:10 2026] GET /v2.0/ports/fed8a102-f05f-41af-9b01-d846e920f9b4 => generated 775 bytes in 34 msecs (HTTP/1.1 200) 4 headers in 157 bytes (1 switches on core 0)
2026-06-24 02:02:11.029 7 INFO neutron.pecan_wsgi.hooks.translation [None req-d390dd21-f5fb-4f6a-934e-0b4cde58700a e4dfff8e7d014b22834be766010f9c83 3e8cb25a08ed45e9bfa7a2af9dff835e - - default default] DELETE failed (client error): The resource could not be found. [pid: 7|app: 0|req: 608/1282] 10.0.0.65 () {32 vars in 719 bytes} [Wed Jun 24 02:02:11 2026] DELETE /v2.0/ports/5466f4b0-7951-4c6a-aa2f-44c9d85b9759 => generated 132 bytes in 19 msecs (HTTP/1.1 404) 4 headers in 164 bytes (1 switches on core 0)
2026-06-24 02:02:11.054 8 INFO neutron.pecan_wsgi.hooks.translation [None req-0598b5d0-8529-4a15-988f-c59df27f42fb e4dfff8e7d014b22834be766010f9c83 3e8cb25a08ed45e9bfa7a2af9dff835e - - default default] DELETE failed (client error): The resource could not be found. [pid: 8|app: 0|req: 675/1283] 10.0.0.65 () {32 vars in 723 bytes} [Wed Jun 24 02:02:11 2026] DELETE /v2.0/subnets/f3909ffc-62db-4e06-9823-7704b64243a4 => generated 136 bytes in 23 msecs (HTTP/1.1 404) 4 headers in 164 bytes (1 switches on core 0)
2026-06-24 02:02:11.078 7 INFO neutron.pecan_wsgi.hooks.translation [None req-7c7b05a9-d196-41f6-a830-f8d65b6ccf66 e4dfff8e7d014b22834be766010f9c83 3e8cb25a08ed45e9bfa7a2af9dff835e - - default default] DELETE failed (client error): The resource could not be found. [pid: 7|app: 0|req: 609/1284] 10.0.0.65 () {32 vars in 723 bytes} [Wed Jun 24 02:02:11 2026] DELETE /v2.0/subnets/aeecbabe-0f6f-4cdc-839e-9c003003b835 => generated 136 bytes in 20 msecs (HTTP/1.1 404) 4 headers in 164 bytes (1 switches on core 0)
2026-06-24 02:02:11.227 8 INFO neutron_taas.services.taas.taas_plugin [None req-8e225977-d8e8-4dd2-89d7-137097aa5817 e4dfff8e7d014b22834be766010f9c83 3e8cb25a08ed45e9bfa7a2af9dff835e - - default default] TaaS: Handle Delete Port: fed8a102-f05f-41af-9b01-d846e920f9b4
2026-06-24 02:02:11.229 8 INFO neutron_taas.services.taas.tap_mirror_plugin [None req-8e225977-d8e8-4dd2-89d7-137097aa5817 e4dfff8e7d014b22834be766010f9c83 3e8cb25a08ed45e9bfa7a2af9dff835e - - default default] Tap Mirror: Handle Delete Port: fed8a102-f05f-41af-9b01-d846e920f9b4 [pid: 8|app: 0|req: 676/1285] 10.0.0.65 () {32 vars in 719 bytes} [Wed Jun 24 02:02:11 2026] DELETE /v2.0/ports/fed8a102-f05f-41af-9b01-d846e920f9b4 => generated 0 bytes in 269 msecs (HTTP/1.1 204) 3 headers in 131 bytes (1 switches on core 0)
2026-06-24 02:02:11.469 7 INFO neutron_taas.services.taas.taas_plugin [None req-69fecce5-0d10-4e2a-80e3-4355531c2173 e4dfff8e7d014b22834be766010f9c83 3e8cb25a08ed45e9bfa7a2af9dff835e - - default default] TaaS: Handle Delete Port: d539ad82-4255-463d-b38c-0a0b09b454c4
2026-06-24 02:02:11.472 7 INFO neutron_taas.services.taas.tap_mirror_plugin [None req-69fecce5-0d10-4e2a-80e3-4355531c2173 e4dfff8e7d014b22834be766010f9c83 3e8cb25a08ed45e9bfa7a2af9dff835e - - default default] Tap Mirror: Handle Delete Port: d539ad82-4255-463d-b38c-0a0b09b454c4
2026-06-24 02:02:11.663 7 INFO neutron.services.segments.plugin [-] Segment 0448e93c-6a0f-4400-b313-72fce267f233 resource provider aggregate not found
2026-06-24 02:02:11.666 7 INFO neutron.services.segments.plugin [-] Segment 0448e93c-6a0f-4400-b313-72fce267f233 resource provider aggregate not found
2026-06-24 02:02:11.688 7 INFO neutron.services.segments.plugin [-] Segment 0448e93c-6a0f-4400-b313-72fce267f233 resource provider not found; error: Placement Client Error (4xx): {"errors": [{"status": 404, "title": "Not Found", "detail": "The resource could not be found.\n\n No resource provider with uuid 0448e93c-6a0f-4400-b313-72fce267f233 found for delete ", "request_id": "req-7c6edba8-53c0-49ac-b8eb-9f5e1b7e6bb0"}]}
2026-06-24 02:02:11.692 7 INFO neutron.services.segments.plugin [-] Segment 0448e93c-6a0f-4400-b313-72fce267f233 resource provider not found; error: Placement Client Error (4xx): {"errors": [{"status": 404, "title": "Not Found", "detail": "The resource could not be found.\n\n No resource provider with uuid 0448e93c-6a0f-4400-b313-72fce267f233 found for delete ", "request_id": "req-49ded7ef-36c3-4dba-b4d4-fe8adb6138ff"}]} [pid: 7|app: 0|req: 610/1286] 10.0.0.65 () {32 vars in 725 bytes} [Wed Jun 24 02:02:11 2026] DELETE /v2.0/networks/36f06e1d-6f48-4e80-9688-8e7e8ba55131 => generated 0 bytes in 348 msecs (HTTP/1.1 204) 3 headers in 131 bytes (1 switches on core 0) [pid: 8|app: 0|req: 677/1287] 10.0.0.121 () {34 vars in 990 bytes} [Wed Jun 24 02:02:11 2026] GET /v2.0/ports?device_id=9b104336-a966-42aa-9e00-bbbf63d30222 => generated 12 bytes in 24 msecs (HTTP/1.1 200) 4 headers in 156 bytes (1 switches on core 0)
2026-06-24 02:02:12.223 7 INFO neutron.db.ovn_revision_numbers_db [None req-d76e2847-153e-4028-846c-a5565b3e81c3 fbb81fd4bf734e3b9feed6acb99e4c9e f17a00b02b8d49e8b485b8e32f82e84a - - default default] Successfully bumped revision number for resource f1e10770-38d8-4c8d-88a2-c255b6c25da0 (type: security_groups) to 1
2026-06-24 02:02:12.235 7 INFO neutron.db.ovn_revision_numbers_db [None req-d76e2847-153e-4028-846c-a5565b3e81c3 fbb81fd4bf734e3b9feed6acb99e4c9e f17a00b02b8d49e8b485b8e32f82e84a - - default default] Successfully bumped revision number for resource a1f0bec7-0ebd-4f4a-8fe8-b964ce5a2763 (type: security_group_rules) to 0 [pid: 8|app: 0|req: 678/1288] 10.0.0.65 () {32 vars in 773 bytes} [Wed Jun 24 02:02:12 2026] GET /v2.0/security-groups?tenant_id=3e8cb25a08ed45e9bfa7a2af9dff835e&name=default => generated 2925 bytes in 72 msecs (HTTP/1.1 200) 4 headers in 158 bytes (1 switches on core 0)
2026-06-24 02:02:12.248 7 INFO neutron.db.ovn_revision_numbers_db [None req-d76e2847-153e-4028-846c-a5565b3e81c3 fbb81fd4bf734e3b9feed6acb99e4c9e f17a00b02b8d49e8b485b8e32f82e84a - - default default] Successfully bumped revision number for resource ae794a95-98f5-420d-8437-7f874aa284cc (type: security_group_rules) to 0
2026-06-24 02:02:12.259 7 INFO neutron.db.ovn_revision_numbers_db [None req-d76e2847-153e-4028-846c-a5565b3e81c3 fbb81fd4bf734e3b9feed6acb99e4c9e f17a00b02b8d49e8b485b8e32f82e84a - - default default] Successfully bumped revision number for resource b6eacebd-b571-4182-80cc-76f048a0c3a9 (type: security_group_rules) to 0
2026-06-24 02:02:12.271 7 INFO neutron.db.ovn_revision_numbers_db [None req-d76e2847-153e-4028-846c-a5565b3e81c3 fbb81fd4bf734e3b9feed6acb99e4c9e f17a00b02b8d49e8b485b8e32f82e84a - - default default] Successfully bumped revision number for resource ee6ceab2-c9a5-402d-bb6c-54d4b65d9c2d (type: security_group_rules) to 0 [pid: 7|app: 0|req: 611/1289] 10.0.0.65 () {32 vars in 773 bytes} [Wed Jun 24 02:02:11 2026] GET /v2.0/security-groups?tenant_id=fb586357f28943beac139d117d1bcd86&name=default => generated 2925 bytes in 386 msecs (HTTP/1.1 200) 4 headers in 158 bytes (1 switches on core 0) [pid: 8|app: 0|req: 679/1290] 10.0.0.65 () {32 vars in 739 bytes} [Wed Jun 24 02:02:12 2026] DELETE /v2.0/security-groups/862fa21a-187e-41f8-b42c-e95712bfc173 => generated 0 bytes in 234 msecs (HTTP/1.1 204) 2 headers in 112 bytes (1 switches on core 0) [pid: 7|app: 0|req: 612/1291] 10.0.0.65 () {32 vars in 739 bytes} [Wed Jun 24 02:02:12 2026] DELETE /v2.0/security-groups/f1e10770-38d8-4c8d-88a2-c255b6c25da0 => generated 0 bytes in 238 msecs (HTTP/1.1 204) 2 headers in 112 bytes (1 switches on core 0) [pid: 7|app: 0|req: 613/1292] 10.0.0.121 () {34 vars in 990 bytes} [Wed Jun 24 02:02:12 2026] GET /v2.0/ports?device_id=9b104336-a966-42aa-9e00-bbbf63d30222 => generated 12 bytes in 29 msecs (HTTP/1.1 200) 4 headers in 156 bytes (1 switches on core 0)
2026-06-24 02:02:12.848 8 INFO neutron.db.ovn_revision_numbers_db [None req-f80a0477-b4d0-4ead-b520-80f0b2981d95 fbb81fd4bf734e3b9feed6acb99e4c9e f17a00b02b8d49e8b485b8e32f82e84a - - default default] Successfully bumped revision number for resource ff5edd98-257b-4096-998a-fd08755b9378 (type: security_groups) to 1
2026-06-24 02:02:12.863 8 INFO neutron.db.ovn_revision_numbers_db [None req-f80a0477-b4d0-4ead-b520-80f0b2981d95 fbb81fd4bf734e3b9feed6acb99e4c9e f17a00b02b8d49e8b485b8e32f82e84a - - default default] Successfully bumped revision number for resource 6a702d8a-bf97-464f-9468-57af0feed343 (type: security_group_rules) to 0
2026-06-24 02:02:12.873 8 INFO neutron.db.ovn_revision_numbers_db [None req-f80a0477-b4d0-4ead-b520-80f0b2981d95 fbb81fd4bf734e3b9feed6acb99e4c9e f17a00b02b8d49e8b485b8e32f82e84a - - default default] Successfully bumped revision number for resource 7c003cc4-ca1e-46ed-bfe4-d99f1ce8a626 (type: security_group_rules) to 0
2026-06-24 02:02:12.883 8 INFO neutron.db.ovn_revision_numbers_db [None req-f80a0477-b4d0-4ead-b520-80f0b2981d95 fbb81fd4bf734e3b9feed6acb99e4c9e f17a00b02b8d49e8b485b8e32f82e84a - - default default] Successfully bumped revision number for resource 9ac4fa8d-ce2f-46df-b528-3e0c089657ed (type: security_group_rules) to 0
2026-06-24 02:02:12.899 8 INFO neutron.db.ovn_revision_numbers_db [None req-f80a0477-b4d0-4ead-b520-80f0b2981d95 fbb81fd4bf734e3b9feed6acb99e4c9e f17a00b02b8d49e8b485b8e32f82e84a - - default default] Successfully bumped revision number for resource d4151652-4abf-4cc2-814e-06165e7bd7e4 (type: security_group_rules) to 0 [pid: 8|app: 0|req: 680/1293] 10.0.0.65 () {32 vars in 773 bytes} [Wed Jun 24 02:02:12 2026] GET /v2.0/security-groups?tenant_id=2bc32bd9936049a19d31d60715e9e581&name=default => generated 2925 bytes in 243 msecs (HTTP/1.1 200) 4 headers in 158 bytes (1 switches on core 0) [pid: 7|app: 0|req: 614/1294] 10.0.0.65 () {32 vars in 739 bytes} [Wed Jun 24 02:02:12 2026] DELETE /v2.0/security-groups/ff5edd98-257b-4096-998a-fd08755b9378 => generated 0 bytes in 224 msecs (HTTP/1.1 204) 2 headers in 112 bytes (1 switches on core 0)
2026-06-24 02:02:13.265 8 WARNING neutron.plugins.ml2.drivers.ovn.mech_driver.ovsdb.ovn_client [None req-7873a11a-184a-4eb8-8e99-1ea37d550bef - - - - - -] No hosting information found for port 5bd1fcb9-01b4-4f33-a169-165fb95c6c14: RuntimeError: No hosting information found for port 5bd1fcb9-01b4-4f33-a169-165fb95c6c14
2026-06-24 02:02:13.374 8 INFO neutron.db.ovn_revision_numbers_db [None req-7873a11a-184a-4eb8-8e99-1ea37d550bef - - - - - -] Successfully bumped revision number for resource 5bd1fcb9-01b4-4f33-a169-165fb95c6c14 (type: router_ports) to 2
2026-06-24 02:02:13.409 8 INFO neutron.plugins.ml2.drivers.ovn.mech_driver.mech_driver [None req-7873a11a-184a-4eb8-8e99-1ea37d550bef - - - - - -] OVN reports status down for port: 5466f4b0-7951-4c6a-aa2f-44c9d85b9759 /var/lib/openstack/lib/python3.12/site-packages/pycadf/identifier.py:70: UserWarning: Invalid uuid: neutron. To ensure interoperability, identifiers should be a valid uuid. warnings.warn(('Invalid uuid: %s. To ensure interoperability, ' [pid: 8|app: 0|req: 681/1295] 199.204.45.144 () {34 vars in 986 bytes} [Wed Jun 24 02:02:13 2026] GET /v2.0/networks?id=5178b7af-398c-4f38-b005-4178e9fd34fd => generated 677 bytes in 62 msecs (HTTP/1.1 200) 4 headers in 157 bytes (1 switches on core 0) [pid: 7|app: 0|req: 615/1296] 10.0.0.121 () {34 vars in 990 bytes} [Wed Jun 24 02:02:13 2026] GET /v2.0/ports?device_id=9b104336-a966-42aa-9e00-bbbf63d30222 => generated 12 bytes in 34 msecs (HTTP/1.1 200) 4 headers in 156 bytes (1 switches on core 0)
2026-06-24 02:02:14.203 8 WARNING neutron.scheduler.dhcp_agent_scheduler [req-f55807fd-eede-49e4-9b11-0890384adfbc req-8e93dae9-df1d-4d0a-82c6-49a2b1082bca 1f4ea76305744839954e720ae0f551dc bd4614427ea749be8766a632e28a7bea - - default default] No more DHCP agents
2026-06-24 02:02:14.205 8 WARNING neutron.api.rpc.agentnotifiers.dhcp_rpc_agent_api [req-f55807fd-eede-49e4-9b11-0890384adfbc req-8e93dae9-df1d-4d0a-82c6-49a2b1082bca 1f4ea76305744839954e720ae0f551dc bd4614427ea749be8766a632e28a7bea - - default default] Unable to schedule network 5178b7af-398c-4f38-b005-4178e9fd34fd: no agents available; will retry on subsequent port and subnet creation events.
2026-06-24 02:02:14.368 7 INFO neutron.plugins.ml2.drivers.ovn.mech_driver.mech_driver [None req-5034971d-9ab1-46cc-91e3-264df3c10825 - - - - - -] OVN reports status down for port: 50760c37-1527-401b-9fe6-934d08911f41
2026-06-24 02:02:14.396 8 INFO neutron.db.ovn_revision_numbers_db [req-f55807fd-eede-49e4-9b11-0890384adfbc req-8e93dae9-df1d-4d0a-82c6-49a2b1082bca 1f4ea76305744839954e720ae0f551dc bd4614427ea749be8766a632e28a7bea - - default default] Successfully bumped revision number for resource 50760c37-1527-401b-9fe6-934d08911f41 (type: ports) to 1 [pid: 8|app: 0|req: 682/1297] 199.204.45.144 () {38 vars in 955 bytes} [Wed Jun 24 02:02:13 2026] POST /v2.0/ports => generated 958 bytes in 547 msecs (HTTP/1.1 201) 4 headers in 162 bytes (1 switches on core 0) /var/lib/openstack/lib/python3.12/site-packages/pycadf/identifier.py:70: UserWarning: Invalid uuid: neutron. To ensure interoperability, identifiers should be a valid uuid. warnings.warn(('Invalid uuid: %s. To ensure interoperability, '
2026-06-24 02:02:14.578 7 INFO neutron.db.ovn_revision_numbers_db [None req-762bb9d9-0549-44cb-b3ff-2e1378689048 8d60c617243c402f92d2cdae8d86cd8a c0d4f4c4db7d491996d9156ed94f0d27 - - default default] Successfully bumped revision number for resource e88160a2-9192-4494-aece-ff3a13f2f517 (type: security_groups) to 1
2026-06-24 02:02:14.589 7 INFO neutron.db.ovn_revision_numbers_db [None req-762bb9d9-0549-44cb-b3ff-2e1378689048 8d60c617243c402f92d2cdae8d86cd8a c0d4f4c4db7d491996d9156ed94f0d27 - - default default] Successfully bumped revision number for resource 273af089-fb55-4c79-bc49-91dd36c0df40 (type: security_group_rules) to 0
2026-06-24 02:02:14.599 7 INFO neutron.db.ovn_revision_numbers_db [None req-762bb9d9-0549-44cb-b3ff-2e1378689048 8d60c617243c402f92d2cdae8d86cd8a c0d4f4c4db7d491996d9156ed94f0d27 - - default default] Successfully bumped revision number for resource 573f7060-0a7c-407a-9511-972091d982d9 (type: security_group_rules) to 0
2026-06-24 02:02:14.622 7 INFO neutron.db.ovn_revision_numbers_db [None req-762bb9d9-0549-44cb-b3ff-2e1378689048 8d60c617243c402f92d2cdae8d86cd8a c0d4f4c4db7d491996d9156ed94f0d27 - - default default] Successfully bumped revision number for resource 6b36362f-7b02-494c-9463-e981be90b2a0 (type: security_group_rules) to 0
2026-06-24 02:02:14.632 7 INFO neutron.db.ovn_revision_numbers_db [None req-762bb9d9-0549-44cb-b3ff-2e1378689048 8d60c617243c402f92d2cdae8d86cd8a c0d4f4c4db7d491996d9156ed94f0d27 - - default default] Successfully bumped revision number for resource c2752296-2128-4f11-94c4-12176454b0d2 (type: security_group_rules) to 0
2026-06-24 02:02:14.755 7 INFO neutron.db.ovn_revision_numbers_db [None req-762bb9d9-0549-44cb-b3ff-2e1378689048 8d60c617243c402f92d2cdae8d86cd8a c0d4f4c4db7d491996d9156ed94f0d27 - - default default] Successfully bumped revision number for resource 7a726547-92ea-444c-9196-f1944f6f960e (type: security_groups) to 1
2026-06-24 02:02:14.770 7 INFO neutron.db.ovn_revision_numbers_db [None req-762bb9d9-0549-44cb-b3ff-2e1378689048 8d60c617243c402f92d2cdae8d86cd8a c0d4f4c4db7d491996d9156ed94f0d27 - - default default] Successfully bumped revision number for resource 47e2700d-291d-48c0-a676-e424429e4365 (type: security_group_rules) to 0
2026-06-24 02:02:14.782 7 INFO neutron.db.ovn_revision_numbers_db [None req-762bb9d9-0549-44cb-b3ff-2e1378689048 8d60c617243c402f92d2cdae8d86cd8a c0d4f4c4db7d491996d9156ed94f0d27 - - default default] Successfully bumped revision number for resource e48cd282-6699-40db-8f7e-facb3d33c57b (type: security_group_rules) to 0 [pid: 7|app: 0|req: 616/1298] 10.0.0.65 () {34 vars in 683 bytes} [Wed Jun 24 02:02:14 2026] POST /v2.0/security-groups => generated 1625 bytes in 661 msecs (HTTP/1.1 201) 4 headers in 163 bytes (1 switches on core 0) [pid: 7|app: 0|req: 617/1299] 10.0.0.65 () {32 vars in 662 bytes} [Wed Jun 24 02:02:14 2026] GET /v2.0/security-groups => generated 4530 bytes in 38 msecs (HTTP/1.1 200) 4 headers in 158 bytes (1 switches on core 0)
2026-06-24 02:02:14.880 8 INFO neutron.db.ovn_revision_numbers_db [req-f55807fd-eede-49e4-9b11-0890384adfbc req-926c1e21-f6cb-4079-93fe-bb5dc810dbf1 f3ddcafa77db4592978cd91d5032f545 b4b905b31e9b4472b08b07c064cad9d0 - - 0b0464ddfc72474fb945e84cfed9946d 0b0464ddfc72474fb945e84cfed9946d] Successfully bumped revision number for resource 50760c37-1527-401b-9fe6-934d08911f41 (type: ports) to 2
2026-06-24 02:02:14.911 7 INFO neutron.db.ovn_revision_numbers_db [None req-22bb1dda-6043-4912-b90c-b38138bcb21d 8d60c617243c402f92d2cdae8d86cd8a c0d4f4c4db7d491996d9156ed94f0d27 - - default default] Successfully bumped revision number for resource 7a726547-92ea-444c-9196-f1944f6f960e (type: security_groups) to 2 [pid: 7|app: 0|req: 618/1300] 10.0.0.65 () {34 vars in 757 bytes} [Wed Jun 24 02:02:14 2026] PUT /v2.0/security-groups/7a726547-92ea-444c-9196-f1944f6f960e => generated 1662 bytes in 66 msecs (HTTP/1.1 200) 4 headers in 158 bytes (1 switches on core 0) [pid: 7|app: 0|req: 619/1301] 10.0.0.65 () {32 vars in 736 bytes} [Wed Jun 24 02:02:14 2026] GET /v2.0/security-groups/7a726547-92ea-444c-9196-f1944f6f960e => generated 1662 bytes in 15 msecs (HTTP/1.1 200) 4 headers in 158 bytes (1 switches on core 0) [pid: 7|app: 0|req: 620/1302] 10.0.0.65 () {32 vars in 739 bytes} [Wed Jun 24 02:02:14 2026] DELETE /v2.0/security-groups/7a726547-92ea-444c-9196-f1944f6f960e => generated 0 bytes in 82 msecs (HTTP/1.1 204) 2 headers in 112 bytes (1 switches on core 0)
2026-06-24 02:02:15.079 8 INFO neutron.db.ovn_revision_numbers_db [req-f55807fd-eede-49e4-9b11-0890384adfbc req-926c1e21-f6cb-4079-93fe-bb5dc810dbf1 f3ddcafa77db4592978cd91d5032f545 b4b905b31e9b4472b08b07c064cad9d0 - - 0b0464ddfc72474fb945e84cfed9946d 0b0464ddfc72474fb945e84cfed9946d] Successfully bumped revision number for resource 50760c37-1527-401b-9fe6-934d08911f41 (type: ports) to 4 [pid: 7|app: 0|req: 621/1303] 10.0.0.121 () {34 vars in 990 bytes} [Wed Jun 24 02:02:15 2026] GET /v2.0/ports?device_id=9b104336-a966-42aa-9e00-bbbf63d30222 => generated 973 bytes in 63 msecs (HTTP/1.1 200) 4 headers in 157 bytes (1 switches on core 0) [pid: 8|app: 0|req: 683/1304] 199.204.45.144 () {38 vars in 1028 bytes} [Wed Jun 24 02:02:14 2026] PUT /v2.0/ports/50760c37-1527-401b-9fe6-934d08911f41 => generated 1208 bytes in 634 msecs (HTTP/1.1 200) 4 headers in 158 bytes (1 switches on core 0) /var/lib/openstack/lib/python3.12/site-packages/pycadf/identifier.py:70: UserWarning: Invalid uuid: neutron. To ensure interoperability, identifiers should be a valid uuid. warnings.warn(('Invalid uuid: %s. To ensure interoperability, ' [pid: 7|app: 0|req: 622/1305] 10.0.0.65 () {32 vars in 662 bytes} [Wed Jun 24 02:02:15 2026] GET /v2.0/security-groups => generated 2925 bytes in 30 msecs (HTTP/1.1 200) 4 headers in 158 bytes (1 switches on core 0)
2026-06-24 02:02:15.141 7 INFO neutron.api.v2.resource [None req-76e1517e-6c5e-4a2f-a644-0f2ffe4809c9 8d60c617243c402f92d2cdae8d86cd8a c0d4f4c4db7d491996d9156ed94f0d27 - - default default] delete failed (client error): The resource could not be found. [pid: 7|app: 0|req: 623/1306] 10.0.0.65 () {32 vars in 739 bytes} [Wed Jun 24 02:02:15 2026] DELETE /v2.0/security-groups/7a726547-92ea-444c-9196-f1944f6f960e => generated 146 bytes in 11 msecs (HTTP/1.1 404) 4 headers in 164 bytes (1 switches on core 0)
