2026-06-24 02:03:24.369 7 INFO neutron.db.segments_db [None req-8433b4ce-4f9d-4230-ac8c-2e0dbc5f6f4f f946de19181147898598f11076b4b778 cdfddff1c50a4996994d4b1e0835895b - - default default] Added segment 367f2add-da59-4886-9482-1e80d95c126d of type geneve for network fd68ca71-842a-4c2b-a8d9-e4943e017de9 [pid: 8|app: 0|req: 905/1800] 10.0.0.121 () {34 vars in 1120 bytes} [Wed Jun 24 02:03:24 2026] GET /v2.0/security-groups?id=a7fe99d0-b6fa-4bbd-a28e-6c635cc84466&id=bca2b65d-7379-46f0-bcc3-8dbb2ab7d81e&fields=id&fields=name => generated 206 bytes in 34 msecs (HTTP/1.1 200) 4 headers in 157 bytes (1 switches on core 0)
2026-06-24 02:03:24.418 8 INFO neutron.pecan_wsgi.hooks.translation [None req-4138253e-27b1-4f26-ab3e-6645fcbc1f04 380aafba61f342869fb7c40e4370c30b a950c9abd4a343c28cfdfb45da5e696f - - default default] GET failed (client error): The resource could not be found. [pid: 8|app: 0|req: 906/1801] 10.0.0.65 () {32 vars in 716 bytes} [Wed Jun 24 02:03:24 2026] GET /v2.0/ports/4fd6d5b6-50ea-464d-b85b-d6e1a60d5313 => generated 132 bytes in 17 msecs (HTTP/1.1 404) 4 headers in 164 bytes (1 switches on core 0)
2026-06-24 02:03:24.469 7 INFO neutron.db.ovn_revision_numbers_db [None req-8433b4ce-4f9d-4230-ac8c-2e0dbc5f6f4f f946de19181147898598f11076b4b778 cdfddff1c50a4996994d4b1e0835895b - - default default] Successfully bumped revision number for resource fd68ca71-842a-4c2b-a8d9-e4943e017de9 (type: networks) to 1
2026-06-24 02:03:24.606 7 INFO neutron.services.segments.plugin [-] Segment 0614e384-bbe7-4d51-81b5-921642bef638 resource provider aggregate not found
2026-06-24 02:03:24.618 7 INFO neutron.services.segments.plugin [-] Segment 0614e384-bbe7-4d51-81b5-921642bef638 resource provider aggregate not found
2026-06-24 02:03:24.643 7 INFO neutron.services.segments.plugin [-] Segment 0614e384-bbe7-4d51-81b5-921642bef638 resource provider not found; error: Placement Client Error (4xx): {"errors": [{"status": 404, "title": "Not Found", "detail": "The resource could not be found.\n\n No resource provider with uuid 0614e384-bbe7-4d51-81b5-921642bef638 found for delete ", "request_id": "req-bbd5fdc0-6051-4a1c-88e2-8a412aeba62a"}]}
2026-06-24 02:03:24.646 7 INFO neutron.services.segments.plugin [-] Segment 0614e384-bbe7-4d51-81b5-921642bef638 resource provider not found; error: Placement Client Error (4xx): {"errors": [{"status": 404, "title": "Not Found", "detail": "The resource could not be found.\n\n No resource provider with uuid 0614e384-bbe7-4d51-81b5-921642bef638 found for delete ", "request_id": "req-d26e2ff6-9548-40b0-b8c4-aff9314f7b21"}]} [pid: 8|app: 0|req: 907/1802] 10.0.0.65 () {32 vars in 739 bytes} [Wed Jun 24 02:03:24 2026] DELETE /v2.0/security-groups/a4add4a3-a9a5-4826-b004-a8066ce5317e => generated 0 bytes in 238 msecs (HTTP/1.1 204) 2 headers in 112 bytes (1 switches on core 0)
2026-06-24 02:03:24.667 7 INFO neutron.services.segments.plugin [-] Segment 8119ecec-110e-4153-95d8-90e661089800 resource provider aggregate not found
2026-06-24 02:03:24.683 7 INFO neutron.services.segments.plugin [-] Segment 8119ecec-110e-4153-95d8-90e661089800 resource provider aggregate not found
2026-06-24 02:03:24.701 7 INFO neutron.services.segments.plugin [-] Segment 8119ecec-110e-4153-95d8-90e661089800 resource provider not found; error: Placement Client Error (4xx): {"errors": [{"status": 404, "title": "Not Found", "detail": "The resource could not be found.\n\n No resource provider with uuid 8119ecec-110e-4153-95d8-90e661089800 found for delete ", "request_id": "req-615d5928-ca7c-4b0c-8f16-631826f63312"}]}
2026-06-24 02:03:24.703 7 INFO neutron.services.segments.plugin [-] Segment 8119ecec-110e-4153-95d8-90e661089800 resource provider not found; error: Placement Client Error (4xx): {"errors": [{"status": 404, "title": "Not Found", "detail": "The resource could not be found.\n\n No resource provider with uuid 8119ecec-110e-4153-95d8-90e661089800 found for delete ", "request_id": "req-6b3478b0-4c60-40f7-9168-99f8818c7260"}]} [pid: 8|app: 0|req: 908/1803] 10.0.0.65 () {32 vars in 642 bytes} [Wed Jun 24 02:03:24 2026] GET /v2.0/ports => generated 1537 bytes in 59 msecs (HTTP/1.1 200) 4 headers in 158 bytes (1 switches on core 0)
2026-06-24 02:03:24.721 7 WARNING neutron.scheduler.dhcp_agent_scheduler [None req-8433b4ce-4f9d-4230-ac8c-2e0dbc5f6f4f f946de19181147898598f11076b4b778 cdfddff1c50a4996994d4b1e0835895b - - default default] No more DHCP agents
2026-06-24 02:03:24.722 7 WARNING neutron.api.rpc.agentnotifiers.dhcp_rpc_agent_api [None req-8433b4ce-4f9d-4230-ac8c-2e0dbc5f6f4f f946de19181147898598f11076b4b778 cdfddff1c50a4996994d4b1e0835895b - - default default] Unable to schedule network fd68ca71-842a-4c2b-a8d9-e4943e017de9: no agents available; will retry on subsequent port and subnet creation events. [pid: 8|app: 0|req: 909/1804] 10.0.0.65 () {32 vars in 716 bytes} [Wed Jun 24 02:03:24 2026] GET /v2.0/ports/4f5fbe4d-8d82-4b57-9b37-555905fa1240 => generated 778 bytes in 35 msecs (HTTP/1.1 200) 4 headers in 157 bytes (1 switches on core 0)
2026-06-24 02:03:24.807 8 INFO neutron.plugins.ml2.drivers.ovn.mech_driver.mech_driver [None req-94b264ad-9263-48b6-9bd3-2efc9b21c10c - - - - - -] OVN reports status down for port: c1a75bb1-8e9b-4af4-a249-28f64dc1ca92
2026-06-24 02:03:24.809 7 INFO neutron.db.ovn_revision_numbers_db [None req-8433b4ce-4f9d-4230-ac8c-2e0dbc5f6f4f f946de19181147898598f11076b4b778 cdfddff1c50a4996994d4b1e0835895b - - default default] Successfully bumped revision number for resource c1a75bb1-8e9b-4af4-a249-28f64dc1ca92 (type: ports) to 1
2026-06-24 02:03:24.809 8 INFO neutron.pecan_wsgi.hooks.translation [None req-04795535-491a-4480-b9bf-080355a1e345 380aafba61f342869fb7c40e4370c30b a950c9abd4a343c28cfdfb45da5e696f - - default default] DELETE failed (client error): The resource could not be found. [pid: 8|app: 0|req: 910/1805] 10.0.0.65 () {32 vars in 719 bytes} [Wed Jun 24 02:03:24 2026] DELETE /v2.0/ports/d3150ebf-ee8a-482d-a404-76c541183616 => generated 132 bytes in 50 msecs (HTTP/1.1 404) 4 headers in 164 bytes (1 switches on core 0) [pid: 7|app: 0|req: 896/1806] 10.0.0.65 () {34 vars in 669 bytes} [Wed Jun 24 02:03:24 2026] POST /v2.0/networks => generated 650 bytes in 541 msecs (HTTP/1.1 201) 4 headers in 162 bytes (1 switches on core 0)
2026-06-24 02:03:24.845 7 INFO neutron.pecan_wsgi.hooks.translation [None req-3b262ca3-2a1b-437e-93ad-a84490b17888 380aafba61f342869fb7c40e4370c30b a950c9abd4a343c28cfdfb45da5e696f - - default default] DELETE failed (client error): The resource could not be found. [pid: 7|app: 0|req: 897/1807] 10.0.0.65 () {32 vars in 723 bytes} [Wed Jun 24 02:03:24 2026] DELETE /v2.0/subnets/70ee2dd1-5ef8-489c-9f95-57e3d78fbb04 => generated 136 bytes in 16 msecs (HTTP/1.1 404) 4 headers in 164 bytes (1 switches on core 0)
2026-06-24 02:03:24.993 8 INFO neutron.db.ovn_revision_numbers_db [None req-07f3d9eb-3074-4b47-b4fa-9d16069a9b37 fbb81fd4bf734e3b9feed6acb99e4c9e f17a00b02b8d49e8b485b8e32f82e84a - - default default] Successfully bumped revision number for resource 7d989652-c293-45a0-9e8b-471c97308ada (type: security_groups) to 1
2026-06-24 02:03:25.015 8 INFO neutron.db.ovn_revision_numbers_db [None req-07f3d9eb-3074-4b47-b4fa-9d16069a9b37 fbb81fd4bf734e3b9feed6acb99e4c9e f17a00b02b8d49e8b485b8e32f82e84a - - default default] Successfully bumped revision number for resource 2a2cf36d-714a-44d2-832d-251485d6ddcd (type: security_group_rules) to 0
2026-06-24 02:03:25.026 8 INFO neutron.db.ovn_revision_numbers_db [None req-07f3d9eb-3074-4b47-b4fa-9d16069a9b37 fbb81fd4bf734e3b9feed6acb99e4c9e f17a00b02b8d49e8b485b8e32f82e84a - - default default] Successfully bumped revision number for resource 34e30591-c767-4a4e-9efd-2e6e5e2b4b80 (type: security_group_rules) to 0
2026-06-24 02:03:25.037 8 INFO neutron.db.ovn_revision_numbers_db [None req-07f3d9eb-3074-4b47-b4fa-9d16069a9b37 fbb81fd4bf734e3b9feed6acb99e4c9e f17a00b02b8d49e8b485b8e32f82e84a - - default default] Successfully bumped revision number for resource b28bf846-42d6-4737-adbe-5c3a0ee32db4 (type: security_group_rules) to 0
2026-06-24 02:03:25.049 8 INFO neutron.db.ovn_revision_numbers_db [None req-07f3d9eb-3074-4b47-b4fa-9d16069a9b37 fbb81fd4bf734e3b9feed6acb99e4c9e f17a00b02b8d49e8b485b8e32f82e84a - - default default] Successfully bumped revision number for resource d2d07979-2e06-4e5e-9310-1e715fa076b9 (type: security_group_rules) to 0 [pid: 8|app: 0|req: 911/1808] 10.0.0.65 () {32 vars in 773 bytes} [Wed Jun 24 02:03:24 2026] GET /v2.0/security-groups?tenant_id=4a050356ee6b48c1ab3c74c12b88b1cf&name=default => generated 2925 bytes in 273 msecs (HTTP/1.1 200) 4 headers in 158 bytes (1 switches on core 0)
2026-06-24 02:03:25.100 8 INFO neutron.pecan_wsgi.hooks.translation [None req-6d35e3ca-fb70-4d64-acf9-28a686209e9e 380aafba61f342869fb7c40e4370c30b a950c9abd4a343c28cfdfb45da5e696f - - default default] DELETE failed (client error): The resource could not be found. [pid: 8|app: 0|req: 912/1809] 10.0.0.65 () {32 vars in 723 bytes} [Wed Jun 24 02:03:25 2026] DELETE /v2.0/subnets/e1156913-2ae1-4477-ae32-6e712d0d1726 => generated 136 bytes in 12 msecs (HTTP/1.1 404) 4 headers in 164 bytes (1 switches on core 0)
2026-06-24 02:03:25.275 7 WARNING neutron.scheduler.dhcp_agent_scheduler [None req-fb89c82a-27e9-496a-8ff6-de624b72fdfb f946de19181147898598f11076b4b778 cdfddff1c50a4996994d4b1e0835895b - - default default] No more DHCP agents
2026-06-24 02:03:25.276 7 WARNING neutron.api.rpc.agentnotifiers.dhcp_rpc_agent_api [None req-fb89c82a-27e9-496a-8ff6-de624b72fdfb f946de19181147898598f11076b4b778 cdfddff1c50a4996994d4b1e0835895b - - default default] Unable to schedule network 007dbc40-68b3-45ee-bcae-9265d5fa69bd: no agents available; will retry on subsequent port and subnet creation events.
2026-06-24 02:03:25.342 7 INFO neutron.plugins.ml2.drivers.ovn.mech_driver.mech_driver [None req-5adeaaf3-2b6e-43ed-88c1-41631d191013 - - - - - -] OVN reports status down for port: 4fcd42bb-8577-4260-875f-deb3069b1105 [pid: 8|app: 0|req: 913/1810] 10.0.0.65 () {32 vars in 739 bytes} [Wed Jun 24 02:03:25 2026] DELETE /v2.0/security-groups/7d989652-c293-45a0-9e8b-471c97308ada => generated 0 bytes in 273 msecs (HTTP/1.1 204) 2 headers in 112 bytes (1 switches on core 0)
2026-06-24 02:03:25.408 7 INFO neutron.db.ovn_revision_numbers_db [None req-fb89c82a-27e9-496a-8ff6-de624b72fdfb f946de19181147898598f11076b4b778 cdfddff1c50a4996994d4b1e0835895b - - default default] Successfully bumped revision number for resource 4fcd42bb-8577-4260-875f-deb3069b1105 (type: ports) to 1
2026-06-24 02:03:25.479 7 WARNING neutron.scheduler.dhcp_agent_scheduler [None req-fb89c82a-27e9-496a-8ff6-de624b72fdfb f946de19181147898598f11076b4b778 cdfddff1c50a4996994d4b1e0835895b - - default default] No more DHCP agents
2026-06-24 02:03:25.482 7 WARNING neutron.api.rpc.agentnotifiers.dhcp_rpc_agent_api [None req-fb89c82a-27e9-496a-8ff6-de624b72fdfb f946de19181147898598f11076b4b778 cdfddff1c50a4996994d4b1e0835895b - - default default] Unable to schedule network fd68ca71-842a-4c2b-a8d9-e4943e017de9: no agents available; will retry on subsequent port and subnet creation events.
2026-06-24 02:03:25.508 8 INFO neutron_taas.services.taas.taas_plugin [None req-c5502e36-fcb7-4534-9dd4-cab808964d48 380aafba61f342869fb7c40e4370c30b a950c9abd4a343c28cfdfb45da5e696f - - default default] TaaS: Handle Delete Port: 4f5fbe4d-8d82-4b57-9b37-555905fa1240
2026-06-24 02:03:25.510 8 INFO neutron_taas.services.taas.tap_mirror_plugin [None req-c5502e36-fcb7-4534-9dd4-cab808964d48 380aafba61f342869fb7c40e4370c30b a950c9abd4a343c28cfdfb45da5e696f - - default default] Tap Mirror: Handle Delete Port: 4f5fbe4d-8d82-4b57-9b37-555905fa1240
2026-06-24 02:03:25.539 7 INFO neutron.plugins.ml2.drivers.ovn.mech_driver.mech_driver [None req-5adeaaf3-2b6e-43ed-88c1-41631d191013 - - - - - -] OVN reports status down for port: 80f2b9a2-f6f7-4aa4-b63a-8c4730988b81
2026-06-24 02:03:25.611 7 INFO neutron.db.ovn_revision_numbers_db [None req-fb89c82a-27e9-496a-8ff6-de624b72fdfb f946de19181147898598f11076b4b778 cdfddff1c50a4996994d4b1e0835895b - - default default] Successfully bumped revision number for resource 80f2b9a2-f6f7-4aa4-b63a-8c4730988b81 (type: ports) to 1 [pid: 8|app: 0|req: 914/1811] 10.0.0.65 () {32 vars in 719 bytes} [Wed Jun 24 02:03:25 2026] DELETE /v2.0/ports/4f5fbe4d-8d82-4b57-9b37-555905fa1240 => generated 0 bytes in 285 msecs (HTTP/1.1 204) 3 headers in 131 bytes (1 switches on core 0) [pid: 8|app: 0|req: 915/1812] 10.0.0.121 () {34 vars in 990 bytes} [Wed Jun 24 02:03:25 2026] GET /v2.0/ports?device_id=230a80ba-0b1f-462b-9b4c-96fb3ee59ef9 => generated 1008 bytes in 49 msecs (HTTP/1.1 200) 4 headers in 158 bytes (1 switches on core 0) [pid: 7|app: 0|req: 898/1813] 10.0.0.65 () {34 vars in 664 bytes} [Wed Jun 24 02:03:24 2026] POST /v2.0/ports => generated 1506 bytes in 918 msecs (HTTP/1.1 201) 4 headers in 163 bytes (1 switches on core 0) /var/lib/openstack/lib/python3.12/site-packages/pycadf/identifier.py:70: UserWarning: Invalid uuid: neutron. To ensure interoperability, identifiers should be a valid uuid. warnings.warn(('Invalid uuid: %s. To ensure interoperability, '
2026-06-24 02:03:25.839 8 INFO neutron.db.ovn_revision_numbers_db [None req-db2dd285-de1f-4fb7-a84f-0f1a766d9416 fbb81fd4bf734e3b9feed6acb99e4c9e f17a00b02b8d49e8b485b8e32f82e84a - - default default] Successfully bumped revision number for resource d5082727-da45-49ec-85fa-dd3cf6d3fbd4 (type: security_groups) to 1
2026-06-24 02:03:25.851 8 INFO neutron.db.ovn_revision_numbers_db [None req-db2dd285-de1f-4fb7-a84f-0f1a766d9416 fbb81fd4bf734e3b9feed6acb99e4c9e f17a00b02b8d49e8b485b8e32f82e84a - - default default] Successfully bumped revision number for resource 52197c12-9c54-462d-8972-6bb55873626e (type: security_group_rules) to 0
2026-06-24 02:03:25.862 8 INFO neutron.db.ovn_revision_numbers_db [None req-db2dd285-de1f-4fb7-a84f-0f1a766d9416 fbb81fd4bf734e3b9feed6acb99e4c9e f17a00b02b8d49e8b485b8e32f82e84a - - default default] Successfully bumped revision number for resource 7de15aa1-5fa5-4d0a-9b90-74c10ff0f9a5 (type: security_group_rules) to 0
2026-06-24 02:03:25.876 8 INFO neutron.db.ovn_revision_numbers_db [None req-db2dd285-de1f-4fb7-a84f-0f1a766d9416 fbb81fd4bf734e3b9feed6acb99e4c9e f17a00b02b8d49e8b485b8e32f82e84a - - default default] Successfully bumped revision number for resource a3da5a65-9eea-43af-9ad1-88566063f6a4 (type: security_group_rules) to 0
2026-06-24 02:03:25.889 7 INFO neutron_taas.services.taas.taas_plugin [None req-ecdca776-5a98-408f-acdc-a8ecbe00f716 380aafba61f342869fb7c40e4370c30b a950c9abd4a343c28cfdfb45da5e696f - - default default] TaaS: Handle Delete Port: 68f614ba-2ec5-4b43-80b5-1a49f90b35f3
2026-06-24 02:03:25.890 8 INFO neutron.db.ovn_revision_numbers_db [None req-db2dd285-de1f-4fb7-a84f-0f1a766d9416 fbb81fd4bf734e3b9feed6acb99e4c9e f17a00b02b8d49e8b485b8e32f82e84a - - default default] Successfully bumped revision number for resource fd8646b7-2318-4977-8cbe-8490e423e0f7 (type: security_group_rules) to 0
2026-06-24 02:03:25.892 7 INFO neutron_taas.services.taas.tap_mirror_plugin [None req-ecdca776-5a98-408f-acdc-a8ecbe00f716 380aafba61f342869fb7c40e4370c30b a950c9abd4a343c28cfdfb45da5e696f - - default default] Tap Mirror: Handle Delete Port: 68f614ba-2ec5-4b43-80b5-1a49f90b35f3 [pid: 8|app: 0|req: 916/1814] 10.0.0.65 () {32 vars in 773 bytes} [Wed Jun 24 02:03:25 2026] GET /v2.0/security-groups?tenant_id=118d748c673848cdbfe27b9a40809b5e&name=default => generated 2925 bytes in 211 msecs (HTTP/1.1 200) 4 headers in 158 bytes (1 switches on core 0) [pid: 8|app: 0|req: 917/1815] 10.0.0.121 () {34 vars in 1120 bytes} [Wed Jun 24 02:03:25 2026] GET /v2.0/security-groups?id=a7fe99d0-b6fa-4bbd-a28e-6c635cc84466&id=bca2b65d-7379-46f0-bcc3-8dbb2ab7d81e&fields=id&fields=name => generated 206 bytes in 40 msecs (HTTP/1.1 200) 4 headers in 157 bytes (1 switches on core 0) [pid: 8|app: 0|req: 918/1816] 10.0.0.65 () {32 vars in 642 bytes} [Wed Jun 24 02:03:25 2026] GET /v2.0/ports => generated 3018 bytes in 103 msecs (HTTP/1.1 200) 4 headers in 158 bytes (1 switches on core 0) [pid: 7|app: 0|req: 899/1817] 10.0.0.65 () {32 vars in 725 bytes} [Wed Jun 24 02:03:25 2026] DELETE /v2.0/networks/9e4a3c81-ea06-4bd9-808b-6918abf986dd => generated 0 bytes in 332 msecs (HTTP/1.1 204) 3 headers in 131 bytes (1 switches on core 0) [pid: 8|app: 0|req: 919/1818] 199.204.45.144 () {34 vars in 994 bytes} [Wed Jun 24 02:03:26 2026] GET /v2.0/ports?device_id=230a80ba-0b1f-462b-9b4c-96fb3ee59ef9 => generated 1246 bytes in 59 msecs (HTTP/1.1 200) 4 headers in 158 bytes (1 switches on core 0)
2026-06-24 02:03:26.242 8 INFO neutron_taas.services.taas.taas_plugin [None req-3d81328f-34cf-401b-827d-ae7c0ffd74b1 f946de19181147898598f11076b4b778 cdfddff1c50a4996994d4b1e0835895b - - default default] TaaS: Handle Delete Port: 4fcd42bb-8577-4260-875f-deb3069b1105
2026-06-24 02:03:26.246 8 INFO neutron_taas.services.taas.tap_mirror_plugin [None req-3d81328f-34cf-401b-827d-ae7c0ffd74b1 f946de19181147898598f11076b4b778 cdfddff1c50a4996994d4b1e0835895b - - default default] Tap Mirror: Handle Delete Port: 4fcd42bb-8577-4260-875f-deb3069b1105 [pid: 7|app: 0|req: 900/1819] 10.0.0.65 () {32 vars in 739 bytes} [Wed Jun 24 02:03:26 2026] DELETE /v2.0/security-groups/d5082727-da45-49ec-85fa-dd3cf6d3fbd4 => generated 0 bytes in 231 msecs (HTTP/1.1 204) 2 headers in 112 bytes (1 switches on core 0) [pid: 8|app: 0|req: 920/1820] 10.0.0.65 () {32 vars in 719 bytes} [Wed Jun 24 02:03:26 2026] DELETE /v2.0/ports/4fcd42bb-8577-4260-875f-deb3069b1105 => generated 0 bytes in 233 msecs (HTTP/1.1 204) 3 headers in 131 bytes (1 switches on core 0) [pid: 7|app: 0|req: 901/1821] 199.204.45.144 () {34 vars in 1124 bytes} [Wed Jun 24 02:03:26 2026] GET /v2.0/security-groups?id=bca2b65d-7379-46f0-bcc3-8dbb2ab7d81e&id=a7fe99d0-b6fa-4bbd-a28e-6c635cc84466&fields=id&fields=name => generated 206 bytes in 37 msecs (HTTP/1.1 200) 4 headers in 157 bytes (1 switches on core 0)
2026-06-24 02:03:26.503 7 INFO neutron.plugins.ml2.drivers.ovn.mech_driver.mech_driver [None req-5adeaaf3-2b6e-43ed-88c1-41631d191013 - - - - - -] OVN reports status up for port: 1efe69bc-a469-4d31-9491-9d2d01de154a
2026-06-24 02:03:26.520 7 INFO neutron.plugins.ml2.plugin [None req-5adeaaf3-2b6e-43ed-88c1-41631d191013 - - - - - -] Attempt 1 to provision port 1efe69bc-a469-4d31-9491-9d2d01de154a
2026-06-24 02:03:26.535 8 INFO neutron_taas.services.taas.taas_plugin [None req-5dbc222b-390c-43a0-94dc-4c7455e68d6f f946de19181147898598f11076b4b778 cdfddff1c50a4996994d4b1e0835895b - - default default] TaaS: Handle Delete Port: 80f2b9a2-f6f7-4aa4-b63a-8c4730988b81
2026-06-24 02:03:26.537 8 INFO neutron_taas.services.taas.tap_mirror_plugin [None req-5dbc222b-390c-43a0-94dc-4c7455e68d6f f946de19181147898598f11076b4b778 cdfddff1c50a4996994d4b1e0835895b - - default default] Tap Mirror: Handle Delete Port: 80f2b9a2-f6f7-4aa4-b63a-8c4730988b81
2026-06-24 02:03:26.683 7 INFO neutron.notifiers.nova [-] Nova event matching ['req-c5f2c9bf-0065-482f-9bdc-6b91e2558887'] response: {'server_uuid': '230a80ba-0b1f-462b-9b4c-96fb3ee59ef9', 'name': 'network-vif-plugged', 'status': 'completed', 'tag': '1efe69bc-a469-4d31-9491-9d2d01de154a', 'code': 200} [pid: 8|app: 0|req: 921/1822] 10.0.0.65 () {32 vars in 719 bytes} [Wed Jun 24 02:03:26 2026] DELETE /v2.0/ports/80f2b9a2-f6f7-4aa4-b63a-8c4730988b81 => generated 0 bytes in 323 msecs (HTTP/1.1 204) 3 headers in 131 bytes (1 switches on core 0)
2026-06-24 02:03:26.735 7 INFO neutron.services.segments.plugin [-] Segment 96ee4f81-42a7-458a-aad4-67f5a6e40a74 resource provider aggregate not found
2026-06-24 02:03:26.741 7 INFO neutron.services.segments.plugin [-] Segment 96ee4f81-42a7-458a-aad4-67f5a6e40a74 resource provider aggregate not found [pid: 8|app: 0|req: 922/1823] 10.0.0.65 () {32 vars in 642 bytes} [Wed Jun 24 02:03:26 2026] GET /v2.0/ports => generated 1523 bytes in 49 msecs (HTTP/1.1 200) 4 headers in 158 bytes (1 switches on core 0)
2026-06-24 02:03:26.759 7 INFO neutron.services.segments.plugin [-] Segment 96ee4f81-42a7-458a-aad4-67f5a6e40a74 resource provider not found; error: Placement Client Error (4xx): {"errors": [{"status": 404, "title": "Not Found", "detail": "The resource could not be found.\n\n No resource provider with uuid 96ee4f81-42a7-458a-aad4-67f5a6e40a74 found for delete ", "request_id": "req-2f9bacbb-c6c6-44e3-b592-2545230838de"}]}
2026-06-24 02:03:26.761 7 INFO neutron.services.segments.plugin [-] Segment 96ee4f81-42a7-458a-aad4-67f5a6e40a74 resource provider not found; error: Placement Client Error (4xx): {"errors": [{"status": 404, "title": "Not Found", "detail": "The resource could not be found.\n\n No resource provider with uuid 96ee4f81-42a7-458a-aad4-67f5a6e40a74 found for delete ", "request_id": "req-984cb105-9f49-4bb1-8ac4-62567ef1f0e1"}]}
2026-06-24 02:03:26.862 8 INFO neutron.db.segments_db [None req-ad6465f8-ab0c-4f44-be79-0774a26bea02 f946de19181147898598f11076b4b778 cdfddff1c50a4996994d4b1e0835895b - - default default] Added segment 38e287f0-eee4-4950-92bf-3e8decbfbfc0 of type geneve for network 1b84bfec-8186-4014-9c42-ea46a6d3621b
2026-06-24 02:03:26.909 7 INFO neutron.db.ovn_revision_numbers_db [None req-5adeaaf3-2b6e-43ed-88c1-41631d191013 - - - - - -] Successfully bumped revision number for resource 1efe69bc-a469-4d31-9491-9d2d01de154a (type: ports) to 5 [pid: 7|app: 0|req: 902/1824] 10.0.0.65 () {32 vars in 773 bytes} [Wed Jun 24 02:03:26 2026] GET /v2.0/security-groups?tenant_id=a950c9abd4a343c28cfdfb45da5e696f&name=default => generated 2925 bytes in 284 msecs (HTTP/1.1 200) 4 headers in 158 bytes (1 switches on core 0)
2026-06-24 02:03:26.985 8 INFO neutron.db.ovn_revision_numbers_db [None req-ad6465f8-ab0c-4f44-be79-0774a26bea02 f946de19181147898598f11076b4b778 cdfddff1c50a4996994d4b1e0835895b - - default default] Successfully bumped revision number for resource 1b84bfec-8186-4014-9c42-ea46a6d3621b (type: networks) to 1
2026-06-24 02:03:27.188 8 WARNING neutron.scheduler.dhcp_agent_scheduler [None req-ad6465f8-ab0c-4f44-be79-0774a26bea02 f946de19181147898598f11076b4b778 cdfddff1c50a4996994d4b1e0835895b - - default default] No more DHCP agents
2026-06-24 02:03:27.191 8 WARNING neutron.api.rpc.agentnotifiers.dhcp_rpc_agent_api [None req-ad6465f8-ab0c-4f44-be79-0774a26bea02 f946de19181147898598f11076b4b778 cdfddff1c50a4996994d4b1e0835895b - - default default] Unable to schedule network 1b84bfec-8186-4014-9c42-ea46a6d3621b: no agents available; will retry on subsequent port and subnet creation events.
2026-06-24 02:03:27.261 7 INFO neutron.plugins.ml2.drivers.ovn.mech_driver.mech_driver [None req-cbb6355c-d33a-4fed-88ba-bbd904906346 - - - - - -] OVN reports status down for port: bfab9be7-61e5-4742-93f4-a5c088cdbce5 [pid: 7|app: 0|req: 903/1825] 10.0.0.65 () {32 vars in 739 bytes} [Wed Jun 24 02:03:26 2026] DELETE /v2.0/security-groups/18106d51-ccd5-44fd-9ad7-87c67ec1a6d8 => generated 0 bytes in 380 msecs (HTTP/1.1 204) 2 headers in 112 bytes (1 switches on core 0)
2026-06-24 02:03:27.295 8 INFO neutron.db.ovn_revision_numbers_db [None req-ad6465f8-ab0c-4f44-be79-0774a26bea02 f946de19181147898598f11076b4b778 cdfddff1c50a4996994d4b1e0835895b - - default default] Successfully bumped revision number for resource bfab9be7-61e5-4742-93f4-a5c088cdbce5 (type: ports) to 1 /var/lib/openstack/lib/python3.12/site-packages/pycadf/identifier.py:70: UserWarning: Invalid uuid: neutron. To ensure interoperability, identifiers should be a valid uuid. warnings.warn(('Invalid uuid: %s. To ensure interoperability, ' [pid: 8|app: 0|req: 923/1826] 10.0.0.65 () {34 vars in 669 bytes} [Wed Jun 24 02:03:26 2026] POST /v2.0/networks => generated 649 bytes in 570 msecs (HTTP/1.1 201) 4 headers in 162 bytes (1 switches on core 0) [pid: 7|app: 0|req: 904/1827] 10.0.0.121 () {34 vars in 990 bytes} [Wed Jun 24 02:03:27 2026] GET /v2.0/ports?device_id=230a80ba-0b1f-462b-9b4c-96fb3ee59ef9 => generated 1010 bytes in 123 msecs (HTTP/1.1 200) 4 headers in 158 bytes (1 switches on core 0)
2026-06-24 02:03:27.428 8 INFO neutron.db.segments_db [None req-81b9fb78-061c-49bb-b1c2-37af277bf4ed f946de19181147898598f11076b4b778 cdfddff1c50a4996994d4b1e0835895b - - default default] Added segment 543eac03-0fb5-4204-9ad0-3dd9f7a018af of type geneve for network e7f14e28-811a-40ec-9cc2-c82f58961241 [pid: 7|app: 0|req: 905/1828] 10.0.0.121 () {34 vars in 1120 bytes} [Wed Jun 24 02:03:27 2026] GET /v2.0/security-groups?id=a7fe99d0-b6fa-4bbd-a28e-6c635cc84466&id=bca2b65d-7379-46f0-bcc3-8dbb2ab7d81e&fields=id&fields=name => generated 206 bytes in 36 msecs (HTTP/1.1 200) 4 headers in 157 bytes (1 switches on core 0)
2026-06-24 02:03:27.561 8 INFO neutron.db.ovn_revision_numbers_db [None req-81b9fb78-061c-49bb-b1c2-37af277bf4ed f946de19181147898598f11076b4b778 cdfddff1c50a4996994d4b1e0835895b - - default default] Successfully bumped revision number for resource e7f14e28-811a-40ec-9cc2-c82f58961241 (type: networks) to 1
2026-06-24 02:03:27.789 8 WARNING neutron.scheduler.dhcp_agent_scheduler [None req-81b9fb78-061c-49bb-b1c2-37af277bf4ed f946de19181147898598f11076b4b778 cdfddff1c50a4996994d4b1e0835895b - - default default] No more DHCP agents
2026-06-24 02:03:27.791 8 WARNING neutron.api.rpc.agentnotifiers.dhcp_rpc_agent_api [None req-81b9fb78-061c-49bb-b1c2-37af277bf4ed f946de19181147898598f11076b4b778 cdfddff1c50a4996994d4b1e0835895b - - default default] Unable to schedule network e7f14e28-811a-40ec-9cc2-c82f58961241: no agents available; will retry on subsequent port and subnet creation events.
2026-06-24 02:03:27.855 7 INFO neutron.plugins.ml2.drivers.ovn.mech_driver.mech_driver [None req-cbb6355c-d33a-4fed-88ba-bbd904906346 - - - - - -] OVN reports status down for port: 4ba3ee18-88f8-4bd2-b955-ff374274b56e
2026-06-24 02:03:27.886 8 INFO neutron.db.ovn_revision_numbers_db [None req-81b9fb78-061c-49bb-b1c2-37af277bf4ed f946de19181147898598f11076b4b778 cdfddff1c50a4996994d4b1e0835895b - - default default] Successfully bumped revision number for resource 4ba3ee18-88f8-4bd2-b955-ff374274b56e (type: ports) to 1 [pid: 8|app: 0|req: 924/1829] 10.0.0.65 () {34 vars in 669 bytes} [Wed Jun 24 02:03:27 2026] POST /v2.0/networks => generated 650 bytes in 583 msecs (HTTP/1.1 201) 4 headers in 162 bytes (1 switches on core 0)
2026-06-24 02:03:28.244 7 WARNING neutron.scheduler.dhcp_agent_scheduler [None req-0b8084b6-b546-4912-b411-375129495c4b f946de19181147898598f11076b4b778 cdfddff1c50a4996994d4b1e0835895b - - default default] No more DHCP agents
2026-06-24 02:03:28.245 7 WARNING neutron.api.rpc.agentnotifiers.dhcp_rpc_agent_api [None req-0b8084b6-b546-4912-b411-375129495c4b f946de19181147898598f11076b4b778 cdfddff1c50a4996994d4b1e0835895b - - default default] Unable to schedule network 1b84bfec-8186-4014-9c42-ea46a6d3621b: no agents available; will retry on subsequent port and subnet creation events. [pid: 8|app: 0|req: 925/1830] 10.0.0.121 () {34 vars in 990 bytes} [Wed Jun 24 02:03:28 2026] GET /v2.0/ports?device_id=230a80ba-0b1f-462b-9b4c-96fb3ee59ef9 => generated 1010 bytes in 39 msecs (HTTP/1.1 200) 4 headers in 158 bytes (1 switches on core 0) [pid: 8|app: 0|req: 926/1831] 10.0.0.121 () {34 vars in 1120 bytes} [Wed Jun 24 02:03:28 2026] GET /v2.0/security-groups?id=a7fe99d0-b6fa-4bbd-a28e-6c635cc84466&id=bca2b65d-7379-46f0-bcc3-8dbb2ab7d81e&fields=id&fields=name => generated 206 bytes in 59 msecs (HTTP/1.1 200) 4 headers in 157 bytes (1 switches on core 0)
2026-06-24 02:03:28.665 7 INFO neutron.db.ovn_revision_numbers_db [None req-ce18a418-4fd1-456f-8c05-2a733252fec7 - - - - - -] Successfully bumped revision number for resource bfab9be7-61e5-4742-93f4-a5c088cdbce5 (type: ports) to 2
2026-06-24 02:03:28.714 7 INFO neutron.db.ovn_revision_numbers_db [None req-ce18a418-4fd1-456f-8c05-2a733252fec7 - - - - - -] Successfully bumped revision number for resource 66c82aea-7302-4dcd-9c10-eb78377a0f0d (type: subnets) to 0
2026-06-24 02:03:28.730 7 INFO neutron.notifiers.nova [-] Nova event matching ['req-3c480542-1cd0-436f-a535-03dfa468cf25'] response: {'server_uuid': '230a80ba-0b1f-462b-9b4c-96fb3ee59ef9', 'name': 'network-vif-plugged', 'status': 'completed', 'tag': '1efe69bc-a469-4d31-9491-9d2d01de154a', 'code': 200} [pid: 8|app: 0|req: 927/1832] 10.0.0.121 () {34 vars in 990 bytes} [Wed Jun 24 02:03:28 2026] GET /v2.0/ports?device_id=230a80ba-0b1f-462b-9b4c-96fb3ee59ef9 => generated 1010 bytes in 38 msecs (HTTP/1.1 200) 4 headers in 158 bytes (1 switches on core 0)
2026-06-24 02:03:28.752 7 WARNING neutron.scheduler.dhcp_agent_scheduler [None req-0b8084b6-b546-4912-b411-375129495c4b f946de19181147898598f11076b4b778 cdfddff1c50a4996994d4b1e0835895b - - default default] No more DHCP agents
2026-06-24 02:03:28.753 7 WARNING neutron.api.rpc.agentnotifiers.dhcp_rpc_agent_api [None req-0b8084b6-b546-4912-b411-375129495c4b f946de19181147898598f11076b4b778 cdfddff1c50a4996994d4b1e0835895b - - default default] Unable to schedule network e7f14e28-811a-40ec-9cc2-c82f58961241: no agents available; will retry on subsequent port and subnet creation events.
2026-06-24 02:03:29.258 8 INFO neutron.db.ovn_revision_numbers_db [None req-c31cc7bc-ecef-4a19-8b66-1aad5ca41c8f 5dfc6cb04de2497b8fec7b71c16e35dd 4092d8ad4125481eb1a3a4b74c289e30 - - default default] Successfully bumped revision number for resource 964d6664-acdf-4734-ad6f-7d60be0fdca7 (type: floatingips) to 1
2026-06-24 02:03:29.282 7 INFO neutron.db.ovn_revision_numbers_db [None req-ce8deb07-4b3a-4c37-b41c-868911e2d616 - - - - - -] Successfully bumped revision number for resource 4ba3ee18-88f8-4bd2-b955-ff374274b56e (type: ports) to 2
2026-06-24 02:03:29.319 7 INFO neutron.db.ovn_revision_numbers_db [None req-ce8deb07-4b3a-4c37-b41c-868911e2d616 - - - - - -] Successfully bumped revision number for resource 4beaba4f-a044-49c9-9849-4fffc7f39772 (type: subnets) to 0 [pid: 7|app: 0|req: 906/1833] 10.0.0.65 () {34 vars in 668 bytes} [Wed Jun 24 02:03:27 2026] POST /v2.0/subnets => generated 1273 bytes in 1393 msecs (HTTP/1.1 201) 4 headers in 163 bytes (1 switches on core 0)
2026-06-24 02:03:29.394 8 INFO neutron.db.ovn_revision_numbers_db [None req-c31cc7bc-ecef-4a19-8b66-1aad5ca41c8f 5dfc6cb04de2497b8fec7b71c16e35dd 4092d8ad4125481eb1a3a4b74c289e30 - - default default] Successfully bumped revision number for resource 964d6664-acdf-4734-ad6f-7d60be0fdca7 (type: floatingips) to 2
2026-06-24 02:03:29.394 8 INFO neutron.db.l3_db [None req-c31cc7bc-ecef-4a19-8b66-1aad5ca41c8f 5dfc6cb04de2497b8fec7b71c16e35dd 4092d8ad4125481eb1a3a4b74c289e30 - - default default] Floating IP 964d6664-acdf-4734-ad6f-7d60be0fdca7 associated. External IP: 10.96.250.203, port: 1efe69bc-a469-4d31-9491-9d2d01de154a. [pid: 8|app: 0|req: 928/1834] 10.0.0.65 () {34 vars in 748 bytes} [Wed Jun 24 02:03:28 2026] PUT /v2.0/floatingips/964d6664-acdf-4734-ad6f-7d60be0fdca7 => generated 855 bytes in 665 msecs (HTTP/1.1 200) 4 headers in 157 bytes (1 switches on core 0)
2026-06-24 02:03:29.458 8 INFO neutron.notifiers.nova [-] Nova event matching ['req-4f11815d-b6f3-4d63-b093-487778eb711f'] response: {'name': 'network-changed', 'server_uuid': '230a80ba-0b1f-462b-9b4c-96fb3ee59ef9', 'tag': '1efe69bc-a469-4d31-9491-9d2d01de154a', 'status': 'completed', 'code': 200} [pid: 8|app: 0|req: 929/1835] 10.0.0.65 () {32 vars in 646 bytes} [Wed Jun 24 02:03:29 2026] GET /v2.0/subnets => generated 1909 bytes in 57 msecs (HTTP/1.1 200) 4 headers in 158 bytes (1 switches on core 0) /var/lib/openstack/lib/python3.12/site-packages/pycadf/identifier.py:70: UserWarning: Invalid uuid: neutron. To ensure interoperability, identifiers should be a valid uuid. warnings.warn(('Invalid uuid: %s. To ensure interoperability, ' [pid: 8|app: 0|req: 930/1836] 10.0.0.65 () {32 vars in 723 bytes} [Wed Jun 24 02:03:29 2026] DELETE /v2.0/subnets/66c82aea-7302-4dcd-9c10-eb78377a0f0d => generated 0 bytes in 144 msecs (HTTP/1.1 204) 3 headers in 131 bytes (1 switches on core 0)
2026-06-24 02:03:29.683 7 INFO neutron.db.ovn_revision_numbers_db [None req-24290c0d-16c8-4a90-b70b-1c604525d5d4 51e710b09a864bcb8c22644b0079857d 9ba30fc100d74b08b53077be88683d1e - - default default] Successfully bumped revision number for resource 3b328450-1fe9-4d96-afef-f54d787752e6 (type: security_groups) to 1
2026-06-24 02:03:29.700 7 INFO neutron.db.ovn_revision_numbers_db [None req-24290c0d-16c8-4a90-b70b-1c604525d5d4 51e710b09a864bcb8c22644b0079857d 9ba30fc100d74b08b53077be88683d1e - - default default] Successfully bumped revision number for resource 1bfcebda-f6db-419b-8b5f-382bc46488cd (type: security_group_rules) to 0
2026-06-24 02:03:29.714 7 INFO neutron.db.ovn_revision_numbers_db [None req-24290c0d-16c8-4a90-b70b-1c604525d5d4 51e710b09a864bcb8c22644b0079857d 9ba30fc100d74b08b53077be88683d1e - - default default] Successfully bumped revision number for resource 7282b78d-218e-42eb-ae0c-c6a8fb7a305f (type: security_group_rules) to 0
2026-06-24 02:03:29.728 7 INFO neutron.db.ovn_revision_numbers_db [None req-24290c0d-16c8-4a90-b70b-1c604525d5d4 51e710b09a864bcb8c22644b0079857d 9ba30fc100d74b08b53077be88683d1e - - default default] Successfully bumped revision number for resource d568d474-5dde-422f-acbe-4893b08a04da (type: security_group_rules) to 0
2026-06-24 02:03:29.740 7 INFO neutron.db.ovn_revision_numbers_db [None req-24290c0d-16c8-4a90-b70b-1c604525d5d4 51e710b09a864bcb8c22644b0079857d 9ba30fc100d74b08b53077be88683d1e - - default default] Successfully bumped revision number for resource e34993e7-5ec8-4099-b966-811dbd1000aa (type: security_group_rules) to 0
2026-06-24 02:03:29.829 7 INFO neutron.db.segments_db [None req-24290c0d-16c8-4a90-b70b-1c604525d5d4 51e710b09a864bcb8c22644b0079857d 9ba30fc100d74b08b53077be88683d1e - - default default] Added segment f7543784-ccb0-413f-916b-dd536daad10a of type geneve for network dbf3c7c4-f7a0-4ad4-a399-00478b0dfd81 [pid: 8|app: 0|req: 931/1837] 10.0.0.65 () {32 vars in 723 bytes} [Wed Jun 24 02:03:29 2026] DELETE /v2.0/subnets/4beaba4f-a044-49c9-9849-4fffc7f39772 => generated 0 bytes in 203 msecs (HTTP/1.1 204) 3 headers in 131 bytes (1 switches on core 0) [pid: 8|app: 0|req: 932/1838] 10.0.0.65 () {32 vars in 646 bytes} [Wed Jun 24 02:03:29 2026] GET /v2.0/subnets => generated 649 bytes in 27 msecs (HTTP/1.1 200) 4 headers in 157 bytes (1 switches on core 0)
2026-06-24 02:03:29.942 7 INFO neutron.db.ovn_revision_numbers_db [None req-24290c0d-16c8-4a90-b70b-1c604525d5d4 51e710b09a864bcb8c22644b0079857d 9ba30fc100d74b08b53077be88683d1e - - default default] Successfully bumped revision number for resource dbf3c7c4-f7a0-4ad4-a399-00478b0dfd81 (type: networks) to 1
2026-06-24 02:03:30.006 8 INFO neutron_taas.services.taas.taas_plugin [None req-807af841-5bb0-41a5-af72-3b5e35f63d04 f946de19181147898598f11076b4b778 cdfddff1c50a4996994d4b1e0835895b - - default default] TaaS: Handle Delete Port: 4ba3ee18-88f8-4bd2-b955-ff374274b56e
2026-06-24 02:03:30.009 8 INFO neutron_taas.services.taas.tap_mirror_plugin [None req-807af841-5bb0-41a5-af72-3b5e35f63d04 f946de19181147898598f11076b4b778 cdfddff1c50a4996994d4b1e0835895b - - default default] Tap Mirror: Handle Delete Port: 4ba3ee18-88f8-4bd2-b955-ff374274b56e
2026-06-24 02:03:30.123 7 WARNING neutron.scheduler.dhcp_agent_scheduler [None req-24290c0d-16c8-4a90-b70b-1c604525d5d4 51e710b09a864bcb8c22644b0079857d 9ba30fc100d74b08b53077be88683d1e - - default default] No more DHCP agents
2026-06-24 02:03:30.124 7 WARNING neutron.api.rpc.agentnotifiers.dhcp_rpc_agent_api [None req-24290c0d-16c8-4a90-b70b-1c604525d5d4 51e710b09a864bcb8c22644b0079857d 9ba30fc100d74b08b53077be88683d1e - - default default] Unable to schedule network dbf3c7c4-f7a0-4ad4-a399-00478b0dfd81: no agents available; will retry on subsequent port and subnet creation events.
2026-06-24 02:03:30.174 7 INFO neutron.plugins.ml2.drivers.ovn.mech_driver.mech_driver [None req-cbb6355c-d33a-4fed-88ba-bbd904906346 - - - - - -] OVN reports status down for port: c707f874-8d98-4b9f-a543-36d226677ba6
2026-06-24 02:03:30.228 7 INFO neutron.db.ovn_revision_numbers_db [None req-24290c0d-16c8-4a90-b70b-1c604525d5d4 51e710b09a864bcb8c22644b0079857d 9ba30fc100d74b08b53077be88683d1e - - default default] Successfully bumped revision number for resource c707f874-8d98-4b9f-a543-36d226677ba6 (type: ports) to 1
2026-06-24 02:03:30.241 8 INFO neutron.services.segments.plugin [-] Segment 543eac03-0fb5-4204-9ad0-3dd9f7a018af resource provider aggregate not found
2026-06-24 02:03:30.249 8 INFO neutron.services.segments.plugin [-] Segment 543eac03-0fb5-4204-9ad0-3dd9f7a018af resource provider aggregate not found [pid: 7|app: 0|req: 907/1839] 10.0.0.65 () {34 vars in 669 bytes} [Wed Jun 24 02:03:29 2026] POST /v2.0/networks => generated 634 bytes in 921 msecs (HTTP/1.1 201) 4 headers in 162 bytes (1 switches on core 0)
2026-06-24 02:03:30.265 8 INFO neutron.services.segments.plugin [-] Segment 543eac03-0fb5-4204-9ad0-3dd9f7a018af resource provider not found; error: Placement Client Error (4xx): {"errors": [{"status": 404, "title": "Not Found", "detail": "The resource could not be found.\n\n No resource provider with uuid 543eac03-0fb5-4204-9ad0-3dd9f7a018af found for delete ", "request_id": "req-a459d017-4a43-478a-911e-fefb7ffef968"}]}
2026-06-24 02:03:30.282 8 INFO neutron.services.segments.plugin [-] Segment 543eac03-0fb5-4204-9ad0-3dd9f7a018af resource provider not found; error: Placement Client Error (4xx): {"errors": [{"status": 404, "title": "Not Found", "detail": "The resource could not be found.\n\n No resource provider with uuid 543eac03-0fb5-4204-9ad0-3dd9f7a018af found for delete ", "request_id": "req-40d02b8a-bd66-461a-8c4f-5654219abc56"}]} [pid: 8|app: 0|req: 933/1840] 10.0.0.65 () {32 vars in 725 bytes} [Wed Jun 24 02:03:29 2026] DELETE /v2.0/networks/e7f14e28-811a-40ec-9cc2-c82f58961241 => generated 0 bytes in 426 msecs (HTTP/1.1 204) 3 headers in 131 bytes (1 switches on core 0) [pid: 7|app: 0|req: 908/1841] 199.204.45.144 () {34 vars in 1080 bytes} [Wed Jun 24 02:03:30 2026] GET /v2.0/ports?tenant_id=4092d8ad4125481eb1a3a4b74c289e30&device_id=230a80ba-0b1f-462b-9b4c-96fb3ee59ef9 => generated 1248 bytes in 66 msecs (HTTP/1.1 200) 4 headers in 158 bytes (1 switches on core 0)
2026-06-24 02:03:30.421 8 INFO neutron.db.segments_db [None req-fabb4efa-818c-45c4-ae23-01ffaa2466c8 51e710b09a864bcb8c22644b0079857d 9ba30fc100d74b08b53077be88683d1e - - default default] Added segment 91746081-4809-44d9-a573-d047b3e35895 of type geneve for network f798b47c-46d9-444a-9fba-2b1cc3030166
2026-06-24 02:03:30.463 7 INFO neutron_taas.services.taas.taas_plugin [None req-df4940c0-7632-4503-a843-507bd38d35d1 f946de19181147898598f11076b4b778 cdfddff1c50a4996994d4b1e0835895b - - default default] TaaS: Handle Delete Port: bfab9be7-61e5-4742-93f4-a5c088cdbce5
2026-06-24 02:03:30.465 7 INFO neutron_taas.services.taas.tap_mirror_plugin [None req-df4940c0-7632-4503-a843-507bd38d35d1 f946de19181147898598f11076b4b778 cdfddff1c50a4996994d4b1e0835895b - - default default] Tap Mirror: Handle Delete Port: bfab9be7-61e5-4742-93f4-a5c088cdbce5
2026-06-24 02:03:30.528 8 INFO neutron.db.ovn_revision_numbers_db [None req-fabb4efa-818c-45c4-ae23-01ffaa2466c8 51e710b09a864bcb8c22644b0079857d 9ba30fc100d74b08b53077be88683d1e - - default default] Successfully bumped revision number for resource f798b47c-46d9-444a-9fba-2b1cc3030166 (type: networks) to 1
2026-06-24 02:03:30.667 7 INFO neutron.services.segments.plugin [-] Segment 38e287f0-eee4-4950-92bf-3e8decbfbfc0 resource provider aggregate not found
2026-06-24 02:03:30.678 7 INFO neutron.services.segments.plugin [-] Segment 38e287f0-eee4-4950-92bf-3e8decbfbfc0 resource provider aggregate not found
2026-06-24 02:03:30.684 7 INFO neutron.services.segments.plugin [-] Segment 38e287f0-eee4-4950-92bf-3e8decbfbfc0 resource provider not found; error: Placement Client Error (4xx): {"errors": [{"status": 404, "title": "Not Found", "detail": "The resource could not be found.\n\n No resource provider with uuid 38e287f0-eee4-4950-92bf-3e8decbfbfc0 found for delete ", "request_id": "req-9193572f-b044-42e4-8c34-05268afb721f"}]}
2026-06-24 02:03:30.703 7 INFO neutron.services.segments.plugin [-] Segment 38e287f0-eee4-4950-92bf-3e8decbfbfc0 resource provider not found; error: Placement Client Error (4xx): {"errors": [{"status": 404, "title": "Not Found", "detail": "The resource could not be found.\n\n No resource provider with uuid 38e287f0-eee4-4950-92bf-3e8decbfbfc0 found for delete ", "request_id": "req-798489bb-0c9b-41fd-8445-ecbe6a909891"}]} [pid: 7|app: 0|req: 909/1842] 10.0.0.65 () {32 vars in 725 bytes} [Wed Jun 24 02:03:30 2026] DELETE /v2.0/networks/1b84bfec-8186-4014-9c42-ea46a6d3621b => generated 0 bytes in 416 msecs (HTTP/1.1 204) 3 headers in 131 bytes (1 switches on core 0)
2026-06-24 02:03:30.771 8 WARNING neutron.scheduler.dhcp_agent_scheduler [None req-fabb4efa-818c-45c4-ae23-01ffaa2466c8 51e710b09a864bcb8c22644b0079857d 9ba30fc100d74b08b53077be88683d1e - - default default] No more DHCP agents
2026-06-24 02:03:30.772 8 WARNING neutron.api.rpc.agentnotifiers.dhcp_rpc_agent_api [None req-fabb4efa-818c-45c4-ae23-01ffaa2466c8 51e710b09a864bcb8c22644b0079857d 9ba30fc100d74b08b53077be88683d1e - - default default] Unable to schedule network f798b47c-46d9-444a-9fba-2b1cc3030166: no agents available; will retry on subsequent port and subnet creation events. [pid: 7|app: 0|req: 910/1843] 199.204.45.144 () {34 vars in 986 bytes} [Wed Jun 24 02:03:30 2026] GET /v2.0/networks?id=4603395d-114d-48d4-ab2a-8055697a4926 => generated 772 bytes in 48 msecs (HTTP/1.1 200) 4 headers in 157 bytes (1 switches on core 0)
2026-06-24 02:03:30.827 8 INFO neutron.plugins.ml2.drivers.ovn.mech_driver.mech_driver [None req-94b264ad-9263-48b6-9bd3-2efc9b21c10c - - - - - -] OVN reports status down for port: 8560688b-347d-404c-b294-418f03eb9d3a
2026-06-24 02:03:30.879 8 INFO neutron.db.ovn_revision_numbers_db [None req-fabb4efa-818c-45c4-ae23-01ffaa2466c8 51e710b09a864bcb8c22644b0079857d 9ba30fc100d74b08b53077be88683d1e - - default default] Successfully bumped revision number for resource 8560688b-347d-404c-b294-418f03eb9d3a (type: ports) to 1 [pid: 8|app: 0|req: 934/1844] 10.0.0.65 () {34 vars in 669 bytes} [Wed Jun 24 02:03:30 2026] POST /v2.0/networks => generated 634 bytes in 615 msecs (HTTP/1.1 201) 4 headers in 162 bytes (1 switches on core 0)
2026-06-24 02:03:31.025 8 INFO neutron_taas.services.taas.taas_plugin [None req-8b48f21d-332f-4fcb-90b4-88897653228e f946de19181147898598f11076b4b778 cdfddff1c50a4996994d4b1e0835895b - - default default] TaaS: Handle Delete Port: c1a75bb1-8e9b-4af4-a249-28f64dc1ca92
2026-06-24 02:03:31.027 8 INFO neutron_taas.services.taas.tap_mirror_plugin [None req-8b48f21d-332f-4fcb-90b4-88897653228e f946de19181147898598f11076b4b778 cdfddff1c50a4996994d4b1e0835895b - - default default] Tap Mirror: Handle Delete Port: c1a75bb1-8e9b-4af4-a249-28f64dc1ca92
2026-06-24 02:03:31.070 7 INFO neutron.db.ovn_revision_numbers_db [None req-0de17051-dbd7-4498-b286-2a7707413ffa 05ce3fe1ea6b4da48b4ef203eaf720b1 c1e674bb8f5742efbf36426db763d87a - - default default] Successfully bumped revision number for resource 393f6e5d-1cdc-4171-8dfe-e6bbd33cc49f (type: security_groups) to 1
2026-06-24 02:03:31.091 7 INFO neutron.db.ovn_revision_numbers_db [None req-0de17051-dbd7-4498-b286-2a7707413ffa 05ce3fe1ea6b4da48b4ef203eaf720b1 c1e674bb8f5742efbf36426db763d87a - - default default] Successfully bumped revision number for resource 0fe71a9f-731e-4fe9-a7c1-dd9545dfd0a2 (type: security_group_rules) to 0
2026-06-24 02:03:31.103 7 INFO neutron.db.ovn_revision_numbers_db [None req-0de17051-dbd7-4498-b286-2a7707413ffa 05ce3fe1ea6b4da48b4ef203eaf720b1 c1e674bb8f5742efbf36426db763d87a - - default default] Successfully bumped revision number for resource 510b45ca-ba16-4b40-84b4-d0ff5cca6173 (type: security_group_rules) to 0
2026-06-24 02:03:31.116 7 INFO neutron.db.ovn_revision_numbers_db [None req-0de17051-dbd7-4498-b286-2a7707413ffa 05ce3fe1ea6b4da48b4ef203eaf720b1 c1e674bb8f5742efbf36426db763d87a - - default default] Successfully bumped revision number for resource a3461227-5cd2-46ce-b800-278e68bc775e (type: security_group_rules) to 0
2026-06-24 02:03:31.145 7 INFO neutron.db.ovn_revision_numbers_db [None req-0de17051-dbd7-4498-b286-2a7707413ffa 05ce3fe1ea6b4da48b4ef203eaf720b1 c1e674bb8f5742efbf36426db763d87a - - default default] Successfully bumped revision number for resource da1e8b3d-3c73-4203-bb10-07a65491268d (type: security_group_rules) to 0
2026-06-24 02:03:31.224 7 INFO neutron.db.segments_db [None req-0de17051-dbd7-4498-b286-2a7707413ffa 05ce3fe1ea6b4da48b4ef203eaf720b1 c1e674bb8f5742efbf36426db763d87a - - default default] Added segment 49c6aaa6-7005-4f25-89f8-7e97a24d203e of type geneve for network 767bfa08-330c-4515-bfce-93fd8e7dc03a [pid: 8|app: 0|req: 935/1845] 10.0.0.65 () {32 vars in 725 bytes} [Wed Jun 24 02:03:30 2026] DELETE /v2.0/networks/fd68ca71-842a-4c2b-a8d9-e4943e017de9 => generated 0 bytes in 360 msecs (HTTP/1.1 204) 3 headers in 131 bytes (1 switches on core 0) [pid: 8|app: 0|req: 936/1846] 199.204.45.144 () {34 vars in 1058 bytes} [Wed Jun 24 02:03:31 2026] GET /v2.0/floatingips?fixed_ip_address=10.100.0.5&port_id=1efe69bc-a469-4d31-9491-9d2d01de154a => generated 860 bytes in 32 msecs (HTTP/1.1 200) 4 headers in 157 bytes (1 switches on core 0)
2026-06-24 02:03:31.342 7 INFO neutron.db.ovn_revision_numbers_db [None req-0de17051-dbd7-4498-b286-2a7707413ffa 05ce3fe1ea6b4da48b4ef203eaf720b1 c1e674bb8f5742efbf36426db763d87a - - default default] Successfully bumped revision number for resource 767bfa08-330c-4515-bfce-93fd8e7dc03a (type: networks) to 1
2026-06-24 02:03:31.509 7 WARNING neutron.scheduler.dhcp_agent_scheduler [None req-0de17051-dbd7-4498-b286-2a7707413ffa 05ce3fe1ea6b4da48b4ef203eaf720b1 c1e674bb8f5742efbf36426db763d87a - - default default] No more DHCP agents
2026-06-24 02:03:31.511 7 WARNING neutron.api.rpc.agentnotifiers.dhcp_rpc_agent_api [None req-0de17051-dbd7-4498-b286-2a7707413ffa 05ce3fe1ea6b4da48b4ef203eaf720b1 c1e674bb8f5742efbf36426db763d87a - - default default] Unable to schedule network 767bfa08-330c-4515-bfce-93fd8e7dc03a: no agents available; will retry on subsequent port and subnet creation events.
2026-06-24 02:03:31.519 8 WARNING neutron.scheduler.dhcp_agent_scheduler [None req-c0a6be34-e743-444f-8222-d5c7a647639c 51e710b09a864bcb8c22644b0079857d 9ba30fc100d74b08b53077be88683d1e - - default default] No more DHCP agents
2026-06-24 02:03:31.528 8 WARNING neutron.api.rpc.agentnotifiers.dhcp_rpc_agent_api [None req-c0a6be34-e743-444f-8222-d5c7a647639c 51e710b09a864bcb8c22644b0079857d 9ba30fc100d74b08b53077be88683d1e - - default default] Unable to schedule network dbf3c7c4-f7a0-4ad4-a399-00478b0dfd81: no agents available; will retry on subsequent port and subnet creation events.
2026-06-24 02:03:31.564 7 INFO neutron.plugins.ml2.drivers.ovn.mech_driver.mech_driver [None req-cbb6355c-d33a-4fed-88ba-bbd904906346 - - - - - -] OVN reports status down for port: a3012878-1c1d-4441-9c89-de9a5c0c1e48
2026-06-24 02:03:31.583 8 INFO neutron.db.ovn_revision_numbers_db [None req-c0a6be34-e743-444f-8222-d5c7a647639c 51e710b09a864bcb8c22644b0079857d 9ba30fc100d74b08b53077be88683d1e - - default default] Successfully bumped revision number for resource 4b7e9325-dd51-4487-989a-19e251ec1505 (type: subnets) to 0 [pid: 8|app: 0|req: 937/1847] 10.0.0.65 () {34 vars in 668 bytes} [Wed Jun 24 02:03:31 2026] POST /v2.0/subnets => generated 646 bytes in 288 msecs (HTTP/1.1 201) 4 headers in 162 bytes (1 switches on core 0)
2026-06-24 02:03:31.625 7 INFO neutron.db.ovn_revision_numbers_db [None req-0de17051-dbd7-4498-b286-2a7707413ffa 05ce3fe1ea6b4da48b4ef203eaf720b1 c1e674bb8f5742efbf36426db763d87a - - default default] Successfully bumped revision number for resource a3012878-1c1d-4441-9c89-de9a5c0c1e48 (type: ports) to 1 [pid: 7|app: 0|req: 911/1848] 10.0.0.65 () {34 vars in 669 bytes} [Wed Jun 24 02:03:30 2026] POST /v2.0/networks => generated 632 bytes in 866 msecs (HTTP/1.1 201) 4 headers in 162 bytes (1 switches on core 0) [pid: 7|app: 0|req: 912/1849] 199.204.45.144 () {34 vars in 984 bytes} [Wed Jun 24 02:03:31 2026] GET /v2.0/subnets?id=a3473265-0e99-4bad-ae63-03ca53086b7a => generated 691 bytes in 50 msecs (HTTP/1.1 200) 4 headers in 157 bytes (1 switches on core 0)
2026-06-24 02:03:31.729 8 INFO neutron_taas.services.taas.taas_plugin [None req-c86d1f25-2520-4e6c-83c7-2fe1e43a369f f946de19181147898598f11076b4b778 cdfddff1c50a4996994d4b1e0835895b - - default default] TaaS: Handle Delete Port: 57ef1d64-9987-4217-9a08-a49a1337be51
2026-06-24 02:03:31.732 8 INFO neutron_taas.services.taas.tap_mirror_plugin [None req-c86d1f25-2520-4e6c-83c7-2fe1e43a369f f946de19181147898598f11076b4b778 cdfddff1c50a4996994d4b1e0835895b - - default default] Tap Mirror: Handle Delete Port: 57ef1d64-9987-4217-9a08-a49a1337be51
2026-06-24 02:03:31.908 7 WARNING neutron.scheduler.dhcp_agent_scheduler [None req-68b92544-02e1-406b-bf26-13de584be98f 51e710b09a864bcb8c22644b0079857d 9ba30fc100d74b08b53077be88683d1e - - default default] No more DHCP agents
2026-06-24 02:03:31.910 7 WARNING neutron.api.rpc.agentnotifiers.dhcp_rpc_agent_api [None req-68b92544-02e1-406b-bf26-13de584be98f 51e710b09a864bcb8c22644b0079857d 9ba30fc100d74b08b53077be88683d1e - - default default] Unable to schedule network f798b47c-46d9-444a-9fba-2b1cc3030166: no agents available; will retry on subsequent port and subnet creation events.
