2026-05-29 23:08:29.087 7 INFO placement.requestlog [req-d74b35da-8400-43d9-9318-df219fe8f458 req-ff61e053-dcea-4e12-aab2-da88f2e2399e 3e62550664164242abb3e382677d4c8c 6c0afb4fc087416d9e0d9c24b4b30fba - - 1d17189322a742f9821374995584d28c 1d17189322a742f9821374995584d28c] 199.204.45.22 "GET /resource_providers/afd4d680-3794-46a6-8404-7cc4947f8a33/allocations" status: 200 len: 153 microversion: 1.0 [pid: 7|app: 0|req: 419/841] 199.204.45.22 () {32 vars in 856 bytes} [Fri May 29 23:08:29 2026] GET /resource_providers/afd4d680-3794-46a6-8404-7cc4947f8a33/allocations => generated 153 bytes in 13 msecs (HTTP/1.1 200) 6 headers in 224 bytes (1 switches on core 0)
2026-05-29 23:08:29.115 8 INFO placement.requestlog [req-d74b35da-8400-43d9-9318-df219fe8f458 req-fe228b27-e974-4123-8e72-e51908c06679 3e62550664164242abb3e382677d4c8c 6c0afb4fc087416d9e0d9c24b4b30fba - - 1d17189322a742f9821374995584d28c 1d17189322a742f9821374995584d28c] 199.204.45.22 "GET /allocations/2be36cd7-0fc2-4f93-8d9e-022795f1661e" status: 200 len: 258 microversion: 1.28 [pid: 8|app: 0|req: 423/842] 199.204.45.22 () {34 vars in 862 bytes} [Fri May 29 23:08:29 2026] GET /allocations/2be36cd7-0fc2-4f93-8d9e-022795f1661e => generated 258 bytes in 22 msecs (HTTP/1.1 200) 8 headers in 296 bytes (1 switches on core 0)
2026-05-29 23:08:29.202 7 INFO placement.requestlog [req-d74b35da-8400-43d9-9318-df219fe8f458 req-9edf34c0-63c9-4573-ac1d-54b6ab973194 3e62550664164242abb3e382677d4c8c 6c0afb4fc087416d9e0d9c24b4b30fba - - 1d17189322a742f9821374995584d28c 1d17189322a742f9821374995584d28c] 199.204.45.22 "DELETE /allocations/2be36cd7-0fc2-4f93-8d9e-022795f1661e" status: 204 len: 0 microversion: 1.0 [pid: 7|app: 0|req: 420/843] 199.204.45.22 () {34 vars in 840 bytes} [Fri May 29 23:08:29 2026] DELETE /allocations/2be36cd7-0fc2-4f93-8d9e-022795f1661e => generated 0 bytes in 26 msecs (HTTP/1.1 204) 5 headers in 198 bytes (1 switches on core 0)
2026-05-29 23:08:33.664 7 INFO placement.requestlog [None req-753d936b-9e5b-44fa-af26-62359bae26ea - - - - - -] 10.0.0.232 "GET /" status: 200 len: 136 microversion: 1.0
2026-05-29 23:08:33.664 8 INFO placement.requestlog [None req-d5fc6b31-d506-44a9-915a-9c4d0d9f1f15 - - - - - -] 10.0.0.232 "GET /" status: 200 len: 136 microversion: 1.0
2026-05-29 23:08:33.946 7 INFO placement.requestlog [None req-5af2fe8c-2660-4ccc-acad-1f7d8cd55b6c 747d93d86cbc4e75b60b0df86f94a4de 6c0afb4fc087416d9e0d9c24b4b30fba - - 1d17189322a742f9821374995584d28c 1d17189322a742f9821374995584d28c] 10.0.0.230 "GET /resource_providers/a123006b-b4be-4cce-82db-5767ba2eb750/aggregates" status: 404 len: 235 microversion: 1.1 [pid: 7|app: 0|req: 422/846] 10.0.0.230 () {32 vars in 825 bytes} [Fri May 29 23:08:33 2026] GET /resource_providers/a123006b-b4be-4cce-82db-5767ba2eb750/aggregates => generated 235 bytes in 11 msecs (HTTP/1.1 404) 5 headers in 202 bytes (1 switches on core 0)
2026-05-29 23:08:33.950 8 INFO placement.requestlog [None req-4b0eb447-775a-44c8-8d71-19cfee389886 747d93d86cbc4e75b60b0df86f94a4de 6c0afb4fc087416d9e0d9c24b4b30fba - - 1d17189322a742f9821374995584d28c 1d17189322a742f9821374995584d28c] 10.0.0.230 "GET /resource_providers/a123006b-b4be-4cce-82db-5767ba2eb750/aggregates" status: 404 len: 235 microversion: 1.1 [pid: 8|app: 0|req: 425/847] 10.0.0.230 () {32 vars in 825 bytes} [Fri May 29 23:08:33 2026] GET /resource_providers/a123006b-b4be-4cce-82db-5767ba2eb750/aggregates => generated 235 bytes in 11 msecs (HTTP/1.1 404) 5 headers in 202 bytes (1 switches on core 0)
2026-05-29 23:08:33.969 8 INFO placement.requestlog [None req-21fe2dfb-bc86-44d2-9826-6a5b70977cd3 747d93d86cbc4e75b60b0df86f94a4de 6c0afb4fc087416d9e0d9c24b4b30fba - - 1d17189322a742f9821374995584d28c 1d17189322a742f9821374995584d28c] 10.0.0.230 "DELETE /resource_providers/a123006b-b4be-4cce-82db-5767ba2eb750" status: 404 len: 246 microversion: 1.1 [pid: 8|app: 0|req: 426/848] 10.0.0.230 () {34 vars in 825 bytes} [Fri May 29 23:08:33 2026] DELETE /resource_providers/a123006b-b4be-4cce-82db-5767ba2eb750 => generated 246 bytes in 9 msecs (HTTP/1.1 404) 6 headers in 231 bytes (1 switches on core 0)
2026-05-29 23:08:33.970 7 INFO placement.requestlog [None req-788e3556-6f97-43d3-824a-30ff954ca80f 747d93d86cbc4e75b60b0df86f94a4de 6c0afb4fc087416d9e0d9c24b4b30fba - - 1d17189322a742f9821374995584d28c 1d17189322a742f9821374995584d28c] 10.0.0.230 "DELETE /resource_providers/a123006b-b4be-4cce-82db-5767ba2eb750" status: 404 len: 246 microversion: 1.1 [pid: 7|app: 0|req: 423/849] 10.0.0.230 () {34 vars in 825 bytes} [Fri May 29 23:08:33 2026] DELETE /resource_providers/a123006b-b4be-4cce-82db-5767ba2eb750 => generated 246 bytes in 12 msecs (HTTP/1.1 404) 6 headers in 231 bytes (1 switches on core 0)
2026-05-29 23:08:38.389 7 INFO placement.requestlog [None req-0962bc3a-0651-497f-ba00-3bec95a2ea54 747d93d86cbc4e75b60b0df86f94a4de 6c0afb4fc087416d9e0d9c24b4b30fba - - 1d17189322a742f9821374995584d28c 1d17189322a742f9821374995584d28c] 10.0.0.230 "GET /resource_providers/facf1068-f510-446b-af21-11c8a10a97d7/aggregates" status: 404 len: 235 microversion: 1.1
2026-05-29 23:08:38.389 8 INFO placement.requestlog [None req-393cc5a3-c470-48fc-8ea6-9a394974f549 747d93d86cbc4e75b60b0df86f94a4de 6c0afb4fc087416d9e0d9c24b4b30fba - - 1d17189322a742f9821374995584d28c 1d17189322a742f9821374995584d28c] 10.0.0.230 "GET /resource_providers/facf1068-f510-446b-af21-11c8a10a97d7/aggregates" status: 404 len: 235 microversion: 1.1 [pid: 7|app: 0|req: 424/850] 10.0.0.230 () {32 vars in 825 bytes} [Fri May 29 23:08:38 2026] GET /resource_providers/facf1068-f510-446b-af21-11c8a10a97d7/aggregates => generated 235 bytes in 13 msecs (HTTP/1.1 404) 5 headers in 202 bytes (1 switches on core 0) [pid: 8|app: 0|req: 427/851] 10.0.0.230 () {32 vars in 825 bytes} [Fri May 29 23:08:38 2026] GET /resource_providers/facf1068-f510-446b-af21-11c8a10a97d7/aggregates => generated 235 bytes in 14 msecs (HTTP/1.1 404) 5 headers in 202 bytes (1 switches on core 0)
2026-05-29 23:08:38.441 8 INFO placement.requestlog [None req-cc12024c-83e1-44d9-8da1-95dc23916a78 747d93d86cbc4e75b60b0df86f94a4de 6c0afb4fc087416d9e0d9c24b4b30fba - - 1d17189322a742f9821374995584d28c 1d17189322a742f9821374995584d28c] 10.0.0.230 "DELETE /resource_providers/facf1068-f510-446b-af21-11c8a10a97d7" status: 404 len: 246 microversion: 1.1 [pid: 8|app: 0|req: 428/852] 10.0.0.230 () {34 vars in 825 bytes} [Fri May 29 23:08:38 2026] DELETE /resource_providers/facf1068-f510-446b-af21-11c8a10a97d7 => generated 246 bytes in 19 msecs (HTTP/1.1 404) 6 headers in 231 bytes (1 switches on core 0)
2026-05-29 23:08:38.458 7 INFO placement.requestlog [None req-ed82ba05-2daa-436e-a3fb-cd4feaaad61d 747d93d86cbc4e75b60b0df86f94a4de 6c0afb4fc087416d9e0d9c24b4b30fba - - 1d17189322a742f9821374995584d28c 1d17189322a742f9821374995584d28c] 10.0.0.230 "DELETE /resource_providers/facf1068-f510-446b-af21-11c8a10a97d7" status: 404 len: 246 microversion: 1.1 [pid: 7|app: 0|req: 425/853] 10.0.0.230 () {34 vars in 825 bytes} [Fri May 29 23:08:38 2026] DELETE /resource_providers/facf1068-f510-446b-af21-11c8a10a97d7 => generated 246 bytes in 37 msecs (HTTP/1.1 404) 6 headers in 231 bytes (1 switches on core 0)
2026-05-29 23:08:43.663 8 INFO placement.requestlog [None req-30d5a292-2ca1-4f36-bb65-0ff2acdc1756 - - - - - -] 10.0.0.232 "GET /" status: 200 len: 136 microversion: 1.0
2026-05-29 23:08:43.666 7 INFO placement.requestlog [None req-3812270b-a55b-4502-9a4b-820d0d22dcee - - - - - -] 10.0.0.232 "GET /" status: 200 len: 136 microversion: 1.0
2026-05-29 23:08:43.977 8 INFO placement.requestlog [None req-1e27f392-e4d5-48f4-9903-c860c305d9f8 747d93d86cbc4e75b60b0df86f94a4de 6c0afb4fc087416d9e0d9c24b4b30fba - - 1d17189322a742f9821374995584d28c 1d17189322a742f9821374995584d28c] 10.0.0.230 "GET /resource_providers/289e57c2-468e-49cb-b49c-f35527a310b2/aggregates" status: 404 len: 235 microversion: 1.1 [pid: 8|app: 0|req: 430/856] 10.0.0.230 () {32 vars in 825 bytes} [Fri May 29 23:08:43 2026] GET /resource_providers/289e57c2-468e-49cb-b49c-f35527a310b2/aggregates => generated 235 bytes in 11 msecs (HTTP/1.1 404) 5 headers in 202 bytes (1 switches on core 0)
2026-05-29 23:08:43.982 7 INFO placement.requestlog [None req-08515fa2-4719-442d-8ab7-71521fc3f96f 747d93d86cbc4e75b60b0df86f94a4de 6c0afb4fc087416d9e0d9c24b4b30fba - - 1d17189322a742f9821374995584d28c 1d17189322a742f9821374995584d28c] 10.0.0.230 "GET /resource_providers/289e57c2-468e-49cb-b49c-f35527a310b2/aggregates" status: 404 len: 235 microversion: 1.1 [pid: 7|app: 0|req: 427/857] 10.0.0.230 () {32 vars in 825 bytes} [Fri May 29 23:08:43 2026] GET /resource_providers/289e57c2-468e-49cb-b49c-f35527a310b2/aggregates => generated 235 bytes in 13 msecs (HTTP/1.1 404) 5 headers in 202 bytes (1 switches on core 0)
2026-05-29 23:08:44.005 8 INFO placement.requestlog [None req-70ae470c-3ea8-4c2e-83e9-b623c9997ee9 747d93d86cbc4e75b60b0df86f94a4de 6c0afb4fc087416d9e0d9c24b4b30fba - - 1d17189322a742f9821374995584d28c 1d17189322a742f9821374995584d28c] 10.0.0.230 "DELETE /resource_providers/289e57c2-468e-49cb-b49c-f35527a310b2" status: 404 len: 246 microversion: 1.1 [pid: 8|app: 0|req: 431/858] 10.0.0.230 () {34 vars in 825 bytes} [Fri May 29 23:08:43 2026] DELETE /resource_providers/289e57c2-468e-49cb-b49c-f35527a310b2 => generated 246 bytes in 12 msecs (HTTP/1.1 404) 6 headers in 231 bytes (1 switches on core 0)
2026-05-29 23:08:44.009 7 INFO placement.requestlog [None req-7fb03b04-b536-462e-b811-4442a6a14a3b 747d93d86cbc4e75b60b0df86f94a4de 6c0afb4fc087416d9e0d9c24b4b30fba - - 1d17189322a742f9821374995584d28c 1d17189322a742f9821374995584d28c] 10.0.0.230 "DELETE /resource_providers/289e57c2-468e-49cb-b49c-f35527a310b2" status: 404 len: 246 microversion: 1.1 [pid: 7|app: 0|req: 428/859] 10.0.0.230 () {34 vars in 825 bytes} [Fri May 29 23:08:43 2026] DELETE /resource_providers/289e57c2-468e-49cb-b49c-f35527a310b2 => generated 246 bytes in 15 msecs (HTTP/1.1 404) 6 headers in 231 bytes (1 switches on core 0)
2026-05-29 23:08:46.037 8 INFO placement.requestlog [None req-3f048451-d1d4-469d-8f37-02ca52ea4619 747d93d86cbc4e75b60b0df86f94a4de 6c0afb4fc087416d9e0d9c24b4b30fba - - 1d17189322a742f9821374995584d28c 1d17189322a742f9821374995584d28c] 10.0.0.230 "GET /resource_providers/9d9b2731-07a3-4895-8175-d3b0d5b1d618/aggregates" status: 404 len: 235 microversion: 1.1 [pid: 8|app: 0|req: 432/860] 10.0.0.230 () {32 vars in 825 bytes} [Fri May 29 23:08:46 2026] GET /resource_providers/9d9b2731-07a3-4895-8175-d3b0d5b1d618/aggregates => generated 235 bytes in 14 msecs (HTTP/1.1 404) 5 headers in 202 bytes (1 switches on core 0)
2026-05-29 23:08:46.039 7 INFO placement.requestlog [None req-c1c105bc-f13e-4d8a-9d46-12526244f0c1 747d93d86cbc4e75b60b0df86f94a4de 6c0afb4fc087416d9e0d9c24b4b30fba - - 1d17189322a742f9821374995584d28c 1d17189322a742f9821374995584d28c] 10.0.0.230 "GET /resource_providers/9d9b2731-07a3-4895-8175-d3b0d5b1d618/aggregates" status: 404 len: 235 microversion: 1.1 [pid: 7|app: 0|req: 429/861] 10.0.0.230 () {32 vars in 825 bytes} [Fri May 29 23:08:46 2026] GET /resource_providers/9d9b2731-07a3-4895-8175-d3b0d5b1d618/aggregates => generated 235 bytes in 13 msecs (HTTP/1.1 404) 5 headers in 202 bytes (1 switches on core 0)
2026-05-29 23:08:46.055 8 INFO placement.requestlog [None req-e737b9d1-3281-467e-843f-186a99ab67fc 747d93d86cbc4e75b60b0df86f94a4de 6c0afb4fc087416d9e0d9c24b4b30fba - - 1d17189322a742f9821374995584d28c 1d17189322a742f9821374995584d28c] 10.0.0.230 "DELETE /resource_providers/9d9b2731-07a3-4895-8175-d3b0d5b1d618" status: 404 len: 246 microversion: 1.1 [pid: 8|app: 0|req: 433/862] 10.0.0.230 () {34 vars in 825 bytes} [Fri May 29 23:08:46 2026] DELETE /resource_providers/9d9b2731-07a3-4895-8175-d3b0d5b1d618 => generated 246 bytes in 9 msecs (HTTP/1.1 404) 6 headers in 231 bytes (1 switches on core 0)
2026-05-29 23:08:46.064 7 INFO placement.requestlog [None req-699925b1-d5a8-4382-9c60-ab33a8c38370 747d93d86cbc4e75b60b0df86f94a4de 6c0afb4fc087416d9e0d9c24b4b30fba - - 1d17189322a742f9821374995584d28c 1d17189322a742f9821374995584d28c] 10.0.0.230 "DELETE /resource_providers/9d9b2731-07a3-4895-8175-d3b0d5b1d618" status: 404 len: 246 microversion: 1.1 [pid: 7|app: 0|req: 430/863] 10.0.0.230 () {34 vars in 825 bytes} [Fri May 29 23:08:46 2026] DELETE /resource_providers/9d9b2731-07a3-4895-8175-d3b0d5b1d618 => generated 246 bytes in 13 msecs (HTTP/1.1 404) 6 headers in 231 bytes (1 switches on core 0)
2026-05-29 23:08:52.427 7 INFO placement.requestlog [None req-c2c392df-ed86-43d2-87fc-9a15614196f3 747d93d86cbc4e75b60b0df86f94a4de 6c0afb4fc087416d9e0d9c24b4b30fba - - 1d17189322a742f9821374995584d28c 1d17189322a742f9821374995584d28c] 10.0.0.230 "GET /resource_providers/be88ad81-fdad-45d4-8427-40c8b60e8a7f/aggregates" status: 404 len: 235 microversion: 1.1
2026-05-29 23:08:52.428 8 INFO placement.requestlog [None req-fa14189a-5b02-4c5f-99af-9c8e5866a854 747d93d86cbc4e75b60b0df86f94a4de 6c0afb4fc087416d9e0d9c24b4b30fba - - 1d17189322a742f9821374995584d28c 1d17189322a742f9821374995584d28c] 10.0.0.230 "GET /resource_providers/be88ad81-fdad-45d4-8427-40c8b60e8a7f/aggregates" status: 404 len: 235 microversion: 1.1 [pid: 7|app: 0|req: 431/864] 10.0.0.230 () {32 vars in 825 bytes} [Fri May 29 23:08:52 2026] GET /resource_providers/be88ad81-fdad-45d4-8427-40c8b60e8a7f/aggregates => generated 235 bytes in 69 msecs (HTTP/1.1 404) 5 headers in 202 bytes (1 switches on core 0) [pid: 8|app: 0|req: 434/865] 10.0.0.230 () {32 vars in 825 bytes} [Fri May 29 23:08:52 2026] GET /resource_providers/be88ad81-fdad-45d4-8427-40c8b60e8a7f/aggregates => generated 235 bytes in 70 msecs (HTTP/1.1 404) 5 headers in 202 bytes (1 switches on core 0)
2026-05-29 23:08:52.451 8 INFO placement.requestlog [None req-a329d006-41e2-4d5e-b1ed-14e29d368b4e 747d93d86cbc4e75b60b0df86f94a4de 6c0afb4fc087416d9e0d9c24b4b30fba - - 1d17189322a742f9821374995584d28c 1d17189322a742f9821374995584d28c] 10.0.0.230 "DELETE /resource_providers/be88ad81-fdad-45d4-8427-40c8b60e8a7f" status: 404 len: 246 microversion: 1.1 [pid: 8|app: 0|req: 435/866] 10.0.0.230 () {34 vars in 825 bytes} [Fri May 29 23:08:52 2026] DELETE /resource_providers/be88ad81-fdad-45d4-8427-40c8b60e8a7f => generated 246 bytes in 9 msecs (HTTP/1.1 404) 6 headers in 231 bytes (1 switches on core 0)
2026-05-29 23:08:52.452 7 INFO placement.requestlog [None req-d2ed1808-3330-4bcd-8a9e-bfdaa13a00c8 747d93d86cbc4e75b60b0df86f94a4de 6c0afb4fc087416d9e0d9c24b4b30fba - - 1d17189322a742f9821374995584d28c 1d17189322a742f9821374995584d28c] 10.0.0.230 "DELETE /resource_providers/be88ad81-fdad-45d4-8427-40c8b60e8a7f" status: 404 len: 246 microversion: 1.1 [pid: 7|app: 0|req: 432/867] 10.0.0.230 () {34 vars in 825 bytes} [Fri May 29 23:08:52 2026] DELETE /resource_providers/be88ad81-fdad-45d4-8427-40c8b60e8a7f => generated 246 bytes in 11 msecs (HTTP/1.1 404) 6 headers in 231 bytes (1 switches on core 0)
2026-05-29 23:08:53.664 8 INFO placement.requestlog [None req-f6db04b7-31ce-4161-a3a3-826fc922903e - - - - - -] 10.0.0.232 "GET /" status: 200 len: 136 microversion: 1.0
2026-05-29 23:08:53.668 7 INFO placement.requestlog [None req-58bf883e-8441-481f-90cd-8e7d6a600593 - - - - - -] 10.0.0.232 "GET /" status: 200 len: 136 microversion: 1.0
2026-05-29 23:08:59.515 7 INFO placement.requestlog [None req-3ae54c6a-2910-4786-a235-f0cc6dbddd97 747d93d86cbc4e75b60b0df86f94a4de 6c0afb4fc087416d9e0d9c24b4b30fba - - 1d17189322a742f9821374995584d28c 1d17189322a742f9821374995584d28c] 10.0.0.230 "GET /resource_providers/4fbd3b2b-07c7-4903-ad40-24f24eee68fe/aggregates" status: 404 len: 235 microversion: 1.1 [pid: 7|app: 0|req: 434/870] 10.0.0.230 () {32 vars in 825 bytes} [Fri May 29 23:08:59 2026] GET /resource_providers/4fbd3b2b-07c7-4903-ad40-24f24eee68fe/aggregates => generated 235 bytes in 8 msecs (HTTP/1.1 404) 5 headers in 202 bytes (1 switches on core 0)
2026-05-29 23:08:59.516 8 INFO placement.requestlog [None req-5866c4cf-43c9-4d98-ba9b-766c7a09d8df 747d93d86cbc4e75b60b0df86f94a4de 6c0afb4fc087416d9e0d9c24b4b30fba - - 1d17189322a742f9821374995584d28c 1d17189322a742f9821374995584d28c] 10.0.0.230 "GET /resource_providers/4fbd3b2b-07c7-4903-ad40-24f24eee68fe/aggregates" status: 404 len: 235 microversion: 1.1 [pid: 8|app: 0|req: 437/871] 10.0.0.230 () {32 vars in 825 bytes} [Fri May 29 23:08:59 2026] GET /resource_providers/4fbd3b2b-07c7-4903-ad40-24f24eee68fe/aggregates => generated 235 bytes in 11 msecs (HTTP/1.1 404) 5 headers in 202 bytes (1 switches on core 0)
2026-05-29 23:08:59.548 7 INFO placement.requestlog [None req-a4cc7dc6-ff23-4a26-8de0-bf2fd38b05fd 747d93d86cbc4e75b60b0df86f94a4de 6c0afb4fc087416d9e0d9c24b4b30fba - - 1d17189322a742f9821374995584d28c 1d17189322a742f9821374995584d28c] 10.0.0.230 "DELETE /resource_providers/4fbd3b2b-07c7-4903-ad40-24f24eee68fe" status: 404 len: 246 microversion: 1.1 [pid: 7|app: 0|req: 435/872] 10.0.0.230 () {34 vars in 825 bytes} [Fri May 29 23:08:59 2026] DELETE /resource_providers/4fbd3b2b-07c7-4903-ad40-24f24eee68fe => generated 246 bytes in 16 msecs (HTTP/1.1 404) 6 headers in 231 bytes (1 switches on core 0)
2026-05-29 23:08:59.550 8 INFO placement.requestlog [None req-277341a4-9f06-4548-a319-b719bccfa665 747d93d86cbc4e75b60b0df86f94a4de 6c0afb4fc087416d9e0d9c24b4b30fba - - 1d17189322a742f9821374995584d28c 1d17189322a742f9821374995584d28c] 10.0.0.230 "DELETE /resource_providers/4fbd3b2b-07c7-4903-ad40-24f24eee68fe" status: 404 len: 246 microversion: 1.1 [pid: 8|app: 0|req: 438/873] 10.0.0.230 () {34 vars in 825 bytes} [Fri May 29 23:08:59 2026] DELETE /resource_providers/4fbd3b2b-07c7-4903-ad40-24f24eee68fe => generated 246 bytes in 19 msecs (HTTP/1.1 404) 6 headers in 231 bytes (1 switches on core 0)
2026-05-29 23:09:03.664 7 INFO placement.requestlog [None req-db057fb5-f1a3-458c-8e5b-054a755d846e - - - - - -] 10.0.0.232 "GET /" status: 200 len: 136 microversion: 1.0
2026-05-29 23:09:03.665 8 INFO placement.requestlog [None req-2de2d732-67b9-4a41-9ee9-c37c1746b85e - - - - - -] 10.0.0.232 "GET /" status: 200 len: 136 microversion: 1.0
2026-05-29 23:09:11.094 8 INFO placement.requestlog [None req-f7e777b1-8aeb-4eff-ad60-5dced17e9bff 747d93d86cbc4e75b60b0df86f94a4de 6c0afb4fc087416d9e0d9c24b4b30fba - - 1d17189322a742f9821374995584d28c 1d17189322a742f9821374995584d28c] 10.0.0.230 "GET /resource_providers/a5927dd3-0dd2-4902-918a-f6adfc5636f2/aggregates" status: 404 len: 235 microversion: 1.1
2026-05-29 23:09:11.094 7 INFO placement.requestlog [None req-35fd2913-1290-4180-b8ea-12d35c5e344d 747d93d86cbc4e75b60b0df86f94a4de 6c0afb4fc087416d9e0d9c24b4b30fba - - 1d17189322a742f9821374995584d28c 1d17189322a742f9821374995584d28c] 10.0.0.230 "GET /resource_providers/a5927dd3-0dd2-4902-918a-f6adfc5636f2/aggregates" status: 404 len: 235 microversion: 1.1 [pid: 8|app: 0|req: 440/876] 10.0.0.230 () {32 vars in 825 bytes} [Fri May 29 23:09:11 2026] GET /resource_providers/a5927dd3-0dd2-4902-918a-f6adfc5636f2/aggregates => generated 235 bytes in 10 msecs (HTTP/1.1 404) 5 headers in 202 bytes (1 switches on core 0) [pid: 7|app: 0|req: 437/877] 10.0.0.230 () {32 vars in 825 bytes} [Fri May 29 23:09:11 2026] GET /resource_providers/a5927dd3-0dd2-4902-918a-f6adfc5636f2/aggregates => generated 235 bytes in 13 msecs (HTTP/1.1 404) 5 headers in 202 bytes (1 switches on core 0)
2026-05-29 23:09:11.381 7 INFO placement.requestlog [None req-12fc4b57-49b8-4c61-bced-a3a47828f3a7 747d93d86cbc4e75b60b0df86f94a4de 6c0afb4fc087416d9e0d9c24b4b30fba - - 1d17189322a742f9821374995584d28c 1d17189322a742f9821374995584d28c] 10.0.0.230 "DELETE /resource_providers/a5927dd3-0dd2-4902-918a-f6adfc5636f2" status: 404 len: 246 microversion: 1.1 [pid: 7|app: 0|req: 438/878] 10.0.0.230 () {34 vars in 825 bytes} [Fri May 29 23:09:11 2026] DELETE /resource_providers/a5927dd3-0dd2-4902-918a-f6adfc5636f2 => generated 246 bytes in 13 msecs (HTTP/1.1 404) 6 headers in 231 bytes (1 switches on core 0)
2026-05-29 23:09:11.383 8 INFO placement.requestlog [None req-fd453631-bccf-446c-995a-d0d6ef2f1abc 747d93d86cbc4e75b60b0df86f94a4de 6c0afb4fc087416d9e0d9c24b4b30fba - - 1d17189322a742f9821374995584d28c 1d17189322a742f9821374995584d28c] 10.0.0.230 "DELETE /resource_providers/a5927dd3-0dd2-4902-918a-f6adfc5636f2" status: 404 len: 246 microversion: 1.1 [pid: 8|app: 0|req: 441/879] 10.0.0.230 () {34 vars in 825 bytes} [Fri May 29 23:09:11 2026] DELETE /resource_providers/a5927dd3-0dd2-4902-918a-f6adfc5636f2 => generated 246 bytes in 15 msecs (HTTP/1.1 404) 6 headers in 231 bytes (1 switches on core 0)
2026-05-29 23:09:11.969 7 INFO placement.requestlog [req-222ff569-8af9-4b1b-9405-101c6f315de1 req-ee3aa540-819b-452a-b0b3-24c8b66b8d21 3e62550664164242abb3e382677d4c8c 6c0afb4fc087416d9e0d9c24b4b30fba - - 1d17189322a742f9821374995584d28c 1d17189322a742f9821374995584d28c] 10.0.0.19 "GET /allocation_candidates?limit=1000&resources=DISK_GB%3A1%2CMEMORY_MB%3A512%2CVCPU%3A1&root_required=%21COMPUTE_STATUS_DISABLED" status: 200 len: 2217 microversion: 1.36 [pid: 7|app: 0|req: 439/880] 10.0.0.19 () {34 vars in 1011 bytes} [Fri May 29 23:09:11 2026] GET /allocation_candidates?limit=1000&resources=DISK_GB%3A1%2CMEMORY_MB%3A512%2CVCPU%3A1&root_required=%21COMPUTE_STATUS_DISABLED => generated 2217 bytes in 57 msecs (HTTP/1.1 200) 8 headers in 297 bytes (1 switches on core 0)
2026-05-29 23:09:12.010 8 INFO placement.requestlog [req-222ff569-8af9-4b1b-9405-101c6f315de1 req-89076ee8-90fa-4b30-a0e6-fb1fbbf31b2b 3e62550664164242abb3e382677d4c8c 6c0afb4fc087416d9e0d9c24b4b30fba - - 1d17189322a742f9821374995584d28c 1d17189322a742f9821374995584d28c] 10.0.0.19 "GET /allocations/691a9a17-202a-48c5-b41f-0fc14c069ba2" status: 200 len: 19 microversion: 1.28 [pid: 8|app: 0|req: 442/881] 10.0.0.19 () {34 vars in 860 bytes} [Fri May 29 23:09:11 2026] GET /allocations/691a9a17-202a-48c5-b41f-0fc14c069ba2 => generated 19 bytes in 18 msecs (HTTP/1.1 200) 8 headers in 295 bytes (1 switches on core 0)
2026-05-29 23:09:12.088 7 INFO placement.requestlog [req-222ff569-8af9-4b1b-9405-101c6f315de1 req-6d8c4d19-aff5-422e-8377-46c0728b34c8 3e62550664164242abb3e382677d4c8c 6c0afb4fc087416d9e0d9c24b4b30fba - - 1d17189322a742f9821374995584d28c 1d17189322a742f9821374995584d28c] 10.0.0.19 "PUT /allocations/691a9a17-202a-48c5-b41f-0fc14c069ba2" status: 204 len: 0 microversion: 1.36 [pid: 7|app: 0|req: 440/882] 10.0.0.19 () {38 vars in 913 bytes} [Fri May 29 23:09:12 2026] PUT /allocations/691a9a17-202a-48c5-b41f-0fc14c069ba2 => generated 0 bytes in 69 msecs (HTTP/1.1 204) 5 headers in 199 bytes (1 switches on core 0)
2026-05-29 23:09:12.388 8 INFO placement.requestlog [req-222ff569-8af9-4b1b-9405-101c6f315de1 req-7f541032-a70e-47d5-8785-9f6ec9f7e65c 3e62550664164242abb3e382677d4c8c 6c0afb4fc087416d9e0d9c24b4b30fba - - 1d17189322a742f9821374995584d28c 1d17189322a742f9821374995584d28c] 199.204.45.22 "GET /allocations/691a9a17-202a-48c5-b41f-0fc14c069ba2" status: 200 len: 258 microversion: 1.28 [pid: 8|app: 0|req: 443/883] 199.204.45.22 () {34 vars in 862 bytes} [Fri May 29 23:09:12 2026] GET /allocations/691a9a17-202a-48c5-b41f-0fc14c069ba2 => generated 258 bytes in 19 msecs (HTTP/1.1 200) 8 headers in 296 bytes (1 switches on core 0)
2026-05-29 23:09:12.509 7 INFO placement.requestlog [req-222ff569-8af9-4b1b-9405-101c6f315de1 req-0c72c8a2-8cd8-4ac7-80df-540ec6f8bb50 3e62550664164242abb3e382677d4c8c 6c0afb4fc087416d9e0d9c24b4b30fba - - 1d17189322a742f9821374995584d28c 1d17189322a742f9821374995584d28c] 199.204.45.22 "GET /resource_providers/afd4d680-3794-46a6-8404-7cc4947f8a33/allocations" status: 200 len: 153 microversion: 1.0 [pid: 7|app: 0|req: 441/884] 199.204.45.22 () {32 vars in 856 bytes} [Fri May 29 23:09:12 2026] GET /resource_providers/afd4d680-3794-46a6-8404-7cc4947f8a33/allocations => generated 153 bytes in 18 msecs (HTTP/1.1 200) 6 headers in 224 bytes (1 switches on core 0)
2026-05-29 23:09:12.533 8 INFO placement.requestlog [req-222ff569-8af9-4b1b-9405-101c6f315de1 req-db2ebd42-0d7c-4f66-a15a-7110dbe2d7ff 3e62550664164242abb3e382677d4c8c 6c0afb4fc087416d9e0d9c24b4b30fba - - 1d17189322a742f9821374995584d28c 1d17189322a742f9821374995584d28c] 199.204.45.22 "GET /allocations/691a9a17-202a-48c5-b41f-0fc14c069ba2" status: 200 len: 258 microversion: 1.28 [pid: 8|app: 0|req: 444/885] 199.204.45.22 () {34 vars in 862 bytes} [Fri May 29 23:09:12 2026] GET /allocations/691a9a17-202a-48c5-b41f-0fc14c069ba2 => generated 258 bytes in 19 msecs (HTTP/1.1 200) 8 headers in 296 bytes (1 switches on core 0)
2026-05-29 23:09:13.399 7 INFO placement.requestlog [None req-fac7e696-ff4e-4e4e-8e63-090f5df6eace 747d93d86cbc4e75b60b0df86f94a4de 6c0afb4fc087416d9e0d9c24b4b30fba - - 1d17189322a742f9821374995584d28c 1d17189322a742f9821374995584d28c] 10.0.0.230 "GET /resource_providers/d91b61fe-e87a-4d7d-9d6c-b8d21d46f502/aggregates" status: 404 len: 235 microversion: 1.1 [pid: 7|app: 0|req: 442/886] 10.0.0.230 () {32 vars in 825 bytes} [Fri May 29 23:09:13 2026] GET /resource_providers/d91b61fe-e87a-4d7d-9d6c-b8d21d46f502/aggregates => generated 235 bytes in 9 msecs (HTTP/1.1 404) 5 headers in 202 bytes (1 switches on core 0)
2026-05-29 23:09:13.404 8 INFO placement.requestlog [None req-d5ea2a22-e45c-4a6e-9864-bbc4ef81dde6 747d93d86cbc4e75b60b0df86f94a4de 6c0afb4fc087416d9e0d9c24b4b30fba - - 1d17189322a742f9821374995584d28c 1d17189322a742f9821374995584d28c] 10.0.0.230 "GET /resource_providers/d91b61fe-e87a-4d7d-9d6c-b8d21d46f502/aggregates" status: 404 len: 235 microversion: 1.1 [pid: 8|app: 0|req: 445/887] 10.0.0.230 () {32 vars in 825 bytes} [Fri May 29 23:09:13 2026] GET /resource_providers/d91b61fe-e87a-4d7d-9d6c-b8d21d46f502/aggregates => generated 235 bytes in 10 msecs (HTTP/1.1 404) 5 headers in 202 bytes (1 switches on core 0)
2026-05-29 23:09:13.418 7 INFO placement.requestlog [None req-8156b46d-1ca9-4b52-af96-f4602965f9fa 747d93d86cbc4e75b60b0df86f94a4de 6c0afb4fc087416d9e0d9c24b4b30fba - - 1d17189322a742f9821374995584d28c 1d17189322a742f9821374995584d28c] 10.0.0.230 "DELETE /resource_providers/d91b61fe-e87a-4d7d-9d6c-b8d21d46f502" status: 404 len: 246 microversion: 1.1 [pid: 7|app: 0|req: 443/888] 10.0.0.230 () {34 vars in 825 bytes} [Fri May 29 23:09:13 2026] DELETE /resource_providers/d91b61fe-e87a-4d7d-9d6c-b8d21d46f502 => generated 246 bytes in 12 msecs (HTTP/1.1 404) 6 headers in 231 bytes (1 switches on core 0)
2026-05-29 23:09:13.425 8 INFO placement.requestlog [None req-bd8745a2-6403-480b-9098-822e195328b9 747d93d86cbc4e75b60b0df86f94a4de 6c0afb4fc087416d9e0d9c24b4b30fba - - 1d17189322a742f9821374995584d28c 1d17189322a742f9821374995584d28c] 10.0.0.230 "DELETE /resource_providers/d91b61fe-e87a-4d7d-9d6c-b8d21d46f502" status: 404 len: 246 microversion: 1.1 [pid: 8|app: 0|req: 446/889] 10.0.0.230 () {34 vars in 825 bytes} [Fri May 29 23:09:13 2026] DELETE /resource_providers/d91b61fe-e87a-4d7d-9d6c-b8d21d46f502 => generated 246 bytes in 11 msecs (HTTP/1.1 404) 6 headers in 231 bytes (1 switches on core 0)
2026-05-29 23:09:13.449 7 INFO placement.requestlog [None req-57c56ee9-7cc7-42cb-bd84-7dab34028ccd 747d93d86cbc4e75b60b0df86f94a4de 6c0afb4fc087416d9e0d9c24b4b30fba - - 1d17189322a742f9821374995584d28c 1d17189322a742f9821374995584d28c] 10.0.0.230 "GET /resource_providers/2a147b4c-1c7e-4e5b-9b86-9310a4459423/aggregates" status: 404 len: 235 microversion: 1.1 [pid: 7|app: 0|req: 444/890] 10.0.0.230 () {32 vars in 825 bytes} [Fri May 29 23:09:13 2026] GET /resource_providers/2a147b4c-1c7e-4e5b-9b86-9310a4459423/aggregates => generated 235 bytes in 16 msecs (HTTP/1.1 404) 5 headers in 202 bytes (1 switches on core 0)
2026-05-29 23:09:13.450 8 INFO placement.requestlog [None req-589003f1-a9f0-47e1-9c75-69ab9d08e5aa 747d93d86cbc4e75b60b0df86f94a4de 6c0afb4fc087416d9e0d9c24b4b30fba - - 1d17189322a742f9821374995584d28c 1d17189322a742f9821374995584d28c] 10.0.0.230 "GET /resource_providers/2a147b4c-1c7e-4e5b-9b86-9310a4459423/aggregates" status: 404 len: 235 microversion: 1.1 [pid: 8|app: 0|req: 447/891] 10.0.0.230 () {32 vars in 825 bytes} [Fri May 29 23:09:13 2026] GET /resource_providers/2a147b4c-1c7e-4e5b-9b86-9310a4459423/aggregates => generated 235 bytes in 16 msecs (HTTP/1.1 404) 5 headers in 202 bytes (1 switches on core 0)
2026-05-29 23:09:13.477 7 INFO placement.requestlog [None req-67ccb982-7937-4170-b768-841279688781 747d93d86cbc4e75b60b0df86f94a4de 6c0afb4fc087416d9e0d9c24b4b30fba - - 1d17189322a742f9821374995584d28c 1d17189322a742f9821374995584d28c] 10.0.0.230 "DELETE /resource_providers/2a147b4c-1c7e-4e5b-9b86-9310a4459423" status: 404 len: 246 microversion: 1.1 [pid: 7|app: 0|req: 445/892] 10.0.0.230 () {34 vars in 825 bytes} [Fri May 29 23:09:13 2026] DELETE /resource_providers/2a147b4c-1c7e-4e5b-9b86-9310a4459423 => generated 246 bytes in 10 msecs (HTTP/1.1 404) 6 headers in 231 bytes (1 switches on core 0)
2026-05-29 23:09:13.479 8 INFO placement.requestlog [None req-9ea189c4-c6d3-4606-af3f-aacefff1991f 747d93d86cbc4e75b60b0df86f94a4de 6c0afb4fc087416d9e0d9c24b4b30fba - - 1d17189322a742f9821374995584d28c 1d17189322a742f9821374995584d28c] 10.0.0.230 "DELETE /resource_providers/2a147b4c-1c7e-4e5b-9b86-9310a4459423" status: 404 len: 246 microversion: 1.1 [pid: 8|app: 0|req: 448/893] 10.0.0.230 () {34 vars in 825 bytes} [Fri May 29 23:09:13 2026] DELETE /resource_providers/2a147b4c-1c7e-4e5b-9b86-9310a4459423 => generated 246 bytes in 12 msecs (HTTP/1.1 404) 6 headers in 231 bytes (1 switches on core 0)
2026-05-29 23:09:13.496 8 INFO placement.requestlog [None req-aa0713ef-1443-49a1-83de-333578034f41 747d93d86cbc4e75b60b0df86f94a4de 6c0afb4fc087416d9e0d9c24b4b30fba - - 1d17189322a742f9821374995584d28c 1d17189322a742f9821374995584d28c] 10.0.0.230 "GET /resource_providers/a0ec9f65-2914-4ac4-b2d4-39bfd7d4bdc0/aggregates" status: 404 len: 235 microversion: 1.1 [pid: 8|app: 0|req: 449/894] 10.0.0.230 () {32 vars in 825 bytes} [Fri May 29 23:09:13 2026] GET /resource_providers/a0ec9f65-2914-4ac4-b2d4-39bfd7d4bdc0/aggregates => generated 235 bytes in 10 msecs (HTTP/1.1 404) 5 headers in 202 bytes (1 switches on core 0)
2026-05-29 23:09:13.503 7 INFO placement.requestlog [None req-6897b6e3-3577-4cfb-81ee-f09e1f37d6cc 747d93d86cbc4e75b60b0df86f94a4de 6c0afb4fc087416d9e0d9c24b4b30fba - - 1d17189322a742f9821374995584d28c 1d17189322a742f9821374995584d28c] 10.0.0.230 "GET /resource_providers/a0ec9f65-2914-4ac4-b2d4-39bfd7d4bdc0/aggregates" status: 404 len: 235 microversion: 1.1 [pid: 7|app: 0|req: 446/895] 10.0.0.230 () {32 vars in 825 bytes} [Fri May 29 23:09:13 2026] GET /resource_providers/a0ec9f65-2914-4ac4-b2d4-39bfd7d4bdc0/aggregates => generated 235 bytes in 16 msecs (HTTP/1.1 404) 5 headers in 202 bytes (1 switches on core 0)
2026-05-29 23:09:13.515 8 INFO placement.requestlog [None req-a2d48305-6667-4550-b29a-0341e66ecf7a 747d93d86cbc4e75b60b0df86f94a4de 6c0afb4fc087416d9e0d9c24b4b30fba - - 1d17189322a742f9821374995584d28c 1d17189322a742f9821374995584d28c] 10.0.0.230 "DELETE /resource_providers/a0ec9f65-2914-4ac4-b2d4-39bfd7d4bdc0" status: 404 len: 246 microversion: 1.1 [pid: 8|app: 0|req: 450/896] 10.0.0.230 () {34 vars in 825 bytes} [Fri May 29 23:09:13 2026] DELETE /resource_providers/a0ec9f65-2914-4ac4-b2d4-39bfd7d4bdc0 => generated 246 bytes in 14 msecs (HTTP/1.1 404) 6 headers in 231 bytes (1 switches on core 0)
2026-05-29 23:09:13.517 7 INFO placement.requestlog [None req-c90e024a-449e-4d6b-9a88-32ea3449be93 747d93d86cbc4e75b60b0df86f94a4de 6c0afb4fc087416d9e0d9c24b4b30fba - - 1d17189322a742f9821374995584d28c 1d17189322a742f9821374995584d28c] 10.0.0.230 "DELETE /resource_providers/a0ec9f65-2914-4ac4-b2d4-39bfd7d4bdc0" status: 404 len: 246 microversion: 1.1 [pid: 7|app: 0|req: 447/897] 10.0.0.230 () {34 vars in 825 bytes} [Fri May 29 23:09:13 2026] DELETE /resource_providers/a0ec9f65-2914-4ac4-b2d4-39bfd7d4bdc0 => generated 246 bytes in 10 msecs (HTTP/1.1 404) 6 headers in 231 bytes (1 switches on core 0)
2026-05-29 23:09:13.663 8 INFO placement.requestlog [None req-e3088a4b-fe9f-4a6d-b001-5db02340990d - - - - - -] 10.0.0.232 "GET /" status: 200 len: 136 microversion: 1.0
2026-05-29 23:09:13.664 7 INFO placement.requestlog [None req-4de9ad2d-dd0f-4e6a-8fe2-ed3cea968d9b - - - - - -] 10.0.0.232 "GET /" status: 200 len: 136 microversion: 1.0
2026-05-29 23:09:15.545 7 INFO placement.requestlog [None req-366c06c7-0d98-41b2-abba-70011ac6463c 747d93d86cbc4e75b60b0df86f94a4de 6c0afb4fc087416d9e0d9c24b4b30fba - - 1d17189322a742f9821374995584d28c 1d17189322a742f9821374995584d28c] 10.0.0.230 "GET /resource_providers/6f6a60ce-c1eb-438e-9bf8-75446e953c0c/aggregates" status: 404 len: 235 microversion: 1.1
2026-05-29 23:09:15.546 8 INFO placement.requestlog [None req-f3298e81-390c-4204-b8ae-28d29808e96c 747d93d86cbc4e75b60b0df86f94a4de 6c0afb4fc087416d9e0d9c24b4b30fba - - 1d17189322a742f9821374995584d28c 1d17189322a742f9821374995584d28c] 10.0.0.230 "GET /resource_providers/6f6a60ce-c1eb-438e-9bf8-75446e953c0c/aggregates" status: 404 len: 235 microversion: 1.1 [pid: 7|app: 0|req: 449/900] 10.0.0.230 () {32 vars in 825 bytes} [Fri May 29 23:09:15 2026] GET /resource_providers/6f6a60ce-c1eb-438e-9bf8-75446e953c0c/aggregates => generated 235 bytes in 17 msecs (HTTP/1.1 404) 5 headers in 202 bytes (1 switches on core 0) [pid: 8|app: 0|req: 452/901] 10.0.0.230 () {32 vars in 825 bytes} [Fri May 29 23:09:15 2026] GET /resource_providers/6f6a60ce-c1eb-438e-9bf8-75446e953c0c/aggregates => generated 235 bytes in 19 msecs (HTTP/1.1 404) 5 headers in 202 bytes (1 switches on core 0)
2026-05-29 23:09:15.568 8 INFO placement.requestlog [None req-fad67b7f-4e16-44ee-b0cb-0849953db3da 747d93d86cbc4e75b60b0df86f94a4de 6c0afb4fc087416d9e0d9c24b4b30fba - - 1d17189322a742f9821374995584d28c 1d17189322a742f9821374995584d28c] 10.0.0.230 "DELETE /resource_providers/6f6a60ce-c1eb-438e-9bf8-75446e953c0c" status: 404 len: 246 microversion: 1.1 [pid: 8|app: 0|req: 453/902] 10.0.0.230 () {34 vars in 825 bytes} [Fri May 29 23:09:15 2026] DELETE /resource_providers/6f6a60ce-c1eb-438e-9bf8-75446e953c0c => generated 246 bytes in 9 msecs (HTTP/1.1 404) 6 headers in 231 bytes (1 switches on core 0)
2026-05-29 23:09:15.570 7 INFO placement.requestlog [None req-208efefe-c8f8-4ddd-84eb-900b97d570bc 747d93d86cbc4e75b60b0df86f94a4de 6c0afb4fc087416d9e0d9c24b4b30fba - - 1d17189322a742f9821374995584d28c 1d17189322a742f9821374995584d28c] 10.0.0.230 "DELETE /resource_providers/6f6a60ce-c1eb-438e-9bf8-75446e953c0c" status: 404 len: 246 microversion: 1.1 [pid: 7|app: 0|req: 450/903] 10.0.0.230 () {34 vars in 825 bytes} [Fri May 29 23:09:15 2026] DELETE /resource_providers/6f6a60ce-c1eb-438e-9bf8-75446e953c0c => generated 246 bytes in 11 msecs (HTTP/1.1 404) 6 headers in 231 bytes (1 switches on core 0)
2026-05-29 23:09:21.223 8 INFO placement.requestlog [req-b706ce0a-b71a-437f-93fe-3b6266e25880 req-2afb965b-c847-4ee6-810c-f1670c1c97cf 3e62550664164242abb3e382677d4c8c 6c0afb4fc087416d9e0d9c24b4b30fba - - 1d17189322a742f9821374995584d28c 1d17189322a742f9821374995584d28c] 199.204.45.22 "GET /resource_providers/afd4d680-3794-46a6-8404-7cc4947f8a33/allocations" status: 200 len: 153 microversion: 1.0 [pid: 8|app: 0|req: 454/904] 199.204.45.22 () {32 vars in 856 bytes} [Fri May 29 23:09:21 2026] GET /resource_providers/afd4d680-3794-46a6-8404-7cc4947f8a33/allocations => generated 153 bytes in 20 msecs (HTTP/1.1 200) 6 headers in 224 bytes (1 switches on core 0)
2026-05-29 23:09:21.269 7 INFO placement.requestlog [req-b706ce0a-b71a-437f-93fe-3b6266e25880 req-d8aee33a-2c53-4e27-8ef0-78efc0d3755c 3e62550664164242abb3e382677d4c8c 6c0afb4fc087416d9e0d9c24b4b30fba - - 1d17189322a742f9821374995584d28c 1d17189322a742f9821374995584d28c] 199.204.45.22 "GET /resource_providers/afd4d680-3794-46a6-8404-7cc4947f8a33/allocations" status: 200 len: 153 microversion: 1.0 [pid: 7|app: 0|req: 451/905] 199.204.45.22 () {32 vars in 856 bytes} [Fri May 29 23:09:21 2026] GET /resource_providers/afd4d680-3794-46a6-8404-7cc4947f8a33/allocations => generated 153 bytes in 36 msecs (HTTP/1.1 200) 6 headers in 224 bytes (1 switches on core 0)
2026-05-29 23:09:21.299 8 INFO placement.requestlog [req-b706ce0a-b71a-437f-93fe-3b6266e25880 req-520bf325-2bba-4a76-ba67-9cb89c31e0c8 3e62550664164242abb3e382677d4c8c 6c0afb4fc087416d9e0d9c24b4b30fba - - 1d17189322a742f9821374995584d28c 1d17189322a742f9821374995584d28c] 199.204.45.22 "GET /allocations/691a9a17-202a-48c5-b41f-0fc14c069ba2" status: 200 len: 258 microversion: 1.28 [pid: 8|app: 0|req: 455/906] 199.204.45.22 () {34 vars in 862 bytes} [Fri May 29 23:09:21 2026] GET /allocations/691a9a17-202a-48c5-b41f-0fc14c069ba2 => generated 258 bytes in 21 msecs (HTTP/1.1 200) 8 headers in 296 bytes (1 switches on core 0)
2026-05-29 23:09:23.664 8 INFO placement.requestlog [None req-756bfe4e-d528-4e44-b9c7-ae7f13d99ebc - - - - - -] 10.0.0.232 "GET /" status: 200 len: 136 microversion: 1.0
2026-05-29 23:09:23.664 7 INFO placement.requestlog [None req-8dc541dc-82cc-496f-bb11-ad1dd80781f7 - - - - - -] 10.0.0.232 "GET /" status: 200 len: 136 microversion: 1.0
2026-05-29 23:09:33.663 7 INFO placement.requestlog [None req-1101789c-94b7-4b82-98dc-8c4447c342d1 - - - - - -] 10.0.0.232 "GET /" status: 200 len: 136 microversion: 1.0
2026-05-29 23:09:33.663 8 INFO placement.requestlog [None req-b2479757-6afc-4663-85a1-01cf1d836afa - - - - - -] 10.0.0.232 "GET /" status: 200 len: 136 microversion: 1.0
2026-05-29 23:09:36.219 7 INFO placement.requestlog [req-ea6fecf3-0570-47df-a599-1791ec3445fe req-76a7ef63-5176-44a9-94f0-d45baf1ab61d 3e62550664164242abb3e382677d4c8c 6c0afb4fc087416d9e0d9c24b4b30fba - - 1d17189322a742f9821374995584d28c 1d17189322a742f9821374995584d28c] 10.0.0.19 "GET /allocation_candidates?limit=1000&resources=DISK_GB%3A1%2CMEMORY_MB%3A512%2CVCPU%3A1&root_required=%21COMPUTE_STATUS_DISABLED" status: 200 len: 2219 microversion: 1.36 [pid: 7|app: 0|req: 454/911] 10.0.0.19 () {34 vars in 1011 bytes} [Fri May 29 23:09:36 2026] GET /allocation_candidates?limit=1000&resources=DISK_GB%3A1%2CMEMORY_MB%3A512%2CVCPU%3A1&root_required=%21COMPUTE_STATUS_DISABLED => generated 2219 bytes in 59 msecs (HTTP/1.1 200) 8 headers in 297 bytes (1 switches on core 0)
2026-05-29 23:09:36.253 8 INFO placement.requestlog [req-ea6fecf3-0570-47df-a599-1791ec3445fe req-94ae1fe7-f2a0-47c4-b4b4-b991bf323017 3e62550664164242abb3e382677d4c8c 6c0afb4fc087416d9e0d9c24b4b30fba - - 1d17189322a742f9821374995584d28c 1d17189322a742f9821374995584d28c] 10.0.0.19 "GET /allocations/62074664-cd9e-4b54-a001-b874d79d4e46" status: 200 len: 19 microversion: 1.28 [pid: 8|app: 0|req: 458/912] 10.0.0.19 () {34 vars in 860 bytes} [Fri May 29 23:09:36 2026] GET /allocations/62074664-cd9e-4b54-a001-b874d79d4e46 => generated 19 bytes in 10 msecs (HTTP/1.1 200) 8 headers in 295 bytes (1 switches on core 0)
2026-05-29 23:09:36.317 7 INFO placement.requestlog [req-ea6fecf3-0570-47df-a599-1791ec3445fe req-d174e4bf-43d5-4be7-adae-db944a6f0486 3e62550664164242abb3e382677d4c8c 6c0afb4fc087416d9e0d9c24b4b30fba - - 1d17189322a742f9821374995584d28c 1d17189322a742f9821374995584d28c] 10.0.0.19 "PUT /allocations/62074664-cd9e-4b54-a001-b874d79d4e46" status: 204 len: 0 microversion: 1.36 [pid: 7|app: 0|req: 455/913] 10.0.0.19 () {38 vars in 913 bytes} [Fri May 29 23:09:36 2026] PUT /allocations/62074664-cd9e-4b54-a001-b874d79d4e46 => generated 0 bytes in 57 msecs (HTTP/1.1 204) 5 headers in 199 bytes (1 switches on core 0)
2026-05-29 23:09:36.397 8 INFO placement.requestlog [None req-971f1f06-db85-4d3a-8bb2-a999fc008db8 747d93d86cbc4e75b60b0df86f94a4de 6c0afb4fc087416d9e0d9c24b4b30fba - - 1d17189322a742f9821374995584d28c 1d17189322a742f9821374995584d28c] 10.0.0.230 "GET /resource_providers/e6342aa9-bb09-4794-8a84-4f8e8997a0ff/aggregates" status: 404 len: 235 microversion: 1.1 [pid: 8|app: 0|req: 459/914] 10.0.0.230 () {32 vars in 825 bytes} [Fri May 29 23:09:36 2026] GET /resource_providers/e6342aa9-bb09-4794-8a84-4f8e8997a0ff/aggregates => generated 235 bytes in 10 msecs (HTTP/1.1 404) 5 headers in 202 bytes (1 switches on core 0)
2026-05-29 23:09:36.399 7 INFO placement.requestlog [None req-8d5db485-9228-4ed1-be0e-0f07c52f72c0 747d93d86cbc4e75b60b0df86f94a4de 6c0afb4fc087416d9e0d9c24b4b30fba - - 1d17189322a742f9821374995584d28c 1d17189322a742f9821374995584d28c] 10.0.0.230 "GET /resource_providers/e6342aa9-bb09-4794-8a84-4f8e8997a0ff/aggregates" status: 404 len: 235 microversion: 1.1 [pid: 7|app: 0|req: 456/915] 10.0.0.230 () {32 vars in 825 bytes} [Fri May 29 23:09:36 2026] GET /resource_providers/e6342aa9-bb09-4794-8a84-4f8e8997a0ff/aggregates => generated 235 bytes in 12 msecs (HTTP/1.1 404) 5 headers in 202 bytes (1 switches on core 0)
2026-05-29 23:09:36.417 8 INFO placement.requestlog [None req-1b6fa4a6-d1b6-44d6-b862-289be17fdb86 747d93d86cbc4e75b60b0df86f94a4de 6c0afb4fc087416d9e0d9c24b4b30fba - - 1d17189322a742f9821374995584d28c 1d17189322a742f9821374995584d28c] 10.0.0.230 "DELETE /resource_providers/e6342aa9-bb09-4794-8a84-4f8e8997a0ff" status: 404 len: 246 microversion: 1.1 [pid: 8|app: 0|req: 460/916] 10.0.0.230 () {34 vars in 825 bytes} [Fri May 29 23:09:36 2026] DELETE /resource_providers/e6342aa9-bb09-4794-8a84-4f8e8997a0ff => generated 246 bytes in 13 msecs (HTTP/1.1 404) 6 headers in 231 bytes (1 switches on core 0)
2026-05-29 23:09:36.419 7 INFO placement.requestlog [None req-8f3c8cdc-3c6b-405a-a03a-b571c86c7c58 747d93d86cbc4e75b60b0df86f94a4de 6c0afb4fc087416d9e0d9c24b4b30fba - - 1d17189322a742f9821374995584d28c 1d17189322a742f9821374995584d28c] 10.0.0.230 "DELETE /resource_providers/e6342aa9-bb09-4794-8a84-4f8e8997a0ff" status: 404 len: 246 microversion: 1.1 [pid: 7|app: 0|req: 457/917] 10.0.0.230 () {34 vars in 825 bytes} [Fri May 29 23:09:36 2026] DELETE /resource_providers/e6342aa9-bb09-4794-8a84-4f8e8997a0ff => generated 246 bytes in 10 msecs (HTTP/1.1 404) 6 headers in 231 bytes (1 switches on core 0)
2026-05-29 23:09:36.593 8 INFO placement.requestlog [req-ea6fecf3-0570-47df-a599-1791ec3445fe req-6846063e-9a8b-4a9a-94f0-97b607d26427 3e62550664164242abb3e382677d4c8c 6c0afb4fc087416d9e0d9c24b4b30fba - - 1d17189322a742f9821374995584d28c 1d17189322a742f9821374995584d28c] 199.204.45.22 "GET /allocations/62074664-cd9e-4b54-a001-b874d79d4e46" status: 200 len: 258 microversion: 1.28 [pid: 8|app: 0|req: 461/918] 199.204.45.22 () {34 vars in 862 bytes} [Fri May 29 23:09:36 2026] GET /allocations/62074664-cd9e-4b54-a001-b874d79d4e46 => generated 258 bytes in 26 msecs (HTTP/1.1 200) 8 headers in 296 bytes (1 switches on core 0)
2026-05-29 23:09:36.722 7 INFO placement.requestlog [req-ea6fecf3-0570-47df-a599-1791ec3445fe req-d1f902b7-c3b3-49d8-9b27-6ee98aae62c1 3e62550664164242abb3e382677d4c8c 6c0afb4fc087416d9e0d9c24b4b30fba - - 1d17189322a742f9821374995584d28c 1d17189322a742f9821374995584d28c] 199.204.45.22 "GET /resource_providers/afd4d680-3794-46a6-8404-7cc4947f8a33/allocations" status: 200 len: 253 microversion: 1.0 [pid: 7|app: 0|req: 458/919] 199.204.45.22 () {32 vars in 856 bytes} [Fri May 29 23:09:36 2026] GET /resource_providers/afd4d680-3794-46a6-8404-7cc4947f8a33/allocations => generated 253 bytes in 21 msecs (HTTP/1.1 200) 6 headers in 224 bytes (1 switches on core 0)
2026-05-29 23:09:36.742 8 INFO placement.requestlog [req-ea6fecf3-0570-47df-a599-1791ec3445fe req-48aa3440-f3a1-4642-a754-6178852a28e7 3e62550664164242abb3e382677d4c8c 6c0afb4fc087416d9e0d9c24b4b30fba - - 1d17189322a742f9821374995584d28c 1d17189322a742f9821374995584d28c] 199.204.45.22 "GET /allocations/691a9a17-202a-48c5-b41f-0fc14c069ba2" status: 200 len: 258 microversion: 1.28 [pid: 8|app: 0|req: 462/920] 199.204.45.22 () {34 vars in 862 bytes} [Fri May 29 23:09:36 2026] GET /allocations/691a9a17-202a-48c5-b41f-0fc14c069ba2 => generated 258 bytes in 15 msecs (HTTP/1.1 200) 8 headers in 296 bytes (1 switches on core 0)
2026-05-29 23:09:36.770 7 INFO placement.requestlog [req-ea6fecf3-0570-47df-a599-1791ec3445fe req-284c3c2e-3286-4942-82b5-78d5a8b78a88 3e62550664164242abb3e382677d4c8c 6c0afb4fc087416d9e0d9c24b4b30fba - - 1d17189322a742f9821374995584d28c 1d17189322a742f9821374995584d28c] 199.204.45.22 "GET /allocations/62074664-cd9e-4b54-a001-b874d79d4e46" status: 200 len: 258 microversion: 1.28 [pid: 7|app: 0|req: 459/921] 199.204.45.22 () {34 vars in 862 bytes} [Fri May 29 23:09:36 2026] GET /allocations/62074664-cd9e-4b54-a001-b874d79d4e46 => generated 258 bytes in 19 msecs (HTTP/1.1 200) 8 headers in 296 bytes (1 switches on core 0)
2026-05-29 23:09:43.664 7 INFO placement.requestlog [None req-c97fd536-26d7-4908-a607-426d97d369c8 - - - - - -] 10.0.0.232 "GET /" status: 200 len: 136 microversion: 1.0
2026-05-29 23:09:43.664 8 INFO placement.requestlog [None req-8b1afbd2-99a7-4ab5-8781-d1c658da240d - - - - - -] 10.0.0.232 "GET /" status: 200 len: 136 microversion: 1.0
2026-05-29 23:09:46.606 8 INFO placement.requestlog [None req-f519b682-f481-4dd1-ab53-668d36c319ce 747d93d86cbc4e75b60b0df86f94a4de 6c0afb4fc087416d9e0d9c24b4b30fba - - 1d17189322a742f9821374995584d28c 1d17189322a742f9821374995584d28c] 10.0.0.230 "GET /resource_providers/7146b559-3d58-484a-9b66-3652cda29e2f/aggregates" status: 404 len: 235 microversion: 1.1 [pid: 8|app: 0|req: 464/924] 10.0.0.230 () {32 vars in 825 bytes} [Fri May 29 23:09:46 2026] GET /resource_providers/7146b559-3d58-484a-9b66-3652cda29e2f/aggregates => generated 235 bytes in 12 msecs (HTTP/1.1 404) 5 headers in 202 bytes (1 switches on core 0)
2026-05-29 23:09:46.610 7 INFO placement.requestlog [None req-837ded66-9cb4-46c6-a2f1-71a9b6b1bf3d 747d93d86cbc4e75b60b0df86f94a4de 6c0afb4fc087416d9e0d9c24b4b30fba - - 1d17189322a742f9821374995584d28c 1d17189322a742f9821374995584d28c] 10.0.0.230 "GET /resource_providers/7146b559-3d58-484a-9b66-3652cda29e2f/aggregates" status: 404 len: 235 microversion: 1.1 [pid: 7|app: 0|req: 461/925] 10.0.0.230 () {32 vars in 825 bytes} [Fri May 29 23:09:46 2026] GET /resource_providers/7146b559-3d58-484a-9b66-3652cda29e2f/aggregates => generated 235 bytes in 14 msecs (HTTP/1.1 404) 5 headers in 202 bytes (1 switches on core 0)
2026-05-29 23:09:46.643 7 INFO placement.requestlog [None req-c79f43b9-4e44-42f9-8957-0139575243ae 747d93d86cbc4e75b60b0df86f94a4de 6c0afb4fc087416d9e0d9c24b4b30fba - - 1d17189322a742f9821374995584d28c 1d17189322a742f9821374995584d28c] 10.0.0.230 "DELETE /resource_providers/7146b559-3d58-484a-9b66-3652cda29e2f" status: 404 len: 246 microversion: 1.1
2026-05-29 23:09:46.643 8 INFO placement.requestlog [None req-4bf57223-3cef-41cf-a237-1ec142fc6084 747d93d86cbc4e75b60b0df86f94a4de 6c0afb4fc087416d9e0d9c24b4b30fba - - 1d17189322a742f9821374995584d28c 1d17189322a742f9821374995584d28c] 10.0.0.230 "DELETE /resource_providers/7146b559-3d58-484a-9b66-3652cda29e2f" status: 404 len: 246 microversion: 1.1 [pid: 8|app: 0|req: 465/927] 10.0.0.230 () {34 vars in 825 bytes} [Fri May 29 23:09:46 2026] DELETE /resource_providers/7146b559-3d58-484a-9b66-3652cda29e2f => generated 246 bytes in 13 msecs (HTTP/1.1 404) 6 headers in 231 bytes (1 switches on core 0) [pid: 7|app: 0|req: 462/927] 10.0.0.230 () {34 vars in 825 bytes} [Fri May 29 23:09:46 2026] DELETE /resource_providers/7146b559-3d58-484a-9b66-3652cda29e2f => generated 246 bytes in 13 msecs (HTTP/1.1 404) 6 headers in 231 bytes (1 switches on core 0)
2026-05-29 23:09:47.387 7 INFO placement.requestlog [None req-0011d9d5-59d4-46cd-a908-d18a7f327b2e 747d93d86cbc4e75b60b0df86f94a4de 6c0afb4fc087416d9e0d9c24b4b30fba - - 1d17189322a742f9821374995584d28c 1d17189322a742f9821374995584d28c] 10.0.0.230 "GET /resource_providers/b2e9af8c-55b5-4f38-a29f-050fbe1d7a90/aggregates" status: 404 len: 235 microversion: 1.1 [pid: 7|app: 0|req: 463/928] 10.0.0.230 () {32 vars in 825 bytes} [Fri May 29 23:09:47 2026] GET /resource_providers/b2e9af8c-55b5-4f38-a29f-050fbe1d7a90/aggregates => generated 235 bytes in 12 msecs (HTTP/1.1 404) 5 headers in 202 bytes (1 switches on core 0)
2026-05-29 23:09:47.389 8 INFO placement.requestlog [None req-df0b20ff-db27-40fd-bf1c-32cdc459243f 747d93d86cbc4e75b60b0df86f94a4de 6c0afb4fc087416d9e0d9c24b4b30fba - - 1d17189322a742f9821374995584d28c 1d17189322a742f9821374995584d28c] 10.0.0.230 "GET /resource_providers/b2e9af8c-55b5-4f38-a29f-050fbe1d7a90/aggregates" status: 404 len: 235 microversion: 1.1 [pid: 8|app: 0|req: 466/929] 10.0.0.230 () {32 vars in 825 bytes} [Fri May 29 23:09:47 2026] GET /resource_providers/b2e9af8c-55b5-4f38-a29f-050fbe1d7a90/aggregates => generated 235 bytes in 16 msecs (HTTP/1.1 404) 5 headers in 202 bytes (1 switches on core 0)
2026-05-29 23:09:47.417 8 INFO placement.requestlog [None req-02631d40-82c5-45ad-8845-e5d13ffe5f53 747d93d86cbc4e75b60b0df86f94a4de 6c0afb4fc087416d9e0d9c24b4b30fba - - 1d17189322a742f9821374995584d28c 1d17189322a742f9821374995584d28c] 10.0.0.230 "DELETE /resource_providers/b2e9af8c-55b5-4f38-a29f-050fbe1d7a90" status: 404 len: 246 microversion: 1.1
2026-05-29 23:09:47.417 7 INFO placement.requestlog [None req-d965a786-cbeb-4a52-aa6c-87a702d47876 747d93d86cbc4e75b60b0df86f94a4de 6c0afb4fc087416d9e0d9c24b4b30fba - - 1d17189322a742f9821374995584d28c 1d17189322a742f9821374995584d28c] 10.0.0.230 "DELETE /resource_providers/b2e9af8c-55b5-4f38-a29f-050fbe1d7a90" status: 404 len: 246 microversion: 1.1 [pid: 8|app: 0|req: 467/930] 10.0.0.230 () {34 vars in 825 bytes} [Fri May 29 23:09:47 2026] DELETE /resource_providers/b2e9af8c-55b5-4f38-a29f-050fbe1d7a90 => generated 246 bytes in 16 msecs (HTTP/1.1 404) 6 headers in 231 bytes (1 switches on core 0) [pid: 7|app: 0|req: 464/931] 10.0.0.230 () {34 vars in 825 bytes} [Fri May 29 23:09:47 2026] DELETE /resource_providers/b2e9af8c-55b5-4f38-a29f-050fbe1d7a90 => generated 246 bytes in 16 msecs (HTTP/1.1 404) 6 headers in 231 bytes (1 switches on core 0)
