2026-05-29 23:10:45.508 7 INFO placement.requestlog [None req-a62f0998-7b9c-4f5c-a7f7-f977dc0aca83 747d93d86cbc4e75b60b0df86f94a4de 6c0afb4fc087416d9e0d9c24b4b30fba - - 1d17189322a742f9821374995584d28c 1d17189322a742f9821374995584d28c] 10.0.0.230 "DELETE /resource_providers/02ae48f6-b933-4279-af3c-17a9493c681a" status: 404 len: 246 microversion: 1.1 [pid: 7|app: 0|req: 510/1021] 10.0.0.230 () {34 vars in 825 bytes} [Fri May 29 23:10:45 2026] DELETE /resource_providers/02ae48f6-b933-4279-af3c-17a9493c681a => generated 246 bytes in 11 msecs (HTTP/1.1 404) 6 headers in 231 bytes (1 switches on core 0)
2026-05-29 23:10:45.509 8 INFO placement.requestlog [None req-1fc0046e-8eb4-41a7-80b1-a68b9e2ed43b 747d93d86cbc4e75b60b0df86f94a4de 6c0afb4fc087416d9e0d9c24b4b30fba - - 1d17189322a742f9821374995584d28c 1d17189322a742f9821374995584d28c] 10.0.0.230 "DELETE /resource_providers/02ae48f6-b933-4279-af3c-17a9493c681a" status: 404 len: 246 microversion: 1.1 [pid: 8|app: 0|req: 512/1022] 10.0.0.230 () {34 vars in 825 bytes} [Fri May 29 23:10:45 2026] DELETE /resource_providers/02ae48f6-b933-4279-af3c-17a9493c681a => generated 246 bytes in 11 msecs (HTTP/1.1 404) 6 headers in 231 bytes (1 switches on core 0)
2026-05-29 23:10:48.329 7 INFO placement.requestlog [req-41d1d815-7301-4e8e-be5f-7f422e914e04 req-dc8c85cb-75fd-4254-8444-d638dd883599 3e62550664164242abb3e382677d4c8c 6c0afb4fc087416d9e0d9c24b4b30fba - - 1d17189322a742f9821374995584d28c 1d17189322a742f9821374995584d28c] 10.0.0.19 "GET /allocation_candidates?limit=1000&resources=DISK_GB%3A1%2CMEMORY_MB%3A512%2CVCPU%3A1&root_required=%21COMPUTE_STATUS_DISABLED" status: 200 len: 2219 microversion: 1.36 [pid: 7|app: 0|req: 511/1023] 10.0.0.19 () {34 vars in 1011 bytes} [Fri May 29 23:10:48 2026] GET /allocation_candidates?limit=1000&resources=DISK_GB%3A1%2CMEMORY_MB%3A512%2CVCPU%3A1&root_required=%21COMPUTE_STATUS_DISABLED => generated 2219 bytes in 53 msecs (HTTP/1.1 200) 8 headers in 297 bytes (1 switches on core 0)
2026-05-29 23:10:48.360 8 INFO placement.requestlog [req-41d1d815-7301-4e8e-be5f-7f422e914e04 req-8cbab7e0-3b07-444d-a536-9825b3a2a20f 3e62550664164242abb3e382677d4c8c 6c0afb4fc087416d9e0d9c24b4b30fba - - 1d17189322a742f9821374995584d28c 1d17189322a742f9821374995584d28c] 10.0.0.19 "GET /allocations/1d516034-a033-4438-9c7f-cbcc8e103f37" status: 200 len: 19 microversion: 1.28 [pid: 8|app: 0|req: 513/1024] 10.0.0.19 () {34 vars in 860 bytes} [Fri May 29 23:10:48 2026] GET /allocations/1d516034-a033-4438-9c7f-cbcc8e103f37 => generated 19 bytes in 11 msecs (HTTP/1.1 200) 8 headers in 295 bytes (1 switches on core 0)
2026-05-29 23:10:48.428 7 INFO placement.requestlog [req-41d1d815-7301-4e8e-be5f-7f422e914e04 req-2911913d-1bbf-46e1-9838-f32487ee2093 3e62550664164242abb3e382677d4c8c 6c0afb4fc087416d9e0d9c24b4b30fba - - 1d17189322a742f9821374995584d28c 1d17189322a742f9821374995584d28c] 10.0.0.19 "PUT /allocations/1d516034-a033-4438-9c7f-cbcc8e103f37" status: 204 len: 0 microversion: 1.36 [pid: 7|app: 0|req: 512/1025] 10.0.0.19 () {38 vars in 913 bytes} [Fri May 29 23:10:48 2026] PUT /allocations/1d516034-a033-4438-9c7f-cbcc8e103f37 => generated 0 bytes in 57 msecs (HTTP/1.1 204) 5 headers in 199 bytes (1 switches on core 0)
2026-05-29 23:10:48.719 8 INFO placement.requestlog [req-41d1d815-7301-4e8e-be5f-7f422e914e04 req-562645f0-4a8a-49e4-a62d-db6511a1fe84 3e62550664164242abb3e382677d4c8c 6c0afb4fc087416d9e0d9c24b4b30fba - - 1d17189322a742f9821374995584d28c 1d17189322a742f9821374995584d28c] 199.204.45.22 "GET /allocations/1d516034-a033-4438-9c7f-cbcc8e103f37" status: 200 len: 258 microversion: 1.28 [pid: 8|app: 0|req: 514/1026] 199.204.45.22 () {34 vars in 862 bytes} [Fri May 29 23:10:48 2026] GET /allocations/1d516034-a033-4438-9c7f-cbcc8e103f37 => generated 258 bytes in 33 msecs (HTTP/1.1 200) 8 headers in 296 bytes (1 switches on core 0)
2026-05-29 23:10:48.839 7 INFO placement.requestlog [req-41d1d815-7301-4e8e-be5f-7f422e914e04 req-cc8ea1f4-ee39-4412-853b-17bc9492acb9 3e62550664164242abb3e382677d4c8c 6c0afb4fc087416d9e0d9c24b4b30fba - - 1d17189322a742f9821374995584d28c 1d17189322a742f9821374995584d28c] 199.204.45.22 "GET /resource_providers/afd4d680-3794-46a6-8404-7cc4947f8a33/allocations" status: 200 len: 253 microversion: 1.0 [pid: 7|app: 0|req: 513/1027] 199.204.45.22 () {32 vars in 856 bytes} [Fri May 29 23:10:48 2026] GET /resource_providers/afd4d680-3794-46a6-8404-7cc4947f8a33/allocations => generated 253 bytes in 24 msecs (HTTP/1.1 200) 6 headers in 224 bytes (1 switches on core 0)
2026-05-29 23:10:48.862 8 INFO placement.requestlog [req-41d1d815-7301-4e8e-be5f-7f422e914e04 req-291523a9-c07a-49c9-8808-de46f6e46943 3e62550664164242abb3e382677d4c8c 6c0afb4fc087416d9e0d9c24b4b30fba - - 1d17189322a742f9821374995584d28c 1d17189322a742f9821374995584d28c] 199.204.45.22 "GET /allocations/3f9243e5-3e86-43b1-8474-7733b578326a" status: 200 len: 258 microversion: 1.28 [pid: 8|app: 0|req: 515/1028] 199.204.45.22 () {34 vars in 862 bytes} [Fri May 29 23:10:48 2026] GET /allocations/3f9243e5-3e86-43b1-8474-7733b578326a => generated 258 bytes in 15 msecs (HTTP/1.1 200) 8 headers in 296 bytes (1 switches on core 0)
2026-05-29 23:10:48.884 7 INFO placement.requestlog [req-41d1d815-7301-4e8e-be5f-7f422e914e04 req-096a3c41-099a-4698-9c61-a466c48b1270 3e62550664164242abb3e382677d4c8c 6c0afb4fc087416d9e0d9c24b4b30fba - - 1d17189322a742f9821374995584d28c 1d17189322a742f9821374995584d28c] 199.204.45.22 "GET /allocations/1d516034-a033-4438-9c7f-cbcc8e103f37" status: 200 len: 258 microversion: 1.28 [pid: 7|app: 0|req: 514/1029] 199.204.45.22 () {34 vars in 862 bytes} [Fri May 29 23:10:48 2026] GET /allocations/1d516034-a033-4438-9c7f-cbcc8e103f37 => generated 258 bytes in 14 msecs (HTTP/1.1 200) 8 headers in 296 bytes (1 switches on core 0)
2026-05-29 23:10:53.665 8 INFO placement.requestlog [None req-e0aedd23-ac0d-4704-94a6-c91de803c432 - - - - - -] 10.0.0.232 "GET /" status: 200 len: 136 microversion: 1.0
2026-05-29 23:10:53.665 7 INFO placement.requestlog [None req-b2e0189f-7b3c-4fa7-afd7-d074eb02c1a0 - - - - - -] 10.0.0.232 "GET /" status: 200 len: 136 microversion: 1.0
2026-05-29 23:11:03.664 8 INFO placement.requestlog [None req-3845af93-e0ba-4c40-89f9-ee0715abff56 - - - - - -] 10.0.0.232 "GET /" status: 200 len: 136 microversion: 1.0
2026-05-29 23:11:03.664 7 INFO placement.requestlog [None req-c4b14777-dbd2-41f3-bfab-a90859fd4433 - - - - - -] 10.0.0.232 "GET /" status: 200 len: 136 microversion: 1.0
2026-05-29 23:11:13.664 8 INFO placement.requestlog [None req-35b54c31-3d30-432c-85fe-242c63d620db - - - - - -] 10.0.0.232 "GET /" status: 200 len: 136 microversion: 1.0
2026-05-29 23:11:13.664 7 INFO placement.requestlog [None req-390b0186-183a-4d9d-a97f-2561074e1446 - - - - - -] 10.0.0.232 "GET /" status: 200 len: 136 microversion: 1.0
2026-05-29 23:11:21.519 7 INFO placement.requestlog [req-aee399f1-b64f-4617-a0b1-bd419797c963 req-6bd8924d-d5b7-4aad-b8be-e66412d09f0b 3e62550664164242abb3e382677d4c8c 6c0afb4fc087416d9e0d9c24b4b30fba - - 1d17189322a742f9821374995584d28c 1d17189322a742f9821374995584d28c] 10.0.0.19 "GET /allocation_candidates?limit=1000&resources=MEMORY_MB%3A2048%2CVCPU%3A2&root_required=%21COMPUTE_STATUS_DISABLED" status: 200 len: 2207 microversion: 1.36 [pid: 7|app: 0|req: 518/1036] 10.0.0.19 () {34 vars in 985 bytes} [Fri May 29 23:11:21 2026] GET /allocation_candidates?limit=1000&resources=MEMORY_MB%3A2048%2CVCPU%3A2&root_required=%21COMPUTE_STATUS_DISABLED => generated 2207 bytes in 142 msecs (HTTP/1.1 200) 8 headers in 297 bytes (1 switches on core 0)
2026-05-29 23:11:21.552 8 INFO placement.requestlog [req-aee399f1-b64f-4617-a0b1-bd419797c963 req-07369ff8-271d-4e3e-b927-049c20a39f12 3e62550664164242abb3e382677d4c8c 6c0afb4fc087416d9e0d9c24b4b30fba - - 1d17189322a742f9821374995584d28c 1d17189322a742f9821374995584d28c] 10.0.0.19 "GET /allocations/9c2a73ad-c858-4fb4-8246-b60f62db79f1" status: 200 len: 19 microversion: 1.28 [pid: 8|app: 0|req: 519/1037] 10.0.0.19 () {34 vars in 860 bytes} [Fri May 29 23:11:21 2026] GET /allocations/9c2a73ad-c858-4fb4-8246-b60f62db79f1 => generated 19 bytes in 12 msecs (HTTP/1.1 200) 8 headers in 295 bytes (1 switches on core 0)
2026-05-29 23:11:21.632 7 INFO placement.requestlog [req-aee399f1-b64f-4617-a0b1-bd419797c963 req-7edec651-3c6b-40f2-bb4d-a3ed85850043 3e62550664164242abb3e382677d4c8c 6c0afb4fc087416d9e0d9c24b4b30fba - - 1d17189322a742f9821374995584d28c 1d17189322a742f9821374995584d28c] 10.0.0.19 "PUT /allocations/9c2a73ad-c858-4fb4-8246-b60f62db79f1" status: 204 len: 0 microversion: 1.36 [pid: 7|app: 0|req: 519/1038] 10.0.0.19 () {38 vars in 913 bytes} [Fri May 29 23:11:21 2026] PUT /allocations/9c2a73ad-c858-4fb4-8246-b60f62db79f1 => generated 0 bytes in 72 msecs (HTTP/1.1 204) 5 headers in 199 bytes (1 switches on core 0)
2026-05-29 23:11:21.926 8 INFO placement.requestlog [req-aee399f1-b64f-4617-a0b1-bd419797c963 req-010e7c5c-e80c-4571-b65e-6a0d3898482f 3e62550664164242abb3e382677d4c8c 6c0afb4fc087416d9e0d9c24b4b30fba - - 1d17189322a742f9821374995584d28c 1d17189322a742f9821374995584d28c] 199.204.45.22 "GET /allocations/9c2a73ad-c858-4fb4-8246-b60f62db79f1" status: 200 len: 245 microversion: 1.28 [pid: 8|app: 0|req: 520/1039] 199.204.45.22 () {34 vars in 862 bytes} [Fri May 29 23:11:21 2026] GET /allocations/9c2a73ad-c858-4fb4-8246-b60f62db79f1 => generated 245 bytes in 15 msecs (HTTP/1.1 200) 8 headers in 296 bytes (1 switches on core 0)
2026-05-29 23:11:22.050 7 INFO placement.requestlog [req-aee399f1-b64f-4617-a0b1-bd419797c963 req-16629e3d-adae-45fa-8389-82923dc5f01f 3e62550664164242abb3e382677d4c8c 6c0afb4fc087416d9e0d9c24b4b30fba - - 1d17189322a742f9821374995584d28c 1d17189322a742f9821374995584d28c] 199.204.45.22 "GET /resource_providers/afd4d680-3794-46a6-8404-7cc4947f8a33/allocations" status: 200 len: 340 microversion: 1.0 [pid: 7|app: 0|req: 520/1040] 199.204.45.22 () {32 vars in 856 bytes} [Fri May 29 23:11:22 2026] GET /resource_providers/afd4d680-3794-46a6-8404-7cc4947f8a33/allocations => generated 340 bytes in 19 msecs (HTTP/1.1 200) 6 headers in 224 bytes (1 switches on core 0)
2026-05-29 23:11:22.071 8 INFO placement.requestlog [req-aee399f1-b64f-4617-a0b1-bd419797c963 req-622f31bf-e146-4cfa-8515-e0d0f067bcd5 3e62550664164242abb3e382677d4c8c 6c0afb4fc087416d9e0d9c24b4b30fba - - 1d17189322a742f9821374995584d28c 1d17189322a742f9821374995584d28c] 199.204.45.22 "GET /allocations/3f9243e5-3e86-43b1-8474-7733b578326a" status: 200 len: 258 microversion: 1.28 [pid: 8|app: 0|req: 521/1041] 199.204.45.22 () {34 vars in 862 bytes} [Fri May 29 23:11:22 2026] GET /allocations/3f9243e5-3e86-43b1-8474-7733b578326a => generated 258 bytes in 14 msecs (HTTP/1.1 200) 8 headers in 296 bytes (1 switches on core 0)
2026-05-29 23:11:22.092 7 INFO placement.requestlog [req-aee399f1-b64f-4617-a0b1-bd419797c963 req-c7cae8e6-f0d2-4c83-9ccf-9582bf2f0d80 3e62550664164242abb3e382677d4c8c 6c0afb4fc087416d9e0d9c24b4b30fba - - 1d17189322a742f9821374995584d28c 1d17189322a742f9821374995584d28c] 199.204.45.22 "GET /allocations/1d516034-a033-4438-9c7f-cbcc8e103f37" status: 200 len: 258 microversion: 1.28 [pid: 7|app: 0|req: 521/1042] 199.204.45.22 () {34 vars in 862 bytes} [Fri May 29 23:11:22 2026] GET /allocations/1d516034-a033-4438-9c7f-cbcc8e103f37 => generated 258 bytes in 15 msecs (HTTP/1.1 200) 8 headers in 296 bytes (1 switches on core 0)
2026-05-29 23:11:22.115 8 INFO placement.requestlog [req-aee399f1-b64f-4617-a0b1-bd419797c963 req-6623dde2-08a3-420e-8208-bb26e8bf1abf 3e62550664164242abb3e382677d4c8c 6c0afb4fc087416d9e0d9c24b4b30fba - - 1d17189322a742f9821374995584d28c 1d17189322a742f9821374995584d28c] 199.204.45.22 "GET /allocations/9c2a73ad-c858-4fb4-8246-b60f62db79f1" status: 200 len: 245 microversion: 1.28 [pid: 8|app: 0|req: 522/1043] 199.204.45.22 () {34 vars in 862 bytes} [Fri May 29 23:11:22 2026] GET /allocations/9c2a73ad-c858-4fb4-8246-b60f62db79f1 => generated 245 bytes in 16 msecs (HTTP/1.1 200) 8 headers in 296 bytes (1 switches on core 0)
2026-05-29 23:11:23.663 8 INFO placement.requestlog [None req-ea791606-4b27-4fbe-9c48-f7e061adc1fc - - - - - -] 10.0.0.232 "GET /" status: 200 len: 136 microversion: 1.0
2026-05-29 23:11:23.663 7 INFO placement.requestlog [None req-778edcbc-e8dc-4982-8570-de105896bd2a - - - - - -] 10.0.0.232 "GET /" status: 200 len: 136 microversion: 1.0
2026-05-29 23:11:24.807 8 INFO placement.requestlog [req-572f36a9-31bb-456e-a25e-c0583d9630f7 req-c5a8dadd-fa5c-48dc-92a0-7b51a8b6f3f0 3e62550664164242abb3e382677d4c8c 6c0afb4fc087416d9e0d9c24b4b30fba - - 1d17189322a742f9821374995584d28c 1d17189322a742f9821374995584d28c] 199.204.45.22 "GET /resource_providers/afd4d680-3794-46a6-8404-7cc4947f8a33/allocations" status: 200 len: 340 microversion: 1.0 [pid: 8|app: 0|req: 524/1046] 199.204.45.22 () {32 vars in 856 bytes} [Fri May 29 23:11:24 2026] GET /resource_providers/afd4d680-3794-46a6-8404-7cc4947f8a33/allocations => generated 340 bytes in 18 msecs (HTTP/1.1 200) 6 headers in 224 bytes (1 switches on core 0)
2026-05-29 23:11:24.838 7 INFO placement.requestlog [req-572f36a9-31bb-456e-a25e-c0583d9630f7 req-004f3546-61e4-4e8a-a23b-389686112185 3e62550664164242abb3e382677d4c8c 6c0afb4fc087416d9e0d9c24b4b30fba - - 1d17189322a742f9821374995584d28c 1d17189322a742f9821374995584d28c] 199.204.45.22 "GET /resource_providers/afd4d680-3794-46a6-8404-7cc4947f8a33/allocations" status: 200 len: 340 microversion: 1.0 [pid: 7|app: 0|req: 523/1047] 199.204.45.22 () {32 vars in 856 bytes} [Fri May 29 23:11:24 2026] GET /resource_providers/afd4d680-3794-46a6-8404-7cc4947f8a33/allocations => generated 340 bytes in 20 msecs (HTTP/1.1 200) 6 headers in 224 bytes (1 switches on core 0)
2026-05-29 23:11:24.868 8 INFO placement.requestlog [req-572f36a9-31bb-456e-a25e-c0583d9630f7 req-4118d82d-6bd4-40fe-8e70-1657159043c5 3e62550664164242abb3e382677d4c8c 6c0afb4fc087416d9e0d9c24b4b30fba - - 1d17189322a742f9821374995584d28c 1d17189322a742f9821374995584d28c] 199.204.45.22 "GET /allocations/3f9243e5-3e86-43b1-8474-7733b578326a" status: 200 len: 258 microversion: 1.28 [pid: 8|app: 0|req: 525/1048] 199.204.45.22 () {34 vars in 862 bytes} [Fri May 29 23:11:24 2026] GET /allocations/3f9243e5-3e86-43b1-8474-7733b578326a => generated 258 bytes in 21 msecs (HTTP/1.1 200) 8 headers in 296 bytes (1 switches on core 0)
2026-05-29 23:11:24.890 7 INFO placement.requestlog [req-572f36a9-31bb-456e-a25e-c0583d9630f7 req-17ae2cb6-bbb5-476d-8a3c-4ceaa42c6149 3e62550664164242abb3e382677d4c8c 6c0afb4fc087416d9e0d9c24b4b30fba - - 1d17189322a742f9821374995584d28c 1d17189322a742f9821374995584d28c] 199.204.45.22 "GET /allocations/1d516034-a033-4438-9c7f-cbcc8e103f37" status: 200 len: 258 microversion: 1.28 [pid: 7|app: 0|req: 524/1049] 199.204.45.22 () {34 vars in 862 bytes} [Fri May 29 23:11:24 2026] GET /allocations/1d516034-a033-4438-9c7f-cbcc8e103f37 => generated 258 bytes in 14 msecs (HTTP/1.1 200) 8 headers in 296 bytes (1 switches on core 0)
2026-05-29 23:11:24.914 8 INFO placement.requestlog [req-572f36a9-31bb-456e-a25e-c0583d9630f7 req-c3b5a435-b97d-4b2b-8365-f31c409609c7 3e62550664164242abb3e382677d4c8c 6c0afb4fc087416d9e0d9c24b4b30fba - - 1d17189322a742f9821374995584d28c 1d17189322a742f9821374995584d28c] 199.204.45.22 "GET /allocations/9c2a73ad-c858-4fb4-8246-b60f62db79f1" status: 200 len: 245 microversion: 1.28 [pid: 8|app: 0|req: 526/1050] 199.204.45.22 () {34 vars in 862 bytes} [Fri May 29 23:11:24 2026] GET /allocations/9c2a73ad-c858-4fb4-8246-b60f62db79f1 => generated 245 bytes in 15 msecs (HTTP/1.1 200) 8 headers in 296 bytes (1 switches on core 0)
2026-05-29 23:11:33.664 8 INFO placement.requestlog [None req-30954d52-992d-4b37-9bc3-d8da3c68fae1 - - - - - -] 10.0.0.232 "GET /" status: 200 len: 136 microversion: 1.0
2026-05-29 23:11:33.664 7 INFO placement.requestlog [None req-7c028ffe-71f5-4960-91a7-ffb9a9ec0730 - - - - - -] 10.0.0.232 "GET /" status: 200 len: 136 microversion: 1.0
2026-05-29 23:11:43.664 7 INFO placement.requestlog [None req-1c6ef0ca-2004-4e13-aec6-e6d6031e1d89 - - - - - -] 10.0.0.232 "GET /" status: 200 len: 136 microversion: 1.0
2026-05-29 23:11:43.665 8 INFO placement.requestlog [None req-5f24d9fc-0d16-481a-9dcf-ef5d61e0319e - - - - - -] 10.0.0.232 "GET /" status: 200 len: 136 microversion: 1.0
2026-05-29 23:11:53.664 7 INFO placement.requestlog [None req-2767da31-b698-4c7a-9b78-4f08bbb7d2b0 - - - - - -] 10.0.0.232 "GET /" status: 200 len: 136 microversion: 1.0
2026-05-29 23:11:53.665 8 INFO placement.requestlog [None req-8b20d2fc-1080-4660-ae06-4ec6de11f253 - - - - - -] 10.0.0.232 "GET /" status: 200 len: 136 microversion: 1.0
2026-05-29 23:12:03.664 8 INFO placement.requestlog [None req-e2c9a25a-d0ea-434e-9d5f-b5c6fa57b8bb - - - - - -] 10.0.0.232 "GET /" status: 200 len: 136 microversion: 1.0
2026-05-29 23:12:03.664 7 INFO placement.requestlog [None req-5e97c4cb-1b05-42dc-b445-a1ec887abea4 - - - - - -] 10.0.0.232 "GET /" status: 200 len: 136 microversion: 1.0
2026-05-29 23:12:13.664 8 INFO placement.requestlog [None req-ceb2d5e7-57ff-4940-85fe-6d2e00541a95 - - - - - -] 10.0.0.232 "GET /" status: 200 len: 136 microversion: 1.0
2026-05-29 23:12:13.664 7 INFO placement.requestlog [None req-a17d697a-6e8c-45b0-b14f-9bdf85dcaffa - - - - - -] 10.0.0.232 "GET /" status: 200 len: 136 microversion: 1.0
2026-05-29 23:12:23.664 8 INFO placement.requestlog [None req-2936a943-cd6f-4718-9d6c-b760810f908c - - - - - -] 10.0.0.232 "GET /" status: 200 len: 136 microversion: 1.0
2026-05-29 23:12:23.665 7 INFO placement.requestlog [None req-ae7702ec-b525-471c-bba4-30ceb69e8f24 - - - - - -] 10.0.0.232 "GET /" status: 200 len: 136 microversion: 1.0
2026-05-29 23:12:24.566 8 INFO placement.requestlog [req-3c12bf7c-d10c-405d-8eb8-072f78fea0a5 req-27a8ad9c-3595-4bdf-b03b-c2778edda34c 3e62550664164242abb3e382677d4c8c 6c0afb4fc087416d9e0d9c24b4b30fba - - 1d17189322a742f9821374995584d28c 1d17189322a742f9821374995584d28c] 199.204.45.22 "GET /resource_providers/afd4d680-3794-46a6-8404-7cc4947f8a33/allocations" status: 200 len: 340 microversion: 1.0 [pid: 8|app: 0|req: 533/1063] 199.204.45.22 () {32 vars in 856 bytes} [Fri May 29 23:12:24 2026] GET /resource_providers/afd4d680-3794-46a6-8404-7cc4947f8a33/allocations => generated 340 bytes in 21 msecs (HTTP/1.1 200) 6 headers in 224 bytes (1 switches on core 0)
2026-05-29 23:12:24.590 7 INFO placement.requestlog [req-3c12bf7c-d10c-405d-8eb8-072f78fea0a5 req-1ae3a7f6-2f63-4a8c-902a-c01265f53cde 3e62550664164242abb3e382677d4c8c 6c0afb4fc087416d9e0d9c24b4b30fba - - 1d17189322a742f9821374995584d28c 1d17189322a742f9821374995584d28c] 199.204.45.22 "GET /resource_providers/afd4d680-3794-46a6-8404-7cc4947f8a33/allocations" status: 200 len: 340 microversion: 1.0 [pid: 7|app: 0|req: 531/1064] 199.204.45.22 () {32 vars in 856 bytes} [Fri May 29 23:12:24 2026] GET /resource_providers/afd4d680-3794-46a6-8404-7cc4947f8a33/allocations => generated 340 bytes in 16 msecs (HTTP/1.1 200) 6 headers in 224 bytes (1 switches on core 0)
2026-05-29 23:12:24.613 8 INFO placement.requestlog [req-3c12bf7c-d10c-405d-8eb8-072f78fea0a5 req-4eed8775-300d-4451-99fd-053f953c8934 3e62550664164242abb3e382677d4c8c 6c0afb4fc087416d9e0d9c24b4b30fba - - 1d17189322a742f9821374995584d28c 1d17189322a742f9821374995584d28c] 199.204.45.22 "GET /allocations/3f9243e5-3e86-43b1-8474-7733b578326a" status: 200 len: 258 microversion: 1.28 [pid: 8|app: 0|req: 534/1065] 199.204.45.22 () {34 vars in 862 bytes} [Fri May 29 23:12:24 2026] GET /allocations/3f9243e5-3e86-43b1-8474-7733b578326a => generated 258 bytes in 17 msecs (HTTP/1.1 200) 8 headers in 296 bytes (1 switches on core 0)
2026-05-29 23:12:24.642 7 INFO placement.requestlog [req-3c12bf7c-d10c-405d-8eb8-072f78fea0a5 req-d8cfce29-c33a-4259-b537-3228053674a9 3e62550664164242abb3e382677d4c8c 6c0afb4fc087416d9e0d9c24b4b30fba - - 1d17189322a742f9821374995584d28c 1d17189322a742f9821374995584d28c] 199.204.45.22 "GET /allocations/1d516034-a033-4438-9c7f-cbcc8e103f37" status: 200 len: 258 microversion: 1.28 [pid: 7|app: 0|req: 532/1066] 199.204.45.22 () {34 vars in 862 bytes} [Fri May 29 23:12:24 2026] GET /allocations/1d516034-a033-4438-9c7f-cbcc8e103f37 => generated 258 bytes in 17 msecs (HTTP/1.1 200) 8 headers in 296 bytes (1 switches on core 0)
2026-05-29 23:12:24.665 8 INFO placement.requestlog [req-3c12bf7c-d10c-405d-8eb8-072f78fea0a5 req-10944d7a-1c4b-4484-9b44-dbe2730dd7f6 3e62550664164242abb3e382677d4c8c 6c0afb4fc087416d9e0d9c24b4b30fba - - 1d17189322a742f9821374995584d28c 1d17189322a742f9821374995584d28c] 199.204.45.22 "GET /allocations/9c2a73ad-c858-4fb4-8246-b60f62db79f1" status: 200 len: 245 microversion: 1.28 [pid: 8|app: 0|req: 535/1067] 199.204.45.22 () {34 vars in 862 bytes} [Fri May 29 23:12:24 2026] GET /allocations/9c2a73ad-c858-4fb4-8246-b60f62db79f1 => generated 245 bytes in 15 msecs (HTTP/1.1 200) 8 headers in 296 bytes (1 switches on core 0)
2026-05-29 23:12:33.664 8 INFO placement.requestlog [None req-4462ae32-edbb-4188-b441-aa039c08daeb - - - - - -] 10.0.0.232 "GET /" status: 200 len: 136 microversion: 1.0
2026-05-29 23:12:33.664 7 INFO placement.requestlog [None req-9460db35-7457-46ba-aca9-9b66e48e8220 - - - - - -] 10.0.0.232 "GET /" status: 200 len: 136 microversion: 1.0
2026-05-29 23:12:43.664 8 INFO placement.requestlog [None req-0fa28bf3-8a8b-444a-9917-6add56b8feed - - - - - -] 10.0.0.232 "GET /" status: 200 len: 136 microversion: 1.0
2026-05-29 23:12:43.664 7 INFO placement.requestlog [None req-9ea9628b-aed0-4ff3-a550-7ff9fc61803b - - - - - -] 10.0.0.232 "GET /" status: 200 len: 136 microversion: 1.0
2026-05-29 23:12:53.664 8 INFO placement.requestlog [None req-44053c04-4937-44ee-8c40-79f6b471b38c - - - - - -] 10.0.0.232 "GET /" status: 200 len: 136 microversion: 1.0
2026-05-29 23:12:53.665 7 INFO placement.requestlog [None req-f0c1a399-8a26-40b5-a651-9ad372ee647a - - - - - -] 10.0.0.232 "GET /" status: 200 len: 136 microversion: 1.0
2026-05-29 23:13:03.664 7 INFO placement.requestlog [None req-905da47f-b2c6-43c9-aebb-f5b25f837504 - - - - - -] 10.0.0.232 "GET /" status: 200 len: 136 microversion: 1.0
2026-05-29 23:13:03.665 8 INFO placement.requestlog [None req-db3a1d19-9c8f-4518-85a1-f8de8d212db7 - - - - - -] 10.0.0.232 "GET /" status: 200 len: 136 microversion: 1.0
2026-05-29 23:13:13.664 8 INFO placement.requestlog [None req-ec6c39ed-c8bd-4725-a6cf-89c2211e0f3e - - - - - -] 10.0.0.232 "GET /" status: 200 len: 136 microversion: 1.0
2026-05-29 23:13:13.665 7 INFO placement.requestlog [None req-8bdd20b5-717b-4cd1-9ae6-7735e6beb4f3 - - - - - -] 10.0.0.232 "GET /" status: 200 len: 136 microversion: 1.0
2026-05-29 23:13:23.664 8 INFO placement.requestlog [None req-44b2bd5e-e5f3-48cd-a590-765a22526121 - - - - - -] 10.0.0.232 "GET /" status: 200 len: 136 microversion: 1.0
2026-05-29 23:13:23.665 7 INFO placement.requestlog [None req-f6ce4fb4-24c8-46cc-9966-6bdccda0dd47 - - - - - -] 10.0.0.232 "GET /" status: 200 len: 136 microversion: 1.0
2026-05-29 23:13:24.532 8 INFO placement.requestlog [req-65c6fe37-dbd3-4b39-bb2a-5a359142bdc9 req-d14e037e-92cc-4e8e-beaa-9ace835df834 3e62550664164242abb3e382677d4c8c 6c0afb4fc087416d9e0d9c24b4b30fba - - 1d17189322a742f9821374995584d28c 1d17189322a742f9821374995584d28c] 199.204.45.22 "GET /resource_providers/afd4d680-3794-46a6-8404-7cc4947f8a33/allocations" status: 200 len: 340 microversion: 1.0 [pid: 8|app: 0|req: 542/1080] 199.204.45.22 () {32 vars in 856 bytes} [Fri May 29 23:13:24 2026] GET /resource_providers/afd4d680-3794-46a6-8404-7cc4947f8a33/allocations => generated 340 bytes in 21 msecs (HTTP/1.1 200) 6 headers in 224 bytes (1 switches on core 0)
2026-05-29 23:13:24.564 7 INFO placement.requestlog [req-65c6fe37-dbd3-4b39-bb2a-5a359142bdc9 req-e32ed666-50b0-4866-b2a7-18ef3957f0d6 3e62550664164242abb3e382677d4c8c 6c0afb4fc087416d9e0d9c24b4b30fba - - 1d17189322a742f9821374995584d28c 1d17189322a742f9821374995584d28c] 199.204.45.22 "GET /resource_providers/afd4d680-3794-46a6-8404-7cc4947f8a33/allocations" status: 200 len: 340 microversion: 1.0 [pid: 7|app: 0|req: 539/1081] 199.204.45.22 () {32 vars in 856 bytes} [Fri May 29 23:13:24 2026] GET /resource_providers/afd4d680-3794-46a6-8404-7cc4947f8a33/allocations => generated 340 bytes in 22 msecs (HTTP/1.1 200) 6 headers in 224 bytes (1 switches on core 0)
2026-05-29 23:13:24.588 8 INFO placement.requestlog [req-65c6fe37-dbd3-4b39-bb2a-5a359142bdc9 req-af6832c0-8230-41e0-824d-7b7d66f1675f 3e62550664164242abb3e382677d4c8c 6c0afb4fc087416d9e0d9c24b4b30fba - - 1d17189322a742f9821374995584d28c 1d17189322a742f9821374995584d28c] 199.204.45.22 "GET /allocations/3f9243e5-3e86-43b1-8474-7733b578326a" status: 200 len: 258 microversion: 1.28 [pid: 8|app: 0|req: 543/1082] 199.204.45.22 () {34 vars in 862 bytes} [Fri May 29 23:13:24 2026] GET /allocations/3f9243e5-3e86-43b1-8474-7733b578326a => generated 258 bytes in 18 msecs (HTTP/1.1 200) 8 headers in 296 bytes (1 switches on core 0)
2026-05-29 23:13:24.610 7 INFO placement.requestlog [req-65c6fe37-dbd3-4b39-bb2a-5a359142bdc9 req-b252455f-e9cf-4dac-af15-db1961800e32 3e62550664164242abb3e382677d4c8c 6c0afb4fc087416d9e0d9c24b4b30fba - - 1d17189322a742f9821374995584d28c 1d17189322a742f9821374995584d28c] 199.204.45.22 "GET /allocations/1d516034-a033-4438-9c7f-cbcc8e103f37" status: 200 len: 258 microversion: 1.28 [pid: 7|app: 0|req: 540/1083] 199.204.45.22 () {34 vars in 862 bytes} [Fri May 29 23:13:24 2026] GET /allocations/1d516034-a033-4438-9c7f-cbcc8e103f37 => generated 258 bytes in 17 msecs (HTTP/1.1 200) 8 headers in 296 bytes (1 switches on core 0)
2026-05-29 23:13:24.632 8 INFO placement.requestlog [req-65c6fe37-dbd3-4b39-bb2a-5a359142bdc9 req-9f8be3ed-54c5-4a8a-a983-001bf1ed7ab0 3e62550664164242abb3e382677d4c8c 6c0afb4fc087416d9e0d9c24b4b30fba - - 1d17189322a742f9821374995584d28c 1d17189322a742f9821374995584d28c] 199.204.45.22 "GET /allocations/9c2a73ad-c858-4fb4-8246-b60f62db79f1" status: 200 len: 245 microversion: 1.28 [pid: 8|app: 0|req: 544/1084] 199.204.45.22 () {34 vars in 862 bytes} [Fri May 29 23:13:24 2026] GET /allocations/9c2a73ad-c858-4fb4-8246-b60f62db79f1 => generated 245 bytes in 17 msecs (HTTP/1.1 200) 8 headers in 296 bytes (1 switches on core 0)
2026-05-29 23:13:33.665 8 INFO placement.requestlog [None req-9cc271b7-028d-4a54-9a49-729d443de10b - - - - - -] 10.0.0.232 "GET /" status: 200 len: 136 microversion: 1.0
2026-05-29 23:13:33.665 7 INFO placement.requestlog [None req-3866ca58-666d-4795-8157-91478995789d - - - - - -] 10.0.0.232 "GET /" status: 200 len: 136 microversion: 1.0
2026-05-29 23:13:43.663 7 INFO placement.requestlog [None req-6c6380c6-8eeb-4d17-8cea-25c9b41c143a - - - - - -] 10.0.0.232 "GET /" status: 200 len: 136 microversion: 1.0
2026-05-29 23:13:43.664 8 INFO placement.requestlog [None req-4233ccca-d254-4754-8e81-ef56f27da334 - - - - - -] 10.0.0.232 "GET /" status: 200 len: 136 microversion: 1.0
2026-05-29 23:13:53.663 7 INFO placement.requestlog [None req-6007faf6-eb38-40b8-a5e0-e7240856bc87 - - - - - -] 10.0.0.232 "GET /" status: 200 len: 136 microversion: 1.0
2026-05-29 23:13:53.664 8 INFO placement.requestlog [None req-b0fdd877-c6db-4020-9d69-a1b15c918b27 - - - - - -] 10.0.0.232 "GET /" status: 200 len: 136 microversion: 1.0
2026-05-29 23:14:03.664 7 INFO placement.requestlog [None req-ebd9f586-c12c-45d8-80ff-99dbd7e99a80 - - - - - -] 10.0.0.232 "GET /" status: 200 len: 136 microversion: 1.0
2026-05-29 23:14:03.665 8 INFO placement.requestlog [None req-b97fa256-2790-4beb-886a-c39cec2ff10e - - - - - -] 10.0.0.232 "GET /" status: 200 len: 136 microversion: 1.0
2026-05-29 23:14:13.664 7 INFO placement.requestlog [None req-1c8a48f6-2a52-4cd0-b848-54347d6bfbf1 - - - - - -] 10.0.0.232 "GET /" status: 200 len: 136 microversion: 1.0
2026-05-29 23:14:13.664 8 INFO placement.requestlog [None req-a4586882-f74c-42c4-8ea4-06af0b5c27aa - - - - - -] 10.0.0.232 "GET /" status: 200 len: 136 microversion: 1.0
2026-05-29 23:14:23.664 7 INFO placement.requestlog [None req-f2167e4a-f70c-46c7-bb72-0d35fc2e21e2 - - - - - -] 10.0.0.232 "GET /" status: 200 len: 136 microversion: 1.0
2026-05-29 23:14:23.664 8 INFO placement.requestlog [None req-9e6dddea-2910-4bf9-b172-7fbbb08000f8 - - - - - -] 10.0.0.232 "GET /" status: 200 len: 136 microversion: 1.0
2026-05-29 23:14:25.466 7 INFO placement.requestlog [req-fb0fe196-be13-45c6-a80d-58c3ce772e31 req-41100e27-4eae-4cc2-938d-f160fc1ce94e 3e62550664164242abb3e382677d4c8c 6c0afb4fc087416d9e0d9c24b4b30fba - - 1d17189322a742f9821374995584d28c 1d17189322a742f9821374995584d28c] 199.204.45.22 "GET /resource_providers/afd4d680-3794-46a6-8404-7cc4947f8a33/allocations" status: 200 len: 340 microversion: 1.0 [pid: 7|app: 0|req: 547/1097] 199.204.45.22 () {32 vars in 856 bytes} [Fri May 29 23:14:25 2026] GET /resource_providers/afd4d680-3794-46a6-8404-7cc4947f8a33/allocations => generated 340 bytes in 22 msecs (HTTP/1.1 200) 6 headers in 224 bytes (1 switches on core 0)
2026-05-29 23:14:25.497 8 INFO placement.requestlog [req-fb0fe196-be13-45c6-a80d-58c3ce772e31 req-4e216d0d-64da-43d0-bc67-e73681f3f3bb 3e62550664164242abb3e382677d4c8c 6c0afb4fc087416d9e0d9c24b4b30fba - - 1d17189322a742f9821374995584d28c 1d17189322a742f9821374995584d28c] 199.204.45.22 "GET /resource_providers/afd4d680-3794-46a6-8404-7cc4947f8a33/allocations" status: 200 len: 340 microversion: 1.0 [pid: 8|app: 0|req: 551/1098] 199.204.45.22 () {32 vars in 856 bytes} [Fri May 29 23:14:25 2026] GET /resource_providers/afd4d680-3794-46a6-8404-7cc4947f8a33/allocations => generated 340 bytes in 23 msecs (HTTP/1.1 200) 6 headers in 224 bytes (1 switches on core 0)
2026-05-29 23:14:25.519 7 INFO placement.requestlog [req-fb0fe196-be13-45c6-a80d-58c3ce772e31 req-d0cd2f58-f97f-4056-b89c-6059ae60680f 3e62550664164242abb3e382677d4c8c 6c0afb4fc087416d9e0d9c24b4b30fba - - 1d17189322a742f9821374995584d28c 1d17189322a742f9821374995584d28c] 199.204.45.22 "GET /allocations/3f9243e5-3e86-43b1-8474-7733b578326a" status: 200 len: 258 microversion: 1.28 [pid: 7|app: 0|req: 548/1099] 199.204.45.22 () {34 vars in 862 bytes} [Fri May 29 23:14:25 2026] GET /allocations/3f9243e5-3e86-43b1-8474-7733b578326a => generated 258 bytes in 16 msecs (HTTP/1.1 200) 8 headers in 296 bytes (1 switches on core 0)
2026-05-29 23:14:25.540 8 INFO placement.requestlog [req-fb0fe196-be13-45c6-a80d-58c3ce772e31 req-026bdb66-ce03-463b-87f1-c07ad1fa599a 3e62550664164242abb3e382677d4c8c 6c0afb4fc087416d9e0d9c24b4b30fba - - 1d17189322a742f9821374995584d28c 1d17189322a742f9821374995584d28c] 199.204.45.22 "GET /allocations/1d516034-a033-4438-9c7f-cbcc8e103f37" status: 200 len: 258 microversion: 1.28 [pid: 8|app: 0|req: 552/1100] 199.204.45.22 () {34 vars in 862 bytes} [Fri May 29 23:14:25 2026] GET /allocations/1d516034-a033-4438-9c7f-cbcc8e103f37 => generated 258 bytes in 14 msecs (HTTP/1.1 200) 8 headers in 296 bytes (1 switches on core 0)
2026-05-29 23:14:25.564 7 INFO placement.requestlog [req-fb0fe196-be13-45c6-a80d-58c3ce772e31 req-ab666aa8-17e0-4edd-9c59-4847b78b5653 3e62550664164242abb3e382677d4c8c 6c0afb4fc087416d9e0d9c24b4b30fba - - 1d17189322a742f9821374995584d28c 1d17189322a742f9821374995584d28c] 199.204.45.22 "GET /allocations/9c2a73ad-c858-4fb4-8246-b60f62db79f1" status: 200 len: 245 microversion: 1.28 [pid: 7|app: 0|req: 549/1101] 199.204.45.22 () {34 vars in 862 bytes} [Fri May 29 23:14:25 2026] GET /allocations/9c2a73ad-c858-4fb4-8246-b60f62db79f1 => generated 245 bytes in 16 msecs (HTTP/1.1 200) 8 headers in 296 bytes (1 switches on core 0)
2026-05-29 23:14:33.664 7 INFO placement.requestlog [None req-38672e4d-abdb-4f7f-bd09-4e38d2254b22 - - - - - -] 10.0.0.232 "GET /" status: 200 len: 136 microversion: 1.0
2026-05-29 23:14:33.665 8 INFO placement.requestlog [None req-f1c57c48-6387-4846-981b-91f23e89ccf5 - - - - - -] 10.0.0.232 "GET /" status: 200 len: 136 microversion: 1.0
2026-05-29 23:14:36.644 7 INFO placement.requestlog [req-fa417210-3b25-455e-99ef-338d4ec4af08 req-b9bcc420-72ca-4375-a5a2-afbac177f09a 3e62550664164242abb3e382677d4c8c 6c0afb4fc087416d9e0d9c24b4b30fba - - 1d17189322a742f9821374995584d28c 1d17189322a742f9821374995584d28c] 199.204.45.22 "GET /resource_providers/afd4d680-3794-46a6-8404-7cc4947f8a33/allocations" status: 200 len: 340 microversion: 1.0 [pid: 7|app: 0|req: 551/1104] 199.204.45.22 () {32 vars in 856 bytes} [Fri May 29 23:14:36 2026] GET /resource_providers/afd4d680-3794-46a6-8404-7cc4947f8a33/allocations => generated 340 bytes in 19 msecs (HTTP/1.1 200) 6 headers in 224 bytes (1 switches on core 0)
2026-05-29 23:14:36.668 8 INFO placement.requestlog [req-fa417210-3b25-455e-99ef-338d4ec4af08 req-bdf7d6e3-397c-4ed3-9f03-c6beffe40b3c 3e62550664164242abb3e382677d4c8c 6c0afb4fc087416d9e0d9c24b4b30fba - - 1d17189322a742f9821374995584d28c 1d17189322a742f9821374995584d28c] 199.204.45.22 "GET /allocations/3f9243e5-3e86-43b1-8474-7733b578326a" status: 200 len: 258 microversion: 1.28 [pid: 8|app: 0|req: 554/1105] 199.204.45.22 () {34 vars in 862 bytes} [Fri May 29 23:14:36 2026] GET /allocations/3f9243e5-3e86-43b1-8474-7733b578326a => generated 258 bytes in 16 msecs (HTTP/1.1 200) 8 headers in 296 bytes (1 switches on core 0)
2026-05-29 23:14:36.694 7 INFO placement.requestlog [req-fa417210-3b25-455e-99ef-338d4ec4af08 req-6830f5f2-0620-47cc-b6b4-8b285bfe7951 3e62550664164242abb3e382677d4c8c 6c0afb4fc087416d9e0d9c24b4b30fba - - 1d17189322a742f9821374995584d28c 1d17189322a742f9821374995584d28c] 199.204.45.22 "GET /allocations/1d516034-a033-4438-9c7f-cbcc8e103f37" status: 200 len: 258 microversion: 1.28 [pid: 7|app: 0|req: 552/1106] 199.204.45.22 () {34 vars in 862 bytes} [Fri May 29 23:14:36 2026] GET /allocations/1d516034-a033-4438-9c7f-cbcc8e103f37 => generated 258 bytes in 18 msecs (HTTP/1.1 200) 8 headers in 296 bytes (1 switches on core 0)
2026-05-29 23:14:36.720 8 INFO placement.requestlog [req-fa417210-3b25-455e-99ef-338d4ec4af08 req-b6844f97-f7bc-4815-8efd-4817eb4dc82c 3e62550664164242abb3e382677d4c8c 6c0afb4fc087416d9e0d9c24b4b30fba - - 1d17189322a742f9821374995584d28c 1d17189322a742f9821374995584d28c] 199.204.45.22 "GET /allocations/9c2a73ad-c858-4fb4-8246-b60f62db79f1" status: 200 len: 245 microversion: 1.28 [pid: 8|app: 0|req: 555/1107] 199.204.45.22 () {34 vars in 862 bytes} [Fri May 29 23:14:36 2026] GET /allocations/9c2a73ad-c858-4fb4-8246-b60f62db79f1 => generated 245 bytes in 17 msecs (HTTP/1.1 200) 8 headers in 296 bytes (1 switches on core 0)
2026-05-29 23:14:36.809 7 INFO placement.requestlog [req-fa417210-3b25-455e-99ef-338d4ec4af08 req-2cc2e7cf-6688-4417-a7e4-9c2b2235afb5 3e62550664164242abb3e382677d4c8c 6c0afb4fc087416d9e0d9c24b4b30fba - - 1d17189322a742f9821374995584d28c 1d17189322a742f9821374995584d28c] 199.204.45.22 "DELETE /allocations/9c2a73ad-c858-4fb4-8246-b60f62db79f1" status: 204 len: 0 microversion: 1.0 [pid: 7|app: 0|req: 553/1108] 199.204.45.22 () {34 vars in 840 bytes} [Fri May 29 23:14:36 2026] DELETE /allocations/9c2a73ad-c858-4fb4-8246-b60f62db79f1 => generated 0 bytes in 28 msecs (HTTP/1.1 204) 5 headers in 198 bytes (1 switches on core 0)
2026-05-29 23:14:37.931 8 INFO placement.requestlog [req-32625bfa-fce2-4a87-87ad-79548d759167 req-c251376d-c6e5-4dd7-846d-84d512440e08 3e62550664164242abb3e382677d4c8c 6c0afb4fc087416d9e0d9c24b4b30fba - - 1d17189322a742f9821374995584d28c 1d17189322a742f9821374995584d28c] 199.204.45.22 "GET /resource_providers/afd4d680-3794-46a6-8404-7cc4947f8a33/allocations" status: 200 len: 253 microversion: 1.0 [pid: 8|app: 0|req: 556/1109] 199.204.45.22 () {32 vars in 856 bytes} [Fri May 29 23:14:37 2026] GET /resource_providers/afd4d680-3794-46a6-8404-7cc4947f8a33/allocations => generated 253 bytes in 30 msecs (HTTP/1.1 200) 6 headers in 224 bytes (1 switches on core 0)
2026-05-29 23:14:37.956 7 INFO placement.requestlog [req-32625bfa-fce2-4a87-87ad-79548d759167 req-5a2c43b0-beb6-421b-9b6e-c8236c2241ae 3e62550664164242abb3e382677d4c8c 6c0afb4fc087416d9e0d9c24b4b30fba - - 1d17189322a742f9821374995584d28c 1d17189322a742f9821374995584d28c] 199.204.45.22 "GET /allocations/3f9243e5-3e86-43b1-8474-7733b578326a" status: 200 len: 258 microversion: 1.28 [pid: 7|app: 0|req: 554/1110] 199.204.45.22 () {34 vars in 862 bytes} [Fri May 29 23:14:37 2026] GET /allocations/3f9243e5-3e86-43b1-8474-7733b578326a => generated 258 bytes in 15 msecs (HTTP/1.1 200) 8 headers in 296 bytes (1 switches on core 0)
2026-05-29 23:14:37.982 8 INFO placement.requestlog [req-32625bfa-fce2-4a87-87ad-79548d759167 req-661bd507-188c-43ed-a281-978b2d111e98 3e62550664164242abb3e382677d4c8c 6c0afb4fc087416d9e0d9c24b4b30fba - - 1d17189322a742f9821374995584d28c 1d17189322a742f9821374995584d28c] 199.204.45.22 "GET /allocations/1d516034-a033-4438-9c7f-cbcc8e103f37" status: 200 len: 258 microversion: 1.28 [pid: 8|app: 0|req: 557/1111] 199.204.45.22 () {34 vars in 862 bytes} [Fri May 29 23:14:37 2026] GET /allocations/1d516034-a033-4438-9c7f-cbcc8e103f37 => generated 258 bytes in 17 msecs (HTTP/1.1 200) 8 headers in 296 bytes (1 switches on core 0)
2026-05-29 23:14:38.071 7 INFO placement.requestlog [req-32625bfa-fce2-4a87-87ad-79548d759167 req-183c08c0-966d-431e-804d-058a4c7cbfda 3e62550664164242abb3e382677d4c8c 6c0afb4fc087416d9e0d9c24b4b30fba - - 1d17189322a742f9821374995584d28c 1d17189322a742f9821374995584d28c] 199.204.45.22 "DELETE /allocations/1d516034-a033-4438-9c7f-cbcc8e103f37" status: 204 len: 0 microversion: 1.0 [pid: 7|app: 0|req: 555/1112] 199.204.45.22 () {34 vars in 840 bytes} [Fri May 29 23:14:38 2026] DELETE /allocations/1d516034-a033-4438-9c7f-cbcc8e103f37 => generated 0 bytes in 23 msecs (HTTP/1.1 204) 5 headers in 198 bytes (1 switches on core 0)
2026-05-29 23:14:43.669 8 INFO placement.requestlog [None req-c45431ab-a6b2-4c85-a7c1-ff862a9e3682 - - - - - -] 10.0.0.232 "GET /" status: 200 len: 136 microversion: 1.0
2026-05-29 23:14:43.671 7 INFO placement.requestlog [None req-9e50bcae-e8ee-4165-91f7-6667aa99ab52 - - - - - -] 10.0.0.232 "GET /" status: 200 len: 136 microversion: 1.0
2026-05-29 23:14:44.161 8 INFO placement.requestlog [req-3255e3dd-6afd-4273-aa98-8223fe2c6dfd req-9c2f9c21-b66d-41e9-8bfa-ad5e0de34ebe 3e62550664164242abb3e382677d4c8c 6c0afb4fc087416d9e0d9c24b4b30fba - - 1d17189322a742f9821374995584d28c 1d17189322a742f9821374995584d28c] 199.204.45.22 "GET /resource_providers/afd4d680-3794-46a6-8404-7cc4947f8a33/allocations" status: 200 len: 153 microversion: 1.0 [pid: 8|app: 0|req: 559/1115] 199.204.45.22 () {32 vars in 856 bytes} [Fri May 29 23:14:44 2026] GET /resource_providers/afd4d680-3794-46a6-8404-7cc4947f8a33/allocations => generated 153 bytes in 15 msecs (HTTP/1.1 200) 6 headers in 224 bytes (1 switches on core 0)
2026-05-29 23:14:44.183 7 INFO placement.requestlog [req-3255e3dd-6afd-4273-aa98-8223fe2c6dfd req-0c76258b-fbac-4235-8d3c-f469ec57cae2 3e62550664164242abb3e382677d4c8c 6c0afb4fc087416d9e0d9c24b4b30fba - - 1d17189322a742f9821374995584d28c 1d17189322a742f9821374995584d28c] 199.204.45.22 "GET /allocations/3f9243e5-3e86-43b1-8474-7733b578326a" status: 200 len: 258 microversion: 1.28 [pid: 7|app: 0|req: 557/1116] 199.204.45.22 () {34 vars in 862 bytes} [Fri May 29 23:14:44 2026] GET /allocations/3f9243e5-3e86-43b1-8474-7733b578326a => generated 258 bytes in 14 msecs (HTTP/1.1 200) 8 headers in 296 bytes (1 switches on core 0)
2026-05-29 23:14:44.260 8 INFO placement.requestlog [req-3255e3dd-6afd-4273-aa98-8223fe2c6dfd req-f527b962-20bb-4a5f-84d6-c59aa2931f06 3e62550664164242abb3e382677d4c8c 6c0afb4fc087416d9e0d9c24b4b30fba - - 1d17189322a742f9821374995584d28c 1d17189322a742f9821374995584d28c] 199.204.45.22 "DELETE /allocations/3f9243e5-3e86-43b1-8474-7733b578326a" status: 204 len: 0 microversion: 1.0 [pid: 8|app: 0|req: 560/1117] 199.204.45.22 () {34 vars in 840 bytes} [Fri May 29 23:14:44 2026] DELETE /allocations/3f9243e5-3e86-43b1-8474-7733b578326a => generated 0 bytes in 24 msecs (HTTP/1.1 204) 5 headers in 198 bytes (1 switches on core 0)
2026-05-29 23:14:53.663 7 INFO placement.requestlog [None req-e9c0b3ee-dd4d-40e4-a07e-5e354bb0ff57 - - - - - -] 10.0.0.232 "GET /" status: 200 len: 136 microversion: 1.0
2026-05-29 23:14:53.664 8 INFO placement.requestlog [None req-e93d7d6d-f3e8-4436-a0d3-c79ffed1ce0b - - - - - -] 10.0.0.232 "GET /" status: 200 len: 136 microversion: 1.0
2026-05-29 23:14:56.595 7 INFO placement.requestlog [None req-10c04b9c-ec87-4155-9334-74aead55a04e 747d93d86cbc4e75b60b0df86f94a4de 6c0afb4fc087416d9e0d9c24b4b30fba - - 1d17189322a742f9821374995584d28c 1d17189322a742f9821374995584d28c] 10.0.0.230 "GET /resource_providers/02e8392a-9ab5-4fd1-b812-9b1719e3e0e0/aggregates" status: 404 len: 235 microversion: 1.1 [pid: 7|app: 0|req: 559/1120] 10.0.0.230 () {32 vars in 825 bytes} [Fri May 29 23:14:56 2026] GET /resource_providers/02e8392a-9ab5-4fd1-b812-9b1719e3e0e0/aggregates => generated 235 bytes in 58 msecs (HTTP/1.1 404) 5 headers in 202 bytes (1 switches on core 0)
2026-05-29 23:14:56.599 8 INFO placement.requestlog [None req-9de60076-8df9-42cf-b3ab-f80cc1fb467b 747d93d86cbc4e75b60b0df86f94a4de 6c0afb4fc087416d9e0d9c24b4b30fba - - 1d17189322a742f9821374995584d28c 1d17189322a742f9821374995584d28c] 10.0.0.230 "GET /resource_providers/02e8392a-9ab5-4fd1-b812-9b1719e3e0e0/aggregates" status: 404 len: 235 microversion: 1.1 [pid: 8|app: 0|req: 562/1121] 10.0.0.230 () {32 vars in 825 bytes} [Fri May 29 23:14:56 2026] GET /resource_providers/02e8392a-9ab5-4fd1-b812-9b1719e3e0e0/aggregates => generated 235 bytes in 60 msecs (HTTP/1.1 404) 5 headers in 202 bytes (1 switches on core 0)
2026-05-29 23:14:56.615 7 INFO placement.requestlog [None req-85e6a0a8-e116-4e7a-a216-0a0557843d26 747d93d86cbc4e75b60b0df86f94a4de 6c0afb4fc087416d9e0d9c24b4b30fba - - 1d17189322a742f9821374995584d28c 1d17189322a742f9821374995584d28c] 10.0.0.230 "DELETE /resource_providers/02e8392a-9ab5-4fd1-b812-9b1719e3e0e0" status: 404 len: 246 microversion: 1.1 [pid: 7|app: 0|req: 560/1122] 10.0.0.230 () {34 vars in 825 bytes} [Fri May 29 23:14:56 2026] DELETE /resource_providers/02e8392a-9ab5-4fd1-b812-9b1719e3e0e0 => generated 246 bytes in 13 msecs (HTTP/1.1 404) 6 headers in 231 bytes (1 switches on core 0)
2026-05-29 23:14:56.615 8 INFO placement.requestlog [None req-d0ba633b-a23b-4032-9a09-8a1a206be9d4 747d93d86cbc4e75b60b0df86f94a4de 6c0afb4fc087416d9e0d9c24b4b30fba - - 1d17189322a742f9821374995584d28c 1d17189322a742f9821374995584d28c] 10.0.0.230 "DELETE /resource_providers/02e8392a-9ab5-4fd1-b812-9b1719e3e0e0" status: 404 len: 246 microversion: 1.1 [pid: 8|app: 0|req: 563/1123] 10.0.0.230 () {34 vars in 825 bytes} [Fri May 29 23:14:56 2026] DELETE /resource_providers/02e8392a-9ab5-4fd1-b812-9b1719e3e0e0 => generated 246 bytes in 10 msecs (HTTP/1.1 404) 6 headers in 231 bytes (1 switches on core 0)
2026-05-29 23:14:58.634 7 INFO placement.requestlog [None req-5b63b2f8-2f8a-4487-9cab-99a9bae1a47f 747d93d86cbc4e75b60b0df86f94a4de 6c0afb4fc087416d9e0d9c24b4b30fba - - 1d17189322a742f9821374995584d28c 1d17189322a742f9821374995584d28c] 10.0.0.230 "GET /resource_providers/f891e42e-b9ec-45ff-9a03-77cbf5ffa654/aggregates" status: 404 len: 235 microversion: 1.1 [pid: 7|app: 0|req: 561/1124] 10.0.0.230 () {32 vars in 825 bytes} [Fri May 29 23:14:58 2026] GET /resource_providers/f891e42e-b9ec-45ff-9a03-77cbf5ffa654/aggregates => generated 235 bytes in 12 msecs (HTTP/1.1 404) 5 headers in 202 bytes (1 switches on core 0)
2026-05-29 23:14:58.639 8 INFO placement.requestlog [None req-6107e087-2f08-4bf9-b8d6-05234f155404 747d93d86cbc4e75b60b0df86f94a4de 6c0afb4fc087416d9e0d9c24b4b30fba - - 1d17189322a742f9821374995584d28c 1d17189322a742f9821374995584d28c] 10.0.0.230 "GET /resource_providers/f891e42e-b9ec-45ff-9a03-77cbf5ffa654/aggregates" status: 404 len: 235 microversion: 1.1 [pid: 8|app: 0|req: 564/1125] 10.0.0.230 () {32 vars in 825 bytes} [Fri May 29 23:14:58 2026] GET /resource_providers/f891e42e-b9ec-45ff-9a03-77cbf5ffa654/aggregates => generated 235 bytes in 12 msecs (HTTP/1.1 404) 5 headers in 202 bytes (1 switches on core 0)
2026-05-29 23:14:58.667 8 INFO placement.requestlog [None req-648bc902-8923-4b0d-bd3f-f4d99abead95 747d93d86cbc4e75b60b0df86f94a4de 6c0afb4fc087416d9e0d9c24b4b30fba - - 1d17189322a742f9821374995584d28c 1d17189322a742f9821374995584d28c] 10.0.0.230 "DELETE /resource_providers/f891e42e-b9ec-45ff-9a03-77cbf5ffa654" status: 404 len: 246 microversion: 1.1 [pid: 8|app: 0|req: 565/1126] 10.0.0.230 () {34 vars in 825 bytes} [Fri May 29 23:14:58 2026] DELETE /resource_providers/f891e42e-b9ec-45ff-9a03-77cbf5ffa654 => generated 246 bytes in 12 msecs (HTTP/1.1 404) 6 headers in 231 bytes (1 switches on core 0)
2026-05-29 23:14:58.693 8 INFO placement.requestlog [None req-df477d01-404a-4479-bc66-729562b4b48e 747d93d86cbc4e75b60b0df86f94a4de 6c0afb4fc087416d9e0d9c24b4b30fba - - 1d17189322a742f9821374995584d28c 1d17189322a742f9821374995584d28c] 10.0.0.230 "GET /resource_providers/dcc2567d-5e37-4e17-b705-962faca46809/aggregates" status: 404 len: 235 microversion: 1.1 [pid: 8|app: 0|req: 566/1127] 10.0.0.230 () {32 vars in 825 bytes} [Fri May 29 23:14:58 2026] GET /resource_providers/dcc2567d-5e37-4e17-b705-962faca46809/aggregates => generated 235 bytes in 15 msecs (HTTP/1.1 404) 5 headers in 202 bytes (1 switches on core 0)
2026-05-29 23:14:58.700 7 INFO placement.requestlog [None req-549b459c-272c-4f64-ac62-4bd98245b686 747d93d86cbc4e75b60b0df86f94a4de 6c0afb4fc087416d9e0d9c24b4b30fba - - 1d17189322a742f9821374995584d28c 1d17189322a742f9821374995584d28c] 10.0.0.230 "DELETE /resource_providers/f891e42e-b9ec-45ff-9a03-77cbf5ffa654" status: 404 len: 246 microversion: 1.1 [pid: 7|app: 0|req: 562/1128] 10.0.0.230 () {34 vars in 825 bytes} [Fri May 29 23:14:58 2026] DELETE /resource_providers/f891e42e-b9ec-45ff-9a03-77cbf5ffa654 => generated 246 bytes in 60 msecs (HTTP/1.1 404) 6 headers in 231 bytes (1 switches on core 0)
2026-05-29 23:14:58.714 7 INFO placement.requestlog [None req-8b84e37d-5e9c-4f91-8625-d4b00f42401e 747d93d86cbc4e75b60b0df86f94a4de 6c0afb4fc087416d9e0d9c24b4b30fba - - 1d17189322a742f9821374995584d28c 1d17189322a742f9821374995584d28c] 10.0.0.230 "GET /resource_providers/dcc2567d-5e37-4e17-b705-962faca46809/aggregates" status: 404 len: 235 microversion: 1.1 [pid: 7|app: 0|req: 563/1129] 10.0.0.230 () {32 vars in 825 bytes} [Fri May 29 23:14:58 2026] GET /resource_providers/dcc2567d-5e37-4e17-b705-962faca46809/aggregates => generated 235 bytes in 8 msecs (HTTP/1.1 404) 5 headers in 202 bytes (1 switches on core 0)
2026-05-29 23:14:58.716 8 INFO placement.requestlog [None req-274bf058-c663-405b-9939-4abdb3394445 747d93d86cbc4e75b60b0df86f94a4de 6c0afb4fc087416d9e0d9c24b4b30fba - - 1d17189322a742f9821374995584d28c 1d17189322a742f9821374995584d28c] 10.0.0.230 "DELETE /resource_providers/dcc2567d-5e37-4e17-b705-962faca46809" status: 404 len: 246 microversion: 1.1 [pid: 8|app: 0|req: 567/1130] 10.0.0.230 () {34 vars in 825 bytes} [Fri May 29 23:14:58 2026] DELETE /resource_providers/dcc2567d-5e37-4e17-b705-962faca46809 => generated 246 bytes in 14 msecs (HTTP/1.1 404) 6 headers in 231 bytes (1 switches on core 0)
2026-05-29 23:14:58.728 7 INFO placement.requestlog [None req-a7122678-f641-4f3a-89a8-a4d791968446 747d93d86cbc4e75b60b0df86f94a4de 6c0afb4fc087416d9e0d9c24b4b30fba - - 1d17189322a742f9821374995584d28c 1d17189322a742f9821374995584d28c] 10.0.0.230 "DELETE /resource_providers/dcc2567d-5e37-4e17-b705-962faca46809" status: 404 len: 246 microversion: 1.1 [pid: 7|app: 0|req: 564/1131] 10.0.0.230 () {34 vars in 825 bytes} [Fri May 29 23:14:58 2026] DELETE /resource_providers/dcc2567d-5e37-4e17-b705-962faca46809 => generated 246 bytes in 6 msecs (HTTP/1.1 404) 6 headers in 231 bytes (1 switches on core 0)
2026-05-29 23:15:03.664 8 INFO placement.requestlog [None req-b4e42f7a-415b-4832-b29c-e4302274039c - - - - - -] 10.0.0.232 "GET /" status: 200 len: 136 microversion: 1.0
2026-05-29 23:15:03.664 7 INFO placement.requestlog [None req-81493dab-292f-459b-90c8-2473b3d07b11 - - - - - -] 10.0.0.232 "GET /" status: 200 len: 136 microversion: 1.0
2026-05-29 23:15:12.150 8 INFO placement.requestlog [None req-0b3b1af5-fb18-4e1d-97b4-01df9191da20 747d93d86cbc4e75b60b0df86f94a4de 6c0afb4fc087416d9e0d9c24b4b30fba - - 1d17189322a742f9821374995584d28c 1d17189322a742f9821374995584d28c] 10.0.0.230 "GET /resource_providers/9f994228-a896-4255-b0fa-5563347ffb10/aggregates" status: 404 len: 235 microversion: 1.1 [pid: 8|app: 0|req: 569/1134] 10.0.0.230 () {32 vars in 825 bytes} [Fri May 29 23:15:12 2026] GET /resource_providers/9f994228-a896-4255-b0fa-5563347ffb10/aggregates => generated 235 bytes in 114 msecs (HTTP/1.1 404) 5 headers in 202 bytes (1 switches on core 0)
2026-05-29 23:15:12.158 7 INFO placement.requestlog [None req-d0897fdb-e806-486f-a660-6cab10bd67d2 747d93d86cbc4e75b60b0df86f94a4de 6c0afb4fc087416d9e0d9c24b4b30fba - - 1d17189322a742f9821374995584d28c 1d17189322a742f9821374995584d28c] 10.0.0.230 "GET /resource_providers/9f994228-a896-4255-b0fa-5563347ffb10/aggregates" status: 404 len: 235 microversion: 1.1 [pid: 7|app: 0|req: 566/1135] 10.0.0.230 () {32 vars in 825 bytes} [Fri May 29 23:15:12 2026] GET /resource_providers/9f994228-a896-4255-b0fa-5563347ffb10/aggregates => generated 235 bytes in 122 msecs (HTTP/1.1 404) 5 headers in 202 bytes (1 switches on core 0)
2026-05-29 23:15:12.169 8 INFO placement.requestlog [None req-b2cc827f-40de-46b1-8f06-21b7778ef349 747d93d86cbc4e75b60b0df86f94a4de 6c0afb4fc087416d9e0d9c24b4b30fba - - 1d17189322a742f9821374995584d28c 1d17189322a742f9821374995584d28c] 10.0.0.230 "DELETE /resource_providers/9f994228-a896-4255-b0fa-5563347ffb10" status: 404 len: 246 microversion: 1.1 [pid: 8|app: 0|req: 570/1136] 10.0.0.230 () {34 vars in 825 bytes} [Fri May 29 23:15:12 2026] DELETE /resource_providers/9f994228-a896-4255-b0fa-5563347ffb10 => generated 246 bytes in 10 msecs (HTTP/1.1 404) 6 headers in 231 bytes (1 switches on core 0)
