2026-05-29 23:09:54.659 9 INFO neutron.wsgi [-] 10.0.0.232 "GET / HTTP/1.1" status: 200 len: 247 time: 0.0015645
2026-05-29 23:09:54.661 9 INFO neutron.wsgi [-] 10.0.0.232 "GET / HTTP/1.1" status: 200 len: 247 time: 0.0009294
2026-05-29 23:09:54.739 10 INFO neutron.wsgi [None req-1f698c2c-0603-449a-b5da-3bfd56b8f308 2c73fa875a5047f4ac2bef364d450a34 678a30bf12cf4fe497bf6ddad25b3451 - - default default] 10.0.0.236 "DELETE /v2.0/routers/5f9570b2-b227-44cc-92f1-757f7b0bafb5/tags/red HTTP/1.1" status: 204 len: 168 time: 0.0865805
2026-05-29 23:09:54.806 9 INFO neutron.wsgi [None req-0f9c044a-5aca-43e2-97ad-117549aef873 2c73fa875a5047f4ac2bef364d450a34 678a30bf12cf4fe497bf6ddad25b3451 - - default default] 10.0.0.236 "GET /v2.0/routers/5f9570b2-b227-44cc-92f1-757f7b0bafb5/tags HTTP/1.1" status: 200 len: 223 time: 0.0599911
2026-05-29 23:09:54.899 10 INFO neutron.api.v2.resource [None req-23c8766c-0061-4d3d-91ba-0708a011a552 2c73fa875a5047f4ac2bef364d450a34 678a30bf12cf4fe497bf6ddad25b3451 - - default default] delete failed (client error): The resource could not be found.
2026-05-29 23:09:54.900 10 INFO neutron.wsgi [None req-23c8766c-0061-4d3d-91ba-0708a011a552 2c73fa875a5047f4ac2bef364d450a34 678a30bf12cf4fe497bf6ddad25b3451 - - default default] 10.0.0.236 "DELETE /v2.0/routers/5f9570b2-b227-44cc-92f1-757f7b0bafb5/tags/green HTTP/1.1" status: 404 len: 299 time: 0.0879388
2026-05-29 23:09:55.015 10 INFO neutron.wsgi [None req-6de4452f-7020-401c-9053-332c169f82a0 2c73fa875a5047f4ac2bef364d450a34 678a30bf12cf4fe497bf6ddad25b3451 - - default default] 10.0.0.236 "DELETE /v2.0/routers/5f9570b2-b227-44cc-92f1-757f7b0bafb5/tags HTTP/1.1" status: 204 len: 168 time: 0.1081185
2026-05-29 23:09:55.091 10 INFO neutron.wsgi [None req-6ab0e4fe-c89c-41f4-abcf-30bbeb47dbca 2c73fa875a5047f4ac2bef364d450a34 678a30bf12cf4fe497bf6ddad25b3451 - - default default] 10.0.0.236 "GET /v2.0/routers/5f9570b2-b227-44cc-92f1-757f7b0bafb5/tags HTTP/1.1" status: 200 len: 205 time: 0.0630069 /var/lib/openstack/lib/python3.10/site-packages/pycadf/identifier.py:71: UserWarning: Invalid uuid: neutron. To ensure interoperability, identifiers should be a valid uuid. warnings.warn(('Invalid uuid: %s. To ensure interoperability, '
2026-05-29 23:09:55.159 9 INFO neutron.wsgi [None req-29ed3084-f18c-4c09-b3f8-288dbf68651c 2c73fa875a5047f4ac2bef364d450a34 678a30bf12cf4fe497bf6ddad25b3451 - - default default] 10.0.0.236 "GET /v2.0/routers/5f9570b2-b227-44cc-92f1-757f7b0bafb5 HTTP/1.1" status: 200 len: 770 time: 0.0609479
2026-05-29 23:09:55.250 9 INFO neutron.wsgi [None req-73a7593d-bd80-4064-b60d-75a983e8aaff 45ed278281504ac7ae140d966b9e5e88 326d969cb74a490496f0cc16c6ba17da - - default default] 10.0.0.236 "POST /v2.0/qos/policies HTTP/1.1" status: 201 len: 558 time: 0.2842655
2026-05-29 23:09:55.299 9 INFO neutron.wsgi [None req-bdc6bd85-3e29-49c8-b0cd-ba3052694bd8 45ed278281504ac7ae140d966b9e5e88 326d969cb74a490496f0cc16c6ba17da - - default default] 10.0.0.236 "PUT /v2.0/policies/eb8a3fc9-4433-445c-8bbd-71faf2cf343e/tags HTTP/1.1" status: 200 len: 218 time: 0.0398061
2026-05-29 23:09:55.359 10 INFO neutron.wsgi [None req-540324d7-4ee0-4c0f-b5cb-910f4500e121 45ed278281504ac7ae140d966b9e5e88 326d969cb74a490496f0cc16c6ba17da - - default default] 10.0.0.236 "GET /v2.0/policies/eb8a3fc9-4433-445c-8bbd-71faf2cf343e/tags HTTP/1.1" status: 200 len: 218 time: 0.0531435
2026-05-29 23:09:55.422 9 INFO neutron.wsgi [None req-2c67cb1b-9946-4a43-a2e0-9d293b50ad2d 45ed278281504ac7ae140d966b9e5e88 326d969cb74a490496f0cc16c6ba17da - - default default] 10.0.0.236 "PUT /v2.0/policies/eb8a3fc9-4433-445c-8bbd-71faf2cf343e/tags/green HTTP/1.1" status: 201 len: 201 time: 0.0461903
2026-05-29 23:09:55.457 9 INFO neutron.wsgi [None req-560b064c-14de-40f6-9660-60be942e516a 45ed278281504ac7ae140d966b9e5e88 326d969cb74a490496f0cc16c6ba17da - - default default] 10.0.0.236 "GET /v2.0/policies/eb8a3fc9-4433-445c-8bbd-71faf2cf343e/tags HTTP/1.1" status: 200 len: 227 time: 0.0302458
2026-05-29 23:09:55.499 9 INFO neutron.wsgi [None req-cc638877-8565-450d-a5be-1e39d6f854a5 45ed278281504ac7ae140d966b9e5e88 326d969cb74a490496f0cc16c6ba17da - - default default] 10.0.0.236 "PUT /v2.0/policies/eb8a3fc9-4433-445c-8bbd-71faf2cf343e/tags/red HTTP/1.1" status: 201 len: 201 time: 0.0370789
2026-05-29 23:09:55.533 9 INFO neutron.services.segments.plugin [-] Segment e594c51f-b2e9-4f2b-a208-e6915e953954 resource provider aggregate not found
2026-05-29 23:09:55.538 9 INFO neutron.services.segments.plugin [-] Segment e594c51f-b2e9-4f2b-a208-e6915e953954 resource provider aggregate not found
2026-05-29 23:09:55.550 9 INFO neutron.services.segments.plugin [-] Segment e594c51f-b2e9-4f2b-a208-e6915e953954 resource provider not found; error: Placement Client Error (4xx): {"errors": [{"status": 404, "title": "Not Found", "detail": "The resource could not be found.\n\n No resource provider with uuid e594c51f-b2e9-4f2b-a208-e6915e953954 found for delete ", "request_id": "req-e1628ad0-224b-4df1-bef7-706421bbce8c"}]}
2026-05-29 23:09:55.556 9 INFO neutron.wsgi [None req-90fb7656-df14-486b-a6ab-4c3fe8262c9a 45ed278281504ac7ae140d966b9e5e88 326d969cb74a490496f0cc16c6ba17da - - default default] 10.0.0.236 "GET /v2.0/policies/eb8a3fc9-4433-445c-8bbd-71faf2cf343e/tags HTTP/1.1" status: 200 len: 227 time: 0.0521257
2026-05-29 23:09:55.574 9 INFO neutron.services.segments.plugin [-] Segment e594c51f-b2e9-4f2b-a208-e6915e953954 resource provider not found; error: Placement Client Error (4xx): {"errors": [{"status": 404, "title": "Not Found", "detail": "The resource could not be found.\n\n No resource provider with uuid e594c51f-b2e9-4f2b-a208-e6915e953954 found for delete ", "request_id": "req-58aed595-ed5d-4449-a29e-778468809d7e"}]}
2026-05-29 23:09:55.607 9 INFO neutron.wsgi [None req-f081177c-897e-4af9-ac4c-479c4ceb96a7 45ed278281504ac7ae140d966b9e5e88 326d969cb74a490496f0cc16c6ba17da - - default default] 10.0.0.236 "PUT /v2.0/policies/eb8a3fc9-4433-445c-8bbd-71faf2cf343e/tags/black.or.white HTTP/1.1" status: 201 len: 201 time: 0.0424089
2026-05-29 23:09:55.612 9 INFO neutron.wsgi [None req-b76521fc-a813-4f07-89f4-73416c8d1c0f 7854befebf794d4f94c907ba003a6d45 a0a4f42b29e34ff0af0e0723bccf15d4 - - default default] 10.0.0.236 "DELETE /v2.0/vpn/vpnservices/409b91c1-b34d-44db-ba0c-b80f37fc703a HTTP/1.1" status: 204 len: 168 time: 3.3520038
2026-05-29 23:09:55.625 9 WARNING neutron_lib.context [None req-c64a30ae-1340-43db-aae3-6176e7d0695b 9a42112421774fe998c6f3b3a9f0108d 5a8eb7c902a74dc3838f84c645e476ef - - default default] Method 'is_advsvc' is deprecated since 2023.2 release (neutron-lib 3.8.0) and will be removed once support for the old RBAC API policies will be removed from Neutron. Please use method 'is_service_role' instead.
2026-05-29 23:09:55.639 9 INFO neutron.wsgi [None req-66d6236b-0346-45ed-9a9d-b46bd8335550 45ed278281504ac7ae140d966b9e5e88 326d969cb74a490496f0cc16c6ba17da - - default default] 10.0.0.236 "GET /v2.0/policies/eb8a3fc9-4433-445c-8bbd-71faf2cf343e/tags HTTP/1.1" status: 200 len: 245 time: 0.0263369
2026-05-29 23:09:55.714 9 INFO neutron.wsgi [None req-09a58712-b35a-4333-8e58-1252d92678d7 45ed278281504ac7ae140d966b9e5e88 326d969cb74a490496f0cc16c6ba17da - - default default] 10.0.0.236 "PUT /v2.0/policies/eb8a3fc9-4433-445c-8bbd-71faf2cf343e/tags HTTP/1.1" status: 200 len: 230 time: 0.0683391
2026-05-29 23:09:55.717 9 INFO neutron.wsgi [None req-c64a30ae-1340-43db-aae3-6176e7d0695b 9a42112421774fe998c6f3b3a9f0108d 5a8eb7c902a74dc3838f84c645e476ef - - default default] 10.0.0.236 "POST /v2.0/vpn/endpoint-groups HTTP/1.1" status: 201 len: 501 time: 0.0969300
2026-05-29 23:09:55.732 9 WARNING neutron_lib.context [None req-433677a7-b672-432e-b443-3f2ec2dc6d52 9a42112421774fe998c6f3b3a9f0108d 5a8eb7c902a74dc3838f84c645e476ef - - default default] Method 'is_advsvc' is deprecated since 2023.2 release (neutron-lib 3.8.0) and will be removed once support for the old RBAC API policies will be removed from Neutron. Please use method 'is_service_role' instead.
2026-05-29 23:09:55.746 9 INFO neutron.wsgi [None req-db4411f0-0149-4302-a096-a96d7a67e5f9 45ed278281504ac7ae140d966b9e5e88 326d969cb74a490496f0cc16c6ba17da - - default default] 10.0.0.236 "GET /v2.0/policies/eb8a3fc9-4433-445c-8bbd-71faf2cf343e/tags HTTP/1.1" status: 200 len: 230 time: 0.0266213
2026-05-29 23:09:55.776 9 INFO neutron.wsgi [None req-c548c3cd-9f93-4789-ae3f-b6b6201c554e 45ed278281504ac7ae140d966b9e5e88 326d969cb74a490496f0cc16c6ba17da - - default default] 10.0.0.236 "GET /v2.0/policies/eb8a3fc9-4433-445c-8bbd-71faf2cf343e/tags/red HTTP/1.1" status: 204 len: 168 time: 0.0235455
2026-05-29 23:09:55.784 9 INFO neutron.wsgi [None req-433677a7-b672-432e-b443-3f2ec2dc6d52 9a42112421774fe998c6f3b3a9f0108d 5a8eb7c902a74dc3838f84c645e476ef - - default default] 10.0.0.236 "POST /v2.0/vpn/endpoint-groups HTTP/1.1" status: 201 len: 493 time: 0.0556679
2026-05-29 23:09:55.794 9 WARNING neutron.api.v2.base [None req-521e3db1-d0b5-4421-892f-aee23d3a7483 9a42112421774fe998c6f3b3a9f0108d 5a8eb7c902a74dc3838f84c645e476ef - - default default] An exception happened while processing the request body. The exception message is [Unrecognized attribute(s) 'peer_cidr'].: webob.exc.HTTPBadRequest: Unrecognized attribute(s) 'peer_cidr'
2026-05-29 23:09:55.795 9 INFO neutron.api.v2.resource [None req-521e3db1-d0b5-4421-892f-aee23d3a7483 9a42112421774fe998c6f3b3a9f0108d 5a8eb7c902a74dc3838f84c645e476ef - - default default] create failed (client error): Unrecognized attribute(s) 'peer_cidr'
2026-05-29 23:09:55.796 9 INFO neutron.wsgi [None req-521e3db1-d0b5-4421-892f-aee23d3a7483 9a42112421774fe998c6f3b3a9f0108d 5a8eb7c902a74dc3838f84c645e476ef - - default default] 10.0.0.236 "POST /v2.0/vpn/ipsec-site-connections HTTP/1.1" status: 400 len: 313 time: 0.0061066
2026-05-29 23:09:55.811 9 INFO neutron.api.v2.resource [None req-78fbf600-f6e9-4c94-82a2-417abd60a23c 45ed278281504ac7ae140d966b9e5e88 326d969cb74a490496f0cc16c6ba17da - - default default] show failed (client error): The resource could not be found.
2026-05-29 23:09:55.812 9 INFO neutron.wsgi [None req-78fbf600-f6e9-4c94-82a2-417abd60a23c 45ed278281504ac7ae140d966b9e5e88 326d969cb74a490496f0cc16c6ba17da - - default default] 10.0.0.236 "GET /v2.0/policies/eb8a3fc9-4433-445c-8bbd-71faf2cf343e/tags/green HTTP/1.1" status: 404 len: 299 time: 0.0275614
2026-05-29 23:09:55.818 9 INFO neutron.wsgi [None req-8973d7d9-3f3e-4dfa-b22e-aa1f5bc21fd7 9a42112421774fe998c6f3b3a9f0108d 5a8eb7c902a74dc3838f84c645e476ef - - default default] 10.0.0.236 "GET /v2.0/vpn/endpoint-groups HTTP/1.1" status: 200 len: 1388 time: 0.0181737
2026-05-29 23:09:55.868 9 INFO neutron.wsgi [None req-29e85e10-484c-4aa6-a94b-e8ca94865880 9a42112421774fe998c6f3b3a9f0108d 5a8eb7c902a74dc3838f84c645e476ef - - default default] 10.0.0.236 "DELETE /v2.0/vpn/endpoint-groups/669abd25-f2e5-4e39-99a8-59383532a806 HTTP/1.1" status: 204 len: 168 time: 0.0403626
2026-05-29 23:09:55.880 9 INFO neutron.wsgi [None req-ea8b27d3-4602-48d6-a84b-8cde5a1deb3d 45ed278281504ac7ae140d966b9e5e88 326d969cb74a490496f0cc16c6ba17da - - default default] 10.0.0.236 "DELETE /v2.0/policies/eb8a3fc9-4433-445c-8bbd-71faf2cf343e/tags/red HTTP/1.1" status: 204 len: 168 time: 0.0608566
2026-05-29 23:09:55.885 9 INFO neutron.wsgi [None req-2abc8ea3-5646-480f-8f29-b1c1548d9809 9a42112421774fe998c6f3b3a9f0108d 5a8eb7c902a74dc3838f84c645e476ef - - default default] 10.0.0.236 "GET /v2.0/vpn/endpoint-groups HTTP/1.1" status: 200 len: 1111 time: 0.0127869
2026-05-29 23:09:55.899 9 INFO neutron.wsgi [None req-0d2154b0-4b2c-44de-b404-abd8bcba08ca 9a42112421774fe998c6f3b3a9f0108d 5a8eb7c902a74dc3838f84c645e476ef - - default default] 10.0.0.236 "GET /v2.0/vpn/endpoint-groups HTTP/1.1" status: 200 len: 1111 time: 0.0103974
2026-05-29 23:09:55.921 10 INFO neutron.wsgi [None req-980a71cb-6d5e-4080-9430-e07940fe13cb 45ed278281504ac7ae140d966b9e5e88 326d969cb74a490496f0cc16c6ba17da - - default default] 10.0.0.236 "GET /v2.0/policies/eb8a3fc9-4433-445c-8bbd-71faf2cf343e/tags HTTP/1.1" status: 200 len: 223 time: 0.0361609
2026-05-29 23:09:55.922 10 INFO neutron.db.ovn_revision_numbers_db [None req-549c702f-eba7-4a72-b252-9f28af0017ad 2c73fa875a5047f4ac2bef364d450a34 678a30bf12cf4fe497bf6ddad25b3451 - - default default] Successfully bumped revision number for resource 5f9570b2-b227-44cc-92f1-757f7b0bafb5 (type: routers) to 7
2026-05-29 23:09:55.928 10 INFO neutron.wsgi [None req-549c702f-eba7-4a72-b252-9f28af0017ad 2c73fa875a5047f4ac2bef364d450a34 678a30bf12cf4fe497bf6ddad25b3451 - - default default] 10.0.0.236 "PUT /v2.0/routers/5f9570b2-b227-44cc-92f1-757f7b0bafb5 HTTP/1.1" status: 200 len: 770 time: 0.7636433
2026-05-29 23:09:55.934 9 INFO neutron.wsgi [None req-daf03788-4e52-4efa-b500-a1b108ba82d1 9a42112421774fe998c6f3b3a9f0108d 5a8eb7c902a74dc3838f84c645e476ef - - default default] 10.0.0.236 "DELETE /v2.0/vpn/endpoint-groups/006661b3-2222-4c96-95af-d2458e5fd5c4 HTTP/1.1" status: 204 len: 168 time: 0.0303864
2026-05-29 23:09:55.950 9 INFO neutron.wsgi [None req-ffb81b84-3971-4ab5-938e-3ffd5e6e19b7 9a42112421774fe998c6f3b3a9f0108d 5a8eb7c902a74dc3838f84c645e476ef - - default default] 10.0.0.236 "GET /v2.0/vpn/endpoint-groups HTTP/1.1" status: 200 len: 827 time: 0.0104415
2026-05-29 23:09:55.952 9 INFO neutron.api.v2.resource [None req-035d9ba2-77e2-464e-8061-729b9759e7b2 45ed278281504ac7ae140d966b9e5e88 326d969cb74a490496f0cc16c6ba17da - - default default] delete failed (client error): The resource could not be found.
2026-05-29 23:09:55.952 9 INFO neutron.wsgi [None req-035d9ba2-77e2-464e-8061-729b9759e7b2 45ed278281504ac7ae140d966b9e5e88 326d969cb74a490496f0cc16c6ba17da - - default default] 10.0.0.236 "DELETE /v2.0/policies/eb8a3fc9-4433-445c-8bbd-71faf2cf343e/tags/green HTTP/1.1" status: 404 len: 299 time: 0.0270653
2026-05-29 23:09:55.957 10 INFO neutron.wsgi [None req-b7784909-63a2-42e5-9c90-984190122a0b 2c73fa875a5047f4ac2bef364d450a34 678a30bf12cf4fe497bf6ddad25b3451 - - default default] 10.0.0.236 "GET /v2.0/ports?device_id=5f9570b2-b227-44cc-92f1-757f7b0bafb5 HTTP/1.1" status: 200 len: 205 time: 0.0238314
2026-05-29 23:09:55.959 9 WARNING neutron_lib.context [None req-82cb45e9-3675-4abb-b2e1-f9be2605d235 9a42112421774fe998c6f3b3a9f0108d 5a8eb7c902a74dc3838f84c645e476ef - - default default] Method 'is_advsvc' is deprecated since 2023.2 release (neutron-lib 3.8.0) and will be removed once support for the old RBAC API policies will be removed from Neutron. Please use method 'is_service_role' instead.
2026-05-29 23:09:55.996 10 INFO neutron.wsgi [None req-5a61b7e8-eace-46d8-a371-94a24417f6fb 45ed278281504ac7ae140d966b9e5e88 326d969cb74a490496f0cc16c6ba17da - - default default] 10.0.0.236 "DELETE /v2.0/policies/eb8a3fc9-4433-445c-8bbd-71faf2cf343e/tags HTTP/1.1" status: 204 len: 168 time: 0.0370040
2026-05-29 23:09:56.026 10 INFO neutron.wsgi [None req-0968f144-b975-438d-94eb-bd9607e2e5f2 45ed278281504ac7ae140d966b9e5e88 326d969cb74a490496f0cc16c6ba17da - - default default] 10.0.0.236 "GET /v2.0/policies/eb8a3fc9-4433-445c-8bbd-71faf2cf343e/tags HTTP/1.1" status: 200 len: 205 time: 0.0251637
2026-05-29 23:09:56.073 9 INFO neutron.wsgi [None req-82cb45e9-3675-4abb-b2e1-f9be2605d235 9a42112421774fe998c6f3b3a9f0108d 5a8eb7c902a74dc3838f84c645e476ef - - default default] 10.0.0.236 "POST /v2.0/vpn/endpoint-groups HTTP/1.1" status: 201 len: 500 time: 0.1165698
2026-05-29 23:09:56.089 10 WARNING neutron_lib.context [None req-6abfc3d1-b75f-4bb1-b9a2-5693b75420b4 9a42112421774fe998c6f3b3a9f0108d 5a8eb7c902a74dc3838f84c645e476ef - - default default] Method 'is_advsvc' is deprecated since 2023.2 release (neutron-lib 3.8.0) and will be removed once support for the old RBAC API policies will be removed from Neutron. Please use method 'is_service_role' instead.
2026-05-29 23:09:56.119 9 WARNING neutron.plugins.ml2.drivers.ovn.mech_driver.ovsdb.ovn_client [None req-9171f50c-43ca-4628-a8d4-926af4e89bc0 - - - - - -] No port found with ID 378ba476-f5dd-46cf-8a91-26cccdcaeaca: RuntimeError: No port found with ID 378ba476-f5dd-46cf-8a91-26cccdcaeaca
2026-05-29 23:09:56.151 10 INFO neutron.wsgi [None req-a02ca1fd-0a04-48e8-bd29-cee27ce85afe 45ed278281504ac7ae140d966b9e5e88 326d969cb74a490496f0cc16c6ba17da - - default default] 10.0.0.236 "DELETE /v2.0/qos/policies/eb8a3fc9-4433-445c-8bbd-71faf2cf343e HTTP/1.1" status: 204 len: 168 time: 0.1068225
2026-05-29 23:09:56.171 9 INFO neutron.plugins.ml2.drivers.ovn.mech_driver.mech_driver [None req-9171f50c-43ca-4628-a8d4-926af4e89bc0 - - - - - -] OVN reports status down for port: 9d917b1a-2b2e-4f9c-a1ab-389faa6f8e0d
2026-05-29 23:09:56.194 10 INFO neutron.wsgi [None req-6abfc3d1-b75f-4bb1-b9a2-5693b75420b4 9a42112421774fe998c6f3b3a9f0108d 5a8eb7c902a74dc3838f84c645e476ef - - default default] 10.0.0.236 "POST /v2.0/vpn/endpoint-groups HTTP/1.1" status: 201 len: 493 time: 0.1127772
2026-05-29 23:09:56.205 10 WARNING neutron_lib.context [None req-275a7638-f118-4382-a35b-7a50e2d7a318 9a42112421774fe998c6f3b3a9f0108d 5a8eb7c902a74dc3838f84c645e476ef - - default default] Method 'is_advsvc' is deprecated since 2023.2 release (neutron-lib 3.8.0) and will be removed once support for the old RBAC API policies will be removed from Neutron. Please use method 'is_service_role' instead.
2026-05-29 23:09:56.217 10 INFO neutron.wsgi [req-74491eb6-34ea-47a2-aabc-4d4fe38bc61c req-5a1b1264-1207-428f-bb3b-9b6dd4d94b21 1d21b113413f4106acccbab7c5f28b44 5087e588036d496e9c1b5a18f123b59a - - default default] 10.0.0.80 "GET /v2.0/ports?device_id=62074664-cd9e-4b54-a001-b874d79d4e46 HTTP/1.1" status: 200 len: 1170 time: 0.1122403
2026-05-29 23:09:56.242 9 INFO neutron.wsgi [None req-5addd429-69c3-4d5b-a0ff-090db038095b 2c73fa875a5047f4ac2bef364d450a34 678a30bf12cf4fe497bf6ddad25b3451 - - default default] 10.0.0.236 "DELETE /v2.0/routers/5f9570b2-b227-44cc-92f1-757f7b0bafb5 HTTP/1.1" status: 204 len: 168 time: 0.2764165
2026-05-29 23:09:56.273 10 INFO neutron.wsgi [req-74491eb6-34ea-47a2-aabc-4d4fe38bc61c req-dd40b409-4459-4056-864e-ab783361e933 1d21b113413f4106acccbab7c5f28b44 5087e588036d496e9c1b5a18f123b59a - - default default] 10.0.0.80 "GET /v2.0/security-groups?id=86e12209-e5ad-4056-80e2-0c47245da9a4&fields=id&fields=name HTTP/1.1" status: 200 len: 313 time: 0.0493176
2026-05-29 23:09:56.274 10 INFO neutron.api.v2.resource [None req-275a7638-f118-4382-a35b-7a50e2d7a318 9a42112421774fe998c6f3b3a9f0108d 5a8eb7c902a74dc3838f84c645e476ef - - default default] create failed (client error): The server could not comply with the request since it is either malformed or otherwise incorrect.
2026-05-29 23:09:56.275 10 INFO neutron.wsgi [None req-275a7638-f118-4382-a35b-7a50e2d7a318 9a42112421774fe998c6f3b3a9f0108d 5a8eb7c902a74dc3838f84c645e476ef - - default default] 10.0.0.236 "POST /v2.0/vpn/ipsec-site-connections HTTP/1.1" status: 400 len: 373 time: 0.0745230
2026-05-29 23:09:56.300 9 INFO neutron.wsgi [None req-09d1c9fd-6e04-489e-8ae7-304e0588892a 9a42112421774fe998c6f3b3a9f0108d 5a8eb7c902a74dc3838f84c645e476ef - - default default] 10.0.0.236 "GET /v2.0/vpn/endpoint-groups HTTP/1.1" status: 200 len: 1387 time: 0.0161314
2026-05-29 23:09:56.353 9 INFO neutron.notifiers.nova [-] Nova event matching ['req-3897f4a3-bca2-4bf2-8460-d8fae6095b90'] response: {'server_uuid': '62074664-cd9e-4b54-a001-b874d79d4e46', 'name': 'network-vif-unplugged', 'status': 'completed', 'tag': '9d917b1a-2b2e-4f9c-a1ab-389faa6f8e0d', 'code': 200}
2026-05-29 23:09:56.357 10 INFO neutron.wsgi [None req-41036c9b-2ef2-447a-bcd8-94b1d35e59b9 9a42112421774fe998c6f3b3a9f0108d 5a8eb7c902a74dc3838f84c645e476ef - - default default] 10.0.0.236 "DELETE /v2.0/vpn/endpoint-groups/f8e31ef4-4e61-425f-9f49-d0dc2970b718 HTTP/1.1" status: 204 len: 168 time: 0.0530257
2026-05-29 23:09:56.383 10 INFO neutron.wsgi [None req-b9f43be6-c424-4836-9f07-7ff2f92b02ac 9a42112421774fe998c6f3b3a9f0108d 5a8eb7c902a74dc3838f84c645e476ef - - default default] 10.0.0.236 "GET /v2.0/vpn/endpoint-groups HTTP/1.1" status: 200 len: 1110 time: 0.0169573
2026-05-29 23:09:56.402 10 INFO neutron.wsgi [None req-f577706f-559d-477d-a6aa-e7ad2fd355f4 9a42112421774fe998c6f3b3a9f0108d 5a8eb7c902a74dc3838f84c645e476ef - - default default] 10.0.0.236 "GET /v2.0/vpn/endpoint-groups HTTP/1.1" status: 200 len: 1110 time: 0.0118687
2026-05-29 23:09:56.471 9 INFO neutron.wsgi [None req-d8a6ca15-6567-45be-bfc9-754a6ab4f150 9a42112421774fe998c6f3b3a9f0108d 5a8eb7c902a74dc3838f84c645e476ef - - default default] 10.0.0.236 "DELETE /v2.0/vpn/endpoint-groups/7993edbd-6ee7-4a8a-996f-4c2a111ab721 HTTP/1.1" status: 204 len: 168 time: 0.0647471
2026-05-29 23:09:56.500 9 INFO neutron.wsgi [None req-89a81a1b-2229-4d21-b590-48b7725e4731 9a42112421774fe998c6f3b3a9f0108d 5a8eb7c902a74dc3838f84c645e476ef - - default default] 10.0.0.236 "GET /v2.0/vpn/endpoint-groups HTTP/1.1" status: 200 len: 827 time: 0.0159469
2026-05-29 23:09:56.517 10 WARNING neutron_lib.context [None req-04f2b91e-4492-4ea8-9ef8-ccfb109ec0fc 9a42112421774fe998c6f3b3a9f0108d 5a8eb7c902a74dc3838f84c645e476ef - - default default] Method 'is_advsvc' is deprecated since 2023.2 release (neutron-lib 3.8.0) and will be removed once support for the old RBAC API policies will be removed from Neutron. Please use method 'is_service_role' instead.
2026-05-29 23:09:56.534 10 INFO neutron.wsgi [req-1392c69e-33c3-4350-9b53-23035e4d41fe req-2bb310cd-7dc3-4972-a5ba-b50949b08493 1d21b113413f4106acccbab7c5f28b44 5087e588036d496e9c1b5a18f123b59a - - default default] 199.204.45.22 "GET /v2.0/ports?device_id=62074664-cd9e-4b54-a001-b874d79d4e46 HTTP/1.1" status: 200 len: 1168 time: 0.0686510
2026-05-29 23:09:56.640 10 INFO neutron.wsgi [None req-04f2b91e-4492-4ea8-9ef8-ccfb109ec0fc 9a42112421774fe998c6f3b3a9f0108d 5a8eb7c902a74dc3838f84c645e476ef - - default default] 10.0.0.236 "POST /v2.0/vpn/endpoint-groups HTTP/1.1" status: 201 len: 500 time: 0.1327133
2026-05-29 23:09:56.652 10 WARNING neutron.api.v2.base [None req-09e1d2bb-8893-4e97-9a59-c2a0440a974e 9a42112421774fe998c6f3b3a9f0108d 5a8eb7c902a74dc3838f84c645e476ef - - default default] An exception happened while processing the request body. The exception message is [Failed to parse request. Required attribute 'peer_id' not specified].: webob.exc.HTTPBadRequest: Failed to parse request. Required attribute 'peer_id' not specified
2026-05-29 23:09:56.653 10 INFO neutron.api.v2.resource [None req-09e1d2bb-8893-4e97-9a59-c2a0440a974e 9a42112421774fe998c6f3b3a9f0108d 5a8eb7c902a74dc3838f84c645e476ef - - default default] create failed (client error): Failed to parse request. Required attribute 'peer_id' not specified
2026-05-29 23:09:56.654 10 INFO neutron.wsgi [None req-09e1d2bb-8893-4e97-9a59-c2a0440a974e 9a42112421774fe998c6f3b3a9f0108d 5a8eb7c902a74dc3838f84c645e476ef - - default default] 10.0.0.236 "POST /v2.0/vpn/ipsec-site-connections HTTP/1.1" status: 400 len: 343 time: 0.0069423
2026-05-29 23:09:56.673 10 INFO neutron.wsgi [None req-6d9d14b4-94db-48d7-8565-32d469c8cc06 9a42112421774fe998c6f3b3a9f0108d 5a8eb7c902a74dc3838f84c645e476ef - - default default] 10.0.0.236 "GET /v2.0/vpn/endpoint-groups HTTP/1.1" status: 200 len: 1110 time: 0.0123072
2026-05-29 23:09:56.714 10 INFO neutron.wsgi [None req-43c8b016-aae9-4215-8059-4cdeb0ce3a29 9a42112421774fe998c6f3b3a9f0108d 5a8eb7c902a74dc3838f84c645e476ef - - default default] 10.0.0.236 "DELETE /v2.0/vpn/endpoint-groups/9f99df9c-3994-4aef-bfc4-a9ab2a5b1bde HTTP/1.1" status: 204 len: 168 time: 0.0353630
2026-05-29 23:09:56.736 10 INFO neutron.wsgi [None req-fa2d1a2e-4819-4986-b35b-d5ea69e056c6 9a42112421774fe998c6f3b3a9f0108d 5a8eb7c902a74dc3838f84c645e476ef - - default default] 10.0.0.236 "GET /v2.0/vpn/endpoint-groups HTTP/1.1" status: 200 len: 827 time: 0.0170105
2026-05-29 23:09:56.749 10 WARNING neutron_lib.context [None req-bbfea7c5-8f64-4b6c-9ecb-c2f6cd2eb540 9a42112421774fe998c6f3b3a9f0108d 5a8eb7c902a74dc3838f84c645e476ef - - default default] Method 'is_advsvc' is deprecated since 2023.2 release (neutron-lib 3.8.0) and will be removed once support for the old RBAC API policies will be removed from Neutron. Please use method 'is_service_role' instead.
2026-05-29 23:09:56.852 10 INFO neutron.wsgi [None req-bbfea7c5-8f64-4b6c-9ecb-c2f6cd2eb540 9a42112421774fe998c6f3b3a9f0108d 5a8eb7c902a74dc3838f84c645e476ef - - default default] 10.0.0.236 "POST /v2.0/vpn/endpoint-groups HTTP/1.1" status: 201 len: 493 time: 0.1078842
2026-05-29 23:09:56.886 10 WARNING neutron.api.v2.base [None req-d72303c7-f7ae-498c-a752-6726aa3f65d7 9a42112421774fe998c6f3b3a9f0108d 5a8eb7c902a74dc3838f84c645e476ef - - default default] An exception happened while processing the request body. The exception message is [Failed to parse request. Required attribute 'peer_id' not specified].: webob.exc.HTTPBadRequest: Failed to parse request. Required attribute 'peer_id' not specified
2026-05-29 23:09:56.886 10 INFO neutron.api.v2.resource [None req-d72303c7-f7ae-498c-a752-6726aa3f65d7 9a42112421774fe998c6f3b3a9f0108d 5a8eb7c902a74dc3838f84c645e476ef - - default default] create failed (client error): Failed to parse request. Required attribute 'peer_id' not specified
2026-05-29 23:09:56.887 10 INFO neutron.wsgi [None req-d72303c7-f7ae-498c-a752-6726aa3f65d7 9a42112421774fe998c6f3b3a9f0108d 5a8eb7c902a74dc3838f84c645e476ef - - default default] 10.0.0.236 "POST /v2.0/vpn/ipsec-site-connections HTTP/1.1" status: 400 len: 343 time: 0.0307879
2026-05-29 23:09:56.912 9 INFO neutron.db.ovn_revision_numbers_db [None req-9171f50c-43ca-4628-a8d4-926af4e89bc0 - - - - - -] Successfully bumped revision number for resource 9d917b1a-2b2e-4f9c-a1ab-389faa6f8e0d (type: ports) to 5
2026-05-29 23:09:56.920 9 INFO neutron.wsgi [None req-99d9a40d-902c-44b0-9b74-e62f1e963683 9a42112421774fe998c6f3b3a9f0108d 5a8eb7c902a74dc3838f84c645e476ef - - default default] 10.0.0.236 "GET /v2.0/vpn/endpoint-groups HTTP/1.1" status: 200 len: 1103 time: 0.0245652
2026-05-29 23:09:56.971 9 INFO neutron.wsgi [None req-6fd5e13d-02e3-4c59-a7eb-3305ec7b6e0c 9a42112421774fe998c6f3b3a9f0108d 5a8eb7c902a74dc3838f84c645e476ef - - default default] 10.0.0.236 "DELETE /v2.0/vpn/endpoint-groups/5079df6c-7441-48ae-97f0-2c5dfe20a70e HTTP/1.1" status: 204 len: 168 time: 0.0412712
2026-05-29 23:09:56.994 9 INFO neutron.wsgi [None req-66a9b9fe-be41-47c4-98d6-680dc92f0b9e 9a42112421774fe998c6f3b3a9f0108d 5a8eb7c902a74dc3838f84c645e476ef - - default default] 10.0.0.236 "GET /v2.0/vpn/endpoint-groups HTTP/1.1" status: 200 len: 827 time: 0.0162492
2026-05-29 23:09:57.014 10 WARNING neutron_lib.context [None req-2bec61d6-1031-4c1c-83bd-e1d9acd3a693 9a42112421774fe998c6f3b3a9f0108d 5a8eb7c902a74dc3838f84c645e476ef - - default default] Method 'is_advsvc' is deprecated since 2023.2 release (neutron-lib 3.8.0) and will be removed once support for the old RBAC API policies will be removed from Neutron. Please use method 'is_service_role' instead.
2026-05-29 23:09:57.117 10 INFO neutron.wsgi [None req-2bec61d6-1031-4c1c-83bd-e1d9acd3a693 9a42112421774fe998c6f3b3a9f0108d 5a8eb7c902a74dc3838f84c645e476ef - - default default] 10.0.0.236 "POST /v2.0/vpn/endpoint-groups HTTP/1.1" status: 201 len: 488 time: 0.1156657
2026-05-29 23:09:57.130 10 INFO neutron.db.l3_db [req-1392c69e-33c3-4350-9b53-23035e4d41fe req-52a78d06-b003-46e9-a4a8-0ed4dba151f9 1d21b113413f4106acccbab7c5f28b44 5087e588036d496e9c1b5a18f123b59a - - default default] Floating IP d393b76b-38dd-4d7f-b92d-0814f35a14b3 disassociated. External IP: 10.96.250.206, port: 9d917b1a-2b2e-4f9c-a1ab-389faa6f8e0d. /var/lib/openstack/lib/python3.10/site-packages/pycadf/identifier.py:71: UserWarning: Invalid uuid: neutron. To ensure interoperability, identifiers should be a valid uuid. warnings.warn(('Invalid uuid: %s. To ensure interoperability, '
2026-05-29 23:09:57.135 9 WARNING neutron_lib.context [None req-5a969ec3-63d2-416a-a527-b3f72f87c5e2 9a42112421774fe998c6f3b3a9f0108d 5a8eb7c902a74dc3838f84c645e476ef - - default default] Method 'is_advsvc' is deprecated since 2023.2 release (neutron-lib 3.8.0) and will be removed once support for the old RBAC API policies will be removed from Neutron. Please use method 'is_service_role' instead.
2026-05-29 23:09:57.225 9 INFO neutron.wsgi [None req-5a969ec3-63d2-416a-a527-b3f72f87c5e2 9a42112421774fe998c6f3b3a9f0108d 5a8eb7c902a74dc3838f84c645e476ef - - default default] 10.0.0.236 "POST /v2.0/vpn/endpoint-groups HTTP/1.1" status: 201 len: 501 time: 0.0996580
2026-05-29 23:09:57.238 10 WARNING neutron_lib.context [None req-41fb6447-bd20-49ae-b5d3-d5d905d84fc2 9a42112421774fe998c6f3b3a9f0108d 5a8eb7c902a74dc3838f84c645e476ef - - default default] Method 'is_advsvc' is deprecated since 2023.2 release (neutron-lib 3.8.0) and will be removed once support for the old RBAC API policies will be removed from Neutron. Please use method 'is_service_role' instead.
2026-05-29 23:09:57.276 10 INFO neutron.wsgi [req-1392c69e-33c3-4350-9b53-23035e4d41fe req-52a78d06-b003-46e9-a4a8-0ed4dba151f9 1d21b113413f4106acccbab7c5f28b44 5087e588036d496e9c1b5a18f123b59a - - default default] 199.204.45.22 "DELETE /v2.0/ports/9d917b1a-2b2e-4f9c-a1ab-389faa6f8e0d HTTP/1.1" status: 204 len: 173 time: 0.7381177
2026-05-29 23:09:57.334 10 INFO neutron.notifiers.nova [-] Nova event matching ['req-4c92ab05-b0d3-4e5e-9254-751ee65bac44'] response: {'server_uuid': '62074664-cd9e-4b54-a001-b874d79d4e46', 'name': 'network-vif-deleted', 'tag': '9d917b1a-2b2e-4f9c-a1ab-389faa6f8e0d', 'status': 'completed', 'code': 200}
2026-05-29 23:09:57.351 9 INFO neutron.db.ovn_revision_numbers_db [None req-a0501818-9e9f-477b-aee9-02368693f237 ab3cbb9511254b219bbae3528b6e57de 6ee8476e3035491ea5b7eb8ed6bb6fa9 - - default default] Successfully bumped revision number for resource a141b12a-3ff2-4e4e-8a47-839f8b932f4e (type: security_groups) to 1
2026-05-29 23:09:57.353 9 INFO neutron.db.ovn_revision_numbers_db [None req-d0357465-c2df-405c-83bd-cbf826feb674 ab3cbb9511254b219bbae3528b6e57de 6ee8476e3035491ea5b7eb8ed6bb6fa9 - - default default] Successfully bumped revision number for resource d4225e43-d04b-4759-81f3-fbfa90bdce3a (type: security_groups) to 1
2026-05-29 23:09:57.369 9 INFO neutron.db.ovn_revision_numbers_db [None req-a0501818-9e9f-477b-aee9-02368693f237 ab3cbb9511254b219bbae3528b6e57de 6ee8476e3035491ea5b7eb8ed6bb6fa9 - - default default] Successfully bumped revision number for resource 008572c8-7507-473f-863e-d45b55e26664 (type: security_group_rules) to 0
2026-05-29 23:09:57.371 9 INFO neutron.db.ovn_revision_numbers_db [None req-d0357465-c2df-405c-83bd-cbf826feb674 ab3cbb9511254b219bbae3528b6e57de 6ee8476e3035491ea5b7eb8ed6bb6fa9 - - default default] Successfully bumped revision number for resource 2f7a5e12-b946-4855-a257-08e5409ebdfb (type: security_group_rules) to 0
2026-05-29 23:09:57.372 10 INFO neutron.wsgi [req-0199db84-a343-4f55-afa8-9356acd360f6 req-a98c8a43-7f6e-4da7-b18c-6d32065495ca 1d21b113413f4106acccbab7c5f28b44 5087e588036d496e9c1b5a18f123b59a - - default default] 10.0.0.80 "GET /v2.0/ports?device_id=62074664-cd9e-4b54-a001-b874d79d4e46 HTTP/1.1" status: 200 len: 210 time: 0.0273559
2026-05-29 23:09:57.386 9 INFO neutron.db.ovn_revision_numbers_db [None req-a0501818-9e9f-477b-aee9-02368693f237 ab3cbb9511254b219bbae3528b6e57de 6ee8476e3035491ea5b7eb8ed6bb6fa9 - - default default] Successfully bumped revision number for resource 11b518ec-6cbe-4540-befd-7a800294ad2a (type: security_group_rules) to 0
2026-05-29 23:09:57.400 9 INFO neutron.db.ovn_revision_numbers_db [None req-d0357465-c2df-405c-83bd-cbf826feb674 ab3cbb9511254b219bbae3528b6e57de 6ee8476e3035491ea5b7eb8ed6bb6fa9 - - default default] Successfully bumped revision number for resource 8d7531d6-24cf-4e6e-bcb2-a3b36f4744fc (type: security_group_rules) to 0
2026-05-29 23:09:57.415 9 INFO neutron.db.ovn_revision_numbers_db [None req-a0501818-9e9f-477b-aee9-02368693f237 ab3cbb9511254b219bbae3528b6e57de 6ee8476e3035491ea5b7eb8ed6bb6fa9 - - default default] Successfully bumped revision number for resource 8d2f0c24-e37a-424e-8b51-29b3c21b0e6f (type: security_group_rules) to 0
2026-05-29 23:09:57.417 9 INFO neutron.db.ovn_revision_numbers_db [None req-d0357465-c2df-405c-83bd-cbf826feb674 ab3cbb9511254b219bbae3528b6e57de 6ee8476e3035491ea5b7eb8ed6bb6fa9 - - default default] Successfully bumped revision number for resource e21e302e-434c-4ce5-ad7f-8aa3df44a4ef (type: security_group_rules) to 0
2026-05-29 23:09:57.433 9 INFO neutron.db.ovn_revision_numbers_db [None req-d0357465-c2df-405c-83bd-cbf826feb674 ab3cbb9511254b219bbae3528b6e57de 6ee8476e3035491ea5b7eb8ed6bb6fa9 - - default default] Successfully bumped revision number for resource e85fa27a-5918-4f81-8cf2-9262a0e7129d (type: security_group_rules) to 0
2026-05-29 23:09:57.436 9 INFO neutron.db.ovn_revision_numbers_db [None req-a0501818-9e9f-477b-aee9-02368693f237 ab3cbb9511254b219bbae3528b6e57de 6ee8476e3035491ea5b7eb8ed6bb6fa9 - - default default] Successfully bumped revision number for resource 947d0395-6900-4189-b536-fa4c68b1c8af (type: security_group_rules) to 0
2026-05-29 23:09:57.456 9 INFO neutron.wsgi [None req-d0357465-c2df-405c-83bd-cbf826feb674 ab3cbb9511254b219bbae3528b6e57de 6ee8476e3035491ea5b7eb8ed6bb6fa9 - - default default] 10.0.0.236 "GET /v2.0/security-groups?tenant_id=678a30bf12cf4fe497bf6ddad25b3451&name=default HTTP/1.1" status: 200 len: 3120 time: 0.4480758
2026-05-29 23:09:57.460 9 INFO neutron.wsgi [None req-a0501818-9e9f-477b-aee9-02368693f237 ab3cbb9511254b219bbae3528b6e57de 6ee8476e3035491ea5b7eb8ed6bb6fa9 - - default default] 10.0.0.236 "GET /v2.0/security-groups?tenant_id=326d969cb74a490496f0cc16c6ba17da&name=default HTTP/1.1" status: 200 len: 3120 time: 0.4533255
2026-05-29 23:09:57.716 9 INFO neutron.wsgi [None req-820c2266-943a-42c0-8797-6f8a6e0a0282 ab3cbb9511254b219bbae3528b6e57de 6ee8476e3035491ea5b7eb8ed6bb6fa9 - - default default] 10.0.0.236 "DELETE /v2.0/security-groups/d4225e43-d04b-4759-81f3-fbfa90bdce3a HTTP/1.1" status: 204 len: 168 time: 0.2537041
2026-05-29 23:09:57.843 10 INFO neutron.wsgi [None req-e5ba4f75-9b42-4ad9-b10e-2bfe42be0f37 ab3cbb9511254b219bbae3528b6e57de 6ee8476e3035491ea5b7eb8ed6bb6fa9 - - default default] 10.0.0.236 "DELETE /v2.0/security-groups/a141b12a-3ff2-4e4e-8a47-839f8b932f4e HTTP/1.1" status: 204 len: 168 time: 0.3770695
2026-05-29 23:09:57.964 9 INFO neutron.db.ovn_revision_numbers_db [None req-bc5a981d-0091-40b3-b7a9-50944a4573ab ab3cbb9511254b219bbae3528b6e57de 6ee8476e3035491ea5b7eb8ed6bb6fa9 - - default default] Successfully bumped revision number for resource 40250745-16e1-4d39-8217-20d567b4392c (type: security_groups) to 1
2026-05-29 23:09:57.978 9 INFO neutron.db.ovn_revision_numbers_db [None req-bc5a981d-0091-40b3-b7a9-50944a4573ab ab3cbb9511254b219bbae3528b6e57de 6ee8476e3035491ea5b7eb8ed6bb6fa9 - - default default] Successfully bumped revision number for resource 0d95f0e7-88da-412c-a7f0-d665a581624b (type: security_group_rules) to 0
2026-05-29 23:09:57.992 9 INFO neutron.db.ovn_revision_numbers_db [None req-bc5a981d-0091-40b3-b7a9-50944a4573ab ab3cbb9511254b219bbae3528b6e57de 6ee8476e3035491ea5b7eb8ed6bb6fa9 - - default default] Successfully bumped revision number for resource 4167e6db-6f73-416a-a3f0-b6db8f11f675 (type: security_group_rules) to 0
2026-05-29 23:09:58.012 9 INFO neutron.db.ovn_revision_numbers_db [None req-bc5a981d-0091-40b3-b7a9-50944a4573ab ab3cbb9511254b219bbae3528b6e57de 6ee8476e3035491ea5b7eb8ed6bb6fa9 - - default default] Successfully bumped revision number for resource 65d912c3-2197-41a6-9529-b9e342c74829 (type: security_group_rules) to 0
2026-05-29 23:09:58.037 9 INFO neutron.db.ovn_revision_numbers_db [None req-bc5a981d-0091-40b3-b7a9-50944a4573ab ab3cbb9511254b219bbae3528b6e57de 6ee8476e3035491ea5b7eb8ed6bb6fa9 - - default default] Successfully bumped revision number for resource e32659ac-c8f4-45ba-9074-4b94f2d0e7d6 (type: security_group_rules) to 0
2026-05-29 23:09:58.068 9 INFO neutron.wsgi [None req-bc5a981d-0091-40b3-b7a9-50944a4573ab ab3cbb9511254b219bbae3528b6e57de 6ee8476e3035491ea5b7eb8ed6bb6fa9 - - default default] 10.0.0.236 "GET /v2.0/security-groups?tenant_id=c5ac441516f24f199d0ea0c3b41a07c8&name=default HTTP/1.1" status: 200 len: 3120 time: 0.2486496
2026-05-29 23:09:58.217 9 INFO neutron.db.ovn_revision_numbers_db [None req-fa2c537c-e95d-4239-94f3-fd3ee430737c ab3cbb9511254b219bbae3528b6e57de 6ee8476e3035491ea5b7eb8ed6bb6fa9 - - default default] Successfully bumped revision number for resource 8884bf0c-b520-4fa0-8ab2-e28a86ffb740 (type: security_groups) to 1
2026-05-29 23:09:58.239 9 INFO neutron.db.ovn_revision_numbers_db [None req-fa2c537c-e95d-4239-94f3-fd3ee430737c ab3cbb9511254b219bbae3528b6e57de 6ee8476e3035491ea5b7eb8ed6bb6fa9 - - default default] Successfully bumped revision number for resource a37f067d-b1bd-4c77-9e63-d444bbb2741d (type: security_group_rules) to 0
2026-05-29 23:09:58.257 9 INFO neutron.db.ovn_revision_numbers_db [None req-fa2c537c-e95d-4239-94f3-fd3ee430737c ab3cbb9511254b219bbae3528b6e57de 6ee8476e3035491ea5b7eb8ed6bb6fa9 - - default default] Successfully bumped revision number for resource ca1c2754-fabd-4118-8c10-99b64b3a9caa (type: security_group_rules) to 0
2026-05-29 23:09:58.275 9 INFO neutron.db.ovn_revision_numbers_db [None req-fa2c537c-e95d-4239-94f3-fd3ee430737c ab3cbb9511254b219bbae3528b6e57de 6ee8476e3035491ea5b7eb8ed6bb6fa9 - - default default] Successfully bumped revision number for resource dfc5e23e-8e41-4beb-ac92-4631cb0a46cb (type: security_group_rules) to 0
2026-05-29 23:09:58.290 9 INFO neutron.db.ovn_revision_numbers_db [None req-fa2c537c-e95d-4239-94f3-fd3ee430737c ab3cbb9511254b219bbae3528b6e57de 6ee8476e3035491ea5b7eb8ed6bb6fa9 - - default default] Successfully bumped revision number for resource e1f9c031-0a05-4471-bce6-3e34b180c158 (type: security_group_rules) to 0
2026-05-29 23:09:58.315 9 INFO neutron.wsgi [None req-fa2c537c-e95d-4239-94f3-fd3ee430737c ab3cbb9511254b219bbae3528b6e57de 6ee8476e3035491ea5b7eb8ed6bb6fa9 - - default default] 10.0.0.236 "GET /v2.0/security-groups?tenant_id=9a206a0f869d4e62bc552868d81d0366&name=default HTTP/1.1" status: 200 len: 3120 time: 0.3014324
2026-05-29 23:09:58.346 9 INFO neutron.wsgi [None req-1bcc01e6-4584-47f4-8a88-83118bf70a37 ab3cbb9511254b219bbae3528b6e57de 6ee8476e3035491ea5b7eb8ed6bb6fa9 - - default default] 10.0.0.236 "DELETE /v2.0/security-groups/40250745-16e1-4d39-8217-20d567b4392c HTTP/1.1" status: 204 len: 168 time: 0.2698746
2026-05-29 23:09:58.389 9 INFO neutron.notifiers.nova [-] Nova event matching ['req-4ce35584-05ad-4700-bbde-009bb856df65'] response: {'server_uuid': '62074664-cd9e-4b54-a001-b874d79d4e46', 'name': 'network-vif-unplugged', 'status': 'completed', 'tag': '9d917b1a-2b2e-4f9c-a1ab-389faa6f8e0d', 'code': 200}
2026-05-29 23:09:58.454 10 INFO neutron.wsgi [None req-e4545829-677b-45f9-95e3-b0c07fc19fcf ab3cbb9511254b219bbae3528b6e57de 6ee8476e3035491ea5b7eb8ed6bb6fa9 - - default default] 10.0.0.129 "GET /v2.0/networks HTTP/1.1" status: 200 len: 5283 time: 0.5110214
2026-05-29 23:09:58.666 10 INFO neutron.wsgi [None req-27f72834-831d-4111-9960-f9a2ec08ee42 ab3cbb9511254b219bbae3528b6e57de 6ee8476e3035491ea5b7eb8ed6bb6fa9 - - default default] 10.0.0.129 "GET /v2.0/routers HTTP/1.1" status: 200 len: 3152 time: 0.2087996
2026-05-29 23:09:58.687 9 INFO neutron.wsgi [None req-74c8fd1f-719b-4f32-9ce9-23be3f46b625 ab3cbb9511254b219bbae3528b6e57de 6ee8476e3035491ea5b7eb8ed6bb6fa9 - - default default] 10.0.0.236 "DELETE /v2.0/security-groups/8884bf0c-b520-4fa0-8ab2-e28a86ffb740 HTTP/1.1" status: 204 len: 168 time: 0.3627017
2026-05-29 23:09:58.713 10 INFO neutron.wsgi [None req-ef120606-6896-4c95-a715-6d504d36c5d1 ab3cbb9511254b219bbae3528b6e57de 6ee8476e3035491ea5b7eb8ed6bb6fa9 - - default default] 10.0.0.129 "GET /v2.0/agents?binary=ovn-controller HTTP/1.1" status: 200 len: 591 time: 0.0459933
2026-05-29 23:09:58.719 9 INFO neutron.wsgi [None req-6aacaa24-a2db-459e-9077-bc7c6b252907 1d21b113413f4106acccbab7c5f28b44 5087e588036d496e9c1b5a18f123b59a - - default default] 10.0.0.236 "DELETE /v2.0/security-groups/86e12209-e5ad-4056-80e2-0c47245da9a4 HTTP/1.1" status: 204 len: 168 time: 0.2761567
2026-05-29 23:09:58.782 10 INFO neutron.wsgi [None req-a78aed1b-879c-4816-a6c7-5912c72c4a70 ab3cbb9511254b219bbae3528b6e57de 6ee8476e3035491ea5b7eb8ed6bb6fa9 - - default default] 10.0.0.129 "GET /v2.0/subnets HTTP/1.1" status: 200 len: 3971 time: 0.0641260
2026-05-29 23:09:58.802 10 INFO neutron.wsgi [None req-ed7d4b58-ec2c-4f25-81d2-77cf91d08ab6 ab3cbb9511254b219bbae3528b6e57de 6ee8476e3035491ea5b7eb8ed6bb6fa9 - - default default] 10.0.0.129 "GET /v2.0/subnetpools HTTP/1.1" status: 200 len: 193 time: 0.0163321
2026-05-29 23:09:58.812 10 INFO neutron.db.ovn_revision_numbers_db [None req-41fb6447-bd20-49ae-b5d3-d5d905d84fc2 9a42112421774fe998c6f3b3a9f0108d 5a8eb7c902a74dc3838f84c645e476ef - - default default] Successfully bumped revision number for resource 8039045c-5a08-43b1-a4b1-b4fe7919ec86 (type: routers) to 6
2026-05-29 23:09:58.861 10 INFO neutron.wsgi [None req-41fb6447-bd20-49ae-b5d3-d5d905d84fc2 9a42112421774fe998c6f3b3a9f0108d 5a8eb7c902a74dc3838f84c645e476ef - - default default] 10.0.0.236 "POST /v2.0/vpn/ipsec-site-connections HTTP/1.1" status: 201 len: 1043 time: 1.6315818
2026-05-29 23:09:58.929 10 INFO neutron.wsgi [None req-acacd71a-392b-4c7c-af47-32a0afdb868b ab3cbb9511254b219bbae3528b6e57de 6ee8476e3035491ea5b7eb8ed6bb6fa9 - - default default] 10.0.0.129 "GET /v2.0/security-groups HTTP/1.1" status: 200 len: 28726 time: 0.1253204
2026-05-29 23:09:58.956 10 INFO neutron.wsgi [None req-c5011add-e678-41f1-bac3-10f52c269407 ab3cbb9511254b219bbae3528b6e57de 6ee8476e3035491ea5b7eb8ed6bb6fa9 - - default default] 10.0.0.129 "GET /v2.0/agents HTTP/1.1" status: 200 len: 1390 time: 0.0159590
2026-05-29 23:09:59.003 10 INFO neutron.wsgi [None req-9e442fd0-7d87-4ba8-a86e-5155674e0d60 ab3cbb9511254b219bbae3528b6e57de 6ee8476e3035491ea5b7eb8ed6bb6fa9 - - default default] 10.0.0.129 "GET /v2.0/network-ip-availabilities HTTP/1.1" status: 200 len: 2982 time: 0.0182965
2026-05-29 23:09:59.043 10 INFO neutron.wsgi [None req-8d617568-d6d2-4dc6-a2a6-13312d6bd641 ab3cbb9511254b219bbae3528b6e57de 6ee8476e3035491ea5b7eb8ed6bb6fa9 - - default default] 10.0.0.129 "GET /v2.0/floatingips HTTP/1.1" status: 200 len: 730 time: 0.0381792
2026-05-29 23:09:59.163 10 INFO neutron.wsgi [None req-4140f17c-50e9-4b98-97ce-030aa0671606 ab3cbb9511254b219bbae3528b6e57de 6ee8476e3035491ea5b7eb8ed6bb6fa9 - - default default] 10.0.0.129 "GET /v2.0/ports HTTP/1.1" status: 200 len: 21177 time: 0.1182392
2026-05-29 23:09:59.237 10 INFO neutron.wsgi [None req-48881042-27a5-4e54-b965-ed7777fe8c85 ab3cbb9511254b219bbae3528b6e57de 6ee8476e3035491ea5b7eb8ed6bb6fa9 - - default default] 10.0.0.129 "GET /v2.0/subnets HTTP/1.1" status: 200 len: 3971 time: 0.0560591
2026-05-29 23:09:59.255 9 INFO neutron.wsgi [None req-9259c679-ae19-46c8-8958-351ce1da9ed9 1d21b113413f4106acccbab7c5f28b44 5087e588036d496e9c1b5a18f123b59a - - default default] 10.0.0.236 "DELETE /v2.0/floatingips/d393b76b-38dd-4d7f-b92d-0814f35a14b3 HTTP/1.1" status: 204 len: 168 time: 0.5000334
2026-05-29 23:09:59.514 9 INFO neutron.plugins.ml2.drivers.ovn.mech_driver.mech_driver [None req-9171f50c-43ca-4628-a8d4-926af4e89bc0 - - - - - -] OVN reports status down for port: 8e2acad2-3f4e-4c7e-a42b-d7dd10756750
2026-05-29 23:09:59.540 10 INFO neutron.wsgi [req-a4ebcca7-e105-4d4d-a405-0301c7c844bc req-c0a3e5ca-ad27-4b6d-9c06-adb5c214a8a0 1d21b113413f4106acccbab7c5f28b44 5087e588036d496e9c1b5a18f123b59a - - default default] 10.0.0.80 "GET /v2.0/ports?device_id=691a9a17-202a-48c5-b41f-0fc14c069ba2 HTTP/1.1" status: 200 len: 1170 time: 0.0576429
2026-05-29 23:09:59.885 10 INFO neutron.wsgi [req-bb20acad-ef1b-493d-87f9-c988367a2fda req-2be3e63d-8e82-483e-b62e-618fbafeb758 1d21b113413f4106acccbab7c5f28b44 5087e588036d496e9c1b5a18f123b59a - - default default] 199.204.45.22 "GET /v2.0/ports?device_id=691a9a17-202a-48c5-b41f-0fc14c069ba2 HTTP/1.1" status: 200 len: 1168 time: 0.0634918
2026-05-29 23:09:59.895 10 INFO neutron.wsgi [req-a4ebcca7-e105-4d4d-a405-0301c7c844bc req-e25ad486-5f02-4f9e-ae64-311233eadc65 1d21b113413f4106acccbab7c5f28b44 5087e588036d496e9c1b5a18f123b59a - - default default] 10.0.0.80 "GET /v2.0/security-groups?id=90ade63c-95b6-48b2-893f-8012d5e04c1d&fields=id&fields=name HTTP/1.1" status: 200 len: 312 time: 0.3485453
2026-05-29 23:09:59.936 9 INFO neutron.db.ovn_revision_numbers_db [None req-9171f50c-43ca-4628-a8d4-926af4e89bc0 - - - - - -] Successfully bumped revision number for resource 8e2acad2-3f4e-4c7e-a42b-d7dd10756750 (type: ports) to 5
2026-05-29 23:10:00.184 10 INFO neutron.db.ovn_revision_numbers_db [None req-e4aa3e54-ea58-48a7-aabd-f59b7ed07401 9a42112421774fe998c6f3b3a9f0108d 5a8eb7c902a74dc3838f84c645e476ef - - default default] Successfully bumped revision number for resource 8039045c-5a08-43b1-a4b1-b4fe7919ec86 (type: routers) to 7
2026-05-29 23:10:00.220 10 INFO neutron.wsgi [None req-e4aa3e54-ea58-48a7-aabd-f59b7ed07401 9a42112421774fe998c6f3b3a9f0108d 5a8eb7c902a74dc3838f84c645e476ef - - default default] 10.0.0.236 "DELETE /v2.0/vpn/ipsec-site-connections/13edffc5-dbbb-49ab-8f32-47c171e0f3ec HTTP/1.1" status: 204 len: 168 time: 1.3538806 /var/lib/openstack/lib/python3.10/site-packages/pycadf/identifier.py:71: UserWarning: Invalid uuid: neutron. To ensure interoperability, identifiers should be a valid uuid. warnings.warn(('Invalid uuid: %s. To ensure interoperability, '
2026-05-29 23:10:00.255 9 INFO neutron.wsgi [None req-24c0c150-5022-4e3b-8cdb-6d83b9b40a5d 9a42112421774fe998c6f3b3a9f0108d 5a8eb7c902a74dc3838f84c645e476ef - - default default] 10.0.0.236 "GET /v2.0/vpn/ipsec-site-connections HTTP/1.1" status: 200 len: 990 time: 0.0278027
2026-05-29 23:10:00.273 9 INFO neutron.api.v2.resource [None req-4b45a008-8920-4ef6-bb77-8885dcfe5d20 9a42112421774fe998c6f3b3a9f0108d 5a8eb7c902a74dc3838f84c645e476ef - - default default] delete failed (client error): The resource could not be found.
2026-05-29 23:10:00.275 9 INFO neutron.wsgi [None req-4b45a008-8920-4ef6-bb77-8885dcfe5d20 9a42112421774fe998c6f3b3a9f0108d 5a8eb7c902a74dc3838f84c645e476ef - - default default] 10.0.0.236 "DELETE /v2.0/vpn/ipsec-site-connections/13edffc5-dbbb-49ab-8f32-47c171e0f3ec HTTP/1.1" status: 404 len: 355 time: 0.0135322
2026-05-29 23:10:00.293 10 INFO neutron.wsgi [None req-2d0c817a-4440-4ec9-865a-4768d356e1f7 9a42112421774fe998c6f3b3a9f0108d 5a8eb7c902a74dc3838f84c645e476ef - - default default] 10.0.0.236 "GET /v2.0/vpn/endpoint-groups HTTP/1.1" status: 200 len: 1383 time: 0.0138946
2026-05-29 23:10:00.311 10 INFO neutron.wsgi [req-bb20acad-ef1b-493d-87f9-c988367a2fda req-112d2898-8e6e-41aa-b8af-6f68bd09a079 1d21b113413f4106acccbab7c5f28b44 5087e588036d496e9c1b5a18f123b59a - - default default] 199.204.45.22 "DELETE /v2.0/ports/8e2acad2-3f4e-4c7e-a42b-d7dd10756750 HTTP/1.1" status: 204 len: 173 time: 0.4198322
2026-05-29 23:10:00.344 10 INFO neutron.wsgi [None req-809afdda-0c5a-41cd-9468-c39e2ca72096 9a42112421774fe998c6f3b3a9f0108d 5a8eb7c902a74dc3838f84c645e476ef - - default default] 10.0.0.236 "DELETE /v2.0/vpn/endpoint-groups/856dad65-caed-4e8b-9949-524122bc3915 HTTP/1.1" status: 204 len: 168 time: 0.0446148
2026-05-29 23:10:00.346 10 INFO neutron.notifiers.nova [-] Nova event matching ['req-a5fb078d-ee15-4b26-a955-393690b4c5e6'] response: {'server_uuid': '691a9a17-202a-48c5-b41f-0fc14c069ba2', 'name': 'network-vif-deleted', 'tag': '8e2acad2-3f4e-4c7e-a42b-d7dd10756750', 'status': 'completed', 'code': 200}
2026-05-29 23:10:00.360 10 INFO neutron.wsgi [None req-b50d5f05-7dfb-4abb-b86f-a37cefb18ac7 9a42112421774fe998c6f3b3a9f0108d 5a8eb7c902a74dc3838f84c645e476ef - - default default] 10.0.0.236 "GET /v2.0/vpn/endpoint-groups HTTP/1.1" status: 200 len: 1098 time: 0.0109310
2026-05-29 23:10:00.380 10 INFO neutron.wsgi [None req-7e93c517-70a5-4609-a334-5c9251dc54ed 9a42112421774fe998c6f3b3a9f0108d 5a8eb7c902a74dc3838f84c645e476ef - - default default] 10.0.0.236 "GET /v2.0/vpn/endpoint-groups HTTP/1.1" status: 200 len: 1098 time: 0.0132709
2026-05-29 23:10:00.422 10 INFO neutron.wsgi [None req-3dad8b3c-0e49-4f64-9876-50e97534ae97 9a42112421774fe998c6f3b3a9f0108d 5a8eb7c902a74dc3838f84c645e476ef - - default default] 10.0.0.236 "DELETE /v2.0/vpn/endpoint-groups/9aadedf6-1dc3-47be-b5c1-5c24eae1efab HTTP/1.1" status: 204 len: 168 time: 0.0370331
2026-05-29 23:10:00.432 9 INFO neutron.notifiers.nova [-] Nova event matching ['req-6aa20d83-0545-4f84-9df0-3763a9bfd383'] response: {'server_uuid': '691a9a17-202a-48c5-b41f-0fc14c069ba2', 'name': 'network-vif-unplugged', 'status': 'completed', 'tag': '8e2acad2-3f4e-4c7e-a42b-d7dd10756750', 'code': 200}
2026-05-29 23:10:00.432 9 INFO neutron.notifiers.nova [-] Nova event matching ['req-6aa20d83-0545-4f84-9df0-3763a9bfd383'] response: {'server_uuid': '691a9a17-202a-48c5-b41f-0fc14c069ba2', 'name': 'network-vif-unplugged', 'status': 'completed', 'tag': '8e2acad2-3f4e-4c7e-a42b-d7dd10756750', 'code': 200}
2026-05-29 23:10:00.441 10 INFO neutron.wsgi [None req-28c61fb6-57dd-40cb-a39e-df67ca7f0535 9a42112421774fe998c6f3b3a9f0108d 5a8eb7c902a74dc3838f84c645e476ef - - default default] 10.0.0.236 "GET /v2.0/vpn/endpoint-groups HTTP/1.1" status: 200 len: 827 time: 0.0133657
2026-05-29 23:10:00.455 10 WARNING neutron_lib.context [None req-f10c2791-0e15-4076-9552-8fce2402ce00 9a42112421774fe998c6f3b3a9f0108d 5a8eb7c902a74dc3838f84c645e476ef - - default default] Method 'is_advsvc' is deprecated since 2023.2 release (neutron-lib 3.8.0) and will be removed once support for the old RBAC API policies will be removed from Neutron. Please use method 'is_service_role' instead.
2026-05-29 23:10:01.146 9 INFO neutron.wsgi [None req-08bbec81-f41a-41fc-8df0-7515be183a25 1d21b113413f4106acccbab7c5f28b44 5087e588036d496e9c1b5a18f123b59a - - default default] 10.0.0.236 "DELETE /v2.0/security-groups/90ade63c-95b6-48b2-893f-8012d5e04c1d HTTP/1.1" status: 204 len: 168 time: 0.1751299
