2026-05-29 23:06:19.485 10 INFO neutron.db.ovn_revision_numbers_db [None req-5516d57b-f7be-45af-a458-17c5a445ff98 ab3cbb9511254b219bbae3528b6e57de 6ee8476e3035491ea5b7eb8ed6bb6fa9 - - default default] Successfully bumped revision number for resource 9930228f-1839-41b3-a09f-f577273c569e (type: ports) to 1
2026-05-29 23:06:19.600 9 INFO neutron.wsgi [None req-8e78193d-c0db-4ec0-9a3f-b8b60ff3b1ca 2a78af7340ea4c91a78c8df84798262c 4013ddea950b4140acc086d5cd2ea129 - - default default] 10.0.0.236 "DELETE /v2.0/networks/63bb9239-e315-461f-b203-4f4d0cc37ae9 HTTP/1.1" status: 204 len: 168 time: 0.8806162
2026-05-29 23:06:19.613 10 WARNING neutron.scheduler.dhcp_agent_scheduler [None req-5516d57b-f7be-45af-a458-17c5a445ff98 ab3cbb9511254b219bbae3528b6e57de 6ee8476e3035491ea5b7eb8ed6bb6fa9 - - default default] No more DHCP agents
2026-05-29 23:06:19.616 10 WARNING neutron.api.rpc.agentnotifiers.dhcp_rpc_agent_api [None req-5516d57b-f7be-45af-a458-17c5a445ff98 ab3cbb9511254b219bbae3528b6e57de 6ee8476e3035491ea5b7eb8ed6bb6fa9 - - default default] Unable to schedule network 131a53e4-5eb4-4fbf-9cb0-eb9f84235fff: no agents available; will retry on subsequent port and subnet creation events.
2026-05-29 23:06:19.693 9 INFO neutron.wsgi [None req-9ed2d451-a192-479a-9801-2d90f27c126b 2a78af7340ea4c91a78c8df84798262c 4013ddea950b4140acc086d5cd2ea129 - - default default] 10.0.0.236 "GET /v2.0/networks HTTP/1.1" status: 200 len: 845 time: 0.0862868
2026-05-29 23:06:19.708 9 WARNING neutron_lib.context [None req-5c28c729-41c9-4f3c-aaca-b897b79c96bf 2a78af7340ea4c91a78c8df84798262c 4013ddea950b4140acc086d5cd2ea129 - - default default] Method 'is_advsvc' is deprecated since 2023.2 release (neutron-lib 3.8.0) and will be removed once support for the old RBAC API policies will be removed from Neutron. Please use method 'is_service_role' instead.
2026-05-29 23:06:19.724 9 INFO neutron.db.ovn_revision_numbers_db [None req-ceeecd92-d3fe-4d2f-8d5f-6d9bab7345ca - - - - - -] Successfully bumped revision number for resource 6ef324cb-cc58-4d08-be7c-e98eead69cfe (type: router_ports) to 4
2026-05-29 23:06:19.821 9 INFO neutron.db.segments_db [None req-5c28c729-41c9-4f3c-aaca-b897b79c96bf 2a78af7340ea4c91a78c8df84798262c 4013ddea950b4140acc086d5cd2ea129 - - default default] Added segment 9ddbc730-0dc8-41fa-9cb8-bec497fbf8a2 of type geneve for network a910445e-2d44-4910-9a9f-b1b2882f6235
2026-05-29 23:06:19.969 9 INFO neutron.db.ovn_revision_numbers_db [None req-5c28c729-41c9-4f3c-aaca-b897b79c96bf 2a78af7340ea4c91a78c8df84798262c 4013ddea950b4140acc086d5cd2ea129 - - default default] Successfully bumped revision number for resource a910445e-2d44-4910-9a9f-b1b2882f6235 (type: networks) to 1
2026-05-29 23:06:20.166 9 INFO neutron.wsgi [req-0bd0e5e9-b947-49bc-83f2-fbd443de29dd req-1f3e457b-8922-4f12-ad69-f406618840f7 488d811183a447eb9e2f36214b5cb0c1 a08c1f1065ee4c1c9458f8830be80916 - - default default] 199.204.45.22 "GET /v2.0/networks?id=36397146-1f1a-45be-b7f9-b94616b5d05d HTTP/1.1" status: 200 len: 875 time: 0.0860319
2026-05-29 23:06:20.170 9 WARNING neutron.scheduler.dhcp_agent_scheduler [None req-5c28c729-41c9-4f3c-aaca-b897b79c96bf 2a78af7340ea4c91a78c8df84798262c 4013ddea950b4140acc086d5cd2ea129 - - default default] No more DHCP agents
2026-05-29 23:06:20.171 9 WARNING neutron.api.rpc.agentnotifiers.dhcp_rpc_agent_api [None req-5c28c729-41c9-4f3c-aaca-b897b79c96bf 2a78af7340ea4c91a78c8df84798262c 4013ddea950b4140acc086d5cd2ea129 - - default default] Unable to schedule network a910445e-2d44-4910-9a9f-b1b2882f6235: no agents available; will retry on subsequent port and subnet creation events.
2026-05-29 23:06:20.212 10 INFO neutron.wsgi [req-e2ce3903-2442-4635-9a52-30cdf0fc6556 req-b8cc2915-17e4-462b-a834-da63e0bd3b4c 488d811183a447eb9e2f36214b5cb0c1 a08c1f1065ee4c1c9458f8830be80916 - - default default] 10.0.0.80 "GET /v2.0/ports?device_id=b6282cc8-6a94-4d06-995c-cb674b541558 HTTP/1.1" status: 200 len: 210 time: 0.0313523
2026-05-29 23:06:20.241 9 INFO neutron.wsgi [req-0bd0e5e9-b947-49bc-83f2-fbd443de29dd req-d50871c2-f2a2-4998-aab8-5b5eabcb74a8 488d811183a447eb9e2f36214b5cb0c1 a08c1f1065ee4c1c9458f8830be80916 - - default default] 199.204.45.22 "GET /v2.0/security-groups?fields=id&fields=name&tenant_id=a08c1f1065ee4c1c9458f8830be80916 HTTP/1.1" status: 200 len: 380 time: 0.0678380
2026-05-29 23:06:20.278 9 WARNING neutron_lib.context [req-0bd0e5e9-b947-49bc-83f2-fbd443de29dd req-770caee4-9eae-474b-adc7-62a3549832e7 488d811183a447eb9e2f36214b5cb0c1 a08c1f1065ee4c1c9458f8830be80916 - - default default] Method 'is_advsvc' is deprecated since 2023.2 release (neutron-lib 3.8.0) and will be removed once support for the old RBAC API policies will be removed from Neutron. Please use method 'is_service_role' instead.
2026-05-29 23:06:20.294 9 INFO neutron.db.ovn_revision_numbers_db [None req-5c28c729-41c9-4f3c-aaca-b897b79c96bf 2a78af7340ea4c91a78c8df84798262c 4013ddea950b4140acc086d5cd2ea129 - - default default] Successfully bumped revision number for resource 8b6f7ad8-f136-4080-8ad6-c40d510c35de (type: ports) to 1
2026-05-29 23:06:20.336 9 INFO neutron.wsgi [None req-5c28c729-41c9-4f3c-aaca-b897b79c96bf 2a78af7340ea4c91a78c8df84798262c 4013ddea950b4140acc086d5cd2ea129 - - default default] 10.0.0.236 "POST /v2.0/networks HTTP/1.1" status: 201 len: 853 time: 0.6359775
2026-05-29 23:06:20.346 9 WARNING neutron_lib.context [None req-fc9e49d9-7f16-4f0f-8f40-3800b3c39171 2a78af7340ea4c91a78c8df84798262c 4013ddea950b4140acc086d5cd2ea129 - - default default] Method 'is_advsvc' is deprecated since 2023.2 release (neutron-lib 3.8.0) and will be removed once support for the old RBAC API policies will be removed from Neutron. Please use method 'is_service_role' instead.
2026-05-29 23:06:20.445 9 INFO neutron.db.segments_db [None req-fc9e49d9-7f16-4f0f-8f40-3800b3c39171 2a78af7340ea4c91a78c8df84798262c 4013ddea950b4140acc086d5cd2ea129 - - default default] Added segment 7fe1ddfb-287b-4bce-a775-1cbdf4468d27 of type geneve for network ae3cd625-1d96-4689-a525-e8e2b9c45d6b
2026-05-29 23:06:20.486 10 INFO neutron.db.ovn_revision_numbers_db [None req-cd1fc30e-b194-44c5-8abd-9c675b0b6012 - - - - - -] Successfully bumped revision number for resource 9930228f-1839-41b3-a09f-f577273c569e (type: ports) to 2
2026-05-29 23:06:20.611 9 INFO neutron.db.ovn_revision_numbers_db [None req-fc9e49d9-7f16-4f0f-8f40-3800b3c39171 2a78af7340ea4c91a78c8df84798262c 4013ddea950b4140acc086d5cd2ea129 - - default default] Successfully bumped revision number for resource ae3cd625-1d96-4689-a525-e8e2b9c45d6b (type: networks) to 1
2026-05-29 23:06:20.672 10 INFO neutron.wsgi [None req-91d00666-ad03-4e60-b329-99809144b813 ab3cbb9511254b219bbae3528b6e57de 6ee8476e3035491ea5b7eb8ed6bb6fa9 - - default default] 10.0.0.236 "PUT /v2.0/routers/ddd60f83-6c96-4782-9122-a5ed6eba0780/remove_router_interface HTTP/1.1" status: 200 len: 503 time: 2.6032002
2026-05-29 23:06:20.678 9 WARNING neutron.scheduler.dhcp_agent_scheduler [req-0bd0e5e9-b947-49bc-83f2-fbd443de29dd req-770caee4-9eae-474b-adc7-62a3549832e7 488d811183a447eb9e2f36214b5cb0c1 a08c1f1065ee4c1c9458f8830be80916 - - default default] No more DHCP agents
2026-05-29 23:06:20.680 9 INFO neutron.services.segments.plugin [-] Segment 156aeaf0-96e3-47ef-b40f-6f12a093acd2 resource provider aggregate not found
2026-05-29 23:06:20.683 9 INFO neutron.services.segments.plugin [-] Segment 156aeaf0-96e3-47ef-b40f-6f12a093acd2 resource provider aggregate not found /var/lib/openstack/lib/python3.10/site-packages/pycadf/identifier.py:71: UserWarning: Invalid uuid: neutron. To ensure interoperability, identifiers should be a valid uuid. warnings.warn(('Invalid uuid: %s. To ensure interoperability, '
2026-05-29 23:06:20.695 9 WARNING neutron.api.rpc.agentnotifiers.dhcp_rpc_agent_api [req-0bd0e5e9-b947-49bc-83f2-fbd443de29dd req-770caee4-9eae-474b-adc7-62a3549832e7 488d811183a447eb9e2f36214b5cb0c1 a08c1f1065ee4c1c9458f8830be80916 - - default default] Unable to schedule network 36397146-1f1a-45be-b7f9-b94616b5d05d: no agents available; will retry on subsequent port and subnet creation events.
2026-05-29 23:06:20.702 9 INFO neutron.services.segments.plugin [-] Segment 156aeaf0-96e3-47ef-b40f-6f12a093acd2 resource provider not found; error: Placement Client Error (4xx): {"errors": [{"status": 404, "title": "Not Found", "detail": "The resource could not be found.\n\n No resource provider with uuid 156aeaf0-96e3-47ef-b40f-6f12a093acd2 found for delete ", "request_id": "req-f5815eb5-1634-4522-843f-ebb41c857304"}]}
2026-05-29 23:06:20.703 9 INFO neutron.services.segments.plugin [-] Segment 156aeaf0-96e3-47ef-b40f-6f12a093acd2 resource provider not found; error: Placement Client Error (4xx): {"errors": [{"status": 404, "title": "Not Found", "detail": "The resource could not be found.\n\n No resource provider with uuid 156aeaf0-96e3-47ef-b40f-6f12a093acd2 found for delete ", "request_id": "req-973af016-f3cb-4f7a-820a-14efe7c84ffb"}]}
2026-05-29 23:06:20.711 10 ERROR ovsdbapp.backend.ovs_idl.command [None req-cd1fc30e-b194-44c5-8abd-9c675b0b6012 - - - - - -] Error executing command (DbGetCommand): ovsdbapp.backend.ovs_idl.idlutils.RowNotFound: Cannot find Logical_Router_Port with name=lrp-9930228f-1839-41b3-a09f-f577273c569e
2026-05-29 23:06:20.711 10 ERROR ovsdbapp.backend.ovs_idl.command
Traceback (most recent call last):
2026-05-29 23:06:20.711 10 ERROR ovsdbapp.backend.ovs_idl.command
File "/var/lib/openstack/lib/python3.10/site-packages/ovsdbapp/backend/ovs_idl/command.py", line 47, in execute
2026-05-29 23:06:20.711 10 ERROR ovsdbapp.backend.ovs_idl.command self.run_idl(None)
2026-05-29 23:06:20.711 10 ERROR ovsdbapp.backend.ovs_idl.command
File "/var/lib/openstack/lib/python3.10/site-packages/ovsdbapp/backend/ovs_idl/command.py", line 235, in run_idl
2026-05-29 23:06:20.711 10 ERROR ovsdbapp.backend.ovs_idl.command record = self.api.lookup(self.table, self.record)
2026-05-29 23:06:20.711 10 ERROR ovsdbapp.backend.ovs_idl.command
File "/var/lib/openstack/lib/python3.10/site-packages/ovsdbapp/backend/ovs_idl/__init__.py", line 184, in lookup
2026-05-29 23:06:20.711 10 ERROR ovsdbapp.backend.ovs_idl.command return self._lookup(table, record)
2026-05-29 23:06:20.711 10 ERROR ovsdbapp.backend.ovs_idl.command
File "/var/lib/openstack/lib/python3.10/site-packages/ovsdbapp/backend/ovs_idl/__init__.py", line 235, in _lookup
2026-05-29 23:06:20.711 10 ERROR ovsdbapp.backend.ovs_idl.command row = idlutils.row_by_value(self, rl.table, rl.column, record)
2026-05-29 23:06:20.711 10 ERROR ovsdbapp.backend.ovs_idl.command
File "/var/lib/openstack/lib/python3.10/site-packages/ovsdbapp/backend/ovs_idl/idlutils.py", line 114, in row_by_value
2026-05-29 23:06:20.711 10 ERROR ovsdbapp.backend.ovs_idl.command raise RowNotFound(table=table, col=column, match=match)
2026-05-29 23:06:20.711 10 ERROR ovsdbapp.backend.ovs_idl.command ovsdbapp.backend.ovs_idl.idlutils.RowNotFound: Cannot find Logical_Router_Port with name=lrp-9930228f-1839-41b3-a09f-f577273c569e
2026-05-29 23:06:20.711 10 ERROR ovsdbapp.backend.ovs_idl.command 
2026-05-29 23:06:20.712 10 ERROR neutron_lib.callbacks.manager [None req-cd1fc30e-b194-44c5-8abd-9c675b0b6012 - - - - - -] Error during notification for neutron.services.ovn_l3.plugin.OVNL3RouterPlugin._port_update-8734285208276 port, after_update: ovsdbapp.backend.ovs_idl.idlutils.RowNotFound: Cannot find Logical_Router_Port with name=lrp-9930228f-1839-41b3-a09f-f577273c569e
2026-05-29 23:06:20.712 10 ERROR neutron_lib.callbacks.manager
Traceback (most recent call last):
2026-05-29 23:06:20.712 10 ERROR neutron_lib.callbacks.manager
File "/var/lib/openstack/lib/python3.10/site-packages/neutron_lib/callbacks/manager.py", line 189, in _notify_loop
2026-05-29 23:06:20.712 10 ERROR neutron_lib.callbacks.manager callback.method(resource, event, trigger, payload=payload)
2026-05-29 23:06:20.712 10 ERROR neutron_lib.callbacks.manager
File "/var/lib/openstack/lib/python3.10/site-packages/neutron/services/ovn_l3/plugin.py", line 391, in _port_update
2026-05-29 23:06:20.712 10 ERROR neutron_lib.callbacks.manager l3plugin._ovn_client.update_router_port(context,
2026-05-29 23:06:20.712 10 ERROR neutron_lib.callbacks.manager
File "/var/lib/openstack/lib/python3.10/site-packages/neutron/plugins/ml2/drivers/ovn/mech_driver/ovsdb/ovn_client.py", line 1878, in update_router_port
2026-05-29 23:06:20.712 10 ERROR neutron_lib.callbacks.manager self._update_lrouter_port(context, port, if_exists=if_exists,
2026-05-29 23:06:20.712 10 ERROR neutron_lib.callbacks.manager
File "/var/lib/openstack/lib/python3.10/site-packages/neutron/plugins/ml2/drivers/ovn/mech_driver/ovsdb/ovn_client.py", line 1855, in _update_lrouter_port
2026-05-29 23:06:20.712 10 ERROR neutron_lib.callbacks.manager external_ids = self._nb_idl.db_get(
2026-05-29 23:06:20.712 10 ERROR neutron_lib.callbacks.manager
File "/var/lib/openstack/lib/python3.10/site-packages/ovsdbapp/backend/ovs_idl/command.py", line 47, in execute
2026-05-29 23:06:20.712 10 ERROR neutron_lib.callbacks.manager self.run_idl(None)
2026-05-29 23:06:20.712 10 ERROR neutron_lib.callbacks.manager
File "/var/lib/openstack/lib/python3.10/site-packages/ovsdbapp/backend/ovs_idl/command.py", line 235, in run_idl
2026-05-29 23:06:20.712 10 ERROR neutron_lib.callbacks.manager record = self.api.lookup(self.table, self.record)
2026-05-29 23:06:20.712 10 ERROR neutron_lib.callbacks.manager
File "/var/lib/openstack/lib/python3.10/site-packages/ovsdbapp/backend/ovs_idl/__init__.py", line 184, in lookup
2026-05-29 23:06:20.712 10 ERROR neutron_lib.callbacks.manager return self._lookup(table, record)
2026-05-29 23:06:20.712 10 ERROR neutron_lib.callbacks.manager
File "/var/lib/openstack/lib/python3.10/site-packages/ovsdbapp/backend/ovs_idl/__init__.py", line 235, in _lookup
2026-05-29 23:06:20.712 10 ERROR neutron_lib.callbacks.manager row = idlutils.row_by_value(self, rl.table, rl.column, record)
2026-05-29 23:06:20.712 10 ERROR neutron_lib.callbacks.manager
File "/var/lib/openstack/lib/python3.10/site-packages/ovsdbapp/backend/ovs_idl/idlutils.py", line 114, in row_by_value
2026-05-29 23:06:20.712 10 ERROR neutron_lib.callbacks.manager raise RowNotFound(table=table, col=column, match=match)
2026-05-29 23:06:20.712 10 ERROR neutron_lib.callbacks.manager ovsdbapp.backend.ovs_idl.idlutils.RowNotFound: Cannot find Logical_Router_Port with name=lrp-9930228f-1839-41b3-a09f-f577273c569e
2026-05-29 23:06:20.712 10 ERROR neutron_lib.callbacks.manager 
2026-05-29 23:06:20.933 9 WARNING neutron.scheduler.dhcp_agent_scheduler [None req-fc9e49d9-7f16-4f0f-8f40-3800b3c39171 2a78af7340ea4c91a78c8df84798262c 4013ddea950b4140acc086d5cd2ea129 - - default default] No more DHCP agents
2026-05-29 23:06:20.937 9 WARNING neutron.api.rpc.agentnotifiers.dhcp_rpc_agent_api [None req-fc9e49d9-7f16-4f0f-8f40-3800b3c39171 2a78af7340ea4c91a78c8df84798262c 4013ddea950b4140acc086d5cd2ea129 - - default default] Unable to schedule network ae3cd625-1d96-4689-a525-e8e2b9c45d6b: no agents available; will retry on subsequent port and subnet creation events.
2026-05-29 23:06:20.956 10 INFO neutron.db.ovn_revision_numbers_db [None req-5516d57b-f7be-45af-a458-17c5a445ff98 ab3cbb9511254b219bbae3528b6e57de 6ee8476e3035491ea5b7eb8ed6bb6fa9 - - default default] Successfully bumped revision number for resource 9930228f-1839-41b3-a09f-f577273c569e (type: router_ports) to 1
2026-05-29 23:06:20.963 10 INFO neutron.wsgi [None req-5516d57b-f7be-45af-a458-17c5a445ff98 ab3cbb9511254b219bbae3528b6e57de 6ee8476e3035491ea5b7eb8ed6bb6fa9 - - default default] 10.0.0.236 "PUT /v2.0/routers/69287309-025d-4d03-bc3f-99c911a7d383/add_router_interface HTTP/1.1" status: 200 len: 503 time: 4.2006662
2026-05-29 23:06:21.257 9 INFO neutron.db.ovn_revision_numbers_db [req-0bd0e5e9-b947-49bc-83f2-fbd443de29dd req-770caee4-9eae-474b-adc7-62a3549832e7 488d811183a447eb9e2f36214b5cb0c1 a08c1f1065ee4c1c9458f8830be80916 - - default default] Successfully bumped revision number for resource 67695b64-9a2c-488e-b729-1d4e66659273 (type: ports) to 1 /var/lib/openstack/lib/python3.10/site-packages/pycadf/identifier.py:71: UserWarning: Invalid uuid: neutron. To ensure interoperability, identifiers should be a valid uuid. warnings.warn(('Invalid uuid: %s. To ensure interoperability, '
2026-05-29 23:06:21.298 9 INFO neutron.db.ovn_revision_numbers_db [None req-fc9e49d9-7f16-4f0f-8f40-3800b3c39171 2a78af7340ea4c91a78c8df84798262c 4013ddea950b4140acc086d5cd2ea129 - - default default] Successfully bumped revision number for resource 952258a1-acf9-4852-b95d-d2612ad5d8e1 (type: ports) to 1
2026-05-29 23:06:21.304 9 INFO neutron.wsgi [req-0bd0e5e9-b947-49bc-83f2-fbd443de29dd req-770caee4-9eae-474b-adc7-62a3549832e7 488d811183a447eb9e2f36214b5cb0c1 a08c1f1065ee4c1c9458f8830be80916 - - default default] 199.204.45.22 "POST /v2.0/ports HTTP/1.1" status: 201 len: 1162 time: 1.0364258 /var/lib/openstack/lib/python3.10/site-packages/pycadf/identifier.py:71: UserWarning: Invalid uuid: neutron. To ensure interoperability, identifiers should be a valid uuid. warnings.warn(('Invalid uuid: %s. To ensure interoperability, '
2026-05-29 23:06:21.341 9 INFO neutron.wsgi [None req-fc9e49d9-7f16-4f0f-8f40-3800b3c39171 2a78af7340ea4c91a78c8df84798262c 4013ddea950b4140acc086d5cd2ea129 - - default default] 10.0.0.236 "POST /v2.0/networks HTTP/1.1" status: 201 len: 853 time: 0.9985149
2026-05-29 23:06:21.347 10 INFO neutron.wsgi [req-53aec8cc-3d8d-4cb1-a67d-7f26e574d29b req-2396f8b8-3b77-487a-9976-edefb4637d1c 488d811183a447eb9e2f36214b5cb0c1 a08c1f1065ee4c1c9458f8830be80916 - - default default] 10.0.0.80 "GET /v2.0/ports?device_id=b6282cc8-6a94-4d06-995c-cb674b541558 HTTP/1.1" status: 200 len: 1160 time: 0.0640399
2026-05-29 23:06:21.355 10 WARNING neutron_lib.context [None req-ccd296fa-13b6-4eb0-9557-96a8274b26bf 2a78af7340ea4c91a78c8df84798262c 4013ddea950b4140acc086d5cd2ea129 - - default default] Method 'is_advsvc' is deprecated since 2023.2 release (neutron-lib 3.8.0) and will be removed once support for the old RBAC API policies will be removed from Neutron. Please use method 'is_service_role' instead.
2026-05-29 23:06:21.412 10 WARNING neutron_lib.context [None req-ccd296fa-13b6-4eb0-9557-96a8274b26bf 2a78af7340ea4c91a78c8df84798262c 4013ddea950b4140acc086d5cd2ea129 - - default default] Method 'is_advsvc' is deprecated since 2023.2 release (neutron-lib 3.8.0) and will be removed once support for the old RBAC API policies will be removed from Neutron. Please use method 'is_service_role' instead.
2026-05-29 23:06:21.434 10 INFO neutron.wsgi [req-53aec8cc-3d8d-4cb1-a67d-7f26e574d29b req-04c94530-e39f-4478-bdd6-9a775d3685e6 488d811183a447eb9e2f36214b5cb0c1 a08c1f1065ee4c1c9458f8830be80916 - - default default] 10.0.0.80 "GET /v2.0/security-groups?id=152f3990-2211-4deb-88ca-ac3a0b368ac8&fields=id&fields=name HTTP/1.1" status: 200 len: 313 time: 0.0770786
2026-05-29 23:06:21.520 9 WARNING neutron.plugins.ml2.drivers.ovn.mech_driver.ovsdb.ovn_client [None req-9171f50c-43ca-4628-a8d4-926af4e89bc0 - - - - - -] No hosting information found for port 94a126b6-403c-45b9-addd-bab52720a3de: RuntimeError: No hosting information found for port 94a126b6-403c-45b9-addd-bab52720a3de
2026-05-29 23:06:21.565 10 WARNING neutron_lib.context [None req-a3d18e26-9a30-4d9f-95da-76c19717d17c 31c72883274340ebb3dc2bbb05ab637d 8e1a31a37bbc4f7fb2810f2e15917e9f - - default default] Method 'is_advsvc' is deprecated since 2023.2 release (neutron-lib 3.8.0) and will be removed once support for the old RBAC API policies will be removed from Neutron. Please use method 'is_service_role' instead.
2026-05-29 23:06:21.782 10 INFO neutron.db.ovn_revision_numbers_db [None req-a3d18e26-9a30-4d9f-95da-76c19717d17c 31c72883274340ebb3dc2bbb05ab637d 8e1a31a37bbc4f7fb2810f2e15917e9f - - default default] Successfully bumped revision number for resource daf7b7cd-0817-4046-9c6f-7a53fe84cdc8 (type: security_groups) to 1
2026-05-29 23:06:21.808 10 INFO neutron.db.ovn_revision_numbers_db [None req-a3d18e26-9a30-4d9f-95da-76c19717d17c 31c72883274340ebb3dc2bbb05ab637d 8e1a31a37bbc4f7fb2810f2e15917e9f - - default default] Successfully bumped revision number for resource 2192644e-1dfb-41f7-8d3d-dc74a55d182a (type: security_group_rules) to 0
2026-05-29 23:06:21.827 10 INFO neutron.db.ovn_revision_numbers_db [None req-a3d18e26-9a30-4d9f-95da-76c19717d17c 31c72883274340ebb3dc2bbb05ab637d 8e1a31a37bbc4f7fb2810f2e15917e9f - - default default] Successfully bumped revision number for resource 23bcd103-a0ee-4511-a3e2-cc3b738f7d9f (type: security_group_rules) to 0
2026-05-29 23:06:21.849 10 INFO neutron.wsgi [None req-a3d18e26-9a30-4d9f-95da-76c19717d17c 31c72883274340ebb3dc2bbb05ab637d 8e1a31a37bbc4f7fb2810f2e15917e9f - - default default] 10.0.0.236 "POST /v2.0/security-groups HTTP/1.1" status: 201 len: 1860 time: 0.2922783 /var/lib/openstack/lib/python3.10/site-packages/pycadf/identifier.py:71: UserWarning: Invalid uuid: neutron. To ensure interoperability, identifiers should be a valid uuid. warnings.warn(('Invalid uuid: %s. To ensure interoperability, '
2026-05-29 23:06:21.861 10 WARNING neutron_lib.context [None req-a5c1c3e1-15bd-402b-bed3-f28bd8dca9c1 31c72883274340ebb3dc2bbb05ab637d 8e1a31a37bbc4f7fb2810f2e15917e9f - - default default] Method 'is_advsvc' is deprecated since 2023.2 release (neutron-lib 3.8.0) and will be removed once support for the old RBAC API policies will be removed from Neutron. Please use method 'is_service_role' instead.
2026-05-29 23:06:21.978 10 WARNING neutron.scheduler.dhcp_agent_scheduler [None req-ccd296fa-13b6-4eb0-9557-96a8274b26bf 2a78af7340ea4c91a78c8df84798262c 4013ddea950b4140acc086d5cd2ea129 - - default default] No more DHCP agents
2026-05-29 23:06:21.982 10 WARNING neutron.api.rpc.agentnotifiers.dhcp_rpc_agent_api [None req-ccd296fa-13b6-4eb0-9557-96a8274b26bf 2a78af7340ea4c91a78c8df84798262c 4013ddea950b4140acc086d5cd2ea129 - - default default] Unable to schedule network a910445e-2d44-4910-9a9f-b1b2882f6235: no agents available; will retry on subsequent port and subnet creation events.
2026-05-29 23:06:21.998 9 INFO neutron.db.ovn_revision_numbers_db [req-0bd0e5e9-b947-49bc-83f2-fbd443de29dd req-0aa3b474-2391-4729-8761-dbde4cc8ca29 747d93d86cbc4e75b60b0df86f94a4de 6c0afb4fc087416d9e0d9c24b4b30fba - - 1d17189322a742f9821374995584d28c 1d17189322a742f9821374995584d28c] Successfully bumped revision number for resource 67695b64-9a2c-488e-b729-1d4e66659273 (type: ports) to 2
2026-05-29 23:06:22.034 10 INFO neutron.db.ovn_revision_numbers_db [None req-a5c1c3e1-15bd-402b-bed3-f28bd8dca9c1 31c72883274340ebb3dc2bbb05ab637d 8e1a31a37bbc4f7fb2810f2e15917e9f - - default default] Successfully bumped revision number for resource b3fc94a5-42c2-4bd2-ad07-d7bcdd694dbe (type: security_group_rules) to 0
2026-05-29 23:06:22.068 10 INFO neutron.wsgi [None req-a5c1c3e1-15bd-402b-bed3-f28bd8dca9c1 31c72883274340ebb3dc2bbb05ab637d 8e1a31a37bbc4f7fb2810f2e15917e9f - - default default] 10.0.0.236 "POST /v2.0/security-group-rules HTTP/1.1" status: 201 len: 796 time: 0.2129343 /var/lib/openstack/lib/python3.10/site-packages/pycadf/identifier.py:71: UserWarning: Invalid uuid: neutron. To ensure interoperability, identifiers should be a valid uuid. warnings.warn(('Invalid uuid: %s. To ensure interoperability, '
2026-05-29 23:06:22.079 10 WARNING neutron_lib.context [None req-d29369f0-fc6e-46dc-9ba6-4037cfdcd3e3 31c72883274340ebb3dc2bbb05ab637d 8e1a31a37bbc4f7fb2810f2e15917e9f - - default default] Method 'is_advsvc' is deprecated since 2023.2 release (neutron-lib 3.8.0) and will be removed once support for the old RBAC API policies will be removed from Neutron. Please use method 'is_service_role' instead.
2026-05-29 23:06:22.084 10 INFO neutron.db.ovn_revision_numbers_db [None req-ccd296fa-13b6-4eb0-9557-96a8274b26bf 2a78af7340ea4c91a78c8df84798262c 4013ddea950b4140acc086d5cd2ea129 - - default default] Successfully bumped revision number for resource 1b6b9169-9697-4baf-941a-65c5cb49ba6a (type: ports) to 1
2026-05-29 23:06:22.117 10 WARNING neutron.scheduler.dhcp_agent_scheduler [None req-ccd296fa-13b6-4eb0-9557-96a8274b26bf 2a78af7340ea4c91a78c8df84798262c 4013ddea950b4140acc086d5cd2ea129 - - default default] No more DHCP agents
2026-05-29 23:06:22.120 10 WARNING neutron.api.rpc.agentnotifiers.dhcp_rpc_agent_api [None req-ccd296fa-13b6-4eb0-9557-96a8274b26bf 2a78af7340ea4c91a78c8df84798262c 4013ddea950b4140acc086d5cd2ea129 - - default default] Unable to schedule network ae3cd625-1d96-4689-a525-e8e2b9c45d6b: no agents available; will retry on subsequent port and subnet creation events.
2026-05-29 23:06:22.174 9 INFO neutron.wsgi [None req-c89f1890-f7d1-46c3-8c44-a96ed1f99d89 ab3cbb9511254b219bbae3528b6e57de 6ee8476e3035491ea5b7eb8ed6bb6fa9 - - default default] 10.0.0.236 "DELETE /v2.0/routers/ddd60f83-6c96-4782-9122-a5ed6eba0780 HTTP/1.1" status: 204 len: 168 time: 1.4882653 /var/lib/openstack/lib/python3.10/site-packages/pycadf/identifier.py:71: UserWarning: Invalid uuid: neutron. To ensure interoperability, identifiers should be a valid uuid. warnings.warn(('Invalid uuid: %s. To ensure interoperability, '
2026-05-29 23:06:22.347 9 INFO neutron.db.ovn_revision_numbers_db [req-0bd0e5e9-b947-49bc-83f2-fbd443de29dd req-0aa3b474-2391-4729-8761-dbde4cc8ca29 747d93d86cbc4e75b60b0df86f94a4de 6c0afb4fc087416d9e0d9c24b4b30fba - - 1d17189322a742f9821374995584d28c 1d17189322a742f9821374995584d28c] Successfully bumped revision number for resource 67695b64-9a2c-488e-b729-1d4e66659273 (type: ports) to 2
2026-05-29 23:06:22.381 9 INFO neutron.wsgi [req-0bd0e5e9-b947-49bc-83f2-fbd443de29dd req-0aa3b474-2391-4729-8761-dbde4cc8ca29 747d93d86cbc4e75b60b0df86f94a4de 6c0afb4fc087416d9e0d9c24b4b30fba - - 1d17189322a742f9821374995584d28c 1d17189322a742f9821374995584d28c] 199.204.45.22 "PUT /v2.0/ports/67695b64-9a2c-488e-b729-1d4e66659273 HTTP/1.1" status: 200 len: 1380 time: 1.0691950
2026-05-29 23:06:22.426 9 INFO neutron.notifiers.nova [-] Nova event matching ['req-b2afb46f-00c2-4606-bd73-0debb77ace98'] response: {'name': 'network-changed', 'server_uuid': 'b6282cc8-6a94-4d06-995c-cb674b541558', 'tag': '67695b64-9a2c-488e-b729-1d4e66659273', 'status': 'completed', 'code': 200} /var/lib/openstack/lib/python3.10/site-packages/pycadf/identifier.py:71: UserWarning: Invalid uuid: neutron. To ensure interoperability, identifiers should be a valid uuid. warnings.warn(('Invalid uuid: %s. To ensure interoperability, '
2026-05-29 23:06:22.445 10 INFO neutron.db.ovn_revision_numbers_db [None req-ccd296fa-13b6-4eb0-9557-96a8274b26bf 2a78af7340ea4c91a78c8df84798262c 4013ddea950b4140acc086d5cd2ea129 - - default default] Successfully bumped revision number for resource 4096ba2e-1fc8-47b4-8255-f7c601c9eb63 (type: ports) to 1
2026-05-29 23:06:22.465 10 INFO neutron.db.ovn_revision_numbers_db [None req-d29369f0-fc6e-46dc-9ba6-4037cfdcd3e3 31c72883274340ebb3dc2bbb05ab637d 8e1a31a37bbc4f7fb2810f2e15917e9f - - default default] Successfully bumped revision number for resource 9a14dbf8-9ba6-49e9-8de5-8a8d8fae6782 (type: security_group_rules) to 0
2026-05-29 23:06:22.480 9 INFO neutron.wsgi [None req-9da5266e-f9b7-4494-94d7-67b878fd40eb ab3cbb9511254b219bbae3528b6e57de 6ee8476e3035491ea5b7eb8ed6bb6fa9 - - default default] 10.0.0.236 "DELETE /v2.0/subnets/10ead9ea-754e-4bff-9d93-ba0b3cc2feb6 HTTP/1.1" status: 204 len: 168 time: 0.2857804
2026-05-29 23:06:22.490 10 INFO neutron.wsgi [None req-ccd296fa-13b6-4eb0-9557-96a8274b26bf 2a78af7340ea4c91a78c8df84798262c 4013ddea950b4140acc086d5cd2ea129 - - default default] 10.0.0.236 "POST /v2.0/ports HTTP/1.1" status: 201 len: 1704 time: 1.1411357
2026-05-29 23:06:22.495 10 INFO neutron.wsgi [None req-d29369f0-fc6e-46dc-9ba6-4037cfdcd3e3 31c72883274340ebb3dc2bbb05ab637d 8e1a31a37bbc4f7fb2810f2e15917e9f - - default default] 10.0.0.236 "POST /v2.0/security-group-rules HTTP/1.1" status: 201 len: 801 time: 0.4201419
2026-05-29 23:06:22.498 9 INFO neutron.wsgi [req-0bd0e5e9-b947-49bc-83f2-fbd443de29dd req-04da51a2-32ec-4645-b0f4-40a533760006 747d93d86cbc4e75b60b0df86f94a4de 6c0afb4fc087416d9e0d9c24b4b30fba - - 1d17189322a742f9821374995584d28c 1d17189322a742f9821374995584d28c] 199.204.45.22 "GET /v2.0/ports?tenant_id=a08c1f1065ee4c1c9458f8830be80916&device_id=b6282cc8-6a94-4d06-995c-cb674b541558 HTTP/1.1" status: 200 len: 1411 time: 0.0603182 /var/lib/openstack/lib/python3.10/site-packages/pycadf/identifier.py:71: UserWarning: Invalid uuid: neutron. To ensure interoperability, identifiers should be a valid uuid. warnings.warn(('Invalid uuid: %s. To ensure interoperability, '
2026-05-29 23:06:22.509 9 WARNING neutron_lib.context [None req-7ab30d38-321d-41a1-b04d-3a54f360e238 31c72883274340ebb3dc2bbb05ab637d 8e1a31a37bbc4f7fb2810f2e15917e9f - - default default] Method 'is_advsvc' is deprecated since 2023.2 release (neutron-lib 3.8.0) and will be removed once support for the old RBAC API policies will be removed from Neutron. Please use method 'is_service_role' instead.
2026-05-29 23:06:22.554 9 INFO neutron.wsgi [req-0bd0e5e9-b947-49bc-83f2-fbd443de29dd req-e21fdb21-f20c-438c-ba14-2b8ab9ce5a6f 747d93d86cbc4e75b60b0df86f94a4de 6c0afb4fc087416d9e0d9c24b4b30fba - - 1d17189322a742f9821374995584d28c 1d17189322a742f9821374995584d28c] 199.204.45.22 "GET /v2.0/floatingips?fixed_ip_address=10.100.0.11&port_id=67695b64-9a2c-488e-b729-1d4e66659273 HTTP/1.1" status: 200 len: 217 time: 0.0404093
2026-05-29 23:06:22.556 10 INFO neutron.wsgi [req-bb1a7ab7-9903-49c5-8f54-b21875f1115d req-1cc8bcf6-7676-463d-a8f5-0efc139bdf10 488d811183a447eb9e2f36214b5cb0c1 a08c1f1065ee4c1c9458f8830be80916 - - default default] 10.0.0.80 "GET /v2.0/ports?device_id=b6282cc8-6a94-4d06-995c-cb674b541558 HTTP/1.1" status: 200 len: 1172 time: 0.0593541
2026-05-29 23:06:22.604 9 INFO neutron.wsgi [req-0bd0e5e9-b947-49bc-83f2-fbd443de29dd req-837ab229-e777-4d24-a60c-0fd6d4aaf903 747d93d86cbc4e75b60b0df86f94a4de 6c0afb4fc087416d9e0d9c24b4b30fba - - 1d17189322a742f9821374995584d28c 1d17189322a742f9821374995584d28c] 199.204.45.22 "GET /v2.0/subnets?id=6586dddf-c607-47d9-9ff6-91a94ff5d724 HTTP/1.1" status: 200 len: 869 time: 0.0454781
2026-05-29 23:06:22.621 10 INFO neutron.wsgi [req-bb1a7ab7-9903-49c5-8f54-b21875f1115d req-2eef54ce-780f-4b66-81b0-0c01bdad9183 488d811183a447eb9e2f36214b5cb0c1 a08c1f1065ee4c1c9458f8830be80916 - - default default] 10.0.0.80 "GET /v2.0/security-groups?id=152f3990-2211-4deb-88ca-ac3a0b368ac8&fields=id&fields=name HTTP/1.1" status: 200 len: 313 time: 0.0583959
2026-05-29 23:06:22.654 9 INFO neutron.wsgi [req-0bd0e5e9-b947-49bc-83f2-fbd443de29dd req-573356bd-ba28-4e9f-88a3-67f14795dd60 747d93d86cbc4e75b60b0df86f94a4de 6c0afb4fc087416d9e0d9c24b4b30fba - - 1d17189322a742f9821374995584d28c 1d17189322a742f9821374995584d28c] 199.204.45.22 "GET /v2.0/ports?network_id=36397146-1f1a-45be-b7f9-b94616b5d05d&device_owner=network%3Adhcp HTTP/1.1" status: 200 len: 210 time: 0.0318458
2026-05-29 23:06:22.655 10 INFO neutron.wsgi [None req-7fd628b2-99dc-441d-b2f9-7a4eeab31f73 2a78af7340ea4c91a78c8df84798262c 4013ddea950b4140acc086d5cd2ea129 - - default default] 10.0.0.236 "GET /v2.0/ports HTTP/1.1" status: 200 len: 3211 time: 0.1515496
2026-05-29 23:06:22.772 9 INFO neutron.wsgi [req-0bd0e5e9-b947-49bc-83f2-fbd443de29dd req-d47421cc-2f94-42ee-aece-8ef7a9c93902 747d93d86cbc4e75b60b0df86f94a4de 6c0afb4fc087416d9e0d9c24b4b30fba - - 1d17189322a742f9821374995584d28c 1d17189322a742f9821374995584d28c] 199.204.45.22 "GET /v2.0/networks/36397146-1f1a-45be-b7f9-b94616b5d05d?fields=segments HTTP/1.1" status: 200 len: 212 time: 0.1092072
2026-05-29 23:06:22.894 9 INFO neutron.wsgi [req-0bd0e5e9-b947-49bc-83f2-fbd443de29dd req-adbc789e-0d47-4dca-a919-d8678bb0d54a 747d93d86cbc4e75b60b0df86f94a4de 6c0afb4fc087416d9e0d9c24b4b30fba - - 1d17189322a742f9821374995584d28c 1d17189322a742f9821374995584d28c] 199.204.45.22 "GET /v2.0/networks/36397146-1f1a-45be-b7f9-b94616b5d05d?fields=provider%3Aphysical_network&fields=provider%3Anetwork_type HTTP/1.1" status: 200 len: 277 time: 0.1129727
2026-05-29 23:06:22.919 10 INFO neutron.wsgi [None req-35ec49c8-bb2c-4da4-8c41-7363765162c6 2a78af7340ea4c91a78c8df84798262c 4013ddea950b4140acc086d5cd2ea129 - - default default] 10.0.0.236 "DELETE /v2.0/ports/1b6b9169-9697-4baf-941a-65c5cb49ba6a HTTP/1.1" status: 204 len: 168 time: 0.2582178
2026-05-29 23:06:23.011 9 INFO neutron.wsgi [req-3bb93476-aa81-4bc2-8e99-1ee65b014e8c req-f32dcde3-8de8-4bc3-bd11-8d42ebb0b6d9 747d93d86cbc4e75b60b0df86f94a4de 6c0afb4fc087416d9e0d9c24b4b30fba - - 1d17189322a742f9821374995584d28c 1d17189322a742f9821374995584d28c] 199.204.45.22 "GET /v2.0/ports?tenant_id=a08c1f1065ee4c1c9458f8830be80916&device_id=b6282cc8-6a94-4d06-995c-cb674b541558 HTTP/1.1" status: 200 len: 1411 time: 0.0632527
2026-05-29 23:06:23.016 9 WARNING neutron.scheduler.dhcp_agent_scheduler [None req-7ab30d38-321d-41a1-b04d-3a54f360e238 31c72883274340ebb3dc2bbb05ab637d 8e1a31a37bbc4f7fb2810f2e15917e9f - - default default] No more DHCP agents
2026-05-29 23:06:23.029 9 WARNING neutron.api.rpc.agentnotifiers.dhcp_rpc_agent_api [None req-7ab30d38-321d-41a1-b04d-3a54f360e238 31c72883274340ebb3dc2bbb05ab637d 8e1a31a37bbc4f7fb2810f2e15917e9f - - default default] Unable to schedule network ceaf38a9-df77-46f8-b63e-1e80ea7dbe90: no agents available; will retry on subsequent port and subnet creation events.
2026-05-29 23:06:23.200 9 INFO neutron.wsgi [req-3bb93476-aa81-4bc2-8e99-1ee65b014e8c req-2e292803-882a-4882-91bf-51c1614bd785 747d93d86cbc4e75b60b0df86f94a4de 6c0afb4fc087416d9e0d9c24b4b30fba - - 1d17189322a742f9821374995584d28c 1d17189322a742f9821374995584d28c] 199.204.45.22 "GET /v2.0/networks?id=36397146-1f1a-45be-b7f9-b94616b5d05d HTTP/1.1" status: 200 len: 974 time: 0.1827912
2026-05-29 23:06:23.205 9 INFO neutron.services.segments.plugin [-] Segment 7109d082-fbf2-4b37-a8dd-c8d754168502 resource provider aggregate not found
2026-05-29 23:06:23.223 9 INFO neutron.services.segments.plugin [-] Segment 7109d082-fbf2-4b37-a8dd-c8d754168502 resource provider aggregate not found
2026-05-29 23:06:23.238 9 INFO neutron.services.segments.plugin [-] Segment 7109d082-fbf2-4b37-a8dd-c8d754168502 resource provider not found; error: Placement Client Error (4xx): {"errors": [{"status": 404, "title": "Not Found", "detail": "The resource could not be found.\n\n No resource provider with uuid 7109d082-fbf2-4b37-a8dd-c8d754168502 found for delete ", "request_id": "req-13aef359-a9c8-41a9-8189-75cbbfa11724"}]}
2026-05-29 23:06:23.264 10 INFO neutron.wsgi [None req-28ce3e25-5daa-4043-bae3-e09a196d233e 2a78af7340ea4c91a78c8df84798262c 4013ddea950b4140acc086d5cd2ea129 - - default default] 10.0.0.236 "DELETE /v2.0/ports/4096ba2e-1fc8-47b4-8255-f7c601c9eb63 HTTP/1.1" status: 204 len: 168 time: 0.3395185
2026-05-29 23:06:23.310 10 INFO neutron.wsgi [None req-f29eca0e-be13-4508-995c-4db270cfb2fb 2a78af7340ea4c91a78c8df84798262c 4013ddea950b4140acc086d5cd2ea129 - - default default] 10.0.0.236 "GET /v2.0/ports HTTP/1.1" status: 200 len: 1718 time: 0.0401492
2026-05-29 23:06:23.327 10 WARNING neutron_lib.context [None req-b5214764-47e9-409e-8735-bc1838b17b6b 2a78af7340ea4c91a78c8df84798262c 4013ddea950b4140acc086d5cd2ea129 - - default default] Method 'is_advsvc' is deprecated since 2023.2 release (neutron-lib 3.8.0) and will be removed once support for the old RBAC API policies will be removed from Neutron. Please use method 'is_service_role' instead.
2026-05-29 23:06:23.429 10 INFO neutron.db.segments_db [None req-b5214764-47e9-409e-8735-bc1838b17b6b 2a78af7340ea4c91a78c8df84798262c 4013ddea950b4140acc086d5cd2ea129 - - default default] Added segment f535901a-bcce-443c-ad69-9be62f10fec8 of type geneve for network be1d18ca-5ba7-4491-bd02-4f24caf9a303
2026-05-29 23:06:23.457 9 INFO neutron.services.segments.plugin [-] Segment 7109d082-fbf2-4b37-a8dd-c8d754168502 resource provider not found; error: Placement Client Error (4xx): {"errors": [{"status": 404, "title": "Not Found", "detail": "The resource could not be found.\n\n No resource provider with uuid 7109d082-fbf2-4b37-a8dd-c8d754168502 found for delete ", "request_id": "req-45957cf2-5b23-485a-9e9e-465ba7bb21dc"}]}
2026-05-29 23:06:23.459 9 INFO neutron.wsgi [req-3bb93476-aa81-4bc2-8e99-1ee65b014e8c req-4eec8de2-8d1e-4ac8-a714-a625a7e01935 747d93d86cbc4e75b60b0df86f94a4de 6c0afb4fc087416d9e0d9c24b4b30fba - - 1d17189322a742f9821374995584d28c 1d17189322a742f9821374995584d28c] 199.204.45.22 "GET /v2.0/floatingips?fixed_ip_address=10.100.0.11&port_id=67695b64-9a2c-488e-b729-1d4e66659273 HTTP/1.1" status: 200 len: 217 time: 0.2504132
2026-05-29 23:06:23.499 9 INFO neutron.wsgi [req-3bb93476-aa81-4bc2-8e99-1ee65b014e8c req-9b41e539-d834-40ef-bd33-601134284ee2 747d93d86cbc4e75b60b0df86f94a4de 6c0afb4fc087416d9e0d9c24b4b30fba - - 1d17189322a742f9821374995584d28c 1d17189322a742f9821374995584d28c] 199.204.45.22 "GET /v2.0/subnets?id=6586dddf-c607-47d9-9ff6-91a94ff5d724 HTTP/1.1" status: 200 len: 869 time: 0.0347066
2026-05-29 23:06:23.513 9 INFO neutron.wsgi [None req-6b557800-34ac-476c-8759-ebd3f3e39d31 ab3cbb9511254b219bbae3528b6e57de 6ee8476e3035491ea5b7eb8ed6bb6fa9 - - default default] 10.0.0.236 "DELETE /v2.0/networks/70bd3334-5649-4a26-bffa-99dfed7ad6b7 HTTP/1.1" status: 204 len: 168 time: 1.0275221
2026-05-29 23:06:23.543 9 INFO neutron.wsgi [req-3bb93476-aa81-4bc2-8e99-1ee65b014e8c req-90a3f9bc-77f6-416e-a3d4-e9e987e0f913 747d93d86cbc4e75b60b0df86f94a4de 6c0afb4fc087416d9e0d9c24b4b30fba - - 1d17189322a742f9821374995584d28c 1d17189322a742f9821374995584d28c] 199.204.45.22 "GET /v2.0/ports?network_id=36397146-1f1a-45be-b7f9-b94616b5d05d&device_owner=network%3Adhcp HTTP/1.1" status: 200 len: 210 time: 0.0277734
2026-05-29 23:06:23.603 10 INFO neutron.db.ovn_revision_numbers_db [None req-b5214764-47e9-409e-8735-bc1838b17b6b 2a78af7340ea4c91a78c8df84798262c 4013ddea950b4140acc086d5cd2ea129 - - default default] Successfully bumped revision number for resource be1d18ca-5ba7-4491-bd02-4f24caf9a303 (type: networks) to 1
2026-05-29 23:06:23.640 9 INFO neutron.wsgi [req-3bb93476-aa81-4bc2-8e99-1ee65b014e8c req-55875f5b-c7cf-465e-9228-afc914b85263 747d93d86cbc4e75b60b0df86f94a4de 6c0afb4fc087416d9e0d9c24b4b30fba - - 1d17189322a742f9821374995584d28c 1d17189322a742f9821374995584d28c] 199.204.45.22 "GET /v2.0/networks/36397146-1f1a-45be-b7f9-b94616b5d05d?fields=segments HTTP/1.1" status: 200 len: 212 time: 0.0766556
2026-05-29 23:06:23.769 9 INFO neutron.wsgi [req-3bb93476-aa81-4bc2-8e99-1ee65b014e8c req-1584879e-1ebd-4088-8e05-700a4051e60d 747d93d86cbc4e75b60b0df86f94a4de 6c0afb4fc087416d9e0d9c24b4b30fba - - 1d17189322a742f9821374995584d28c 1d17189322a742f9821374995584d28c] 199.204.45.22 "GET /v2.0/networks/36397146-1f1a-45be-b7f9-b94616b5d05d?fields=provider%3Aphysical_network&fields=provider%3Anetwork_type HTTP/1.1" status: 200 len: 277 time: 0.1222413
2026-05-29 23:06:23.780 9 INFO neutron.wsgi [None req-c3fb853f-a0a0-4959-b35c-94c5bd7e9451 ab3cbb9511254b219bbae3528b6e57de 6ee8476e3035491ea5b7eb8ed6bb6fa9 - - default default] 10.0.0.236 "GET /v2.0/security-groups?tenant_id=ca508af85ed64a0d853c6ba88c2cf899&name=default HTTP/1.1" status: 200 len: 3116 time: 0.0953541
2026-05-29 23:06:23.819 10 INFO neutron.wsgi [req-c74734e8-87cd-4fdf-990e-1dce3042f7de req-50483208-3ecc-429b-84c3-f5b9a109a934 488d811183a447eb9e2f36214b5cb0c1 a08c1f1065ee4c1c9458f8830be80916 - - default default] 10.0.0.80 "GET /v2.0/ports?device_id=b6282cc8-6a94-4d06-995c-cb674b541558 HTTP/1.1" status: 200 len: 1172 time: 0.1232398
2026-05-29 23:06:23.825 9 INFO neutron.wsgi [None req-7ab30d38-321d-41a1-b04d-3a54f360e238 31c72883274340ebb3dc2bbb05ab637d 8e1a31a37bbc4f7fb2810f2e15917e9f - - default default] 10.0.0.236 "POST /v2.0/floatingips HTTP/1.1" status: 201 len: 751 time: 1.3215799
2026-05-29 23:06:23.865 10 WARNING neutron.scheduler.dhcp_agent_scheduler [None req-b5214764-47e9-409e-8735-bc1838b17b6b 2a78af7340ea4c91a78c8df84798262c 4013ddea950b4140acc086d5cd2ea129 - - default default] No more DHCP agents
2026-05-29 23:06:23.871 10 WARNING neutron.api.rpc.agentnotifiers.dhcp_rpc_agent_api [None req-b5214764-47e9-409e-8735-bc1838b17b6b 2a78af7340ea4c91a78c8df84798262c 4013ddea950b4140acc086d5cd2ea129 - - default default] Unable to schedule network be1d18ca-5ba7-4491-bd02-4f24caf9a303: no agents available; will retry on subsequent port and subnet creation events.
2026-05-29 23:06:23.901 10 INFO neutron.wsgi [req-c74734e8-87cd-4fdf-990e-1dce3042f7de req-6b301143-9de8-480f-82d7-e10a87383585 488d811183a447eb9e2f36214b5cb0c1 a08c1f1065ee4c1c9458f8830be80916 - - default default] 10.0.0.80 "GET /v2.0/security-groups?id=152f3990-2211-4deb-88ca-ac3a0b368ac8&fields=id&fields=name HTTP/1.1" status: 200 len: 313 time: 0.0741975
2026-05-29 23:06:23.983 10 INFO neutron.db.ovn_revision_numbers_db [None req-b5214764-47e9-409e-8735-bc1838b17b6b 2a78af7340ea4c91a78c8df84798262c 4013ddea950b4140acc086d5cd2ea129 - - default default] Successfully bumped revision number for resource 8f7e2e1f-c1a4-4c05-adb2-15b702d110ad (type: ports) to 1
2026-05-29 23:06:24.008 10 INFO neutron.wsgi [None req-b5214764-47e9-409e-8735-bc1838b17b6b 2a78af7340ea4c91a78c8df84798262c 4013ddea950b4140acc086d5cd2ea129 - - default default] 10.0.0.236 "POST /v2.0/networks HTTP/1.1" status: 201 len: 853 time: 0.6879566
2026-05-29 23:06:24.022 9 WARNING neutron_lib.context [None req-a9ef3031-2a87-4d76-8022-aaa7890f459b 2a78af7340ea4c91a78c8df84798262c 4013ddea950b4140acc086d5cd2ea129 - - default default] Method 'is_advsvc' is deprecated since 2023.2 release (neutron-lib 3.8.0) and will be removed once support for the old RBAC API policies will be removed from Neutron. Please use method 'is_service_role' instead.
2026-05-29 23:06:24.116 10 INFO neutron.wsgi [None req-ece9979e-714b-4839-940c-42f09da299e6 ab3cbb9511254b219bbae3528b6e57de 6ee8476e3035491ea5b7eb8ed6bb6fa9 - - default default] 10.0.0.236 "DELETE /v2.0/security-groups/2ca96089-2581-4bb8-b20b-90209dcf7030 HTTP/1.1" status: 204 len: 168 time: 0.3293767
2026-05-29 23:06:24.142 9 INFO neutron.db.segments_db [None req-a9ef3031-2a87-4d76-8022-aaa7890f459b 2a78af7340ea4c91a78c8df84798262c 4013ddea950b4140acc086d5cd2ea129 - - default default] Added segment e76d9430-d4d5-43da-830a-51796d3ba54e of type geneve for network 35b80930-0e1e-48bc-9a11-62603050eca2
2026-05-29 23:06:24.291 9 INFO neutron.db.ovn_revision_numbers_db [None req-a9ef3031-2a87-4d76-8022-aaa7890f459b 2a78af7340ea4c91a78c8df84798262c 4013ddea950b4140acc086d5cd2ea129 - - default default] Successfully bumped revision number for resource 35b80930-0e1e-48bc-9a11-62603050eca2 (type: networks) to 1
2026-05-29 23:06:24.332 10 INFO neutron.wsgi [req-a8c1fdff-febf-4e4e-8893-47c7dc4014ce req-584d3804-9ec2-4944-a423-6010c9c5336b 31c72883274340ebb3dc2bbb05ab637d 8e1a31a37bbc4f7fb2810f2e15917e9f - - default default] 10.0.0.80 "GET /v2.0/security-groups?name=tempest-securitygroup--1415065740&fields=id&tenant_id=8e1a31a37bbc4f7fb2810f2e15917e9f HTTP/1.1" status: 200 len: 267 time: 0.0512052
2026-05-29 23:06:24.424 10 INFO neutron.wsgi [req-a8c1fdff-febf-4e4e-8893-47c7dc4014ce req-d119b1e7-affe-42c6-b425-656223e2c049 31c72883274340ebb3dc2bbb05ab637d 8e1a31a37bbc4f7fb2810f2e15917e9f - - default default] 10.0.0.80 "GET /v2.0/networks?id=131a53e4-5eb4-4fbf-9cb0-eb9f84235fff HTTP/1.1" status: 200 len: 882 time: 0.0867300
2026-05-29 23:06:24.444 10 INFO neutron.wsgi [req-a8c1fdff-febf-4e4e-8893-47c7dc4014ce req-d4889472-552e-4a24-9d8c-520ffee80ffd 31c72883274340ebb3dc2bbb05ab637d 8e1a31a37bbc4f7fb2810f2e15917e9f - - default default] 10.0.0.80 "GET /v2.0/quotas/8e1a31a37bbc4f7fb2810f2e15917e9f HTTP/1.1" status: 200 len: 491 time: 0.0141644
2026-05-29 23:06:24.514 9 WARNING neutron.scheduler.dhcp_agent_scheduler [None req-a9ef3031-2a87-4d76-8022-aaa7890f459b 2a78af7340ea4c91a78c8df84798262c 4013ddea950b4140acc086d5cd2ea129 - - default default] No more DHCP agents
2026-05-29 23:06:24.516 9 WARNING neutron.api.rpc.agentnotifiers.dhcp_rpc_agent_api [None req-a9ef3031-2a87-4d76-8022-aaa7890f459b 2a78af7340ea4c91a78c8df84798262c 4013ddea950b4140acc086d5cd2ea129 - - default default] Unable to schedule network 35b80930-0e1e-48bc-9a11-62603050eca2: no agents available; will retry on subsequent port and subnet creation events.
2026-05-29 23:06:24.602 10 INFO neutron.wsgi [req-a8c1fdff-febf-4e4e-8893-47c7dc4014ce req-004ab040-2c69-4211-94f2-d9f891b5533b 31c72883274340ebb3dc2bbb05ab637d 8e1a31a37bbc4f7fb2810f2e15917e9f - - default default] 10.0.0.80 "GET /v2.0/ports?tenant_id=8e1a31a37bbc4f7fb2810f2e15917e9f&fields=id HTTP/1.1" status: 200 len: 302 time: 0.1516290
2026-05-29 23:06:24.607 9 INFO neutron.db.ovn_revision_numbers_db [None req-a9ef3031-2a87-4d76-8022-aaa7890f459b 2a78af7340ea4c91a78c8df84798262c 4013ddea950b4140acc086d5cd2ea129 - - default default] Successfully bumped revision number for resource a71b25c8-34f0-409a-8840-b191b9efedc6 (type: ports) to 1
2026-05-29 23:06:24.637 9 INFO neutron.wsgi [None req-a9ef3031-2a87-4d76-8022-aaa7890f459b 2a78af7340ea4c91a78c8df84798262c 4013ddea950b4140acc086d5cd2ea129 - - default default] 10.0.0.236 "POST /v2.0/networks HTTP/1.1" status: 201 len: 852 time: 0.6228683
2026-05-29 23:06:24.660 9 INFO neutron.wsgi [-] 10.0.0.232 "GET / HTTP/1.1" status: 200 len: 247 time: 0.0020995
2026-05-29 23:06:24.663 9 INFO neutron.wsgi [-] 10.0.0.232 "GET / HTTP/1.1" status: 200 len: 247 time: 0.0022244
2026-05-29 23:06:24.693 10 INFO neutron.wsgi [req-a8c1fdff-febf-4e4e-8893-47c7dc4014ce req-32acf6ef-9b24-49fd-8993-0d110b931289 747d93d86cbc4e75b60b0df86f94a4de 6c0afb4fc087416d9e0d9c24b4b30fba - - 1d17189322a742f9821374995584d28c 1d17189322a742f9821374995584d28c] 10.0.0.80 "GET /v2.0/networks/131a53e4-5eb4-4fbf-9cb0-eb9f84235fff?fields=segments HTTP/1.1" status: 200 len: 212 time: 0.0737488
2026-05-29 23:06:24.757 10 INFO neutron.wsgi [req-a8c1fdff-febf-4e4e-8893-47c7dc4014ce req-d41722f6-6daa-4155-b275-d93d1d9151a1 747d93d86cbc4e75b60b0df86f94a4de 6c0afb4fc087416d9e0d9c24b4b30fba - - 1d17189322a742f9821374995584d28c 1d17189322a742f9821374995584d28c] 10.0.0.80 "GET /v2.0/networks/131a53e4-5eb4-4fbf-9cb0-eb9f84235fff?fields=provider%3Aphysical_network&fields=provider%3Anetwork_type HTTP/1.1" status: 200 len: 277 time: 0.0568066
2026-05-29 23:06:24.904 10 INFO neutron.wsgi [req-cc4b1151-17e3-4c1f-ba5b-fff9c84d0c8a req-ca74798c-e903-4e13-a050-67853d1fee88 31c72883274340ebb3dc2bbb05ab637d 8e1a31a37bbc4f7fb2810f2e15917e9f - - default default] 10.0.0.80 "GET /v2.0/ports?device_id=5b118b6b-49a8-4eda-b700-9ac86e8a86da HTTP/1.1" status: 200 len: 210 time: 0.0302334
2026-05-29 23:06:25.032 10 INFO neutron.wsgi [req-711a161b-554c-4234-8045-57d83b7e34f9 req-a0d08bb6-01c1-45d6-98de-b88f48bd45fa 488d811183a447eb9e2f36214b5cb0c1 a08c1f1065ee4c1c9458f8830be80916 - - default default] 10.0.0.80 "GET /v2.0/ports?device_id=b6282cc8-6a94-4d06-995c-cb674b541558 HTTP/1.1" status: 200 len: 1172 time: 0.0551219
2026-05-29 23:06:25.086 10 INFO neutron.wsgi [req-711a161b-554c-4234-8045-57d83b7e34f9 req-08c05346-4ee2-4322-89f8-608c1812c3bb 488d811183a447eb9e2f36214b5cb0c1 a08c1f1065ee4c1c9458f8830be80916 - - default default] 10.0.0.80 "GET /v2.0/security-groups?id=152f3990-2211-4deb-88ca-ac3a0b368ac8&fields=id&fields=name HTTP/1.1" status: 200 len: 313 time: 0.0456350
2026-05-29 23:06:25.226 9 WARNING neutron_lib.context [None req-0ef361d4-852a-4a8b-b935-ffc43c5f8a50 2a78af7340ea4c91a78c8df84798262c 4013ddea950b4140acc086d5cd2ea129 - - default default] Method 'is_advsvc' is deprecated since 2023.2 release (neutron-lib 3.8.0) and will be removed once support for the old RBAC API policies will be removed from Neutron. Please use method 'is_service_role' instead.
2026-05-29 23:06:25.269 9 WARNING neutron_lib.context [None req-0ef361d4-852a-4a8b-b935-ffc43c5f8a50 2a78af7340ea4c91a78c8df84798262c 4013ddea950b4140acc086d5cd2ea129 - - default default] Method 'is_advsvc' is deprecated since 2023.2 release (neutron-lib 3.8.0) and will be removed once support for the old RBAC API policies will be removed from Neutron. Please use method 'is_service_role' instead.
2026-05-29 23:06:25.400 10 WARNING neutron.plugins.ml2.drivers.ovn.mech_driver.ovsdb.ovn_client [None req-cd1fc30e-b194-44c5-8abd-9c675b0b6012 - - - - - -] No hosting information found for port 9930228f-1839-41b3-a09f-f577273c569e: RuntimeError: No hosting information found for port 9930228f-1839-41b3-a09f-f577273c569e
2026-05-29 23:06:25.400 10 INFO neutron.plugins.ml2.drivers.ovn.mech_driver.mech_driver [None req-cd1fc30e-b194-44c5-8abd-9c675b0b6012 - - - - - -] OVN reports status up for port: 67695b64-9a2c-488e-b729-1d4e66659273
2026-05-29 23:06:25.412 10 INFO neutron.plugins.ml2.plugin [None req-cd1fc30e-b194-44c5-8abd-9c675b0b6012 - - - - - -] Attempt 1 to provision port 67695b64-9a2c-488e-b729-1d4e66659273
2026-05-29 23:06:25.556 10 INFO neutron.notifiers.nova [-] Nova event matching ['req-64e5f69f-396b-454d-b73e-fb81882a1e9e'] response: {'server_uuid': 'b6282cc8-6a94-4d06-995c-cb674b541558', 'name': 'network-vif-plugged', 'status': 'completed', 'tag': '67695b64-9a2c-488e-b729-1d4e66659273', 'code': 200}
2026-05-29 23:06:25.766 9 WARNING neutron.scheduler.dhcp_agent_scheduler [None req-0ef361d4-852a-4a8b-b935-ffc43c5f8a50 2a78af7340ea4c91a78c8df84798262c 4013ddea950b4140acc086d5cd2ea129 - - default default] No more DHCP agents
2026-05-29 23:06:25.771 9 WARNING neutron.api.rpc.agentnotifiers.dhcp_rpc_agent_api [None req-0ef361d4-852a-4a8b-b935-ffc43c5f8a50 2a78af7340ea4c91a78c8df84798262c 4013ddea950b4140acc086d5cd2ea129 - - default default] Unable to schedule network be1d18ca-5ba7-4491-bd02-4f24caf9a303: no agents available; will retry on subsequent port and subnet creation events.
2026-05-29 23:06:25.831 9 INFO neutron.wsgi [req-a8c1fdff-febf-4e4e-8893-47c7dc4014ce req-726ffdb2-d679-4fd7-b295-2937cd93d4d2 31c72883274340ebb3dc2bbb05ab637d 8e1a31a37bbc4f7fb2810f2e15917e9f - - default default] 199.204.45.22 "GET /v2.0/networks?id=131a53e4-5eb4-4fbf-9cb0-eb9f84235fff HTTP/1.1" status: 200 len: 882 time: 0.1387444
