2026-05-29 23:10:11.205 9 WARNING neutron.api.rpc.agentnotifiers.dhcp_rpc_agent_api [None req-01bd7db9-83f1-488e-89b7-22a9e737ceca 36437e1df3f84e798adc8c159e907a5d ee267f41e93b4e5abcdd0f4c172be0fa - - default default] Unable to schedule network 458ac2df-7224-47b7-ba46-65b31b2fe435: no agents available; will retry on subsequent port and subnet creation events.
2026-05-29 23:10:11.287 9 INFO neutron.db.ovn_revision_numbers_db [None req-01bd7db9-83f1-488e-89b7-22a9e737ceca 36437e1df3f84e798adc8c159e907a5d ee267f41e93b4e5abcdd0f4c172be0fa - - default default] Successfully bumped revision number for resource c1f2cfa9-a6a1-4bcf-b2d5-ef090bf5fc22 (type: ports) to 1
2026-05-29 23:10:11.312 9 INFO neutron.wsgi [None req-01bd7db9-83f1-488e-89b7-22a9e737ceca 36437e1df3f84e798adc8c159e907a5d ee267f41e93b4e5abcdd0f4c172be0fa - - default default] 10.0.0.236 "POST /v2.0/ports HTTP/1.1" status: 201 len: 942 time: 0.3490496
2026-05-29 23:10:11.315 10 WARNING neutron.scheduler.dhcp_agent_scheduler [None req-0a49bf9c-dd2c-4276-b34b-c4e5bdd0fff2 9a42112421774fe998c6f3b3a9f0108d 5a8eb7c902a74dc3838f84c645e476ef - - default default] No more DHCP agents
2026-05-29 23:10:11.319 10 WARNING neutron.api.rpc.agentnotifiers.dhcp_rpc_agent_api [None req-0a49bf9c-dd2c-4276-b34b-c4e5bdd0fff2 9a42112421774fe998c6f3b3a9f0108d 5a8eb7c902a74dc3838f84c645e476ef - - default default] Unable to schedule network 426b5b15-2c60-465a-b1cb-f3ae241996d2: no agents available; will retry on subsequent port and subnet creation events.
2026-05-29 23:10:11.325 10 WARNING neutron_lib.context [None req-cdf191a9-1560-4c05-a218-8737fe54118b 36437e1df3f84e798adc8c159e907a5d ee267f41e93b4e5abcdd0f4c172be0fa - - default default] Method 'is_advsvc' is deprecated since 2023.2 release (neutron-lib 3.8.0) and will be removed once support for the old RBAC API policies will be removed from Neutron. Please use method 'is_service_role' instead.
2026-05-29 23:10:11.356 10 INFO neutron.db.ovn_revision_numbers_db [None req-0a49bf9c-dd2c-4276-b34b-c4e5bdd0fff2 9a42112421774fe998c6f3b3a9f0108d 5a8eb7c902a74dc3838f84c645e476ef - - default default] Successfully bumped revision number for resource 8bc4b8ec-5581-479c-bcf7-677c3e450445 (type: subnets) to 0
2026-05-29 23:10:11.834 10 INFO neutron.wsgi [None req-cdf191a9-1560-4c05-a218-8737fe54118b 36437e1df3f84e798adc8c159e907a5d ee267f41e93b4e5abcdd0f4c172be0fa - - default default] 10.0.0.236 "POST /v2.0/trunks HTTP/1.1" status: 201 len: 608 time: 0.5177252 /var/lib/openstack/lib/python3.10/site-packages/pycadf/identifier.py:71: UserWarning: Invalid uuid: neutron. To ensure interoperability, identifiers should be a valid uuid. warnings.warn(('Invalid uuid: %s. To ensure interoperability, '
2026-05-29 23:10:11.895 9 INFO neutron.wsgi [None req-93859c34-2137-4adb-8691-866485631035 36437e1df3f84e798adc8c159e907a5d ee267f41e93b4e5abcdd0f4c172be0fa - - default default] 10.0.0.236 "PUT /v2.0/trunks/1db44a1e-b828-48f9-b64b-05ff59e9ccae/tags HTTP/1.1" status: 200 len: 218 time: 0.0544302
2026-05-29 23:10:11.926 9 INFO neutron.wsgi [None req-19dcbc2b-20c6-41ba-a8d2-3bbea60b6f40 36437e1df3f84e798adc8c159e907a5d ee267f41e93b4e5abcdd0f4c172be0fa - - default default] 10.0.0.236 "GET /v2.0/trunks/1db44a1e-b828-48f9-b64b-05ff59e9ccae/tags HTTP/1.1" status: 200 len: 218 time: 0.0256901
2026-05-29 23:10:11.968 9 INFO neutron.wsgi [None req-0c008285-0d72-42b3-b9a7-fcb184c9d9a3 36437e1df3f84e798adc8c159e907a5d ee267f41e93b4e5abcdd0f4c172be0fa - - default default] 10.0.0.236 "PUT /v2.0/trunks/1db44a1e-b828-48f9-b64b-05ff59e9ccae/tags/green HTTP/1.1" status: 201 len: 201 time: 0.0381417
2026-05-29 23:10:12.005 10 INFO neutron.wsgi [None req-18adc103-bb6f-4822-b1ad-4fac09aef455 36437e1df3f84e798adc8c159e907a5d ee267f41e93b4e5abcdd0f4c172be0fa - - default default] 10.0.0.236 "GET /v2.0/trunks/1db44a1e-b828-48f9-b64b-05ff59e9ccae/tags HTTP/1.1" status: 200 len: 227 time: 0.0325098
2026-05-29 23:10:12.038 9 INFO neutron.wsgi [None req-8b63aabf-98b4-4ed1-aa47-288142a196c7 36437e1df3f84e798adc8c159e907a5d ee267f41e93b4e5abcdd0f4c172be0fa - - default default] 10.0.0.236 "PUT /v2.0/trunks/1db44a1e-b828-48f9-b64b-05ff59e9ccae/tags/red HTTP/1.1" status: 201 len: 201 time: 0.0242434
2026-05-29 23:10:12.077 9 INFO neutron.wsgi [None req-ea2a5619-44b6-4ef9-b8f1-6b1e84f14955 36437e1df3f84e798adc8c159e907a5d ee267f41e93b4e5abcdd0f4c172be0fa - - default default] 10.0.0.236 "GET /v2.0/trunks/1db44a1e-b828-48f9-b64b-05ff59e9ccae/tags HTTP/1.1" status: 200 len: 227 time: 0.0307648
2026-05-29 23:10:12.136 10 INFO neutron.wsgi [None req-0714a857-bfdc-4347-9ccd-95d7fb5430fd 36437e1df3f84e798adc8c159e907a5d ee267f41e93b4e5abcdd0f4c172be0fa - - default default] 10.0.0.236 "PUT /v2.0/trunks/1db44a1e-b828-48f9-b64b-05ff59e9ccae/tags/black.or.white HTTP/1.1" status: 201 len: 201 time: 0.0527270
2026-05-29 23:10:12.149 10 WARNING neutron.scheduler.dhcp_agent_scheduler [None req-0a49bf9c-dd2c-4276-b34b-c4e5bdd0fff2 9a42112421774fe998c6f3b3a9f0108d 5a8eb7c902a74dc3838f84c645e476ef - - default default] No more DHCP agents
2026-05-29 23:10:12.153 10 WARNING neutron.api.rpc.agentnotifiers.dhcp_rpc_agent_api [None req-0a49bf9c-dd2c-4276-b34b-c4e5bdd0fff2 9a42112421774fe998c6f3b3a9f0108d 5a8eb7c902a74dc3838f84c645e476ef - - default default] Unable to schedule network 426b5b15-2c60-465a-b1cb-f3ae241996d2: no agents available; will retry on subsequent port and subnet creation events.
2026-05-29 23:10:12.179 10 INFO neutron.wsgi [None req-44e49f96-518c-4381-a75c-45d73cc5a176 36437e1df3f84e798adc8c159e907a5d ee267f41e93b4e5abcdd0f4c172be0fa - - default default] 10.0.0.236 "GET /v2.0/trunks/1db44a1e-b828-48f9-b64b-05ff59e9ccae/tags HTTP/1.1" status: 200 len: 245 time: 0.0384781
2026-05-29 23:10:12.241 10 INFO neutron.wsgi [None req-e5ed38d1-2cac-4481-83f0-4dd08ba129be 36437e1df3f84e798adc8c159e907a5d ee267f41e93b4e5abcdd0f4c172be0fa - - default default] 10.0.0.236 "PUT /v2.0/trunks/1db44a1e-b828-48f9-b64b-05ff59e9ccae/tags HTTP/1.1" status: 200 len: 230 time: 0.0584075
2026-05-29 23:10:12.269 9 INFO neutron.wsgi [None req-f2957a58-f5e7-44bc-bea6-7bc33bd6d03c 36437e1df3f84e798adc8c159e907a5d ee267f41e93b4e5abcdd0f4c172be0fa - - default default] 10.0.0.236 "GET /v2.0/trunks/1db44a1e-b828-48f9-b64b-05ff59e9ccae/tags HTTP/1.1" status: 200 len: 230 time: 0.0206873
2026-05-29 23:10:12.291 9 INFO neutron.wsgi [None req-d20bd7cf-a511-409a-8eb2-f419c2d6d4aa 36437e1df3f84e798adc8c159e907a5d ee267f41e93b4e5abcdd0f4c172be0fa - - default default] 10.0.0.236 "GET /v2.0/trunks/1db44a1e-b828-48f9-b64b-05ff59e9ccae/tags/red HTTP/1.1" status: 204 len: 168 time: 0.0181539
2026-05-29 23:10:12.314 9 INFO neutron.api.v2.resource [None req-d70700be-1925-43e7-997e-4452f2bccd38 36437e1df3f84e798adc8c159e907a5d ee267f41e93b4e5abcdd0f4c172be0fa - - default default] show failed (client error): The resource could not be found.
2026-05-29 23:10:12.318 9 INFO neutron.wsgi [None req-d70700be-1925-43e7-997e-4452f2bccd38 36437e1df3f84e798adc8c159e907a5d ee267f41e93b4e5abcdd0f4c172be0fa - - default default] 10.0.0.236 "GET /v2.0/trunks/1db44a1e-b828-48f9-b64b-05ff59e9ccae/tags/green HTTP/1.1" status: 404 len: 299 time: 0.0221479
2026-05-29 23:10:12.362 10 INFO neutron.db.ovn_revision_numbers_db [None req-0a49bf9c-dd2c-4276-b34b-c4e5bdd0fff2 9a42112421774fe998c6f3b3a9f0108d 5a8eb7c902a74dc3838f84c645e476ef - - default default] Successfully bumped revision number for resource 273e8268-ff47-49d2-abb6-a548d8808877 (type: ports) to 1
2026-05-29 23:10:12.372 9 INFO neutron.wsgi [None req-ff575677-2b2e-4da4-9de2-c6860213b86c 36437e1df3f84e798adc8c159e907a5d ee267f41e93b4e5abcdd0f4c172be0fa - - default default] 10.0.0.236 "DELETE /v2.0/trunks/1db44a1e-b828-48f9-b64b-05ff59e9ccae/tags/red HTTP/1.1" status: 204 len: 168 time: 0.0457392
2026-05-29 23:10:12.393 9 INFO neutron.wsgi [None req-38214500-3b21-416e-a719-3421dbbaed9f 36437e1df3f84e798adc8c159e907a5d ee267f41e93b4e5abcdd0f4c172be0fa - - default default] 10.0.0.236 "GET /v2.0/trunks/1db44a1e-b828-48f9-b64b-05ff59e9ccae/tags HTTP/1.1" status: 200 len: 223 time: 0.0180068
2026-05-29 23:10:12.437 10 INFO neutron.api.v2.resource [None req-9f11b711-fe16-4ff3-a2e8-79cb3926445a 36437e1df3f84e798adc8c159e907a5d ee267f41e93b4e5abcdd0f4c172be0fa - - default default] delete failed (client error): The resource could not be found.
2026-05-29 23:10:12.438 10 INFO neutron.wsgi [None req-9f11b711-fe16-4ff3-a2e8-79cb3926445a 36437e1df3f84e798adc8c159e907a5d ee267f41e93b4e5abcdd0f4c172be0fa - - default default] 10.0.0.236 "DELETE /v2.0/trunks/1db44a1e-b828-48f9-b64b-05ff59e9ccae/tags/green HTTP/1.1" status: 404 len: 299 time: 0.0384479
2026-05-29 23:10:12.511 10 INFO neutron.wsgi [None req-542c1709-73d9-4bc3-afec-ca6530586cd4 36437e1df3f84e798adc8c159e907a5d ee267f41e93b4e5abcdd0f4c172be0fa - - default default] 10.0.0.236 "DELETE /v2.0/trunks/1db44a1e-b828-48f9-b64b-05ff59e9ccae/tags HTTP/1.1" status: 204 len: 168 time: 0.0683458
2026-05-29 23:10:12.535 9 INFO neutron.wsgi [None req-a6123597-5fc3-449d-b329-0e356fa9e456 36437e1df3f84e798adc8c159e907a5d ee267f41e93b4e5abcdd0f4c172be0fa - - default default] 10.0.0.236 "GET /v2.0/trunks/1db44a1e-b828-48f9-b64b-05ff59e9ccae/tags HTTP/1.1" status: 200 len: 205 time: 0.0193489
2026-05-29 23:10:12.559 9 INFO neutron.wsgi [None req-11988915-49cf-47b1-8e38-170b7a759e2b 36437e1df3f84e798adc8c159e907a5d ee267f41e93b4e5abcdd0f4c172be0fa - - default default] 10.0.0.236 "GET /v2.0/trunks/1db44a1e-b828-48f9-b64b-05ff59e9ccae HTTP/1.1" status: 200 len: 603 time: 0.0198801
2026-05-29 23:10:12.660 9 INFO neutron.wsgi [None req-9e4c22c4-f4db-4a27-9ac1-be804b80f7af 36437e1df3f84e798adc8c159e907a5d ee267f41e93b4e5abcdd0f4c172be0fa - - default default] 10.0.0.236 "GET /v2.0/ports/c1f2cfa9-a6a1-4bcf-b2d5-ef090bf5fc22 HTTP/1.1" status: 200 len: 1020 time: 0.0958943
2026-05-29 23:10:12.731 10 WARNING neutron.plugins.ml2.drivers.ovn.mech_driver.ovsdb.ovn_client [None req-cd1fc30e-b194-44c5-8abd-9c675b0b6012 - - - - - -] No hosting information found for port b57cea1b-4b04-49fc-99a5-c32cbc07b891: RuntimeError: No hosting information found for port b57cea1b-4b04-49fc-99a5-c32cbc07b891
2026-05-29 23:10:12.764 9 INFO neutron.wsgi [None req-d16c109c-1f07-4c79-aca8-4a7ae6b19718 36437e1df3f84e798adc8c159e907a5d ee267f41e93b4e5abcdd0f4c172be0fa - - default default] 10.0.0.236 "DELETE /v2.0/trunks/1db44a1e-b828-48f9-b64b-05ff59e9ccae HTTP/1.1" status: 204 len: 168 time: 0.0954854
2026-05-29 23:10:13.048 10 ERROR ovsdbapp.backend.ovs_idl.command [None req-0a49bf9c-dd2c-4276-b34b-c4e5bdd0fff2 9a42112421774fe998c6f3b3a9f0108d 5a8eb7c902a74dc3838f84c645e476ef - - default default] Error executing command (DbGetCommand): ovsdbapp.backend.ovs_idl.idlutils.RowNotFound: Cannot find Logical_Router_Port with name=lrp-273e8268-ff47-49d2-abb6-a548d8808877
2026-05-29 23:10:13.048 10 ERROR ovsdbapp.backend.ovs_idl.command
Traceback (most recent call last):
2026-05-29 23:10:13.048 10 ERROR ovsdbapp.backend.ovs_idl.command
File "/var/lib/openstack/lib/python3.10/site-packages/ovsdbapp/backend/ovs_idl/command.py", line 47, in execute
2026-05-29 23:10:13.048 10 ERROR ovsdbapp.backend.ovs_idl.command self.run_idl(None)
2026-05-29 23:10:13.048 10 ERROR ovsdbapp.backend.ovs_idl.command
File "/var/lib/openstack/lib/python3.10/site-packages/ovsdbapp/backend/ovs_idl/command.py", line 235, in run_idl
2026-05-29 23:10:13.048 10 ERROR ovsdbapp.backend.ovs_idl.command record = self.api.lookup(self.table, self.record)
2026-05-29 23:10:13.048 10 ERROR ovsdbapp.backend.ovs_idl.command
File "/var/lib/openstack/lib/python3.10/site-packages/ovsdbapp/backend/ovs_idl/__init__.py", line 184, in lookup
2026-05-29 23:10:13.048 10 ERROR ovsdbapp.backend.ovs_idl.command return self._lookup(table, record)
2026-05-29 23:10:13.048 10 ERROR ovsdbapp.backend.ovs_idl.command
File "/var/lib/openstack/lib/python3.10/site-packages/ovsdbapp/backend/ovs_idl/__init__.py", line 235, in _lookup
2026-05-29 23:10:13.048 10 ERROR ovsdbapp.backend.ovs_idl.command row = idlutils.row_by_value(self, rl.table, rl.column, record)
2026-05-29 23:10:13.048 10 ERROR ovsdbapp.backend.ovs_idl.command
File "/var/lib/openstack/lib/python3.10/site-packages/ovsdbapp/backend/ovs_idl/idlutils.py", line 114, in row_by_value
2026-05-29 23:10:13.048 10 ERROR ovsdbapp.backend.ovs_idl.command raise RowNotFound(table=table, col=column, match=match)
2026-05-29 23:10:13.048 10 ERROR ovsdbapp.backend.ovs_idl.command ovsdbapp.backend.ovs_idl.idlutils.RowNotFound: Cannot find Logical_Router_Port with name=lrp-273e8268-ff47-49d2-abb6-a548d8808877
2026-05-29 23:10:13.048 10 ERROR ovsdbapp.backend.ovs_idl.command 
2026-05-29 23:10:13.049 10 ERROR neutron_lib.callbacks.manager [None req-0a49bf9c-dd2c-4276-b34b-c4e5bdd0fff2 9a42112421774fe998c6f3b3a9f0108d 5a8eb7c902a74dc3838f84c645e476ef - - default default] Error during notification for neutron.services.ovn_l3.plugin.OVNL3RouterPlugin._port_update-8734285208276 port, after_update: ovsdbapp.backend.ovs_idl.idlutils.RowNotFound: Cannot find Logical_Router_Port with name=lrp-273e8268-ff47-49d2-abb6-a548d8808877
2026-05-29 23:10:13.049 10 ERROR neutron_lib.callbacks.manager
Traceback (most recent call last):
2026-05-29 23:10:13.049 10 ERROR neutron_lib.callbacks.manager
File "/var/lib/openstack/lib/python3.10/site-packages/neutron_lib/callbacks/manager.py", line 189, in _notify_loop
2026-05-29 23:10:13.049 10 ERROR neutron_lib.callbacks.manager callback.method(resource, event, trigger, payload=payload)
2026-05-29 23:10:13.049 10 ERROR neutron_lib.callbacks.manager
File "/var/lib/openstack/lib/python3.10/site-packages/neutron/services/ovn_l3/plugin.py", line 391, in _port_update
2026-05-29 23:10:13.049 10 ERROR neutron_lib.callbacks.manager l3plugin._ovn_client.update_router_port(context,
2026-05-29 23:10:13.049 10 ERROR neutron_lib.callbacks.manager
File "/var/lib/openstack/lib/python3.10/site-packages/neutron/plugins/ml2/drivers/ovn/mech_driver/ovsdb/ovn_client.py", line 1878, in update_router_port
2026-05-29 23:10:13.049 10 ERROR neutron_lib.callbacks.manager self._update_lrouter_port(context, port, if_exists=if_exists,
2026-05-29 23:10:13.049 10 ERROR neutron_lib.callbacks.manager
File "/var/lib/openstack/lib/python3.10/site-packages/neutron/plugins/ml2/drivers/ovn/mech_driver/ovsdb/ovn_client.py", line 1855, in _update_lrouter_port
2026-05-29 23:10:13.049 10 ERROR neutron_lib.callbacks.manager external_ids = self._nb_idl.db_get(
2026-05-29 23:10:13.049 10 ERROR neutron_lib.callbacks.manager
File "/var/lib/openstack/lib/python3.10/site-packages/ovsdbapp/backend/ovs_idl/command.py", line 47, in execute
2026-05-29 23:10:13.049 10 ERROR neutron_lib.callbacks.manager self.run_idl(None)
2026-05-29 23:10:13.049 10 ERROR neutron_lib.callbacks.manager
File "/var/lib/openstack/lib/python3.10/site-packages/ovsdbapp/backend/ovs_idl/command.py", line 235, in run_idl
2026-05-29 23:10:13.049 10 ERROR neutron_lib.callbacks.manager record = self.api.lookup(self.table, self.record)
2026-05-29 23:10:13.049 10 ERROR neutron_lib.callbacks.manager
File "/var/lib/openstack/lib/python3.10/site-packages/ovsdbapp/backend/ovs_idl/__init__.py", line 184, in lookup
2026-05-29 23:10:13.049 10 ERROR neutron_lib.callbacks.manager return self._lookup(table, record)
2026-05-29 23:10:13.049 10 ERROR neutron_lib.callbacks.manager
File "/var/lib/openstack/lib/python3.10/site-packages/ovsdbapp/backend/ovs_idl/__init__.py", line 235, in _lookup
2026-05-29 23:10:13.049 10 ERROR neutron_lib.callbacks.manager row = idlutils.row_by_value(self, rl.table, rl.column, record)
2026-05-29 23:10:13.049 10 ERROR neutron_lib.callbacks.manager
File "/var/lib/openstack/lib/python3.10/site-packages/ovsdbapp/backend/ovs_idl/idlutils.py", line 114, in row_by_value
2026-05-29 23:10:13.049 10 ERROR neutron_lib.callbacks.manager raise RowNotFound(table=table, col=column, match=match)
2026-05-29 23:10:13.049 10 ERROR neutron_lib.callbacks.manager ovsdbapp.backend.ovs_idl.idlutils.RowNotFound: Cannot find Logical_Router_Port with name=lrp-273e8268-ff47-49d2-abb6-a548d8808877
2026-05-29 23:10:13.049 10 ERROR neutron_lib.callbacks.manager 
2026-05-29 23:10:13.146 10 INFO neutron.wsgi [None req-d04a8724-93e3-4b2d-ae29-444405d17db4 36437e1df3f84e798adc8c159e907a5d ee267f41e93b4e5abcdd0f4c172be0fa - - default default] 10.0.0.236 "DELETE /v2.0/ports/c1f2cfa9-a6a1-4bcf-b2d5-ef090bf5fc22 HTTP/1.1" status: 204 len: 168 time: 0.3782625
2026-05-29 23:10:13.310 10 INFO neutron.plugins.ml2.drivers.ovn.mech_driver.mech_driver [None req-cd1fc30e-b194-44c5-8abd-9c675b0b6012 - - - - - -] OVN reports status up for port: 273e8268-ff47-49d2-abb6-a548d8808877
2026-05-29 23:10:13.325 10 INFO neutron.plugins.ml2.plugin [None req-cd1fc30e-b194-44c5-8abd-9c675b0b6012 - - - - - -] Attempt 1 to provision port 273e8268-ff47-49d2-abb6-a548d8808877
2026-05-29 23:10:13.347 10 INFO neutron.db.ovn_revision_numbers_db [None req-0a49bf9c-dd2c-4276-b34b-c4e5bdd0fff2 9a42112421774fe998c6f3b3a9f0108d 5a8eb7c902a74dc3838f84c645e476ef - - default default] Successfully bumped revision number for resource 273e8268-ff47-49d2-abb6-a548d8808877 (type: ports) to 1
2026-05-29 23:10:13.440 10 WARNING neutron.scheduler.dhcp_agent_scheduler [None req-0a49bf9c-dd2c-4276-b34b-c4e5bdd0fff2 9a42112421774fe998c6f3b3a9f0108d 5a8eb7c902a74dc3838f84c645e476ef - - default default] No more DHCP agents
2026-05-29 23:10:13.442 10 WARNING neutron.api.rpc.agentnotifiers.dhcp_rpc_agent_api [None req-0a49bf9c-dd2c-4276-b34b-c4e5bdd0fff2 9a42112421774fe998c6f3b3a9f0108d 5a8eb7c902a74dc3838f84c645e476ef - - default default] Unable to schedule network 426b5b15-2c60-465a-b1cb-f3ae241996d2: no agents available; will retry on subsequent port and subnet creation events.
2026-05-29 23:10:13.599 9 INFO neutron.services.segments.plugin [-] Segment 54d90d50-8d5a-4f1f-bc83-952ec11114eb resource provider aggregate not found
2026-05-29 23:10:13.606 9 INFO neutron.services.segments.plugin [-] Segment 54d90d50-8d5a-4f1f-bc83-952ec11114eb resource provider aggregate not found
2026-05-29 23:10:13.617 9 INFO neutron.services.segments.plugin [-] Segment 54d90d50-8d5a-4f1f-bc83-952ec11114eb resource provider not found; error: Placement Client Error (4xx): {"errors": [{"status": 404, "title": "Not Found", "detail": "The resource could not be found.\n\n No resource provider with uuid 54d90d50-8d5a-4f1f-bc83-952ec11114eb found for delete ", "request_id": "req-0c26f8d5-c531-464b-9ca5-5e6e47e7b942"}]}
2026-05-29 23:10:13.629 9 INFO neutron.services.segments.plugin [-] Segment 54d90d50-8d5a-4f1f-bc83-952ec11114eb resource provider not found; error: Placement Client Error (4xx): {"errors": [{"status": 404, "title": "Not Found", "detail": "The resource could not be found.\n\n No resource provider with uuid 54d90d50-8d5a-4f1f-bc83-952ec11114eb found for delete ", "request_id": "req-4ba7ecd0-f073-490b-88c9-ad4ff0691bdd"}]}
2026-05-29 23:10:13.637 9 INFO neutron.wsgi [None req-383abf5a-5481-482d-a79e-85d5394e7675 36437e1df3f84e798adc8c159e907a5d ee267f41e93b4e5abcdd0f4c172be0fa - - default default] 10.0.0.236 "DELETE /v2.0/networks/458ac2df-7224-47b7-ba46-65b31b2fe435 HTTP/1.1" status: 204 len: 168 time: 0.4844022
2026-05-29 23:10:14.174 10 INFO neutron.db.ovn_revision_numbers_db [None req-cd1fc30e-b194-44c5-8abd-9c675b0b6012 - - - - - -] Successfully bumped revision number for resource 273e8268-ff47-49d2-abb6-a548d8808877 (type: ports) to 2
2026-05-29 23:10:14.321 10 ERROR ovsdbapp.backend.ovs_idl.command [None req-cd1fc30e-b194-44c5-8abd-9c675b0b6012 - - - - - -] Error executing command (DbGetCommand): ovsdbapp.backend.ovs_idl.idlutils.RowNotFound: Cannot find Logical_Router_Port with name=lrp-273e8268-ff47-49d2-abb6-a548d8808877
2026-05-29 23:10:14.321 10 ERROR ovsdbapp.backend.ovs_idl.command
Traceback (most recent call last):
2026-05-29 23:10:14.321 10 ERROR ovsdbapp.backend.ovs_idl.command
File "/var/lib/openstack/lib/python3.10/site-packages/ovsdbapp/backend/ovs_idl/command.py", line 47, in execute
2026-05-29 23:10:14.321 10 ERROR ovsdbapp.backend.ovs_idl.command self.run_idl(None)
2026-05-29 23:10:14.321 10 ERROR ovsdbapp.backend.ovs_idl.command
File "/var/lib/openstack/lib/python3.10/site-packages/ovsdbapp/backend/ovs_idl/command.py", line 235, in run_idl
2026-05-29 23:10:14.321 10 ERROR ovsdbapp.backend.ovs_idl.command record = self.api.lookup(self.table, self.record)
2026-05-29 23:10:14.321 10 ERROR ovsdbapp.backend.ovs_idl.command
File "/var/lib/openstack/lib/python3.10/site-packages/ovsdbapp/backend/ovs_idl/__init__.py", line 184, in lookup
2026-05-29 23:10:14.321 10 ERROR ovsdbapp.backend.ovs_idl.command return self._lookup(table, record)
2026-05-29 23:10:14.321 10 ERROR ovsdbapp.backend.ovs_idl.command
File "/var/lib/openstack/lib/python3.10/site-packages/ovsdbapp/backend/ovs_idl/__init__.py", line 235, in _lookup
2026-05-29 23:10:14.321 10 ERROR ovsdbapp.backend.ovs_idl.command row = idlutils.row_by_value(self, rl.table, rl.column, record)
2026-05-29 23:10:14.321 10 ERROR ovsdbapp.backend.ovs_idl.command
File "/var/lib/openstack/lib/python3.10/site-packages/ovsdbapp/backend/ovs_idl/idlutils.py", line 114, in row_by_value
2026-05-29 23:10:14.321 10 ERROR ovsdbapp.backend.ovs_idl.command raise RowNotFound(table=table, col=column, match=match)
2026-05-29 23:10:14.321 10 ERROR ovsdbapp.backend.ovs_idl.command ovsdbapp.backend.ovs_idl.idlutils.RowNotFound: Cannot find Logical_Router_Port with name=lrp-273e8268-ff47-49d2-abb6-a548d8808877
2026-05-29 23:10:14.321 10 ERROR ovsdbapp.backend.ovs_idl.command 
2026-05-29 23:10:14.321 10 ERROR neutron_lib.callbacks.manager [None req-cd1fc30e-b194-44c5-8abd-9c675b0b6012 - - - - - -] Error during notification for neutron.services.ovn_l3.plugin.OVNL3RouterPlugin._port_update-8734285208276 port, after_update: ovsdbapp.backend.ovs_idl.idlutils.RowNotFound: Cannot find Logical_Router_Port with name=lrp-273e8268-ff47-49d2-abb6-a548d8808877
2026-05-29 23:10:14.321 10 ERROR neutron_lib.callbacks.manager
Traceback (most recent call last):
2026-05-29 23:10:14.321 10 ERROR neutron_lib.callbacks.manager
File "/var/lib/openstack/lib/python3.10/site-packages/neutron_lib/callbacks/manager.py", line 189, in _notify_loop
2026-05-29 23:10:14.321 10 ERROR neutron_lib.callbacks.manager callback.method(resource, event, trigger, payload=payload)
2026-05-29 23:10:14.321 10 ERROR neutron_lib.callbacks.manager
File "/var/lib/openstack/lib/python3.10/site-packages/neutron/services/ovn_l3/plugin.py", line 391, in _port_update
2026-05-29 23:10:14.321 10 ERROR neutron_lib.callbacks.manager l3plugin._ovn_client.update_router_port(context,
2026-05-29 23:10:14.321 10 ERROR neutron_lib.callbacks.manager
File "/var/lib/openstack/lib/python3.10/site-packages/neutron/plugins/ml2/drivers/ovn/mech_driver/ovsdb/ovn_client.py", line 1878, in update_router_port
2026-05-29 23:10:14.321 10 ERROR neutron_lib.callbacks.manager self._update_lrouter_port(context, port, if_exists=if_exists,
2026-05-29 23:10:14.321 10 ERROR neutron_lib.callbacks.manager
File "/var/lib/openstack/lib/python3.10/site-packages/neutron/plugins/ml2/drivers/ovn/mech_driver/ovsdb/ovn_client.py", line 1855, in _update_lrouter_port
2026-05-29 23:10:14.321 10 ERROR neutron_lib.callbacks.manager external_ids = self._nb_idl.db_get(
2026-05-29 23:10:14.321 10 ERROR neutron_lib.callbacks.manager
File "/var/lib/openstack/lib/python3.10/site-packages/ovsdbapp/backend/ovs_idl/command.py", line 47, in execute
2026-05-29 23:10:14.321 10 ERROR neutron_lib.callbacks.manager self.run_idl(None)
2026-05-29 23:10:14.321 10 ERROR neutron_lib.callbacks.manager
File "/var/lib/openstack/lib/python3.10/site-packages/ovsdbapp/backend/ovs_idl/command.py", line 235, in run_idl
2026-05-29 23:10:14.321 10 ERROR neutron_lib.callbacks.manager record = self.api.lookup(self.table, self.record)
2026-05-29 23:10:14.321 10 ERROR neutron_lib.callbacks.manager
File "/var/lib/openstack/lib/python3.10/site-packages/ovsdbapp/backend/ovs_idl/__init__.py", line 184, in lookup
2026-05-29 23:10:14.321 10 ERROR neutron_lib.callbacks.manager return self._lookup(table, record)
2026-05-29 23:10:14.321 10 ERROR neutron_lib.callbacks.manager
File "/var/lib/openstack/lib/python3.10/site-packages/ovsdbapp/backend/ovs_idl/__init__.py", line 235, in _lookup
2026-05-29 23:10:14.321 10 ERROR neutron_lib.callbacks.manager row = idlutils.row_by_value(self, rl.table, rl.column, record)
2026-05-29 23:10:14.321 10 ERROR neutron_lib.callbacks.manager
File "/var/lib/openstack/lib/python3.10/site-packages/ovsdbapp/backend/ovs_idl/idlutils.py", line 114, in row_by_value
2026-05-29 23:10:14.321 10 ERROR neutron_lib.callbacks.manager raise RowNotFound(table=table, col=column, match=match)
2026-05-29 23:10:14.321 10 ERROR neutron_lib.callbacks.manager ovsdbapp.backend.ovs_idl.idlutils.RowNotFound: Cannot find Logical_Router_Port with name=lrp-273e8268-ff47-49d2-abb6-a548d8808877
2026-05-29 23:10:14.321 10 ERROR neutron_lib.callbacks.manager 
2026-05-29 23:10:14.497 9 INFO neutron.db.ovn_revision_numbers_db [None req-f5519af7-4f62-4f08-a8c9-125e6dcd01de ab3cbb9511254b219bbae3528b6e57de 6ee8476e3035491ea5b7eb8ed6bb6fa9 - - default default] Successfully bumped revision number for resource 12aff62e-72b2-4805-a615-20793e8fdc52 (type: security_groups) to 1
2026-05-29 23:10:14.511 9 INFO neutron.db.ovn_revision_numbers_db [None req-f5519af7-4f62-4f08-a8c9-125e6dcd01de ab3cbb9511254b219bbae3528b6e57de 6ee8476e3035491ea5b7eb8ed6bb6fa9 - - default default] Successfully bumped revision number for resource 15360610-94bf-4bd5-8b09-1c350ab38b4d (type: security_group_rules) to 0
2026-05-29 23:10:14.524 9 INFO neutron.db.ovn_revision_numbers_db [None req-f5519af7-4f62-4f08-a8c9-125e6dcd01de ab3cbb9511254b219bbae3528b6e57de 6ee8476e3035491ea5b7eb8ed6bb6fa9 - - default default] Successfully bumped revision number for resource 24e5ed2c-dce9-4912-9b36-3c9bcdacfdf5 (type: security_group_rules) to 0
2026-05-29 23:10:14.547 9 INFO neutron.db.ovn_revision_numbers_db [None req-f5519af7-4f62-4f08-a8c9-125e6dcd01de ab3cbb9511254b219bbae3528b6e57de 6ee8476e3035491ea5b7eb8ed6bb6fa9 - - default default] Successfully bumped revision number for resource 4f215b3c-cbb4-4410-ad1b-e92f85682176 (type: security_group_rules) to 0
2026-05-29 23:10:14.576 9 INFO neutron.db.ovn_revision_numbers_db [None req-f5519af7-4f62-4f08-a8c9-125e6dcd01de ab3cbb9511254b219bbae3528b6e57de 6ee8476e3035491ea5b7eb8ed6bb6fa9 - - default default] Successfully bumped revision number for resource b52498ba-6785-40e0-861a-7697b684df3a (type: security_group_rules) to 0
2026-05-29 23:10:14.601 9 INFO neutron.wsgi [None req-f5519af7-4f62-4f08-a8c9-125e6dcd01de ab3cbb9511254b219bbae3528b6e57de 6ee8476e3035491ea5b7eb8ed6bb6fa9 - - default default] 10.0.0.236 "GET /v2.0/security-groups?tenant_id=f134471ad9d848fb94ba8660411fd646&name=default HTTP/1.1" status: 200 len: 3124 time: 0.3738258
2026-05-29 23:10:14.625 10 INFO neutron.db.ovn_revision_numbers_db [None req-0a49bf9c-dd2c-4276-b34b-c4e5bdd0fff2 9a42112421774fe998c6f3b3a9f0108d 5a8eb7c902a74dc3838f84c645e476ef - - default default] Successfully bumped revision number for resource 273e8268-ff47-49d2-abb6-a548d8808877 (type: router_ports) to 1
2026-05-29 23:10:14.858 9 INFO neutron.wsgi [None req-dc140586-d572-4992-8dd5-1dcd71b64bdb ab3cbb9511254b219bbae3528b6e57de 6ee8476e3035491ea5b7eb8ed6bb6fa9 - - default default] 10.0.0.236 "DELETE /v2.0/security-groups/12aff62e-72b2-4805-a615-20793e8fdc52 HTTP/1.1" status: 204 len: 168 time: 0.2515647
2026-05-29 23:10:14.882 10 WARNING neutron.scheduler.dhcp_agent_scheduler [None req-b5346932-e33c-43f5-98b9-47a4f21a659a - - - - - -] No more DHCP agents
2026-05-29 23:10:14.885 10 WARNING neutron.api.rpc.agentnotifiers.dhcp_rpc_agent_api [None req-b5346932-e33c-43f5-98b9-47a4f21a659a - - - - - -] Unable to schedule network 426b5b15-2c60-465a-b1cb-f3ae241996d2: no agents available; will retry on subsequent port and subnet creation events.
2026-05-29 23:10:14.955 9 WARNING neutron.plugins.ml2.drivers.ovn.mech_driver.ovsdb.ovn_client [None req-9171f50c-43ca-4628-a8d4-926af4e89bc0 - - - - - -] No hosting information found for port 295fb8fe-3f1b-468b-b31a-8736fdc40916: RuntimeError: No hosting information found for port 295fb8fe-3f1b-468b-b31a-8736fdc40916
2026-05-29 23:10:15.052 9 INFO neutron.wsgi [None req-fd342f91-599e-4bff-ae5b-fcde0109ce25 ab3cbb9511254b219bbae3528b6e57de 6ee8476e3035491ea5b7eb8ed6bb6fa9 - - default default] 10.0.0.236 "GET /v2.0/security-groups?tenant_id=ee267f41e93b4e5abcdd0f4c172be0fa&name=default HTTP/1.1" status: 200 len: 3124 time: 0.0431926
2026-05-29 23:10:15.065 10 INFO neutron.db.ovn_revision_numbers_db [None req-b5346932-e33c-43f5-98b9-47a4f21a659a - - - - - -] Successfully bumped revision number for resource 5d3eddb2-ef7c-4257-a2a0-a1cc961cb701 (type: ports) to 1
2026-05-29 23:10:15.288 9 INFO neutron.wsgi [None req-562a6c55-629e-4731-bebe-d3a65a5f5a66 ab3cbb9511254b219bbae3528b6e57de 6ee8476e3035491ea5b7eb8ed6bb6fa9 - - default default] 10.0.0.236 "DELETE /v2.0/security-groups/77350b18-329c-4308-8d0b-d56c8318b7b3 HTTP/1.1" status: 204 len: 168 time: 0.2313993
2026-05-29 23:10:15.323 10 INFO neutron.db.ovn_revision_numbers_db [None req-b5346932-e33c-43f5-98b9-47a4f21a659a - - - - - -] Successfully bumped revision number for resource 5d3eddb2-ef7c-4257-a2a0-a1cc961cb701 (type: ports) to 1
2026-05-29 23:10:15.404 12 ERROR oslo_messaging.rpc.server [None req-e4aa3e54-ea58-48a7-aabd-f59b7ed07401 9a42112421774fe998c6f3b3a9f0108d 5a8eb7c902a74dc3838f84c645e476ef - - default default] Exception during message handling: sqlalchemy.exc.PendingRollbackError: This Session's transaction has been rolled back due to a previous exception during flush. To begin a new transaction with this Session, first issue Session.rollback(). Original exception was: (pymysql.err.IntegrityError) (1062, "Duplicate entry '116a4c2c-2fcd-4f12-a297-84c86c14106d-7f8c289b-324d-5730-9e99-4ef' for key 'routervpnagentbindings.PRIMARY'") [SQL: INSERT INTO routervpnagentbindings (router_id, vpn_agent_id) VALUES (%(router_id)s, %(vpn_agent_id)s)] [parameters: {'router_id': '116a4c2c-2fcd-4f12-a297-84c86c14106d', 'vpn_agent_id': '7f8c289b-324d-5730-9e99-4ef7b9787024'}] (Background on this error at: https://sqlalche.me/e/14/gkpj) (Background on this error at: https://sqlalche.me/e/14/7s2a)
2026-05-29 23:10:15.404 12 ERROR oslo_messaging.rpc.server
Traceback (most recent call last):
2026-05-29 23:10:15.404 12 ERROR oslo_messaging.rpc.server
File "/var/lib/openstack/lib/python3.10/site-packages/oslo_messaging/rpc/server.py", line 165, in _process_incoming
2026-05-29 23:10:15.404 12 ERROR oslo_messaging.rpc.server res = self.dispatcher.dispatch(message)
2026-05-29 23:10:15.404 12 ERROR oslo_messaging.rpc.server
File "/var/lib/openstack/lib/python3.10/site-packages/oslo_messaging/rpc/dispatcher.py", line 309, in dispatch
2026-05-29 23:10:15.404 12 ERROR oslo_messaging.rpc.server return self._do_dispatch(endpoint, method, ctxt, args)
2026-05-29 23:10:15.404 12 ERROR oslo_messaging.rpc.server
File "/var/lib/openstack/lib/python3.10/site-packages/oslo_messaging/rpc/dispatcher.py", line 229, in _do_dispatch
2026-05-29 23:10:15.404 12 ERROR oslo_messaging.rpc.server result = func(ctxt, **new_args)
2026-05-29 23:10:15.404 12 ERROR oslo_messaging.rpc.server
File "/var/lib/openstack/lib/python3.10/site-packages/oslo_db/sqlalchemy/enginefacade.py", line 998, in wrapper
2026-05-29 23:10:15.404 12 ERROR oslo_messaging.rpc.server return fn(*args, **kwargs)
2026-05-29 23:10:15.404 12 ERROR oslo_messaging.rpc.server
File "/var/lib/openstack/lib/python3.10/site-packages/neutron_vpnaas/services/vpn/service_drivers/base_ipsec.py", line 80, in get_vpn_services_on_host
2026-05-29 23:10:15.404 12 ERROR oslo_messaging.rpc.server local_cidr_map = plugin._build_local_subnet_cidr_map(context)
2026-05-29 23:10:15.404 12 ERROR oslo_messaging.rpc.server
File "/var/lib/openstack/lib/python3.10/site-packages/neutron_vpnaas/db/vpn/vpn_db.py", line 729, in _build_local_subnet_cidr_map
2026-05-29 23:10:15.404 12 ERROR oslo_messaging.rpc.server return {sn.id: sn.cidr for sn in query.all()}
2026-05-29 23:10:15.404 12 ERROR oslo_messaging.rpc.server
File "/var/lib/openstack/lib/python3.10/site-packages/sqlalchemy/orm/query.py", line 2773, in all
2026-05-29 23:10:15.404 12 ERROR oslo_messaging.rpc.server return self._iter().all()
2026-05-29 23:10:15.404 12 ERROR oslo_messaging.rpc.server
File "/var/lib/openstack/lib/python3.10/site-packages/sqlalchemy/orm/query.py", line 2916, in _iter
2026-05-29 23:10:15.404 12 ERROR oslo_messaging.rpc.server result = self.session.execute(
2026-05-29 23:10:15.404 12 ERROR oslo_messaging.rpc.server
File "/var/lib/openstack/lib/python3.10/site-packages/sqlalchemy/orm/session.py", line 1716, in execute
2026-05-29 23:10:15.404 12 ERROR oslo_messaging.rpc.server conn = self._connection_for_bind(bind)
2026-05-29 23:10:15.404 12 ERROR oslo_messaging.rpc.server
File "/var/lib/openstack/lib/python3.10/site-packages/sqlalchemy/orm/session.py", line 1555, in _connection_for_bind
2026-05-29 23:10:15.404 12 ERROR oslo_messaging.rpc.server return self._transaction._connection_for_bind(
2026-05-29 23:10:15.404 12 ERROR oslo_messaging.rpc.server
File "/var/lib/openstack/lib/python3.10/site-packages/sqlalchemy/orm/session.py", line 724, in _connection_for_bind
2026-05-29 23:10:15.404 12 ERROR oslo_messaging.rpc.server self._assert_active()
2026-05-29 23:10:15.404 12 ERROR oslo_messaging.rpc.server
File "/var/lib/openstack/lib/python3.10/site-packages/sqlalchemy/orm/session.py", line 604, in _assert_active
2026-05-29 23:10:15.404 12 ERROR oslo_messaging.rpc.server raise sa_exc.PendingRollbackError(
2026-05-29 23:10:15.404 12 ERROR oslo_messaging.rpc.server sqlalchemy.exc.PendingRollbackError: This Session's transaction has been rolled back due to a previous exception during flush. To begin a new transaction with this Session, first issue Session.rollback(). Original exception was: (pymysql.err.IntegrityError) (1062, "Duplicate entry '116a4c2c-2fcd-4f12-a297-84c86c14106d-7f8c289b-324d-5730-9e99-4ef' for key 'routervpnagentbindings.PRIMARY'")
2026-05-29 23:10:15.404 12 ERROR oslo_messaging.rpc.server [SQL: INSERT INTO routervpnagentbindings (router_id, vpn_agent_id) VALUES (%(router_id)s, %(vpn_agent_id)s)]
2026-05-29 23:10:15.404 12 ERROR oslo_messaging.rpc.server [parameters: {'router_id': '116a4c2c-2fcd-4f12-a297-84c86c14106d', 'vpn_agent_id': '7f8c289b-324d-5730-9e99-4ef7b9787024'}]
2026-05-29 23:10:15.404 12 ERROR oslo_messaging.rpc.server (Background on this error at: https://sqlalche.me/e/14/gkpj) (Background on this error at: https://sqlalche.me/e/14/7s2a)
2026-05-29 23:10:15.404 12 ERROR oslo_messaging.rpc.server 
2026-05-29 23:10:15.548 10 INFO neutron.wsgi [None req-0a49bf9c-dd2c-4276-b34b-c4e5bdd0fff2 9a42112421774fe998c6f3b3a9f0108d 5a8eb7c902a74dc3838f84c645e476ef - - default default] 10.0.0.236 "POST /v2.0/vpn/vpnservices HTTP/1.1" status: 201 len: 656 time: 5.9858785
2026-05-29 23:10:15.566 9 INFO neutron.wsgi [None req-74b7241c-9c9e-419c-b994-cb8a8ba6254c 9a42112421774fe998c6f3b3a9f0108d 5a8eb7c902a74dc3838f84c645e476ef - - default default] 10.0.0.236 "GET /v2.0/vpn/vpnservices HTTP/1.1" status: 200 len: 1499 time: 0.0136566
2026-05-29 23:10:16.632 10 WARNING neutron_lib.context [None req-7d1bb5f4-f145-48d8-9bd4-928a3e07996f f8f587a7aa1645c5a32e0a108a167d32 abadab36ce3a4acfa42707772821973a - - default default] Method 'is_advsvc' is deprecated since 2023.2 release (neutron-lib 3.8.0) and will be removed once support for the old RBAC API policies will be removed from Neutron. Please use method 'is_service_role' instead.
2026-05-29 23:10:16.829 10 INFO neutron.db.ovn_revision_numbers_db [None req-7d1bb5f4-f145-48d8-9bd4-928a3e07996f f8f587a7aa1645c5a32e0a108a167d32 abadab36ce3a4acfa42707772821973a - - default default] Successfully bumped revision number for resource 42343adb-1d45-4a4f-b3ca-be85d2579250 (type: security_groups) to 1
2026-05-29 23:10:16.857 10 INFO neutron.db.ovn_revision_numbers_db [None req-7d1bb5f4-f145-48d8-9bd4-928a3e07996f f8f587a7aa1645c5a32e0a108a167d32 abadab36ce3a4acfa42707772821973a - - default default] Successfully bumped revision number for resource 11eeb306-b24a-4787-91d0-5355617f344f (type: security_group_rules) to 0
2026-05-29 23:10:16.883 10 INFO neutron.db.ovn_revision_numbers_db [None req-7d1bb5f4-f145-48d8-9bd4-928a3e07996f f8f587a7aa1645c5a32e0a108a167d32 abadab36ce3a4acfa42707772821973a - - default default] Successfully bumped revision number for resource 1359320f-303e-4ebf-b1e9-908a5e784d1f (type: security_group_rules) to 0
2026-05-29 23:10:16.912 10 INFO neutron.db.ovn_revision_numbers_db [None req-7d1bb5f4-f145-48d8-9bd4-928a3e07996f f8f587a7aa1645c5a32e0a108a167d32 abadab36ce3a4acfa42707772821973a - - default default] Successfully bumped revision number for resource 7dc3e6f9-2ca7-42ec-8b69-87507d5676cb (type: security_group_rules) to 0
2026-05-29 23:10:16.935 10 INFO neutron.db.ovn_revision_numbers_db [None req-7d1bb5f4-f145-48d8-9bd4-928a3e07996f f8f587a7aa1645c5a32e0a108a167d32 abadab36ce3a4acfa42707772821973a - - default default] Successfully bumped revision number for resource 8ce47eb0-cc13-446e-9708-1324a3134954 (type: security_group_rules) to 0
2026-05-29 23:10:17.000 10 INFO neutron.db.segments_db [None req-7d1bb5f4-f145-48d8-9bd4-928a3e07996f f8f587a7aa1645c5a32e0a108a167d32 abadab36ce3a4acfa42707772821973a - - default default] Added segment dcc2567d-5e37-4e17-b705-962faca46809 of type geneve for network f305761d-daea-4974-b4a3-e0c9659e5207
2026-05-29 23:10:17.168 10 INFO neutron.db.ovn_revision_numbers_db [None req-7d1bb5f4-f145-48d8-9bd4-928a3e07996f f8f587a7aa1645c5a32e0a108a167d32 abadab36ce3a4acfa42707772821973a - - default default] Successfully bumped revision number for resource f305761d-daea-4974-b4a3-e0c9659e5207 (type: networks) to 1
2026-05-29 23:10:17.357 10 WARNING neutron.scheduler.dhcp_agent_scheduler [None req-7d1bb5f4-f145-48d8-9bd4-928a3e07996f f8f587a7aa1645c5a32e0a108a167d32 abadab36ce3a4acfa42707772821973a - - default default] No more DHCP agents
2026-05-29 23:10:17.361 10 WARNING neutron.api.rpc.agentnotifiers.dhcp_rpc_agent_api [None req-7d1bb5f4-f145-48d8-9bd4-928a3e07996f f8f587a7aa1645c5a32e0a108a167d32 abadab36ce3a4acfa42707772821973a - - default default] Unable to schedule network f305761d-daea-4974-b4a3-e0c9659e5207: no agents available; will retry on subsequent port and subnet creation events.
2026-05-29 23:10:17.481 10 INFO neutron.db.ovn_revision_numbers_db [None req-7d1bb5f4-f145-48d8-9bd4-928a3e07996f f8f587a7aa1645c5a32e0a108a167d32 abadab36ce3a4acfa42707772821973a - - default default] Successfully bumped revision number for resource 4fa18b7c-a064-4fed-b042-9d56986770d9 (type: ports) to 1
2026-05-29 23:10:17.506 10 INFO neutron.wsgi [None req-7d1bb5f4-f145-48d8-9bd4-928a3e07996f f8f587a7aa1645c5a32e0a108a167d32 abadab36ce3a4acfa42707772821973a - - default default] 10.0.0.236 "POST /v2.0/networks HTTP/1.1" status: 201 len: 839 time: 1.0953181
2026-05-29 23:10:17.518 9 WARNING neutron_lib.context [None req-b951e35c-844f-41d7-93fb-cbe3c07b2a2d f8f587a7aa1645c5a32e0a108a167d32 abadab36ce3a4acfa42707772821973a - - default default] Method 'is_advsvc' is deprecated since 2023.2 release (neutron-lib 3.8.0) and will be removed once support for the old RBAC API policies will be removed from Neutron. Please use method 'is_service_role' instead.
2026-05-29 23:10:17.848 9 WARNING neutron.scheduler.dhcp_agent_scheduler [None req-b951e35c-844f-41d7-93fb-cbe3c07b2a2d f8f587a7aa1645c5a32e0a108a167d32 abadab36ce3a4acfa42707772821973a - - default default] No more DHCP agents
2026-05-29 23:10:17.850 9 WARNING neutron.api.rpc.agentnotifiers.dhcp_rpc_agent_api [None req-b951e35c-844f-41d7-93fb-cbe3c07b2a2d f8f587a7aa1645c5a32e0a108a167d32 abadab36ce3a4acfa42707772821973a - - default default] Unable to schedule network f305761d-daea-4974-b4a3-e0c9659e5207: no agents available; will retry on subsequent port and subnet creation events.
2026-05-29 23:10:18.533 9 INFO neutron.db.ovn_revision_numbers_db [None req-b951e35c-844f-41d7-93fb-cbe3c07b2a2d f8f587a7aa1645c5a32e0a108a167d32 abadab36ce3a4acfa42707772821973a - - default default] Successfully bumped revision number for resource 4fa18b7c-a064-4fed-b042-9d56986770d9 (type: ports) to 2
2026-05-29 23:10:18.627 9 INFO neutron.db.ovn_revision_numbers_db [None req-b951e35c-844f-41d7-93fb-cbe3c07b2a2d f8f587a7aa1645c5a32e0a108a167d32 abadab36ce3a4acfa42707772821973a - - default default] Successfully bumped revision number for resource 183b751a-802b-48ec-9d71-61c6539ed89a (type: subnets) to 0
2026-05-29 23:10:18.644 9 INFO neutron.wsgi [None req-b951e35c-844f-41d7-93fb-cbe3c07b2a2d f8f587a7aa1645c5a32e0a108a167d32 abadab36ce3a4acfa42707772821973a - - default default] 10.0.0.236 "POST /v2.0/subnets HTTP/1.1" status: 201 len: 833 time: 1.1324651
2026-05-29 23:10:18.703 9 INFO neutron.services.segments.plugin [-] Segment 36eb2231-2957-4239-bbfd-a4a52f9c6ec4 resource provider aggregate not found
2026-05-29 23:10:18.709 9 INFO neutron.services.segments.plugin [-] Segment 36eb2231-2957-4239-bbfd-a4a52f9c6ec4 resource provider aggregate not found
2026-05-29 23:10:18.723 10 WARNING neutron_lib.context [None req-8e5e7671-bbfa-4a64-bc9d-c43fee917af5 f3152eb6ad9f4f88845402c214a58e03 23783490df564996adc99ba3480f51e4 - - default default] Method 'is_advsvc' is deprecated since 2023.2 release (neutron-lib 3.8.0) and will be removed once support for the old RBAC API policies will be removed from Neutron. Please use method 'is_service_role' instead.
2026-05-29 23:10:18.724 9 INFO neutron.services.segments.plugin [-] Segment 36eb2231-2957-4239-bbfd-a4a52f9c6ec4 resource provider not found; error: Placement Client Error (4xx): {"errors": [{"status": 404, "title": "Not Found", "detail": "The resource could not be found.\n\n No resource provider with uuid 36eb2231-2957-4239-bbfd-a4a52f9c6ec4 found for delete ", "request_id": "req-095a2527-e0bf-4915-8231-05cf09733eed"}]}
2026-05-29 23:10:18.730 9 INFO neutron.services.segments.plugin [-] Segment 36eb2231-2957-4239-bbfd-a4a52f9c6ec4 resource provider not found; error: Placement Client Error (4xx): {"errors": [{"status": 404, "title": "Not Found", "detail": "The resource could not be found.\n\n No resource provider with uuid 36eb2231-2957-4239-bbfd-a4a52f9c6ec4 found for delete ", "request_id": "req-782db5e0-c4bf-4473-b908-3dee25db0daa"}]}
2026-05-29 23:10:18.764 9 INFO neutron.wsgi [None req-016db223-da81-4516-97ab-57f7d0992670 9a42112421774fe998c6f3b3a9f0108d 5a8eb7c902a74dc3838f84c645e476ef - - default default] 10.0.0.236 "DELETE /v2.0/vpn/vpnservices/993e4ae3-3907-41dc-be7b-b9c30defd699 HTTP/1.1" status: 204 len: 168 time: 3.1934538 /var/lib/openstack/lib/python3.10/site-packages/pycadf/identifier.py:71: UserWarning: Invalid uuid: neutron. To ensure interoperability, identifiers should be a valid uuid. warnings.warn(('Invalid uuid: %s. To ensure interoperability, '
2026-05-29 23:10:18.788 9 INFO neutron.wsgi [None req-39408cfc-9081-42ba-84dc-65d9039efcc3 9a42112421774fe998c6f3b3a9f0108d 5a8eb7c902a74dc3838f84c645e476ef - - default default] 10.0.0.236 "GET /v2.0/vpn/vpnservices HTTP/1.1" status: 200 len: 1055 time: 0.0167856
2026-05-29 23:10:18.804 9 WARNING neutron_lib.context [None req-d574a3a1-1a31-418a-9832-056ecbdff3a4 9a42112421774fe998c6f3b3a9f0108d 5a8eb7c902a74dc3838f84c645e476ef - - default default] Method 'is_advsvc' is deprecated since 2023.2 release (neutron-lib 3.8.0) and will be removed once support for the old RBAC API policies will be removed from Neutron. Please use method 'is_service_role' instead.
2026-05-29 23:10:18.877 9 INFO neutron.wsgi [None req-b79b51c5-21f3-45e8-bf21-35c91798b64f e59657c910d949829e8459fb7203c742 66cd5287247f4040a1192ac5f9618bb4 - - default default] 10.0.0.236 "GET /v2.0/subnetpools?name=shared-default-subnetpool-v6 HTTP/1.1" status: 200 len: 212 time: 0.2285087
2026-05-29 23:10:18.890 9 WARNING neutron_lib.context [None req-427e8b6f-bb87-4863-9aeb-55b644a30a2e f8f587a7aa1645c5a32e0a108a167d32 abadab36ce3a4acfa42707772821973a - - default default] Method 'is_advsvc' is deprecated since 2023.2 release (neutron-lib 3.8.0) and will be removed once support for the old RBAC API policies will be removed from Neutron. Please use method 'is_service_role' instead.
2026-05-29 23:10:18.904 10 INFO neutron.db.ovn_revision_numbers_db [None req-8e5e7671-bbfa-4a64-bc9d-c43fee917af5 f3152eb6ad9f4f88845402c214a58e03 23783490df564996adc99ba3480f51e4 - - default default] Successfully bumped revision number for resource 319729dc-a908-440d-bd10-bcf8df52646c (type: security_groups) to 1
2026-05-29 23:10:18.925 10 INFO neutron.db.ovn_revision_numbers_db [None req-8e5e7671-bbfa-4a64-bc9d-c43fee917af5 f3152eb6ad9f4f88845402c214a58e03 23783490df564996adc99ba3480f51e4 - - default default] Successfully bumped revision number for resource 9dcbc70c-49cc-47e5-b3c5-18035f7a4753 (type: security_group_rules) to 0
2026-05-29 23:10:18.944 10 INFO neutron.db.ovn_revision_numbers_db [None req-8e5e7671-bbfa-4a64-bc9d-c43fee917af5 f3152eb6ad9f4f88845402c214a58e03 23783490df564996adc99ba3480f51e4 - - default default] Successfully bumped revision number for resource edf483ff-e4a2-4359-b116-dd9a2c602ae5 (type: security_group_rules) to 0
2026-05-29 23:10:18.959 9 INFO neutron.api.v2.resource [None req-d574a3a1-1a31-418a-9832-056ecbdff3a4 9a42112421774fe998c6f3b3a9f0108d 5a8eb7c902a74dc3838f84c645e476ef - - default default] create failed (client error): The server could not comply with the request since it is either malformed or otherwise incorrect.
2026-05-29 23:10:18.961 9 INFO neutron.wsgi [None req-d574a3a1-1a31-418a-9832-056ecbdff3a4 9a42112421774fe998c6f3b3a9f0108d 5a8eb7c902a74dc3838f84c645e476ef - - default default] 10.0.0.236 "POST /v2.0/vpn/ipsec-site-connections HTTP/1.1" status: 400 len: 330 time: 0.1648135
2026-05-29 23:10:18.963 10 INFO neutron.db.ovn_revision_numbers_db [None req-8e5e7671-bbfa-4a64-bc9d-c43fee917af5 f3152eb6ad9f4f88845402c214a58e03 23783490df564996adc99ba3480f51e4 - - default default] Successfully bumped revision number for resource f5ef0a87-fbf0-4619-a85c-e2777727b387 (type: security_group_rules) to 0
2026-05-29 23:10:18.980 9 WARNING neutron_lib.context [None req-70827248-43bd-417f-898f-08dd7bd413b6 9a42112421774fe998c6f3b3a9f0108d 5a8eb7c902a74dc3838f84c645e476ef - - default default] Method 'is_advsvc' is deprecated since 2023.2 release (neutron-lib 3.8.0) and will be removed once support for the old RBAC API policies will be removed from Neutron. Please use method 'is_service_role' instead.
2026-05-29 23:10:18.997 10 INFO neutron.db.ovn_revision_numbers_db [None req-8e5e7671-bbfa-4a64-bc9d-c43fee917af5 f3152eb6ad9f4f88845402c214a58e03 23783490df564996adc99ba3480f51e4 - - default default] Successfully bumped revision number for resource fe584174-f187-4c5e-9896-39723e587b0f (type: security_group_rules) to 0
2026-05-29 23:10:19.058 10 INFO neutron.db.segments_db [None req-8e5e7671-bbfa-4a64-bc9d-c43fee917af5 f3152eb6ad9f4f88845402c214a58e03 23783490df564996adc99ba3480f51e4 - - default default] Added segment 4e973936-cf84-4a3e-b995-dd7d989fd4ff of type geneve for network 96c106d9-68f9-4aa8-9628-9f25b28a1b1d
2026-05-29 23:10:19.106 9 INFO neutron.api.v2.resource [None req-70827248-43bd-417f-898f-08dd7bd413b6 9a42112421774fe998c6f3b3a9f0108d 5a8eb7c902a74dc3838f84c645e476ef - - default default] create failed (client error): The server could not comply with the request since it is either malformed or otherwise incorrect.
2026-05-29 23:10:19.107 9 INFO neutron.wsgi [None req-70827248-43bd-417f-898f-08dd7bd413b6 9a42112421774fe998c6f3b3a9f0108d 5a8eb7c902a74dc3838f84c645e476ef - - default default] 10.0.0.236 "POST /v2.0/vpn/ipsec-site-connections HTTP/1.1" status: 400 len: 339 time: 0.1359406
2026-05-29 23:10:19.132 9 WARNING neutron.api.v2.base [None req-69fe1cab-5cdf-4f2b-976e-341a8b237b72 9a42112421774fe998c6f3b3a9f0108d 5a8eb7c902a74dc3838f84c645e476ef - - default default] An exception happened while processing the request body. The exception message is [Invalid input for dpd. Reason: '59' is not a dictionary.].: webob.exc.HTTPBadRequest: Invalid input for dpd. Reason: '59' is not a dictionary.
2026-05-29 23:10:19.133 9 INFO neutron.api.v2.resource [None req-69fe1cab-5cdf-4f2b-976e-341a8b237b72 9a42112421774fe998c6f3b3a9f0108d 5a8eb7c902a74dc3838f84c645e476ef - - default default] create failed (client error): Invalid input for dpd. Reason: '59' is not a dictionary.
2026-05-29 23:10:19.134 9 INFO neutron.wsgi [None req-69fe1cab-5cdf-4f2b-976e-341a8b237b72 9a42112421774fe998c6f3b3a9f0108d 5a8eb7c902a74dc3838f84c645e476ef - - default default] 10.0.0.236 "POST /v2.0/vpn/ipsec-site-connections HTTP/1.1" status: 400 len: 332 time: 0.0181653
2026-05-29 23:10:19.147 9 WARNING neutron_lib.context [None req-4c5e7e23-9b2d-4f1e-b8a0-9a4d1715f2ab 9a42112421774fe998c6f3b3a9f0108d 5a8eb7c902a74dc3838f84c645e476ef - - default default] Method 'is_advsvc' is deprecated since 2023.2 release (neutron-lib 3.8.0) and will be removed once support for the old RBAC API policies will be removed from Neutron. Please use method 'is_service_role' instead.
2026-05-29 23:10:19.254 9 INFO neutron.wsgi [None req-4c5e7e23-9b2d-4f1e-b8a0-9a4d1715f2ab 9a42112421774fe998c6f3b3a9f0108d 5a8eb7c902a74dc3838f84c645e476ef - - default default] 10.0.0.236 "POST /v2.0/vpn/endpoint-groups HTTP/1.1" status: 201 len: 493 time: 0.1130378
2026-05-29 23:10:19.265 10 WARNING neutron_lib.context [None req-c0c568b5-b0bd-4521-8ffa-329fb2fdaa6a 9a42112421774fe998c6f3b3a9f0108d 5a8eb7c902a74dc3838f84c645e476ef - - default default] Method 'is_advsvc' is deprecated since 2023.2 release (neutron-lib 3.8.0) and will be removed once support for the old RBAC API policies will be removed from Neutron. Please use method 'is_service_role' instead.
