2026-05-29 23:08:02.196 10 INFO neutron.db.ovn_revision_numbers_db [None req-f2ff79d6-0b8a-4ff6-82b1-5c05e13d9122 3a3f3d77a4e2402893bb1c0314537030 0bd649c7523d4fe7908617843bf324a4 - - default default] Successfully bumped revision number for resource a70449c4-6cb2-4699-927c-353f52be04df (type: security_groups) to 1
2026-05-29 23:08:02.210 10 INFO neutron.db.ovn_revision_numbers_db [None req-f2ff79d6-0b8a-4ff6-82b1-5c05e13d9122 3a3f3d77a4e2402893bb1c0314537030 0bd649c7523d4fe7908617843bf324a4 - - default default] Successfully bumped revision number for resource 01c8efee-91a2-48c3-94c4-891dac3cb1ce (type: security_group_rules) to 0
2026-05-29 23:08:02.233 10 INFO neutron.db.ovn_revision_numbers_db [None req-f2ff79d6-0b8a-4ff6-82b1-5c05e13d9122 3a3f3d77a4e2402893bb1c0314537030 0bd649c7523d4fe7908617843bf324a4 - - default default] Successfully bumped revision number for resource 525649a2-d570-41d6-8218-47de47e51b84 (type: security_group_rules) to 0
2026-05-29 23:08:02.255 10 INFO neutron.db.ovn_revision_numbers_db [None req-f2ff79d6-0b8a-4ff6-82b1-5c05e13d9122 3a3f3d77a4e2402893bb1c0314537030 0bd649c7523d4fe7908617843bf324a4 - - default default] Successfully bumped revision number for resource 55bfb97f-ed0d-4b11-a35f-7417dc53978f (type: security_group_rules) to 0
2026-05-29 23:08:02.285 10 INFO neutron.wsgi [req-87ee1968-7e9a-4aa5-a9d5-212506238a4e req-b1506131-1706-4636-907e-5fcc3f6f8e2f adfd2eeae501404e9b1de9880bdc34e5 c76df086dce94837b53cd075607f7af4 - - default default] 10.0.0.80 "GET /v2.0/ports?device_id=2be36cd7-0fc2-4f93-8d9e-022795f1661e HTTP/1.1" status: 200 len: 1212 time: 0.0419970
2026-05-29 23:08:02.287 10 INFO neutron.db.ovn_revision_numbers_db [None req-f2ff79d6-0b8a-4ff6-82b1-5c05e13d9122 3a3f3d77a4e2402893bb1c0314537030 0bd649c7523d4fe7908617843bf324a4 - - default default] Successfully bumped revision number for resource 9aee9f25-8395-4753-8188-2a88b225da76 (type: security_group_rules) to 0
2026-05-29 23:08:02.359 10 INFO neutron.db.segments_db [None req-f2ff79d6-0b8a-4ff6-82b1-5c05e13d9122 3a3f3d77a4e2402893bb1c0314537030 0bd649c7523d4fe7908617843bf324a4 - - default default] Added segment 347ec193-bc26-477d-bcc8-9273ed2b3e93 of type geneve for network bf553276-4081-4e8f-8240-90a38dbb339f
2026-05-29 23:08:02.363 10 INFO neutron.wsgi [req-87ee1968-7e9a-4aa5-a9d5-212506238a4e req-f90e0e42-2bf3-4b85-8f03-e87059cdcb90 adfd2eeae501404e9b1de9880bdc34e5 c76df086dce94837b53cd075607f7af4 - - default default] 10.0.0.80 "GET /v2.0/security-groups?id=47b8a892-a165-4026-b51c-df36403ff6ae&id=f2cdea59-6cdd-4b7e-877f-e8ced1229e5f&fields=id&fields=name HTTP/1.1" status: 200 len: 405 time: 0.0729406
2026-05-29 23:08:02.395 9 INFO neutron.wsgi [None req-491e80c8-75bd-4462-bcdd-8de4941c0c9d ab3cbb9511254b219bbae3528b6e57de 6ee8476e3035491ea5b7eb8ed6bb6fa9 - - default default] 10.0.0.236 "DELETE /v2.0/security-groups/bb7a70d4-afcc-49af-a906-04ddc33d9662 HTTP/1.1" status: 204 len: 168 time: 0.3354635
2026-05-29 23:08:02.415 10 INFO neutron.wsgi [req-002f966d-ef72-4921-9fbf-4584d08dbb75 req-dc095df6-35ca-4bba-97a9-c9efcce4a779 747d93d86cbc4e75b60b0df86f94a4de 6c0afb4fc087416d9e0d9c24b4b30fba - - 1d17189322a742f9821374995584d28c 1d17189322a742f9821374995584d28c] 199.204.45.22 "GET /v2.0/networks?id=59e13bd5-e0a7-47fa-ab0a-34e9c8080b49 HTTP/1.1" status: 200 len: 970 time: 0.0881238
2026-05-29 23:08:02.453 10 INFO neutron.wsgi [req-002f966d-ef72-4921-9fbf-4584d08dbb75 req-6f9ce750-6e3c-4924-bcd7-896db067fbea 747d93d86cbc4e75b60b0df86f94a4de 6c0afb4fc087416d9e0d9c24b4b30fba - - 1d17189322a742f9821374995584d28c 1d17189322a742f9821374995584d28c] 199.204.45.22 "GET /v2.0/floatingips?fixed_ip_address=10.100.0.14&port_id=358fd82a-9ab1-4c1b-948b-86a53ecdb3e2 HTTP/1.1" status: 200 len: 217 time: 0.0233972
2026-05-29 23:08:02.484 9 INFO neutron.wsgi [req-e8177cef-1758-4125-ad48-99cf95768b8b req-eef4aa12-96c6-4d2f-b21a-1146dfd8a519 747d93d86cbc4e75b60b0df86f94a4de 6c0afb4fc087416d9e0d9c24b4b30fba - - 1d17189322a742f9821374995584d28c 1d17189322a742f9821374995584d28c] 199.204.45.22 "GET /v2.0/ports?device_id=2be36cd7-0fc2-4f93-8d9e-022795f1661e HTTP/1.1" status: 200 len: 1450 time: 0.0723872
2026-05-29 23:08:02.518 10 INFO neutron.wsgi [req-002f966d-ef72-4921-9fbf-4584d08dbb75 req-c31c22dd-4770-429f-9d7f-a430c8f2c504 747d93d86cbc4e75b60b0df86f94a4de 6c0afb4fc087416d9e0d9c24b4b30fba - - 1d17189322a742f9821374995584d28c 1d17189322a742f9821374995584d28c] 199.204.45.22 "GET /v2.0/subnets?id=27f03fb0-ce0a-43b6-9251-44d9811ee290 HTTP/1.1" status: 200 len: 865 time: 0.0582376
2026-05-29 23:08:02.560 9 INFO neutron.wsgi [req-e8177cef-1758-4125-ad48-99cf95768b8b req-d2c23016-2b2f-49c3-81df-11bba67a6fc5 747d93d86cbc4e75b60b0df86f94a4de 6c0afb4fc087416d9e0d9c24b4b30fba - - 1d17189322a742f9821374995584d28c 1d17189322a742f9821374995584d28c] 199.204.45.22 "GET /v2.0/security-groups?id=47b8a892-a165-4026-b51c-df36403ff6ae&id=f2cdea59-6cdd-4b7e-877f-e8ced1229e5f&fields=id&fields=name HTTP/1.1" status: 200 len: 405 time: 0.0671761
2026-05-29 23:08:02.561 10 INFO neutron.wsgi [req-002f966d-ef72-4921-9fbf-4584d08dbb75 req-984c3e66-dc91-493a-93e8-3c3dca657e67 747d93d86cbc4e75b60b0df86f94a4de 6c0afb4fc087416d9e0d9c24b4b30fba - - 1d17189322a742f9821374995584d28c 1d17189322a742f9821374995584d28c] 199.204.45.22 "GET /v2.0/ports?network_id=59e13bd5-e0a7-47fa-ab0a-34e9c8080b49&device_owner=network%3Adhcp HTTP/1.1" status: 200 len: 210 time: 0.0324497
2026-05-29 23:08:02.629 10 INFO neutron.db.ovn_revision_numbers_db [None req-f2ff79d6-0b8a-4ff6-82b1-5c05e13d9122 3a3f3d77a4e2402893bb1c0314537030 0bd649c7523d4fe7908617843bf324a4 - - default default] Successfully bumped revision number for resource bf553276-4081-4e8f-8240-90a38dbb339f (type: networks) to 1
2026-05-29 23:08:02.676 10 INFO neutron.wsgi [req-002f966d-ef72-4921-9fbf-4584d08dbb75 req-f67a654d-2f48-404c-af01-ec2ecee0835e 747d93d86cbc4e75b60b0df86f94a4de 6c0afb4fc087416d9e0d9c24b4b30fba - - 1d17189322a742f9821374995584d28c 1d17189322a742f9821374995584d28c] 199.204.45.22 "GET /v2.0/networks/59e13bd5-e0a7-47fa-ab0a-34e9c8080b49?fields=segments HTTP/1.1" status: 200 len: 212 time: 0.0834937
2026-05-29 23:08:02.768 9 ERROR ovsdbapp.backend.ovs_idl.command [None req-d787074d-65b7-406b-9e25-f49cb115e801 fefbcf93697c45499496aeca60bb7082 0fd316a85c274ecbbc14669b85aa001f - - default default] Error executing command (DbGetCommand): ovsdbapp.backend.ovs_idl.idlutils.RowNotFound: Cannot find Logical_Router_Port with name=lrp-3c3eadd0-9dbf-48fc-8a9c-8cb31a344f30
2026-05-29 23:08:02.768 9 ERROR ovsdbapp.backend.ovs_idl.command
Traceback (most recent call last):
2026-05-29 23:08:02.768 9 ERROR ovsdbapp.backend.ovs_idl.command
File "/var/lib/openstack/lib/python3.10/site-packages/ovsdbapp/backend/ovs_idl/command.py", line 47, in execute
2026-05-29 23:08:02.768 9 ERROR ovsdbapp.backend.ovs_idl.command self.run_idl(None)
2026-05-29 23:08:02.768 9 ERROR ovsdbapp.backend.ovs_idl.command
File "/var/lib/openstack/lib/python3.10/site-packages/ovsdbapp/backend/ovs_idl/command.py", line 235, in run_idl
2026-05-29 23:08:02.768 9 ERROR ovsdbapp.backend.ovs_idl.command record = self.api.lookup(self.table, self.record)
2026-05-29 23:08:02.768 9 ERROR ovsdbapp.backend.ovs_idl.command
File "/var/lib/openstack/lib/python3.10/site-packages/ovsdbapp/backend/ovs_idl/__init__.py", line 184, in lookup
2026-05-29 23:08:02.768 9 ERROR ovsdbapp.backend.ovs_idl.command return self._lookup(table, record)
2026-05-29 23:08:02.768 9 ERROR ovsdbapp.backend.ovs_idl.command
File "/var/lib/openstack/lib/python3.10/site-packages/ovsdbapp/backend/ovs_idl/__init__.py", line 235, in _lookup
2026-05-29 23:08:02.768 9 ERROR ovsdbapp.backend.ovs_idl.command row = idlutils.row_by_value(self, rl.table, rl.column, record)
2026-05-29 23:08:02.768 9 ERROR ovsdbapp.backend.ovs_idl.command
File "/var/lib/openstack/lib/python3.10/site-packages/ovsdbapp/backend/ovs_idl/idlutils.py", line 114, in row_by_value
2026-05-29 23:08:02.768 9 ERROR ovsdbapp.backend.ovs_idl.command raise RowNotFound(table=table, col=column, match=match)
2026-05-29 23:08:02.768 9 ERROR ovsdbapp.backend.ovs_idl.command ovsdbapp.backend.ovs_idl.idlutils.RowNotFound: Cannot find Logical_Router_Port with name=lrp-3c3eadd0-9dbf-48fc-8a9c-8cb31a344f30
2026-05-29 23:08:02.768 9 ERROR ovsdbapp.backend.ovs_idl.command 
2026-05-29 23:08:02.769 9 ERROR neutron_lib.callbacks.manager [None req-d787074d-65b7-406b-9e25-f49cb115e801 fefbcf93697c45499496aeca60bb7082 0fd316a85c274ecbbc14669b85aa001f - - default default] Error during notification for neutron.services.ovn_l3.plugin.OVNL3RouterPlugin._port_update-8734285208276 port, after_update: ovsdbapp.backend.ovs_idl.idlutils.RowNotFound: Cannot find Logical_Router_Port with name=lrp-3c3eadd0-9dbf-48fc-8a9c-8cb31a344f30
2026-05-29 23:08:02.769 9 ERROR neutron_lib.callbacks.manager
Traceback (most recent call last):
2026-05-29 23:08:02.769 9 ERROR neutron_lib.callbacks.manager
File "/var/lib/openstack/lib/python3.10/site-packages/neutron_lib/callbacks/manager.py", line 189, in _notify_loop
2026-05-29 23:08:02.769 9 ERROR neutron_lib.callbacks.manager callback.method(resource, event, trigger, payload=payload)
2026-05-29 23:08:02.769 9 ERROR neutron_lib.callbacks.manager
File "/var/lib/openstack/lib/python3.10/site-packages/neutron/services/ovn_l3/plugin.py", line 391, in _port_update
2026-05-29 23:08:02.769 9 ERROR neutron_lib.callbacks.manager l3plugin._ovn_client.update_router_port(context,
2026-05-29 23:08:02.769 9 ERROR neutron_lib.callbacks.manager
File "/var/lib/openstack/lib/python3.10/site-packages/neutron/plugins/ml2/drivers/ovn/mech_driver/ovsdb/ovn_client.py", line 1878, in update_router_port
2026-05-29 23:08:02.769 9 ERROR neutron_lib.callbacks.manager self._update_lrouter_port(context, port, if_exists=if_exists,
2026-05-29 23:08:02.769 9 ERROR neutron_lib.callbacks.manager
File "/var/lib/openstack/lib/python3.10/site-packages/neutron/plugins/ml2/drivers/ovn/mech_driver/ovsdb/ovn_client.py", line 1855, in _update_lrouter_port
2026-05-29 23:08:02.769 9 ERROR neutron_lib.callbacks.manager external_ids = self._nb_idl.db_get(
2026-05-29 23:08:02.769 9 ERROR neutron_lib.callbacks.manager
File "/var/lib/openstack/lib/python3.10/site-packages/ovsdbapp/backend/ovs_idl/command.py", line 47, in execute
2026-05-29 23:08:02.769 9 ERROR neutron_lib.callbacks.manager self.run_idl(None)
2026-05-29 23:08:02.769 9 ERROR neutron_lib.callbacks.manager
File "/var/lib/openstack/lib/python3.10/site-packages/ovsdbapp/backend/ovs_idl/command.py", line 235, in run_idl
2026-05-29 23:08:02.769 9 ERROR neutron_lib.callbacks.manager record = self.api.lookup(self.table, self.record)
2026-05-29 23:08:02.769 9 ERROR neutron_lib.callbacks.manager
File "/var/lib/openstack/lib/python3.10/site-packages/ovsdbapp/backend/ovs_idl/__init__.py", line 184, in lookup
2026-05-29 23:08:02.769 9 ERROR neutron_lib.callbacks.manager return self._lookup(table, record)
2026-05-29 23:08:02.769 9 ERROR neutron_lib.callbacks.manager
File "/var/lib/openstack/lib/python3.10/site-packages/ovsdbapp/backend/ovs_idl/__init__.py", line 235, in _lookup
2026-05-29 23:08:02.769 9 ERROR neutron_lib.callbacks.manager row = idlutils.row_by_value(self, rl.table, rl.column, record)
2026-05-29 23:08:02.769 9 ERROR neutron_lib.callbacks.manager
File "/var/lib/openstack/lib/python3.10/site-packages/ovsdbapp/backend/ovs_idl/idlutils.py", line 114, in row_by_value
2026-05-29 23:08:02.769 9 ERROR neutron_lib.callbacks.manager raise RowNotFound(table=table, col=column, match=match)
2026-05-29 23:08:02.769 9 ERROR neutron_lib.callbacks.manager ovsdbapp.backend.ovs_idl.idlutils.RowNotFound: Cannot find Logical_Router_Port with name=lrp-3c3eadd0-9dbf-48fc-8a9c-8cb31a344f30
2026-05-29 23:08:02.769 9 ERROR neutron_lib.callbacks.manager 
2026-05-29 23:08:02.977 9 INFO neutron.db.ovn_revision_numbers_db [None req-d787074d-65b7-406b-9e25-f49cb115e801 fefbcf93697c45499496aeca60bb7082 0fd316a85c274ecbbc14669b85aa001f - - default default] Successfully bumped revision number for resource 3c3eadd0-9dbf-48fc-8a9c-8cb31a344f30 (type: ports) to 1
2026-05-29 23:08:03.047 10 INFO neutron.wsgi [req-002f966d-ef72-4921-9fbf-4584d08dbb75 req-3abf3fec-5cea-41f2-a8e9-e6fe6a71f615 747d93d86cbc4e75b60b0df86f94a4de 6c0afb4fc087416d9e0d9c24b4b30fba - - 1d17189322a742f9821374995584d28c 1d17189322a742f9821374995584d28c] 199.204.45.22 "GET /v2.0/networks/59e13bd5-e0a7-47fa-ab0a-34e9c8080b49?fields=provider%3Aphysical_network&fields=provider%3Anetwork_type HTTP/1.1" status: 200 len: 277 time: 0.3624299
2026-05-29 23:08:03.060 9 WARNING neutron.scheduler.dhcp_agent_scheduler [None req-d787074d-65b7-406b-9e25-f49cb115e801 fefbcf93697c45499496aeca60bb7082 0fd316a85c274ecbbc14669b85aa001f - - default default] No more DHCP agents
2026-05-29 23:08:03.062 9 WARNING neutron.api.rpc.agentnotifiers.dhcp_rpc_agent_api [None req-d787074d-65b7-406b-9e25-f49cb115e801 fefbcf93697c45499496aeca60bb7082 0fd316a85c274ecbbc14669b85aa001f - - default default] Unable to schedule network 77ca87b9-f13e-4f19-85ce-7b0221a7c42a: no agents available; will retry on subsequent port and subnet creation events.
2026-05-29 23:08:03.130 10 WARNING neutron.scheduler.dhcp_agent_scheduler [None req-f2ff79d6-0b8a-4ff6-82b1-5c05e13d9122 3a3f3d77a4e2402893bb1c0314537030 0bd649c7523d4fe7908617843bf324a4 - - default default] No more DHCP agents
2026-05-29 23:08:03.132 10 WARNING neutron.api.rpc.agentnotifiers.dhcp_rpc_agent_api [None req-f2ff79d6-0b8a-4ff6-82b1-5c05e13d9122 3a3f3d77a4e2402893bb1c0314537030 0bd649c7523d4fe7908617843bf324a4 - - default default] Unable to schedule network bf553276-4081-4e8f-8240-90a38dbb339f: no agents available; will retry on subsequent port and subnet creation events.
2026-05-29 23:08:03.214 10 INFO neutron.db.ovn_revision_numbers_db [None req-f2ff79d6-0b8a-4ff6-82b1-5c05e13d9122 3a3f3d77a4e2402893bb1c0314537030 0bd649c7523d4fe7908617843bf324a4 - - default default] Successfully bumped revision number for resource 00048a7a-eb47-4849-a80b-c66b440697ea (type: ports) to 1
2026-05-29 23:08:03.231 9 INFO neutron.db.ovn_revision_numbers_db [None req-d787074d-65b7-406b-9e25-f49cb115e801 fefbcf93697c45499496aeca60bb7082 0fd316a85c274ecbbc14669b85aa001f - - default default] Successfully bumped revision number for resource 3c3eadd0-9dbf-48fc-8a9c-8cb31a344f30 (type: router_ports) to 1
2026-05-29 23:08:03.234 10 INFO neutron.wsgi [None req-f2ff79d6-0b8a-4ff6-82b1-5c05e13d9122 3a3f3d77a4e2402893bb1c0314537030 0bd649c7523d4fe7908617843bf324a4 - - default default] 10.0.0.236 "POST /v2.0/networks HTTP/1.1" status: 201 len: 848 time: 1.3053958
2026-05-29 23:08:03.238 9 INFO neutron.wsgi [None req-d787074d-65b7-406b-9e25-f49cb115e801 fefbcf93697c45499496aeca60bb7082 0fd316a85c274ecbbc14669b85aa001f - - default default] 10.0.0.236 "PUT /v2.0/routers/12f8813b-f2dc-4b08-8173-af3fadfdbd62/add_router_interface HTTP/1.1" status: 200 len: 503 time: 1.9996405
2026-05-29 23:08:03.245 9 WARNING neutron_lib.context [None req-2dc33448-1cfe-41f1-a462-e8ca6a2f5545 3a3f3d77a4e2402893bb1c0314537030 0bd649c7523d4fe7908617843bf324a4 - - default default] Method 'is_advsvc' is deprecated since 2023.2 release (neutron-lib 3.8.0) and will be removed once support for the old RBAC API policies will be removed from Neutron. Please use method 'is_service_role' instead.
2026-05-29 23:08:03.280 10 INFO neutron.wsgi [None req-358a8bdf-e533-4b4e-8e26-0fcb9728cbf5 fefbcf93697c45499496aeca60bb7082 0fd316a85c274ecbbc14669b85aa001f - - default default] 10.0.0.236 "GET /v2.0/ports/3c3eadd0-9dbf-48fc-8a9c-8cb31a344f30 HTTP/1.1" status: 200 len: 1147 time: 0.0384758
2026-05-29 23:08:03.396 10 INFO neutron.wsgi [None req-1dae4063-bf82-4d20-9901-7ea5b6b77286 fefbcf93697c45499496aeca60bb7082 0fd316a85c274ecbbc14669b85aa001f - - default default] 10.0.0.236 "GET /v2.0/ports/3c3eadd0-9dbf-48fc-8a9c-8cb31a344f30 HTTP/1.1" status: 200 len: 1147 time: 0.1110201
2026-05-29 23:08:03.557 9 WARNING neutron.scheduler.dhcp_agent_scheduler [None req-2dc33448-1cfe-41f1-a462-e8ca6a2f5545 3a3f3d77a4e2402893bb1c0314537030 0bd649c7523d4fe7908617843bf324a4 - - default default] No more DHCP agents
2026-05-29 23:08:03.559 9 WARNING neutron.api.rpc.agentnotifiers.dhcp_rpc_agent_api [None req-2dc33448-1cfe-41f1-a462-e8ca6a2f5545 3a3f3d77a4e2402893bb1c0314537030 0bd649c7523d4fe7908617843bf324a4 - - default default] Unable to schedule network bf553276-4081-4e8f-8240-90a38dbb339f: no agents available; will retry on subsequent port and subnet creation events.
2026-05-29 23:08:03.566 10 INFO neutron.wsgi [req-03f3cf86-dc75-4c14-8515-2ed29d2a5f68 req-f43a51fb-4405-4b68-990b-e4bd5e17a882 adfd2eeae501404e9b1de9880bdc34e5 c76df086dce94837b53cd075607f7af4 - - default default] 10.0.0.80 "GET /v2.0/ports?device_id=2be36cd7-0fc2-4f93-8d9e-022795f1661e HTTP/1.1" status: 200 len: 1212 time: 0.1336501
2026-05-29 23:08:03.655 10 INFO neutron.wsgi [req-03f3cf86-dc75-4c14-8515-2ed29d2a5f68 req-79a3cf61-a108-4476-9667-eacecbe1280c adfd2eeae501404e9b1de9880bdc34e5 c76df086dce94837b53cd075607f7af4 - - default default] 10.0.0.80 "GET /v2.0/security-groups?id=47b8a892-a165-4026-b51c-df36403ff6ae&id=f2cdea59-6cdd-4b7e-877f-e8ced1229e5f&fields=id&fields=name HTTP/1.1" status: 200 len: 405 time: 0.0813448
2026-05-29 23:08:03.681 9 INFO neutron.db.ovn_revision_numbers_db [None req-2dc33448-1cfe-41f1-a462-e8ca6a2f5545 3a3f3d77a4e2402893bb1c0314537030 0bd649c7523d4fe7908617843bf324a4 - - default default] Successfully bumped revision number for resource 239817df-7cb4-4d42-ac35-80262667053f (type: ports) to 1
2026-05-29 23:08:03.707 9 INFO neutron.wsgi [None req-2dc33448-1cfe-41f1-a462-e8ca6a2f5545 3a3f3d77a4e2402893bb1c0314537030 0bd649c7523d4fe7908617843bf324a4 - - default default] 10.0.0.236 "POST /v2.0/ports HTTP/1.1" status: 201 len: 977 time: 0.4671519
2026-05-29 23:08:03.719 10 WARNING neutron_lib.context [None req-875a0a8e-dfc2-4606-a3ea-7d3f04cb735c 3a3f3d77a4e2402893bb1c0314537030 0bd649c7523d4fe7908617843bf324a4 - - default default] Method 'is_advsvc' is deprecated since 2023.2 release (neutron-lib 3.8.0) and will be removed once support for the old RBAC API policies will be removed from Neutron. Please use method 'is_service_role' instead.
2026-05-29 23:08:03.824 10 INFO neutron.db.segments_db [None req-875a0a8e-dfc2-4606-a3ea-7d3f04cb735c 3a3f3d77a4e2402893bb1c0314537030 0bd649c7523d4fe7908617843bf324a4 - - default default] Added segment cb63d1f6-dec1-47de-b221-7c8cd9bda8f2 of type geneve for network 2dda3dbb-b542-4e21-bd1d-7ac4857533a1
2026-05-29 23:08:04.005 10 INFO neutron.db.ovn_revision_numbers_db [None req-875a0a8e-dfc2-4606-a3ea-7d3f04cb735c 3a3f3d77a4e2402893bb1c0314537030 0bd649c7523d4fe7908617843bf324a4 - - default default] Successfully bumped revision number for resource 2dda3dbb-b542-4e21-bd1d-7ac4857533a1 (type: networks) to 1
2026-05-29 23:08:04.191 10 WARNING neutron.scheduler.dhcp_agent_scheduler [None req-875a0a8e-dfc2-4606-a3ea-7d3f04cb735c 3a3f3d77a4e2402893bb1c0314537030 0bd649c7523d4fe7908617843bf324a4 - - default default] No more DHCP agents
2026-05-29 23:08:04.193 10 WARNING neutron.api.rpc.agentnotifiers.dhcp_rpc_agent_api [None req-875a0a8e-dfc2-4606-a3ea-7d3f04cb735c 3a3f3d77a4e2402893bb1c0314537030 0bd649c7523d4fe7908617843bf324a4 - - default default] Unable to schedule network 2dda3dbb-b542-4e21-bd1d-7ac4857533a1: no agents available; will retry on subsequent port and subnet creation events.
2026-05-29 23:08:04.279 10 INFO neutron.db.ovn_revision_numbers_db [None req-875a0a8e-dfc2-4606-a3ea-7d3f04cb735c 3a3f3d77a4e2402893bb1c0314537030 0bd649c7523d4fe7908617843bf324a4 - - default default] Successfully bumped revision number for resource 0816ffaf-f56f-4bb3-8992-c1f9a5dc5d07 (type: ports) to 1
2026-05-29 23:08:04.301 10 INFO neutron.wsgi [None req-875a0a8e-dfc2-4606-a3ea-7d3f04cb735c 3a3f3d77a4e2402893bb1c0314537030 0bd649c7523d4fe7908617843bf324a4 - - default default] 10.0.0.236 "POST /v2.0/networks HTTP/1.1" status: 201 len: 835 time: 0.5860829
2026-05-29 23:08:04.317 10 WARNING neutron_lib.context [None req-6fcdd7a4-1e12-49b1-9520-9c0c7badc3ca 3a3f3d77a4e2402893bb1c0314537030 0bd649c7523d4fe7908617843bf324a4 - - default default] Method 'is_advsvc' is deprecated since 2023.2 release (neutron-lib 3.8.0) and will be removed once support for the old RBAC API policies will be removed from Neutron. Please use method 'is_service_role' instead. /var/lib/openstack/lib/python3.10/site-packages/pycadf/identifier.py:71: UserWarning: Invalid uuid: neutron. To ensure interoperability, identifiers should be a valid uuid. warnings.warn(('Invalid uuid: %s. To ensure interoperability, '
2026-05-29 23:08:04.505 9 INFO neutron.wsgi [None req-2e21e878-a9fe-4b44-ba93-31f7c758af11 fefbcf93697c45499496aeca60bb7082 0fd316a85c274ecbbc14669b85aa001f - - default default] 10.0.0.236 "GET /v2.0/ports/3c3eadd0-9dbf-48fc-8a9c-8cb31a344f30 HTTP/1.1" status: 200 len: 1147 time: 0.1022973
2026-05-29 23:08:04.583 10 WARNING neutron.scheduler.dhcp_agent_scheduler [None req-6fcdd7a4-1e12-49b1-9520-9c0c7badc3ca 3a3f3d77a4e2402893bb1c0314537030 0bd649c7523d4fe7908617843bf324a4 - - default default] No more DHCP agents
2026-05-29 23:08:04.586 10 WARNING neutron.api.rpc.agentnotifiers.dhcp_rpc_agent_api [None req-6fcdd7a4-1e12-49b1-9520-9c0c7badc3ca 3a3f3d77a4e2402893bb1c0314537030 0bd649c7523d4fe7908617843bf324a4 - - default default] Unable to schedule network 2dda3dbb-b542-4e21-bd1d-7ac4857533a1: no agents available; will retry on subsequent port and subnet creation events.
2026-05-29 23:08:04.626 10 INFO neutron.db.ovn_revision_numbers_db [None req-6fcdd7a4-1e12-49b1-9520-9c0c7badc3ca 3a3f3d77a4e2402893bb1c0314537030 0bd649c7523d4fe7908617843bf324a4 - - default default] Successfully bumped revision number for resource 08b699ef-e73f-4709-aac1-074734c7edab (type: subnets) to 0
2026-05-29 23:08:04.643 10 INFO neutron.wsgi [None req-6fcdd7a4-1e12-49b1-9520-9c0c7badc3ca 3a3f3d77a4e2402893bb1c0314537030 0bd649c7523d4fe7908617843bf324a4 - - default default] 10.0.0.236 "POST /v2.0/subnets HTTP/1.1" status: 201 len: 821 time: 0.3336411
2026-05-29 23:08:04.654 10 WARNING neutron_lib.context [None req-5c659ebd-e59c-41f8-a2e6-e7e6276cf703 3a3f3d77a4e2402893bb1c0314537030 0bd649c7523d4fe7908617843bf324a4 - - default default] Method 'is_advsvc' is deprecated since 2023.2 release (neutron-lib 3.8.0) and will be removed once support for the old RBAC API policies will be removed from Neutron. Please use method 'is_service_role' instead.
2026-05-29 23:08:04.773 10 INFO neutron.wsgi [req-331bef3f-c86f-44be-82b6-453bd2c783f3 req-426d3c86-dcf9-4817-b7d5-33971bf9b529 adfd2eeae501404e9b1de9880bdc34e5 c76df086dce94837b53cd075607f7af4 - - default default] 10.0.0.80 "GET /v2.0/ports?device_id=2be36cd7-0fc2-4f93-8d9e-022795f1661e HTTP/1.1" status: 200 len: 1212 time: 0.0430908
2026-05-29 23:08:04.844 10 INFO neutron.wsgi [req-331bef3f-c86f-44be-82b6-453bd2c783f3 req-6f11b43b-998b-48c1-8203-377d9da00b47 adfd2eeae501404e9b1de9880bdc34e5 c76df086dce94837b53cd075607f7af4 - - default default] 10.0.0.80 "GET /v2.0/security-groups?id=47b8a892-a165-4026-b51c-df36403ff6ae&id=f2cdea59-6cdd-4b7e-877f-e8ced1229e5f&fields=id&fields=name HTTP/1.1" status: 200 len: 405 time: 0.0552120
2026-05-29 23:08:05.030 10 WARNING neutron.scheduler.dhcp_agent_scheduler [None req-5c659ebd-e59c-41f8-a2e6-e7e6276cf703 3a3f3d77a4e2402893bb1c0314537030 0bd649c7523d4fe7908617843bf324a4 - - default default] No more DHCP agents
2026-05-29 23:08:05.032 10 WARNING neutron.api.rpc.agentnotifiers.dhcp_rpc_agent_api [None req-5c659ebd-e59c-41f8-a2e6-e7e6276cf703 3a3f3d77a4e2402893bb1c0314537030 0bd649c7523d4fe7908617843bf324a4 - - default default] Unable to schedule network 2dda3dbb-b542-4e21-bd1d-7ac4857533a1: no agents available; will retry on subsequent port and subnet creation events.
2026-05-29 23:08:05.165 10 INFO neutron.db.ovn_revision_numbers_db [None req-5c659ebd-e59c-41f8-a2e6-e7e6276cf703 3a3f3d77a4e2402893bb1c0314537030 0bd649c7523d4fe7908617843bf324a4 - - default default] Successfully bumped revision number for resource b5b2d7d0-11d2-4b3f-bbc8-ec3aa9f22451 (type: ports) to 1
2026-05-29 23:08:05.192 10 INFO neutron.wsgi [None req-5c659ebd-e59c-41f8-a2e6-e7e6276cf703 3a3f3d77a4e2402893bb1c0314537030 0bd649c7523d4fe7908617843bf324a4 - - default default] 10.0.0.236 "POST /v2.0/ports HTTP/1.1" status: 201 len: 1164 time: 0.5432918 /var/lib/openstack/lib/python3.10/site-packages/pycadf/identifier.py:71: UserWarning: Invalid uuid: neutron. To ensure interoperability, identifiers should be a valid uuid. warnings.warn(('Invalid uuid: %s. To ensure interoperability, '
2026-05-29 23:08:05.536 10 INFO neutron.wsgi [None req-4b279a62-6b72-4fcd-94ce-c8e3c39f112e 3a3f3d77a4e2402893bb1c0314537030 0bd649c7523d4fe7908617843bf324a4 - - default default] 10.0.0.236 "DELETE /v2.0/ports/b5b2d7d0-11d2-4b3f-bbc8-ec3aa9f22451 HTTP/1.1" status: 204 len: 168 time: 0.3313630
2026-05-29 23:08:05.560 10 INFO neutron.pecan_wsgi.hooks.translation [None req-526bf8bb-88eb-41c0-842a-33cca3433ad2 3a3f3d77a4e2402893bb1c0314537030 0bd649c7523d4fe7908617843bf324a4 - - default default] DELETE failed (client error): The resource could not be found.
2026-05-29 23:08:05.560 9 INFO neutron.wsgi [None req-c9065011-e309-4f49-8604-1f834ffb8115 fefbcf93697c45499496aeca60bb7082 0fd316a85c274ecbbc14669b85aa001f - - default default] 10.0.0.236 "GET /v2.0/ports/3c3eadd0-9dbf-48fc-8a9c-8cb31a344f30 HTTP/1.1" status: 200 len: 1147 time: 0.0495517
2026-05-29 23:08:05.562 10 INFO neutron.wsgi [None req-526bf8bb-88eb-41c0-842a-33cca3433ad2 3a3f3d77a4e2402893bb1c0314537030 0bd649c7523d4fe7908617843bf324a4 - - default default] 10.0.0.236 "DELETE /v2.0/ports/b5b2d7d0-11d2-4b3f-bbc8-ec3aa9f22451 HTTP/1.1" status: 404 len: 333 time: 0.0200944
2026-05-29 23:08:05.584 10 INFO neutron.pecan_wsgi.hooks.translation [None req-33bf6f56-7020-4d42-b482-27b8c5050ab9 3a3f3d77a4e2402893bb1c0314537030 0bd649c7523d4fe7908617843bf324a4 - - default default] GET failed (client error): The resource could not be found.
2026-05-29 23:08:05.585 10 INFO neutron.wsgi [None req-33bf6f56-7020-4d42-b482-27b8c5050ab9 3a3f3d77a4e2402893bb1c0314537030 0bd649c7523d4fe7908617843bf324a4 - - default default] 10.0.0.236 "GET /v2.0/ports/b5b2d7d0-11d2-4b3f-bbc8-ec3aa9f22451 HTTP/1.1" status: 404 len: 333 time: 0.0173745
2026-05-29 23:08:05.790 10 INFO neutron.wsgi [None req-7f1fcb5f-fc2d-4a70-8ee7-aea08cb85a24 3a3f3d77a4e2402893bb1c0314537030 0bd649c7523d4fe7908617843bf324a4 - - default default] 10.0.0.236 "DELETE /v2.0/subnets/08b699ef-e73f-4709-aac1-074734c7edab HTTP/1.1" status: 204 len: 168 time: 0.1991053
2026-05-29 23:08:05.956 10 INFO neutron.wsgi [req-64bba434-ee4d-4310-a78a-91e0574dea41 req-b8281bc9-0462-4c64-b64a-b45cb5ddf46a adfd2eeae501404e9b1de9880bdc34e5 c76df086dce94837b53cd075607f7af4 - - default default] 10.0.0.80 "GET /v2.0/ports?device_id=2be36cd7-0fc2-4f93-8d9e-022795f1661e HTTP/1.1" status: 200 len: 1212 time: 0.0507371
2026-05-29 23:08:06.011 10 INFO neutron.wsgi [req-64bba434-ee4d-4310-a78a-91e0574dea41 req-3b5c83dc-1f12-4ebd-9bd2-07448c790b97 adfd2eeae501404e9b1de9880bdc34e5 c76df086dce94837b53cd075607f7af4 - - default default] 10.0.0.80 "GET /v2.0/security-groups?id=47b8a892-a165-4026-b51c-df36403ff6ae&id=f2cdea59-6cdd-4b7e-877f-e8ced1229e5f&fields=id&fields=name HTTP/1.1" status: 200 len: 405 time: 0.0477283
2026-05-29 23:08:06.240 10 WARNING neutron.plugins.ml2.drivers.ovn.mech_driver.ovsdb.ovn_client [None req-cd1fc30e-b194-44c5-8abd-9c675b0b6012 - - - - - -] No hosting information found for port 94df6a14-1cd7-4351-b117-55d3dc1d6bf7: RuntimeError: No hosting information found for port 94df6a14-1cd7-4351-b117-55d3dc1d6bf7
2026-05-29 23:08:06.241 10 INFO neutron.plugins.ml2.drivers.ovn.mech_driver.mech_driver [None req-cd1fc30e-b194-44c5-8abd-9c675b0b6012 - - - - - -] OVN reports status up for port: 358fd82a-9ab1-4c1b-948b-86a53ecdb3e2
2026-05-29 23:08:06.273 10 INFO neutron.plugins.ml2.plugin [None req-cd1fc30e-b194-44c5-8abd-9c675b0b6012 - - - - - -] Attempt 1 to provision port 358fd82a-9ab1-4c1b-948b-86a53ecdb3e2
2026-05-29 23:08:06.315 9 INFO neutron.services.segments.plugin [-] Segment cb63d1f6-dec1-47de-b221-7c8cd9bda8f2 resource provider aggregate not found
2026-05-29 23:08:06.330 9 INFO neutron.services.segments.plugin [-] Segment cb63d1f6-dec1-47de-b221-7c8cd9bda8f2 resource provider aggregate not found
2026-05-29 23:08:06.349 9 INFO neutron.services.segments.plugin [-] Segment cb63d1f6-dec1-47de-b221-7c8cd9bda8f2 resource provider not found; error: Placement Client Error (4xx): {"errors": [{"status": 404, "title": "Not Found", "detail": "The resource could not be found.\n\n No resource provider with uuid cb63d1f6-dec1-47de-b221-7c8cd9bda8f2 found for delete ", "request_id": "req-4cd77018-4cbf-4c20-ae07-428afb5e8685"}]}
2026-05-29 23:08:06.351 9 INFO neutron.services.segments.plugin [-] Segment cb63d1f6-dec1-47de-b221-7c8cd9bda8f2 resource provider not found; error: Placement Client Error (4xx): {"errors": [{"status": 404, "title": "Not Found", "detail": "The resource could not be found.\n\n No resource provider with uuid cb63d1f6-dec1-47de-b221-7c8cd9bda8f2 found for delete ", "request_id": "req-7f44d040-f26f-4719-9f82-7365736bd6b8"}]}
2026-05-29 23:08:06.394 10 INFO neutron.notifiers.nova [-] Nova event matching ['req-447164fc-4201-4238-a0f2-fcacbafd10d9'] response: {'server_uuid': '2be36cd7-0fc2-4f93-8d9e-022795f1661e', 'name': 'network-vif-plugged', 'status': 'completed', 'tag': '358fd82a-9ab1-4c1b-948b-86a53ecdb3e2', 'code': 200}
2026-05-29 23:08:06.400 9 INFO neutron.wsgi [None req-172834d3-3050-488b-9699-9779e09adb90 3a3f3d77a4e2402893bb1c0314537030 0bd649c7523d4fe7908617843bf324a4 - - default default] 10.0.0.236 "DELETE /v2.0/networks/2dda3dbb-b542-4e21-bd1d-7ac4857533a1 HTTP/1.1" status: 204 len: 168 time: 0.5987182
2026-05-29 23:08:06.420 9 WARNING neutron_lib.context [None req-fd3c18e3-56f2-40b7-a16c-8925c299a16f 3a3f3d77a4e2402893bb1c0314537030 0bd649c7523d4fe7908617843bf324a4 - - default default] Method 'is_advsvc' is deprecated since 2023.2 release (neutron-lib 3.8.0) and will be removed once support for the old RBAC API policies will be removed from Neutron. Please use method 'is_service_role' instead.
2026-05-29 23:08:06.537 9 INFO neutron.db.segments_db [None req-fd3c18e3-56f2-40b7-a16c-8925c299a16f 3a3f3d77a4e2402893bb1c0314537030 0bd649c7523d4fe7908617843bf324a4 - - default default] Added segment 155e62e7-7522-4959-94da-c3e4403d5380 of type geneve for network a1475bd0-b891-4937-aa47-4c94e82e9d75
2026-05-29 23:08:06.612 10 INFO neutron.wsgi [None req-b07a0d81-ae20-4d07-9d98-7fb4b5325332 fefbcf93697c45499496aeca60bb7082 0fd316a85c274ecbbc14669b85aa001f - - default default] 10.0.0.236 "GET /v2.0/ports/3c3eadd0-9dbf-48fc-8a9c-8cb31a344f30 HTTP/1.1" status: 200 len: 1147 time: 0.0430973
2026-05-29 23:08:06.623 10 INFO neutron.db.ovn_revision_numbers_db [None req-cd1fc30e-b194-44c5-8abd-9c675b0b6012 - - - - - -] Successfully bumped revision number for resource 358fd82a-9ab1-4c1b-948b-86a53ecdb3e2 (type: ports) to 4
2026-05-29 23:08:06.682 10 INFO neutron.plugins.ml2.drivers.ovn.mech_driver.mech_driver [None req-cd1fc30e-b194-44c5-8abd-9c675b0b6012 - - - - - -] OVN reports status up for port: 3c3eadd0-9dbf-48fc-8a9c-8cb31a344f30
2026-05-29 23:08:06.691 10 INFO neutron.plugins.ml2.plugin [None req-cd1fc30e-b194-44c5-8abd-9c675b0b6012 - - - - - -] Attempt 1 to provision port 3c3eadd0-9dbf-48fc-8a9c-8cb31a344f30
2026-05-29 23:08:07.060 9 INFO neutron.db.ovn_revision_numbers_db [None req-fd3c18e3-56f2-40b7-a16c-8925c299a16f 3a3f3d77a4e2402893bb1c0314537030 0bd649c7523d4fe7908617843bf324a4 - - default default] Successfully bumped revision number for resource a1475bd0-b891-4937-aa47-4c94e82e9d75 (type: networks) to 1 /var/lib/openstack/lib/python3.10/site-packages/pycadf/identifier.py:71: UserWarning: Invalid uuid: neutron. To ensure interoperability, identifiers should be a valid uuid. warnings.warn(('Invalid uuid: %s. To ensure interoperability, '
2026-05-29 23:08:07.135 10 INFO neutron.wsgi [req-c6d2efcd-b53d-4bfa-83ae-4a67b1d124c5 req-f5e684f0-4dd7-4045-949b-420b6a8b3e21 adfd2eeae501404e9b1de9880bdc34e5 c76df086dce94837b53cd075607f7af4 - - default default] 10.0.0.80 "GET /v2.0/ports?device_id=2be36cd7-0fc2-4f93-8d9e-022795f1661e HTTP/1.1" status: 200 len: 1214 time: 0.0510006
2026-05-29 23:08:07.186 10 INFO neutron.db.ovn_revision_numbers_db [None req-cd1fc30e-b194-44c5-8abd-9c675b0b6012 - - - - - -] Successfully bumped revision number for resource 3c3eadd0-9dbf-48fc-8a9c-8cb31a344f30 (type: ports) to 2
2026-05-29 23:08:07.203 10 INFO neutron.wsgi [req-c6d2efcd-b53d-4bfa-83ae-4a67b1d124c5 req-e08efb76-64cd-4135-89f5-60ce72cd8288 adfd2eeae501404e9b1de9880bdc34e5 c76df086dce94837b53cd075607f7af4 - - default default] 10.0.0.80 "GET /v2.0/security-groups?id=47b8a892-a165-4026-b51c-df36403ff6ae&id=f2cdea59-6cdd-4b7e-877f-e8ced1229e5f&fields=id&fields=name HTTP/1.1" status: 200 len: 405 time: 0.0615618
2026-05-29 23:08:07.263 9 WARNING neutron.scheduler.dhcp_agent_scheduler [None req-fd3c18e3-56f2-40b7-a16c-8925c299a16f 3a3f3d77a4e2402893bb1c0314537030 0bd649c7523d4fe7908617843bf324a4 - - default default] No more DHCP agents
2026-05-29 23:08:07.270 9 WARNING neutron.api.rpc.agentnotifiers.dhcp_rpc_agent_api [None req-fd3c18e3-56f2-40b7-a16c-8925c299a16f 3a3f3d77a4e2402893bb1c0314537030 0bd649c7523d4fe7908617843bf324a4 - - default default] Unable to schedule network a1475bd0-b891-4937-aa47-4c94e82e9d75: no agents available; will retry on subsequent port and subnet creation events.
2026-05-29 23:08:07.321 10 INFO neutron.wsgi [req-c393bd35-db31-4cfd-af63-e7ca14593472 req-db5f0fb9-71f8-42ac-963b-9789b85bfca5 adfd2eeae501404e9b1de9880bdc34e5 c76df086dce94837b53cd075607f7af4 - - default default] 10.0.0.80 "GET /v2.0/ports?device_id=2be36cd7-0fc2-4f93-8d9e-022795f1661e HTTP/1.1" status: 200 len: 1214 time: 0.0380270
2026-05-29 23:08:07.349 10 INFO neutron.db.ovn_revision_numbers_db [None req-cd1fc30e-b194-44c5-8abd-9c675b0b6012 - - - - - -] Successfully bumped revision number for resource 3c3eadd0-9dbf-48fc-8a9c-8cb31a344f30 (type: router_ports) to 2
2026-05-29 23:08:07.365 9 INFO neutron.db.ovn_revision_numbers_db [None req-fd3c18e3-56f2-40b7-a16c-8925c299a16f 3a3f3d77a4e2402893bb1c0314537030 0bd649c7523d4fe7908617843bf324a4 - - default default] Successfully bumped revision number for resource 9b2c3ed5-0f58-4698-843c-7e9e391db620 (type: ports) to 1
2026-05-29 23:08:07.398 9 INFO neutron.wsgi [None req-fd3c18e3-56f2-40b7-a16c-8925c299a16f 3a3f3d77a4e2402893bb1c0314537030 0bd649c7523d4fe7908617843bf324a4 - - default default] 10.0.0.236 "POST /v2.0/networks HTTP/1.1" status: 201 len: 834 time: 0.9846416
2026-05-29 23:08:07.408 9 WARNING neutron_lib.context [None req-643cc45e-c98a-49e2-9576-7ab4e8ad80ce 3a3f3d77a4e2402893bb1c0314537030 0bd649c7523d4fe7908617843bf324a4 - - default default] Method 'is_advsvc' is deprecated since 2023.2 release (neutron-lib 3.8.0) and will be removed once support for the old RBAC API policies will be removed from Neutron. Please use method 'is_service_role' instead.
2026-05-29 23:08:07.668 9 WARNING neutron.scheduler.dhcp_agent_scheduler [None req-643cc45e-c98a-49e2-9576-7ab4e8ad80ce 3a3f3d77a4e2402893bb1c0314537030 0bd649c7523d4fe7908617843bf324a4 - - default default] No more DHCP agents
2026-05-29 23:08:07.676 9 INFO neutron.wsgi [None req-fa27b45f-a29d-4587-8fe2-0a98656d7e9b fefbcf93697c45499496aeca60bb7082 0fd316a85c274ecbbc14669b85aa001f - - default default] 10.0.0.236 "GET /v2.0/ports/3c3eadd0-9dbf-48fc-8a9c-8cb31a344f30 HTTP/1.1" status: 200 len: 1149 time: 0.0568676
2026-05-29 23:08:07.677 9 WARNING neutron.api.rpc.agentnotifiers.dhcp_rpc_agent_api [None req-643cc45e-c98a-49e2-9576-7ab4e8ad80ce 3a3f3d77a4e2402893bb1c0314537030 0bd649c7523d4fe7908617843bf324a4 - - default default] Unable to schedule network a1475bd0-b891-4937-aa47-4c94e82e9d75: no agents available; will retry on subsequent port and subnet creation events.
2026-05-29 23:08:07.768 9 INFO neutron.db.ovn_revision_numbers_db [None req-643cc45e-c98a-49e2-9576-7ab4e8ad80ce 3a3f3d77a4e2402893bb1c0314537030 0bd649c7523d4fe7908617843bf324a4 - - default default] Successfully bumped revision number for resource a2b8db86-b4aa-42d3-8d05-1aec748b62f6 (type: subnets) to 0
2026-05-29 23:08:07.810 9 INFO neutron.wsgi [None req-643cc45e-c98a-49e2-9576-7ab4e8ad80ce 3a3f3d77a4e2402893bb1c0314537030 0bd649c7523d4fe7908617843bf324a4 - - default default] 10.0.0.236 "POST /v2.0/subnets HTTP/1.1" status: 201 len: 821 time: 0.4068484
2026-05-29 23:08:07.827 9 WARNING neutron_lib.context [None req-650ffdbb-a4fd-4c0c-aae4-a6012cda78b0 3a3f3d77a4e2402893bb1c0314537030 0bd649c7523d4fe7908617843bf324a4 - - default default] Method 'is_advsvc' is deprecated since 2023.2 release (neutron-lib 3.8.0) and will be removed once support for the old RBAC API policies will be removed from Neutron. Please use method 'is_service_role' instead.
2026-05-29 23:08:08.008 9 INFO neutron.db.ovn_revision_numbers_db [None req-a23fff70-438d-4361-9851-fc2b9aa1d74d ab3cbb9511254b219bbae3528b6e57de 6ee8476e3035491ea5b7eb8ed6bb6fa9 - - default default] Successfully bumped revision number for resource a1d70876-3ef3-4c1a-8e0b-fe0dc5ae9d80 (type: security_groups) to 1
2026-05-29 23:08:08.032 9 INFO neutron.db.ovn_revision_numbers_db [None req-a23fff70-438d-4361-9851-fc2b9aa1d74d ab3cbb9511254b219bbae3528b6e57de 6ee8476e3035491ea5b7eb8ed6bb6fa9 - - default default] Successfully bumped revision number for resource 3ad70775-f54e-457f-a41d-aab35e9d4351 (type: security_group_rules) to 0
2026-05-29 23:08:08.082 9 INFO neutron.db.ovn_revision_numbers_db [None req-a23fff70-438d-4361-9851-fc2b9aa1d74d ab3cbb9511254b219bbae3528b6e57de 6ee8476e3035491ea5b7eb8ed6bb6fa9 - - default default] Successfully bumped revision number for resource 5a1611b0-c9cd-43b6-84f8-883ac97affdb (type: security_group_rules) to 0
2026-05-29 23:08:08.117 9 INFO neutron.db.ovn_revision_numbers_db [None req-a23fff70-438d-4361-9851-fc2b9aa1d74d ab3cbb9511254b219bbae3528b6e57de 6ee8476e3035491ea5b7eb8ed6bb6fa9 - - default default] Successfully bumped revision number for resource c51c3012-2643-49e2-95e9-3781af59c300 (type: security_group_rules) to 0
2026-05-29 23:08:08.144 9 INFO neutron.db.ovn_revision_numbers_db [None req-a23fff70-438d-4361-9851-fc2b9aa1d74d ab3cbb9511254b219bbae3528b6e57de 6ee8476e3035491ea5b7eb8ed6bb6fa9 - - default default] Successfully bumped revision number for resource da6cc991-70eb-436f-855a-8ca461ceaffe (type: security_group_rules) to 0
2026-05-29 23:08:08.190 9 INFO neutron.wsgi [None req-a23fff70-438d-4361-9851-fc2b9aa1d74d ab3cbb9511254b219bbae3528b6e57de 6ee8476e3035491ea5b7eb8ed6bb6fa9 - - default default] 10.0.0.236 "GET /v2.0/security-groups?tenant_id=1971baf1cd684586b3c6d87fdaffa6b4&name=default HTTP/1.1" status: 200 len: 3120 time: 0.6497481
2026-05-29 23:08:08.376 9 WARNING neutron.scheduler.dhcp_agent_scheduler [None req-650ffdbb-a4fd-4c0c-aae4-a6012cda78b0 3a3f3d77a4e2402893bb1c0314537030 0bd649c7523d4fe7908617843bf324a4 - - default default] No more DHCP agents
2026-05-29 23:08:08.383 9 WARNING neutron.api.rpc.agentnotifiers.dhcp_rpc_agent_api [None req-650ffdbb-a4fd-4c0c-aae4-a6012cda78b0 3a3f3d77a4e2402893bb1c0314537030 0bd649c7523d4fe7908617843bf324a4 - - default default] Unable to schedule network a1475bd0-b891-4937-aa47-4c94e82e9d75: no agents available; will retry on subsequent port and subnet creation events.
2026-05-29 23:08:08.433 10 INFO neutron.db.ovn_revision_numbers_db [None req-da67ade4-52ef-42a9-a907-e1f5295a38f4 adfd2eeae501404e9b1de9880bdc34e5 c76df086dce94837b53cd075607f7af4 - - default default] Successfully bumped revision number for resource ba587974-3d9c-435f-b6ab-babb0f89c298 (type: floatingips) to 1
2026-05-29 23:08:08.437 10 INFO neutron.notifiers.nova [-] Nova event matching ['req-8a437c91-9007-4a0b-8804-2dc64b20e732'] response: {'server_uuid': '2be36cd7-0fc2-4f93-8d9e-022795f1661e', 'name': 'network-vif-plugged', 'status': 'completed', 'tag': '358fd82a-9ab1-4c1b-948b-86a53ecdb3e2', 'code': 200}
2026-05-29 23:08:08.585 10 INFO neutron.db.ovn_revision_numbers_db [None req-da67ade4-52ef-42a9-a907-e1f5295a38f4 adfd2eeae501404e9b1de9880bdc34e5 c76df086dce94837b53cd075607f7af4 - - default default] Successfully bumped revision number for resource ba587974-3d9c-435f-b6ab-babb0f89c298 (type: floatingips) to 2
2026-05-29 23:08:08.585 10 INFO neutron.db.l3_db [None req-da67ade4-52ef-42a9-a907-e1f5295a38f4 adfd2eeae501404e9b1de9880bdc34e5 c76df086dce94837b53cd075607f7af4 - - default default] Floating IP ba587974-3d9c-435f-b6ab-babb0f89c298 associated. External IP: 10.96.250.206, port: 358fd82a-9ab1-4c1b-948b-86a53ecdb3e2.
2026-05-29 23:08:08.587 9 INFO neutron.db.ovn_revision_numbers_db [None req-650ffdbb-a4fd-4c0c-aae4-a6012cda78b0 3a3f3d77a4e2402893bb1c0314537030 0bd649c7523d4fe7908617843bf324a4 - - default default] Successfully bumped revision number for resource 23b0b108-fad5-4480-8af5-a6b73a9fd53a (type: ports) to 1
2026-05-29 23:08:08.618 10 INFO neutron.wsgi [None req-da67ade4-52ef-42a9-a907-e1f5295a38f4 adfd2eeae501404e9b1de9880bdc34e5 c76df086dce94837b53cd075607f7af4 - - default default] 10.0.0.236 "PUT /v2.0/floatingips/ba587974-3d9c-435f-b6ab-babb0f89c298 HTTP/1.1" status: 200 len: 1050 time: 1.2788551
2026-05-29 23:08:08.624 9 INFO neutron.wsgi [None req-650ffdbb-a4fd-4c0c-aae4-a6012cda78b0 3a3f3d77a4e2402893bb1c0314537030 0bd649c7523d4fe7908617843bf324a4 - - default default] 10.0.0.236 "POST /v2.0/ports HTTP/1.1" status: 201 len: 1126 time: 0.8082566
2026-05-29 23:08:08.635 9 INFO neutron.wsgi [None req-394b1c83-1e8c-4625-9569-c8be202efff1 ab3cbb9511254b219bbae3528b6e57de 6ee8476e3035491ea5b7eb8ed6bb6fa9 - - default default] 10.0.0.236 "DELETE /v2.0/security-groups/a1d70876-3ef3-4c1a-8e0b-fe0dc5ae9d80 HTTP/1.1" status: 204 len: 168 time: 0.4349947
2026-05-29 23:08:08.778 9 INFO neutron.wsgi [None req-6f791c59-6744-474f-83ff-017397428557 fefbcf93697c45499496aeca60bb7082 0fd316a85c274ecbbc14669b85aa001f - - default default] 10.0.0.236 "PUT /v2.0/routers/12f8813b-f2dc-4b08-8173-af3fadfdbd62/remove_router_interface HTTP/1.1" status: 200 len: 503 time: 1.0837827 /var/lib/openstack/lib/python3.10/site-packages/pycadf/identifier.py:71: UserWarning: Invalid uuid: neutron. To ensure interoperability, identifiers should be a valid uuid. warnings.warn(('Invalid uuid: %s. To ensure interoperability, '
2026-05-29 23:08:08.900 9 INFO neutron.wsgi [None req-23a5f055-b9e1-44ab-99ac-9e383bee928d fefbcf93697c45499496aeca60bb7082 0fd316a85c274ecbbc14669b85aa001f - - default default] 10.0.0.236 "GET /v2.0/ports/94df6a14-1cd7-4351-b117-55d3dc1d6bf7 HTTP/1.1" status: 200 len: 1141 time: 0.1109715
2026-05-29 23:08:08.975 10 INFO neutron.db.ovn_revision_numbers_db [None req-b8d1dc45-5731-4f6d-8bf2-03c58f3cc53d ab3cbb9511254b219bbae3528b6e57de 6ee8476e3035491ea5b7eb8ed6bb6fa9 - - default default] Successfully bumped revision number for resource 89043e07-19df-4af9-bcfa-bf5dbb78d99f (type: security_groups) to 1
2026-05-29 23:08:08.997 10 INFO neutron.db.ovn_revision_numbers_db [None req-b8d1dc45-5731-4f6d-8bf2-03c58f3cc53d ab3cbb9511254b219bbae3528b6e57de 6ee8476e3035491ea5b7eb8ed6bb6fa9 - - default default] Successfully bumped revision number for resource 3a414bad-8493-4c73-be4f-52536f80242e (type: security_group_rules) to 0
2026-05-29 23:08:09.018 10 INFO neutron.db.ovn_revision_numbers_db [None req-b8d1dc45-5731-4f6d-8bf2-03c58f3cc53d ab3cbb9511254b219bbae3528b6e57de 6ee8476e3035491ea5b7eb8ed6bb6fa9 - - default default] Successfully bumped revision number for resource aacedaf9-8965-4c90-ace3-0906821bcbc2 (type: security_group_rules) to 0
2026-05-29 23:08:09.039 10 INFO neutron.db.ovn_revision_numbers_db [None req-b8d1dc45-5731-4f6d-8bf2-03c58f3cc53d ab3cbb9511254b219bbae3528b6e57de 6ee8476e3035491ea5b7eb8ed6bb6fa9 - - default default] Successfully bumped revision number for resource b2ac0e87-838e-44ad-b6b5-46ab0f5754f5 (type: security_group_rules) to 0
2026-05-29 23:08:09.070 10 INFO neutron.db.ovn_revision_numbers_db [None req-b8d1dc45-5731-4f6d-8bf2-03c58f3cc53d ab3cbb9511254b219bbae3528b6e57de 6ee8476e3035491ea5b7eb8ed6bb6fa9 - - default default] Successfully bumped revision number for resource ddef3f92-1de9-4858-a06b-761194eae6e1 (type: security_group_rules) to 0
2026-05-29 23:08:09.104 10 INFO neutron.wsgi [None req-b8d1dc45-5731-4f6d-8bf2-03c58f3cc53d ab3cbb9511254b219bbae3528b6e57de 6ee8476e3035491ea5b7eb8ed6bb6fa9 - - default default] 10.0.0.236 "GET /v2.0/security-groups?tenant_id=39380aff40f048d5819b57e63038fb19&name=default HTTP/1.1" status: 200 len: 3120 time: 0.3729231
2026-05-29 23:08:09.133 10 INFO neutron.wsgi [None req-54d3b612-2c9f-4032-a1af-370ed3339dec 3a3f3d77a4e2402893bb1c0314537030 0bd649c7523d4fe7908617843bf324a4 - - default default] 10.0.0.236 "DELETE /v2.0/ports/23b0b108-fad5-4480-8af5-a6b73a9fd53a HTTP/1.1" status: 204 len: 168 time: 0.5030706
2026-05-29 23:08:09.162 10 INFO neutron.pecan_wsgi.hooks.translation [None req-c3e06176-7b33-481e-a088-396f95753b67 3a3f3d77a4e2402893bb1c0314537030 0bd649c7523d4fe7908617843bf324a4 - - default default] GET failed (client error): The resource could not be found.
2026-05-29 23:08:09.164 10 INFO neutron.wsgi [None req-c3e06176-7b33-481e-a088-396f95753b67 3a3f3d77a4e2402893bb1c0314537030 0bd649c7523d4fe7908617843bf324a4 - - default default] 10.0.0.236 "GET /v2.0/ports/23b0b108-fad5-4480-8af5-a6b73a9fd53a HTTP/1.1" status: 404 len: 333 time: 0.0236716
2026-05-29 23:08:09.396 10 INFO neutron.wsgi [None req-2f8deeaa-62c5-4df5-adf8-ab2465a88077 3a3f3d77a4e2402893bb1c0314537030 0bd649c7523d4fe7908617843bf324a4 - - default default] 10.0.0.236 "DELETE /v2.0/subnets/a2b8db86-b4aa-42d3-8d05-1aec748b62f6 HTTP/1.1" status: 204 len: 168 time: 0.2265658
2026-05-29 23:08:09.481 10 INFO neutron.wsgi [None req-6e85a925-6953-43a5-9545-64318ca465dc ab3cbb9511254b219bbae3528b6e57de 6ee8476e3035491ea5b7eb8ed6bb6fa9 - - default default] 10.0.0.236 "DELETE /v2.0/security-groups/89043e07-19df-4af9-bcfa-bf5dbb78d99f HTTP/1.1" status: 204 len: 168 time: 0.3642478
2026-05-29 23:08:09.593 9 INFO neutron.wsgi [None req-d0829e57-d882-4e33-b26b-206f50d5415f fefbcf93697c45499496aeca60bb7082 0fd316a85c274ecbbc14669b85aa001f - - default default] 10.0.0.236 "PUT /v2.0/routers/12f8813b-f2dc-4b08-8173-af3fadfdbd62/remove_router_interface HTTP/1.1" status: 200 len: 503 time: 0.6877878
2026-05-29 23:08:09.633 10 INFO neutron.wsgi [None req-205a2cf7-d66f-4371-ba9b-41bfef351073 fefbcf93697c45499496aeca60bb7082 0fd316a85c274ecbbc14669b85aa001f - - default default] 10.0.0.236 "GET /v2.0/ports?device_id=12f8813b-f2dc-4b08-8173-af3fadfdbd62 HTTP/1.1" status: 200 len: 205 time: 0.0363591 /var/lib/openstack/lib/python3.10/site-packages/pycadf/identifier.py:71: UserWarning: Invalid uuid: neutron. To ensure interoperability, identifiers should be a valid uuid. warnings.warn(('Invalid uuid: %s. To ensure interoperability, '
2026-05-29 23:08:09.660 9 INFO neutron.wsgi [-] 10.0.0.232 "GET / HTTP/1.1" status: 200 len: 247 time: 0.0030403
2026-05-29 23:08:09.661 10 INFO neutron.wsgi [-] 10.0.0.232 "GET / HTTP/1.1" status: 200 len: 247 time: 0.0021658
2026-05-29 23:08:10.276 10 INFO neutron.services.segments.plugin [-] Segment 155e62e7-7522-4959-94da-c3e4403d5380 resource provider aggregate not found
2026-05-29 23:08:10.282 10 INFO neutron.services.segments.plugin [-] Segment 155e62e7-7522-4959-94da-c3e4403d5380 resource provider aggregate not found
2026-05-29 23:08:10.300 10 INFO neutron.services.segments.plugin [-] Segment 155e62e7-7522-4959-94da-c3e4403d5380 resource provider not found; error: Placement Client Error (4xx): {"errors": [{"status": 404, "title": "Not Found", "detail": "The resource could not be found.\n\n No resource provider with uuid 155e62e7-7522-4959-94da-c3e4403d5380 found for delete ", "request_id": "req-cc2d5f7b-1cba-4161-86f3-a477110beecc"}]}
2026-05-29 23:08:10.301 10 INFO neutron.services.segments.plugin [-] Segment 155e62e7-7522-4959-94da-c3e4403d5380 resource provider not found; error: Placement Client Error (4xx): {"errors": [{"status": 404, "title": "Not Found", "detail": "The resource could not be found.\n\n No resource provider with uuid 155e62e7-7522-4959-94da-c3e4403d5380 found for delete ", "request_id": "req-db4b96d4-ba4c-4ec8-8f63-c77ef30a4025"}]}
2026-05-29 23:08:10.327 10 INFO neutron.wsgi [None req-c235c2d8-a897-4152-a8bc-bc0b2b8e1455 3a3f3d77a4e2402893bb1c0314537030 0bd649c7523d4fe7908617843bf324a4 - - default default] 10.0.0.236 "DELETE /v2.0/networks/a1475bd0-b891-4937-aa47-4c94e82e9d75 HTTP/1.1" status: 204 len: 168 time: 0.9216096
2026-05-29 23:08:10.338 10 WARNING neutron_lib.context [None req-83aad760-3402-4cde-b4f0-fe77ec620bb9 3a3f3d77a4e2402893bb1c0314537030 0bd649c7523d4fe7908617843bf324a4 - - default default] Method 'is_advsvc' is deprecated since 2023.2 release (neutron-lib 3.8.0) and will be removed once support for the old RBAC API policies will be removed from Neutron. Please use method 'is_service_role' instead.
2026-05-29 23:08:10.427 9 INFO neutron.wsgi [None req-12f0b72d-8c7f-42cf-9248-6d0773196ab9 fefbcf93697c45499496aeca60bb7082 0fd316a85c274ecbbc14669b85aa001f - - default default] 10.0.0.236 "DELETE /v2.0/routers/12f8813b-f2dc-4b08-8173-af3fadfdbd62 HTTP/1.1" status: 204 len: 168 time: 0.7873642
2026-05-29 23:08:10.495 10 INFO neutron.notifiers.nova [-] Nova event matching ['req-3b90ced4-f67a-475f-80ad-d01498509067'] response: {'name': 'network-changed', 'server_uuid': '2be36cd7-0fc2-4f93-8d9e-022795f1661e', 'tag': '358fd82a-9ab1-4c1b-948b-86a53ecdb3e2', 'status': 'completed', 'code': 200}
2026-05-29 23:08:10.565 10 INFO neutron.wsgi [req-bdd9a969-0c72-4ad1-b820-5a118f6efe8c req-e4e8b34c-5533-4cc9-adfa-73366333b906 747d93d86cbc4e75b60b0df86f94a4de 6c0afb4fc087416d9e0d9c24b4b30fba - - 1d17189322a742f9821374995584d28c 1d17189322a742f9821374995584d28c] 199.204.45.22 "GET /v2.0/ports?tenant_id=c76df086dce94837b53cd075607f7af4&device_id=2be36cd7-0fc2-4f93-8d9e-022795f1661e HTTP/1.1" status: 200 len: 1452 time: 0.0513756
