2026-05-29 23:07:46.414 9 INFO neutron.wsgi [None req-17168fe6-9909-46f1-ae79-8da092aaa3d9 ab3cbb9511254b219bbae3528b6e57de 6ee8476e3035491ea5b7eb8ed6bb6fa9 - - default default] 10.0.0.236 "POST /v2.0/subnets HTTP/1.1" status: 201 len: 862 time: 0.8590198
2026-05-29 23:07:46.423 10 INFO neutron.services.segments.plugin [-] Segment ec4582be-846e-4ab8-a177-753d6e2713a8 resource provider not found; error: Placement Client Error (4xx): {"errors": [{"status": 404, "title": "Not Found", "detail": "The resource could not be found.\n\n No resource provider with uuid ec4582be-846e-4ab8-a177-753d6e2713a8 found for delete ", "request_id": "req-26765bd2-8321-43c3-aa37-0ca2a00c52ff"}]}
2026-05-29 23:07:46.437 10 INFO neutron.wsgi [None req-c9f4ef87-5be2-4e22-a4ad-5c7481956459 e945b90319a648f39c6dda3b4a07633a e2aaa2d061024ea194858f2ac1747c37 - - default default] 10.0.0.236 "DELETE /v2.0/networks/17a58211-93ed-472a-83fa-36a2c16a18c6 HTTP/1.1" status: 204 len: 168 time: 1.0767112
2026-05-29 23:07:46.558 9 INFO neutron.wsgi [None req-dc4e268a-3b90-4687-b84c-7bf152badca9 e945b90319a648f39c6dda3b4a07633a e2aaa2d061024ea194858f2ac1747c37 - - default default] 10.0.0.236 "GET /v2.0/networks HTTP/1.1" status: 200 len: 845 time: 0.1150529
2026-05-29 23:07:46.572 10 WARNING neutron_lib.context [None req-f1138b88-f639-4eba-8708-fd51b669fc73 e945b90319a648f39c6dda3b4a07633a e2aaa2d061024ea194858f2ac1747c37 - - default default] Method 'is_advsvc' is deprecated since 2023.2 release (neutron-lib 3.8.0) and will be removed once support for the old RBAC API policies will be removed from Neutron. Please use method 'is_service_role' instead.
2026-05-29 23:07:46.687 10 INFO neutron.wsgi [None req-df9171dd-fdef-4a8d-825d-b9f843b22ca0 f54745c6e3ec4635b60becb1557da7a7 aef8b06c9d384991a8e38a13c706051b - - default default] 10.0.0.236 "DELETE /v2.0/ports/f771f842-4f5e-4720-844d-1f9804728a97 HTTP/1.1" status: 204 len: 168 time: 0.5886576
2026-05-29 23:07:46.696 10 INFO neutron.db.segments_db [None req-f1138b88-f639-4eba-8708-fd51b669fc73 e945b90319a648f39c6dda3b4a07633a e2aaa2d061024ea194858f2ac1747c37 - - default default] Added segment 18165955-d1ec-4bdb-b309-74ba9538930c of type geneve for network bc3c9ced-63c4-4b9b-a56b-0f0ec86e51fa
2026-05-29 23:07:46.849 10 INFO neutron.db.ovn_revision_numbers_db [None req-f1138b88-f639-4eba-8708-fd51b669fc73 e945b90319a648f39c6dda3b4a07633a e2aaa2d061024ea194858f2ac1747c37 - - default default] Successfully bumped revision number for resource bc3c9ced-63c4-4b9b-a56b-0f0ec86e51fa (type: networks) to 1
2026-05-29 23:07:47.026 9 WARNING neutron.scheduler.dhcp_agent_scheduler [None req-c5dd3e6a-f548-4f84-b436-00341a67aa21 ab3cbb9511254b219bbae3528b6e57de 6ee8476e3035491ea5b7eb8ed6bb6fa9 - - default default] No more DHCP agents
2026-05-29 23:07:47.029 9 WARNING neutron.api.rpc.agentnotifiers.dhcp_rpc_agent_api [None req-c5dd3e6a-f548-4f84-b436-00341a67aa21 ab3cbb9511254b219bbae3528b6e57de 6ee8476e3035491ea5b7eb8ed6bb6fa9 - - default default] Unable to schedule network ceaf38a9-df77-46f8-b63e-1e80ea7dbe90: no agents available; will retry on subsequent port and subnet creation events.
2026-05-29 23:07:47.077 10 WARNING neutron.scheduler.dhcp_agent_scheduler [None req-f1138b88-f639-4eba-8708-fd51b669fc73 e945b90319a648f39c6dda3b4a07633a e2aaa2d061024ea194858f2ac1747c37 - - default default] No more DHCP agents
2026-05-29 23:07:47.079 10 WARNING neutron.api.rpc.agentnotifiers.dhcp_rpc_agent_api [None req-f1138b88-f639-4eba-8708-fd51b669fc73 e945b90319a648f39c6dda3b4a07633a e2aaa2d061024ea194858f2ac1747c37 - - default default] Unable to schedule network bc3c9ced-63c4-4b9b-a56b-0f0ec86e51fa: no agents available; will retry on subsequent port and subnet creation events.
2026-05-29 23:07:47.172 10 INFO neutron.db.ovn_revision_numbers_db [None req-f1138b88-f639-4eba-8708-fd51b669fc73 e945b90319a648f39c6dda3b4a07633a e2aaa2d061024ea194858f2ac1747c37 - - default default] Successfully bumped revision number for resource 75bdf17c-9cba-4697-9379-3b66cb0ad807 (type: ports) to 1
2026-05-29 23:07:47.200 10 INFO neutron.wsgi [None req-f1138b88-f639-4eba-8708-fd51b669fc73 e945b90319a648f39c6dda3b4a07633a e2aaa2d061024ea194858f2ac1747c37 - - default default] 10.0.0.236 "POST /v2.0/networks HTTP/1.1" status: 201 len: 848 time: 0.6348681
2026-05-29 23:07:47.213 10 WARNING neutron_lib.context [None req-ae0325c5-2dc7-41e6-90f5-a7b5dde1b4d7 e945b90319a648f39c6dda3b4a07633a e2aaa2d061024ea194858f2ac1747c37 - - default default] Method 'is_advsvc' is deprecated since 2023.2 release (neutron-lib 3.8.0) and will be removed once support for the old RBAC API policies will be removed from Neutron. Please use method 'is_service_role' instead.
2026-05-29 23:07:47.235 9 INFO neutron.wsgi [None req-50356db7-b08e-4fee-9c7b-1e5d4064f4f4 f54745c6e3ec4635b60becb1557da7a7 aef8b06c9d384991a8e38a13c706051b - - default default] 10.0.0.236 "DELETE /v2.0/ports/265f17d9-234b-4d12-a578-41eae1c1c9ac HTTP/1.1" status: 204 len: 168 time: 0.5439606
2026-05-29 23:07:47.236 9 INFO neutron.db.ovn_revision_numbers_db [None req-c5dd3e6a-f548-4f84-b436-00341a67aa21 ab3cbb9511254b219bbae3528b6e57de 6ee8476e3035491ea5b7eb8ed6bb6fa9 - - default default] Successfully bumped revision number for resource eb1c11e0-be29-4295-9738-aacebd827f0d (type: ports) to 1
2026-05-29 23:07:47.291 10 INFO neutron.wsgi [None req-928344d2-efbb-4f23-9c5a-93020d2fbe5d f54745c6e3ec4635b60becb1557da7a7 aef8b06c9d384991a8e38a13c706051b - - default default] 10.0.0.236 "GET /v2.0/ports?device_id=ffc5f0a6-dd36-4a35-8026-6a9a9b1d6f2c HTTP/1.1" status: 200 len: 1140 time: 0.0505393
2026-05-29 23:07:47.334 10 INFO neutron.db.segments_db [None req-ae0325c5-2dc7-41e6-90f5-a7b5dde1b4d7 e945b90319a648f39c6dda3b4a07633a e2aaa2d061024ea194858f2ac1747c37 - - default default] Added segment 72201b0c-818c-44aa-a0ef-2e16194898c3 of type geneve for network 62a970e1-48e3-4777-a7a2-930df805cdff
2026-05-29 23:07:47.543 10 INFO neutron.db.ovn_revision_numbers_db [None req-ae0325c5-2dc7-41e6-90f5-a7b5dde1b4d7 e945b90319a648f39c6dda3b4a07633a e2aaa2d061024ea194858f2ac1747c37 - - default default] Successfully bumped revision number for resource 62a970e1-48e3-4777-a7a2-930df805cdff (type: networks) to 1
2026-05-29 23:07:47.855 10 WARNING neutron.scheduler.dhcp_agent_scheduler [None req-ae0325c5-2dc7-41e6-90f5-a7b5dde1b4d7 e945b90319a648f39c6dda3b4a07633a e2aaa2d061024ea194858f2ac1747c37 - - default default] No more DHCP agents
2026-05-29 23:07:47.859 10 WARNING neutron.api.rpc.agentnotifiers.dhcp_rpc_agent_api [None req-ae0325c5-2dc7-41e6-90f5-a7b5dde1b4d7 e945b90319a648f39c6dda3b4a07633a e2aaa2d061024ea194858f2ac1747c37 - - default default] Unable to schedule network 62a970e1-48e3-4777-a7a2-930df805cdff: no agents available; will retry on subsequent port and subnet creation events.
2026-05-29 23:07:47.986 10 INFO neutron.db.ovn_revision_numbers_db [None req-ae0325c5-2dc7-41e6-90f5-a7b5dde1b4d7 e945b90319a648f39c6dda3b4a07633a e2aaa2d061024ea194858f2ac1747c37 - - default default] Successfully bumped revision number for resource 7d9e3b0b-c18c-4132-90f7-cc4e541ccdfc (type: ports) to 1
2026-05-29 23:07:48.014 10 INFO neutron.wsgi [None req-ae0325c5-2dc7-41e6-90f5-a7b5dde1b4d7 e945b90319a648f39c6dda3b4a07633a e2aaa2d061024ea194858f2ac1747c37 - - default default] 10.0.0.236 "POST /v2.0/networks HTTP/1.1" status: 201 len: 849 time: 0.8095050
2026-05-29 23:07:48.024 9 WARNING neutron_lib.context [None req-a22152a9-00db-40f8-a0ac-86fa7ac1fae7 e945b90319a648f39c6dda3b4a07633a e2aaa2d061024ea194858f2ac1747c37 - - default default] Method 'is_advsvc' is deprecated since 2023.2 release (neutron-lib 3.8.0) and will be removed once support for the old RBAC API policies will be removed from Neutron. Please use method 'is_service_role' instead.
2026-05-29 23:07:48.074 9 WARNING neutron_lib.context [None req-a22152a9-00db-40f8-a0ac-86fa7ac1fae7 e945b90319a648f39c6dda3b4a07633a e2aaa2d061024ea194858f2ac1747c37 - - default default] Method 'is_advsvc' is deprecated since 2023.2 release (neutron-lib 3.8.0) and will be removed once support for the old RBAC API policies will be removed from Neutron. Please use method 'is_service_role' instead.
2026-05-29 23:07:48.152 9 INFO neutron.plugins.ml2.drivers.ovn.mech_driver.ovsdb.commands [None req-30082e34-6904-4bf5-b250-c8d2213dd9fd - - - - - -] Schedule LRP lrp-eb1c11e0-be29-4295-9738-aacebd827f0d on gateway 749533ae-6931-429f-bc03-41ce011b6fe8 with priority 1
2026-05-29 23:07:48.163 10 INFO neutron.plugins.ml2.drivers.ovn.mech_driver.mech_driver [None req-cd1fc30e-b194-44c5-8abd-9c675b0b6012 - - - - - -] OVN reports status up for port: eb1c11e0-be29-4295-9738-aacebd827f0d
2026-05-29 23:07:48.183 10 INFO neutron.plugins.ml2.drivers.ovn.mech_driver.ovsdb.ovsdb_monitor [None req-7254ddd9-99de-44ef-ae10-685779b68807 - - - - - -] Router 75dc9908-d8d1-482f-bf1e-b59af27707c5 is bound to host instance
2026-05-29 23:07:48.185 10 INFO neutron.plugins.ml2.plugin [None req-cd1fc30e-b194-44c5-8abd-9c675b0b6012 - - - - - -] Attempt 1 to provision port eb1c11e0-be29-4295-9738-aacebd827f0d
2026-05-29 23:07:48.205 9 INFO neutron.db.ovn_revision_numbers_db [None req-c5dd3e6a-f548-4f84-b436-00341a67aa21 ab3cbb9511254b219bbae3528b6e57de 6ee8476e3035491ea5b7eb8ed6bb6fa9 - - default default] Successfully bumped revision number for resource eb1c11e0-be29-4295-9738-aacebd827f0d (type: router_ports) to 1
2026-05-29 23:07:48.309 9 INFO neutron.db.ovn_revision_numbers_db [None req-c5dd3e6a-f548-4f84-b436-00341a67aa21 ab3cbb9511254b219bbae3528b6e57de 6ee8476e3035491ea5b7eb8ed6bb6fa9 - - default default] Successfully bumped revision number for resource 75dc9908-d8d1-482f-bf1e-b59af27707c5 (type: routers) to 2
2026-05-29 23:07:48.337 9 INFO neutron.wsgi [None req-c5dd3e6a-f548-4f84-b436-00341a67aa21 ab3cbb9511254b219bbae3528b6e57de 6ee8476e3035491ea5b7eb8ed6bb6fa9 - - default default] 10.0.0.236 "POST /v2.0/routers HTTP/1.1" status: 201 len: 1164 time: 1.9158719
2026-05-29 23:07:48.739 9 WARNING neutron.scheduler.dhcp_agent_scheduler [None req-a22152a9-00db-40f8-a0ac-86fa7ac1fae7 e945b90319a648f39c6dda3b4a07633a e2aaa2d061024ea194858f2ac1747c37 - - default default] No more DHCP agents
2026-05-29 23:07:48.753 9 WARNING neutron.api.rpc.agentnotifiers.dhcp_rpc_agent_api [None req-a22152a9-00db-40f8-a0ac-86fa7ac1fae7 e945b90319a648f39c6dda3b4a07633a e2aaa2d061024ea194858f2ac1747c37 - - default default] Unable to schedule network bc3c9ced-63c4-4b9b-a56b-0f0ec86e51fa: no agents available; will retry on subsequent port and subnet creation events.
2026-05-29 23:07:48.897 9 INFO neutron.db.ovn_revision_numbers_db [None req-a22152a9-00db-40f8-a0ac-86fa7ac1fae7 e945b90319a648f39c6dda3b4a07633a e2aaa2d061024ea194858f2ac1747c37 - - default default] Successfully bumped revision number for resource 9ad1ddac-6fb3-4dd3-8da7-002dd9e36812 (type: ports) to 1
2026-05-29 23:07:48.974 9 WARNING neutron.scheduler.dhcp_agent_scheduler [None req-a22152a9-00db-40f8-a0ac-86fa7ac1fae7 e945b90319a648f39c6dda3b4a07633a e2aaa2d061024ea194858f2ac1747c37 - - default default] No more DHCP agents
2026-05-29 23:07:48.979 9 WARNING neutron.api.rpc.agentnotifiers.dhcp_rpc_agent_api [None req-a22152a9-00db-40f8-a0ac-86fa7ac1fae7 e945b90319a648f39c6dda3b4a07633a e2aaa2d061024ea194858f2ac1747c37 - - default default] Unable to schedule network 62a970e1-48e3-4777-a7a2-930df805cdff: no agents available; will retry on subsequent port and subnet creation events.
2026-05-29 23:07:49.099 9 WARNING neutron.scheduler.dhcp_agent_scheduler [None req-4d17543b-9819-46a8-985f-7c9a29659fe6 ab3cbb9511254b219bbae3528b6e57de 6ee8476e3035491ea5b7eb8ed6bb6fa9 - - default default] No more DHCP agents
2026-05-29 23:07:49.108 9 WARNING neutron.api.rpc.agentnotifiers.dhcp_rpc_agent_api [None req-4d17543b-9819-46a8-985f-7c9a29659fe6 ab3cbb9511254b219bbae3528b6e57de 6ee8476e3035491ea5b7eb8ed6bb6fa9 - - default default] Unable to schedule network 4b864e71-7806-432e-9ea6-4244a69d77c4: no agents available; will retry on subsequent port and subnet creation events.
2026-05-29 23:07:49.130 9 INFO neutron.db.ovn_revision_numbers_db [None req-a22152a9-00db-40f8-a0ac-86fa7ac1fae7 e945b90319a648f39c6dda3b4a07633a e2aaa2d061024ea194858f2ac1747c37 - - default default] Successfully bumped revision number for resource 505cfb5a-32c5-41bf-be05-0a3fc935ff73 (type: ports) to 1
2026-05-29 23:07:49.157 9 WARNING neutron.plugins.ml2.drivers.ovn.mech_driver.ovsdb.ovn_client [None req-9171f50c-43ca-4628-a8d4-926af4e89bc0 - - - - - -] No hosting information found for port 9f6998e1-d8e3-46c4-9419-d97947b72a8f: RuntimeError: No hosting information found for port 9f6998e1-d8e3-46c4-9419-d97947b72a8f
2026-05-29 23:07:49.272 9 INFO neutron.wsgi [None req-a22152a9-00db-40f8-a0ac-86fa7ac1fae7 e945b90319a648f39c6dda3b4a07633a e2aaa2d061024ea194858f2ac1747c37 - - default default] 10.0.0.236 "POST /v2.0/ports HTTP/1.1" status: 201 len: 1706 time: 1.2527332 /var/lib/openstack/lib/python3.10/site-packages/pycadf/identifier.py:71: UserWarning: Invalid uuid: neutron. To ensure interoperability, identifiers should be a valid uuid. warnings.warn(('Invalid uuid: %s. To ensure interoperability, '
2026-05-29 23:07:49.326 10 INFO neutron.wsgi [None req-88d37f08-6fd7-4aea-ba92-fe142fa4df95 f54745c6e3ec4635b60becb1557da7a7 aef8b06c9d384991a8e38a13c706051b - - default default] 10.0.0.236 "PUT /v2.0/routers/ffc5f0a6-dd36-4a35-8026-6a9a9b1d6f2c/remove_router_interface HTTP/1.1" status: 200 len: 503 time: 2.0297227
2026-05-29 23:07:49.760 10 INFO neutron.db.ovn_revision_numbers_db [None req-7254ddd9-99de-44ef-ae10-685779b68807 - - - - - -] Successfully bumped revision number for resource eb1c11e0-be29-4295-9738-aacebd827f0d (type: ports) to 1
2026-05-29 23:07:50.046 9 INFO neutron.wsgi [None req-0058d0dd-4716-4758-85ab-3ac4dae80173 e945b90319a648f39c6dda3b4a07633a e2aaa2d061024ea194858f2ac1747c37 - - default default] 10.0.0.236 "GET /v2.0/ports HTTP/1.1" status: 200 len: 3213 time: 0.7683015 /var/lib/openstack/lib/python3.10/site-packages/pycadf/identifier.py:71: UserWarning: Invalid uuid: neutron. To ensure interoperability, identifiers should be a valid uuid. warnings.warn(('Invalid uuid: %s. To ensure interoperability, '
2026-05-29 23:07:50.152 9 INFO neutron.db.ovn_revision_numbers_db [None req-4d17543b-9819-46a8-985f-7c9a29659fe6 ab3cbb9511254b219bbae3528b6e57de 6ee8476e3035491ea5b7eb8ed6bb6fa9 - - default default] Successfully bumped revision number for resource a93e3fd7-4771-45c8-885f-f3ef6a7459a8 (type: ports) to 1
2026-05-29 23:07:50.183 10 INFO neutron.db.ovn_revision_numbers_db [None req-7254ddd9-99de-44ef-ae10-685779b68807 - - - - - -] Successfully bumped revision number for resource eb1c11e0-be29-4295-9738-aacebd827f0d (type: router_ports) to 3
2026-05-29 23:07:50.306 9 INFO neutron.db.ovn_revision_numbers_db [None req-0319f37c-3e2e-4b01-9683-d8f24374525f ab3cbb9511254b219bbae3528b6e57de 6ee8476e3035491ea5b7eb8ed6bb6fa9 - - default default] Successfully bumped revision number for resource 96a4029e-2d8d-4aeb-9b58-90140528ef91 (type: security_groups) to 1
2026-05-29 23:07:50.341 9 INFO neutron.db.ovn_revision_numbers_db [None req-0319f37c-3e2e-4b01-9683-d8f24374525f ab3cbb9511254b219bbae3528b6e57de 6ee8476e3035491ea5b7eb8ed6bb6fa9 - - default default] Successfully bumped revision number for resource 451ed2cb-a10d-47f0-b804-1972626b4b8a (type: security_group_rules) to 0
2026-05-29 23:07:50.368 9 INFO neutron.db.ovn_revision_numbers_db [None req-0319f37c-3e2e-4b01-9683-d8f24374525f ab3cbb9511254b219bbae3528b6e57de 6ee8476e3035491ea5b7eb8ed6bb6fa9 - - default default] Successfully bumped revision number for resource 8349260f-df67-4b37-b627-e5d67afcf870 (type: security_group_rules) to 0
2026-05-29 23:07:50.398 9 INFO neutron.db.ovn_revision_numbers_db [None req-0319f37c-3e2e-4b01-9683-d8f24374525f ab3cbb9511254b219bbae3528b6e57de 6ee8476e3035491ea5b7eb8ed6bb6fa9 - - default default] Successfully bumped revision number for resource 8f224d56-e525-43fd-a395-cab3a8f59651 (type: security_group_rules) to 0
2026-05-29 23:07:50.435 9 INFO neutron.db.ovn_revision_numbers_db [None req-0319f37c-3e2e-4b01-9683-d8f24374525f ab3cbb9511254b219bbae3528b6e57de 6ee8476e3035491ea5b7eb8ed6bb6fa9 - - default default] Successfully bumped revision number for resource f7892511-6e57-447c-ae74-fe147fd802e7 (type: security_group_rules) to 0
2026-05-29 23:07:50.471 9 INFO neutron.wsgi [None req-0319f37c-3e2e-4b01-9683-d8f24374525f ab3cbb9511254b219bbae3528b6e57de 6ee8476e3035491ea5b7eb8ed6bb6fa9 - - default default] 10.0.0.236 "GET /v2.0/security-groups?tenant_id=84de8bfc3c8e4f4dbb48a8264b91b439&name=default HTTP/1.1" status: 200 len: 3120 time: 1.1921098
2026-05-29 23:07:50.498 10 INFO neutron.wsgi [None req-31c3978e-3026-47e6-8873-42f024c444d2 e945b90319a648f39c6dda3b4a07633a e2aaa2d061024ea194858f2ac1747c37 - - default default] 10.0.0.236 "DELETE /v2.0/ports/9ad1ddac-6fb3-4dd3-8da7-002dd9e36812 HTTP/1.1" status: 204 len: 168 time: 0.4352913
2026-05-29 23:07:50.518 10 INFO neutron.db.ovn_revision_numbers_db [None req-7254ddd9-99de-44ef-ae10-685779b68807 - - - - - -] Successfully bumped revision number for resource eb1c11e0-be29-4295-9738-aacebd827f0d (type: ports) to 2
2026-05-29 23:07:50.774 10 INFO neutron.wsgi [None req-b9759856-de51-478e-907d-6a499bb68dcc ab3cbb9511254b219bbae3528b6e57de 6ee8476e3035491ea5b7eb8ed6bb6fa9 - - default default] 10.0.0.236 "DELETE /v2.0/security-groups/96a4029e-2d8d-4aeb-9b58-90140528ef91 HTTP/1.1" status: 204 len: 168 time: 0.2883584
2026-05-29 23:07:51.005 9 INFO neutron.wsgi [None req-12e9c1d1-1f42-4b12-9d7e-0ad2625a6db6 e945b90319a648f39c6dda3b4a07633a e2aaa2d061024ea194858f2ac1747c37 - - default default] 10.0.0.236 "DELETE /v2.0/ports/505cfb5a-32c5-41bf-be05-0a3fc935ff73 HTTP/1.1" status: 204 len: 168 time: 0.4985635
2026-05-29 23:07:51.019 10 INFO neutron.db.ovn_revision_numbers_db [None req-7254ddd9-99de-44ef-ae10-685779b68807 - - - - - -] Successfully bumped revision number for resource eb1c11e0-be29-4295-9738-aacebd827f0d (type: ports) to 4
2026-05-29 23:07:51.159 9 ERROR ovsdbapp.backend.ovs_idl.command [None req-4d17543b-9819-46a8-985f-7c9a29659fe6 ab3cbb9511254b219bbae3528b6e57de 6ee8476e3035491ea5b7eb8ed6bb6fa9 - - default default] Error executing command (DbGetCommand): ovsdbapp.backend.ovs_idl.idlutils.RowNotFound: Cannot find Logical_Router_Port with name=lrp-a93e3fd7-4771-45c8-885f-f3ef6a7459a8
2026-05-29 23:07:51.159 9 ERROR ovsdbapp.backend.ovs_idl.command
Traceback (most recent call last):
2026-05-29 23:07:51.159 9 ERROR ovsdbapp.backend.ovs_idl.command
File "/var/lib/openstack/lib/python3.10/site-packages/ovsdbapp/backend/ovs_idl/command.py", line 47, in execute
2026-05-29 23:07:51.159 9 ERROR ovsdbapp.backend.ovs_idl.command self.run_idl(None)
2026-05-29 23:07:51.159 9 ERROR ovsdbapp.backend.ovs_idl.command
File "/var/lib/openstack/lib/python3.10/site-packages/ovsdbapp/backend/ovs_idl/command.py", line 235, in run_idl
2026-05-29 23:07:51.159 9 ERROR ovsdbapp.backend.ovs_idl.command record = self.api.lookup(self.table, self.record)
2026-05-29 23:07:51.159 9 ERROR ovsdbapp.backend.ovs_idl.command
File "/var/lib/openstack/lib/python3.10/site-packages/ovsdbapp/backend/ovs_idl/__init__.py", line 184, in lookup
2026-05-29 23:07:51.159 9 ERROR ovsdbapp.backend.ovs_idl.command return self._lookup(table, record)
2026-05-29 23:07:51.159 9 ERROR ovsdbapp.backend.ovs_idl.command
File "/var/lib/openstack/lib/python3.10/site-packages/ovsdbapp/backend/ovs_idl/__init__.py", line 235, in _lookup
2026-05-29 23:07:51.159 9 ERROR ovsdbapp.backend.ovs_idl.command row = idlutils.row_by_value(self, rl.table, rl.column, record)
2026-05-29 23:07:51.159 9 ERROR ovsdbapp.backend.ovs_idl.command
File "/var/lib/openstack/lib/python3.10/site-packages/ovsdbapp/backend/ovs_idl/idlutils.py", line 114, in row_by_value
2026-05-29 23:07:51.159 9 ERROR ovsdbapp.backend.ovs_idl.command raise RowNotFound(table=table, col=column, match=match)
2026-05-29 23:07:51.159 9 ERROR ovsdbapp.backend.ovs_idl.command ovsdbapp.backend.ovs_idl.idlutils.RowNotFound: Cannot find Logical_Router_Port with name=lrp-a93e3fd7-4771-45c8-885f-f3ef6a7459a8
2026-05-29 23:07:51.159 9 ERROR ovsdbapp.backend.ovs_idl.command 
2026-05-29 23:07:51.160 9 ERROR neutron_lib.callbacks.manager [None req-4d17543b-9819-46a8-985f-7c9a29659fe6 ab3cbb9511254b219bbae3528b6e57de 6ee8476e3035491ea5b7eb8ed6bb6fa9 - - default default] Error during notification for neutron.services.ovn_l3.plugin.OVNL3RouterPlugin._port_update-8734285208276 port, after_update: ovsdbapp.backend.ovs_idl.idlutils.RowNotFound: Cannot find Logical_Router_Port with name=lrp-a93e3fd7-4771-45c8-885f-f3ef6a7459a8
2026-05-29 23:07:51.160 9 ERROR neutron_lib.callbacks.manager
Traceback (most recent call last):
2026-05-29 23:07:51.160 9 ERROR neutron_lib.callbacks.manager
File "/var/lib/openstack/lib/python3.10/site-packages/neutron_lib/callbacks/manager.py", line 189, in _notify_loop
2026-05-29 23:07:51.160 9 ERROR neutron_lib.callbacks.manager callback.method(resource, event, trigger, payload=payload)
2026-05-29 23:07:51.160 9 ERROR neutron_lib.callbacks.manager
File "/var/lib/openstack/lib/python3.10/site-packages/neutron/services/ovn_l3/plugin.py", line 391, in _port_update
2026-05-29 23:07:51.160 9 ERROR neutron_lib.callbacks.manager l3plugin._ovn_client.update_router_port(context,
2026-05-29 23:07:51.160 9 ERROR neutron_lib.callbacks.manager
File "/var/lib/openstack/lib/python3.10/site-packages/neutron/plugins/ml2/drivers/ovn/mech_driver/ovsdb/ovn_client.py", line 1878, in update_router_port
2026-05-29 23:07:51.160 9 ERROR neutron_lib.callbacks.manager self._update_lrouter_port(context, port, if_exists=if_exists,
2026-05-29 23:07:51.160 9 ERROR neutron_lib.callbacks.manager
File "/var/lib/openstack/lib/python3.10/site-packages/neutron/plugins/ml2/drivers/ovn/mech_driver/ovsdb/ovn_client.py", line 1855, in _update_lrouter_port
2026-05-29 23:07:51.160 9 ERROR neutron_lib.callbacks.manager external_ids = self._nb_idl.db_get(
2026-05-29 23:07:51.160 9 ERROR neutron_lib.callbacks.manager
File "/var/lib/openstack/lib/python3.10/site-packages/ovsdbapp/backend/ovs_idl/command.py", line 47, in execute
2026-05-29 23:07:51.160 9 ERROR neutron_lib.callbacks.manager self.run_idl(None)
2026-05-29 23:07:51.160 9 ERROR neutron_lib.callbacks.manager
File "/var/lib/openstack/lib/python3.10/site-packages/ovsdbapp/backend/ovs_idl/command.py", line 235, in run_idl
2026-05-29 23:07:51.160 9 ERROR neutron_lib.callbacks.manager record = self.api.lookup(self.table, self.record)
2026-05-29 23:07:51.160 9 ERROR neutron_lib.callbacks.manager
File "/var/lib/openstack/lib/python3.10/site-packages/ovsdbapp/backend/ovs_idl/__init__.py", line 184, in lookup
2026-05-29 23:07:51.160 9 ERROR neutron_lib.callbacks.manager return self._lookup(table, record)
2026-05-29 23:07:51.160 9 ERROR neutron_lib.callbacks.manager
File "/var/lib/openstack/lib/python3.10/site-packages/ovsdbapp/backend/ovs_idl/__init__.py", line 235, in _lookup
2026-05-29 23:07:51.160 9 ERROR neutron_lib.callbacks.manager row = idlutils.row_by_value(self, rl.table, rl.column, record)
2026-05-29 23:07:51.160 9 ERROR neutron_lib.callbacks.manager
File "/var/lib/openstack/lib/python3.10/site-packages/ovsdbapp/backend/ovs_idl/idlutils.py", line 114, in row_by_value
2026-05-29 23:07:51.160 9 ERROR neutron_lib.callbacks.manager raise RowNotFound(table=table, col=column, match=match)
2026-05-29 23:07:51.160 9 ERROR neutron_lib.callbacks.manager ovsdbapp.backend.ovs_idl.idlutils.RowNotFound: Cannot find Logical_Router_Port with name=lrp-a93e3fd7-4771-45c8-885f-f3ef6a7459a8
2026-05-29 23:07:51.160 9 ERROR neutron_lib.callbacks.manager 
2026-05-29 23:07:51.198 10 INFO neutron.db.ovn_revision_numbers_db [None req-c1244cec-aeee-48ea-8e0c-b25bb870506c ab3cbb9511254b219bbae3528b6e57de 6ee8476e3035491ea5b7eb8ed6bb6fa9 - - default default] Successfully bumped revision number for resource 8b458749-83d0-48d9-aec1-6e49add88fb4 (type: security_groups) to 1
2026-05-29 23:07:51.221 10 INFO neutron.wsgi [None req-27ab6a97-4720-456f-b73e-04c86aabcfee e945b90319a648f39c6dda3b4a07633a e2aaa2d061024ea194858f2ac1747c37 - - default default] 10.0.0.236 "GET /v2.0/ports HTTP/1.1" status: 200 len: 1718 time: 0.2049427
2026-05-29 23:07:51.238 10 WARNING neutron_lib.context [None req-9a6da785-0165-4069-bce0-ce12cb2ef897 e945b90319a648f39c6dda3b4a07633a e2aaa2d061024ea194858f2ac1747c37 - - default default] Method 'is_advsvc' is deprecated since 2023.2 release (neutron-lib 3.8.0) and will be removed once support for the old RBAC API policies will be removed from Neutron. Please use method 'is_service_role' instead.
2026-05-29 23:07:51.253 10 INFO neutron.db.ovn_revision_numbers_db [None req-c1244cec-aeee-48ea-8e0c-b25bb870506c ab3cbb9511254b219bbae3528b6e57de 6ee8476e3035491ea5b7eb8ed6bb6fa9 - - default default] Successfully bumped revision number for resource 1ad036ad-7f29-4757-9d2e-19f102b229fa (type: security_group_rules) to 0
2026-05-29 23:07:51.298 10 INFO neutron.db.ovn_revision_numbers_db [None req-c1244cec-aeee-48ea-8e0c-b25bb870506c ab3cbb9511254b219bbae3528b6e57de 6ee8476e3035491ea5b7eb8ed6bb6fa9 - - default default] Successfully bumped revision number for resource 7c652d06-a934-42d5-9372-d18df648e35b (type: security_group_rules) to 0
2026-05-29 23:07:51.351 10 INFO neutron.db.ovn_revision_numbers_db [None req-c1244cec-aeee-48ea-8e0c-b25bb870506c ab3cbb9511254b219bbae3528b6e57de 6ee8476e3035491ea5b7eb8ed6bb6fa9 - - default default] Successfully bumped revision number for resource 8bc79a63-b4ba-4ec1-abbd-c72796bd658a (type: security_group_rules) to 0
2026-05-29 23:07:51.406 10 INFO neutron.db.ovn_revision_numbers_db [None req-c1244cec-aeee-48ea-8e0c-b25bb870506c ab3cbb9511254b219bbae3528b6e57de 6ee8476e3035491ea5b7eb8ed6bb6fa9 - - default default] Successfully bumped revision number for resource ee554478-f3ab-4e7e-9f67-e3ecd40bf3db (type: security_group_rules) to 0
2026-05-29 23:07:51.408 10 INFO neutron.db.segments_db [None req-9a6da785-0165-4069-bce0-ce12cb2ef897 e945b90319a648f39c6dda3b4a07633a e2aaa2d061024ea194858f2ac1747c37 - - default default] Added segment 49357667-4884-4044-8a37-0cdef553ec9f of type geneve for network 36797a99-6432-49df-871c-3d6ff6d64117
2026-05-29 23:07:51.450 10 INFO neutron.wsgi [None req-c1244cec-aeee-48ea-8e0c-b25bb870506c ab3cbb9511254b219bbae3528b6e57de 6ee8476e3035491ea5b7eb8ed6bb6fa9 - - default default] 10.0.0.236 "GET /v2.0/security-groups?tenant_id=5fbe6f8e161b410da9c8c445e1d95b90&name=default HTTP/1.1" status: 200 len: 3120 time: 0.5803342
2026-05-29 23:07:51.512 9 INFO neutron.wsgi [None req-88180152-288a-476c-9ce4-f4344b094cc0 f54745c6e3ec4635b60becb1557da7a7 aef8b06c9d384991a8e38a13c706051b - - default default] 10.0.0.236 "DELETE /v2.0/routers/ffc5f0a6-dd36-4a35-8026-6a9a9b1d6f2c HTTP/1.1" status: 204 len: 168 time: 2.1768599
2026-05-29 23:07:51.737 9 INFO neutron.db.ovn_revision_numbers_db [None req-4d17543b-9819-46a8-985f-7c9a29659fe6 ab3cbb9511254b219bbae3528b6e57de 6ee8476e3035491ea5b7eb8ed6bb6fa9 - - default default] Successfully bumped revision number for resource a93e3fd7-4771-45c8-885f-f3ef6a7459a8 (type: ports) to 1
2026-05-29 23:07:51.793 9 INFO neutron.wsgi [None req-de5fd7ed-a825-402e-b687-35c4aa31a4bd f54745c6e3ec4635b60becb1557da7a7 aef8b06c9d384991a8e38a13c706051b - - default default] 10.0.0.236 "DELETE /v2.0/subnets/78db7e5b-ed7e-44a8-bcce-b4013688c88a HTTP/1.1" status: 204 len: 168 time: 0.2756190
2026-05-29 23:07:51.841 9 WARNING neutron.scheduler.dhcp_agent_scheduler [None req-4d17543b-9819-46a8-985f-7c9a29659fe6 ab3cbb9511254b219bbae3528b6e57de 6ee8476e3035491ea5b7eb8ed6bb6fa9 - - default default] No more DHCP agents
2026-05-29 23:07:51.846 9 WARNING neutron.api.rpc.agentnotifiers.dhcp_rpc_agent_api [None req-4d17543b-9819-46a8-985f-7c9a29659fe6 ab3cbb9511254b219bbae3528b6e57de 6ee8476e3035491ea5b7eb8ed6bb6fa9 - - default default] Unable to schedule network 4b864e71-7806-432e-9ea6-4244a69d77c4: no agents available; will retry on subsequent port and subnet creation events.
2026-05-29 23:07:52.159 10 INFO neutron.plugins.ml2.drivers.ovn.mech_driver.mech_driver [None req-cd1fc30e-b194-44c5-8abd-9c675b0b6012 - - - - - -] OVN reports status up for port: a93e3fd7-4771-45c8-885f-f3ef6a7459a8
2026-05-29 23:07:52.178 10 INFO neutron.db.ovn_revision_numbers_db [None req-7254ddd9-99de-44ef-ae10-685779b68807 - - - - - -] Successfully bumped revision number for resource eb1c11e0-be29-4295-9738-aacebd827f0d (type: router_ports) to 4
2026-05-29 23:07:52.194 10 INFO neutron.plugins.ml2.plugin [None req-cd1fc30e-b194-44c5-8abd-9c675b0b6012 - - - - - -] Attempt 1 to provision port a93e3fd7-4771-45c8-885f-f3ef6a7459a8
2026-05-29 23:07:52.217 10 INFO neutron.db.ovn_revision_numbers_db [None req-9a6da785-0165-4069-bce0-ce12cb2ef897 e945b90319a648f39c6dda3b4a07633a e2aaa2d061024ea194858f2ac1747c37 - - default default] Successfully bumped revision number for resource 36797a99-6432-49df-871c-3d6ff6d64117 (type: networks) to 1
2026-05-29 23:07:52.365 9 INFO neutron.services.segments.plugin [-] Segment 4af262df-a4fa-4b99-a084-b2c04e3aac9c resource provider aggregate not found
2026-05-29 23:07:52.370 9 INFO neutron.services.segments.plugin [-] Segment 4af262df-a4fa-4b99-a084-b2c04e3aac9c resource provider aggregate not found
2026-05-29 23:07:52.391 9 INFO neutron.services.segments.plugin [-] Segment 4af262df-a4fa-4b99-a084-b2c04e3aac9c resource provider not found; error: Placement Client Error (4xx): {"errors": [{"status": 404, "title": "Not Found", "detail": "The resource could not be found.\n\n No resource provider with uuid 4af262df-a4fa-4b99-a084-b2c04e3aac9c found for delete ", "request_id": "req-59b69eeb-da70-474e-8cb8-90ba12b7e774"}]}
2026-05-29 23:07:52.414 9 INFO neutron.services.segments.plugin [-] Segment 4af262df-a4fa-4b99-a084-b2c04e3aac9c resource provider not found; error: Placement Client Error (4xx): {"errors": [{"status": 404, "title": "Not Found", "detail": "The resource could not be found.\n\n No resource provider with uuid 4af262df-a4fa-4b99-a084-b2c04e3aac9c found for delete ", "request_id": "req-11c3b7f9-69e9-4a4c-b566-52fb4cf494f9"}]}
2026-05-29 23:07:52.430 9 INFO neutron.wsgi [None req-ad6db8ef-7a40-4ff6-971f-d5e1422692dd f54745c6e3ec4635b60becb1557da7a7 aef8b06c9d384991a8e38a13c706051b - - default default] 10.0.0.236 "DELETE /v2.0/networks/2d66012a-fa0c-4522-858a-7b0808f2a5a5 HTTP/1.1" status: 204 len: 168 time: 0.6312993
2026-05-29 23:07:52.593 10 INFO neutron.wsgi [None req-ae7c1b93-bc9b-49cd-bbee-e3d7e42be50a ab3cbb9511254b219bbae3528b6e57de 6ee8476e3035491ea5b7eb8ed6bb6fa9 - - default default] 10.0.0.236 "DELETE /v2.0/security-groups/8b458749-83d0-48d9-aec1-6e49add88fb4 HTTP/1.1" status: 204 len: 168 time: 1.1349409
2026-05-29 23:07:52.596 10 WARNING neutron.scheduler.dhcp_agent_scheduler [None req-9a6da785-0165-4069-bce0-ce12cb2ef897 e945b90319a648f39c6dda3b4a07633a e2aaa2d061024ea194858f2ac1747c37 - - default default] No more DHCP agents
2026-05-29 23:07:52.601 10 WARNING neutron.api.rpc.agentnotifiers.dhcp_rpc_agent_api [None req-9a6da785-0165-4069-bce0-ce12cb2ef897 e945b90319a648f39c6dda3b4a07633a e2aaa2d061024ea194858f2ac1747c37 - - default default] Unable to schedule network 36797a99-6432-49df-871c-3d6ff6d64117: no agents available; will retry on subsequent port and subnet creation events.
2026-05-29 23:07:52.659 9 INFO neutron.db.ovn_revision_numbers_db [None req-4d17543b-9819-46a8-985f-7c9a29659fe6 ab3cbb9511254b219bbae3528b6e57de 6ee8476e3035491ea5b7eb8ed6bb6fa9 - - default default] Successfully bumped revision number for resource a93e3fd7-4771-45c8-885f-f3ef6a7459a8 (type: router_ports) to 1
2026-05-29 23:07:52.666 9 INFO neutron.wsgi [None req-4d17543b-9819-46a8-985f-7c9a29659fe6 ab3cbb9511254b219bbae3528b6e57de 6ee8476e3035491ea5b7eb8ed6bb6fa9 - - default default] 10.0.0.236 "PUT /v2.0/routers/75dc9908-d8d1-482f-bf1e-b59af27707c5/add_router_interface HTTP/1.1" status: 200 len: 503 time: 4.3230150
2026-05-29 23:07:52.729 10 INFO neutron.db.ovn_revision_numbers_db [None req-9a6da785-0165-4069-bce0-ce12cb2ef897 e945b90319a648f39c6dda3b4a07633a e2aaa2d061024ea194858f2ac1747c37 - - default default] Successfully bumped revision number for resource 91670bb1-562b-4630-a9e4-877caa05acc2 (type: ports) to 1
2026-05-29 23:07:52.777 10 INFO neutron.wsgi [None req-9a6da785-0165-4069-bce0-ce12cb2ef897 e945b90319a648f39c6dda3b4a07633a e2aaa2d061024ea194858f2ac1747c37 - - default default] 10.0.0.236 "POST /v2.0/networks HTTP/1.1" status: 201 len: 849 time: 1.5465367
2026-05-29 23:07:52.788 10 WARNING neutron_lib.context [None req-31a6c74c-b262-4a2c-8002-21379054d21d e945b90319a648f39c6dda3b4a07633a e2aaa2d061024ea194858f2ac1747c37 - - default default] Method 'is_advsvc' is deprecated since 2023.2 release (neutron-lib 3.8.0) and will be removed once support for the old RBAC API policies will be removed from Neutron. Please use method 'is_service_role' instead.
2026-05-29 23:07:52.900 10 INFO neutron.db.ovn_revision_numbers_db [None req-cd1fc30e-b194-44c5-8abd-9c675b0b6012 - - - - - -] Successfully bumped revision number for resource a93e3fd7-4771-45c8-885f-f3ef6a7459a8 (type: ports) to 2
2026-05-29 23:07:52.914 10 INFO neutron.db.segments_db [None req-31a6c74c-b262-4a2c-8002-21379054d21d e945b90319a648f39c6dda3b4a07633a e2aaa2d061024ea194858f2ac1747c37 - - default default] Added segment 9be3dded-9c61-438a-804c-ca2fd47a6e77 of type geneve for network e93ec1f4-07b3-4811-8003-d9de21360c32
2026-05-29 23:07:53.114 10 INFO neutron.db.ovn_revision_numbers_db [None req-31a6c74c-b262-4a2c-8002-21379054d21d e945b90319a648f39c6dda3b4a07633a e2aaa2d061024ea194858f2ac1747c37 - - default default] Successfully bumped revision number for resource e93ec1f4-07b3-4811-8003-d9de21360c32 (type: networks) to 1
2026-05-29 23:07:53.117 10 INFO neutron.db.ovn_revision_numbers_db [None req-cd1fc30e-b194-44c5-8abd-9c675b0b6012 - - - - - -] Successfully bumped revision number for resource a93e3fd7-4771-45c8-885f-f3ef6a7459a8 (type: router_ports) to 2
2026-05-29 23:07:53.159 9 INFO neutron.wsgi [None req-c2f901a2-5053-4782-bfae-3b42666342ba ab3cbb9511254b219bbae3528b6e57de 6ee8476e3035491ea5b7eb8ed6bb6fa9 - - default default] 10.0.0.236 "GET /v2.0/security-groups?tenant_id=aef8b06c9d384991a8e38a13c706051b&name=default HTTP/1.1" status: 200 len: 3120 time: 0.1615615
2026-05-29 23:07:53.362 10 WARNING neutron.scheduler.dhcp_agent_scheduler [None req-31a6c74c-b262-4a2c-8002-21379054d21d e945b90319a648f39c6dda3b4a07633a e2aaa2d061024ea194858f2ac1747c37 - - default default] No more DHCP agents
2026-05-29 23:07:53.364 10 WARNING neutron.api.rpc.agentnotifiers.dhcp_rpc_agent_api [None req-31a6c74c-b262-4a2c-8002-21379054d21d e945b90319a648f39c6dda3b4a07633a e2aaa2d061024ea194858f2ac1747c37 - - default default] Unable to schedule network e93ec1f4-07b3-4811-8003-d9de21360c32: no agents available; will retry on subsequent port and subnet creation events.
2026-05-29 23:07:53.420 9 WARNING neutron_lib.context [None req-490b0c1f-5dd0-4621-beba-247714ba2d9b adfd2eeae501404e9b1de9880bdc34e5 c76df086dce94837b53cd075607f7af4 - - default default] Method 'is_advsvc' is deprecated since 2023.2 release (neutron-lib 3.8.0) and will be removed once support for the old RBAC API policies will be removed from Neutron. Please use method 'is_service_role' instead.
2026-05-29 23:07:53.477 10 INFO neutron.db.ovn_revision_numbers_db [None req-31a6c74c-b262-4a2c-8002-21379054d21d e945b90319a648f39c6dda3b4a07633a e2aaa2d061024ea194858f2ac1747c37 - - default default] Successfully bumped revision number for resource b0aeac13-b8ba-4988-80d4-9ad6ea32d20c (type: ports) to 1
2026-05-29 23:07:53.519 10 INFO neutron.wsgi [None req-31a6c74c-b262-4a2c-8002-21379054d21d e945b90319a648f39c6dda3b4a07633a e2aaa2d061024ea194858f2ac1747c37 - - default default] 10.0.0.236 "POST /v2.0/networks HTTP/1.1" status: 201 len: 848 time: 0.7361200
2026-05-29 23:07:53.532 9 INFO neutron.wsgi [None req-7e21b9e6-f0f8-4ce2-b741-4c98ec80c550 ab3cbb9511254b219bbae3528b6e57de 6ee8476e3035491ea5b7eb8ed6bb6fa9 - - default default] 10.0.0.236 "DELETE /v2.0/security-groups/b9395c06-bd47-42f0-967b-299a603df37a HTTP/1.1" status: 204 len: 168 time: 0.3668048
2026-05-29 23:07:53.578 10 WARNING neutron_lib.context [None req-011c6eec-7275-4bee-9822-230445189f58 e945b90319a648f39c6dda3b4a07633a e2aaa2d061024ea194858f2ac1747c37 - - default default] Method 'is_advsvc' is deprecated since 2023.2 release (neutron-lib 3.8.0) and will be removed once support for the old RBAC API policies will be removed from Neutron. Please use method 'is_service_role' instead.
2026-05-29 23:07:53.613 9 INFO neutron.db.ovn_revision_numbers_db [None req-490b0c1f-5dd0-4621-beba-247714ba2d9b adfd2eeae501404e9b1de9880bdc34e5 c76df086dce94837b53cd075607f7af4 - - default default] Successfully bumped revision number for resource f2cdea59-6cdd-4b7e-877f-e8ced1229e5f (type: security_groups) to 1
2026-05-29 23:07:53.621 10 WARNING neutron_lib.context [None req-011c6eec-7275-4bee-9822-230445189f58 e945b90319a648f39c6dda3b4a07633a e2aaa2d061024ea194858f2ac1747c37 - - default default] Method 'is_advsvc' is deprecated since 2023.2 release (neutron-lib 3.8.0) and will be removed once support for the old RBAC API policies will be removed from Neutron. Please use method 'is_service_role' instead.
2026-05-29 23:07:53.641 9 INFO neutron.db.ovn_revision_numbers_db [None req-490b0c1f-5dd0-4621-beba-247714ba2d9b adfd2eeae501404e9b1de9880bdc34e5 c76df086dce94837b53cd075607f7af4 - - default default] Successfully bumped revision number for resource a550ab6a-b7b6-4c45-9d02-6269ed90f4d9 (type: security_group_rules) to 0
2026-05-29 23:07:53.669 9 INFO neutron.db.ovn_revision_numbers_db [None req-490b0c1f-5dd0-4621-beba-247714ba2d9b adfd2eeae501404e9b1de9880bdc34e5 c76df086dce94837b53cd075607f7af4 - - default default] Successfully bumped revision number for resource e98b2be1-e7bc-4cad-aca0-3e0d7c072543 (type: security_group_rules) to 0
2026-05-29 23:07:53.701 9 INFO neutron.wsgi [None req-490b0c1f-5dd0-4621-beba-247714ba2d9b adfd2eeae501404e9b1de9880bdc34e5 c76df086dce94837b53cd075607f7af4 - - default default] 10.0.0.236 "POST /v2.0/security-groups HTTP/1.1" status: 201 len: 1873 time: 0.2889941
2026-05-29 23:07:53.716 9 WARNING neutron_lib.context [None req-d3a3c31b-ff9f-44f7-ae58-4d0a1e2883f2 adfd2eeae501404e9b1de9880bdc34e5 c76df086dce94837b53cd075607f7af4 - - default default] Method 'is_advsvc' is deprecated since 2023.2 release (neutron-lib 3.8.0) and will be removed once support for the old RBAC API policies will be removed from Neutron. Please use method 'is_service_role' instead.
2026-05-29 23:07:53.895 9 INFO neutron.db.ovn_revision_numbers_db [None req-d3a3c31b-ff9f-44f7-ae58-4d0a1e2883f2 adfd2eeae501404e9b1de9880bdc34e5 c76df086dce94837b53cd075607f7af4 - - default default] Successfully bumped revision number for resource 13bbb0c4-6963-4745-8247-a289bbd0f3d7 (type: security_group_rules) to 0
2026-05-29 23:07:53.934 9 INFO neutron.wsgi [None req-d3a3c31b-ff9f-44f7-ae58-4d0a1e2883f2 adfd2eeae501404e9b1de9880bdc34e5 c76df086dce94837b53cd075607f7af4 - - default default] 10.0.0.236 "POST /v2.0/security-group-rules HTTP/1.1" status: 201 len: 796 time: 0.2235780
2026-05-29 23:07:53.945 9 WARNING neutron_lib.context [None req-2c2ecdd7-00c3-4aa6-bfa7-5d7ec2c1ecf0 adfd2eeae501404e9b1de9880bdc34e5 c76df086dce94837b53cd075607f7af4 - - default default] Method 'is_advsvc' is deprecated since 2023.2 release (neutron-lib 3.8.0) and will be removed once support for the old RBAC API policies will be removed from Neutron. Please use method 'is_service_role' instead.
2026-05-29 23:07:53.951 10 WARNING neutron.scheduler.dhcp_agent_scheduler [None req-011c6eec-7275-4bee-9822-230445189f58 e945b90319a648f39c6dda3b4a07633a e2aaa2d061024ea194858f2ac1747c37 - - default default] No more DHCP agents
2026-05-29 23:07:53.954 10 WARNING neutron.api.rpc.agentnotifiers.dhcp_rpc_agent_api [None req-011c6eec-7275-4bee-9822-230445189f58 e945b90319a648f39c6dda3b4a07633a e2aaa2d061024ea194858f2ac1747c37 - - default default] Unable to schedule network 36797a99-6432-49df-871c-3d6ff6d64117: no agents available; will retry on subsequent port and subnet creation events.
2026-05-29 23:07:54.080 9 INFO neutron.db.ovn_revision_numbers_db [None req-2c2ecdd7-00c3-4aa6-bfa7-5d7ec2c1ecf0 adfd2eeae501404e9b1de9880bdc34e5 c76df086dce94837b53cd075607f7af4 - - default default] Successfully bumped revision number for resource ed17c8cc-72ff-429c-9fb9-d49890c2288c (type: security_group_rules) to 0
2026-05-29 23:07:54.116 9 INFO neutron.wsgi [None req-2c2ecdd7-00c3-4aa6-bfa7-5d7ec2c1ecf0 adfd2eeae501404e9b1de9880bdc34e5 c76df086dce94837b53cd075607f7af4 - - default default] 10.0.0.236 "POST /v2.0/security-group-rules HTTP/1.1" status: 201 len: 795 time: 0.1779163
2026-05-29 23:07:54.128 10 WARNING neutron_lib.context [None req-fc81c82c-624f-4dfc-bb17-711d1fba762b adfd2eeae501404e9b1de9880bdc34e5 c76df086dce94837b53cd075607f7af4 - - default default] Method 'is_advsvc' is deprecated since 2023.2 release (neutron-lib 3.8.0) and will be removed once support for the old RBAC API policies will be removed from Neutron. Please use method 'is_service_role' instead.
2026-05-29 23:07:54.362 10 INFO neutron.db.ovn_revision_numbers_db [None req-fc81c82c-624f-4dfc-bb17-711d1fba762b adfd2eeae501404e9b1de9880bdc34e5 c76df086dce94837b53cd075607f7af4 - - default default] Successfully bumped revision number for resource d973466b-669e-43b0-a0ab-ca7f33bcd20a (type: security_group_rules) to 0
2026-05-29 23:07:54.407 10 INFO neutron.wsgi [None req-fc81c82c-624f-4dfc-bb17-711d1fba762b adfd2eeae501404e9b1de9880bdc34e5 c76df086dce94837b53cd075607f7af4 - - default default] 10.0.0.236 "POST /v2.0/security-group-rules HTTP/1.1" status: 201 len: 801 time: 0.2852879
2026-05-29 23:07:54.423 9 WARNING neutron_lib.context [None req-041c77b2-7d76-45de-ab49-236c1c872431 adfd2eeae501404e9b1de9880bdc34e5 c76df086dce94837b53cd075607f7af4 - - default default] Method 'is_advsvc' is deprecated since 2023.2 release (neutron-lib 3.8.0) and will be removed once support for the old RBAC API policies will be removed from Neutron. Please use method 'is_service_role' instead.
2026-05-29 23:07:54.578 10 INFO neutron.db.ovn_revision_numbers_db [None req-011c6eec-7275-4bee-9822-230445189f58 e945b90319a648f39c6dda3b4a07633a e2aaa2d061024ea194858f2ac1747c37 - - default default] Successfully bumped revision number for resource 91670bb1-562b-4630-a9e4-877caa05acc2 (type: ports) to 2
2026-05-29 23:07:54.601 9 INFO neutron.db.ovn_revision_numbers_db [None req-041c77b2-7d76-45de-ab49-236c1c872431 adfd2eeae501404e9b1de9880bdc34e5 c76df086dce94837b53cd075607f7af4 - - default default] Successfully bumped revision number for resource e1cf7595-786c-4d84-acab-9f0e079e9d2a (type: security_group_rules) to 0
2026-05-29 23:07:54.626 15 INFO neutron.plugins.ml2.drivers.ovn.mech_driver.ovsdb.maintenance [None req-06a835dd-27c4-43df-8dc3-66eb2677dd02 - - - - - -] Maintenance task: Synchronization completed (took 1.08 seconds)
2026-05-29 23:07:54.629 10 INFO neutron.db.ovn_revision_numbers_db [None req-011c6eec-7275-4bee-9822-230445189f58 e945b90319a648f39c6dda3b4a07633a e2aaa2d061024ea194858f2ac1747c37 - - default default] Successfully bumped revision number for resource 353a2210-60fb-41c9-989b-420a6ec7ca82 (type: subnets) to 0
2026-05-29 23:07:54.633 9 INFO neutron.wsgi [None req-041c77b2-7d76-45de-ab49-236c1c872431 adfd2eeae501404e9b1de9880bdc34e5 c76df086dce94837b53cd075607f7af4 - - default default] 10.0.0.236 "POST /v2.0/security-group-rules HTTP/1.1" status: 201 len: 800 time: 0.2195890
2026-05-29 23:07:54.644 9 WARNING neutron_lib.context [None req-0f90f552-0b4a-475c-a7a5-1ba5e9d7800d adfd2eeae501404e9b1de9880bdc34e5 c76df086dce94837b53cd075607f7af4 - - default default] Method 'is_advsvc' is deprecated since 2023.2 release (neutron-lib 3.8.0) and will be removed once support for the old RBAC API policies will be removed from Neutron. Please use method 'is_service_role' instead.
2026-05-29 23:07:54.659 9 INFO neutron.wsgi [-] 10.0.0.232 "GET / HTTP/1.1" status: 200 len: 247 time: 0.0018573
2026-05-29 23:07:54.660 10 WARNING neutron.scheduler.dhcp_agent_scheduler [None req-011c6eec-7275-4bee-9822-230445189f58 e945b90319a648f39c6dda3b4a07633a e2aaa2d061024ea194858f2ac1747c37 - - default default] No more DHCP agents
2026-05-29 23:07:54.660 9 INFO neutron.wsgi [-] 10.0.0.232 "GET / HTTP/1.1" status: 200 len: 247 time: 0.0009305
2026-05-29 23:07:54.663 10 WARNING neutron.api.rpc.agentnotifiers.dhcp_rpc_agent_api [None req-011c6eec-7275-4bee-9822-230445189f58 e945b90319a648f39c6dda3b4a07633a e2aaa2d061024ea194858f2ac1747c37 - - default default] Unable to schedule network e93ec1f4-07b3-4811-8003-d9de21360c32: no agents available; will retry on subsequent port and subnet creation events.
2026-05-29 23:07:54.681 9 INFO neutron.db.securitygroups_db [None req-0f90f552-0b4a-475c-a7a5-1ba5e9d7800d adfd2eeae501404e9b1de9880bdc34e5 c76df086dce94837b53cd075607f7af4 - - default default] Project c76df086dce94837b53cd075607f7af4 added a security group rule with legacy IPv6 ICMP protocol name icmp, ipv6-icmp should be used instead. It was automatically converted.
2026-05-29 23:07:54.806 9 INFO neutron.db.ovn_revision_numbers_db [None req-0f90f552-0b4a-475c-a7a5-1ba5e9d7800d adfd2eeae501404e9b1de9880bdc34e5 c76df086dce94837b53cd075607f7af4 - - default default] Successfully bumped revision number for resource f0d8f1a6-4cb7-4ecd-ad4f-d1939f033d15 (type: security_group_rules) to 0
2026-05-29 23:07:54.835 9 INFO neutron.wsgi [None req-0f90f552-0b4a-475c-a7a5-1ba5e9d7800d adfd2eeae501404e9b1de9880bdc34e5 c76df086dce94837b53cd075607f7af4 - - default default] 10.0.0.236 "POST /v2.0/security-group-rules HTTP/1.1" status: 201 len: 806 time: 0.1958241
2026-05-29 23:07:54.849 9 WARNING neutron_lib.context [None req-bc082df5-1710-4bc2-8f46-67167bb54789 adfd2eeae501404e9b1de9880bdc34e5 c76df086dce94837b53cd075607f7af4 - - default default] Method 'is_advsvc' is deprecated since 2023.2 release (neutron-lib 3.8.0) and will be removed once support for the old RBAC API policies will be removed from Neutron. Please use method 'is_service_role' instead.
2026-05-29 23:07:54.901 9 INFO neutron.db.securitygroups_db [None req-bc082df5-1710-4bc2-8f46-67167bb54789 adfd2eeae501404e9b1de9880bdc34e5 c76df086dce94837b53cd075607f7af4 - - default default] Project c76df086dce94837b53cd075607f7af4 added a security group rule with legacy IPv6 ICMP protocol name icmp, ipv6-icmp should be used instead. It was automatically converted.
2026-05-29 23:07:55.031 9 INFO neutron.db.ovn_revision_numbers_db [None req-bc082df5-1710-4bc2-8f46-67167bb54789 adfd2eeae501404e9b1de9880bdc34e5 c76df086dce94837b53cd075607f7af4 - - default default] Successfully bumped revision number for resource 4b7a4f8c-e4b1-44a8-8ed8-89f2a76888b0 (type: security_group_rules) to 0
2026-05-29 23:07:55.070 9 INFO neutron.wsgi [None req-bc082df5-1710-4bc2-8f46-67167bb54789 adfd2eeae501404e9b1de9880bdc34e5 c76df086dce94837b53cd075607f7af4 - - default default] 10.0.0.236 "POST /v2.0/security-group-rules HTTP/1.1" status: 201 len: 805 time: 0.2285821
2026-05-29 23:07:55.194 10 INFO neutron.db.ovn_revision_numbers_db [None req-011c6eec-7275-4bee-9822-230445189f58 e945b90319a648f39c6dda3b4a07633a e2aaa2d061024ea194858f2ac1747c37 - - default default] Successfully bumped revision number for resource b0aeac13-b8ba-4988-80d4-9ad6ea32d20c (type: ports) to 2
2026-05-29 23:07:55.241 10 INFO neutron.db.ovn_revision_numbers_db [None req-011c6eec-7275-4bee-9822-230445189f58 e945b90319a648f39c6dda3b4a07633a e2aaa2d061024ea194858f2ac1747c37 - - default default] Successfully bumped revision number for resource 5fa6fe62-b0df-4c42-bec0-5f49cf6d403d (type: subnets) to 0
2026-05-29 23:07:55.266 10 INFO neutron.wsgi [None req-011c6eec-7275-4bee-9822-230445189f58 e945b90319a648f39c6dda3b4a07633a e2aaa2d061024ea194858f2ac1747c37 - - default default] 10.0.0.236 "POST /v2.0/subnets HTTP/1.1" status: 201 len: 1426 time: 1.6986015
2026-05-29 23:07:55.330 10 INFO neutron.wsgi [None req-83cd2269-daef-4aff-aaf0-dfdf8551c846 e945b90319a648f39c6dda3b4a07633a e2aaa2d061024ea194858f2ac1747c37 - - default default] 10.0.0.236 "GET /v2.0/subnets HTTP/1.1" status: 200 len: 2034 time: 0.0574815
2026-05-29 23:07:55.524 9 WARNING neutron_lib.context [None req-f91059f0-97ae-448b-a116-fb4d5578f50d fefbcf93697c45499496aeca60bb7082 0fd316a85c274ecbbc14669b85aa001f - - default default] Method 'is_advsvc' is deprecated since 2023.2 release (neutron-lib 3.8.0) and will be removed once support for the old RBAC API policies will be removed from Neutron. Please use method 'is_service_role' instead.
2026-05-29 23:07:55.548 10 WARNING neutron_lib.context [None req-f6bca12a-b902-4487-89fe-611939e51775 adfd2eeae501404e9b1de9880bdc34e5 c76df086dce94837b53cd075607f7af4 - - default default] Method 'is_advsvc' is deprecated since 2023.2 release (neutron-lib 3.8.0) and will be removed once support for the old RBAC API policies will be removed from Neutron. Please use method 'is_service_role' instead.
2026-05-29 23:07:55.558 9 INFO neutron.db.ovn_revision_numbers_db [None req-654b298e-14f2-4ee2-bb31-318cf0b679ae ab3cbb9511254b219bbae3528b6e57de 6ee8476e3035491ea5b7eb8ed6bb6fa9 - - default default] Successfully bumped revision number for resource 9d69ae72-bf63-4422-9474-22fe62f2f5d9 (type: security_groups) to 1
2026-05-29 23:07:55.588 9 INFO neutron.db.ovn_revision_numbers_db [None req-654b298e-14f2-4ee2-bb31-318cf0b679ae ab3cbb9511254b219bbae3528b6e57de 6ee8476e3035491ea5b7eb8ed6bb6fa9 - - default default] Successfully bumped revision number for resource 79dbb407-05b1-4b41-b282-b1685a1e106e (type: security_group_rules) to 0
2026-05-29 23:07:55.612 9 INFO neutron.db.ovn_revision_numbers_db [None req-654b298e-14f2-4ee2-bb31-318cf0b679ae ab3cbb9511254b219bbae3528b6e57de 6ee8476e3035491ea5b7eb8ed6bb6fa9 - - default default] Successfully bumped revision number for resource a1d1fa33-53e2-4cf6-bb2f-f0da2cd3d5ad (type: security_group_rules) to 0
