2026-05-29 23:09:32.825 9 WARNING neutron.scheduler.dhcp_agent_scheduler [None req-1178a58d-edda-4ada-bca5-24f17f1aadaf 09180e4556564de3acc0bf722f3cde20 40b6718abb324816863f097bea2f5062 - - default default] No more DHCP agents
2026-05-29 23:09:32.826 9 WARNING neutron.api.rpc.agentnotifiers.dhcp_rpc_agent_api [None req-1178a58d-edda-4ada-bca5-24f17f1aadaf 09180e4556564de3acc0bf722f3cde20 40b6718abb324816863f097bea2f5062 - - default default] Unable to schedule network 0d5ef7e8-6ad7-44ac-bdff-c86f1c2c9b00: no agents available; will retry on subsequent port and subnet creation events.
2026-05-29 23:09:32.923 9 INFO neutron.db.ovn_revision_numbers_db [None req-1178a58d-edda-4ada-bca5-24f17f1aadaf 09180e4556564de3acc0bf722f3cde20 40b6718abb324816863f097bea2f5062 - - default default] Successfully bumped revision number for resource 084e1372-b92b-4830-aee8-ab55fba6a2c5 (type: ports) to 1
2026-05-29 23:09:32.947 9 INFO neutron.wsgi [None req-1178a58d-edda-4ada-bca5-24f17f1aadaf 09180e4556564de3acc0bf722f3cde20 40b6718abb324816863f097bea2f5062 - - default default] 10.0.0.236 "POST /v2.0/ports HTTP/1.1" status: 201 len: 942 time: 0.4427133 /var/lib/openstack/lib/python3.10/site-packages/pycadf/identifier.py:71: UserWarning: Invalid uuid: neutron. To ensure interoperability, identifiers should be a valid uuid. warnings.warn(('Invalid uuid: %s. To ensure interoperability, '
2026-05-29 23:09:32.957 9 WARNING neutron_lib.context [None req-0564fff8-0ab4-4f1d-900b-f9407c772ccc 09180e4556564de3acc0bf722f3cde20 40b6718abb324816863f097bea2f5062 - - default default] Method 'is_advsvc' is deprecated since 2023.2 release (neutron-lib 3.8.0) and will be removed once support for the old RBAC API policies will be removed from Neutron. Please use method 'is_service_role' instead.
2026-05-29 23:09:33.183 9 INFO neutron.wsgi [None req-0564fff8-0ab4-4f1d-900b-f9407c772ccc 09180e4556564de3acc0bf722f3cde20 40b6718abb324816863f097bea2f5062 - - default default] 10.0.0.236 "POST /v2.0/trunks HTTP/1.1" status: 201 len: 608 time: 0.2312040
2026-05-29 23:09:33.194 9 WARNING neutron_lib.context [None req-0875c252-25bc-42da-bc56-f338b9946749 09180e4556564de3acc0bf722f3cde20 40b6718abb324816863f097bea2f5062 - - default default] Method 'is_advsvc' is deprecated since 2023.2 release (neutron-lib 3.8.0) and will be removed once support for the old RBAC API policies will be removed from Neutron. Please use method 'is_service_role' instead.
2026-05-29 23:09:33.282 9 INFO neutron.db.segments_db [None req-0875c252-25bc-42da-bc56-f338b9946749 09180e4556564de3acc0bf722f3cde20 40b6718abb324816863f097bea2f5062 - - default default] Added segment b2e9af8c-55b5-4f38-a29f-050fbe1d7a90 of type geneve for network bc78a944-cf94-4a0d-9675-3c1a1a2c3071
2026-05-29 23:09:33.305 9 WARNING neutron_lib.context [None req-7dd65990-1353-4df1-8644-acf89c5ff0e4 0a8e609316504b7c9c9298a498149adf 2fcd3433348b4226b5b8074840a285a9 - - default default] Method 'is_advsvc' is deprecated since 2023.2 release (neutron-lib 3.8.0) and will be removed once support for the old RBAC API policies will be removed from Neutron. Please use method 'is_service_role' instead.
2026-05-29 23:09:33.470 10 INFO neutron.db.ovn_revision_numbers_db [None req-a6c0d6bb-e21a-43a4-b928-b78ccdfa551a 1d21b113413f4106acccbab7c5f28b44 5087e588036d496e9c1b5a18f123b59a - - default default] Successfully bumped revision number for resource 4788670c-22f4-4d03-aa73-465d22c846e2 (type: security_group_rules) to 0
2026-05-29 23:09:33.528 9 INFO neutron.db.ovn_revision_numbers_db [None req-0875c252-25bc-42da-bc56-f338b9946749 09180e4556564de3acc0bf722f3cde20 40b6718abb324816863f097bea2f5062 - - default default] Successfully bumped revision number for resource bc78a944-cf94-4a0d-9675-3c1a1a2c3071 (type: networks) to 1
2026-05-29 23:09:33.530 10 INFO neutron.wsgi [None req-4fe23e64-ccb3-4cfb-bdbc-cd59701acbf7 9a42112421774fe998c6f3b3a9f0108d 5a8eb7c902a74dc3838f84c645e476ef - - default default] 10.0.0.236 "POST /v2.0/vpn/vpnservices HTTP/1.1" status: 201 len: 622 time: 1.1325841
2026-05-29 23:09:33.534 10 INFO neutron.wsgi [None req-a6c0d6bb-e21a-43a4-b928-b78ccdfa551a 1d21b113413f4106acccbab7c5f28b44 5087e588036d496e9c1b5a18f123b59a - - default default] 10.0.0.236 "POST /v2.0/security-group-rules HTTP/1.1" status: 201 len: 801 time: 0.9010983
2026-05-29 23:09:33.541 10 WARNING neutron_lib.context [None req-50b54b05-abce-4449-b09c-c18ef75eb3a2 9a42112421774fe998c6f3b3a9f0108d 5a8eb7c902a74dc3838f84c645e476ef - - default default] Method 'is_advsvc' is deprecated since 2023.2 release (neutron-lib 3.8.0) and will be removed once support for the old RBAC API policies will be removed from Neutron. Please use method 'is_service_role' instead.
2026-05-29 23:09:33.546 9 INFO neutron.db.ovn_revision_numbers_db [None req-7dd65990-1353-4df1-8644-acf89c5ff0e4 0a8e609316504b7c9c9298a498149adf 2fcd3433348b4226b5b8074840a285a9 - - default default] Successfully bumped revision number for resource 75031067-3b90-49e4-83a8-60291378dda7 (type: security_groups) to 1
2026-05-29 23:09:33.550 10 WARNING neutron_lib.context [None req-f4404aea-de30-4815-9e46-0ca77bda3353 1d21b113413f4106acccbab7c5f28b44 5087e588036d496e9c1b5a18f123b59a - - default default] Method 'is_advsvc' is deprecated since 2023.2 release (neutron-lib 3.8.0) and will be removed once support for the old RBAC API policies will be removed from Neutron. Please use method 'is_service_role' instead.
2026-05-29 23:09:33.571 9 INFO neutron.db.ovn_revision_numbers_db [None req-7dd65990-1353-4df1-8644-acf89c5ff0e4 0a8e609316504b7c9c9298a498149adf 2fcd3433348b4226b5b8074840a285a9 - - default default] Successfully bumped revision number for resource 7444a9e6-e2c4-4faa-9a31-e2509887e313 (type: security_group_rules) to 0
2026-05-29 23:09:33.602 9 INFO neutron.db.ovn_revision_numbers_db [None req-7dd65990-1353-4df1-8644-acf89c5ff0e4 0a8e609316504b7c9c9298a498149adf 2fcd3433348b4226b5b8074840a285a9 - - default default] Successfully bumped revision number for resource 817337e4-fb37-41af-8a14-e4f195aad812 (type: security_group_rules) to 0
2026-05-29 23:09:33.632 9 INFO neutron.db.ovn_revision_numbers_db [None req-7dd65990-1353-4df1-8644-acf89c5ff0e4 0a8e609316504b7c9c9298a498149adf 2fcd3433348b4226b5b8074840a285a9 - - default default] Successfully bumped revision number for resource eeb71081-554a-43fd-9375-3c505af68c1a (type: security_group_rules) to 0
2026-05-29 23:09:33.638 10 INFO neutron.wsgi [None req-50b54b05-abce-4449-b09c-c18ef75eb3a2 9a42112421774fe998c6f3b3a9f0108d 5a8eb7c902a74dc3838f84c645e476ef - - default default] 10.0.0.236 "POST /v2.0/vpn/ikepolicies HTTP/1.1" status: 201 len: 603 time: 0.1005843
2026-05-29 23:09:33.652 10 WARNING neutron_lib.context [None req-b93946f9-30fa-4ed4-a81f-ce21d51d5376 9a42112421774fe998c6f3b3a9f0108d 5a8eb7c902a74dc3838f84c645e476ef - - default default] Method 'is_advsvc' is deprecated since 2023.2 release (neutron-lib 3.8.0) and will be removed once support for the old RBAC API policies will be removed from Neutron. Please use method 'is_service_role' instead.
2026-05-29 23:09:33.678 9 INFO neutron.db.ovn_revision_numbers_db [None req-7dd65990-1353-4df1-8644-acf89c5ff0e4 0a8e609316504b7c9c9298a498149adf 2fcd3433348b4226b5b8074840a285a9 - - default default] Successfully bumped revision number for resource fabab59b-32b3-4b4e-a72d-b779b91029d4 (type: security_group_rules) to 0
2026-05-29 23:09:33.679 10 INFO neutron.db.ovn_revision_numbers_db [None req-cd1fc30e-b194-44c5-8abd-9c675b0b6012 - - - - - -] Successfully bumped revision number for resource 1188f6eb-1691-46c9-bc75-9315e6336bda (type: ports) to 2
2026-05-29 23:09:33.735 9 INFO neutron.db.segments_db [None req-7dd65990-1353-4df1-8644-acf89c5ff0e4 0a8e609316504b7c9c9298a498149adf 2fcd3433348b4226b5b8074840a285a9 - - default default] Added segment e6342aa9-bb09-4794-8a84-4f8e8997a0ff of type geneve for network 6fac989e-d257-4cf0-80e5-a8ac16eb5894
2026-05-29 23:09:33.762 10 INFO neutron.wsgi [None req-b93946f9-30fa-4ed4-a81f-ce21d51d5376 9a42112421774fe998c6f3b3a9f0108d 5a8eb7c902a74dc3838f84c645e476ef - - default default] 10.0.0.236 "POST /v2.0/vpn/ipsecpolicies HTTP/1.1" status: 201 len: 611 time: 0.1173608
2026-05-29 23:09:33.765 9 WARNING neutron.scheduler.dhcp_agent_scheduler [None req-0875c252-25bc-42da-bc56-f338b9946749 09180e4556564de3acc0bf722f3cde20 40b6718abb324816863f097bea2f5062 - - default default] No more DHCP agents
2026-05-29 23:09:33.775 9 WARNING neutron_lib.context [None req-23a68a22-4cef-4d50-bb84-9499cad81aaf 9a42112421774fe998c6f3b3a9f0108d 5a8eb7c902a74dc3838f84c645e476ef - - default default] Method 'is_advsvc' is deprecated since 2023.2 release (neutron-lib 3.8.0) and will be removed once support for the old RBAC API policies will be removed from Neutron. Please use method 'is_service_role' instead.
2026-05-29 23:09:33.778 9 WARNING neutron.api.rpc.agentnotifiers.dhcp_rpc_agent_api [None req-0875c252-25bc-42da-bc56-f338b9946749 09180e4556564de3acc0bf722f3cde20 40b6718abb324816863f097bea2f5062 - - default default] Unable to schedule network bc78a944-cf94-4a0d-9675-3c1a1a2c3071: no agents available; will retry on subsequent port and subnet creation events.
2026-05-29 23:09:33.842 10 INFO neutron.db.ovn_revision_numbers_db [None req-f4404aea-de30-4815-9e46-0ca77bda3353 1d21b113413f4106acccbab7c5f28b44 5087e588036d496e9c1b5a18f123b59a - - default default] Successfully bumped revision number for resource 0ee3e030-b86f-4bad-a004-62649aa42fad (type: security_group_rules) to 0
2026-05-29 23:09:33.898 10 INFO neutron.wsgi [None req-f4404aea-de30-4815-9e46-0ca77bda3353 1d21b113413f4106acccbab7c5f28b44 5087e588036d496e9c1b5a18f123b59a - - default default] 10.0.0.236 "POST /v2.0/security-group-rules HTTP/1.1" status: 201 len: 800 time: 0.3531561
2026-05-29 23:09:33.903 10 INFO neutron.db.ovn_revision_numbers_db [None req-cd1fc30e-b194-44c5-8abd-9c675b0b6012 - - - - - -] Successfully bumped revision number for resource 1188f6eb-1691-46c9-bc75-9315e6336bda (type: router_ports) to 2
2026-05-29 23:09:33.911 10 WARNING neutron_lib.context [None req-8c7670d9-3ebe-4dd8-af30-c997c0ab860f 1d21b113413f4106acccbab7c5f28b44 5087e588036d496e9c1b5a18f123b59a - - default default] Method 'is_advsvc' is deprecated since 2023.2 release (neutron-lib 3.8.0) and will be removed once support for the old RBAC API policies will be removed from Neutron. Please use method 'is_service_role' instead.
2026-05-29 23:09:33.956 9 INFO neutron.wsgi [None req-23a68a22-4cef-4d50-bb84-9499cad81aaf 9a42112421774fe998c6f3b3a9f0108d 5a8eb7c902a74dc3838f84c645e476ef - - default default] 10.0.0.236 "POST /v2.0/vpn/endpoint-groups HTTP/1.1" status: 201 len: 528 time: 0.1891344
2026-05-29 23:09:33.969 10 WARNING neutron_lib.context [None req-a7ea5306-0fc6-4cdc-85ab-380e6f3e3219 9a42112421774fe998c6f3b3a9f0108d 5a8eb7c902a74dc3838f84c645e476ef - - default default] Method 'is_advsvc' is deprecated since 2023.2 release (neutron-lib 3.8.0) and will be removed once support for the old RBAC API policies will be removed from Neutron. Please use method 'is_service_role' instead.
2026-05-29 23:09:33.971 9 INFO neutron.db.ovn_revision_numbers_db [None req-0875c252-25bc-42da-bc56-f338b9946749 09180e4556564de3acc0bf722f3cde20 40b6718abb324816863f097bea2f5062 - - default default] Successfully bumped revision number for resource f5f0f7f7-a040-4577-880e-c6fc8ea6ee1b (type: ports) to 1
2026-05-29 23:09:33.979 9 INFO neutron.db.ovn_revision_numbers_db [None req-7dd65990-1353-4df1-8644-acf89c5ff0e4 0a8e609316504b7c9c9298a498149adf 2fcd3433348b4226b5b8074840a285a9 - - default default] Successfully bumped revision number for resource 6fac989e-d257-4cf0-80e5-a8ac16eb5894 (type: networks) to 1
2026-05-29 23:09:33.984 10 INFO neutron.db.securitygroups_db [None req-8c7670d9-3ebe-4dd8-af30-c997c0ab860f 1d21b113413f4106acccbab7c5f28b44 5087e588036d496e9c1b5a18f123b59a - - default default] Project 5087e588036d496e9c1b5a18f123b59a added a security group rule with legacy IPv6 ICMP protocol name icmp, ipv6-icmp should be used instead. It was automatically converted.
2026-05-29 23:09:34.000 9 INFO neutron.wsgi [None req-0875c252-25bc-42da-bc56-f338b9946749 09180e4556564de3acc0bf722f3cde20 40b6718abb324816863f097bea2f5062 - - default default] 10.0.0.236 "POST /v2.0/networks HTTP/1.1" status: 201 len: 829 time: 0.8113756
2026-05-29 23:09:34.010 9 WARNING neutron_lib.context [None req-e0afea13-a48e-4051-939e-f7e7f5b51a5a 09180e4556564de3acc0bf722f3cde20 40b6718abb324816863f097bea2f5062 - - default default] Method 'is_advsvc' is deprecated since 2023.2 release (neutron-lib 3.8.0) and will be removed once support for the old RBAC API policies will be removed from Neutron. Please use method 'is_service_role' instead.
2026-05-29 23:09:34.025 10 INFO neutron.wsgi [None req-a7ea5306-0fc6-4cdc-85ab-380e6f3e3219 9a42112421774fe998c6f3b3a9f0108d 5a8eb7c902a74dc3838f84c645e476ef - - default default] 10.0.0.236 "POST /v2.0/vpn/endpoint-groups HTTP/1.1" status: 201 len: 518 time: 0.0628326
2026-05-29 23:09:34.038 10 WARNING neutron_lib.context [None req-b592f77c-5cd6-4fdd-860f-89cca71ecaad 9a42112421774fe998c6f3b3a9f0108d 5a8eb7c902a74dc3838f84c645e476ef - - default default] Method 'is_advsvc' is deprecated since 2023.2 release (neutron-lib 3.8.0) and will be removed once support for the old RBAC API policies will be removed from Neutron. Please use method 'is_service_role' instead.
2026-05-29 23:09:34.157 10 INFO neutron.db.ovn_revision_numbers_db [None req-8c7670d9-3ebe-4dd8-af30-c997c0ab860f 1d21b113413f4106acccbab7c5f28b44 5087e588036d496e9c1b5a18f123b59a - - default default] Successfully bumped revision number for resource 2f00e2b3-3cf9-4be4-9685-b2020f996b64 (type: security_group_rules) to 0
2026-05-29 23:09:34.199 10 INFO neutron.wsgi [None req-8c7670d9-3ebe-4dd8-af30-c997c0ab860f 1d21b113413f4106acccbab7c5f28b44 5087e588036d496e9c1b5a18f123b59a - - default default] 10.0.0.236 "POST /v2.0/security-group-rules HTTP/1.1" status: 201 len: 806 time: 0.2934270
2026-05-29 23:09:34.210 10 WARNING neutron_lib.context [None req-87b3bd3f-40c7-48c7-94ae-0bedee1496ab 1d21b113413f4106acccbab7c5f28b44 5087e588036d496e9c1b5a18f123b59a - - default default] Method 'is_advsvc' is deprecated since 2023.2 release (neutron-lib 3.8.0) and will be removed once support for the old RBAC API policies will be removed from Neutron. Please use method 'is_service_role' instead.
2026-05-29 23:09:34.217 9 WARNING neutron.scheduler.dhcp_agent_scheduler [None req-7dd65990-1353-4df1-8644-acf89c5ff0e4 0a8e609316504b7c9c9298a498149adf 2fcd3433348b4226b5b8074840a285a9 - - default default] No more DHCP agents
2026-05-29 23:09:34.223 9 WARNING neutron.api.rpc.agentnotifiers.dhcp_rpc_agent_api [None req-7dd65990-1353-4df1-8644-acf89c5ff0e4 0a8e609316504b7c9c9298a498149adf 2fcd3433348b4226b5b8074840a285a9 - - default default] Unable to schedule network 6fac989e-d257-4cf0-80e5-a8ac16eb5894: no agents available; will retry on subsequent port and subnet creation events.
2026-05-29 23:09:34.272 10 INFO neutron.db.securitygroups_db [None req-87b3bd3f-40c7-48c7-94ae-0bedee1496ab 1d21b113413f4106acccbab7c5f28b44 5087e588036d496e9c1b5a18f123b59a - - default default] Project 5087e588036d496e9c1b5a18f123b59a added a security group rule with legacy IPv6 ICMP protocol name icmp, ipv6-icmp should be used instead. It was automatically converted.
2026-05-29 23:09:34.340 9 INFO neutron.db.ovn_revision_numbers_db [None req-7dd65990-1353-4df1-8644-acf89c5ff0e4 0a8e609316504b7c9c9298a498149adf 2fcd3433348b4226b5b8074840a285a9 - - default default] Successfully bumped revision number for resource b7492c47-5d21-4a52-ab68-05b4714288dd (type: ports) to 1
2026-05-29 23:09:34.349 9 WARNING neutron.scheduler.dhcp_agent_scheduler [None req-e0afea13-a48e-4051-939e-f7e7f5b51a5a 09180e4556564de3acc0bf722f3cde20 40b6718abb324816863f097bea2f5062 - - default default] No more DHCP agents
2026-05-29 23:09:34.355 9 WARNING neutron.api.rpc.agentnotifiers.dhcp_rpc_agent_api [None req-e0afea13-a48e-4051-939e-f7e7f5b51a5a 09180e4556564de3acc0bf722f3cde20 40b6718abb324816863f097bea2f5062 - - default default] Unable to schedule network bc78a944-cf94-4a0d-9675-3c1a1a2c3071: no agents available; will retry on subsequent port and subnet creation events.
2026-05-29 23:09:34.454 10 INFO neutron.db.ovn_revision_numbers_db [None req-87b3bd3f-40c7-48c7-94ae-0bedee1496ab 1d21b113413f4106acccbab7c5f28b44 5087e588036d496e9c1b5a18f123b59a - - default default] Successfully bumped revision number for resource f806cfed-ff61-48c9-a944-ac1fdf3bc705 (type: security_group_rules) to 0
2026-05-29 23:09:34.501 10 INFO neutron.wsgi [None req-87b3bd3f-40c7-48c7-94ae-0bedee1496ab 1d21b113413f4106acccbab7c5f28b44 5087e588036d496e9c1b5a18f123b59a - - default default] 10.0.0.236 "POST /v2.0/security-group-rules HTTP/1.1" status: 201 len: 805 time: 0.2969759
2026-05-29 23:09:34.575 9 INFO neutron.wsgi [None req-7dd65990-1353-4df1-8644-acf89c5ff0e4 0a8e609316504b7c9c9298a498149adf 2fcd3433348b4226b5b8074840a285a9 - - default default] 10.0.0.236 "POST /v2.0/networks HTTP/1.1" status: 201 len: 831 time: 1.3757677 /var/lib/openstack/lib/python3.10/site-packages/pycadf/identifier.py:71: UserWarning: Invalid uuid: neutron. To ensure interoperability, identifiers should be a valid uuid. warnings.warn(('Invalid uuid: %s. To ensure interoperability, '
2026-05-29 23:09:34.667 9 INFO neutron.wsgi [None req-e6a57295-16b3-4736-94f3-d198f0f8f8be 0a8e609316504b7c9c9298a498149adf 2fcd3433348b4226b5b8074840a285a9 - - default default] 10.0.0.236 "PUT /v2.0/networks/6fac989e-d257-4cf0-80e5-a8ac16eb5894/tags HTTP/1.1" status: 200 len: 218 time: 0.0832977
2026-05-29 23:09:34.671 9 INFO neutron.db.ovn_revision_numbers_db [None req-e0afea13-a48e-4051-939e-f7e7f5b51a5a 09180e4556564de3acc0bf722f3cde20 40b6718abb324816863f097bea2f5062 - - default default] Successfully bumped revision number for resource 9f7d97c5-3a16-43ff-84b0-ad833cdc4962 (type: ports) to 1
2026-05-29 23:09:34.703 9 INFO neutron.wsgi [None req-e0afea13-a48e-4051-939e-f7e7f5b51a5a 09180e4556564de3acc0bf722f3cde20 40b6718abb324816863f097bea2f5062 - - default default] 10.0.0.236 "POST /v2.0/ports HTTP/1.1" status: 201 len: 942 time: 0.6961238
2026-05-29 23:09:34.716 10 WARNING neutron_lib.context [None req-4384cb00-9e1d-43c2-8a87-8e003a038454 09180e4556564de3acc0bf722f3cde20 40b6718abb324816863f097bea2f5062 - - default default] Method 'is_advsvc' is deprecated since 2023.2 release (neutron-lib 3.8.0) and will be removed once support for the old RBAC API policies will be removed from Neutron. Please use method 'is_service_role' instead.
2026-05-29 23:09:34.720 9 INFO neutron.wsgi [None req-a5965bc5-9a83-4889-bfcc-5966f0ff3705 0a8e609316504b7c9c9298a498149adf 2fcd3433348b4226b5b8074840a285a9 - - default default] 10.0.0.236 "GET /v2.0/networks/6fac989e-d257-4cf0-80e5-a8ac16eb5894/tags HTTP/1.1" status: 200 len: 218 time: 0.0475371
2026-05-29 23:09:34.782 9 INFO neutron.wsgi [None req-21bac807-12b5-47e9-8ae6-73214dab52a3 0a8e609316504b7c9c9298a498149adf 2fcd3433348b4226b5b8074840a285a9 - - default default] 10.0.0.236 "PUT /v2.0/networks/6fac989e-d257-4cf0-80e5-a8ac16eb5894/tags/green HTTP/1.1" status: 201 len: 201 time: 0.0573969
2026-05-29 23:09:34.830 9 INFO neutron.wsgi [None req-c30b7cef-10a4-4ee2-b081-c3427e3eaf27 0a8e609316504b7c9c9298a498149adf 2fcd3433348b4226b5b8074840a285a9 - - default default] 10.0.0.236 "GET /v2.0/networks/6fac989e-d257-4cf0-80e5-a8ac16eb5894/tags HTTP/1.1" status: 200 len: 227 time: 0.0434172
2026-05-29 23:09:34.886 9 INFO neutron.wsgi [None req-391ec53c-f912-4175-981e-8becb8725d53 0a8e609316504b7c9c9298a498149adf 2fcd3433348b4226b5b8074840a285a9 - - default default] 10.0.0.236 "PUT /v2.0/networks/6fac989e-d257-4cf0-80e5-a8ac16eb5894/tags/red HTTP/1.1" status: 201 len: 201 time: 0.0488663
2026-05-29 23:09:34.940 9 INFO neutron.wsgi [None req-2fa7b700-1b05-4a47-8a02-3ec48503ade7 0a8e609316504b7c9c9298a498149adf 2fcd3433348b4226b5b8074840a285a9 - - default default] 10.0.0.236 "GET /v2.0/networks/6fac989e-d257-4cf0-80e5-a8ac16eb5894/tags HTTP/1.1" status: 200 len: 227 time: 0.0486975
2026-05-29 23:09:35.010 9 INFO neutron.wsgi [None req-83d042d3-35b8-4415-aa4d-8df655d16ddd 0a8e609316504b7c9c9298a498149adf 2fcd3433348b4226b5b8074840a285a9 - - default default] 10.0.0.236 "PUT /v2.0/networks/6fac989e-d257-4cf0-80e5-a8ac16eb5894/tags/black.or.white HTTP/1.1" status: 201 len: 201 time: 0.0647125
2026-05-29 23:09:35.061 9 INFO neutron.wsgi [None req-709d3ef5-9afd-40bb-90c3-bf9f44f54eb3 0a8e609316504b7c9c9298a498149adf 2fcd3433348b4226b5b8074840a285a9 - - default default] 10.0.0.236 "GET /v2.0/networks/6fac989e-d257-4cf0-80e5-a8ac16eb5894/tags HTTP/1.1" status: 200 len: 245 time: 0.0451210
2026-05-29 23:09:35.127 9 INFO neutron.wsgi [None req-58da580b-804a-44ab-b3b4-6cef5160ae09 0a8e609316504b7c9c9298a498149adf 2fcd3433348b4226b5b8074840a285a9 - - default default] 10.0.0.236 "PUT /v2.0/networks/6fac989e-d257-4cf0-80e5-a8ac16eb5894/tags HTTP/1.1" status: 200 len: 230 time: 0.0591414
2026-05-29 23:09:35.182 9 INFO neutron.wsgi [None req-1d4de520-a160-4afe-b779-e83762d414a1 0a8e609316504b7c9c9298a498149adf 2fcd3433348b4226b5b8074840a285a9 - - default default] 10.0.0.236 "GET /v2.0/networks/6fac989e-d257-4cf0-80e5-a8ac16eb5894/tags HTTP/1.1" status: 200 len: 230 time: 0.0486279
2026-05-29 23:09:35.238 9 INFO neutron.wsgi [None req-2575071e-3155-49cd-aaa2-75d88c498f17 0a8e609316504b7c9c9298a498149adf 2fcd3433348b4226b5b8074840a285a9 - - default default] 10.0.0.236 "GET /v2.0/networks/6fac989e-d257-4cf0-80e5-a8ac16eb5894/tags/red HTTP/1.1" status: 204 len: 168 time: 0.0506997
2026-05-29 23:09:35.290 9 INFO neutron.api.v2.resource [None req-440f2307-837a-44f1-b00c-ef88c4cd87e1 0a8e609316504b7c9c9298a498149adf 2fcd3433348b4226b5b8074840a285a9 - - default default] show failed (client error): The resource could not be found.
2026-05-29 23:09:35.291 9 INFO neutron.wsgi [None req-440f2307-837a-44f1-b00c-ef88c4cd87e1 0a8e609316504b7c9c9298a498149adf 2fcd3433348b4226b5b8074840a285a9 - - default default] 10.0.0.236 "GET /v2.0/networks/6fac989e-d257-4cf0-80e5-a8ac16eb5894/tags/green HTTP/1.1" status: 404 len: 299 time: 0.0481064
2026-05-29 23:09:35.336 10 INFO neutron.db.ovn_revision_numbers_db [None req-b592f77c-5cd6-4fdd-860f-89cca71ecaad 9a42112421774fe998c6f3b3a9f0108d 5a8eb7c902a74dc3838f84c645e476ef - - default default] Successfully bumped revision number for resource 8039045c-5a08-43b1-a4b1-b4fe7919ec86 (type: routers) to 5
2026-05-29 23:09:35.357 10 INFO neutron.wsgi [None req-6e7bbd4a-5922-4e06-8ea8-7c91a1e3aad0 1d21b113413f4106acccbab7c5f28b44 5087e588036d496e9c1b5a18f123b59a - - default default] 10.0.0.236 "GET /v2.0/networks HTTP/1.1" status: 200 len: 1493 time: 0.4855268
2026-05-29 23:09:35.362 9 INFO neutron.wsgi [None req-13b8a45a-94ba-4415-857c-48df85dcb707 0a8e609316504b7c9c9298a498149adf 2fcd3433348b4226b5b8074840a285a9 - - default default] 10.0.0.236 "DELETE /v2.0/networks/6fac989e-d257-4cf0-80e5-a8ac16eb5894/tags/red HTTP/1.1" status: 204 len: 168 time: 0.0648506
2026-05-29 23:09:35.396 10 INFO neutron.wsgi [None req-4384cb00-9e1d-43c2-8a87-8e003a038454 09180e4556564de3acc0bf722f3cde20 40b6718abb324816863f097bea2f5062 - - default default] 10.0.0.236 "POST /v2.0/trunks HTTP/1.1" status: 201 len: 608 time: 0.6848485
2026-05-29 23:09:35.401 10 INFO neutron.wsgi [None req-b592f77c-5cd6-4fdd-860f-89cca71ecaad 9a42112421774fe998c6f3b3a9f0108d 5a8eb7c902a74dc3838f84c645e476ef - - default default] 10.0.0.236 "POST /v2.0/vpn/ipsec-site-connections HTTP/1.1" status: 201 len: 1002 time: 1.3694165
2026-05-29 23:09:35.408 9 WARNING neutron_lib.context [None req-730e21ee-6383-4057-b08c-6fbc673432ac 09180e4556564de3acc0bf722f3cde20 40b6718abb324816863f097bea2f5062 - - default default] Method 'is_advsvc' is deprecated since 2023.2 release (neutron-lib 3.8.0) and will be removed once support for the old RBAC API policies will be removed from Neutron. Please use method 'is_service_role' instead.
2026-05-29 23:09:35.417 10 WARNING neutron_lib.context [None req-7f9ed9d3-79cc-442e-9ab2-a1e84f5146f2 9a42112421774fe998c6f3b3a9f0108d 5a8eb7c902a74dc3838f84c645e476ef - - default default] Method 'is_advsvc' is deprecated since 2023.2 release (neutron-lib 3.8.0) and will be removed once support for the old RBAC API policies will be removed from Neutron. Please use method 'is_service_role' instead.
2026-05-29 23:09:35.429 9 INFO neutron.wsgi [None req-2c118989-c214-46b2-a2b6-e0aeaad18af0 0a8e609316504b7c9c9298a498149adf 2fcd3433348b4226b5b8074840a285a9 - - default default] 10.0.0.236 "GET /v2.0/networks/6fac989e-d257-4cf0-80e5-a8ac16eb5894/tags HTTP/1.1" status: 200 len: 223 time: 0.0615344
2026-05-29 23:09:35.469 10 INFO neutron.wsgi [None req-7f9ed9d3-79cc-442e-9ab2-a1e84f5146f2 9a42112421774fe998c6f3b3a9f0108d 5a8eb7c902a74dc3838f84c645e476ef - - default default] 10.0.0.236 "POST /v2.0/vpn/endpoint-groups HTTP/1.1" status: 201 len: 488 time: 0.0580356
2026-05-29 23:09:35.478 10 INFO neutron.wsgi [req-ea6fecf3-0570-47df-a599-1791ec3445fe req-3e13e672-e45b-4afd-b201-213e92868fe1 1d21b113413f4106acccbab7c5f28b44 5087e588036d496e9c1b5a18f123b59a - - default default] 10.0.0.80 "GET /v2.0/security-groups?name=tempest-secgroup-smoke-1381330625&fields=id&tenant_id=5087e588036d496e9c1b5a18f123b59a HTTP/1.1" status: 200 len: 267 time: 0.0483789
2026-05-29 23:09:35.520 9 INFO neutron.api.v2.resource [None req-4c696feb-ba32-4dc6-b870-17eb09d90e29 0a8e609316504b7c9c9298a498149adf 2fcd3433348b4226b5b8074840a285a9 - - default default] delete failed (client error): The resource could not be found.
2026-05-29 23:09:35.522 9 INFO neutron.wsgi [None req-4c696feb-ba32-4dc6-b870-17eb09d90e29 0a8e609316504b7c9c9298a498149adf 2fcd3433348b4226b5b8074840a285a9 - - default default] 10.0.0.236 "DELETE /v2.0/networks/6fac989e-d257-4cf0-80e5-a8ac16eb5894/tags/green HTTP/1.1" status: 404 len: 299 time: 0.0873582
2026-05-29 23:09:35.543 9 INFO neutron.wsgi [None req-b98782ab-1508-456b-a869-8b43ab8525b9 9a42112421774fe998c6f3b3a9f0108d 5a8eb7c902a74dc3838f84c645e476ef - - default default] 10.0.0.236 "DELETE /v2.0/vpn/endpoint-groups/1184236f-f965-4c4f-84bf-dd640e9862d5 HTTP/1.1" status: 204 len: 168 time: 0.0693653
2026-05-29 23:09:35.566 9 INFO neutron.wsgi [None req-bd1656b6-08c9-4cf3-94e7-96288e0327f6 9a42112421774fe998c6f3b3a9f0108d 5a8eb7c902a74dc3838f84c645e476ef - - default default] 10.0.0.236 "GET /v2.0/vpn/endpoint-groups HTTP/1.1" status: 200 len: 827 time: 0.0165796
2026-05-29 23:09:35.579 9 INFO neutron.db.segments_db [None req-730e21ee-6383-4057-b08c-6fbc673432ac 09180e4556564de3acc0bf722f3cde20 40b6718abb324816863f097bea2f5062 - - default default] Added segment edadf60c-78bc-4df0-a55e-4d28f790067d of type geneve for network b73318e0-2fc5-4d29-b048-332da8cab5f1
2026-05-29 23:09:35.584 9 INFO neutron.wsgi [None req-58e16139-8193-49dc-8711-ffe918b2eb74 9a42112421774fe998c6f3b3a9f0108d 5a8eb7c902a74dc3838f84c645e476ef - - default default] 10.0.0.236 "GET /v2.0/vpn/endpoint-groups HTTP/1.1" status: 200 len: 827 time: 0.0125456
2026-05-29 23:09:35.607 10 INFO neutron.wsgi [req-ea6fecf3-0570-47df-a599-1791ec3445fe req-ac04bfa4-ea01-49ea-82de-68b6c6cfa616 1d21b113413f4106acccbab7c5f28b44 5087e588036d496e9c1b5a18f123b59a - - default default] 10.0.0.80 "GET /v2.0/networks?id=799c7666-c251-4d00-93f7-4eecf97d5b35 HTTP/1.1" status: 200 len: 860 time: 0.1225493
2026-05-29 23:09:35.625 10 INFO neutron.wsgi [req-ea6fecf3-0570-47df-a599-1791ec3445fe req-a2e23ec5-3632-4353-a1f8-791546205739 1d21b113413f4106acccbab7c5f28b44 5087e588036d496e9c1b5a18f123b59a - - default default] 10.0.0.80 "GET /v2.0/quotas/5087e588036d496e9c1b5a18f123b59a HTTP/1.1" status: 200 len: 491 time: 0.0109596
2026-05-29 23:09:35.629 10 INFO neutron.wsgi [None req-2b3089b7-4b24-4390-b9ad-55cb3e63c9fd 0a8e609316504b7c9c9298a498149adf 2fcd3433348b4226b5b8074840a285a9 - - default default] 10.0.0.236 "DELETE /v2.0/networks/6fac989e-d257-4cf0-80e5-a8ac16eb5894/tags HTTP/1.1" status: 204 len: 168 time: 0.1005306
2026-05-29 23:09:35.691 9 INFO neutron.wsgi [None req-231bcbbd-958a-4342-8b48-e0488e4ce2cc 0a8e609316504b7c9c9298a498149adf 2fcd3433348b4226b5b8074840a285a9 - - default default] 10.0.0.236 "GET /v2.0/networks/6fac989e-d257-4cf0-80e5-a8ac16eb5894/tags HTTP/1.1" status: 200 len: 205 time: 0.0525100
2026-05-29 23:09:35.748 9 INFO neutron.db.ovn_revision_numbers_db [None req-730e21ee-6383-4057-b08c-6fbc673432ac 09180e4556564de3acc0bf722f3cde20 40b6718abb324816863f097bea2f5062 - - default default] Successfully bumped revision number for resource b73318e0-2fc5-4d29-b048-332da8cab5f1 (type: networks) to 1
2026-05-29 23:09:35.759 10 INFO neutron.wsgi [req-ea6fecf3-0570-47df-a599-1791ec3445fe req-f90cea21-32d5-4486-b061-2a18ad8c84a3 1d21b113413f4106acccbab7c5f28b44 5087e588036d496e9c1b5a18f123b59a - - default default] 10.0.0.80 "GET /v2.0/ports?tenant_id=5087e588036d496e9c1b5a18f123b59a&fields=id HTTP/1.1" status: 200 len: 348 time: 0.1272657
2026-05-29 23:09:35.905 10 INFO neutron.wsgi [req-ea6fecf3-0570-47df-a599-1791ec3445fe req-f1d9870c-0139-4dff-bb27-7f328f594d84 747d93d86cbc4e75b60b0df86f94a4de 6c0afb4fc087416d9e0d9c24b4b30fba - - 1d17189322a742f9821374995584d28c 1d17189322a742f9821374995584d28c] 10.0.0.80 "GET /v2.0/networks/799c7666-c251-4d00-93f7-4eecf97d5b35?fields=segments HTTP/1.1" status: 200 len: 212 time: 0.1261082
2026-05-29 23:09:35.972 9 WARNING neutron.scheduler.dhcp_agent_scheduler [None req-730e21ee-6383-4057-b08c-6fbc673432ac 09180e4556564de3acc0bf722f3cde20 40b6718abb324816863f097bea2f5062 - - default default] No more DHCP agents
2026-05-29 23:09:35.975 9 WARNING neutron.api.rpc.agentnotifiers.dhcp_rpc_agent_api [None req-730e21ee-6383-4057-b08c-6fbc673432ac 09180e4556564de3acc0bf722f3cde20 40b6718abb324816863f097bea2f5062 - - default default] Unable to schedule network b73318e0-2fc5-4d29-b048-332da8cab5f1: no agents available; will retry on subsequent port and subnet creation events.
2026-05-29 23:09:36.009 10 INFO neutron.wsgi [req-ea6fecf3-0570-47df-a599-1791ec3445fe req-23531700-d7bf-4f00-9a91-06dc14003938 747d93d86cbc4e75b60b0df86f94a4de 6c0afb4fc087416d9e0d9c24b4b30fba - - 1d17189322a742f9821374995584d28c 1d17189322a742f9821374995584d28c] 10.0.0.80 "GET /v2.0/networks/799c7666-c251-4d00-93f7-4eecf97d5b35?fields=provider%3Aphysical_network&fields=provider%3Anetwork_type HTTP/1.1" status: 200 len: 277 time: 0.0937834
2026-05-29 23:09:36.074 9 INFO neutron.db.ovn_revision_numbers_db [None req-730e21ee-6383-4057-b08c-6fbc673432ac 09180e4556564de3acc0bf722f3cde20 40b6718abb324816863f097bea2f5062 - - default default] Successfully bumped revision number for resource cc7e3dc8-ec16-44e6-8c79-4e242c3829b1 (type: ports) to 1
2026-05-29 23:09:36.098 9 INFO neutron.wsgi [None req-730e21ee-6383-4057-b08c-6fbc673432ac 09180e4556564de3acc0bf722f3cde20 40b6718abb324816863f097bea2f5062 - - default default] 10.0.0.236 "POST /v2.0/networks HTTP/1.1" status: 201 len: 830 time: 0.6967337
2026-05-29 23:09:36.111 9 WARNING neutron_lib.context [None req-e808d92f-a83d-4016-b43e-9a9cda027736 09180e4556564de3acc0bf722f3cde20 40b6718abb324816863f097bea2f5062 - - default default] Method 'is_advsvc' is deprecated since 2023.2 release (neutron-lib 3.8.0) and will be removed once support for the old RBAC API policies will be removed from Neutron. Please use method 'is_service_role' instead.
2026-05-29 23:09:36.118 10 INFO neutron.wsgi [None req-5b5c44db-2edc-4d7e-814c-40a7a05f67b1 7854befebf794d4f94c907ba003a6d45 a0a4f42b29e34ff0af0e0723bccf15d4 - - default default] 10.0.0.236 "POST /v2.0/vpn/ikepolicies HTTP/1.1" status: 201 len: 601 time: 0.1383765
2026-05-29 23:09:36.139 9 INFO neutron.wsgi [None req-0a175d4b-d3ab-48d6-9476-3b41593f5b6f 9a42112421774fe998c6f3b3a9f0108d 5a8eb7c902a74dc3838f84c645e476ef - - default default] 10.0.0.236 "GET /v2.0/vpn/ikepolicies HTTP/1.1" status: 200 len: 991 time: 0.0151579
2026-05-29 23:09:36.195 10 INFO neutron.wsgi [req-0e9d98ca-d3b8-4a33-9a89-50f221d92b94 req-f0061a6f-1968-40b5-b7c8-28714f6c89f3 1d21b113413f4106acccbab7c5f28b44 5087e588036d496e9c1b5a18f123b59a - - default default] 10.0.0.80 "GET /v2.0/ports?device_id=62074664-cd9e-4b54-a001-b874d79d4e46 HTTP/1.1" status: 200 len: 210 time: 0.0393901
2026-05-29 23:09:36.206 10 INFO neutron.wsgi [None req-3736d1cb-c155-4af7-ade3-e038dd5c1485 7854befebf794d4f94c907ba003a6d45 a0a4f42b29e34ff0af0e0723bccf15d4 - - default default] 10.0.0.236 "DELETE /v2.0/vpn/ikepolicies/7b100074-8067-43a8-98cc-615151ded552 HTTP/1.1" status: 204 len: 168 time: 0.0576546
2026-05-29 23:09:36.287 10 INFO neutron.wsgi [None req-d6b1d85f-4f30-49f1-8941-60423646e644 7854befebf794d4f94c907ba003a6d45 a0a4f42b29e34ff0af0e0723bccf15d4 - - default default] 10.0.0.236 "POST /v2.0/vpn/ipsecpolicies HTTP/1.1" status: 201 len: 611 time: 0.0743921
2026-05-29 23:09:36.309 10 INFO neutron.wsgi [None req-7b22c5a5-bc5c-45c3-84ed-663398a771a3 9a42112421774fe998c6f3b3a9f0108d 5a8eb7c902a74dc3838f84c645e476ef - - default default] 10.0.0.236 "GET /v2.0/vpn/ipsecpolicies HTTP/1.1" status: 200 len: 1007 time: 0.0163400
2026-05-29 23:09:36.367 10 INFO neutron.wsgi [None req-59d04ff4-1fcc-4ada-9ec3-afb1ab76f0ee 7854befebf794d4f94c907ba003a6d45 a0a4f42b29e34ff0af0e0723bccf15d4 - - default default] 10.0.0.236 "DELETE /v2.0/vpn/ipsecpolicies/4486e170-5841-4c0d-8b0e-84c934fa4a5b HTTP/1.1" status: 204 len: 168 time: 0.0525713
2026-05-29 23:09:36.372 9 WARNING neutron.scheduler.dhcp_agent_scheduler [None req-e808d92f-a83d-4016-b43e-9a9cda027736 09180e4556564de3acc0bf722f3cde20 40b6718abb324816863f097bea2f5062 - - default default] No more DHCP agents /var/lib/openstack/lib/python3.10/site-packages/pycadf/identifier.py:71: UserWarning: Invalid uuid: neutron. To ensure interoperability, identifiers should be a valid uuid. warnings.warn(('Invalid uuid: %s. To ensure interoperability, '
2026-05-29 23:09:36.381 9 WARNING neutron_lib.context [None req-c8c85e08-6d94-493e-b802-09e68b8f809d 9a42112421774fe998c6f3b3a9f0108d 5a8eb7c902a74dc3838f84c645e476ef - - default default] Method 'is_advsvc' is deprecated since 2023.2 release (neutron-lib 3.8.0) and will be removed once support for the old RBAC API policies will be removed from Neutron. Please use method 'is_service_role' instead.
2026-05-29 23:09:36.383 9 WARNING neutron.api.rpc.agentnotifiers.dhcp_rpc_agent_api [None req-e808d92f-a83d-4016-b43e-9a9cda027736 09180e4556564de3acc0bf722f3cde20 40b6718abb324816863f097bea2f5062 - - default default] Unable to schedule network b73318e0-2fc5-4d29-b048-332da8cab5f1: no agents available; will retry on subsequent port and subnet creation events.
2026-05-29 23:09:36.399 10 INFO neutron.services.segments.plugin [-] Segment e6342aa9-bb09-4794-8a84-4f8e8997a0ff resource provider aggregate not found
2026-05-29 23:09:36.404 10 INFO neutron.services.segments.plugin [-] Segment e6342aa9-bb09-4794-8a84-4f8e8997a0ff resource provider aggregate not found
2026-05-29 23:09:36.418 10 INFO neutron.services.segments.plugin [-] Segment e6342aa9-bb09-4794-8a84-4f8e8997a0ff resource provider not found; error: Placement Client Error (4xx): {"errors": [{"status": 404, "title": "Not Found", "detail": "The resource could not be found.\n\n No resource provider with uuid e6342aa9-bb09-4794-8a84-4f8e8997a0ff found for delete ", "request_id": "req-1b6fa4a6-d1b6-44d6-b862-289be17fdb86"}]}
2026-05-29 23:09:36.420 10 INFO neutron.services.segments.plugin [-] Segment e6342aa9-bb09-4794-8a84-4f8e8997a0ff resource provider not found; error: Placement Client Error (4xx): {"errors": [{"status": 404, "title": "Not Found", "detail": "The resource could not be found.\n\n No resource provider with uuid e6342aa9-bb09-4794-8a84-4f8e8997a0ff found for delete ", "request_id": "req-8f3c8cdc-3c6b-405a-a03a-b571c86c7c58"}]}
2026-05-29 23:09:36.430 10 INFO neutron.wsgi [None req-77c0b9b2-4524-4658-a362-31c1624d2c3e 0a8e609316504b7c9c9298a498149adf 2fcd3433348b4226b5b8074840a285a9 - - default default] 10.0.0.236 "DELETE /v2.0/networks/6fac989e-d257-4cf0-80e5-a8ac16eb5894 HTTP/1.1" status: 204 len: 168 time: 0.7275178
2026-05-29 23:09:36.504 9 INFO neutron.db.ovn_revision_numbers_db [None req-e808d92f-a83d-4016-b43e-9a9cda027736 09180e4556564de3acc0bf722f3cde20 40b6718abb324816863f097bea2f5062 - - default default] Successfully bumped revision number for resource 83a9e560-8f2e-4f97-9082-4d40b8e19b90 (type: ports) to 1
2026-05-29 23:09:36.519 9 INFO neutron.db.segments_db [None req-c8c85e08-6d94-493e-b802-09e68b8f809d 9a42112421774fe998c6f3b3a9f0108d 5a8eb7c902a74dc3838f84c645e476ef - - default default] Added segment 7827ef4a-53a7-4bfb-b249-22ca7c550edb of type geneve for network 339de776-25a1-4eef-9f8c-4b33691056a2
2026-05-29 23:09:36.535 9 INFO neutron.wsgi [None req-e808d92f-a83d-4016-b43e-9a9cda027736 09180e4556564de3acc0bf722f3cde20 40b6718abb324816863f097bea2f5062 - - default default] 10.0.0.236 "POST /v2.0/ports HTTP/1.1" status: 201 len: 942 time: 0.4299853 /var/lib/openstack/lib/python3.10/site-packages/pycadf/identifier.py:71: UserWarning: Invalid uuid: neutron. To ensure interoperability, identifiers should be a valid uuid. warnings.warn(('Invalid uuid: %s. To ensure interoperability, '
2026-05-29 23:09:36.547 9 WARNING neutron_lib.context [None req-49b52a03-c4d8-4e3a-9160-df40ce2f4166 09180e4556564de3acc0bf722f3cde20 40b6718abb324816863f097bea2f5062 - - default default] Method 'is_advsvc' is deprecated since 2023.2 release (neutron-lib 3.8.0) and will be removed once support for the old RBAC API policies will be removed from Neutron. Please use method 'is_service_role' instead.
2026-05-29 23:09:36.727 9 INFO neutron.db.ovn_revision_numbers_db [None req-c8c85e08-6d94-493e-b802-09e68b8f809d 9a42112421774fe998c6f3b3a9f0108d 5a8eb7c902a74dc3838f84c645e476ef - - default default] Successfully bumped revision number for resource 339de776-25a1-4eef-9f8c-4b33691056a2 (type: networks) to 1
2026-05-29 23:09:36.837 9 INFO neutron.wsgi [None req-49b52a03-c4d8-4e3a-9160-df40ce2f4166 09180e4556564de3acc0bf722f3cde20 40b6718abb324816863f097bea2f5062 - - default default] 10.0.0.236 "POST /v2.0/trunks HTTP/1.1" status: 201 len: 608 time: 0.2961359
2026-05-29 23:09:36.851 10 WARNING neutron_lib.context [None req-da7b183f-6709-45ae-b031-c1afa4e9838b 09180e4556564de3acc0bf722f3cde20 40b6718abb324816863f097bea2f5062 - - default default] Method 'is_advsvc' is deprecated since 2023.2 release (neutron-lib 3.8.0) and will be removed once support for the old RBAC API policies will be removed from Neutron. Please use method 'is_service_role' instead.
2026-05-29 23:09:36.950 9 WARNING neutron.scheduler.dhcp_agent_scheduler [None req-c8c85e08-6d94-493e-b802-09e68b8f809d 9a42112421774fe998c6f3b3a9f0108d 5a8eb7c902a74dc3838f84c645e476ef - - default default] No more DHCP agents
2026-05-29 23:09:36.954 9 WARNING neutron.api.rpc.agentnotifiers.dhcp_rpc_agent_api [None req-c8c85e08-6d94-493e-b802-09e68b8f809d 9a42112421774fe998c6f3b3a9f0108d 5a8eb7c902a74dc3838f84c645e476ef - - default default] Unable to schedule network 339de776-25a1-4eef-9f8c-4b33691056a2: no agents available; will retry on subsequent port and subnet creation events.
2026-05-29 23:09:36.981 10 INFO neutron.db.segments_db [None req-da7b183f-6709-45ae-b031-c1afa4e9838b 09180e4556564de3acc0bf722f3cde20 40b6718abb324816863f097bea2f5062 - - default default] Added segment d45cb6c6-a267-40df-b34b-bd0dd23ea639 of type geneve for network b258c984-2a01-4132-8239-a56376504f90
2026-05-29 23:09:37.034 10 INFO neutron.wsgi [req-ea6fecf3-0570-47df-a599-1791ec3445fe req-a3c7a745-c9ee-43e2-a5e7-c1f2be466428 1d21b113413f4106acccbab7c5f28b44 5087e588036d496e9c1b5a18f123b59a - - default default] 199.204.45.22 "GET /v2.0/networks?id=799c7666-c251-4d00-93f7-4eecf97d5b35 HTTP/1.1" status: 200 len: 860 time: 0.1191657
2026-05-29 23:09:37.053 9 INFO neutron.db.ovn_revision_numbers_db [None req-c8c85e08-6d94-493e-b802-09e68b8f809d 9a42112421774fe998c6f3b3a9f0108d 5a8eb7c902a74dc3838f84c645e476ef - - default default] Successfully bumped revision number for resource 5208e2ba-f009-4981-9eda-12486f38294a (type: ports) to 1
2026-05-29 23:09:37.076 9 INFO neutron.wsgi [None req-c8c85e08-6d94-493e-b802-09e68b8f809d 9a42112421774fe998c6f3b3a9f0108d 5a8eb7c902a74dc3838f84c645e476ef - - default default] 10.0.0.236 "POST /v2.0/networks HTTP/1.1" status: 201 len: 830 time: 0.7010162
2026-05-29 23:09:37.087 9 WARNING neutron_lib.context [None req-ace43a77-c327-44c4-9e71-1be48fbb55fc 9a42112421774fe998c6f3b3a9f0108d 5a8eb7c902a74dc3838f84c645e476ef - - default default] Method 'is_advsvc' is deprecated since 2023.2 release (neutron-lib 3.8.0) and will be removed once support for the old RBAC API policies will be removed from Neutron. Please use method 'is_service_role' instead.
2026-05-29 23:09:37.130 10 INFO neutron.wsgi [req-ea6fecf3-0570-47df-a599-1791ec3445fe req-9eaae0fd-bd01-48ab-b33c-4696a5db3a14 1d21b113413f4106acccbab7c5f28b44 5087e588036d496e9c1b5a18f123b59a - - default default] 199.204.45.22 "GET /v2.0/security-groups?fields=id&fields=name&tenant_id=5087e588036d496e9c1b5a18f123b59a HTTP/1.1" status: 200 len: 472 time: 0.0793526
2026-05-29 23:09:37.143 10 WARNING neutron_lib.context [req-ea6fecf3-0570-47df-a599-1791ec3445fe req-c5005ce8-017d-4101-80de-e0bb9e8a1496 1d21b113413f4106acccbab7c5f28b44 5087e588036d496e9c1b5a18f123b59a - - default default] Method 'is_advsvc' is deprecated since 2023.2 release (neutron-lib 3.8.0) and will be removed once support for the old RBAC API policies will be removed from Neutron. Please use method 'is_service_role' instead.
2026-05-29 23:09:37.189 10 INFO neutron.db.ovn_revision_numbers_db [None req-da7b183f-6709-45ae-b031-c1afa4e9838b 09180e4556564de3acc0bf722f3cde20 40b6718abb324816863f097bea2f5062 - - default default] Successfully bumped revision number for resource b258c984-2a01-4132-8239-a56376504f90 (type: networks) to 1
2026-05-29 23:09:37.284 10 INFO neutron.wsgi [req-58f25f5c-3b85-4c10-8fe4-e12c7d1c8a3b req-9450bf3e-15bb-41be-969b-a38892af3bf1 1d21b113413f4106acccbab7c5f28b44 5087e588036d496e9c1b5a18f123b59a - - default default] 10.0.0.80 "GET /v2.0/ports?device_id=62074664-cd9e-4b54-a001-b874d79d4e46 HTTP/1.1" status: 200 len: 210 time: 0.0297027
2026-05-29 23:09:37.334 9 INFO neutron.wsgi [None req-ab539d71-7958-470c-92d5-c930ae479bd7 ab3cbb9511254b219bbae3528b6e57de 6ee8476e3035491ea5b7eb8ed6bb6fa9 - - default default] 10.0.0.236 "GET /v2.0/security-groups?tenant_id=2fcd3433348b4226b5b8074840a285a9&name=default HTTP/1.1" status: 200 len: 3120 time: 0.1844163
2026-05-29 23:09:37.393 9 WARNING neutron.scheduler.dhcp_agent_scheduler [None req-ace43a77-c327-44c4-9e71-1be48fbb55fc 9a42112421774fe998c6f3b3a9f0108d 5a8eb7c902a74dc3838f84c645e476ef - - default default] No more DHCP agents
2026-05-29 23:09:37.398 9 WARNING neutron.api.rpc.agentnotifiers.dhcp_rpc_agent_api [None req-ace43a77-c327-44c4-9e71-1be48fbb55fc 9a42112421774fe998c6f3b3a9f0108d 5a8eb7c902a74dc3838f84c645e476ef - - default default] Unable to schedule network 339de776-25a1-4eef-9f8c-4b33691056a2: no agents available; will retry on subsequent port and subnet creation events.
2026-05-29 23:09:37.702 9 INFO neutron.wsgi [None req-081d15b5-e9c6-4871-ba88-383793e1e4c3 ab3cbb9511254b219bbae3528b6e57de 6ee8476e3035491ea5b7eb8ed6bb6fa9 - - default default] 10.0.0.236 "DELETE /v2.0/security-groups/75031067-3b90-49e4-83a8-60291378dda7 HTTP/1.1" status: 204 len: 168 time: 0.3627396
2026-05-29 23:09:37.814 10 WARNING neutron.scheduler.dhcp_agent_scheduler [None req-da7b183f-6709-45ae-b031-c1afa4e9838b 09180e4556564de3acc0bf722f3cde20 40b6718abb324816863f097bea2f5062 - - default default] No more DHCP agents
2026-05-29 23:09:37.818 10 WARNING neutron.api.rpc.agentnotifiers.dhcp_rpc_agent_api [None req-da7b183f-6709-45ae-b031-c1afa4e9838b 09180e4556564de3acc0bf722f3cde20 40b6718abb324816863f097bea2f5062 - - default default] Unable to schedule network b258c984-2a01-4132-8239-a56376504f90: no agents available; will retry on subsequent port and subnet creation events.
2026-05-29 23:09:38.004 10 INFO neutron.db.ovn_revision_numbers_db [None req-da7b183f-6709-45ae-b031-c1afa4e9838b 09180e4556564de3acc0bf722f3cde20 40b6718abb324816863f097bea2f5062 - - default default] Successfully bumped revision number for resource 7624890a-751a-48d3-a0dd-c0bc9c2c7625 (type: ports) to 1
2026-05-29 23:09:38.039 9 INFO neutron.db.ovn_revision_numbers_db [None req-ace43a77-c327-44c4-9e71-1be48fbb55fc 9a42112421774fe998c6f3b3a9f0108d 5a8eb7c902a74dc3838f84c645e476ef - - default default] Successfully bumped revision number for resource 5208e2ba-f009-4981-9eda-12486f38294a (type: ports) to 2
2026-05-29 23:09:38.047 10 INFO neutron.wsgi [None req-da7b183f-6709-45ae-b031-c1afa4e9838b 09180e4556564de3acc0bf722f3cde20 40b6718abb324816863f097bea2f5062 - - default default] 10.0.0.236 "POST /v2.0/networks HTTP/1.1" status: 201 len: 831 time: 1.2036774 /var/lib/openstack/lib/python3.10/site-packages/pycadf/identifier.py:71: UserWarning: Invalid uuid: neutron. To ensure interoperability, identifiers should be a valid uuid. warnings.warn(('Invalid uuid: %s. To ensure interoperability, '
2026-05-29 23:09:38.069 10 WARNING neutron_lib.context [None req-2f6a8bc0-341b-4164-9d88-ceeeb6a1f463 09180e4556564de3acc0bf722f3cde20 40b6718abb324816863f097bea2f5062 - - default default] Method 'is_advsvc' is deprecated since 2023.2 release (neutron-lib 3.8.0) and will be removed once support for the old RBAC API policies will be removed from Neutron. Please use method 'is_service_role' instead.
2026-05-29 23:09:38.078 10 WARNING neutron.scheduler.dhcp_agent_scheduler [req-ea6fecf3-0570-47df-a599-1791ec3445fe req-c5005ce8-017d-4101-80de-e0bb9e8a1496 1d21b113413f4106acccbab7c5f28b44 5087e588036d496e9c1b5a18f123b59a - - default default] No more DHCP agents
2026-05-29 23:09:38.087 10 WARNING neutron.api.rpc.agentnotifiers.dhcp_rpc_agent_api [req-ea6fecf3-0570-47df-a599-1791ec3445fe req-c5005ce8-017d-4101-80de-e0bb9e8a1496 1d21b113413f4106acccbab7c5f28b44 5087e588036d496e9c1b5a18f123b59a - - default default] Unable to schedule network 799c7666-c251-4d00-93f7-4eecf97d5b35: no agents available; will retry on subsequent port and subnet creation events.
2026-05-29 23:09:38.102 9 INFO neutron.db.ovn_revision_numbers_db [None req-ace43a77-c327-44c4-9e71-1be48fbb55fc 9a42112421774fe998c6f3b3a9f0108d 5a8eb7c902a74dc3838f84c645e476ef - - default default] Successfully bumped revision number for resource 019fdf12-7e20-4b43-a383-b526e20ec413 (type: subnets) to 0
2026-05-29 23:09:38.122 9 INFO neutron.wsgi [None req-ace43a77-c327-44c4-9e71-1be48fbb55fc 9a42112421774fe998c6f3b3a9f0108d 5a8eb7c902a74dc3838f84c645e476ef - - default default] 10.0.0.236 "POST /v2.0/subnets HTTP/1.1" status: 201 len: 804 time: 1.0401556
2026-05-29 23:09:38.135 9 WARNING neutron_lib.context [None req-7732bcb4-6c62-4e74-b1e3-3fc11ba716b6 9a42112421774fe998c6f3b3a9f0108d 5a8eb7c902a74dc3838f84c645e476ef - - default default] Method 'is_advsvc' is deprecated since 2023.2 release (neutron-lib 3.8.0) and will be removed once support for the old RBAC API policies will be removed from Neutron. Please use method 'is_service_role' instead.
2026-05-29 23:09:38.147 10 INFO neutron.db.ovn_revision_numbers_db [None req-6e258a70-a3fb-4820-bb95-1b10e5ab7967 ab3cbb9511254b219bbae3528b6e57de 6ee8476e3035491ea5b7eb8ed6bb6fa9 - - default default] Successfully bumped revision number for resource 0e9ce804-fa94-4d48-8805-2c2f2d3d09f8 (type: security_groups) to 1
2026-05-29 23:09:38.171 10 INFO neutron.db.ovn_revision_numbers_db [None req-6e258a70-a3fb-4820-bb95-1b10e5ab7967 ab3cbb9511254b219bbae3528b6e57de 6ee8476e3035491ea5b7eb8ed6bb6fa9 - - default default] Successfully bumped revision number for resource 14ba5b60-8752-4074-a8ea-3d1d1fb5fafa (type: security_group_rules) to 0
2026-05-29 23:09:38.198 10 INFO neutron.db.ovn_revision_numbers_db [None req-6e258a70-a3fb-4820-bb95-1b10e5ab7967 ab3cbb9511254b219bbae3528b6e57de 6ee8476e3035491ea5b7eb8ed6bb6fa9 - - default default] Successfully bumped revision number for resource 1f329aa0-3e5e-4b65-ab0a-21cfab02d4a1 (type: security_group_rules) to 0
2026-05-29 23:09:38.226 10 INFO neutron.db.ovn_revision_numbers_db [None req-6e258a70-a3fb-4820-bb95-1b10e5ab7967 ab3cbb9511254b219bbae3528b6e57de 6ee8476e3035491ea5b7eb8ed6bb6fa9 - - default default] Successfully bumped revision number for resource 25ff314d-e4fc-43dd-9bf9-5a080c39e6a8 (type: security_group_rules) to 0
2026-05-29 23:09:38.264 10 INFO neutron.db.ovn_revision_numbers_db [None req-6e258a70-a3fb-4820-bb95-1b10e5ab7967 ab3cbb9511254b219bbae3528b6e57de 6ee8476e3035491ea5b7eb8ed6bb6fa9 - - default default] Successfully bumped revision number for resource 82f4fe20-7421-47e0-bb14-7f4fe92bc2ef (type: security_group_rules) to 0
2026-05-29 23:09:38.301 10 INFO neutron.wsgi [None req-6e258a70-a3fb-4820-bb95-1b10e5ab7967 ab3cbb9511254b219bbae3528b6e57de 6ee8476e3035491ea5b7eb8ed6bb6fa9 - - default default] 10.0.0.236 "GET /v2.0/security-groups?tenant_id=c1fe150d4e4e4a5386b848811710979a&name=default HTTP/1.1" status: 200 len: 3120 time: 0.4550617 /var/lib/openstack/lib/python3.10/site-packages/pycadf/identifier.py:71: UserWarning: Invalid uuid: neutron. To ensure interoperability, identifiers should be a valid uuid. warnings.warn(('Invalid uuid: %s. To ensure interoperability, '
2026-05-29 23:09:38.402 10 WARNING neutron.plugins.ml2.drivers.ovn.mech_driver.ovsdb.ovn_client [None req-cd1fc30e-b194-44c5-8abd-9c675b0b6012 - - - - - -] No hosting information found for port 1188f6eb-1691-46c9-bc75-9315e6336bda: RuntimeError: No hosting information found for port 1188f6eb-1691-46c9-bc75-9315e6336bda
2026-05-29 23:09:38.448 10 INFO neutron.wsgi [req-679125ae-be5b-4f08-aa55-bfd6de0c748d req-70d8fece-556d-4d4f-95d6-4eaf48983d9c 1d21b113413f4106acccbab7c5f28b44 5087e588036d496e9c1b5a18f123b59a - - default default] 10.0.0.80 "GET /v2.0/ports?device_id=62074664-cd9e-4b54-a001-b874d79d4e46 HTTP/1.1" status: 200 len: 1156 time: 0.1004667
