2026-05-29 23:08:26.246 9 INFO neutron.wsgi [None req-dc201828-578c-4c43-bd89-8572e0eece24 fefbcf93697c45499496aeca60bb7082 0fd316a85c274ecbbc14669b85aa001f - - default default] 10.0.0.236 "GET /v2.0/routers/ac652d43-4c08-4b80-86d3-db137e2c2342 HTTP/1.1" status: 200 len: 1152 time: 0.0896037
2026-05-29 23:08:26.391 9 INFO neutron.wsgi [None req-d3e8f174-b643-4b0b-8ba9-82d8387daefd fefbcf93697c45499496aeca60bb7082 0fd316a85c274ecbbc14669b85aa001f - - default default] 10.0.0.236 "GET /v2.0/routers HTTP/1.1" status: 200 len: 1155 time: 0.1395297
2026-05-29 23:08:26.393 10 INFO neutron.db.ovn_revision_numbers_db [None req-357df251-7c00-4ef0-9d54-af015af3bf12 4bf38999dd234b54b1741dcf5a045e48 3b30608b9b7d445a8daea247e2470291 - - default default] Successfully bumped revision number for resource bb14cc4a-f709-43ab-a497-58df9771ab10 (type: ports) to 2
2026-05-29 23:08:26.407 10 INFO neutron.wsgi [None req-357df251-7c00-4ef0-9d54-af015af3bf12 4bf38999dd234b54b1741dcf5a045e48 3b30608b9b7d445a8daea247e2470291 - - default default] 10.0.0.236 "PUT /v2.0/ports/bb14cc4a-f709-43ab-a497-58df9771ab10 HTTP/1.1" status: 200 len: 946 time: 0.3033366 /var/lib/openstack/lib/python3.10/site-packages/pycadf/identifier.py:71: UserWarning: Invalid uuid: neutron. To ensure interoperability, identifiers should be a valid uuid. warnings.warn(('Invalid uuid: %s. To ensure interoperability, '
2026-05-29 23:08:26.740 10 INFO neutron.wsgi [None req-e949ff3b-fc4d-4522-a144-80d0cead58f8 4bf38999dd234b54b1741dcf5a045e48 3b30608b9b7d445a8daea247e2470291 - - default default] 10.0.0.236 "DELETE /v2.0/ports/bb14cc4a-f709-43ab-a497-58df9771ab10 HTTP/1.1" status: 204 len: 168 time: 0.3278508
2026-05-29 23:08:26.802 10 INFO neutron.wsgi [None req-909f78f2-d2aa-4571-89e3-46c73f92a9a3 4bf38999dd234b54b1741dcf5a045e48 3b30608b9b7d445a8daea247e2470291 - - default default] 10.0.0.236 "GET /v2.0/ports HTTP/1.1" status: 200 len: 1728 time: 0.0520852
2026-05-29 23:08:26.825 10 INFO neutron.pecan_wsgi.hooks.translation [None req-9066df57-14c8-4b9d-b561-34f544e1df5b 4bf38999dd234b54b1741dcf5a045e48 3b30608b9b7d445a8daea247e2470291 - - default default] GET failed (client error): The resource could not be found.
2026-05-29 23:08:26.827 10 INFO neutron.wsgi [None req-9066df57-14c8-4b9d-b561-34f544e1df5b 4bf38999dd234b54b1741dcf5a045e48 3b30608b9b7d445a8daea247e2470291 - - default default] 10.0.0.236 "GET /v2.0/ports/bb14cc4a-f709-43ab-a497-58df9771ab10 HTTP/1.1" status: 404 len: 333 time: 0.0206716
2026-05-29 23:08:26.899 10 INFO neutron.wsgi [None req-2ab75544-5399-4536-8b8d-8ef183526943 4bf38999dd234b54b1741dcf5a045e48 3b30608b9b7d445a8daea247e2470291 - - default default] 10.0.0.236 "GET /v2.0/ports HTTP/1.1" status: 200 len: 1728 time: 0.0667982
2026-05-29 23:08:26.946 10 INFO neutron.wsgi [None req-cfe2abcf-262a-46e3-9fdd-11cf6c7a2e8e 4bf38999dd234b54b1741dcf5a045e48 3b30608b9b7d445a8daea247e2470291 - - default default] 10.0.0.236 "GET /v2.0/ports/0608f8ee-2c66-4091-bd19-7468907da21d HTTP/1.1" status: 200 len: 968 time: 0.0394068
2026-05-29 23:08:26.965 10 WARNING neutron.plugins.ml2.drivers.ovn.mech_driver.ovsdb.ovn_client [None req-cd1fc30e-b194-44c5-8abd-9c675b0b6012 - - - - - -] No port found with ID 798ad1b4-02e6-4a22-8374-86788786697c: RuntimeError: No port found with ID 798ad1b4-02e6-4a22-8374-86788786697c
2026-05-29 23:08:26.970 9 INFO neutron.db.ovn_revision_numbers_db [None req-d2752caa-8223-4911-bdc8-b1fc3db8d71a fefbcf93697c45499496aeca60bb7082 0fd316a85c274ecbbc14669b85aa001f - - default default] Successfully bumped revision number for resource ac652d43-4c08-4b80-86d3-db137e2c2342 (type: routers) to 3
2026-05-29 23:08:26.990 9 INFO neutron.wsgi [None req-d2752caa-8223-4911-bdc8-b1fc3db8d71a fefbcf93697c45499496aeca60bb7082 0fd316a85c274ecbbc14669b85aa001f - - default default] 10.0.0.236 "PUT /v2.0/routers/ac652d43-4c08-4b80-86d3-db137e2c2342 HTTP/1.1" status: 200 len: 1159 time: 0.5937462
2026-05-29 23:08:26.991 9 INFO neutron.pecan_wsgi.hooks.translation [None req-7b205182-4122-4d78-987b-219b4fd09bfa 4bf38999dd234b54b1741dcf5a045e48 3b30608b9b7d445a8daea247e2470291 - - default default] DELETE failed (client error): The resource could not be found.
2026-05-29 23:08:26.993 9 INFO neutron.wsgi [None req-7b205182-4122-4d78-987b-219b4fd09bfa 4bf38999dd234b54b1741dcf5a045e48 3b30608b9b7d445a8daea247e2470291 - - default default] 10.0.0.236 "DELETE /v2.0/ports/715532bd-07e5-404e-8e5a-fd903d058c4b HTTP/1.1" status: 404 len: 333 time: 0.0374732
2026-05-29 23:08:27.018 9 INFO neutron.pecan_wsgi.hooks.translation [None req-c791a965-923b-49a9-8495-b80ccf02c62d 4bf38999dd234b54b1741dcf5a045e48 3b30608b9b7d445a8daea247e2470291 - - default default] DELETE failed (client error): The resource could not be found.
2026-05-29 23:08:27.020 9 INFO neutron.wsgi [None req-c791a965-923b-49a9-8495-b80ccf02c62d 4bf38999dd234b54b1741dcf5a045e48 3b30608b9b7d445a8daea247e2470291 - - default default] 10.0.0.236 "DELETE /v2.0/subnets/85eec969-9268-4ca9-80e6-0469240bb3a8 HTTP/1.1" status: 404 len: 337 time: 0.0209587
2026-05-29 23:08:27.049 9 INFO neutron.pecan_wsgi.hooks.translation [None req-57f97d8d-02e5-4376-a187-e7aee457590f 4bf38999dd234b54b1741dcf5a045e48 3b30608b9b7d445a8daea247e2470291 - - default default] DELETE failed (client error): The resource could not be found.
2026-05-29 23:08:27.052 9 INFO neutron.wsgi [None req-57f97d8d-02e5-4376-a187-e7aee457590f 4bf38999dd234b54b1741dcf5a045e48 3b30608b9b7d445a8daea247e2470291 - - default default] 10.0.0.236 "DELETE /v2.0/subnets/385d6850-00fe-416a-acd6-e5dd97e7dbe8 HTTP/1.1" status: 404 len: 337 time: 0.0264304
2026-05-29 23:08:27.064 10 INFO neutron.wsgi [None req-0085d352-8343-41f8-94ca-ca4a9400e25b fefbcf93697c45499496aeca60bb7082 0fd316a85c274ecbbc14669b85aa001f - - default default] 10.0.0.236 "GET /v2.0/routers/ac652d43-4c08-4b80-86d3-db137e2c2342 HTTP/1.1" status: 200 len: 1159 time: 0.0674763
2026-05-29 23:08:27.105 9 INFO neutron.wsgi [None req-affece4e-f9d7-418b-b3a5-7b3ef3286ebb fefbcf93697c45499496aeca60bb7082 0fd316a85c274ecbbc14669b85aa001f - - default default] 10.0.0.236 "GET /v2.0/ports?device_id=ac652d43-4c08-4b80-86d3-db137e2c2342 HTTP/1.1" status: 200 len: 205 time: 0.0379119
2026-05-29 23:08:27.288 10 INFO neutron.wsgi [req-b554b72f-f766-4158-8cb4-c4ca0000d23b req-52b14f7a-7cfb-4688-a04e-8bc0028835e3 adfd2eeae501404e9b1de9880bdc34e5 c76df086dce94837b53cd075607f7af4 - - default default] 10.0.0.80 "GET /v2.0/ports?device_id=2be36cd7-0fc2-4f93-8d9e-022795f1661e HTTP/1.1" status: 200 len: 1214 time: 0.0535238
2026-05-29 23:08:27.326 10 INFO neutron.plugins.ml2.drivers.ovn.mech_driver.mech_driver [None req-cd1fc30e-b194-44c5-8abd-9c675b0b6012 - - - - - -] OVN reports status down for port: 358fd82a-9ab1-4c1b-948b-86a53ecdb3e2
2026-05-29 23:08:27.384 10 INFO neutron.wsgi [req-b554b72f-f766-4158-8cb4-c4ca0000d23b req-63078e97-a91f-4a36-984f-7a9cf8a43444 adfd2eeae501404e9b1de9880bdc34e5 c76df086dce94837b53cd075607f7af4 - - default default] 10.0.0.80 "GET /v2.0/security-groups?id=47b8a892-a165-4026-b51c-df36403ff6ae&id=f2cdea59-6cdd-4b7e-877f-e8ced1229e5f&fields=id&fields=name HTTP/1.1" status: 200 len: 405 time: 0.0877891
2026-05-29 23:08:27.562 9 INFO neutron.wsgi [None req-f6b62b65-be3c-4af0-bd38-bb532e5287ef 4bf38999dd234b54b1741dcf5a045e48 3b30608b9b7d445a8daea247e2470291 - - default default] 10.0.0.236 "DELETE /v2.0/ports/0608f8ee-2c66-4091-bd19-7468907da21d HTTP/1.1" status: 204 len: 168 time: 0.5052650
2026-05-29 23:08:27.565 10 INFO neutron.notifiers.nova [-] Nova event matching ['req-361ae0e6-5a27-4591-b71b-da0eef649b23'] response: {'server_uuid': '2be36cd7-0fc2-4f93-8d9e-022795f1661e', 'name': 'network-vif-unplugged', 'status': 'completed', 'tag': '358fd82a-9ab1-4c1b-948b-86a53ecdb3e2', 'code': 200}
2026-05-29 23:08:27.694 10 INFO neutron.wsgi [req-d74b35da-8400-43d9-9318-df219fe8f458 req-d30e97ef-f9f6-410a-9bd6-5e2de80ee3e5 adfd2eeae501404e9b1de9880bdc34e5 c76df086dce94837b53cd075607f7af4 - - default default] 199.204.45.22 "GET /v2.0/ports?device_id=2be36cd7-0fc2-4f93-8d9e-022795f1661e HTTP/1.1" status: 200 len: 1212 time: 0.0799801
2026-05-29 23:08:27.908 10 INFO neutron.db.ovn_revision_numbers_db [None req-cd1fc30e-b194-44c5-8abd-9c675b0b6012 - - - - - -] Successfully bumped revision number for resource 358fd82a-9ab1-4c1b-948b-86a53ecdb3e2 (type: ports) to 5
2026-05-29 23:08:28.143 9 INFO neutron.wsgi [None req-fb99b701-2e00-4bd0-9999-ae8cb487cb7c fefbcf93697c45499496aeca60bb7082 0fd316a85c274ecbbc14669b85aa001f - - default default] 10.0.0.236 "DELETE /v2.0/routers/ac652d43-4c08-4b80-86d3-db137e2c2342 HTTP/1.1" status: 204 len: 168 time: 1.0338957
2026-05-29 23:08:28.173 9 INFO neutron.wsgi [None req-82992b0f-69b9-422f-a869-6334d8d1c01d fefbcf93697c45499496aeca60bb7082 0fd316a85c274ecbbc14669b85aa001f - - default default] 10.0.0.236 "GET /v2.0/ports?device_id=ac652d43-4c08-4b80-86d3-db137e2c2342 HTTP/1.1" status: 200 len: 205 time: 0.0229435
2026-05-29 23:08:28.204 9 INFO neutron.api.v2.resource [None req-c72102bc-b8eb-43b5-8161-1a403a0e5f06 fefbcf93697c45499496aeca60bb7082 0fd316a85c274ecbbc14669b85aa001f - - default default] delete failed (client error): The resource could not be found.
2026-05-29 23:08:28.205 9 INFO neutron.wsgi [None req-c72102bc-b8eb-43b5-8161-1a403a0e5f06 fefbcf93697c45499496aeca60bb7082 0fd316a85c274ecbbc14669b85aa001f - - default default] 10.0.0.236 "DELETE /v2.0/routers/ac652d43-4c08-4b80-86d3-db137e2c2342 HTTP/1.1" status: 404 len: 336 time: 0.0263627
2026-05-29 23:08:28.229 9 INFO neutron.wsgi [None req-adc7c356-2fc4-4989-80b5-93cbf1d5ed34 fefbcf93697c45499496aeca60bb7082 0fd316a85c274ecbbc14669b85aa001f - - default default] 10.0.0.236 "GET /v2.0/ports?device_id=b44e0d91-c231-4c14-9778-a36f172bb215 HTTP/1.1" status: 200 len: 205 time: 0.0194676
2026-05-29 23:08:28.263 9 INFO neutron.api.v2.resource [None req-3d463141-a929-4042-928b-885da0039e48 fefbcf93697c45499496aeca60bb7082 0fd316a85c274ecbbc14669b85aa001f - - default default] delete failed (client error): The resource could not be found.
2026-05-29 23:08:28.264 9 INFO neutron.wsgi [None req-3d463141-a929-4042-928b-885da0039e48 fefbcf93697c45499496aeca60bb7082 0fd316a85c274ecbbc14669b85aa001f - - default default] 10.0.0.236 "DELETE /v2.0/routers/b44e0d91-c231-4c14-9778-a36f172bb215 HTTP/1.1" status: 404 len: 336 time: 0.0289989
2026-05-29 23:08:28.287 9 INFO neutron.pecan_wsgi.hooks.translation [None req-9373f4f4-8c4e-45e7-a226-6c38c0c7eec0 fefbcf93697c45499496aeca60bb7082 0fd316a85c274ecbbc14669b85aa001f - - default default] DELETE failed (client error): The resource could not be found.
2026-05-29 23:08:28.289 9 INFO neutron.wsgi [None req-9373f4f4-8c4e-45e7-a226-6c38c0c7eec0 fefbcf93697c45499496aeca60bb7082 0fd316a85c274ecbbc14669b85aa001f - - default default] 10.0.0.236 "DELETE /v2.0/subnets/cb1b1792-00cf-42a2-ab55-68aaeff0ae80 HTTP/1.1" status: 404 len: 337 time: 0.0214953
2026-05-29 23:08:28.316 9 INFO neutron.wsgi [None req-4f59dc60-14f3-4704-a0ef-f4f70f9e6ef6 fefbcf93697c45499496aeca60bb7082 0fd316a85c274ecbbc14669b85aa001f - - default default] 10.0.0.236 "GET /v2.0/ports?device_id=ed5bdb84-d775-4882-ab38-36c596713796 HTTP/1.1" status: 200 len: 205 time: 0.0206680
2026-05-29 23:08:28.350 9 INFO neutron.api.v2.resource [None req-15ef49ad-19c2-4ef1-bfe2-52dca711cc51 fefbcf93697c45499496aeca60bb7082 0fd316a85c274ecbbc14669b85aa001f - - default default] delete failed (client error): The resource could not be found.
2026-05-29 23:08:28.351 9 INFO neutron.wsgi [None req-15ef49ad-19c2-4ef1-bfe2-52dca711cc51 fefbcf93697c45499496aeca60bb7082 0fd316a85c274ecbbc14669b85aa001f - - default default] 10.0.0.236 "DELETE /v2.0/routers/ed5bdb84-d775-4882-ab38-36c596713796 HTTP/1.1" status: 404 len: 336 time: 0.0297983
2026-05-29 23:08:28.371 9 INFO neutron.pecan_wsgi.hooks.translation [None req-5edc10f1-1d37-4d96-9b37-2718dbc17787 fefbcf93697c45499496aeca60bb7082 0fd316a85c274ecbbc14669b85aa001f - - default default] DELETE failed (client error): The resource could not be found.
2026-05-29 23:08:28.374 9 INFO neutron.wsgi [None req-5edc10f1-1d37-4d96-9b37-2718dbc17787 fefbcf93697c45499496aeca60bb7082 0fd316a85c274ecbbc14669b85aa001f - - default default] 10.0.0.236 "DELETE /v2.0/subnets/714fd863-be5f-4db2-bbb4-faa8d1e19a64 HTTP/1.1" status: 404 len: 337 time: 0.0159142
2026-05-29 23:08:28.404 9 INFO neutron.wsgi [None req-de1237a9-c793-419d-b3b8-2f3fb7b8edc5 fefbcf93697c45499496aeca60bb7082 0fd316a85c274ecbbc14669b85aa001f - - default default] 10.0.0.236 "GET /v2.0/ports?device_id=12f8813b-f2dc-4b08-8173-af3fadfdbd62 HTTP/1.1" status: 200 len: 205 time: 0.0255940 /var/lib/openstack/lib/python3.10/site-packages/pycadf/identifier.py:71: UserWarning: Invalid uuid: neutron. To ensure interoperability, identifiers should be a valid uuid. warnings.warn(('Invalid uuid: %s. To ensure interoperability, '
2026-05-29 23:08:28.446 10 INFO neutron.api.v2.resource [None req-96857614-d80d-4f86-b9a9-5756f0a96539 fefbcf93697c45499496aeca60bb7082 0fd316a85c274ecbbc14669b85aa001f - - default default] delete failed (client error): The resource could not be found.
2026-05-29 23:08:28.448 10 INFO neutron.wsgi [None req-96857614-d80d-4f86-b9a9-5756f0a96539 fefbcf93697c45499496aeca60bb7082 0fd316a85c274ecbbc14669b85aa001f - - default default] 10.0.0.236 "DELETE /v2.0/routers/12f8813b-f2dc-4b08-8173-af3fadfdbd62 HTTP/1.1" status: 404 len: 336 time: 0.0304637
2026-05-29 23:08:28.547 10 INFO neutron.pecan_wsgi.hooks.translation [None req-0ed33d13-c60c-417d-b76f-d593ed72c280 fefbcf93697c45499496aeca60bb7082 0fd316a85c274ecbbc14669b85aa001f - - default default] DELETE failed (client error): The resource could not be found.
2026-05-29 23:08:28.550 10 INFO neutron.wsgi [None req-0ed33d13-c60c-417d-b76f-d593ed72c280 fefbcf93697c45499496aeca60bb7082 0fd316a85c274ecbbc14669b85aa001f - - default default] 10.0.0.236 "DELETE /v2.0/subnets/29440659-b1a0-4c80-bc55-3cc6c860372f HTTP/1.1" status: 404 len: 337 time: 0.0892215
2026-05-29 23:08:28.610 10 INFO neutron.wsgi [req-813f6215-5f1f-4d77-af78-0b878b8f692e req-e8d99df9-53e2-4ef6-b5e9-dbb4fe6fa92c adfd2eeae501404e9b1de9880bdc34e5 c76df086dce94837b53cd075607f7af4 - - default default] 10.0.0.80 "GET /v2.0/ports?device_id=2be36cd7-0fc2-4f93-8d9e-022795f1661e HTTP/1.1" status: 200 len: 1212 time: 0.1534092
2026-05-29 23:08:28.614 10 INFO neutron.services.segments.plugin [-] Segment e6caef30-890c-441e-9a38-415d1bbd1809 resource provider aggregate not found
2026-05-29 23:08:28.621 10 INFO neutron.pecan_wsgi.hooks.translation [None req-03f4c98f-37be-4dd2-a795-d6bdd820af4f fefbcf93697c45499496aeca60bb7082 0fd316a85c274ecbbc14669b85aa001f - - default default] DELETE failed (client error): The resource could not be found.
2026-05-29 23:08:28.624 10 INFO neutron.wsgi [None req-03f4c98f-37be-4dd2-a795-d6bdd820af4f fefbcf93697c45499496aeca60bb7082 0fd316a85c274ecbbc14669b85aa001f - - default default] 10.0.0.236 "DELETE /v2.0/subnets/099ab0a3-4fc7-423e-b0e4-5bd5b5af4643 HTTP/1.1" status: 404 len: 337 time: 0.0615907
2026-05-29 23:08:28.639 10 INFO neutron.services.segments.plugin [-] Segment e6caef30-890c-441e-9a38-415d1bbd1809 resource provider aggregate not found
2026-05-29 23:08:28.661 10 INFO neutron.services.segments.plugin [-] Segment e6caef30-890c-441e-9a38-415d1bbd1809 resource provider not found; error: Placement Client Error (4xx): {"errors": [{"status": 404, "title": "Not Found", "detail": "The resource could not be found.\n\n No resource provider with uuid e6caef30-890c-441e-9a38-415d1bbd1809 found for delete ", "request_id": "req-0a257c74-4f90-48da-aa49-af7ff220181c"}]}
2026-05-29 23:08:28.665 10 INFO neutron.services.segments.plugin [-] Segment e6caef30-890c-441e-9a38-415d1bbd1809 resource provider not found; error: Placement Client Error (4xx): {"errors": [{"status": 404, "title": "Not Found", "detail": "The resource could not be found.\n\n No resource provider with uuid e6caef30-890c-441e-9a38-415d1bbd1809 found for delete ", "request_id": "req-297107b6-7d4c-46e8-ba4d-262190d84c7f"}]}
2026-05-29 23:08:28.784 10 INFO neutron.wsgi [None req-9d13d024-3ac2-4af2-9b0d-eeb9559ae61c 4bf38999dd234b54b1741dcf5a045e48 3b30608b9b7d445a8daea247e2470291 - - default default] 10.0.0.236 "DELETE /v2.0/networks/df0183b9-c7e6-4b17-9962-1dae796ac572 HTTP/1.1" status: 204 len: 168 time: 1.2154565
2026-05-29 23:08:28.799 10 INFO neutron.wsgi [req-813f6215-5f1f-4d77-af78-0b878b8f692e req-36fc875b-8c19-42a6-90b1-d093896ef4b9 adfd2eeae501404e9b1de9880bdc34e5 c76df086dce94837b53cd075607f7af4 - - default default] 10.0.0.80 "GET /v2.0/security-groups?id=47b8a892-a165-4026-b51c-df36403ff6ae&id=f2cdea59-6cdd-4b7e-877f-e8ced1229e5f&fields=id&fields=name HTTP/1.1" status: 200 len: 405 time: 0.1615994
2026-05-29 23:08:28.803 10 INFO neutron.db.l3_db [req-d74b35da-8400-43d9-9318-df219fe8f458 req-e7da8112-168f-4427-9526-2abfe96435e0 adfd2eeae501404e9b1de9880bdc34e5 c76df086dce94837b53cd075607f7af4 - - default default] Floating IP ba587974-3d9c-435f-b6ab-babb0f89c298 disassociated. External IP: 10.96.250.206, port: 358fd82a-9ab1-4c1b-948b-86a53ecdb3e2.
2026-05-29 23:08:28.939 10 INFO neutron.wsgi [req-d74b35da-8400-43d9-9318-df219fe8f458 req-e7da8112-168f-4427-9526-2abfe96435e0 adfd2eeae501404e9b1de9880bdc34e5 c76df086dce94837b53cd075607f7af4 - - default default] 199.204.45.22 "DELETE /v2.0/ports/358fd82a-9ab1-4c1b-948b-86a53ecdb3e2 HTTP/1.1" status: 204 len: 173 time: 1.2350786 /var/lib/openstack/lib/python3.10/site-packages/pycadf/identifier.py:71: UserWarning: Invalid uuid: neutron. To ensure interoperability, identifiers should be a valid uuid. warnings.warn(('Invalid uuid: %s. To ensure interoperability, '
2026-05-29 23:08:29.426 10 INFO neutron.wsgi [None req-122b909b-ed91-43d5-801d-5e9ee145ef55 ab3cbb9511254b219bbae3528b6e57de 6ee8476e3035491ea5b7eb8ed6bb6fa9 - - default default] 10.0.0.236 "GET /v2.0/security-groups?tenant_id=0fd316a85c274ecbbc14669b85aa001f&name=default HTTP/1.1" status: 200 len: 3120 time: 0.1585093
2026-05-29 23:08:29.447 10 INFO neutron.wsgi [None req-27d9a4d8-6d2a-4b68-9fec-c4192b0654d4 ab3cbb9511254b219bbae3528b6e57de 6ee8476e3035491ea5b7eb8ed6bb6fa9 - - default default] 10.0.0.236 "GET /v2.0/security-groups?tenant_id=3b30608b9b7d445a8daea247e2470291&name=default HTTP/1.1" status: 200 len: 3120 time: 0.1879461
2026-05-29 23:08:29.621 10 INFO neutron.notifiers.nova [-] Nova event matching ['req-47e9b7d3-c31c-46c1-b936-62f9a51b1aef'] response: {'server_uuid': '2be36cd7-0fc2-4f93-8d9e-022795f1661e', 'name': 'network-vif-unplugged', 'status': 'completed', 'tag': '358fd82a-9ab1-4c1b-948b-86a53ecdb3e2', 'code': 200}
2026-05-29 23:08:29.622 10 INFO neutron.notifiers.nova [-] Nova event matching ['req-47e9b7d3-c31c-46c1-b936-62f9a51b1aef'] response: {'server_uuid': '2be36cd7-0fc2-4f93-8d9e-022795f1661e', 'name': 'network-vif-deleted', 'tag': '358fd82a-9ab1-4c1b-948b-86a53ecdb3e2', 'status': 'completed', 'code': 200}
2026-05-29 23:08:29.746 10 INFO neutron.wsgi [None req-fb50546e-c97e-4c0a-b337-924ef2f3cf44 ab3cbb9511254b219bbae3528b6e57de 6ee8476e3035491ea5b7eb8ed6bb6fa9 - - default default] 10.0.0.236 "DELETE /v2.0/security-groups/9fbd6a32-62ed-41e8-8a84-f69e684ce32a HTTP/1.1" status: 204 len: 168 time: 0.2916148
2026-05-29 23:08:29.754 9 INFO neutron.wsgi [None req-0e3db10d-68c9-49e8-a962-481b3d797e5b ab3cbb9511254b219bbae3528b6e57de 6ee8476e3035491ea5b7eb8ed6bb6fa9 - - default default] 10.0.0.236 "DELETE /v2.0/security-groups/5d822785-c89b-4768-a3cb-376803701e99 HTTP/1.1" status: 204 len: 168 time: 0.3227727
2026-05-29 23:08:30.143 9 INFO neutron.wsgi [None req-621f8965-5ae8-430d-b008-71b58a82b678 adfd2eeae501404e9b1de9880bdc34e5 c76df086dce94837b53cd075607f7af4 - - default default] 10.0.0.236 "DELETE /v2.0/security-groups/47b8a892-a165-4026-b51c-df36403ff6ae HTTP/1.1" status: 204 len: 168 time: 0.1700475
2026-05-29 23:08:30.164 9 INFO neutron.api.v2.resource [None req-8127b15c-cc9c-481b-98a8-0107f7eaa470 adfd2eeae501404e9b1de9880bdc34e5 c76df086dce94837b53cd075607f7af4 - - default default] show failed (client error): The resource could not be found.
2026-05-29 23:08:30.166 9 INFO neutron.wsgi [None req-8127b15c-cc9c-481b-98a8-0107f7eaa470 adfd2eeae501404e9b1de9880bdc34e5 c76df086dce94837b53cd075607f7af4 - - default default] 10.0.0.236 "GET /v2.0/security-groups/47b8a892-a165-4026-b51c-df36403ff6ae HTTP/1.1" status: 404 len: 347 time: 0.0146973
2026-05-29 23:08:30.554 9 INFO neutron.wsgi [None req-866c7261-b276-4cc0-980c-ae3982c9b307 adfd2eeae501404e9b1de9880bdc34e5 c76df086dce94837b53cd075607f7af4 - - default default] 10.0.0.236 "DELETE /v2.0/floatingips/ba587974-3d9c-435f-b6ab-babb0f89c298 HTTP/1.1" status: 204 len: 168 time: 0.3838708
2026-05-29 23:08:30.678 10 INFO neutron.db.ovn_revision_numbers_db [None req-6557195b-c003-4536-afca-f0664c357bfd ab3cbb9511254b219bbae3528b6e57de 6ee8476e3035491ea5b7eb8ed6bb6fa9 - - default default] Successfully bumped revision number for resource 442d8565-f4d8-4329-84f8-2df01205d71f (type: security_groups) to 1
2026-05-29 23:08:30.693 10 INFO neutron.db.ovn_revision_numbers_db [None req-6557195b-c003-4536-afca-f0664c357bfd ab3cbb9511254b219bbae3528b6e57de 6ee8476e3035491ea5b7eb8ed6bb6fa9 - - default default] Successfully bumped revision number for resource 0dbeab7b-603c-4f5c-a870-08c1d58a3a3b (type: security_group_rules) to 0
2026-05-29 23:08:30.715 10 INFO neutron.db.ovn_revision_numbers_db [None req-6557195b-c003-4536-afca-f0664c357bfd ab3cbb9511254b219bbae3528b6e57de 6ee8476e3035491ea5b7eb8ed6bb6fa9 - - default default] Successfully bumped revision number for resource 523a4600-6031-48ea-8736-44c093ab245c (type: security_group_rules) to 0
2026-05-29 23:08:30.729 10 INFO neutron.db.ovn_revision_numbers_db [None req-6557195b-c003-4536-afca-f0664c357bfd ab3cbb9511254b219bbae3528b6e57de 6ee8476e3035491ea5b7eb8ed6bb6fa9 - - default default] Successfully bumped revision number for resource 63a44704-252f-4c64-bffc-9c1095a975bd (type: security_group_rules) to 0
2026-05-29 23:08:30.731 9 INFO neutron.wsgi [None req-234029f9-f734-4c08-91f9-8778bb18260c adfd2eeae501404e9b1de9880bdc34e5 c76df086dce94837b53cd075607f7af4 - - default default] 10.0.0.236 "DELETE /v2.0/security-groups/f2cdea59-6cdd-4b7e-877f-e8ced1229e5f HTTP/1.1" status: 204 len: 168 time: 0.1715722
2026-05-29 23:08:30.747 10 INFO neutron.db.ovn_revision_numbers_db [None req-6557195b-c003-4536-afca-f0664c357bfd ab3cbb9511254b219bbae3528b6e57de 6ee8476e3035491ea5b7eb8ed6bb6fa9 - - default default] Successfully bumped revision number for resource b419d093-e8b5-4443-93be-54f655c854a4 (type: security_group_rules) to 0
2026-05-29 23:08:30.771 10 INFO neutron.wsgi [None req-6557195b-c003-4536-afca-f0664c357bfd ab3cbb9511254b219bbae3528b6e57de 6ee8476e3035491ea5b7eb8ed6bb6fa9 - - default default] 10.0.0.236 "GET /v2.0/security-groups?tenant_id=d78ce0404ed8416ebed7ccbca6b177a4&name=default HTTP/1.1" status: 200 len: 3120 time: 0.3468280
2026-05-29 23:08:30.991 9 INFO neutron.wsgi [None req-e1970056-ec9f-4780-adb5-f979d221b289 ab3cbb9511254b219bbae3528b6e57de 6ee8476e3035491ea5b7eb8ed6bb6fa9 - - default default] 10.0.0.236 "DELETE /v2.0/security-groups/442d8565-f4d8-4329-84f8-2df01205d71f HTTP/1.1" status: 204 len: 168 time: 0.2149122
2026-05-29 23:08:31.527 9 WARNING neutron.plugins.ml2.drivers.ovn.mech_driver.ovsdb.ovn_client [None req-9171f50c-43ca-4628-a8d4-926af4e89bc0 - - - - - -] No port found with ID 65084867-b7dd-4d84-bfce-a4a966189690: RuntimeError: No port found with ID 65084867-b7dd-4d84-bfce-a4a966189690
2026-05-29 23:08:31.528 9 INFO neutron.plugins.ml2.drivers.ovn.mech_driver.mech_driver [None req-9171f50c-43ca-4628-a8d4-926af4e89bc0 - - - - - -] OVN reports status down for port: bb14cc4a-f709-43ab-a497-58df9771ab10
2026-05-29 23:08:31.663 9 WARNING neutron_lib.context [None req-8a0e0a27-f0c8-4b5a-95a0-22400fe28461 df0d97d3c1464ef9a7c1fad29501c1cf 8aa7800e2a8e4320835eaffd09d4cca8 - - default default] Method 'is_advsvc' is deprecated since 2023.2 release (neutron-lib 3.8.0) and will be removed once support for the old RBAC API policies will be removed from Neutron. Please use method 'is_service_role' instead.
2026-05-29 23:08:31.813 9 INFO neutron.db.ovn_revision_numbers_db [None req-8a0e0a27-f0c8-4b5a-95a0-22400fe28461 df0d97d3c1464ef9a7c1fad29501c1cf 8aa7800e2a8e4320835eaffd09d4cca8 - - default default] Successfully bumped revision number for resource ec1c3413-8ac1-44ac-abba-fd0c224c5435 (type: security_groups) to 1
2026-05-29 23:08:31.828 9 INFO neutron.db.ovn_revision_numbers_db [None req-8a0e0a27-f0c8-4b5a-95a0-22400fe28461 df0d97d3c1464ef9a7c1fad29501c1cf 8aa7800e2a8e4320835eaffd09d4cca8 - - default default] Successfully bumped revision number for resource 07036723-dc40-4116-a207-cbcbcc2c196a (type: security_group_rules) to 0
2026-05-29 23:08:31.847 9 INFO neutron.db.ovn_revision_numbers_db [None req-8a0e0a27-f0c8-4b5a-95a0-22400fe28461 df0d97d3c1464ef9a7c1fad29501c1cf 8aa7800e2a8e4320835eaffd09d4cca8 - - default default] Successfully bumped revision number for resource 2f67f133-b2e9-466b-bf56-b45c32b1162b (type: security_group_rules) to 0
2026-05-29 23:08:31.865 9 INFO neutron.db.ovn_revision_numbers_db [None req-8a0e0a27-f0c8-4b5a-95a0-22400fe28461 df0d97d3c1464ef9a7c1fad29501c1cf 8aa7800e2a8e4320835eaffd09d4cca8 - - default default] Successfully bumped revision number for resource 47285469-3d52-4072-a804-d1b0ac71d3da (type: security_group_rules) to 0
2026-05-29 23:08:31.881 9 INFO neutron.db.ovn_revision_numbers_db [None req-8a0e0a27-f0c8-4b5a-95a0-22400fe28461 df0d97d3c1464ef9a7c1fad29501c1cf 8aa7800e2a8e4320835eaffd09d4cca8 - - default default] Successfully bumped revision number for resource e1f396ff-3f01-40e7-b237-d210a0858f7f (type: security_group_rules) to 0
2026-05-29 23:08:31.886 10 WARNING neutron_lib.context [None req-c1fcbd8a-8186-471b-b1aa-8fddab00b79b a11bebcdcf3846398ee7f2a80f41220e 3ee1737416c846eeb7d0339ab9170d53 - - default default] Method 'is_advsvc' is deprecated since 2023.2 release (neutron-lib 3.8.0) and will be removed once support for the old RBAC API policies will be removed from Neutron. Please use method 'is_service_role' instead.
2026-05-29 23:08:31.936 9 INFO neutron.db.segments_db [None req-8a0e0a27-f0c8-4b5a-95a0-22400fe28461 df0d97d3c1464ef9a7c1fad29501c1cf 8aa7800e2a8e4320835eaffd09d4cca8 - - default default] Added segment 9d9b2731-07a3-4895-8175-d3b0d5b1d618 of type geneve for network 96a30dad-2f19-4d61-84d3-37cdcea4e082
2026-05-29 23:08:32.066 10 INFO neutron.wsgi [None req-111e9e21-7b57-461f-a811-ca8157459a94 ab3cbb9511254b219bbae3528b6e57de 6ee8476e3035491ea5b7eb8ed6bb6fa9 - - default default] 10.0.0.236 "PUT /v2.0/routers/9f7b2ea9-b29d-43c5-8a01-0cb4d4f4a25e/remove_router_interface HTTP/1.1" status: 200 len: 503 time: 1.2846200 /var/lib/openstack/lib/python3.10/site-packages/pycadf/identifier.py:71: UserWarning: Invalid uuid: neutron. To ensure interoperability, identifiers should be a valid uuid. warnings.warn(('Invalid uuid: %s. To ensure interoperability, '
2026-05-29 23:08:32.081 9 INFO neutron.db.ovn_revision_numbers_db [None req-8a0e0a27-f0c8-4b5a-95a0-22400fe28461 df0d97d3c1464ef9a7c1fad29501c1cf 8aa7800e2a8e4320835eaffd09d4cca8 - - default default] Successfully bumped revision number for resource 96a30dad-2f19-4d61-84d3-37cdcea4e082 (type: networks) to 1
2026-05-29 23:08:32.117 10 INFO neutron.db.ovn_revision_numbers_db [None req-c1fcbd8a-8186-471b-b1aa-8fddab00b79b a11bebcdcf3846398ee7f2a80f41220e 3ee1737416c846eeb7d0339ab9170d53 - - default default] Successfully bumped revision number for resource d9c87d0f-f5d2-4dbd-9dc0-48816b665cce (type: security_groups) to 1
2026-05-29 23:08:32.141 10 INFO neutron.db.ovn_revision_numbers_db [None req-c1fcbd8a-8186-471b-b1aa-8fddab00b79b a11bebcdcf3846398ee7f2a80f41220e 3ee1737416c846eeb7d0339ab9170d53 - - default default] Successfully bumped revision number for resource 374d60a0-79b3-4ea6-9b71-7137aa65222f (type: security_group_rules) to 0
2026-05-29 23:08:32.157 10 INFO neutron.db.ovn_revision_numbers_db [None req-c1fcbd8a-8186-471b-b1aa-8fddab00b79b a11bebcdcf3846398ee7f2a80f41220e 3ee1737416c846eeb7d0339ab9170d53 - - default default] Successfully bumped revision number for resource 3b5b5a27-b5fb-477c-853c-e4047764ce11 (type: security_group_rules) to 0
2026-05-29 23:08:32.234 9 WARNING neutron.scheduler.dhcp_agent_scheduler [None req-8a0e0a27-f0c8-4b5a-95a0-22400fe28461 df0d97d3c1464ef9a7c1fad29501c1cf 8aa7800e2a8e4320835eaffd09d4cca8 - - default default] No more DHCP agents
2026-05-29 23:08:32.236 9 WARNING neutron.api.rpc.agentnotifiers.dhcp_rpc_agent_api [None req-8a0e0a27-f0c8-4b5a-95a0-22400fe28461 df0d97d3c1464ef9a7c1fad29501c1cf 8aa7800e2a8e4320835eaffd09d4cca8 - - default default] Unable to schedule network 96a30dad-2f19-4d61-84d3-37cdcea4e082: no agents available; will retry on subsequent port and subnet creation events.
2026-05-29 23:08:32.319 9 INFO neutron.db.ovn_revision_numbers_db [None req-8a0e0a27-f0c8-4b5a-95a0-22400fe28461 df0d97d3c1464ef9a7c1fad29501c1cf 8aa7800e2a8e4320835eaffd09d4cca8 - - default default] Successfully bumped revision number for resource bb81605a-74ec-450b-a7c0-7a9fce521e31 (type: ports) to 1
2026-05-29 23:08:32.346 9 INFO neutron.wsgi [None req-8a0e0a27-f0c8-4b5a-95a0-22400fe28461 df0d97d3c1464ef9a7c1fad29501c1cf 8aa7800e2a8e4320835eaffd09d4cca8 - - default default] 10.0.0.236 "POST /v2.0/networks HTTP/1.1" status: 201 len: 828 time: 0.8246448
2026-05-29 23:08:32.367 9 WARNING neutron_lib.context [None req-ee433ec5-8853-44f7-9655-ee7a83381f76 df0d97d3c1464ef9a7c1fad29501c1cf 8aa7800e2a8e4320835eaffd09d4cca8 - - default default] Method 'is_advsvc' is deprecated since 2023.2 release (neutron-lib 3.8.0) and will be removed once support for the old RBAC API policies will be removed from Neutron. Please use method 'is_service_role' instead.
2026-05-29 23:08:32.437 10 INFO neutron.db.ovn_revision_numbers_db [None req-c1fcbd8a-8186-471b-b1aa-8fddab00b79b a11bebcdcf3846398ee7f2a80f41220e 3ee1737416c846eeb7d0339ab9170d53 - - default default] Successfully bumped revision number for resource 44c21a26-92f5-4f3c-b916-c0725d312cb1 (type: security_group_rules) to 0
2026-05-29 23:08:32.465 10 INFO neutron.db.ovn_revision_numbers_db [None req-c1fcbd8a-8186-471b-b1aa-8fddab00b79b a11bebcdcf3846398ee7f2a80f41220e 3ee1737416c846eeb7d0339ab9170d53 - - default default] Successfully bumped revision number for resource c08a34d3-d395-4ff0-86df-edbc9bf4b90e (type: security_group_rules) to 0
2026-05-29 23:08:32.506 9 INFO neutron.db.segments_db [None req-ee433ec5-8853-44f7-9655-ee7a83381f76 df0d97d3c1464ef9a7c1fad29501c1cf 8aa7800e2a8e4320835eaffd09d4cca8 - - default default] Added segment 289e57c2-468e-49cb-b49c-f35527a310b2 of type geneve for network c4dd8b9e-67fb-45c8-bd6c-b142ff4cd7ba
2026-05-29 23:08:32.622 10 INFO neutron.db.ovn_revision_numbers_db [None req-c1fcbd8a-8186-471b-b1aa-8fddab00b79b a11bebcdcf3846398ee7f2a80f41220e 3ee1737416c846eeb7d0339ab9170d53 - - default default] Successfully bumped revision number for resource 69155846-a4ce-4351-8c7b-fe3a3360cecb (type: security_groups) to 1
2026-05-29 23:08:32.637 10 INFO neutron.db.ovn_revision_numbers_db [None req-c1fcbd8a-8186-471b-b1aa-8fddab00b79b a11bebcdcf3846398ee7f2a80f41220e 3ee1737416c846eeb7d0339ab9170d53 - - default default] Successfully bumped revision number for resource 2bc55157-6d24-4faa-89d3-fe452ed6ab1d (type: security_group_rules) to 0
2026-05-29 23:08:32.662 9 INFO neutron.db.ovn_revision_numbers_db [None req-ee433ec5-8853-44f7-9655-ee7a83381f76 df0d97d3c1464ef9a7c1fad29501c1cf 8aa7800e2a8e4320835eaffd09d4cca8 - - default default] Successfully bumped revision number for resource c4dd8b9e-67fb-45c8-bd6c-b142ff4cd7ba (type: networks) to 1
2026-05-29 23:08:32.664 10 INFO neutron.db.ovn_revision_numbers_db [None req-c1fcbd8a-8186-471b-b1aa-8fddab00b79b a11bebcdcf3846398ee7f2a80f41220e 3ee1737416c846eeb7d0339ab9170d53 - - default default] Successfully bumped revision number for resource d8728ceb-124b-4b9d-975f-0090fbe1fcf2 (type: security_group_rules) to 0
2026-05-29 23:08:32.688 10 INFO neutron.wsgi [None req-c1fcbd8a-8186-471b-b1aa-8fddab00b79b a11bebcdcf3846398ee7f2a80f41220e 3ee1737416c846eeb7d0339ab9170d53 - - default default] 10.0.0.236 "POST /v2.0/security-groups HTTP/1.1" status: 201 len: 1824 time: 0.8439019
2026-05-29 23:08:32.758 9 INFO neutron.wsgi [None req-95ae3164-00e8-4814-9657-40860f355cb0 a11bebcdcf3846398ee7f2a80f41220e 3ee1737416c846eeb7d0339ab9170d53 - - default default] 10.0.0.236 "GET /v2.0/security-groups HTTP/1.1" status: 200 len: 4724 time: 0.0641778
2026-05-29 23:08:32.869 9 WARNING neutron.scheduler.dhcp_agent_scheduler [None req-ee433ec5-8853-44f7-9655-ee7a83381f76 df0d97d3c1464ef9a7c1fad29501c1cf 8aa7800e2a8e4320835eaffd09d4cca8 - - default default] No more DHCP agents
2026-05-29 23:08:32.872 9 WARNING neutron.api.rpc.agentnotifiers.dhcp_rpc_agent_api [None req-ee433ec5-8853-44f7-9655-ee7a83381f76 df0d97d3c1464ef9a7c1fad29501c1cf 8aa7800e2a8e4320835eaffd09d4cca8 - - default default] Unable to schedule network c4dd8b9e-67fb-45c8-bd6c-b142ff4cd7ba: no agents available; will retry on subsequent port and subnet creation events.
2026-05-29 23:08:32.876 10 INFO neutron.db.ovn_revision_numbers_db [None req-882daad6-5c85-414c-8ccd-0ffd81ff4434 a11bebcdcf3846398ee7f2a80f41220e 3ee1737416c846eeb7d0339ab9170d53 - - default default] Successfully bumped revision number for resource 69155846-a4ce-4351-8c7b-fe3a3360cecb (type: security_groups) to 2
2026-05-29 23:08:32.880 10 INFO neutron.wsgi [None req-882daad6-5c85-414c-8ccd-0ffd81ff4434 a11bebcdcf3846398ee7f2a80f41220e 3ee1737416c846eeb7d0339ab9170d53 - - default default] 10.0.0.236 "PUT /v2.0/security-groups/69155846-a4ce-4351-8c7b-fe3a3360cecb HTTP/1.1" status: 200 len: 1857 time: 0.1135807
2026-05-29 23:08:32.925 9 INFO neutron.wsgi [None req-5bced5c9-4cab-4f86-8c79-02886989c949 a11bebcdcf3846398ee7f2a80f41220e 3ee1737416c846eeb7d0339ab9170d53 - - default default] 10.0.0.236 "GET /v2.0/security-groups/69155846-a4ce-4351-8c7b-fe3a3360cecb HTTP/1.1" status: 200 len: 1857 time: 0.0374680
2026-05-29 23:08:32.975 9 INFO neutron.db.ovn_revision_numbers_db [None req-ee433ec5-8853-44f7-9655-ee7a83381f76 df0d97d3c1464ef9a7c1fad29501c1cf 8aa7800e2a8e4320835eaffd09d4cca8 - - default default] Successfully bumped revision number for resource 3d091ae5-01a1-4c7b-b240-54d1a59a3878 (type: ports) to 1
2026-05-29 23:08:33.000 9 INFO neutron.wsgi [None req-ee433ec5-8853-44f7-9655-ee7a83381f76 df0d97d3c1464ef9a7c1fad29501c1cf 8aa7800e2a8e4320835eaffd09d4cca8 - - default default] 10.0.0.236 "POST /v2.0/networks HTTP/1.1" status: 201 len: 828 time: 0.6410964
2026-05-29 23:08:33.010 9 WARNING neutron_lib.context [None req-0ca9d99b-c4a8-41e5-bb3c-1e100dc6bb40 df0d97d3c1464ef9a7c1fad29501c1cf 8aa7800e2a8e4320835eaffd09d4cca8 - - default default] Method 'is_advsvc' is deprecated since 2023.2 release (neutron-lib 3.8.0) and will be removed once support for the old RBAC API policies will be removed from Neutron. Please use method 'is_service_role' instead.
2026-05-29 23:08:33.078 9 INFO neutron.wsgi [None req-9ad6b5f1-ecec-4b25-a834-7671d35e1320 a11bebcdcf3846398ee7f2a80f41220e 3ee1737416c846eeb7d0339ab9170d53 - - default default] 10.0.0.236 "DELETE /v2.0/security-groups/69155846-a4ce-4351-8c7b-fe3a3360cecb HTTP/1.1" status: 204 len: 168 time: 0.1451089
2026-05-29 23:08:33.194 10 INFO neutron.wsgi [None req-74b4a5fa-c3af-41aa-a8f3-8173c8fa8d27 a11bebcdcf3846398ee7f2a80f41220e 3ee1737416c846eeb7d0339ab9170d53 - - default default] 10.0.0.236 "GET /v2.0/security-groups HTTP/1.1" status: 200 len: 3120 time: 0.1094522
2026-05-29 23:08:33.221 9 INFO neutron.api.v2.resource [None req-ed557623-8208-4ff4-b208-67c09deb13a9 a11bebcdcf3846398ee7f2a80f41220e 3ee1737416c846eeb7d0339ab9170d53 - - default default] delete failed (client error): The resource could not be found.
2026-05-29 23:08:33.222 9 INFO neutron.wsgi [None req-ed557623-8208-4ff4-b208-67c09deb13a9 a11bebcdcf3846398ee7f2a80f41220e 3ee1737416c846eeb7d0339ab9170d53 - - default default] 10.0.0.236 "DELETE /v2.0/security-groups/69155846-a4ce-4351-8c7b-fe3a3360cecb HTTP/1.1" status: 404 len: 347 time: 0.0144508
2026-05-29 23:08:33.235 9 WARNING neutron_lib.context [None req-93165b24-3743-4045-94fc-f65658b0496c a11bebcdcf3846398ee7f2a80f41220e 3ee1737416c846eeb7d0339ab9170d53 - - default default] Method 'is_advsvc' is deprecated since 2023.2 release (neutron-lib 3.8.0) and will be removed once support for the old RBAC API policies will be removed from Neutron. Please use method 'is_service_role' instead.
2026-05-29 23:08:33.275 10 INFO neutron.wsgi [None req-085cf4d9-4e17-42e3-9cbe-bda05a83c96b ab3cbb9511254b219bbae3528b6e57de 6ee8476e3035491ea5b7eb8ed6bb6fa9 - - default default] 10.0.0.236 "DELETE /v2.0/routers/9f7b2ea9-b29d-43c5-8a01-0cb4d4f4a25e HTTP/1.1" status: 204 len: 168 time: 1.2039828
2026-05-29 23:08:33.284 9 WARNING neutron.scheduler.dhcp_agent_scheduler [None req-0ca9d99b-c4a8-41e5-bb3c-1e100dc6bb40 df0d97d3c1464ef9a7c1fad29501c1cf 8aa7800e2a8e4320835eaffd09d4cca8 - - default default] No more DHCP agents
2026-05-29 23:08:33.288 9 WARNING neutron.api.rpc.agentnotifiers.dhcp_rpc_agent_api [None req-0ca9d99b-c4a8-41e5-bb3c-1e100dc6bb40 df0d97d3c1464ef9a7c1fad29501c1cf 8aa7800e2a8e4320835eaffd09d4cca8 - - default default] Unable to schedule network 96a30dad-2f19-4d61-84d3-37cdcea4e082: no agents available; will retry on subsequent port and subnet creation events.
2026-05-29 23:08:33.423 9 INFO neutron.db.ovn_revision_numbers_db [None req-93165b24-3743-4045-94fc-f65658b0496c a11bebcdcf3846398ee7f2a80f41220e 3ee1737416c846eeb7d0339ab9170d53 - - default default] Successfully bumped revision number for resource 7ee6971c-f93d-419d-9cdc-f0031f8e9eea (type: security_groups) to 1
2026-05-29 23:08:33.448 9 INFO neutron.db.ovn_revision_numbers_db [None req-93165b24-3743-4045-94fc-f65658b0496c a11bebcdcf3846398ee7f2a80f41220e 3ee1737416c846eeb7d0339ab9170d53 - - default default] Successfully bumped revision number for resource 69f29c9e-f3f5-49d3-94be-d6fe0dc04276 (type: security_group_rules) to 0
2026-05-29 23:08:33.474 9 INFO neutron.db.ovn_revision_numbers_db [None req-93165b24-3743-4045-94fc-f65658b0496c a11bebcdcf3846398ee7f2a80f41220e 3ee1737416c846eeb7d0339ab9170d53 - - default default] Successfully bumped revision number for resource cace3aa5-65b6-4f79-99e1-07f8bdea00e2 (type: security_group_rules) to 0
2026-05-29 23:08:33.509 10 INFO neutron.wsgi [None req-ad78376e-abb6-42ac-ab45-50bd08d22c20 ab3cbb9511254b219bbae3528b6e57de 6ee8476e3035491ea5b7eb8ed6bb6fa9 - - default default] 10.0.0.236 "DELETE /v2.0/subnets/27f03fb0-ce0a-43b6-9251-44d9811ee290 HTTP/1.1" status: 204 len: 168 time: 0.2280493
2026-05-29 23:08:33.512 9 INFO neutron.wsgi [None req-93165b24-3743-4045-94fc-f65658b0496c a11bebcdcf3846398ee7f2a80f41220e 3ee1737416c846eeb7d0339ab9170d53 - - default default] 10.0.0.236 "POST /v2.0/security-groups HTTP/1.1" status: 201 len: 1825 time: 0.2831686
2026-05-29 23:08:33.528 9 WARNING neutron_lib.context [None req-ff332e33-bbe3-40cc-b69c-c7b1c4af52ca a11bebcdcf3846398ee7f2a80f41220e 3ee1737416c846eeb7d0339ab9170d53 - - default default] Method 'is_advsvc' is deprecated since 2023.2 release (neutron-lib 3.8.0) and will be removed once support for the old RBAC API policies will be removed from Neutron. Please use method 'is_service_role' instead.
2026-05-29 23:08:33.743 9 INFO neutron.db.ovn_revision_numbers_db [None req-ff332e33-bbe3-40cc-b69c-c7b1c4af52ca a11bebcdcf3846398ee7f2a80f41220e 3ee1737416c846eeb7d0339ab9170d53 - - default default] Successfully bumped revision number for resource d0d1601f-ee14-4839-a8a9-25ab39ec711a (type: security_group_rules) to 0
2026-05-29 23:08:33.785 9 INFO neutron.wsgi [None req-ff332e33-bbe3-40cc-b69c-c7b1c4af52ca a11bebcdcf3846398ee7f2a80f41220e 3ee1737416c846eeb7d0339ab9170d53 - - default default] 10.0.0.236 "POST /v2.0/security-group-rules HTTP/1.1" status: 201 len: 800 time: 0.2626104
2026-05-29 23:08:33.821 9 INFO neutron.wsgi [None req-a47e1137-5b40-47f3-a6b2-f796d9a330b3 a11bebcdcf3846398ee7f2a80f41220e 3ee1737416c846eeb7d0339ab9170d53 - - default default] 10.0.0.236 "GET /v2.0/security-group-rules/d0d1601f-ee14-4839-a8a9-25ab39ec711a HTTP/1.1" status: 200 len: 795 time: 0.0275762
2026-05-29 23:08:33.919 9 INFO neutron.wsgi [None req-af5853ae-3a8b-48c6-b136-9247aef6b9c0 a11bebcdcf3846398ee7f2a80f41220e 3ee1737416c846eeb7d0339ab9170d53 - - default default] 10.0.0.236 "GET /v2.0/security-group-rules HTTP/1.1" status: 200 len: 4333 time: 0.0939848
2026-05-29 23:08:33.950 10 INFO neutron.services.segments.plugin [-] Segment a123006b-b4be-4cce-82db-5767ba2eb750 resource provider aggregate not found
2026-05-29 23:08:33.951 9 INFO neutron.db.ovn_revision_numbers_db [None req-0ca9d99b-c4a8-41e5-bb3c-1e100dc6bb40 df0d97d3c1464ef9a7c1fad29501c1cf 8aa7800e2a8e4320835eaffd09d4cca8 - - default default] Successfully bumped revision number for resource bb81605a-74ec-450b-a7c0-7a9fce521e31 (type: ports) to 2
2026-05-29 23:08:33.955 10 INFO neutron.services.segments.plugin [-] Segment a123006b-b4be-4cce-82db-5767ba2eb750 resource provider aggregate not found
2026-05-29 23:08:33.971 10 INFO neutron.services.segments.plugin [-] Segment a123006b-b4be-4cce-82db-5767ba2eb750 resource provider not found; error: Placement Client Error (4xx): {"errors": [{"status": 404, "title": "Not Found", "detail": "The resource could not be found.\n\n No resource provider with uuid a123006b-b4be-4cce-82db-5767ba2eb750 found for delete ", "request_id": "req-21fe2dfb-bc86-44d2-9826-6a5b70977cd3"}]}
2026-05-29 23:08:33.972 10 INFO neutron.services.segments.plugin [-] Segment a123006b-b4be-4cce-82db-5767ba2eb750 resource provider not found; error: Placement Client Error (4xx): {"errors": [{"status": 404, "title": "Not Found", "detail": "The resource could not be found.\n\n No resource provider with uuid a123006b-b4be-4cce-82db-5767ba2eb750 found for delete ", "request_id": "req-788e3556-6f97-43d3-824a-30ff954ca80f"}]}
2026-05-29 23:08:33.988 9 INFO neutron.db.ovn_revision_numbers_db [None req-0ca9d99b-c4a8-41e5-bb3c-1e100dc6bb40 df0d97d3c1464ef9a7c1fad29501c1cf 8aa7800e2a8e4320835eaffd09d4cca8 - - default default] Successfully bumped revision number for resource e9ffa882-5fc5-462d-a95d-6d95e6e32831 (type: subnets) to 0
2026-05-29 23:08:34.000 10 INFO neutron.wsgi [None req-c7a416a4-3996-42b6-b256-aa44f81405d6 ab3cbb9511254b219bbae3528b6e57de 6ee8476e3035491ea5b7eb8ed6bb6fa9 - - default default] 10.0.0.236 "DELETE /v2.0/networks/59e13bd5-e0a7-47fa-ab0a-34e9c8080b49 HTTP/1.1" status: 204 len: 168 time: 0.4827392
2026-05-29 23:08:34.001 9 INFO neutron.wsgi [None req-0ca9d99b-c4a8-41e5-bb3c-1e100dc6bb40 df0d97d3c1464ef9a7c1fad29501c1cf 8aa7800e2a8e4320835eaffd09d4cca8 - - default default] 10.0.0.236 "POST /v2.0/subnets HTTP/1.1" status: 201 len: 801 time: 0.9947245
2026-05-29 23:08:34.020 10 WARNING neutron_lib.context [None req-27c59ded-186e-4b72-97cc-8047bb1369b6 df0d97d3c1464ef9a7c1fad29501c1cf 8aa7800e2a8e4320835eaffd09d4cca8 - - default default] Method 'is_advsvc' is deprecated since 2023.2 release (neutron-lib 3.8.0) and will be removed once support for the old RBAC API policies will be removed from Neutron. Please use method 'is_service_role' instead.
2026-05-29 23:08:34.104 9 INFO neutron.wsgi [None req-21781fc8-5c91-4aa6-8b74-67d8ff52f518 a11bebcdcf3846398ee7f2a80f41220e 3ee1737416c846eeb7d0339ab9170d53 - - default default] 10.0.0.236 "DELETE /v2.0/security-group-rules/d0d1601f-ee14-4839-a8a9-25ab39ec711a HTTP/1.1" status: 204 len: 168 time: 0.1779065
2026-05-29 23:08:34.193 9 INFO neutron.wsgi [None req-46ecc9c6-a26a-44dd-bc77-6340c2467e87 a11bebcdcf3846398ee7f2a80f41220e 3ee1737416c846eeb7d0339ab9170d53 - - default default] 10.0.0.236 "GET /v2.0/security-group-rules HTTP/1.1" status: 200 len: 3755 time: 0.0841193
2026-05-29 23:08:34.213 9 WARNING neutron_lib.context [None req-3be1171d-9d7b-4a72-a05c-03788e1e03e1 a11bebcdcf3846398ee7f2a80f41220e 3ee1737416c846eeb7d0339ab9170d53 - - default default] Method 'is_advsvc' is deprecated since 2023.2 release (neutron-lib 3.8.0) and will be removed once support for the old RBAC API policies will be removed from Neutron. Please use method 'is_service_role' instead.
2026-05-29 23:08:34.302 10 WARNING neutron.scheduler.dhcp_agent_scheduler [None req-27c59ded-186e-4b72-97cc-8047bb1369b6 df0d97d3c1464ef9a7c1fad29501c1cf 8aa7800e2a8e4320835eaffd09d4cca8 - - default default] No more DHCP agents
2026-05-29 23:08:34.306 10 WARNING neutron.api.rpc.agentnotifiers.dhcp_rpc_agent_api [None req-27c59ded-186e-4b72-97cc-8047bb1369b6 df0d97d3c1464ef9a7c1fad29501c1cf 8aa7800e2a8e4320835eaffd09d4cca8 - - default default] Unable to schedule network c4dd8b9e-67fb-45c8-bd6c-b142ff4cd7ba: no agents available; will retry on subsequent port and subnet creation events.
2026-05-29 23:08:34.468 9 INFO neutron.db.ovn_revision_numbers_db [None req-3be1171d-9d7b-4a72-a05c-03788e1e03e1 a11bebcdcf3846398ee7f2a80f41220e 3ee1737416c846eeb7d0339ab9170d53 - - default default] Successfully bumped revision number for resource 163925c3-3d41-43ea-aef0-d7b4fb7d51a9 (type: security_group_rules) to 0
2026-05-29 23:08:34.536 9 INFO neutron.wsgi [None req-3be1171d-9d7b-4a72-a05c-03788e1e03e1 a11bebcdcf3846398ee7f2a80f41220e 3ee1737416c846eeb7d0339ab9170d53 - - default default] 10.0.0.236 "POST /v2.0/security-group-rules HTTP/1.1" status: 201 len: 800 time: 0.3345459
2026-05-29 23:08:34.569 9 INFO neutron.wsgi [None req-72161466-3378-4f8b-ab13-b1e7d7651450 a11bebcdcf3846398ee7f2a80f41220e 3ee1737416c846eeb7d0339ab9170d53 - - default default] 10.0.0.236 "GET /v2.0/security-group-rules/163925c3-3d41-43ea-aef0-d7b4fb7d51a9 HTTP/1.1" status: 200 len: 795 time: 0.0251217
2026-05-29 23:08:34.656 9 INFO neutron.wsgi [None req-28fab73d-4513-4b4b-9f7a-0a9edfb7fc2e a11bebcdcf3846398ee7f2a80f41220e 3ee1737416c846eeb7d0339ab9170d53 - - default default] 10.0.0.236 "GET /v2.0/security-group-rules HTTP/1.1" status: 200 len: 4333 time: 0.0816052
2026-05-29 23:08:34.859 9 INFO neutron.wsgi [None req-a6989358-9fa7-454b-a4f8-71c6d50637ca a11bebcdcf3846398ee7f2a80f41220e 3ee1737416c846eeb7d0339ab9170d53 - - default default] 10.0.0.236 "DELETE /v2.0/security-group-rules/163925c3-3d41-43ea-aef0-d7b4fb7d51a9 HTTP/1.1" status: 204 len: 168 time: 0.1968169
2026-05-29 23:08:34.968 9 INFO neutron.wsgi [None req-fb857eab-43ec-41d1-928d-d19fd164d2d7 a11bebcdcf3846398ee7f2a80f41220e 3ee1737416c846eeb7d0339ab9170d53 - - default default] 10.0.0.236 "GET /v2.0/security-group-rules HTTP/1.1" status: 200 len: 3755 time: 0.1013145
2026-05-29 23:08:34.982 10 WARNING neutron_lib.context [None req-a149873e-c2ee-473e-9da1-c06770768370 a11bebcdcf3846398ee7f2a80f41220e 3ee1737416c846eeb7d0339ab9170d53 - - default default] Method 'is_advsvc' is deprecated since 2023.2 release (neutron-lib 3.8.0) and will be removed once support for the old RBAC API policies will be removed from Neutron. Please use method 'is_service_role' instead.
2026-05-29 23:08:34.985 10 INFO neutron.db.ovn_revision_numbers_db [None req-27c59ded-186e-4b72-97cc-8047bb1369b6 df0d97d3c1464ef9a7c1fad29501c1cf 8aa7800e2a8e4320835eaffd09d4cca8 - - default default] Successfully bumped revision number for resource 3d091ae5-01a1-4c7b-b240-54d1a59a3878 (type: ports) to 2
2026-05-29 23:08:35.034 10 INFO neutron.db.ovn_revision_numbers_db [None req-27c59ded-186e-4b72-97cc-8047bb1369b6 df0d97d3c1464ef9a7c1fad29501c1cf 8aa7800e2a8e4320835eaffd09d4cca8 - - default default] Successfully bumped revision number for resource 45329dab-df70-4c0f-a47e-83f326f874e3 (type: subnets) to 0
2026-05-29 23:08:35.060 10 INFO neutron.wsgi [None req-27c59ded-186e-4b72-97cc-8047bb1369b6 df0d97d3c1464ef9a7c1fad29501c1cf 8aa7800e2a8e4320835eaffd09d4cca8 - - default default] 10.0.0.236 "POST /v2.0/subnets HTTP/1.1" status: 201 len: 801 time: 1.0495224
2026-05-29 23:08:35.073 10 WARNING neutron_lib.context [None req-f16ce72f-bc79-4bdc-acf4-b1d50bee63e8 df0d97d3c1464ef9a7c1fad29501c1cf 8aa7800e2a8e4320835eaffd09d4cca8 - - default default] Method 'is_advsvc' is deprecated since 2023.2 release (neutron-lib 3.8.0) and will be removed once support for the old RBAC API policies will be removed from Neutron. Please use method 'is_service_role' instead.
2026-05-29 23:08:35.200 10 INFO neutron.db.ovn_revision_numbers_db [None req-a149873e-c2ee-473e-9da1-c06770768370 a11bebcdcf3846398ee7f2a80f41220e 3ee1737416c846eeb7d0339ab9170d53 - - default default] Successfully bumped revision number for resource 3f2f3cd5-a969-471c-beef-f0c1bb9c5a73 (type: security_group_rules) to 0
2026-05-29 23:08:35.254 10 INFO neutron.db.ovn_revision_numbers_db [None req-f16ce72f-bc79-4bdc-acf4-b1d50bee63e8 df0d97d3c1464ef9a7c1fad29501c1cf 8aa7800e2a8e4320835eaffd09d4cca8 - - default default] Successfully bumped revision number for resource 57a71f4a-c0e8-4edc-805f-037e6d91f5da (type: routers) to 1
2026-05-29 23:08:35.264 10 INFO neutron.wsgi [None req-a149873e-c2ee-473e-9da1-c06770768370 a11bebcdcf3846398ee7f2a80f41220e 3ee1737416c846eeb7d0339ab9170d53 - - default default] 10.0.0.236 "POST /v2.0/security-group-rules HTTP/1.1" status: 201 len: 801 time: 0.2907839
2026-05-29 23:08:35.280 10 INFO neutron.wsgi [None req-f16ce72f-bc79-4bdc-acf4-b1d50bee63e8 df0d97d3c1464ef9a7c1fad29501c1cf 8aa7800e2a8e4320835eaffd09d4cca8 - - default default] 10.0.0.236 "POST /v2.0/routers HTTP/1.1" status: 201 len: 802 time: 0.2126720
2026-05-29 23:08:35.297 10 INFO neutron.wsgi [None req-d53a21ce-242d-4a9c-bdff-2675eff9afae a11bebcdcf3846398ee7f2a80f41220e 3ee1737416c846eeb7d0339ab9170d53 - - default default] 10.0.0.236 "GET /v2.0/security-group-rules/3f2f3cd5-a969-471c-beef-f0c1bb9c5a73 HTTP/1.1" status: 200 len: 796 time: 0.0272260 /var/lib/openstack/lib/python3.10/site-packages/pycadf/identifier.py:71: UserWarning: Invalid uuid: neutron. To ensure interoperability, identifiers should be a valid uuid. warnings.warn(('Invalid uuid: %s. To ensure interoperability, '
