2026-05-29 23:06:50.765 9 INFO neutron.wsgi [req-192f4226-4e81-48be-9b29-334c5001df08 req-2a17754b-5712-4b6c-8a8d-40a8e5bef6b8 747d93d86cbc4e75b60b0df86f94a4de 6c0afb4fc087416d9e0d9c24b4b30fba - - 1d17189322a742f9821374995584d28c 1d17189322a742f9821374995584d28c] 199.204.45.22 "GET /v2.0/ports?tenant_id=8e1a31a37bbc4f7fb2810f2e15917e9f&device_id=5b118b6b-49a8-4eda-b700-9ac86e8a86da HTTP/1.1" status: 200 len: 1409 time: 0.0456367
2026-05-29 23:06:50.848 9 INFO neutron.wsgi [req-192f4226-4e81-48be-9b29-334c5001df08 req-9a259443-ace3-484b-b8a0-8910762abeba 747d93d86cbc4e75b60b0df86f94a4de 6c0afb4fc087416d9e0d9c24b4b30fba - - 1d17189322a742f9821374995584d28c 1d17189322a742f9821374995584d28c] 199.204.45.22 "GET /v2.0/networks?id=131a53e4-5eb4-4fbf-9cb0-eb9f84235fff HTTP/1.1" status: 200 len: 980 time: 0.0759273
2026-05-29 23:06:50.886 9 INFO neutron.notifiers.nova [-] Nova event matching ['req-1643cb97-e175-461f-9219-d81993c78624'] response: {'name': 'network-changed', 'server_uuid': '5b118b6b-49a8-4eda-b700-9ac86e8a86da', 'tag': 'ae5dce7a-8100-458c-bfaa-c81f2f7d0800', 'status': 'completed', 'code': 200}
2026-05-29 23:06:50.899 9 INFO neutron.wsgi [req-192f4226-4e81-48be-9b29-334c5001df08 req-5dedcd1f-436b-4056-94a3-cac9a8655845 747d93d86cbc4e75b60b0df86f94a4de 6c0afb4fc087416d9e0d9c24b4b30fba - - 1d17189322a742f9821374995584d28c 1d17189322a742f9821374995584d28c] 199.204.45.22 "GET /v2.0/floatingips?fixed_ip_address=10.100.0.8&port_id=ae5dce7a-8100-458c-bfaa-c81f2f7d0800 HTTP/1.1" status: 200 len: 1059 time: 0.0436225
2026-05-29 23:06:50.953 9 INFO neutron.wsgi [req-192f4226-4e81-48be-9b29-334c5001df08 req-6da1cfaf-1b71-46f7-9eb0-ac7dd7c90967 747d93d86cbc4e75b60b0df86f94a4de 6c0afb4fc087416d9e0d9c24b4b30fba - - 1d17189322a742f9821374995584d28c 1d17189322a742f9821374995584d28c] 199.204.45.22 "GET /v2.0/subnets?id=8dc91334-e7b3-4c4c-9afb-12ca1b37fa9a HTTP/1.1" status: 200 len: 876 time: 0.0472455
2026-05-29 23:06:50.973 9 INFO neutron.wsgi [None req-217f93c9-4454-4e40-9f96-515f2d52341d ab3cbb9511254b219bbae3528b6e57de 6ee8476e3035491ea5b7eb8ed6bb6fa9 - - default default] 10.0.0.236 "GET /v2.0/security-groups?tenant_id=1bf213f745434325bb357188289fb0cc&name=default HTTP/1.1" status: 200 len: 3120 time: 0.0533161
2026-05-29 23:06:50.981 9 INFO neutron.wsgi [req-192f4226-4e81-48be-9b29-334c5001df08 req-f04a3022-38d1-4771-b60f-40a580243b44 747d93d86cbc4e75b60b0df86f94a4de 6c0afb4fc087416d9e0d9c24b4b30fba - - 1d17189322a742f9821374995584d28c 1d17189322a742f9821374995584d28c] 199.204.45.22 "GET /v2.0/ports?network_id=131a53e4-5eb4-4fbf-9cb0-eb9f84235fff&device_owner=network%3Adhcp HTTP/1.1" status: 200 len: 210 time: 0.0196617
2026-05-29 23:06:51.044 9 INFO neutron.wsgi [req-192f4226-4e81-48be-9b29-334c5001df08 req-f28cdcab-fa98-4793-9644-91b4b78cafdc 747d93d86cbc4e75b60b0df86f94a4de 6c0afb4fc087416d9e0d9c24b4b30fba - - 1d17189322a742f9821374995584d28c 1d17189322a742f9821374995584d28c] 199.204.45.22 "GET /v2.0/networks/131a53e4-5eb4-4fbf-9cb0-eb9f84235fff?fields=segments HTTP/1.1" status: 200 len: 212 time: 0.0581434
2026-05-29 23:06:51.115 9 INFO neutron.wsgi [req-192f4226-4e81-48be-9b29-334c5001df08 req-4b0d1d26-750f-4ff5-8f55-91c05ad47923 747d93d86cbc4e75b60b0df86f94a4de 6c0afb4fc087416d9e0d9c24b4b30fba - - 1d17189322a742f9821374995584d28c 1d17189322a742f9821374995584d28c] 199.204.45.22 "GET /v2.0/networks/131a53e4-5eb4-4fbf-9cb0-eb9f84235fff?fields=provider%3Aphysical_network&fields=provider%3Anetwork_type HTTP/1.1" status: 200 len: 277 time: 0.0664747
2026-05-29 23:06:51.193 9 INFO neutron.wsgi [req-65f7beae-f155-463a-afbc-77e530a106d3 req-32582c0c-0b25-4f98-a888-447ec396e701 747d93d86cbc4e75b60b0df86f94a4de 6c0afb4fc087416d9e0d9c24b4b30fba - - 1d17189322a742f9821374995584d28c 1d17189322a742f9821374995584d28c] 199.204.45.22 "GET /v2.0/ports?tenant_id=8e1a31a37bbc4f7fb2810f2e15917e9f&device_id=5b118b6b-49a8-4eda-b700-9ac86e8a86da HTTP/1.1" status: 200 len: 1409 time: 0.0379310
2026-05-29 23:06:51.218 10 INFO neutron.wsgi [None req-2abc913a-a57d-4971-a840-2ee5f2b52d99 ab3cbb9511254b219bbae3528b6e57de 6ee8476e3035491ea5b7eb8ed6bb6fa9 - - default default] 10.0.0.236 "DELETE /v2.0/security-groups/a2f54660-4f0a-46c3-b323-834890591a38 HTTP/1.1" status: 204 len: 168 time: 0.2405527
2026-05-29 23:06:51.264 9 INFO neutron.wsgi [req-65f7beae-f155-463a-afbc-77e530a106d3 req-607ed0e5-888f-407b-8517-834d4cc85181 747d93d86cbc4e75b60b0df86f94a4de 6c0afb4fc087416d9e0d9c24b4b30fba - - 1d17189322a742f9821374995584d28c 1d17189322a742f9821374995584d28c] 199.204.45.22 "GET /v2.0/networks?id=131a53e4-5eb4-4fbf-9cb0-eb9f84235fff HTTP/1.1" status: 200 len: 980 time: 0.0641739
2026-05-29 23:06:51.318 9 WARNING neutron_lib.context [None req-da43ee6c-222a-49cb-9e43-9b0ca174e71b 9bd6d6fa9fda465896865d0135bc0977 64f1d17326fe4758850040328b84f3a4 - - default default] Method 'is_advsvc' is deprecated since 2023.2 release (neutron-lib 3.8.0) and will be removed once support for the old RBAC API policies will be removed from Neutron. Please use method 'is_service_role' instead.
2026-05-29 23:06:51.331 9 INFO neutron.wsgi [req-65f7beae-f155-463a-afbc-77e530a106d3 req-a57f3ac6-07a0-4f39-9c58-b956ca5d33fa 747d93d86cbc4e75b60b0df86f94a4de 6c0afb4fc087416d9e0d9c24b4b30fba - - 1d17189322a742f9821374995584d28c 1d17189322a742f9821374995584d28c] 199.204.45.22 "GET /v2.0/floatingips?fixed_ip_address=10.100.0.8&port_id=ae5dce7a-8100-458c-bfaa-c81f2f7d0800 HTTP/1.1" status: 200 len: 1059 time: 0.0594990
2026-05-29 23:06:51.380 9 INFO neutron.wsgi [req-65f7beae-f155-463a-afbc-77e530a106d3 req-50e12485-783a-4e38-b7c9-23de213e0362 747d93d86cbc4e75b60b0df86f94a4de 6c0afb4fc087416d9e0d9c24b4b30fba - - 1d17189322a742f9821374995584d28c 1d17189322a742f9821374995584d28c] 199.204.45.22 "GET /v2.0/subnets?id=8dc91334-e7b3-4c4c-9afb-12ca1b37fa9a HTTP/1.1" status: 200 len: 876 time: 0.0395889
2026-05-29 23:06:51.413 9 INFO neutron.wsgi [req-65f7beae-f155-463a-afbc-77e530a106d3 req-58288a3d-4eb3-45ac-943d-bde94f983865 747d93d86cbc4e75b60b0df86f94a4de 6c0afb4fc087416d9e0d9c24b4b30fba - - 1d17189322a742f9821374995584d28c 1d17189322a742f9821374995584d28c] 199.204.45.22 "GET /v2.0/ports?network_id=131a53e4-5eb4-4fbf-9cb0-eb9f84235fff&device_owner=network%3Adhcp HTTP/1.1" status: 200 len: 210 time: 0.0267212
2026-05-29 23:06:51.486 9 INFO neutron.wsgi [req-65f7beae-f155-463a-afbc-77e530a106d3 req-d674f86b-ae69-4418-ac62-857e47de6195 747d93d86cbc4e75b60b0df86f94a4de 6c0afb4fc087416d9e0d9c24b4b30fba - - 1d17189322a742f9821374995584d28c 1d17189322a742f9821374995584d28c] 199.204.45.22 "GET /v2.0/networks/131a53e4-5eb4-4fbf-9cb0-eb9f84235fff?fields=segments HTTP/1.1" status: 200 len: 212 time: 0.0673404
2026-05-29 23:06:51.540 9 INFO neutron.db.ovn_revision_numbers_db [None req-da43ee6c-222a-49cb-9e43-9b0ca174e71b 9bd6d6fa9fda465896865d0135bc0977 64f1d17326fe4758850040328b84f3a4 - - default default] Successfully bumped revision number for resource 5118d10b-8b23-40fc-865e-6358a90d585c (type: security_groups) to 1
2026-05-29 23:06:51.561 9 INFO neutron.db.ovn_revision_numbers_db [None req-da43ee6c-222a-49cb-9e43-9b0ca174e71b 9bd6d6fa9fda465896865d0135bc0977 64f1d17326fe4758850040328b84f3a4 - - default default] Successfully bumped revision number for resource 4eebdc16-d565-45b4-a443-1beb64d88651 (type: security_group_rules) to 0
2026-05-29 23:06:51.566 9 INFO neutron.wsgi [req-65f7beae-f155-463a-afbc-77e530a106d3 req-a2953809-62a2-44b1-be92-b0a05244907b 747d93d86cbc4e75b60b0df86f94a4de 6c0afb4fc087416d9e0d9c24b4b30fba - - 1d17189322a742f9821374995584d28c 1d17189322a742f9821374995584d28c] 199.204.45.22 "GET /v2.0/networks/131a53e4-5eb4-4fbf-9cb0-eb9f84235fff?fields=provider%3Aphysical_network&fields=provider%3Anetwork_type HTTP/1.1" status: 200 len: 277 time: 0.0725589
2026-05-29 23:06:51.578 9 INFO neutron.db.ovn_revision_numbers_db [None req-da43ee6c-222a-49cb-9e43-9b0ca174e71b 9bd6d6fa9fda465896865d0135bc0977 64f1d17326fe4758850040328b84f3a4 - - default default] Successfully bumped revision number for resource 5220d45d-b64f-429e-9660-302a1dbdebb2 (type: security_group_rules) to 0
2026-05-29 23:06:51.596 9 INFO neutron.db.ovn_revision_numbers_db [None req-da43ee6c-222a-49cb-9e43-9b0ca174e71b 9bd6d6fa9fda465896865d0135bc0977 64f1d17326fe4758850040328b84f3a4 - - default default] Successfully bumped revision number for resource c7e8620b-e662-43c5-9f6a-5ebf53674d3d (type: security_group_rules) to 0
2026-05-29 23:06:51.613 9 INFO neutron.db.ovn_revision_numbers_db [None req-da43ee6c-222a-49cb-9e43-9b0ca174e71b 9bd6d6fa9fda465896865d0135bc0977 64f1d17326fe4758850040328b84f3a4 - - default default] Successfully bumped revision number for resource e70450f8-cb14-4974-a329-1845d19d1eac (type: security_group_rules) to 0
2026-05-29 23:06:51.757 9 INFO neutron.db.ovn_revision_numbers_db [None req-da43ee6c-222a-49cb-9e43-9b0ca174e71b 9bd6d6fa9fda465896865d0135bc0977 64f1d17326fe4758850040328b84f3a4 - - default default] Successfully bumped revision number for resource 4119ba9b-8295-4223-93aa-1e651b63108e (type: security_groups) to 1
2026-05-29 23:06:51.773 9 INFO neutron.db.ovn_revision_numbers_db [None req-da43ee6c-222a-49cb-9e43-9b0ca174e71b 9bd6d6fa9fda465896865d0135bc0977 64f1d17326fe4758850040328b84f3a4 - - default default] Successfully bumped revision number for resource 84fb3839-623d-4581-a713-fe3c4864a275 (type: security_group_rules) to 0
2026-05-29 23:06:51.786 9 INFO neutron.db.ovn_revision_numbers_db [None req-da43ee6c-222a-49cb-9e43-9b0ca174e71b 9bd6d6fa9fda465896865d0135bc0977 64f1d17326fe4758850040328b84f3a4 - - default default] Successfully bumped revision number for resource bdb64dfd-8315-4ceb-9275-1841f55175ad (type: security_group_rules) to 0
2026-05-29 23:06:51.806 9 INFO neutron.wsgi [None req-da43ee6c-222a-49cb-9e43-9b0ca174e71b 9bd6d6fa9fda465896865d0135bc0977 64f1d17326fe4758850040328b84f3a4 - - default default] 10.0.0.236 "POST /v2.0/security-groups HTTP/1.1" status: 201 len: 1825 time: 0.7005236
2026-05-29 23:06:51.855 10 INFO neutron.wsgi [None req-e7e6dc70-55f7-4c3c-8708-3ce13b3337be 9bd6d6fa9fda465896865d0135bc0977 64f1d17326fe4758850040328b84f3a4 - - default default] 10.0.0.236 "GET /v2.0/security-groups HTTP/1.1" status: 200 len: 4725 time: 0.0428853
2026-05-29 23:06:51.927 10 INFO neutron.db.ovn_revision_numbers_db [None req-1fa82009-8467-42d7-be62-f1763dd9ee76 9bd6d6fa9fda465896865d0135bc0977 64f1d17326fe4758850040328b84f3a4 - - default default] Successfully bumped revision number for resource 4119ba9b-8295-4223-93aa-1e651b63108e (type: security_groups) to 2
2026-05-29 23:06:51.930 10 INFO neutron.wsgi [None req-1fa82009-8467-42d7-be62-f1763dd9ee76 9bd6d6fa9fda465896865d0135bc0977 64f1d17326fe4758850040328b84f3a4 - - default default] 10.0.0.236 "PUT /v2.0/security-groups/4119ba9b-8295-4223-93aa-1e651b63108e HTTP/1.1" status: 200 len: 1859 time: 0.0703473
2026-05-29 23:06:51.957 9 INFO neutron.wsgi [None req-2630f4c6-beaa-4f1c-b921-dbdc5acbc333 9bd6d6fa9fda465896865d0135bc0977 64f1d17326fe4758850040328b84f3a4 - - default default] 10.0.0.236 "GET /v2.0/security-groups/4119ba9b-8295-4223-93aa-1e651b63108e HTTP/1.1" status: 200 len: 1859 time: 0.0219147
2026-05-29 23:06:52.043 9 INFO neutron.wsgi [None req-472b4744-b3f4-4553-8264-aa5a5a975629 9bd6d6fa9fda465896865d0135bc0977 64f1d17326fe4758850040328b84f3a4 - - default default] 10.0.0.236 "DELETE /v2.0/security-groups/4119ba9b-8295-4223-93aa-1e651b63108e HTTP/1.1" status: 204 len: 168 time: 0.0813844
2026-05-29 23:06:52.082 9 INFO neutron.wsgi [None req-7fc30afe-2dc8-4268-a354-ba3bbf0a9cb3 9bd6d6fa9fda465896865d0135bc0977 64f1d17326fe4758850040328b84f3a4 - - default default] 10.0.0.236 "GET /v2.0/security-groups HTTP/1.1" status: 200 len: 3120 time: 0.0341649
2026-05-29 23:06:52.095 9 INFO neutron.api.v2.resource [None req-4c308dc9-655e-40b9-b2cd-b292d7a01859 9bd6d6fa9fda465896865d0135bc0977 64f1d17326fe4758850040328b84f3a4 - - default default] delete failed (client error): The resource could not be found.
2026-05-29 23:06:52.096 9 INFO neutron.wsgi [None req-4c308dc9-655e-40b9-b2cd-b292d7a01859 9bd6d6fa9fda465896865d0135bc0977 64f1d17326fe4758850040328b84f3a4 - - default default] 10.0.0.236 "DELETE /v2.0/security-groups/4119ba9b-8295-4223-93aa-1e651b63108e HTTP/1.1" status: 404 len: 347 time: 0.0096958
2026-05-29 23:06:52.104 9 WARNING neutron_lib.context [None req-0c0c1b19-0a7a-413e-b214-6adae2ef7457 9bd6d6fa9fda465896865d0135bc0977 64f1d17326fe4758850040328b84f3a4 - - default default] Method 'is_advsvc' is deprecated since 2023.2 release (neutron-lib 3.8.0) and will be removed once support for the old RBAC API policies will be removed from Neutron. Please use method 'is_service_role' instead.
2026-05-29 23:06:52.210 9 INFO neutron.db.ovn_revision_numbers_db [None req-0c0c1b19-0a7a-413e-b214-6adae2ef7457 9bd6d6fa9fda465896865d0135bc0977 64f1d17326fe4758850040328b84f3a4 - - default default] Successfully bumped revision number for resource a794af31-c642-4bf5-b5d1-1c4381512a87 (type: security_groups) to 1
2026-05-29 23:06:52.226 9 INFO neutron.db.ovn_revision_numbers_db [None req-0c0c1b19-0a7a-413e-b214-6adae2ef7457 9bd6d6fa9fda465896865d0135bc0977 64f1d17326fe4758850040328b84f3a4 - - default default] Successfully bumped revision number for resource 17761c40-93b0-43e0-9019-79a08c7662c3 (type: security_group_rules) to 0
2026-05-29 23:06:52.242 9 INFO neutron.db.ovn_revision_numbers_db [None req-0c0c1b19-0a7a-413e-b214-6adae2ef7457 9bd6d6fa9fda465896865d0135bc0977 64f1d17326fe4758850040328b84f3a4 - - default default] Successfully bumped revision number for resource 73b937ea-4176-4c89-81e5-506435518533 (type: security_group_rules) to 0
2026-05-29 23:06:52.263 9 INFO neutron.wsgi [None req-0c0c1b19-0a7a-413e-b214-6adae2ef7457 9bd6d6fa9fda465896865d0135bc0977 64f1d17326fe4758850040328b84f3a4 - - default default] 10.0.0.236 "POST /v2.0/security-groups HTTP/1.1" status: 201 len: 1825 time: 0.1631422
2026-05-29 23:06:52.274 10 WARNING neutron_lib.context [None req-ee7f9747-7b06-4838-958b-8d5050433116 9bd6d6fa9fda465896865d0135bc0977 64f1d17326fe4758850040328b84f3a4 - - default default] Method 'is_advsvc' is deprecated since 2023.2 release (neutron-lib 3.8.0) and will be removed once support for the old RBAC API policies will be removed from Neutron. Please use method 'is_service_role' instead.
2026-05-29 23:06:52.417 9 INFO neutron.plugins.ml2.drivers.ovn.mech_driver.mech_driver [None req-9171f50c-43ca-4628-a8d4-926af4e89bc0 - - - - - -] OVN reports status down for port: ae5dce7a-8100-458c-bfaa-c81f2f7d0800
2026-05-29 23:06:52.452 10 INFO neutron.wsgi [req-e36a20ef-cc71-4428-9149-2abc1b5270b8 req-b16123e9-2ed6-4b7c-8f55-5bba438f9acb 31c72883274340ebb3dc2bbb05ab637d 8e1a31a37bbc4f7fb2810f2e15917e9f - - default default] 10.0.0.80 "GET /v2.0/ports?device_id=5b118b6b-49a8-4eda-b700-9ac86e8a86da HTTP/1.1" status: 200 len: 1170 time: 0.1130810
2026-05-29 23:06:52.497 10 INFO neutron.db.ovn_revision_numbers_db [None req-ee7f9747-7b06-4838-958b-8d5050433116 9bd6d6fa9fda465896865d0135bc0977 64f1d17326fe4758850040328b84f3a4 - - default default] Successfully bumped revision number for resource ebad3b17-6b5e-4d98-86b4-0f7d83e9ddd9 (type: security_group_rules) to 0
2026-05-29 23:06:52.516 10 INFO neutron.wsgi [req-e36a20ef-cc71-4428-9149-2abc1b5270b8 req-258bc69e-1297-4062-a470-20fd51deaf3e 31c72883274340ebb3dc2bbb05ab637d 8e1a31a37bbc4f7fb2810f2e15917e9f - - default default] 10.0.0.80 "GET /v2.0/security-groups?id=daf7b7cd-0817-4046-9c6f-7a53fe84cdc8&fields=id&fields=name HTTP/1.1" status: 200 len: 313 time: 0.0552435
2026-05-29 23:06:52.534 10 INFO neutron.wsgi [None req-ee7f9747-7b06-4838-958b-8d5050433116 9bd6d6fa9fda465896865d0135bc0977 64f1d17326fe4758850040328b84f3a4 - - default default] 10.0.0.236 "POST /v2.0/security-group-rules HTTP/1.1" status: 201 len: 800 time: 0.2662439
2026-05-29 23:06:52.585 9 INFO neutron.wsgi [None req-636f0540-b09c-4f5a-b32c-69f1ac22aa6f 9bd6d6fa9fda465896865d0135bc0977 64f1d17326fe4758850040328b84f3a4 - - default default] 10.0.0.236 "GET /v2.0/security-group-rules/ebad3b17-6b5e-4d98-86b4-0f7d83e9ddd9 HTTP/1.1" status: 200 len: 795 time: 0.0465360
2026-05-29 23:06:52.678 10 INFO neutron.wsgi [None req-5063b40b-0db1-4c81-aecd-6b86c7240c95 9bd6d6fa9fda465896865d0135bc0977 64f1d17326fe4758850040328b84f3a4 - - default default] 10.0.0.236 "GET /v2.0/security-group-rules HTTP/1.1" status: 200 len: 4333 time: 0.0832002
2026-05-29 23:06:52.708 9 INFO neutron.wsgi [req-d62d6bdd-b6ac-4e1c-a373-bf70aa69dd50 req-17ecf798-3b34-4f31-b0d8-098eb30ad6ae 31c72883274340ebb3dc2bbb05ab637d 8e1a31a37bbc4f7fb2810f2e15917e9f - - default default] 199.204.45.22 "GET /v2.0/ports?device_id=5b118b6b-49a8-4eda-b700-9ac86e8a86da HTTP/1.1" status: 200 len: 1168 time: 0.0493374
2026-05-29 23:06:52.788 9 INFO neutron.db.ovn_revision_numbers_db [None req-9171f50c-43ca-4628-a8d4-926af4e89bc0 - - - - - -] Successfully bumped revision number for resource ae5dce7a-8100-458c-bfaa-c81f2f7d0800 (type: ports) to 7
2026-05-29 23:06:52.813 10 INFO neutron.wsgi [None req-5515adad-b3ad-4a3a-8d0a-f38c8bb66168 9bd6d6fa9fda465896865d0135bc0977 64f1d17326fe4758850040328b84f3a4 - - default default] 10.0.0.236 "DELETE /v2.0/security-group-rules/ebad3b17-6b5e-4d98-86b4-0f7d83e9ddd9 HTTP/1.1" status: 204 len: 168 time: 0.1295490
2026-05-29 23:06:52.882 10 INFO neutron.wsgi [None req-57af2c6f-60e6-4100-996c-6223a97161da 9bd6d6fa9fda465896865d0135bc0977 64f1d17326fe4758850040328b84f3a4 - - default default] 10.0.0.236 "GET /v2.0/security-group-rules HTTP/1.1" status: 200 len: 3755 time: 0.0637927
2026-05-29 23:06:52.891 10 WARNING neutron_lib.context [None req-d6cfe113-11d1-4ed4-b267-6c58cd284b9f 9bd6d6fa9fda465896865d0135bc0977 64f1d17326fe4758850040328b84f3a4 - - default default] Method 'is_advsvc' is deprecated since 2023.2 release (neutron-lib 3.8.0) and will be removed once support for the old RBAC API policies will be removed from Neutron. Please use method 'is_service_role' instead.
2026-05-29 23:06:52.920 9 INFO neutron.notifiers.nova [-] Nova event matching ['req-57bb03d8-40b9-41b1-9400-320027f5bccf'] response: {'server_uuid': '5b118b6b-49a8-4eda-b700-9ac86e8a86da', 'name': 'network-vif-unplugged', 'status': 'completed', 'tag': 'ae5dce7a-8100-458c-bfaa-c81f2f7d0800', 'code': 200}
2026-05-29 23:06:52.921 9 INFO neutron.notifiers.nova [-] Nova event matching ['req-57bb03d8-40b9-41b1-9400-320027f5bccf'] response: {'server_uuid': '5b118b6b-49a8-4eda-b700-9ac86e8a86da', 'name': 'network-vif-unplugged', 'status': 'completed', 'tag': 'ae5dce7a-8100-458c-bfaa-c81f2f7d0800', 'code': 200}
2026-05-29 23:06:53.015 10 INFO neutron.db.ovn_revision_numbers_db [None req-d6cfe113-11d1-4ed4-b267-6c58cd284b9f 9bd6d6fa9fda465896865d0135bc0977 64f1d17326fe4758850040328b84f3a4 - - default default] Successfully bumped revision number for resource 3e543317-2341-4f4a-9149-0dd904a96a13 (type: security_group_rules) to 0
2026-05-29 23:06:53.050 10 INFO neutron.wsgi [None req-d6cfe113-11d1-4ed4-b267-6c58cd284b9f 9bd6d6fa9fda465896865d0135bc0977 64f1d17326fe4758850040328b84f3a4 - - default default] 10.0.0.236 "POST /v2.0/security-group-rules HTTP/1.1" status: 201 len: 800 time: 0.1624348
2026-05-29 23:06:53.080 10 INFO neutron.wsgi [None req-6b8ea726-aa32-4b44-875e-6d55d13026ad 9bd6d6fa9fda465896865d0135bc0977 64f1d17326fe4758850040328b84f3a4 - - default default] 10.0.0.236 "GET /v2.0/security-group-rules/3e543317-2341-4f4a-9149-0dd904a96a13 HTTP/1.1" status: 200 len: 795 time: 0.0246618
2026-05-29 23:06:53.133 9 INFO neutron.db.l3_db [req-d62d6bdd-b6ac-4e1c-a373-bf70aa69dd50 req-6cda5577-9c12-4082-afac-8fd96645ade8 31c72883274340ebb3dc2bbb05ab637d 8e1a31a37bbc4f7fb2810f2e15917e9f - - default default] Floating IP dc854df8-7627-405b-bdb8-de788cfd56bb disassociated. External IP: 10.96.250.215, port: ae5dce7a-8100-458c-bfaa-c81f2f7d0800.
2026-05-29 23:06:53.151 10 INFO neutron.wsgi [None req-2714f6f2-5953-470d-bacc-508ce4811466 9bd6d6fa9fda465896865d0135bc0977 64f1d17326fe4758850040328b84f3a4 - - default default] 10.0.0.236 "GET /v2.0/security-group-rules HTTP/1.1" status: 200 len: 4333 time: 0.0665097
2026-05-29 23:06:53.285 9 INFO neutron.wsgi [req-d62d6bdd-b6ac-4e1c-a373-bf70aa69dd50 req-6cda5577-9c12-4082-afac-8fd96645ade8 31c72883274340ebb3dc2bbb05ab637d 8e1a31a37bbc4f7fb2810f2e15917e9f - - default default] 199.204.45.22 "DELETE /v2.0/ports/ae5dce7a-8100-458c-bfaa-c81f2f7d0800 HTTP/1.1" status: 204 len: 173 time: 0.5704954
2026-05-29 23:06:53.322 10 INFO neutron.wsgi [None req-dcd75b91-db46-407a-9bf8-2a23cd2e2993 9bd6d6fa9fda465896865d0135bc0977 64f1d17326fe4758850040328b84f3a4 - - default default] 10.0.0.236 "DELETE /v2.0/security-group-rules/3e543317-2341-4f4a-9149-0dd904a96a13 HTTP/1.1" status: 204 len: 168 time: 0.1648798
2026-05-29 23:06:53.332 10 INFO neutron.db.ovn_revision_numbers_db [None req-12dde82b-b445-49a1-8989-d9e94cf1475a ab3cbb9511254b219bbae3528b6e57de 6ee8476e3035491ea5b7eb8ed6bb6fa9 - - default default] Successfully bumped revision number for resource ffb86413-564a-456d-bc30-4f92bcacaedc (type: security_groups) to 1 /var/lib/openstack/lib/python3.10/site-packages/pycadf/identifier.py:71: UserWarning: Invalid uuid: neutron. To ensure interoperability, identifiers should be a valid uuid. warnings.warn(('Invalid uuid: %s. To ensure interoperability, '
2026-05-29 23:06:53.349 10 INFO neutron.db.ovn_revision_numbers_db [None req-12dde82b-b445-49a1-8989-d9e94cf1475a ab3cbb9511254b219bbae3528b6e57de 6ee8476e3035491ea5b7eb8ed6bb6fa9 - - default default] Successfully bumped revision number for resource 55340f66-ca24-46fd-b161-5c291215d1d5 (type: security_group_rules) to 0
2026-05-29 23:06:53.363 10 INFO neutron.db.ovn_revision_numbers_db [None req-12dde82b-b445-49a1-8989-d9e94cf1475a ab3cbb9511254b219bbae3528b6e57de 6ee8476e3035491ea5b7eb8ed6bb6fa9 - - default default] Successfully bumped revision number for resource ee418cbf-7df9-4120-a2f1-f49fa0199df6 (type: security_group_rules) to 0
2026-05-29 23:06:53.378 10 INFO neutron.db.ovn_revision_numbers_db [None req-12dde82b-b445-49a1-8989-d9e94cf1475a ab3cbb9511254b219bbae3528b6e57de 6ee8476e3035491ea5b7eb8ed6bb6fa9 - - default default] Successfully bumped revision number for resource f10349b7-e554-44c6-9a83-f41864ae93d4 (type: security_group_rules) to 0
2026-05-29 23:06:53.391 10 INFO neutron.db.ovn_revision_numbers_db [None req-12dde82b-b445-49a1-8989-d9e94cf1475a ab3cbb9511254b219bbae3528b6e57de 6ee8476e3035491ea5b7eb8ed6bb6fa9 - - default default] Successfully bumped revision number for resource f6ce76f5-701e-4ca4-9f4d-daff3de22880 (type: security_group_rules) to 0
2026-05-29 23:06:53.419 9 INFO neutron.wsgi [None req-6b15f61d-69af-43a8-bead-75e09405b84e 9bd6d6fa9fda465896865d0135bc0977 64f1d17326fe4758850040328b84f3a4 - - default default] 10.0.0.236 "GET /v2.0/security-group-rules HTTP/1.1" status: 200 len: 3755 time: 0.0910051
2026-05-29 23:06:53.430 9 WARNING neutron_lib.context [None req-60de5ed7-862a-4fb5-b9e2-dfb08b8a44db 9bd6d6fa9fda465896865d0135bc0977 64f1d17326fe4758850040328b84f3a4 - - default default] Method 'is_advsvc' is deprecated since 2023.2 release (neutron-lib 3.8.0) and will be removed once support for the old RBAC API policies will be removed from Neutron. Please use method 'is_service_role' instead.
2026-05-29 23:06:53.438 10 INFO neutron.db.segments_db [None req-12dde82b-b445-49a1-8989-d9e94cf1475a ab3cbb9511254b219bbae3528b6e57de 6ee8476e3035491ea5b7eb8ed6bb6fa9 - - default default] Added segment 3af7b03e-b8fc-4113-bfb5-e4d589b83c9e of type geneve for network ae6b961f-8cb8-40a1-b926-efdce238a39d
2026-05-29 23:06:53.468 9 INFO neutron.db.securitygroups_db [None req-60de5ed7-862a-4fb5-b9e2-dfb08b8a44db 9bd6d6fa9fda465896865d0135bc0977 64f1d17326fe4758850040328b84f3a4 - - default default] Project 64f1d17326fe4758850040328b84f3a4 added a security group rule with legacy IPv6 ICMP protocol name icmp, ipv6-icmp should be used instead. It was automatically converted.
2026-05-29 23:06:53.552 9 INFO neutron.db.ovn_revision_numbers_db [None req-60de5ed7-862a-4fb5-b9e2-dfb08b8a44db 9bd6d6fa9fda465896865d0135bc0977 64f1d17326fe4758850040328b84f3a4 - - default default] Successfully bumped revision number for resource 8260fc87-fda9-4b28-8bf4-58ea93dfb973 (type: security_group_rules) to 0
2026-05-29 23:06:53.556 10 INFO neutron.db.ovn_revision_numbers_db [None req-12dde82b-b445-49a1-8989-d9e94cf1475a ab3cbb9511254b219bbae3528b6e57de 6ee8476e3035491ea5b7eb8ed6bb6fa9 - - default default] Successfully bumped revision number for resource ae6b961f-8cb8-40a1-b926-efdce238a39d (type: networks) to 1
2026-05-29 23:06:53.585 9 INFO neutron.wsgi [None req-60de5ed7-862a-4fb5-b9e2-dfb08b8a44db 9bd6d6fa9fda465896865d0135bc0977 64f1d17326fe4758850040328b84f3a4 - - default default] 10.0.0.236 "POST /v2.0/security-group-rules HTTP/1.1" status: 201 len: 806 time: 0.1599088
2026-05-29 23:06:53.614 9 INFO neutron.wsgi [None req-a1d57ce0-39ed-4b08-abcd-65f0a96f1890 9bd6d6fa9fda465896865d0135bc0977 64f1d17326fe4758850040328b84f3a4 - - default default] 10.0.0.236 "GET /v2.0/security-group-rules/8260fc87-fda9-4b28-8bf4-58ea93dfb973 HTTP/1.1" status: 200 len: 801 time: 0.0229986
2026-05-29 23:06:53.645 10 INFO neutron.wsgi [req-7032bec4-0cc2-4336-b508-6ebe8abf8108 req-347e3d29-ba62-486b-a6e5-106b54dbc50d 31c72883274340ebb3dc2bbb05ab637d 8e1a31a37bbc4f7fb2810f2e15917e9f - - default default] 10.0.0.80 "GET /v2.0/ports?device_id=5b118b6b-49a8-4eda-b700-9ac86e8a86da HTTP/1.1" status: 200 len: 210 time: 0.0224652
2026-05-29 23:06:53.684 9 INFO neutron.wsgi [None req-b62dc2a4-028f-4508-9b6b-cb6a7a7bd3d7 9bd6d6fa9fda465896865d0135bc0977 64f1d17326fe4758850040328b84f3a4 - - default default] 10.0.0.236 "GET /v2.0/security-group-rules HTTP/1.1" status: 200 len: 4339 time: 0.0646930
2026-05-29 23:06:53.747 10 WARNING neutron.scheduler.dhcp_agent_scheduler [None req-12dde82b-b445-49a1-8989-d9e94cf1475a ab3cbb9511254b219bbae3528b6e57de 6ee8476e3035491ea5b7eb8ed6bb6fa9 - - default default] No more DHCP agents
2026-05-29 23:06:53.749 10 WARNING neutron.api.rpc.agentnotifiers.dhcp_rpc_agent_api [None req-12dde82b-b445-49a1-8989-d9e94cf1475a ab3cbb9511254b219bbae3528b6e57de 6ee8476e3035491ea5b7eb8ed6bb6fa9 - - default default] Unable to schedule network ae6b961f-8cb8-40a1-b926-efdce238a39d: no agents available; will retry on subsequent port and subnet creation events.
2026-05-29 23:06:53.823 9 INFO neutron.wsgi [None req-66cd82fa-255c-427a-9abb-a4b88e92ed0f 9bd6d6fa9fda465896865d0135bc0977 64f1d17326fe4758850040328b84f3a4 - - default default] 10.0.0.236 "DELETE /v2.0/security-group-rules/8260fc87-fda9-4b28-8bf4-58ea93dfb973 HTTP/1.1" status: 204 len: 168 time: 0.1333852
2026-05-29 23:06:53.839 10 INFO neutron.db.ovn_revision_numbers_db [None req-12dde82b-b445-49a1-8989-d9e94cf1475a ab3cbb9511254b219bbae3528b6e57de 6ee8476e3035491ea5b7eb8ed6bb6fa9 - - default default] Successfully bumped revision number for resource 7baf123a-3e89-40f9-a41f-5352f1adb06b (type: ports) to 1
2026-05-29 23:06:53.861 10 INFO neutron.wsgi [None req-12dde82b-b445-49a1-8989-d9e94cf1475a ab3cbb9511254b219bbae3528b6e57de 6ee8476e3035491ea5b7eb8ed6bb6fa9 - - default default] 10.0.0.236 "POST /v2.0/networks HTTP/1.1" status: 201 len: 948 time: 0.8640816
2026-05-29 23:06:53.895 9 INFO neutron.wsgi [None req-cf0138c5-63f1-43f2-be3f-6039c9645eb7 9bd6d6fa9fda465896865d0135bc0977 64f1d17326fe4758850040328b84f3a4 - - default default] 10.0.0.236 "GET /v2.0/security-group-rules HTTP/1.1" status: 200 len: 3755 time: 0.0657907
2026-05-29 23:06:54.011 10 WARNING neutron.scheduler.dhcp_agent_scheduler [None req-ae5a76fb-70a6-4202-a293-2385610d9115 ab3cbb9511254b219bbae3528b6e57de 6ee8476e3035491ea5b7eb8ed6bb6fa9 - - default default] No more DHCP agents
2026-05-29 23:06:54.014 10 WARNING neutron.api.rpc.agentnotifiers.dhcp_rpc_agent_api [None req-ae5a76fb-70a6-4202-a293-2385610d9115 ab3cbb9511254b219bbae3528b6e57de 6ee8476e3035491ea5b7eb8ed6bb6fa9 - - default default] Unable to schedule network ae6b961f-8cb8-40a1-b926-efdce238a39d: no agents available; will retry on subsequent port and subnet creation events.
2026-05-29 23:06:54.014 9 INFO neutron.wsgi [None req-f5853a00-49ae-4123-8a5c-2ffcc77ff573 9bd6d6fa9fda465896865d0135bc0977 64f1d17326fe4758850040328b84f3a4 - - default default] 10.0.0.236 "DELETE /v2.0/security-groups/a794af31-c642-4bf5-b5d1-1c4381512a87 HTTP/1.1" status: 204 len: 168 time: 0.1146531
2026-05-29 23:06:54.062 9 INFO neutron.wsgi [None req-20a43ca2-5543-4520-a100-b35236a292de 9bd6d6fa9fda465896865d0135bc0977 64f1d17326fe4758850040328b84f3a4 - - default default] 10.0.0.236 "GET /v2.0/security-groups HTTP/1.1" status: 200 len: 3120 time: 0.0431404
2026-05-29 23:06:54.113 9 INFO neutron.wsgi [None req-178fdb7a-9099-42d7-8fad-a48f87140724 9bd6d6fa9fda465896865d0135bc0977 64f1d17326fe4758850040328b84f3a4 - - default default] 10.0.0.236 "GET /v2.0/security-groups HTTP/1.1" status: 200 len: 3120 time: 0.0427954
2026-05-29 23:06:54.510 10 INFO neutron.db.ovn_revision_numbers_db [None req-ae5a76fb-70a6-4202-a293-2385610d9115 ab3cbb9511254b219bbae3528b6e57de 6ee8476e3035491ea5b7eb8ed6bb6fa9 - - default default] Successfully bumped revision number for resource 7baf123a-3e89-40f9-a41f-5352f1adb06b (type: ports) to 2
2026-05-29 23:06:54.545 10 INFO neutron.db.ovn_revision_numbers_db [None req-ae5a76fb-70a6-4202-a293-2385610d9115 ab3cbb9511254b219bbae3528b6e57de 6ee8476e3035491ea5b7eb8ed6bb6fa9 - - default default] Successfully bumped revision number for resource 41627882-0fca-4fd1-baf8-5ae9f1f2a808 (type: subnets) to 0
2026-05-29 23:06:54.562 10 INFO neutron.wsgi [None req-ae5a76fb-70a6-4202-a293-2385610d9115 ab3cbb9511254b219bbae3528b6e57de 6ee8476e3035491ea5b7eb8ed6bb6fa9 - - default default] 10.0.0.236 "POST /v2.0/subnets HTTP/1.1" status: 201 len: 868 time: 0.6948261
2026-05-29 23:06:54.660 9 INFO neutron.wsgi [-] 10.0.0.232 "GET / HTTP/1.1" status: 200 len: 247 time: 0.0021169
2026-05-29 23:06:54.664 9 INFO neutron.wsgi [-] 10.0.0.232 "GET / HTTP/1.1" status: 200 len: 247 time: 0.0023389
2026-05-29 23:06:54.723 9 INFO neutron.wsgi [None req-42fa376d-5432-4d26-bc91-b475f49079ce ab3cbb9511254b219bbae3528b6e57de 6ee8476e3035491ea5b7eb8ed6bb6fa9 - - default default] 10.0.0.236 "GET /v2.0/security-groups?tenant_id=64f1d17326fe4758850040328b84f3a4&name=default HTTP/1.1" status: 200 len: 3120 time: 0.1376984
2026-05-29 23:06:54.950 9 INFO neutron.wsgi [None req-c0af6af5-6944-4680-8b88-33db3e1a0c19 ab3cbb9511254b219bbae3528b6e57de 6ee8476e3035491ea5b7eb8ed6bb6fa9 - - default default] 10.0.0.236 "DELETE /v2.0/security-groups/5118d10b-8b23-40fc-865e-6358a90d585c HTTP/1.1" status: 204 len: 168 time: 0.2226374
2026-05-29 23:06:54.957 9 INFO neutron.notifiers.nova [-] Nova event matching ['req-d20f739d-88a6-4020-b0d7-eb9fce436fac'] response: {'server_uuid': '5b118b6b-49a8-4eda-b700-9ac86e8a86da', 'name': 'network-vif-deleted', 'tag': 'ae5dce7a-8100-458c-bfaa-c81f2f7d0800', 'status': 'completed', 'code': 200}
2026-05-29 23:06:55.164 10 INFO neutron.wsgi [None req-121cd3eb-b2e4-44f5-86ca-3b9072535782 31c72883274340ebb3dc2bbb05ab637d 8e1a31a37bbc4f7fb2810f2e15917e9f - - default default] 10.0.0.236 "DELETE /v2.0/security-groups/daf7b7cd-0817-4046-9c6f-7a53fe84cdc8 HTTP/1.1" status: 204 len: 168 time: 0.4318228
2026-05-29 23:06:55.188 10 INFO neutron.api.v2.resource [None req-0080c06c-4296-42b1-9c6e-0fda5fc5bcd3 31c72883274340ebb3dc2bbb05ab637d 8e1a31a37bbc4f7fb2810f2e15917e9f - - default default] show failed (client error): The resource could not be found.
2026-05-29 23:06:55.190 10 INFO neutron.wsgi [None req-0080c06c-4296-42b1-9c6e-0fda5fc5bcd3 31c72883274340ebb3dc2bbb05ab637d 8e1a31a37bbc4f7fb2810f2e15917e9f - - default default] 10.0.0.236 "GET /v2.0/security-groups/daf7b7cd-0817-4046-9c6f-7a53fe84cdc8 HTTP/1.1" status: 404 len: 347 time: 0.0178671
2026-05-29 23:06:55.445 10 WARNING neutron.scheduler.dhcp_agent_scheduler [None req-3eccc13f-77ac-4510-833b-dc753e51ec19 ab3cbb9511254b219bbae3528b6e57de 6ee8476e3035491ea5b7eb8ed6bb6fa9 - - default default] No more DHCP agents
2026-05-29 23:06:55.451 10 WARNING neutron.api.rpc.agentnotifiers.dhcp_rpc_agent_api [None req-3eccc13f-77ac-4510-833b-dc753e51ec19 ab3cbb9511254b219bbae3528b6e57de 6ee8476e3035491ea5b7eb8ed6bb6fa9 - - default default] Unable to schedule network ceaf38a9-df77-46f8-b63e-1e80ea7dbe90: no agents available; will retry on subsequent port and subnet creation events.
2026-05-29 23:06:55.670 10 INFO neutron.db.ovn_revision_numbers_db [None req-3eccc13f-77ac-4510-833b-dc753e51ec19 ab3cbb9511254b219bbae3528b6e57de 6ee8476e3035491ea5b7eb8ed6bb6fa9 - - default default] Successfully bumped revision number for resource 16f2bcad-8d5e-40a7-b8c6-12a99a162f23 (type: ports) to 1
2026-05-29 23:06:55.699 10 INFO neutron.wsgi [None req-43dbab66-f6f9-4c0b-9e06-2a2a71845ecf 31c72883274340ebb3dc2bbb05ab637d 8e1a31a37bbc4f7fb2810f2e15917e9f - - default default] 10.0.0.236 "DELETE /v2.0/floatingips/dc854df8-7627-405b-bdb8-de788cfd56bb HTTP/1.1" status: 204 len: 168 time: 0.4998832
2026-05-29 23:06:56.778 10 INFO neutron.plugins.ml2.drivers.ovn.mech_driver.ovsdb.commands [None req-ff66034a-b770-4ea5-a175-627c5af7e931 - - - - - -] Schedule LRP lrp-16f2bcad-8d5e-40a7-b8c6-12a99a162f23 on gateway 749533ae-6931-429f-bc03-41ce011b6fe8 with priority 1
2026-05-29 23:06:56.781 9 WARNING neutron_lib.context [None req-25be1e81-2435-4398-8a1c-0b75e6df1b9c 2c53f63ce7d2465398e0d3c56ea4d6ef 8c5ae8be256c4432adb1af5c23195ea7 - - default default] Method 'is_advsvc' is deprecated since 2023.2 release (neutron-lib 3.8.0) and will be removed once support for the old RBAC API policies will be removed from Neutron. Please use method 'is_service_role' instead.
2026-05-29 23:06:56.796 9 INFO neutron.plugins.ml2.drivers.ovn.mech_driver.mech_driver [None req-9171f50c-43ca-4628-a8d4-926af4e89bc0 - - - - - -] OVN reports status up for port: 16f2bcad-8d5e-40a7-b8c6-12a99a162f23
2026-05-29 23:06:56.803 10 INFO neutron.plugins.ml2.drivers.ovn.mech_driver.ovsdb.ovsdb_monitor [None req-7254ddd9-99de-44ef-ae10-685779b68807 - - - - - -] Router 2e2d020f-1785-440b-8592-8885cf361c63 is bound to host instance
2026-05-29 23:06:56.810 9 INFO neutron.plugins.ml2.plugin [None req-9171f50c-43ca-4628-a8d4-926af4e89bc0 - - - - - -] Attempt 1 to provision port 16f2bcad-8d5e-40a7-b8c6-12a99a162f23
2026-05-29 23:06:56.858 10 INFO neutron.db.ovn_revision_numbers_db [None req-3eccc13f-77ac-4510-833b-dc753e51ec19 ab3cbb9511254b219bbae3528b6e57de 6ee8476e3035491ea5b7eb8ed6bb6fa9 - - default default] Successfully bumped revision number for resource 16f2bcad-8d5e-40a7-b8c6-12a99a162f23 (type: router_ports) to 1
2026-05-29 23:06:56.876 9 INFO neutron.wsgi [None req-25be1e81-2435-4398-8a1c-0b75e6df1b9c 2c53f63ce7d2465398e0d3c56ea4d6ef 8c5ae8be256c4432adb1af5c23195ea7 - - default default] 10.0.0.236 "POST /v2.0/subnetpools HTTP/1.1" status: 201 len: 747 time: 0.2018631
2026-05-29 23:06:56.956 10 INFO neutron.wsgi [None req-e231b2a1-d0de-419d-8922-779c3814e09d 2c53f63ce7d2465398e0d3c56ea4d6ef 8c5ae8be256c4432adb1af5c23195ea7 - - default default] 10.0.0.236 "GET /v2.0/subnetpools/0988dd0f-7c8d-4915-83e7-ae72267c9f49 HTTP/1.1" status: 200 len: 742 time: 0.0717375
2026-05-29 23:06:57.046 10 INFO neutron.db.ovn_revision_numbers_db [None req-3eccc13f-77ac-4510-833b-dc753e51ec19 ab3cbb9511254b219bbae3528b6e57de 6ee8476e3035491ea5b7eb8ed6bb6fa9 - - default default] Successfully bumped revision number for resource 2e2d020f-1785-440b-8592-8885cf361c63 (type: routers) to 2
2026-05-29 23:06:57.053 9 INFO neutron.wsgi [None req-2833c1a7-3da1-4e7d-855c-a523300eb6ca 2c53f63ce7d2465398e0d3c56ea4d6ef 8c5ae8be256c4432adb1af5c23195ea7 - - default default] 10.0.0.236 "PUT /v2.0/subnetpools/0988dd0f-7c8d-4915-83e7-ae72267c9f49 HTTP/1.1" status: 200 len: 695 time: 0.0909188
2026-05-29 23:06:57.081 10 INFO neutron.wsgi [None req-3eccc13f-77ac-4510-833b-dc753e51ec19 ab3cbb9511254b219bbae3528b6e57de 6ee8476e3035491ea5b7eb8ed6bb6fa9 - - default default] 10.0.0.236 "POST /v2.0/routers HTTP/1.1" status: 201 len: 1170 time: 2.5143785
2026-05-29 23:06:57.351 9 INFO neutron.wsgi [None req-8bb1d339-6a28-4067-b8e9-85f4ce5b9e90 2c53f63ce7d2465398e0d3c56ea4d6ef 8c5ae8be256c4432adb1af5c23195ea7 - - default default] 10.0.0.236 "DELETE /v2.0/subnetpools/0988dd0f-7c8d-4915-83e7-ae72267c9f49 HTTP/1.1" status: 204 len: 168 time: 0.2866147
2026-05-29 23:06:57.379 9 INFO neutron.api.v2.resource [None req-e48c3fff-f507-4351-98b1-db3a420aaa4c 2c53f63ce7d2465398e0d3c56ea4d6ef 8c5ae8be256c4432adb1af5c23195ea7 - - default default] show failed (client error): The resource could not be found.
2026-05-29 23:06:57.380 9 INFO neutron.wsgi [None req-e48c3fff-f507-4351-98b1-db3a420aaa4c 2c53f63ce7d2465398e0d3c56ea4d6ef 8c5ae8be256c4432adb1af5c23195ea7 - - default default] 10.0.0.236 "GET /v2.0/subnetpools/0988dd0f-7c8d-4915-83e7-ae72267c9f49 HTTP/1.1" status: 404 len: 346 time: 0.0205204
2026-05-29 23:06:57.400 10 INFO neutron.wsgi [req-7f783918-0320-40f9-82d5-feaba3653a43 req-d0e3b38a-5703-42ad-ad64-48696d7ff86e 747d93d86cbc4e75b60b0df86f94a4de 6c0afb4fc087416d9e0d9c24b4b30fba - - 1d17189322a742f9821374995584d28c 1d17189322a742f9821374995584d28c] 10.0.0.24 "GET /v2.0/ports?device_id=b6282cc8-6a94-4d06-995c-cb674b541558 HTTP/1.1" status: 200 len: 1413 time: 0.1628196
2026-05-29 23:06:57.402 9 INFO neutron.api.v2.resource [None req-c3d08bb3-2100-4b9a-9c18-e850d628def2 2c53f63ce7d2465398e0d3c56ea4d6ef 8c5ae8be256c4432adb1af5c23195ea7 - - default default] delete failed (client error): The resource could not be found.
2026-05-29 23:06:57.403 9 INFO neutron.wsgi [None req-c3d08bb3-2100-4b9a-9c18-e850d628def2 2c53f63ce7d2465398e0d3c56ea4d6ef 8c5ae8be256c4432adb1af5c23195ea7 - - default default] 10.0.0.236 "DELETE /v2.0/subnetpools/0988dd0f-7c8d-4915-83e7-ae72267c9f49 HTTP/1.1" status: 404 len: 346 time: 0.0170786
2026-05-29 23:06:57.697 10 INFO neutron.wsgi [req-7f783918-0320-40f9-82d5-feaba3653a43 req-8bc74e5d-470d-4710-a687-dcce0d77fc47 747d93d86cbc4e75b60b0df86f94a4de 6c0afb4fc087416d9e0d9c24b4b30fba - - 1d17189322a742f9821374995584d28c 1d17189322a742f9821374995584d28c] 10.0.0.24 "GET /v2.0/security-groups?id=152f3990-2211-4deb-88ca-ac3a0b368ac8&fields=id&fields=name HTTP/1.1" status: 200 len: 313 time: 0.0657866
2026-05-29 23:06:57.864 9 WARNING neutron.scheduler.dhcp_agent_scheduler [None req-72fb0c6a-0e99-45b0-8fe1-ff0be8f74abb ab3cbb9511254b219bbae3528b6e57de 6ee8476e3035491ea5b7eb8ed6bb6fa9 - - default default] No more DHCP agents
2026-05-29 23:06:57.867 9 WARNING neutron.api.rpc.agentnotifiers.dhcp_rpc_agent_api [None req-72fb0c6a-0e99-45b0-8fe1-ff0be8f74abb ab3cbb9511254b219bbae3528b6e57de 6ee8476e3035491ea5b7eb8ed6bb6fa9 - - default default] Unable to schedule network ae6b961f-8cb8-40a1-b926-efdce238a39d: no agents available; will retry on subsequent port and subnet creation events.
2026-05-29 23:06:58.050 9 INFO neutron.db.ovn_revision_numbers_db [None req-72fb0c6a-0e99-45b0-8fe1-ff0be8f74abb ab3cbb9511254b219bbae3528b6e57de 6ee8476e3035491ea5b7eb8ed6bb6fa9 - - default default] Successfully bumped revision number for resource cedd3fe7-e10e-4e08-a962-3c660f25663f (type: ports) to 1
2026-05-29 23:06:58.074 10 INFO neutron.wsgi [None req-523be1ee-9718-482a-838e-a17dfdae1150 ab3cbb9511254b219bbae3528b6e57de 6ee8476e3035491ea5b7eb8ed6bb6fa9 - - default default] 10.0.0.129 "GET /v2.0/agents HTTP/1.1" status: 200 len: 1390 time: 0.1636822 /var/lib/openstack/lib/python3.10/site-packages/pycadf/identifier.py:71: UserWarning: Invalid uuid: neutron. To ensure interoperability, identifiers should be a valid uuid. warnings.warn(('Invalid uuid: %s. To ensure interoperability, '
2026-05-29 23:06:58.192 10 INFO neutron.wsgi [None req-fc8b68ca-af46-4250-bdb7-30420b6f9b62 ab3cbb9511254b219bbae3528b6e57de 6ee8476e3035491ea5b7eb8ed6bb6fa9 - - default default] 10.0.0.236 "PUT /v2.0/routers/69287309-025d-4d03-bc3f-99c911a7d383/remove_router_interface HTTP/1.1" status: 200 len: 503 time: 2.4284043
2026-05-29 23:06:58.221 10 INFO neutron.wsgi [None req-3568eb66-7983-4c46-b617-bf763ad5c7e0 ab3cbb9511254b219bbae3528b6e57de 6ee8476e3035491ea5b7eb8ed6bb6fa9 - - default default] 10.0.0.129 "GET /v2.0/subnets HTTP/1.1" status: 200 len: 3417 time: 0.1453786
2026-05-29 23:06:58.264 10 INFO neutron.wsgi [None req-13b65cd2-3794-42a3-b4c7-409a963e3115 ab3cbb9511254b219bbae3528b6e57de 6ee8476e3035491ea5b7eb8ed6bb6fa9 - - default default] 10.0.0.129 "GET /v2.0/subnetpools HTTP/1.1" status: 200 len: 193 time: 0.0390177
2026-05-29 23:06:58.273 9 INFO neutron.db.ovn_revision_numbers_db [None req-0d793d22-de3c-423d-8eec-5f7b2286d8ca ab3cbb9511254b219bbae3528b6e57de 6ee8476e3035491ea5b7eb8ed6bb6fa9 - - default default] Successfully bumped revision number for resource 213be839-c803-46cc-9215-646dccd3953b (type: security_groups) to 1
2026-05-29 23:06:58.294 9 INFO neutron.db.ovn_revision_numbers_db [None req-0d793d22-de3c-423d-8eec-5f7b2286d8ca ab3cbb9511254b219bbae3528b6e57de 6ee8476e3035491ea5b7eb8ed6bb6fa9 - - default default] Successfully bumped revision number for resource 02979a7a-295b-4fbd-a361-87df0f877c6b (type: security_group_rules) to 0
2026-05-29 23:06:58.312 9 INFO neutron.db.ovn_revision_numbers_db [None req-0d793d22-de3c-423d-8eec-5f7b2286d8ca ab3cbb9511254b219bbae3528b6e57de 6ee8476e3035491ea5b7eb8ed6bb6fa9 - - default default] Successfully bumped revision number for resource 060ebf61-02af-407a-83fc-92eb581491b1 (type: security_group_rules) to 0
2026-05-29 23:06:58.332 9 INFO neutron.db.ovn_revision_numbers_db [None req-0d793d22-de3c-423d-8eec-5f7b2286d8ca ab3cbb9511254b219bbae3528b6e57de 6ee8476e3035491ea5b7eb8ed6bb6fa9 - - default default] Successfully bumped revision number for resource 378ee1ef-888a-491a-80a3-0d04c15352cb (type: security_group_rules) to 0
2026-05-29 23:06:58.347 9 INFO neutron.db.ovn_revision_numbers_db [None req-0d793d22-de3c-423d-8eec-5f7b2286d8ca ab3cbb9511254b219bbae3528b6e57de 6ee8476e3035491ea5b7eb8ed6bb6fa9 - - default default] Successfully bumped revision number for resource fedfa4f8-7656-497f-93dc-bf2fb1875d56 (type: security_group_rules) to 0
2026-05-29 23:06:58.365 10 INFO neutron.wsgi [None req-92f05d1c-09d7-468a-840f-21dd5d00cba3 ab3cbb9511254b219bbae3528b6e57de 6ee8476e3035491ea5b7eb8ed6bb6fa9 - - default default] 10.0.0.129 "GET /v2.0/floatingips HTTP/1.1" status: 200 len: 1036 time: 0.1002939
2026-05-29 23:06:58.374 10 INFO neutron.db.ovn_revision_numbers_db [None req-7254ddd9-99de-44ef-ae10-685779b68807 - - - - - -] Successfully bumped revision number for resource 16f2bcad-8d5e-40a7-b8c6-12a99a162f23 (type: ports) to 1
2026-05-29 23:06:58.381 9 INFO neutron.wsgi [None req-0d793d22-de3c-423d-8eec-5f7b2286d8ca ab3cbb9511254b219bbae3528b6e57de 6ee8476e3035491ea5b7eb8ed6bb6fa9 - - default default] 10.0.0.236 "GET /v2.0/security-groups?tenant_id=8c5ae8be256c4432adb1af5c23195ea7&name=default HTTP/1.1" status: 200 len: 3120 time: 0.4365783
2026-05-29 23:06:58.494 10 INFO neutron.wsgi [None req-d0ab4f4d-17ec-42d1-83e2-e02f94ff2ce9 ab3cbb9511254b219bbae3528b6e57de 6ee8476e3035491ea5b7eb8ed6bb6fa9 - - default default] 10.0.0.129 "GET /v2.0/security-groups HTTP/1.1" status: 200 len: 32060 time: 0.1257772
2026-05-29 23:06:58.582 10 INFO neutron.wsgi [None req-f9368c90-4b00-4f64-89c2-2ddbdf66e378 ab3cbb9511254b219bbae3528b6e57de 6ee8476e3035491ea5b7eb8ed6bb6fa9 - - default default] 10.0.0.129 "GET /v2.0/subnets HTTP/1.1" status: 200 len: 3417 time: 0.0790098
2026-05-29 23:06:58.737 9 INFO neutron.wsgi [None req-2f1ed96c-6ffa-48cd-badf-875c39c15655 ab3cbb9511254b219bbae3528b6e57de 6ee8476e3035491ea5b7eb8ed6bb6fa9 - - default default] 10.0.0.236 "DELETE /v2.0/security-groups/213be839-c803-46cc-9215-646dccd3953b HTTP/1.1" status: 204 len: 168 time: 0.3503869
2026-05-29 23:06:58.745 10 INFO neutron.wsgi [None req-6684ab09-6715-442d-8b4c-0216ccce6073 ab3cbb9511254b219bbae3528b6e57de 6ee8476e3035491ea5b7eb8ed6bb6fa9 - - default default] 10.0.0.129 "GET /v2.0/ports HTTP/1.1" status: 200 len: 16054 time: 0.1417758
2026-05-29 23:06:58.746 9 ERROR ovsdbapp.backend.ovs_idl.command [None req-72fb0c6a-0e99-45b0-8fe1-ff0be8f74abb ab3cbb9511254b219bbae3528b6e57de 6ee8476e3035491ea5b7eb8ed6bb6fa9 - - default default] Error executing command (DbGetCommand): ovsdbapp.backend.ovs_idl.idlutils.RowNotFound: Cannot find Logical_Router_Port with name=lrp-cedd3fe7-e10e-4e08-a962-3c660f25663f
2026-05-29 23:06:58.746 9 ERROR ovsdbapp.backend.ovs_idl.command
Traceback (most recent call last):
2026-05-29 23:06:58.746 9 ERROR ovsdbapp.backend.ovs_idl.command
File "/var/lib/openstack/lib/python3.10/site-packages/ovsdbapp/backend/ovs_idl/command.py", line 47, in execute
2026-05-29 23:06:58.746 9 ERROR ovsdbapp.backend.ovs_idl.command self.run_idl(None)
2026-05-29 23:06:58.746 9 ERROR ovsdbapp.backend.ovs_idl.command
File "/var/lib/openstack/lib/python3.10/site-packages/ovsdbapp/backend/ovs_idl/command.py", line 235, in run_idl
2026-05-29 23:06:58.746 9 ERROR ovsdbapp.backend.ovs_idl.command record = self.api.lookup(self.table, self.record)
2026-05-29 23:06:58.746 9 ERROR ovsdbapp.backend.ovs_idl.command
File "/var/lib/openstack/lib/python3.10/site-packages/ovsdbapp/backend/ovs_idl/__init__.py", line 184, in lookup
2026-05-29 23:06:58.746 9 ERROR ovsdbapp.backend.ovs_idl.command return self._lookup(table, record)
2026-05-29 23:06:58.746 9 ERROR ovsdbapp.backend.ovs_idl.command
File "/var/lib/openstack/lib/python3.10/site-packages/ovsdbapp/backend/ovs_idl/__init__.py", line 235, in _lookup
2026-05-29 23:06:58.746 9 ERROR ovsdbapp.backend.ovs_idl.command row = idlutils.row_by_value(self, rl.table, rl.column, record)
2026-05-29 23:06:58.746 9 ERROR ovsdbapp.backend.ovs_idl.command
File "/var/lib/openstack/lib/python3.10/site-packages/ovsdbapp/backend/ovs_idl/idlutils.py", line 114, in row_by_value
2026-05-29 23:06:58.746 9 ERROR ovsdbapp.backend.ovs_idl.command raise RowNotFound(table=table, col=column, match=match)
2026-05-29 23:06:58.746 9 ERROR ovsdbapp.backend.ovs_idl.command ovsdbapp.backend.ovs_idl.idlutils.RowNotFound: Cannot find Logical_Router_Port with name=lrp-cedd3fe7-e10e-4e08-a962-3c660f25663f
2026-05-29 23:06:58.746 9 ERROR ovsdbapp.backend.ovs_idl.command 
2026-05-29 23:06:58.746 9 ERROR neutron_lib.callbacks.manager [None req-72fb0c6a-0e99-45b0-8fe1-ff0be8f74abb ab3cbb9511254b219bbae3528b6e57de 6ee8476e3035491ea5b7eb8ed6bb6fa9 - - default default] Error during notification for neutron.services.ovn_l3.plugin.OVNL3RouterPlugin._port_update-8734285208276 port, after_update: ovsdbapp.backend.ovs_idl.idlutils.RowNotFound: Cannot find Logical_Router_Port with name=lrp-cedd3fe7-e10e-4e08-a962-3c660f25663f
2026-05-29 23:06:58.746 9 ERROR neutron_lib.callbacks.manager
Traceback (most recent call last):
2026-05-29 23:06:58.746 9 ERROR neutron_lib.callbacks.manager
File "/var/lib/openstack/lib/python3.10/site-packages/neutron_lib/callbacks/manager.py", line 189, in _notify_loop
2026-05-29 23:06:58.746 9 ERROR neutron_lib.callbacks.manager callback.method(resource, event, trigger, payload=payload)
2026-05-29 23:06:58.746 9 ERROR neutron_lib.callbacks.manager
File "/var/lib/openstack/lib/python3.10/site-packages/neutron/services/ovn_l3/plugin.py", line 391, in _port_update
2026-05-29 23:06:58.746 9 ERROR neutron_lib.callbacks.manager l3plugin._ovn_client.update_router_port(context,
2026-05-29 23:06:58.746 9 ERROR neutron_lib.callbacks.manager
File "/var/lib/openstack/lib/python3.10/site-packages/neutron/plugins/ml2/drivers/ovn/mech_driver/ovsdb/ovn_client.py", line 1878, in update_router_port
2026-05-29 23:06:58.746 9 ERROR neutron_lib.callbacks.manager self._update_lrouter_port(context, port, if_exists=if_exists,
2026-05-29 23:06:58.746 9 ERROR neutron_lib.callbacks.manager
File "/var/lib/openstack/lib/python3.10/site-packages/neutron/plugins/ml2/drivers/ovn/mech_driver/ovsdb/ovn_client.py", line 1855, in _update_lrouter_port
2026-05-29 23:06:58.746 9 ERROR neutron_lib.callbacks.manager external_ids = self._nb_idl.db_get(
2026-05-29 23:06:58.746 9 ERROR neutron_lib.callbacks.manager
File "/var/lib/openstack/lib/python3.10/site-packages/ovsdbapp/backend/ovs_idl/command.py", line 47, in execute
2026-05-29 23:06:58.746 9 ERROR neutron_lib.callbacks.manager self.run_idl(None)
2026-05-29 23:06:58.746 9 ERROR neutron_lib.callbacks.manager
File "/var/lib/openstack/lib/python3.10/site-packages/ovsdbapp/backend/ovs_idl/command.py", line 235, in run_idl
2026-05-29 23:06:58.746 9 ERROR neutron_lib.callbacks.manager record = self.api.lookup(self.table, self.record)
2026-05-29 23:06:58.746 9 ERROR neutron_lib.callbacks.manager
File "/var/lib/openstack/lib/python3.10/site-packages/ovsdbapp/backend/ovs_idl/__init__.py", line 184, in lookup
2026-05-29 23:06:58.746 9 ERROR neutron_lib.callbacks.manager return self._lookup(table, record)
2026-05-29 23:06:58.746 9 ERROR neutron_lib.callbacks.manager
File "/var/lib/openstack/lib/python3.10/site-packages/ovsdbapp/backend/ovs_idl/__init__.py", line 235, in _lookup
2026-05-29 23:06:58.746 9 ERROR neutron_lib.callbacks.manager row = idlutils.row_by_value(self, rl.table, rl.column, record)
2026-05-29 23:06:58.746 9 ERROR neutron_lib.callbacks.manager
File "/var/lib/openstack/lib/python3.10/site-packages/ovsdbapp/backend/ovs_idl/idlutils.py", line 114, in row_by_value
2026-05-29 23:06:58.746 9 ERROR neutron_lib.callbacks.manager raise RowNotFound(table=table, col=column, match=match)
2026-05-29 23:06:58.746 9 ERROR neutron_lib.callbacks.manager ovsdbapp.backend.ovs_idl.idlutils.RowNotFound: Cannot find Logical_Router_Port with name=lrp-cedd3fe7-e10e-4e08-a962-3c660f25663f
2026-05-29 23:06:58.746 9 ERROR neutron_lib.callbacks.manager 
2026-05-29 23:06:59.054 9 INFO neutron.db.ovn_revision_numbers_db [None req-72fb0c6a-0e99-45b0-8fe1-ff0be8f74abb ab3cbb9511254b219bbae3528b6e57de 6ee8476e3035491ea5b7eb8ed6bb6fa9 - - default default] Successfully bumped revision number for resource cedd3fe7-e10e-4e08-a962-3c660f25663f (type: ports) to 1
2026-05-29 23:06:59.101 10 INFO neutron.plugins.ml2.drivers.ovn.mech_driver.mech_driver [None req-cd1fc30e-b194-44c5-8abd-9c675b0b6012 - - - - - -] OVN reports status up for port: cedd3fe7-e10e-4e08-a962-3c660f25663f
