Jun 28 15:20:19.928558 np0000183265 neutron-rpc-server[105083]: DEBUG ovsdbapp.backend.ovs_idl [None req-51b0ae4a-d5bc-4041-a245-c5a743ec803e None None] Created schema index Gateway_Chassis.name {{(pid=105083) autocreate_indices /opt/stack/data/venv/lib/python3.12/site-packages/ovsdbapp/backend/ovs_idl/__init__.py:106}}
Jun 28 15:20:19.928558 np0000183265 neutron-rpc-server[105083]: DEBUG ovsdbapp.backend.ovs_idl [None req-51b0ae4a-d5bc-4041-a245-c5a743ec803e None None] Created schema index Mirror.name {{(pid=105083) autocreate_indices /opt/stack/data/venv/lib/python3.12/site-packages/ovsdbapp/backend/ovs_idl/__init__.py:106}}
Jun 28 15:20:19.928707 np0000183265 neutron-rpc-server[105109]: DEBUG cotyledon.oslo_config_glue [-] external_dns_driver = None {{(pid=105109) log_opt_values /opt/stack/data/venv/lib/python3.12/site-packages/oslo_config/cfg.py:3242}}
Jun 28 15:20:19.928844 np0000183265 neutron-rpc-server[105083]: DEBUG ovsdbapp.backend.ovs_idl [None req-51b0ae4a-d5bc-4041-a245-c5a743ec803e None None] Created schema index Chassis_Template_Var.chassis {{(pid=105083) autocreate_indices /opt/stack/data/venv/lib/python3.12/site-packages/ovsdbapp/backend/ovs_idl/__init__.py:106}}
Jun 28 15:20:19.929036 np0000183265 neutron-rpc-server[105095]: DEBUG cotyledon.oslo_config_glue [-] privsep_conntrack.capabilities = [12] {{(pid=105095) log_opt_values /opt/stack/data/venv/lib/python3.12/site-packages/oslo_config/cfg.py:3253}}
Jun 28 15:20:19.929278 np0000183265 neutron-rpc-server[105083]: DEBUG ovsdbapp.backend.ovs_idl [None req-51b0ae4a-d5bc-4041-a245-c5a743ec803e None None] Created schema index Logical_Router_Port.name {{(pid=105083) autocreate_indices /opt/stack/data/venv/lib/python3.12/site-packages/ovsdbapp/backend/ovs_idl/__init__.py:106}}
Jun 28 15:20:19.929388 np0000183265 neutron-rpc-server[105109]: DEBUG cotyledon.oslo_config_glue [-] fatal_deprecations = False {{(pid=105109) log_opt_values /opt/stack/data/venv/lib/python3.12/site-packages/oslo_config/cfg.py:3242}}
Jun 28 15:20:19.929477 np0000183265 neutron-rpc-server[105083]: DEBUG ovsdbapp.backend.ovs_idl [None req-51b0ae4a-d5bc-4041-a245-c5a743ec803e None None] Created schema index Port_Group.name {{(pid=105083) autocreate_indices /opt/stack/data/venv/lib/python3.12/site-packages/ovsdbapp/backend/ovs_idl/__init__.py:106}}
Jun 28 15:20:19.929601 np0000183265 neutron-rpc-server[105095]: DEBUG cotyledon.oslo_config_glue [-] privsep_conntrack.group = None {{(pid=105095) log_opt_values /opt/stack/data/venv/lib/python3.12/site-packages/oslo_config/cfg.py:3253}}
Jun 28 15:20:19.929715 np0000183265 neutron-rpc-server[105083]: DEBUG ovsdbapp.backend.ovs_idl [None req-51b0ae4a-d5bc-4041-a245-c5a743ec803e None None] Created schema index Logical_Switch_Port.name {{(pid=105083) autocreate_indices /opt/stack/data/venv/lib/python3.12/site-packages/ovsdbapp/backend/ovs_idl/__init__.py:106}}
Jun 28 15:20:19.929811 np0000183265 neutron-rpc-server[105109]: DEBUG cotyledon.oslo_config_glue [-] filter_validation = True {{(pid=105109) log_opt_values /opt/stack/data/venv/lib/python3.12/site-packages/oslo_config/cfg.py:3242}}
Jun 28 15:20:19.929912 np0000183265 neutron-rpc-server[105095]: DEBUG cotyledon.oslo_config_glue [-] privsep_conntrack.helper_command = None {{(pid=105095) log_opt_values /opt/stack/data/venv/lib/python3.12/site-packages/oslo_config/cfg.py:3253}}
Jun 28 15:20:19.929912 np0000183265 neutron-rpc-server[105095]: DEBUG cotyledon.oslo_config_glue [-] privsep_conntrack.log_daemon_traceback = False {{(pid=105095) log_opt_values /opt/stack/data/venv/lib/python3.12/site-packages/oslo_config/cfg.py:3253}}
Jun 28 15:20:19.930067 np0000183265 neutron-rpc-server[105109]: DEBUG cotyledon.oslo_config_glue [-] global_physnet_mtu = 1430 {{(pid=105109) log_opt_values /opt/stack/data/venv/lib/python3.12/site-packages/oslo_config/cfg.py:3242}}
Jun 28 15:20:19.930168 np0000183265 neutron-rpc-server[105095]: DEBUG cotyledon.oslo_config_glue [-] privsep_conntrack.logger_name = oslo_privsep.daemon {{(pid=105095) log_opt_values /opt/stack/data/venv/lib/python3.12/site-packages/oslo_config/cfg.py:3253}}
Jun 28 15:20:19.930285 np0000183265 neutron-rpc-server[105109]: DEBUG cotyledon.oslo_config_glue [-] graceful_shutdown_timeout = 60 {{(pid=105109) log_opt_values /opt/stack/data/venv/lib/python3.12/site-packages/oslo_config/cfg.py:3242}}
Jun 28 15:20:19.930405 np0000183265 neutron-rpc-server[105095]: DEBUG cotyledon.oslo_config_glue [-] privsep_conntrack.thread_pool_size = 16 {{(pid=105095) log_opt_values /opt/stack/data/venv/lib/python3.12/site-packages/oslo_config/cfg.py:3253}}
Jun 28 15:20:19.930405 np0000183265 neutron-rpc-server[105095]: DEBUG cotyledon.oslo_config_glue [-] privsep_conntrack.user = None {{(pid=105095) log_opt_values /opt/stack/data/venv/lib/python3.12/site-packages/oslo_config/cfg.py:3253}}
Jun 28 15:20:19.930405 np0000183265 neutron-rpc-server[105095]: DEBUG cotyledon.oslo_config_glue [-] privsep_link.capabilities = [12, 21] {{(pid=105095) log_opt_values /opt/stack/data/venv/lib/python3.12/site-packages/oslo_config/cfg.py:3253}}
Jun 28 15:20:19.930405 np0000183265 neutron-rpc-server[105095]: DEBUG cotyledon.oslo_config_glue [-] privsep_link.group = None {{(pid=105095) log_opt_values /opt/stack/data/venv/lib/python3.12/site-packages/oslo_config/cfg.py:3253}}
Jun 28 15:20:19.930405 np0000183265 neutron-rpc-server[105095]: DEBUG cotyledon.oslo_config_glue [-] privsep_link.helper_command = None {{(pid=105095) log_opt_values /opt/stack/data/venv/lib/python3.12/site-packages/oslo_config/cfg.py:3253}}
Jun 28 15:20:19.930405 np0000183265 neutron-rpc-server[105095]: DEBUG cotyledon.oslo_config_glue [-] privsep_link.log_daemon_traceback = False {{(pid=105095) log_opt_values /opt/stack/data/venv/lib/python3.12/site-packages/oslo_config/cfg.py:3253}}
Jun 28 15:20:19.930405 np0000183265 neutron-rpc-server[105095]: DEBUG cotyledon.oslo_config_glue [-] privsep_link.logger_name = oslo_privsep.daemon {{(pid=105095) log_opt_values /opt/stack/data/venv/lib/python3.12/site-packages/oslo_config/cfg.py:3253}}
Jun 28 15:20:19.930405 np0000183265 neutron-rpc-server[105095]: DEBUG cotyledon.oslo_config_glue [-] privsep_link.thread_pool_size = 16 {{(pid=105095) log_opt_values /opt/stack/data/venv/lib/python3.12/site-packages/oslo_config/cfg.py:3253}}
Jun 28 15:20:19.930672 np0000183265 neutron-rpc-server[105109]: DEBUG cotyledon.oslo_config_glue [-] host = np0000183265 {{(pid=105109) log_opt_values /opt/stack/data/venv/lib/python3.12/site-packages/oslo_config/cfg.py:3242}}
Jun 28 15:20:19.930768 np0000183265 neutron-rpc-server[105095]: DEBUG cotyledon.oslo_config_glue [-] privsep_link.user = None {{(pid=105095) log_opt_values /opt/stack/data/venv/lib/python3.12/site-packages/oslo_config/cfg.py:3253}}
Jun 28 15:20:19.930875 np0000183265 neutron-rpc-server[105109]: DEBUG cotyledon.oslo_config_glue [-] host_dvr_for_dhcp = True {{(pid=105109) log_opt_values /opt/stack/data/venv/lib/python3.12/site-packages/oslo_config/cfg.py:3242}}
Jun 28 15:20:19.930991 np0000183265 neutron-rpc-server[105095]: DEBUG cotyledon.oslo_config_glue [-] AGENT.root_helper = sudo /opt/stack/data/venv/bin/neutron-rootwrap /etc/neutron/rootwrap.conf {{(pid=105095) log_opt_values /opt/stack/data/venv/lib/python3.12/site-packages/oslo_config/cfg.py:3253}}
Jun 28 15:20:19.931090 np0000183265 neutron-rpc-server[105109]: DEBUG cotyledon.oslo_config_glue [-] http_retries = 3 {{(pid=105109) log_opt_values /opt/stack/data/venv/lib/python3.12/site-packages/oslo_config/cfg.py:3242}}
Jun 28 15:20:19.931090 np0000183265 neutron-rpc-server[105109]: DEBUG cotyledon.oslo_config_glue [-] instance_format = [instance: %(uuid)s] {{(pid=105109) log_opt_values /opt/stack/data/venv/lib/python3.12/site-packages/oslo_config/cfg.py:3242}}
Jun 28 15:20:19.931205 np0000183265 neutron-rpc-server[105095]: DEBUG cotyledon.oslo_config_glue [-] AGENT.root_helper_daemon = sudo /opt/stack/data/venv/bin/neutron-rootwrap-daemon /etc/neutron/rootwrap.conf {{(pid=105095) log_opt_values /opt/stack/data/venv/lib/python3.12/site-packages/oslo_config/cfg.py:3253}}
Jun 28 15:20:19.931319 np0000183265 neutron-rpc-server[105080]: WARNING neutron.plugins.ml2.drivers.ovn.mech_driver.mech_driver [-] uWSGI is the only supported loader for the Neutron API; it provides, via ``uwsgi`` library, the worker ID. If other loader is used, a random hash ring node UUID will be provided
Jun 28 15:20:19.931470 np0000183265 neutron-rpc-server[105095]: DEBUG cotyledon.oslo_config_glue [-] AGENT.use_helper_for_ns_read = True {{(pid=105095) log_opt_values /opt/stack/data/venv/lib/python3.12/site-packages/oslo_config/cfg.py:3253}}
Jun 28 15:20:19.931560 np0000183265 neutron-rpc-server[105109]: DEBUG cotyledon.oslo_config_glue [-] instance_uuid_format = [instance: %(uuid)s] {{(pid=105109) log_opt_values /opt/stack/data/venv/lib/python3.12/site-packages/oslo_config/cfg.py:3242}}
Jun 28 15:20:19.931647 np0000183265 neutron-rpc-server[105095]: DEBUG cotyledon.oslo_config_glue [-] SECURITYGROUP.enable_ipset = True {{(pid=105095) log_opt_values /opt/stack/data/venv/lib/python3.12/site-packages/oslo_config/cfg.py:3253}}
Jun 28 15:20:19.931754 np0000183265 neutron-rpc-server[105109]: DEBUG cotyledon.oslo_config_glue [-] ipam_driver = internal {{(pid=105109) log_opt_values /opt/stack/data/venv/lib/python3.12/site-packages/oslo_config/cfg.py:3242}}
Jun 28 15:20:19.931876 np0000183265 neutron-rpc-server[105095]: DEBUG cotyledon.oslo_config_glue [-] SECURITYGROUP.enable_security_group = True {{(pid=105095) log_opt_values /opt/stack/data/venv/lib/python3.12/site-packages/oslo_config/cfg.py:3253}}
Jun 28 15:20:19.931993 np0000183265 neutron-rpc-server[105083]: INFO ovsdbapp.backend.ovs_idl.vlog [None req-51b0ae4a-d5bc-4041-a245-c5a743ec803e None None] ssl:199.204.45.157:6641: connecting...
Jun 28 15:20:19.932090 np0000183265 neutron-rpc-server[105109]: DEBUG cotyledon.oslo_config_glue [-] ipv6_pd_enabled = False {{(pid=105109) log_opt_values /opt/stack/data/venv/lib/python3.12/site-packages/oslo_config/cfg.py:3242}}
Jun 28 15:20:19.932189 np0000183265 neutron-rpc-server[105095]: DEBUG cotyledon.oslo_config_glue [-] SECURITYGROUP.firewall_driver = None {{(pid=105095) log_opt_values /opt/stack/data/venv/lib/python3.12/site-packages/oslo_config/cfg.py:3253}}
Jun 28 15:20:19.932303 np0000183265 neutron-rpc-server[105109]: DEBUG cotyledon.oslo_config_glue [-] l3_ha = False {{(pid=105109) log_opt_values /opt/stack/data/venv/lib/python3.12/site-packages/oslo_config/cfg.py:3242}}
Jun 28 15:20:19.932435 np0000183265 neutron-rpc-server[105095]: DEBUG cotyledon.oslo_config_glue [-] SECURITYGROUP.permitted_ethertypes = [] {{(pid=105095) log_opt_values /opt/stack/data/venv/lib/python3.12/site-packages/oslo_config/cfg.py:3253}}
Jun 28 15:20:19.932526 np0000183265 neutron-rpc-server[105109]: DEBUG cotyledon.oslo_config_glue [-] l3_ha_net_cidr = 169.254.192.0/18 {{(pid=105109) log_opt_values /opt/stack/data/venv/lib/python3.12/site-packages/oslo_config/cfg.py:3242}}
Jun 28 15:20:19.932628 np0000183265 neutron-rpc-server[105095]: DEBUG cotyledon.oslo_config_glue [-] experimental.ipv6_pd_enabled = False {{(pid=105095) log_opt_values /opt/stack/data/venv/lib/python3.12/site-packages/oslo_config/cfg.py:3253}}
Jun 28 15:20:19.932737 np0000183265 neutron-rpc-server[105109]: DEBUG cotyledon.oslo_config_glue [-] l3_ha_network_physical_name = {{(pid=105109) log_opt_values /opt/stack/data/venv/lib/python3.12/site-packages/oslo_config/cfg.py:3242}}
Jun 28 15:20:19.932849 np0000183265 neutron-rpc-server[105095]: DEBUG cotyledon.oslo_config_glue [-] ml2.extension_drivers = ['port_security', 'qos'] {{(pid=105095) log_opt_values /opt/stack/data/venv/lib/python3.12/site-packages/oslo_config/cfg.py:3253}}
Jun 28 15:20:19.932994 np0000183265 neutron-rpc-server[105109]: DEBUG cotyledon.oslo_config_glue [-] l3_ha_network_type = {{(pid=105109) log_opt_values /opt/stack/data/venv/lib/python3.12/site-packages/oslo_config/cfg.py:3242}}
Jun 28 15:20:19.933089 np0000183265 neutron-rpc-server[105095]: DEBUG cotyledon.oslo_config_glue [-] ml2.external_network_type = None {{(pid=105095) log_opt_values /opt/stack/data/venv/lib/python3.12/site-packages/oslo_config/cfg.py:3253}}
Jun 28 15:20:19.933203 np0000183265 neutron-rpc-server[105109]: DEBUG cotyledon.oslo_config_glue [-] log_color = False {{(pid=105109) log_opt_values /opt/stack/data/venv/lib/python3.12/site-packages/oslo_config/cfg.py:3242}}
Jun 28 15:20:19.933326 np0000183265 neutron-rpc-server[105095]: DEBUG cotyledon.oslo_config_glue [-] ml2.mechanism_drivers = ['ovn'] {{(pid=105095) log_opt_values /opt/stack/data/venv/lib/python3.12/site-packages/oslo_config/cfg.py:3253}}
Jun 28 15:20:19.933501 np0000183265 neutron-rpc-server[105109]: DEBUG cotyledon.oslo_config_glue [-] log_config_append = None {{(pid=105109) log_opt_values /opt/stack/data/venv/lib/python3.12/site-packages/oslo_config/cfg.py:3242}}
Jun 28 15:20:19.933602 np0000183265 neutron-rpc-server[105095]: DEBUG cotyledon.oslo_config_glue [-] ml2.overlay_ip_version = 4 {{(pid=105095) log_opt_values /opt/stack/data/venv/lib/python3.12/site-packages/oslo_config/cfg.py:3253}}
Jun 28 15:20:19.933602 np0000183265 neutron-rpc-server[105095]: DEBUG cotyledon.oslo_config_glue [-] ml2.path_mtu = 0 {{(pid=105095) log_opt_values /opt/stack/data/venv/lib/python3.12/site-packages/oslo_config/cfg.py:3253}}
Jun 28 15:20:19.933745 np0000183265 neutron-rpc-server[105109]: DEBUG cotyledon.oslo_config_glue [-] log_date_format = %Y-%m-%d %H:%M:%S {{(pid=105109) log_opt_values /opt/stack/data/venv/lib/python3.12/site-packages/oslo_config/cfg.py:3242}}
Jun 28 15:20:19.933745 np0000183265 neutron-rpc-server[105109]: DEBUG cotyledon.oslo_config_glue [-] log_dir = None {{(pid=105109) log_opt_values /opt/stack/data/venv/lib/python3.12/site-packages/oslo_config/cfg.py:3242}}
Jun 28 15:20:19.933905 np0000183265 neutron-rpc-server[105095]: DEBUG cotyledon.oslo_config_glue [-] ml2.physical_network_mtus = {} {{(pid=105095) log_opt_values /opt/stack/data/venv/lib/python3.12/site-packages/oslo_config/cfg.py:3253}}
Jun 28 15:20:19.934024 np0000183265 neutron-rpc-server[105109]: DEBUG cotyledon.oslo_config_glue [-] log_file = None {{(pid=105109) log_opt_values /opt/stack/data/venv/lib/python3.12/site-packages/oslo_config/cfg.py:3242}}
Jun 28 15:20:19.934024 np0000183265 neutron-rpc-server[105109]: DEBUG cotyledon.oslo_config_glue [-] log_options = True {{(pid=105109) log_opt_values /opt/stack/data/venv/lib/python3.12/site-packages/oslo_config/cfg.py:3242}}
Jun 28 15:20:19.934139 np0000183265 neutron-rpc-server[105095]: DEBUG cotyledon.oslo_config_glue [-] ml2.project_network_types = ['geneve'] {{(pid=105095) log_opt_values /opt/stack/data/venv/lib/python3.12/site-packages/oslo_config/cfg.py:3253}}
Jun 28 15:20:19.934139 np0000183265 neutron-rpc-server[105095]: DEBUG cotyledon.oslo_config_glue [-] ml2.tunnelled_network_rp_name = rp_tunnelled {{(pid=105095) log_opt_values /opt/stack/data/venv/lib/python3.12/site-packages/oslo_config/cfg.py:3253}}
Jun 28 15:20:19.934253 np0000183265 neutron-rpc-server[105109]: DEBUG cotyledon.oslo_config_glue [-] log_rotate_interval = 1 {{(pid=105109) log_opt_values /opt/stack/data/venv/lib/python3.12/site-packages/oslo_config/cfg.py:3242}}
Jun 28 15:20:19.934437 np0000183265 neutron-rpc-server[105095]: DEBUG cotyledon.oslo_config_glue [-] ml2.type_drivers = ['local', 'flat', 'vlan', 'geneve'] {{(pid=105095) log_opt_values /opt/stack/data/venv/lib/python3.12/site-packages/oslo_config/cfg.py:3253}}
Jun 28 15:20:19.934584 np0000183265 neutron-rpc-server[105109]: DEBUG cotyledon.oslo_config_glue [-] log_rotate_interval_type = days {{(pid=105109) log_opt_values /opt/stack/data/venv/lib/python3.12/site-packages/oslo_config/cfg.py:3242}}
Jun 28 15:20:19.934674 np0000183265 neutron-rpc-server[105095]: DEBUG cotyledon.oslo_config_glue [-] ml2_type_flat.flat_networks = ['public'] {{(pid=105095) log_opt_values /opt/stack/data/venv/lib/python3.12/site-packages/oslo_config/cfg.py:3253}}
Jun 28 15:20:19.934763 np0000183265 neutron-rpc-server[105109]: DEBUG cotyledon.oslo_config_glue [-] log_rotation_type = none {{(pid=105109) log_opt_values /opt/stack/data/venv/lib/python3.12/site-packages/oslo_config/cfg.py:3242}}
Jun 28 15:20:19.934911 np0000183265 neutron-rpc-server[105095]: DEBUG cotyledon.oslo_config_glue [-] ml2_type_geneve.max_header_size = 38 {{(pid=105095) log_opt_values /opt/stack/data/venv/lib/python3.12/site-packages/oslo_config/cfg.py:3253}}
Jun 28 15:20:19.935003 np0000183265 neutron-rpc-server[105109]: DEBUG cotyledon.oslo_config_glue [-] logging_context_format_string = %(color)s%(levelname)s %(name)s [%(global_request_id)s %(request_id)s %(project_name)s %(user_name)s%(color)s] %(instance)s%(color)s%(message)s {{(pid=105109) log_opt_values /opt/stack/data/venv/lib/python3.12/site-packages/oslo_config/cfg.py:3242}}
Jun 28 15:20:19.935092 np0000183265 neutron-rpc-server[105083]: INFO ovsdbapp.backend.ovs_idl.vlog [None req-51b0ae4a-d5bc-4041-a245-c5a743ec803e None None] ssl:199.204.45.157:6641: connected
Jun 28 15:20:19.935199 np0000183265 neutron-rpc-server[105109]: DEBUG cotyledon.oslo_config_glue [-] logging_debug_format_suffix = {{(pid=%(process)d) %(funcName)s %(pathname)s:%(lineno)d}} {{(pid=105109) log_opt_values /opt/stack/data/venv/lib/python3.12/site-packages/oslo_config/cfg.py:3242}}
Jun 28 15:20:19.935290 np0000183265 neutron-rpc-server[105095]: DEBUG cotyledon.oslo_config_glue [-] ml2_type_geneve.vni_ranges = ['1:65536'] {{(pid=105095) log_opt_values /opt/stack/data/venv/lib/python3.12/site-packages/oslo_config/cfg.py:3253}}
Jun 28 15:20:19.935401 np0000183265 neutron-rpc-server[105109]: DEBUG cotyledon.oslo_config_glue [-] logging_default_format_string = %(color)s%(levelname)s %(name)s [-%(color)s] %(instance)s%(color)s%(message)s {{(pid=105109) log_opt_values /opt/stack/data/venv/lib/python3.12/site-packages/oslo_config/cfg.py:3242}}
Jun 28 15:20:19.935492 np0000183265 neutron-rpc-server[105095]: DEBUG cotyledon.oslo_config_glue [-] ml2_type_vlan.network_vlan_ranges = ['public'] {{(pid=105095) log_opt_values /opt/stack/data/venv/lib/python3.12/site-packages/oslo_config/cfg.py:3253}}
Jun 28 15:20:19.935596 np0000183265 neutron-rpc-server[105109]: DEBUG cotyledon.oslo_config_glue [-] logging_exception_prefix = ERROR %(name)s %(instance)s {{(pid=105109) log_opt_values /opt/stack/data/venv/lib/python3.12/site-packages/oslo_config/cfg.py:3242}}
Jun 28 15:20:19.935683 np0000183265 neutron-rpc-server[105095]: DEBUG cotyledon.oslo_config_glue [-] network_log.burst_limit = 25 {{(pid=105095) log_opt_values /opt/stack/data/venv/lib/python3.12/site-packages/oslo_config/cfg.py:3253}}
Jun 28 15:20:19.935767 np0000183265 neutron-rpc-server[105109]: DEBUG cotyledon.oslo_config_glue [-] logging_user_identity_format = %(user)s %(project)s %(domain)s %(system_scope)s %(user_domain)s %(project_domain)s {{(pid=105109) log_opt_values /opt/stack/data/venv/lib/python3.12/site-packages/oslo_config/cfg.py:3242}}
Jun 28 15:20:19.935856 np0000183265 neutron-rpc-server[105078]: ERROR neutron.common.ovn.hash_ring_manager [None req-4198fb8c-94fb-41ba-b5ea-140c51eca65d None None] The Neutron API workers count is zero
Jun 28 15:20:19.935955 np0000183265 neutron-rpc-server[105095]: DEBUG cotyledon.oslo_config_glue [-] network_log.local_output_log_base = None {{(pid=105095) log_opt_values /opt/stack/data/venv/lib/python3.12/site-packages/oslo_config/cfg.py:3253}}
Jun 28 15:20:19.936049 np0000183265 neutron-rpc-server[105109]: DEBUG cotyledon.oslo_config_glue [-] max_allowed_address_pair = 10 {{(pid=105109) log_opt_values /opt/stack/data/venv/lib/python3.12/site-packages/oslo_config/cfg.py:3242}}
Jun 28 15:20:19.936135 np0000183265 neutron-rpc-server[105095]: DEBUG cotyledon.oslo_config_glue [-] network_log.rate_limit = 100 {{(pid=105095) log_opt_values /opt/stack/data/venv/lib/python3.12/site-packages/oslo_config/cfg.py:3253}}
Jun 28 15:20:19.936248 np0000183265 neutron-rpc-server[105109]: DEBUG cotyledon.oslo_config_glue [-] max_dns_nameservers = 5 {{(pid=105109) log_opt_values /opt/stack/data/venv/lib/python3.12/site-packages/oslo_config/cfg.py:3242}}
Jun 28 15:20:19.936375 np0000183265 neutron-rpc-server[105080]: DEBUG ovsdbapp.backend.ovs_idl [None req-70c284e4-68d5-4fdb-9188-ebec3f8f655d None None] Created lookup_table index Logical_Switch.name {{(pid=105080) autocreate_indices /opt/stack/data/venv/lib/python3.12/site-packages/ovsdbapp/backend/ovs_idl/__init__.py:87}}
Jun 28 15:20:19.936465 np0000183265 neutron-rpc-server[105095]: DEBUG cotyledon.oslo_config_glue [-] database.asyncio_connection = **** {{(pid=105095) log_opt_values /opt/stack/data/venv/lib/python3.12/site-packages/oslo_config/cfg.py:3253}}
Jun 28 15:20:19.936563 np0000183265 neutron-rpc-server[105109]: DEBUG cotyledon.oslo_config_glue [-] max_header_line = 16384 {{(pid=105109) log_opt_values /opt/stack/data/venv/lib/python3.12/site-packages/oslo_config/cfg.py:3242}}
Jun 28 15:20:19.936684 np0000183265 neutron-rpc-server[105095]: DEBUG cotyledon.oslo_config_glue [-] database.asyncio_slave_connection = **** {{(pid=105095) log_opt_values /opt/stack/data/venv/lib/python3.12/site-packages/oslo_config/cfg.py:3253}}
Jun 28 15:20:19.936800 np0000183265 neutron-rpc-server[105078]: ERROR neutron.plugins.ml2.drivers.ovn.mech_driver.ovsdb.ovsdb_monitor [None req-4198fb8c-94fb-41ba-b5ea-140c51eca65d None None] The Neutron API workers count is zero: RuntimeError: The Neutron API workers count is zero
Jun 28 15:20:19.936800 np0000183265 neutron-rpc-server[105078]: ERROR neutron.plugins.ml2.drivers.ovn.mech_driver.ovsdb.ovsdb_monitor
Traceback (most recent call last):
Jun 28 15:20:19.936800 np0000183265 neutron-rpc-server[105078]: ERROR neutron.plugins.ml2.drivers.ovn.mech_driver.ovsdb.ovsdb_monitor
File "/opt/stack/neutron/neutron/plugins/ml2/drivers/ovn/mech_driver/ovsdb/ovsdb_monitor.py", line 989, in notify
Jun 28 15:20:19.936800 np0000183265 neutron-rpc-server[105078]: ERROR neutron.plugins.ml2.drivers.ovn.mech_driver.ovsdb.ovsdb_monitor target_node, node_last_touch = self._hash_ring.get_node(
Jun 28 15:20:19.936800 np0000183265 neutron-rpc-server[105078]: ERROR neutron.plugins.ml2.drivers.ovn.mech_driver.ovsdb.ovsdb_monitor ^^^^^^^^^^^^^^^^^^^^^^^^^
Jun 28 15:20:19.936800 np0000183265 neutron-rpc-server[105078]: ERROR neutron.plugins.ml2.drivers.ovn.mech_driver.ovsdb.ovsdb_monitor
File "/opt/stack/neutron/neutron/common/ovn/hash_ring_manager.py", line 117, in get_node
Jun 28 15:20:19.936800 np0000183265 neutron-rpc-server[105078]: ERROR neutron.plugins.ml2.drivers.ovn.mech_driver.ovsdb.ovsdb_monitor self._load_hash_ring()
Jun 28 15:20:19.936800 np0000183265 neutron-rpc-server[105078]: ERROR neutron.plugins.ml2.drivers.ovn.mech_driver.ovsdb.ovsdb_monitor
File "/opt/stack/neutron/neutron/common/ovn/hash_ring_manager.py", line 95, in _load_hash_ring
Jun 28 15:20:19.936800 np0000183265 neutron-rpc-server[105078]: ERROR neutron.plugins.ml2.drivers.ovn.mech_driver.ovsdb.ovsdb_monitor self._wait_startup_before_caching or
Jun 28 15:20:19.936800 np0000183265 neutron-rpc-server[105078]: ERROR neutron.plugins.ml2.drivers.ovn.mech_driver.ovsdb.ovsdb_monitor ^^^^^^^^^^^^^^^^^^^^^^^^^^^^^^^^^
Jun 28 15:20:19.936800 np0000183265 neutron-rpc-server[105078]: ERROR neutron.plugins.ml2.drivers.ovn.mech_driver.ovsdb.ovsdb_monitor
File "/opt/stack/neutron/neutron/common/ovn/hash_ring_manager.py", line 63, in _wait_startup_before_caching
Jun 28 15:20:19.936800 np0000183265 neutron-rpc-server[105078]: ERROR neutron.plugins.ml2.drivers.ovn.mech_driver.ovsdb.ovsdb_monitor raise RuntimeError(msg)
Jun 28 15:20:19.936800 np0000183265 neutron-rpc-server[105078]: ERROR neutron.plugins.ml2.drivers.ovn.mech_driver.ovsdb.ovsdb_monitor RuntimeError: The Neutron API workers count is zero
Jun 28 15:20:19.937142 np0000183265 neutron-rpc-server[105078]: ERROR neutron.plugins.ml2.drivers.ovn.mech_driver.ovsdb.ovsdb_monitor
Jun 28 15:20:19.937303 np0000183265 neutron-rpc-server[105080]: DEBUG ovsdbapp.backend.ovs_idl [None req-70c284e4-68d5-4fdb-9188-ebec3f8f655d None None] Created lookup_table index Logical_Router.name {{(pid=105080) autocreate_indices /opt/stack/data/venv/lib/python3.12/site-packages/ovsdbapp/backend/ovs_idl/__init__.py:87}}
Jun 28 15:20:19.937441 np0000183265 neutron-rpc-server[105109]: DEBUG cotyledon.oslo_config_glue [-] max_l3_agents_per_router = 3 {{(pid=105109) log_opt_values /opt/stack/data/venv/lib/python3.12/site-packages/oslo_config/cfg.py:3242}}
Jun 28 15:20:19.937552 np0000183265 neutron-rpc-server[105078]: ERROR neutron.common.ovn.hash_ring_manager [None req-4198fb8c-94fb-41ba-b5ea-140c51eca65d None None] The Neutron API workers count is zero
Jun 28 15:20:19.937667 np0000183265 neutron-rpc-server[105095]: DEBUG cotyledon.oslo_config_glue [-] database.backend = sqlalchemy {{(pid=105095) log_opt_values /opt/stack/data/venv/lib/python3.12/site-packages/oslo_config/cfg.py:3253}}
Jun 28 15:20:19.937758 np0000183265 neutron-rpc-server[105109]: DEBUG cotyledon.oslo_config_glue [-] max_logfile_count = 30 {{(pid=105109) log_opt_values /opt/stack/data/venv/lib/python3.12/site-packages/oslo_config/cfg.py:3242}}
Jun 28 15:20:19.937850 np0000183265 neutron-rpc-server[105095]: DEBUG cotyledon.oslo_config_glue [-] database.connection = **** {{(pid=105095) log_opt_values /opt/stack/data/venv/lib/python3.12/site-packages/oslo_config/cfg.py:3253}}
Jun 28 15:20:19.937968 np0000183265 neutron-rpc-server[105109]: DEBUG cotyledon.oslo_config_glue [-] max_logfile_size_mb = 200 {{(pid=105109) log_opt_values /opt/stack/data/venv/lib/python3.12/site-packages/oslo_config/cfg.py:3242}}
Jun 28 15:20:19.938103 np0000183265 neutron-rpc-server[105095]: DEBUG cotyledon.oslo_config_glue [-] database.connection_debug = 0 {{(pid=105095) log_opt_values /opt/stack/data/venv/lib/python3.12/site-packages/oslo_config/cfg.py:3253}}
Jun 28 15:20:19.938198 np0000183265 neutron-rpc-server[105078]: ERROR neutron.plugins.ml2.drivers.ovn.mech_driver.ovsdb.ovsdb_monitor [None req-4198fb8c-94fb-41ba-b5ea-140c51eca65d None None] The Neutron API workers count is zero: RuntimeError: The Neutron API workers count is zero
Jun 28 15:20:19.938198 np0000183265 neutron-rpc-server[105078]: ERROR neutron.plugins.ml2.drivers.ovn.mech_driver.ovsdb.ovsdb_monitor
Traceback (most recent call last):
Jun 28 15:20:19.938198 np0000183265 neutron-rpc-server[105078]: ERROR neutron.plugins.ml2.drivers.ovn.mech_driver.ovsdb.ovsdb_monitor
File "/opt/stack/neutron/neutron/plugins/ml2/drivers/ovn/mech_driver/ovsdb/ovsdb_monitor.py", line 989, in notify
Jun 28 15:20:19.938198 np0000183265 neutron-rpc-server[105078]: ERROR neutron.plugins.ml2.drivers.ovn.mech_driver.ovsdb.ovsdb_monitor target_node, node_last_touch = self._hash_ring.get_node(
Jun 28 15:20:19.938198 np0000183265 neutron-rpc-server[105078]: ERROR neutron.plugins.ml2.drivers.ovn.mech_driver.ovsdb.ovsdb_monitor ^^^^^^^^^^^^^^^^^^^^^^^^^
Jun 28 15:20:19.938198 np0000183265 neutron-rpc-server[105078]: ERROR neutron.plugins.ml2.drivers.ovn.mech_driver.ovsdb.ovsdb_monitor
File "/opt/stack/neutron/neutron/common/ovn/hash_ring_manager.py", line 117, in get_node
Jun 28 15:20:19.938198 np0000183265 neutron-rpc-server[105078]: ERROR neutron.plugins.ml2.drivers.ovn.mech_driver.ovsdb.ovsdb_monitor self._load_hash_ring()
Jun 28 15:20:19.938198 np0000183265 neutron-rpc-server[105078]: ERROR neutron.plugins.ml2.drivers.ovn.mech_driver.ovsdb.ovsdb_monitor
File "/opt/stack/neutron/neutron/common/ovn/hash_ring_manager.py", line 95, in _load_hash_ring
Jun 28 15:20:19.938198 np0000183265 neutron-rpc-server[105078]: ERROR neutron.plugins.ml2.drivers.ovn.mech_driver.ovsdb.ovsdb_monitor self._wait_startup_before_caching or
Jun 28 15:20:19.938198 np0000183265 neutron-rpc-server[105078]: ERROR neutron.plugins.ml2.drivers.ovn.mech_driver.ovsdb.ovsdb_monitor ^^^^^^^^^^^^^^^^^^^^^^^^^^^^^^^^^
Jun 28 15:20:19.938198 np0000183265 neutron-rpc-server[105078]: ERROR neutron.plugins.ml2.drivers.ovn.mech_driver.ovsdb.ovsdb_monitor
File "/opt/stack/neutron/neutron/common/ovn/hash_ring_manager.py", line 63, in _wait_startup_before_caching
Jun 28 15:20:19.938198 np0000183265 neutron-rpc-server[105078]: ERROR neutron.plugins.ml2.drivers.ovn.mech_driver.ovsdb.ovsdb_monitor raise RuntimeError(msg)
Jun 28 15:20:19.938198 np0000183265 neutron-rpc-server[105078]: ERROR neutron.plugins.ml2.drivers.ovn.mech_driver.ovsdb.ovsdb_monitor RuntimeError: The Neutron API workers count is zero
Jun 28 15:20:19.938542 np0000183265 neutron-rpc-server[105078]: ERROR neutron.plugins.ml2.drivers.ovn.mech_driver.ovsdb.ovsdb_monitor
Jun 28 15:20:19.938652 np0000183265 neutron-rpc-server[105080]: DEBUG ovsdbapp.backend.ovs_idl [None req-70c284e4-68d5-4fdb-9188-ebec3f8f655d None None] Created lookup_table index Load_Balancer.name {{(pid=105080) autocreate_indices /opt/stack/data/venv/lib/python3.12/site-packages/ovsdbapp/backend/ovs_idl/__init__.py:87}}
Jun 28 15:20:19.938865 np0000183265 neutron-rpc-server[105078]: ERROR neutron.common.ovn.hash_ring_manager [None req-4198fb8c-94fb-41ba-b5ea-140c51eca65d None None] The Neutron API workers count is zero
Jun 28 15:20:19.939066 np0000183265 neutron-rpc-server[105095]: DEBUG cotyledon.oslo_config_glue [-] database.connection_parameters = {{(pid=105095) log_opt_values /opt/stack/data/venv/lib/python3.12/site-packages/oslo_config/cfg.py:3253}}
Jun 28 15:20:19.939182 np0000183265 neutron-rpc-server[105080]: DEBUG ovsdbapp.backend.ovs_idl [None req-70c284e4-68d5-4fdb-9188-ebec3f8f655d None None] Created schema index Copp.name {{(pid=105080) autocreate_indices /opt/stack/data/venv/lib/python3.12/site-packages/ovsdbapp/backend/ovs_idl/__init__.py:106}}
Jun 28 15:20:19.939274 np0000183265 neutron-rpc-server[105109]: DEBUG cotyledon.oslo_config_glue [-] max_subnet_host_routes = 20 {{(pid=105109) log_opt_values /opt/stack/data/venv/lib/python3.12/site-packages/oslo_config/cfg.py:3242}}
Jun 28 15:20:19.939516 np0000183265 neutron-rpc-server[105095]: DEBUG cotyledon.oslo_config_glue [-] database.connection_recycle_time = 3600 {{(pid=105095) log_opt_values /opt/stack/data/venv/lib/python3.12/site-packages/oslo_config/cfg.py:3253}}
Jun 28 15:20:19.939627 np0000183265 neutron-rpc-server[105078]: ERROR neutron.plugins.ml2.drivers.ovn.mech_driver.ovsdb.ovsdb_monitor [None req-4198fb8c-94fb-41ba-b5ea-140c51eca65d None None] The Neutron API workers count is zero: RuntimeError: The Neutron API workers count is zero
Jun 28 15:20:19.939627 np0000183265 neutron-rpc-server[105078]: ERROR neutron.plugins.ml2.drivers.ovn.mech_driver.ovsdb.ovsdb_monitor
Traceback (most recent call last):
Jun 28 15:20:19.939627 np0000183265 neutron-rpc-server[105078]: ERROR neutron.plugins.ml2.drivers.ovn.mech_driver.ovsdb.ovsdb_monitor
File "/opt/stack/neutron/neutron/plugins/ml2/drivers/ovn/mech_driver/ovsdb/ovsdb_monitor.py", line 989, in notify
Jun 28 15:20:19.939627 np0000183265 neutron-rpc-server[105078]: ERROR neutron.plugins.ml2.drivers.ovn.mech_driver.ovsdb.ovsdb_monitor target_node, node_last_touch = self._hash_ring.get_node(
Jun 28 15:20:19.939627 np0000183265 neutron-rpc-server[105078]: ERROR neutron.plugins.ml2.drivers.ovn.mech_driver.ovsdb.ovsdb_monitor ^^^^^^^^^^^^^^^^^^^^^^^^^
Jun 28 15:20:19.939627 np0000183265 neutron-rpc-server[105078]: ERROR neutron.plugins.ml2.drivers.ovn.mech_driver.ovsdb.ovsdb_monitor
File "/opt/stack/neutron/neutron/common/ovn/hash_ring_manager.py", line 117, in get_node
Jun 28 15:20:19.939627 np0000183265 neutron-rpc-server[105078]: ERROR neutron.plugins.ml2.drivers.ovn.mech_driver.ovsdb.ovsdb_monitor self._load_hash_ring()
Jun 28 15:20:19.939627 np0000183265 neutron-rpc-server[105078]: ERROR neutron.plugins.ml2.drivers.ovn.mech_driver.ovsdb.ovsdb_monitor
File "/opt/stack/neutron/neutron/common/ovn/hash_ring_manager.py", line 95, in _load_hash_ring
Jun 28 15:20:19.939627 np0000183265 neutron-rpc-server[105078]: ERROR neutron.plugins.ml2.drivers.ovn.mech_driver.ovsdb.ovsdb_monitor self._wait_startup_before_caching or
Jun 28 15:20:19.939627 np0000183265 neutron-rpc-server[105078]: ERROR neutron.plugins.ml2.drivers.ovn.mech_driver.ovsdb.ovsdb_monitor ^^^^^^^^^^^^^^^^^^^^^^^^^^^^^^^^^
Jun 28 15:20:19.939627 np0000183265 neutron-rpc-server[105078]: ERROR neutron.plugins.ml2.drivers.ovn.mech_driver.ovsdb.ovsdb_monitor
File "/opt/stack/neutron/neutron/common/ovn/hash_ring_manager.py", line 63, in _wait_startup_before_caching
Jun 28 15:20:19.939627 np0000183265 neutron-rpc-server[105078]: ERROR neutron.plugins.ml2.drivers.ovn.mech_driver.ovsdb.ovsdb_monitor raise RuntimeError(msg)
Jun 28 15:20:19.939627 np0000183265 neutron-rpc-server[105078]: ERROR neutron.plugins.ml2.drivers.ovn.mech_driver.ovsdb.ovsdb_monitor RuntimeError: The Neutron API workers count is zero
Jun 28 15:20:19.939953 np0000183265 neutron-rpc-server[105078]: ERROR neutron.plugins.ml2.drivers.ovn.mech_driver.ovsdb.ovsdb_monitor
Jun 28 15:20:19.940086 np0000183265 neutron-rpc-server[105080]: DEBUG ovsdbapp.backend.ovs_idl [None req-70c284e4-68d5-4fdb-9188-ebec3f8f655d None None] Created schema index Meter.name {{(pid=105080) autocreate_indices /opt/stack/data/venv/lib/python3.12/site-packages/ovsdbapp/backend/ovs_idl/__init__.py:106}}
Jun 28 15:20:19.940182 np0000183265 neutron-rpc-server[105078]: ERROR neutron.common.ovn.hash_ring_manager [None req-4198fb8c-94fb-41ba-b5ea-140c51eca65d None None] The Neutron API workers count is zero
Jun 28 15:20:19.940267 np0000183265 neutron-rpc-server[105080]: DEBUG ovsdbapp.backend.ovs_idl [None req-70c284e4-68d5-4fdb-9188-ebec3f8f655d None None] Created schema index Load_Balancer_Group.name {{(pid=105080) autocreate_indices /opt/stack/data/venv/lib/python3.12/site-packages/ovsdbapp/backend/ovs_idl/__init__.py:106}}
Jun 28 15:20:19.940372 np0000183265 neutron-rpc-server[105109]: DEBUG cotyledon.oslo_config_glue [-] my_ip = 199.204.45.157 {{(pid=105109) log_opt_values /opt/stack/data/venv/lib/python3.12/site-packages/oslo_config/cfg.py:3242}}
Jun 28 15:20:19.940497 np0000183265 neutron-rpc-server[105095]: DEBUG cotyledon.oslo_config_glue [-] database.connection_trace = False {{(pid=105095) log_opt_values /opt/stack/data/venv/lib/python3.12/site-packages/oslo_config/cfg.py:3253}}
Jun 28 15:20:19.940588 np0000183265 neutron-rpc-server[105080]: DEBUG ovsdbapp.backend.ovs_idl [None req-70c284e4-68d5-4fdb-9188-ebec3f8f655d None None] Created schema index HA_Chassis_Group.name {{(pid=105080) autocreate_indices /opt/stack/data/venv/lib/python3.12/site-packages/ovsdbapp/backend/ovs_idl/__init__.py:106}}
Jun 28 15:20:19.940722 np0000183265 neutron-rpc-server[105095]: DEBUG cotyledon.oslo_config_glue [-] database.db_inc_retry_interval = True {{(pid=105095) log_opt_values /opt/stack/data/venv/lib/python3.12/site-packages/oslo_config/cfg.py:3253}}
Jun 28 15:20:19.940933 np0000183265 neutron-rpc-server[105078]: ERROR neutron.plugins.ml2.drivers.ovn.mech_driver.ovsdb.ovsdb_monitor [None req-4198fb8c-94fb-41ba-b5ea-140c51eca65d None None] The Neutron API workers count is zero: RuntimeError: The Neutron API workers count is zero
Jun 28 15:20:19.940933 np0000183265 neutron-rpc-server[105078]: ERROR neutron.plugins.ml2.drivers.ovn.mech_driver.ovsdb.ovsdb_monitor
Traceback (most recent call last):
Jun 28 15:20:19.940933 np0000183265 neutron-rpc-server[105078]: ERROR neutron.plugins.ml2.drivers.ovn.mech_driver.ovsdb.ovsdb_monitor
File "/opt/stack/neutron/neutron/plugins/ml2/drivers/ovn/mech_driver/ovsdb/ovsdb_monitor.py", line 989, in notify
Jun 28 15:20:19.940933 np0000183265 neutron-rpc-server[105078]: ERROR neutron.plugins.ml2.drivers.ovn.mech_driver.ovsdb.ovsdb_monitor target_node, node_last_touch = self._hash_ring.get_node(
Jun 28 15:20:19.940933 np0000183265 neutron-rpc-server[105078]: ERROR neutron.plugins.ml2.drivers.ovn.mech_driver.ovsdb.ovsdb_monitor ^^^^^^^^^^^^^^^^^^^^^^^^^
Jun 28 15:20:19.940933 np0000183265 neutron-rpc-server[105078]: ERROR neutron.plugins.ml2.drivers.ovn.mech_driver.ovsdb.ovsdb_monitor
File "/opt/stack/neutron/neutron/common/ovn/hash_ring_manager.py", line 117, in get_node
Jun 28 15:20:19.940933 np0000183265 neutron-rpc-server[105078]: ERROR neutron.plugins.ml2.drivers.ovn.mech_driver.ovsdb.ovsdb_monitor self._load_hash_ring()
Jun 28 15:20:19.940933 np0000183265 neutron-rpc-server[105078]: ERROR neutron.plugins.ml2.drivers.ovn.mech_driver.ovsdb.ovsdb_monitor
File "/opt/stack/neutron/neutron/common/ovn/hash_ring_manager.py", line 95, in _load_hash_ring
Jun 28 15:20:19.940933 np0000183265 neutron-rpc-server[105078]: ERROR neutron.plugins.ml2.drivers.ovn.mech_driver.ovsdb.ovsdb_monitor self._wait_startup_before_caching or
Jun 28 15:20:19.940933 np0000183265 neutron-rpc-server[105078]: ERROR neutron.plugins.ml2.drivers.ovn.mech_driver.ovsdb.ovsdb_monitor ^^^^^^^^^^^^^^^^^^^^^^^^^^^^^^^^^
Jun 28 15:20:19.940933 np0000183265 neutron-rpc-server[105078]: ERROR neutron.plugins.ml2.drivers.ovn.mech_driver.ovsdb.ovsdb_monitor
File "/opt/stack/neutron/neutron/common/ovn/hash_ring_manager.py", line 63, in _wait_startup_before_caching
Jun 28 15:20:19.940933 np0000183265 neutron-rpc-server[105078]: ERROR neutron.plugins.ml2.drivers.ovn.mech_driver.ovsdb.ovsdb_monitor raise RuntimeError(msg)
Jun 28 15:20:19.940933 np0000183265 neutron-rpc-server[105078]: ERROR neutron.plugins.ml2.drivers.ovn.mech_driver.ovsdb.ovsdb_monitor RuntimeError: The Neutron API workers count is zero
Jun 28 15:20:19.941255 np0000183265 neutron-rpc-server[105078]: ERROR neutron.plugins.ml2.drivers.ovn.mech_driver.ovsdb.ovsdb_monitor
Jun 28 15:20:19.941391 np0000183265 neutron-rpc-server[105080]: DEBUG ovsdbapp.backend.ovs_idl [None req-70c284e4-68d5-4fdb-9188-ebec3f8f655d None None] Created schema index Address_Set.name {{(pid=105080) autocreate_indices /opt/stack/data/venv/lib/python3.12/site-packages/ovsdbapp/backend/ovs_idl/__init__.py:106}}
Jun 28 15:20:19.941488 np0000183265 neutron-rpc-server[105095]: DEBUG cotyledon.oslo_config_glue [-] database.db_max_retries = 20 {{(pid=105095) log_opt_values /opt/stack/data/venv/lib/python3.12/site-packages/oslo_config/cfg.py:3253}}
Jun 28 15:20:19.941488 np0000183265 neutron-rpc-server[105095]: DEBUG cotyledon.oslo_config_glue [-] database.db_max_retry_interval = 10 {{(pid=105095) log_opt_values /opt/stack/data/venv/lib/python3.12/site-packages/oslo_config/cfg.py:3253}}
Jun 28 15:20:19.941602 np0000183265 neutron-rpc-server[105078]: ERROR neutron.common.ovn.hash_ring_manager [None req-4198fb8c-94fb-41ba-b5ea-140c51eca65d None None] The Neutron API workers count is zero
Jun 28 15:20:19.941715 np0000183265 neutron-rpc-server[105095]: DEBUG cotyledon.oslo_config_glue [-] database.db_retry_interval = 1 {{(pid=105095) log_opt_values /opt/stack/data/venv/lib/python3.12/site-packages/oslo_config/cfg.py:3253}}
Jun 28 15:20:19.942000 np0000183265 neutron-rpc-server[105080]: DEBUG ovsdbapp.backend.ovs_idl [None req-70c284e4-68d5-4fdb-9188-ebec3f8f655d None None] Created schema index Connection.target {{(pid=105080) autocreate_indices /opt/stack/data/venv/lib/python3.12/site-packages/ovsdbapp/backend/ovs_idl/__init__.py:106}}
Jun 28 15:20:19.942106 np0000183265 neutron-rpc-server[105095]: DEBUG cotyledon.oslo_config_glue [-] database.max_overflow = 50 {{(pid=105095) log_opt_values /opt/stack/data/venv/lib/python3.12/site-packages/oslo_config/cfg.py:3253}}
Jun 28 15:20:19.942106 np0000183265 neutron-rpc-server[105095]: DEBUG cotyledon.oslo_config_glue [-] database.max_pool_size = 5 {{(pid=105095) log_opt_values /opt/stack/data/venv/lib/python3.12/site-packages/oslo_config/cfg.py:3253}}
Jun 28 15:20:19.942217 np0000183265 neutron-rpc-server[105109]: DEBUG cotyledon.oslo_config_glue [-] my_ipv6 = 2604:e100:1:0:f816:3eff:fe9e:68d4 {{(pid=105109) log_opt_values /opt/stack/data/venv/lib/python3.12/site-packages/oslo_config/cfg.py:3242}}
Jun 28 15:20:19.942305 np0000183265 neutron-rpc-server[105080]: DEBUG ovsdbapp.backend.ovs_idl [None req-70c284e4-68d5-4fdb-9188-ebec3f8f655d None None] Created schema index Gateway_Chassis.name {{(pid=105080) autocreate_indices /opt/stack/data/venv/lib/python3.12/site-packages/ovsdbapp/backend/ovs_idl/__init__.py:106}}
Jun 28 15:20:19.942425 np0000183265 neutron-rpc-server[105095]: DEBUG cotyledon.oslo_config_glue [-] database.max_retries = 10 {{(pid=105095) log_opt_values /opt/stack/data/venv/lib/python3.12/site-packages/oslo_config/cfg.py:3253}}
Jun 28 15:20:19.942542 np0000183265 neutron-rpc-server[105078]: ERROR neutron.plugins.ml2.drivers.ovn.mech_driver.ovsdb.ovsdb_monitor [None req-4198fb8c-94fb-41ba-b5ea-140c51eca65d None None] The Neutron API workers count is zero: RuntimeError: The Neutron API workers count is zero
Jun 28 15:20:19.942542 np0000183265 neutron-rpc-server[105078]: ERROR neutron.plugins.ml2.drivers.ovn.mech_driver.ovsdb.ovsdb_monitor
Traceback (most recent call last):
Jun 28 15:20:19.942542 np0000183265 neutron-rpc-server[105078]: ERROR neutron.plugins.ml2.drivers.ovn.mech_driver.ovsdb.ovsdb_monitor
File "/opt/stack/neutron/neutron/plugins/ml2/drivers/ovn/mech_driver/ovsdb/ovsdb_monitor.py", line 989, in notify
Jun 28 15:20:19.942542 np0000183265 neutron-rpc-server[105078]: ERROR neutron.plugins.ml2.drivers.ovn.mech_driver.ovsdb.ovsdb_monitor target_node, node_last_touch = self._hash_ring.get_node(
Jun 28 15:20:19.942542 np0000183265 neutron-rpc-server[105078]: ERROR neutron.plugins.ml2.drivers.ovn.mech_driver.ovsdb.ovsdb_monitor ^^^^^^^^^^^^^^^^^^^^^^^^^
Jun 28 15:20:19.942542 np0000183265 neutron-rpc-server[105078]: ERROR neutron.plugins.ml2.drivers.ovn.mech_driver.ovsdb.ovsdb_monitor
File "/opt/stack/neutron/neutron/common/ovn/hash_ring_manager.py", line 117, in get_node
Jun 28 15:20:19.942542 np0000183265 neutron-rpc-server[105078]: ERROR neutron.plugins.ml2.drivers.ovn.mech_driver.ovsdb.ovsdb_monitor self._load_hash_ring()
Jun 28 15:20:19.942542 np0000183265 neutron-rpc-server[105078]: ERROR neutron.plugins.ml2.drivers.ovn.mech_driver.ovsdb.ovsdb_monitor
File "/opt/stack/neutron/neutron/common/ovn/hash_ring_manager.py", line 95, in _load_hash_ring
Jun 28 15:20:19.942542 np0000183265 neutron-rpc-server[105078]: ERROR neutron.plugins.ml2.drivers.ovn.mech_driver.ovsdb.ovsdb_monitor self._wait_startup_before_caching or
Jun 28 15:20:19.942542 np0000183265 neutron-rpc-server[105078]: ERROR neutron.plugins.ml2.drivers.ovn.mech_driver.ovsdb.ovsdb_monitor ^^^^^^^^^^^^^^^^^^^^^^^^^^^^^^^^^
Jun 28 15:20:19.942542 np0000183265 neutron-rpc-server[105078]: ERROR neutron.plugins.ml2.drivers.ovn.mech_driver.ovsdb.ovsdb_monitor
File "/opt/stack/neutron/neutron/common/ovn/hash_ring_manager.py", line 63, in _wait_startup_before_caching
Jun 28 15:20:19.942542 np0000183265 neutron-rpc-server[105078]: ERROR neutron.plugins.ml2.drivers.ovn.mech_driver.ovsdb.ovsdb_monitor raise RuntimeError(msg)
Jun 28 15:20:19.942542 np0000183265 neutron-rpc-server[105078]: ERROR neutron.plugins.ml2.drivers.ovn.mech_driver.ovsdb.ovsdb_monitor RuntimeError: The Neutron API workers count is zero
Jun 28 15:20:19.942919 np0000183265 neutron-rpc-server[105078]: ERROR neutron.plugins.ml2.drivers.ovn.mech_driver.ovsdb.ovsdb_monitor
Jun 28 15:20:19.942999 np0000183265 neutron-rpc-server[105095]: DEBUG cotyledon.oslo_config_glue [-] database.mysql_sql_mode = TRADITIONAL {{(pid=105095) log_opt_values /opt/stack/data/venv/lib/python3.12/site-packages/oslo_config/cfg.py:3253}}
Jun 28 15:20:19.943078 np0000183265 neutron-rpc-server[105080]: DEBUG ovsdbapp.backend.ovs_idl [None req-70c284e4-68d5-4fdb-9188-ebec3f8f655d None None] Created schema index Mirror.name {{(pid=105080) autocreate_indices /opt/stack/data/venv/lib/python3.12/site-packages/ovsdbapp/backend/ovs_idl/__init__.py:106}}
Jun 28 15:20:19.943189 np0000183265 neutron-rpc-server[105095]: DEBUG cotyledon.oslo_config_glue [-] database.mysql_wsrep_sync_wait = None {{(pid=105095) log_opt_values /opt/stack/data/venv/lib/python3.12/site-packages/oslo_config/cfg.py:3253}}
Jun 28 15:20:19.943189 np0000183265 neutron-rpc-server[105095]: DEBUG cotyledon.oslo_config_glue [-] database.pool_timeout = None {{(pid=105095) log_opt_values /opt/stack/data/venv/lib/python3.12/site-packages/oslo_config/cfg.py:3253}}
Jun 28 15:20:19.943353 np0000183265 neutron-rpc-server[105078]: ERROR neutron.common.ovn.hash_ring_manager [None req-4198fb8c-94fb-41ba-b5ea-140c51eca65d None None] The Neutron API workers count is zero
Jun 28 15:20:19.943445 np0000183265 neutron-rpc-server[105080]: DEBUG ovsdbapp.backend.ovs_idl [None req-70c284e4-68d5-4fdb-9188-ebec3f8f655d None None] Created schema index Chassis_Template_Var.chassis {{(pid=105080) autocreate_indices /opt/stack/data/venv/lib/python3.12/site-packages/ovsdbapp/backend/ovs_idl/__init__.py:106}}
Jun 28 15:20:19.943554 np0000183265 neutron-rpc-server[105095]: DEBUG cotyledon.oslo_config_glue [-] database.retry_interval = 10 {{(pid=105095) log_opt_values /opt/stack/data/venv/lib/python3.12/site-packages/oslo_config/cfg.py:3253}}
Jun 28 15:20:19.943554 np0000183265 neutron-rpc-server[105095]: DEBUG cotyledon.oslo_config_glue [-] database.slave_connection = **** {{(pid=105095) log_opt_values /opt/stack/data/venv/lib/python3.12/site-packages/oslo_config/cfg.py:3253}}
Jun 28 15:20:19.943679 np0000183265 neutron-rpc-server[105080]: DEBUG ovsdbapp.backend.ovs_idl [None req-70c284e4-68d5-4fdb-9188-ebec3f8f655d None None] Created schema index Logical_Router_Port.name {{(pid=105080) autocreate_indices /opt/stack/data/venv/lib/python3.12/site-packages/ovsdbapp/backend/ovs_idl/__init__.py:106}}
Jun 28 15:20:19.943791 np0000183265 neutron-rpc-server[105095]: DEBUG cotyledon.oslo_config_glue [-] database.sqlite_synchronous = True {{(pid=105095) log_opt_values /opt/stack/data/venv/lib/python3.12/site-packages/oslo_config/cfg.py:3253}}
Jun 28 15:20:19.943878 np0000183265 neutron-rpc-server[105109]: DEBUG cotyledon.oslo_config_glue [-] network_auto_schedule = True {{(pid=105109) log_opt_values /opt/stack/data/venv/lib/python3.12/site-packages/oslo_config/cfg.py:3242}}
Jun 28 15:20:19.943967 np0000183265 neutron-rpc-server[105095]: DEBUG cotyledon.oslo_config_glue [-] database.synchronous_reader = True {{(pid=105095) log_opt_values /opt/stack/data/venv/lib/python3.12/site-packages/oslo_config/cfg.py:3253}}
Jun 28 15:20:19.944067 np0000183265 neutron-rpc-server[105080]: DEBUG ovsdbapp.backend.ovs_idl [None req-70c284e4-68d5-4fdb-9188-ebec3f8f655d None None] Created schema index Port_Group.name {{(pid=105080) autocreate_indices /opt/stack/data/venv/lib/python3.12/site-packages/ovsdbapp/backend/ovs_idl/__init__.py:106}}
Jun 28 15:20:19.944150 np0000183265 neutron-rpc-server[105095]: DEBUG cotyledon.oslo_config_glue [-] database.use_db_reconnect = False {{(pid=105095) log_opt_values /opt/stack/data/venv/lib/python3.12/site-packages/oslo_config/cfg.py:3253}}
Jun 28 15:20:19.944242 np0000183265 neutron-rpc-server[105078]: ERROR neutron.plugins.ml2.drivers.ovn.mech_driver.ovsdb.ovsdb_monitor [None req-4198fb8c-94fb-41ba-b5ea-140c51eca65d None None] The Neutron API workers count is zero: RuntimeError: The Neutron API workers count is zero
Jun 28 15:20:19.944242 np0000183265 neutron-rpc-server[105078]: ERROR neutron.plugins.ml2.drivers.ovn.mech_driver.ovsdb.ovsdb_monitor
Traceback (most recent call last):
Jun 28 15:20:19.944242 np0000183265 neutron-rpc-server[105078]: ERROR neutron.plugins.ml2.drivers.ovn.mech_driver.ovsdb.ovsdb_monitor
File "/opt/stack/neutron/neutron/plugins/ml2/drivers/ovn/mech_driver/ovsdb/ovsdb_monitor.py", line 989, in notify
Jun 28 15:20:19.944242 np0000183265 neutron-rpc-server[105078]: ERROR neutron.plugins.ml2.drivers.ovn.mech_driver.ovsdb.ovsdb_monitor target_node, node_last_touch = self._hash_ring.get_node(
Jun 28 15:20:19.944242 np0000183265 neutron-rpc-server[105078]: ERROR neutron.plugins.ml2.drivers.ovn.mech_driver.ovsdb.ovsdb_monitor ^^^^^^^^^^^^^^^^^^^^^^^^^
Jun 28 15:20:19.944242 np0000183265 neutron-rpc-server[105078]: ERROR neutron.plugins.ml2.drivers.ovn.mech_driver.ovsdb.ovsdb_monitor
File "/opt/stack/neutron/neutron/common/ovn/hash_ring_manager.py", line 117, in get_node
Jun 28 15:20:19.944242 np0000183265 neutron-rpc-server[105078]: ERROR neutron.plugins.ml2.drivers.ovn.mech_driver.ovsdb.ovsdb_monitor self._load_hash_ring()
Jun 28 15:20:19.944242 np0000183265 neutron-rpc-server[105078]: ERROR neutron.plugins.ml2.drivers.ovn.mech_driver.ovsdb.ovsdb_monitor
File "/opt/stack/neutron/neutron/common/ovn/hash_ring_manager.py", line 95, in _load_hash_ring
Jun 28 15:20:19.944242 np0000183265 neutron-rpc-server[105078]: ERROR neutron.plugins.ml2.drivers.ovn.mech_driver.ovsdb.ovsdb_monitor self._wait_startup_before_caching or
Jun 28 15:20:19.944242 np0000183265 neutron-rpc-server[105078]: ERROR neutron.plugins.ml2.drivers.ovn.mech_driver.ovsdb.ovsdb_monitor ^^^^^^^^^^^^^^^^^^^^^^^^^^^^^^^^^
Jun 28 15:20:19.944242 np0000183265 neutron-rpc-server[105078]: ERROR neutron.plugins.ml2.drivers.ovn.mech_driver.ovsdb.ovsdb_monitor
File "/opt/stack/neutron/neutron/common/ovn/hash_ring_manager.py", line 63, in _wait_startup_before_caching
Jun 28 15:20:19.944242 np0000183265 neutron-rpc-server[105078]: ERROR neutron.plugins.ml2.drivers.ovn.mech_driver.ovsdb.ovsdb_monitor raise RuntimeError(msg)
Jun 28 15:20:19.944242 np0000183265 neutron-rpc-server[105078]: ERROR neutron.plugins.ml2.drivers.ovn.mech_driver.ovsdb.ovsdb_monitor RuntimeError: The Neutron API workers count is zero
Jun 28 15:20:19.944575 np0000183265 neutron-rpc-server[105078]: ERROR neutron.plugins.ml2.drivers.ovn.mech_driver.ovsdb.ovsdb_monitor
Jun 28 15:20:19.944667 np0000183265 neutron-rpc-server[105080]: DEBUG ovsdbapp.backend.ovs_idl [None req-70c284e4-68d5-4fdb-9188-ebec3f8f655d None None] Created schema index Logical_Switch_Port.name {{(pid=105080) autocreate_indices /opt/stack/data/venv/lib/python3.12/site-packages/ovsdbapp/backend/ovs_idl/__init__.py:106}}
Jun 28 15:20:19.944766 np0000183265 neutron-rpc-server[105095]: DEBUG cotyledon.oslo_config_glue [-] ovn.bfd_min_rx = 1000 {{(pid=105095) log_opt_values /opt/stack/data/venv/lib/python3.12/site-packages/oslo_config/cfg.py:3253}}
