Feb 19 02:42:33.722115 np0000156479 devstack@neutron-api.service[91268]: DEBUG neutron.pecan_wsgi.hooks.policy_enforcement [None req-cee403da-d316-41a9-a1a2-5dd927dc2637 admin admin] Attributes excluded by policy engine: ['standard_attr_id'] {{(pid=91268) _exclude_attributes_by_policy /opt/stack/neutron/neutron/pecan_wsgi/hooks/policy_enforcement.py:258}}
Feb 19 02:42:33.722457 np0000156479 devstack@neutron-api.service[91268]: DEBUG neutron_lib.callbacks.manager [None req-cee403da-d316-41a9-a1a2-5dd927dc2637 admin admin] Publish callbacks [] for network (None), before_response {{(pid=91268) _notify_loop /opt/stack/data/venv/lib/python3.12/site-packages/neutron_lib/callbacks/manager.py:184}}
Feb 19 02:42:33.738824 np0000156479 devstack@neutron-api.service[91268]: DEBUG neutron.plugins.ml2.plugin [None req-4dd68f45-45e8-43fa-bcce-d58f73928efd None None] Current status of the port 4c1087d6-fbde-462e-9763-3c15ef9f8bac is: DOWN; New status is: DOWN {{(pid=91268) _update_individual_port_db_status /opt/stack/neutron/neutron/plugins/ml2/plugin.py:2461}}
Feb 19 02:42:33.740074 np0000156479 devstack@neutron-api.service[91268]: DEBUG ovsdbapp.backend.ovs_idl.transaction [None req-4965b7d1-1b8d-4ccc-941b-4b79cdca877a None None] Running txn n=1 command(idx=0): DbRemoveCommand(_result=None, table=Logical_Switch_Port, record=4c1087d6-fbde-462e-9763-3c15ef9f8bac, column=external_ids, values=('neutron:host_id',), keyvalues={}, if_exists=True) {{(pid=91268) do_commit /opt/stack/data/venv/lib/python3.12/site-packages/ovsdbapp/backend/ovs_idl/transaction.py:89}}
Feb 19 02:42:33.744991 np0000156479 devstack@neutron-api.service[91268]: [pid: 91268|app: 0|req: 45/91] 199.19.213.130 () {68 vars in 1357 bytes} [Thu Feb 19 02:42:33 2026] POST /networking/v2.0/networks => generated 679 bytes in 492 msecs (HTTP/1.1 201) 4 headers in 162 bytes (1 switches on core 0)
Feb 19 02:42:33.911069 np0000156479 devstack@neutron-api.service[91267]: INFO neutron.pecan_wsgi.hooks.translation [None req-f30e23a3-26f9-409a-88b0-da3a275ef4a1 admin admin] GET failed (client error): The resource could not be found.
Feb 19 02:42:33.912346 np0000156479 devstack@neutron-api.service[91267]: [pid: 91267|app: 0|req: 47/92] 199.19.213.130 () {64 vars in 1325 bytes} [Thu Feb 19 02:42:33 2026] GET /networking/v2.0/networks/shared => generated 108 bytes in 10 msecs (HTTP/1.1 404) 4 headers in 164 bytes (1 switches on core 0)
Feb 19 02:42:33.985236 np0000156479 devstack@neutron-api.service[91268]: DEBUG neutron.pecan_wsgi.hooks.policy_enforcement [None req-9e04e231-0992-4819-a506-28bdfd2f6705 admin admin] Attributes excluded by policy engine: ['standard_attr_id'] {{(pid=91268) _exclude_attributes_by_policy /opt/stack/neutron/neutron/pecan_wsgi/hooks/policy_enforcement.py:258}}
Feb 19 02:42:33.986233 np0000156479 devstack@neutron-api.service[91268]: [pid: 91268|app: 0|req: 46/93] 199.19.213.130 () {64 vars in 1340 bytes} [Thu Feb 19 02:42:33 2026] GET /networking/v2.0/networks?name=shared => generated 663 bytes in 63 msecs (HTTP/1.1 200) 4 headers in 157 bytes (1 switches on core 0)
Feb 19 02:42:34.006206 np0000156479 devstack@neutron-api.service[91267]: DEBUG neutron.api.v2.base [None req-58d74bb9-a98f-4ef7-8239-b44f5ea2cf1e admin admin] Request body: {'subnet': {'name': 'shared-subnet', 'description': 'shared-subnet', 'cidr': '192.168.233.0/24', 'network_id': 'd55053ab-5de5-488b-b82c-71abae1df54e', 'ip_version': 4}} {{(pid=91267) prepare_request_body /opt/stack/neutron/neutron/api/v2/base.py:729}}
Feb 19 02:42:34.065559 np0000156479 devstack@neutron-api.service[91267]: DEBUG neutron.pecan_wsgi.hooks.quota_enforcement [None req-58d74bb9-a98f-4ef7-8239-b44f5ea2cf1e admin admin] Made reservation on behalf of c96498b0ba5d43adaa309bed16d283d8 for: {'subnet': 1} {{(pid=91267) before /opt/stack/neutron/neutron/pecan_wsgi/hooks/quota_enforcement.py:66}}
Feb 19 02:42:34.070194 np0000156479 devstack@neutron-api.service[91267]: DEBUG neutron_lib.callbacks.manager [None req-58d74bb9-a98f-4ef7-8239-b44f5ea2cf1e admin admin] Publish callbacks [] for subnet (None), before_create {{(pid=91267) _notify_loop /opt/stack/data/venv/lib/python3.12/site-packages/neutron_lib/callbacks/manager.py:184}}
Feb 19 02:42:34.135565 np0000156479 devstack@neutron-api.service[91267]: DEBUG neutron.db.ovn_revision_numbers_db [None req-58d74bb9-a98f-4ef7-8239-b44f5ea2cf1e admin admin] create_initial_revision uuid=49ac1eb4-4004-4f41-a14a-3ba967f9f600, type=subnets, rev=-1 {{(pid=91267) create_initial_revision /opt/stack/neutron/neutron/db/ovn_revision_numbers_db.py:98}}
Feb 19 02:42:34.150982 np0000156479 devstack@neutron-api.service[91267]: DEBUG neutron_lib.callbacks.manager [None req-58d74bb9-a98f-4ef7-8239-b44f5ea2cf1e admin admin] Publish callbacks ['neutron.plugins.ml2.ovo_rpc._ObjectChangeHandler.handle_event-7383761'] for subnet (49ac1eb4-4004-4f41-a14a-3ba967f9f600), after_create {{(pid=91267) _notify_loop /opt/stack/data/venv/lib/python3.12/site-packages/neutron_lib/callbacks/manager.py:184}}
Feb 19 02:42:34.167244 np0000156479 devstack@neutron-api.service[91267]: DEBUG neutron.api.rpc.handlers.resources_rpc [None req-58d74bb9-a98f-4ef7-8239-b44f5ea2cf1e admin admin] Pushing event updated for resources: {'Subnet': ['ID=49ac1eb4-4004-4f41-a14a-3ba967f9f600,revision_number=0']} {{(pid=91267) push /opt/stack/neutron/neutron/api/rpc/handlers/resources_rpc.py:237}}
Feb 19 02:42:34.173080 np0000156479 devstack@neutron-api.service[91267]: DEBUG neutron.api.rpc.callbacks.version_manager [None req-58d74bb9-a98f-4ef7-8239-b44f5ea2cf1e admin admin] Tracked resource versions report:
Feb 19 02:42:34.173080 np0000156479 devstack@neutron-api.service[91267]: pushed versions:
Feb 19 02:42:34.173080 np0000156479 devstack@neutron-api.service[91267]: { 'AddressGroup': {'1.2'},
Feb 19 02:42:34.173080 np0000156479 devstack@neutron-api.service[91267]: 'Agent': {'1.1'},
Feb 19 02:42:34.173080 np0000156479 devstack@neutron-api.service[91267]: 'ConntrackHelper': {'1.0'},
Feb 19 02:42:34.173080 np0000156479 devstack@neutron-api.service[91267]: 'LocalIPAssociation': {'1.0'},
Feb 19 02:42:34.173080 np0000156479 devstack@neutron-api.service[91267]: 'Log': {'1.0'},
Feb 19 02:42:34.173080 np0000156479 devstack@neutron-api.service[91267]: 'NDPProxy': {'1.0'},
Feb 19 02:42:34.173080 np0000156479 devstack@neutron-api.service[91267]: 'Network': {'1.2'},
Feb 19 02:42:34.173080 np0000156479 devstack@neutron-api.service[91267]: 'Port': {'1.10'},
Feb 19 02:42:34.173080 np0000156479 devstack@neutron-api.service[91267]: 'PortForwarding': {'1.3'},
Feb 19 02:42:34.173080 np0000156479 devstack@neutron-api.service[91267]: 'QosPolicy': {'1.10'},
Feb 19 02:42:34.173080 np0000156479 devstack@neutron-api.service[91267]: 'SecurityGroup': {'1.6'},
Feb 19 02:42:34.173080 np0000156479 devstack@neutron-api.service[91267]: 'SecurityGroupRule': {'1.3'},
Feb 19 02:42:34.173080 np0000156479 devstack@neutron-api.service[91267]: 'SubPort': {'1.0'},
Feb 19 02:42:34.173080 np0000156479 devstack@neutron-api.service[91267]: 'Subnet': {'1.2'},
Feb 19 02:42:34.173080 np0000156479 devstack@neutron-api.service[91267]: 'Trunk': {'1.1'}}
Feb 19 02:42:34.173080 np0000156479 devstack@neutron-api.service[91267]: consumer versions:
Feb 19 02:42:34.173080 np0000156479 devstack@neutron-api.service[91267]: { OVN Controller Gateway agent@np0000156479: {},
Feb 19 02:42:34.173080 np0000156479 devstack@neutron-api.service[91267]: OVN Neutron agent@np0000156479: {}}
Feb 19 02:42:34.173080 np0000156479 devstack@neutron-api.service[91267]: {{(pid=91267) report /opt/stack/neutron/neutron/api/rpc/callbacks/version_manager.py:183}}
Feb 19 02:42:34.225159 np0000156479 devstack@neutron-api.service[91267]: DEBUG neutron_lib.callbacks.manager [None req-58d74bb9-a98f-4ef7-8239-b44f5ea2cf1e admin admin] Publish callbacks ['neutron.plugins.ml2.plugin.SecurityGroupDbMixin._ensure_default_security_group_handler-24236', 'neutron.services.ovn_l3.plugin.OVNL3RouterPlugin._port_update-8224286778108', 'neutron.db.l3_db.L3_NAT_dbonly_mixin._prevent_internal_ip_change_for_fip-8224288306860'] for port (4c1087d6-fbde-462e-9763-3c15ef9f8bac), before_update {{(pid=91267) _notify_loop /opt/stack/data/venv/lib/python3.12/site-packages/neutron_lib/callbacks/manager.py:184}}
Feb 19 02:42:34.308946 np0000156479 devstack@neutron-api.service[91267]: DEBUG neutron.db.db_base_plugin_common [None req-58d74bb9-a98f-4ef7-8239-b44f5ea2cf1e admin admin] Allocated IP 192.168.233.2 (d55053ab-5de5-488b-b82c-71abae1df54e/49ac1eb4-4004-4f41-a14a-3ba967f9f600/4c1087d6-fbde-462e-9763-3c15ef9f8bac) {{(pid=91267) _store_ip_allocation /opt/stack/neutron/neutron/db/db_base_plugin_common.py:131}}
Feb 19 02:42:34.368438 np0000156479 devstack@neutron-api.service[91267]: DEBUG neutron_lib.callbacks.manager [None req-58d74bb9-a98f-4ef7-8239-b44f5ea2cf1e admin admin] Publish callbacks [] for port (4c1087d6-fbde-462e-9763-3c15ef9f8bac), precommit_update {{(pid=91267) _notify_loop /opt/stack/data/venv/lib/python3.12/site-packages/neutron_lib/callbacks/manager.py:184}}
Feb 19 02:42:34.368581 np0000156479 devstack@neutron-api.service[91267]: DEBUG neutron.plugins.ml2.drivers.ovn.mech_driver.mech_driver [None req-58d74bb9-a98f-4ef7-8239-b44f5ea2cf1e admin admin] No provisioning block for port 4c1087d6-fbde-462e-9763-3c15ef9f8bac since it does not have a host {{(pid=91267) _is_port_provisioning_required /opt/stack/neutron/neutron/plugins/ml2/drivers/ovn/mech_driver/mech_driver.py:883}}
Feb 19 02:42:34.375894 np0000156479 devstack@neutron-api.service[91267]: DEBUG neutron_lib.callbacks.manager [None req-58d74bb9-a98f-4ef7-8239-b44f5ea2cf1e admin admin] Publish callbacks ['neutron.plugins.ml2.ovo_rpc._ObjectChangeHandler.handle_event-7383767', 'neutron.db.l3_db.L3RpcNotifierMixin._notify_gateway_port_ip_changed-8224288312230', 'neutron.services.ovn_l3.plugin.OVNL3RouterPlugin._port_update-8224286778108', 'neutron.services.trunk.plugin.TrunkPlugin._trigger_trunk_status_change-558750', 'neutron.services.trunk.drivers.openvswitch.driver.OVSDriver._subport_binding-8249196', 'neutron.services.trunk.drivers.ovn.trunk_driver.OVNTrunkHandler.port_updated-8248975'] for port (4c1087d6-fbde-462e-9763-3c15ef9f8bac), after_update {{(pid=91267) _notify_loop /opt/stack/data/venv/lib/python3.12/site-packages/neutron_lib/callbacks/manager.py:184}}
Feb 19 02:42:34.405745 np0000156479 devstack@neutron-api.service[91267]: DEBUG neutron.api.rpc.handlers.resources_rpc [None req-58d74bb9-a98f-4ef7-8239-b44f5ea2cf1e admin admin] Pushing event updated for resources: {'Port': ['ID=4c1087d6-fbde-462e-9763-3c15ef9f8bac,revision_number=2']} {{(pid=91267) push /opt/stack/neutron/neutron/api/rpc/handlers/resources_rpc.py:237}}
Feb 19 02:42:34.508142 np0000156479 devstack@neutron-api.service[91267]: DEBUG ovsdbapp.backend.ovs_idl.transaction [None req-88f1842d-d850-42b7-858b-951bebc01a33 None None] Running txn n=1 command(idx=0): CheckRevisionNumberCommand(_result=None, name=4c1087d6-fbde-462e-9763-3c15ef9f8bac, resource={'id': '4c1087d6-fbde-462e-9763-3c15ef9f8bac', 'name': '', 'network_id': 'd55053ab-5de5-488b-b82c-71abae1df54e', 'project_id': 'c96498b0ba5d43adaa309bed16d283d8', 'mac_address': 'fa:16:3e:36:96:91', 'admin_state_up': True, 'status': 'DOWN', 'device_id': 'ovnmeta-d55053ab-5de5-488b-b82c-71abae1df54e', 'device_owner': 'network:distributed', 'standard_attr_id': 39, 'fixed_ips': [{'subnet_id': '49ac1eb4-4004-4f41-a14a-3ba967f9f600', 'ip_address': '192.168.233.2'}], 'allowed_address_pairs': [], 'extra_dhcp_opts': [], 'security_groups': [], 'description': '', 'binding:vnic_type': 'normal', 'binding:profile': {}, 'binding:host_id': '', 'binding:vif_type': 'unbound', 'binding:vif_details': {}, 'port_security_enabled': False, 'tags': [], 'created_at': '2026-02-19T02:42:33Z', 'updated_at': '2026-02-19T02:42:34Z', 'revision_number': 2, 'tenant_id': 'c96498b0ba5d43adaa309bed16d283d8', 'network': {'id': 'd55053ab-5de5-488b-b82c-71abae1df54e', 'name': 'shared', 'tenant_id': 'c96498b0ba5d43adaa309bed16d283d8', 'project_id': 'c96498b0ba5d43adaa309bed16d283d8', 'admin_state_up': True, 'mtu': 1372, 'status': 'ACTIVE', 'subnets': ['49ac1eb4-4004-4f41-a14a-3ba967f9f600'], 'standard_attr_id': 37, 'shared': True, 'availability_zone_hints': [], 'availability_zones': [], 'ipv4_address_scope': None, 'ipv6_address_scope': None, 'router:external': False, 'qinq': False, 'vlan_transparent': False, 'description': '', 'port_security_enabled': True, 'tags': [], 'created_at': '2026-02-19T02:42:33Z', 'updated_at': '2026-02-19T02:42:34Z', 'revision_number': 2, 'provider:network_type': 'geneve', 'provider:physical_network': None, 'provider:segmentation_id': 39166}}, resource_type=ports, if_exists=True) {{(pid=91267) do_commit /opt/stack/data/venv/lib/python3.12/site-packages/ovsdbapp/backend/ovs_idl/transaction.py:89}}
Feb 19 02:42:34.508860 np0000156479 devstack@neutron-api.service[91267]: DEBUG ovsdbapp.backend.ovs_idl.transaction [None req-88f1842d-d850-42b7-858b-951bebc01a33 None None] Running txn n=1 command(idx=1): AddDHCPOptionsCommand(_result=None, columns={'cidr': '192.168.233.0/24', 'options': {'server_id': '192.168.233.1', 'lease_time': '43200', 'mtu': '1372', 'router': '192.168.233.1', 'server_mac': 'fa:16:3e:a4:f7:be', 'dns_server': '{127.0.0.53}', 'classless_static_route': '{169.254.169.254/32,192.168.233.2, 0.0.0.0/0,192.168.233.1}'}, 'external_ids': {'subnet_id': '49ac1eb4-4004-4f41-a14a-3ba967f9f600', 'neutron:revision_number': '0'}}, may_exist=True, subnet_id=49ac1eb4-4004-4f41-a14a-3ba967f9f600, port_id=None, new_insert=False) {{(pid=91267) do_commit /opt/stack/data/venv/lib/python3.12/site-packages/ovsdbapp/backend/ovs_idl/transaction.py:89}}
Feb 19 02:42:34.509533 np0000156479 devstack@neutron-api.service[91267]: DEBUG ovsdbapp.backend.ovs_idl.transaction [None req-88f1842d-d850-42b7-858b-951bebc01a33 None None] Running txn n=1 command(idx=2): SetLSwitchPortCommand(_result=None, lport=4c1087d6-fbde-462e-9763-3c15ef9f8bac, external_ids_update=None, columns={'external_ids': {'neutron:port_name': '', 'neutron:device_id': 'ovnmeta-d55053ab-5de5-488b-b82c-71abae1df54e', 'neutron:project_id': 'c96498b0ba5d43adaa309bed16d283d8', 'neutron:cidrs': '192.168.233.2/24', 'neutron:device_owner': 'network:distributed', 'neutron:subnet_pool_addr_scope4': '', 'neutron:subnet_pool_addr_scope6': '', 'neutron:network_name': 'neutron-d55053ab-5de5-488b-b82c-71abae1df54e', 'neutron:security_group_ids': '', 'neutron:revision_number': '2', 'neutron:vnic_type': 'normal', 'neutron:port_capabilities': '', 'neutron:mtu': ''}, 'parent_name': [], 'tag': [], 'options': {}, 'enabled': True, 'port_security': [], 'dhcpv4_options': [], 'dhcpv6_options': [], 'type': 'localport', 'addresses': ['fa:16:3e:36:96:91 192.168.233.2'], 'ha_chassis_group': []}, if_exists=False) {{(pid=91267) do_commit /opt/stack/data/venv/lib/python3.12/site-packages/ovsdbapp/backend/ovs_idl/transaction.py:89}}
Feb 19 02:42:34.510936 np0000156479 devstack@neutron-api.service[91267]: DEBUG ovsdbapp.backend.ovs_idl.transaction [None req-88f1842d-d850-42b7-858b-951bebc01a33 None None] Running txn n=1 command(idx=3): PgDelPortCommand(_result=None, port_group=neutron_pg_drop, lsp=['4c1087d6-fbde-462e-9763-3c15ef9f8bac'], if_exists=False) {{(pid=91267) do_commit /opt/stack/data/venv/lib/python3.12/site-packages/ovsdbapp/backend/ovs_idl/transaction.py:89}}
Feb 19 02:42:34.516680 np0000156479 devstack@neutron-api.service[91268]: DEBUG neutron.plugins.ml2.drivers.ovn.mech_driver.ovsdb.ovsdb_monitor [None req-4965b7d1-1b8d-4ccc-941b-4b79cdca877a None None] Hash Ring: Node c68e6faf40875702b91b06d0bacf3041 (host: np0000156479) handling event "create" for row bd9f53d0-74c7-4797-9873-983f147c5aa0 (table: DHCP_Options) {{(pid=91268) notify /opt/stack/neutron/neutron/plugins/ml2/drivers/ovn/mech_driver/ovsdb/ovsdb_monitor.py:920}}
Feb 19 02:42:34.517289 np0000156479 devstack@neutron-api.service[91268]: DEBUG neutron.plugins.ml2.drivers.ovn.mech_driver.ovsdb.ovsdb_monitor [None req-4965b7d1-1b8d-4ccc-941b-4b79cdca877a None None] Hash Ring: Node c68e6faf40875702b91b06d0bacf3041 (host: np0000156479) handling event "update" for row 2acb5f25-3472-4a06-83a5-f2aef87416de (table: Logical_Switch_Port) {{(pid=91268) notify /opt/stack/neutron/neutron/plugins/ml2/drivers/ovn/mech_driver/ovsdb/ovsdb_monitor.py:920}}
Feb 19 02:42:34.522485 np0000156479 devstack@neutron-api.service[91267]: DEBUG neutron.plugins.ml2.drivers.ovn.mech_driver.ovsdb.ovsdb_monitor [None req-be6f816d-0463-46a0-a987-956ea0d3cd28 None None] Hash Ring: Node 9680edf6f30854d2af984fa7b5a60e35 (host: np0000156479) handling event "update" for row 674f735b-ce05-4393-9653-9a0617610a9c (table: Port_Binding) {{(pid=91267) notify /opt/stack/neutron/neutron/plugins/ml2/drivers/ovn/mech_driver/ovsdb/ovsdb_monitor.py:920}}
Feb 19 02:42:34.549059 np0000156479 devstack@neutron-api.service[91267]: INFO neutron.db.ovn_revision_numbers_db [None req-58d74bb9-a98f-4ef7-8239-b44f5ea2cf1e admin admin] Successfully bumped revision number for resource 4c1087d6-fbde-462e-9763-3c15ef9f8bac (type: ports) to 2
Feb 19 02:42:34.558822 np0000156479 devstack@neutron-api.service[91267]: DEBUG neutron.plugins.ml2.plugin [None req-58d74bb9-a98f-4ef7-8239-b44f5ea2cf1e admin admin] In _notify_port_updated(), no bound segment for port 4c1087d6-fbde-462e-9763-3c15ef9f8bac on network d55053ab-5de5-488b-b82c-71abae1df54e {{(pid=91267) _notify_port_updated /opt/stack/neutron/neutron/plugins/ml2/plugin.py:1036}}
Feb 19 02:42:34.581886 np0000156479 devstack@neutron-api.service[91267]: INFO neutron.db.ovn_revision_numbers_db [None req-58d74bb9-a98f-4ef7-8239-b44f5ea2cf1e admin admin] Successfully bumped revision number for resource 49ac1eb4-4004-4f41-a14a-3ba967f9f600 (type: subnets) to 0
Feb 19 02:42:34.583289 np0000156479 devstack@neutron-api.service[91267]: DEBUG neutron.pecan_wsgi.hooks.policy_enforcement [None req-58d74bb9-a98f-4ef7-8239-b44f5ea2cf1e admin admin] Attributes excluded by policy engine: ['standard_attr_id', 'shared', 'network'] {{(pid=91267) _exclude_attributes_by_policy /opt/stack/neutron/neutron/pecan_wsgi/hooks/policy_enforcement.py:258}}
Feb 19 02:42:34.583615 np0000156479 devstack@neutron-api.service[91267]: DEBUG neutron_lib.callbacks.manager [None req-58d74bb9-a98f-4ef7-8239-b44f5ea2cf1e admin admin] Publish callbacks [] for subnet (None), before_response {{(pid=91267) _notify_loop /opt/stack/data/venv/lib/python3.12/site-packages/neutron_lib/callbacks/manager.py:184}}
Feb 19 02:42:34.594680 np0000156479 devstack@neutron-api.service[91267]: [pid: 91267|app: 0|req: 48/94] 199.19.213.130 () {68 vars in 1355 bytes} [Thu Feb 19 02:42:34 2026] POST /networking/v2.0/subnets => generated 665 bytes in 593 msecs (HTTP/1.1 201) 4 headers in 162 bytes (1 switches on core 0)
Feb 19 02:42:35.341267 np0000156479 devstack@neutron-api.service[91267]: DEBUG futurist.periodics [-] Submitting periodic callback 'neutron.plugins.ml2.drivers.ovn.mech_driver.ovsdb.maintenance.HashRingHealthCheckPeriodics.touch_hash_ring_node' {{(pid=91267) _process_scheduled /opt/stack/data/venv/lib/python3.12/site-packages/futurist/periodics.py:638}}
Feb 19 02:42:35.342336 np0000156479 devstack@neutron-api.service[91267]: DEBUG neutron.plugins.ml2.drivers.ovn.mech_driver.ovsdb.maintenance [-] Touching Hash Ring node "9680edf6f30854d2af984fa7b5a60e35" from periodic health check thread {{(pid=91267) touch_hash_ring_node /opt/stack/neutron/neutron/plugins/ml2/drivers/ovn/mech_driver/ovsdb/maintenance.py:1135}}
Feb 19 02:42:36.322402 np0000156479 devstack@neutron-api.service[91268]: DEBUG futurist.periodics [-] Submitting periodic callback 'neutron.plugins.ml2.drivers.ovn.mech_driver.ovsdb.maintenance.HashRingHealthCheckPeriodics.touch_hash_ring_node' {{(pid=91268) _process_scheduled /opt/stack/data/venv/lib/python3.12/site-packages/futurist/periodics.py:638}}
Feb 19 02:42:36.323552 np0000156479 devstack@neutron-api.service[91268]: DEBUG neutron.plugins.ml2.drivers.ovn.mech_driver.ovsdb.maintenance [-] Touching Hash Ring node "c68e6faf40875702b91b06d0bacf3041" from periodic health check thread {{(pid=91268) touch_hash_ring_node /opt/stack/neutron/neutron/plugins/ml2/drivers/ovn/mech_driver/ovsdb/maintenance.py:1135}}
Feb 19 02:42:41.427006 np0000156479 devstack@neutron-api.service[91267]: DEBUG neutron.plugins.ml2.drivers.ovn.mech_driver.ovsdb.ovsdb_monitor [None req-be6f816d-0463-46a0-a987-956ea0d3cd28 None None] ChassisOVNAgentWriteEvent : Matched Chassis_Private, update, None None {{(pid=91267) matches /opt/stack/neutron/neutron/plugins/ml2/drivers/ovn/mech_driver/ovsdb/ovsdb_monitor.py:65}}
Feb 19 02:42:41.428491 np0000156479 devstack@neutron-api.service[91268]: DEBUG neutron.plugins.ml2.drivers.ovn.mech_driver.ovsdb.ovsdb_monitor [None req-ac84e17e-7189-4592-a597-09acd64143cc None None] ChassisOVNAgentWriteEvent : Matched Chassis_Private, update, None None {{(pid=91268) matches /opt/stack/neutron/neutron/plugins/ml2/drivers/ovn/mech_driver/ovsdb/ovsdb_monitor.py:65}}
Feb 19 02:42:41.430505 np0000156479 devstack@neutron-api.service[91268]: DEBUG neutron.plugins.ml2.drivers.ovn.mech_driver.ovsdb.ovsdb_monitor [None req-ac84e17e-7189-4592-a597-09acd64143cc None None] Touching Hash Ring node "c68e6faf40875702b91b06d0bacf3041" from IDL notify handler {{(pid=91268) notify /opt/stack/neutron/neutron/plugins/ml2/drivers/ovn/mech_driver/ovsdb/ovsdb_monitor.py:912}}
Feb 19 02:42:41.439900 np0000156479 devstack@neutron-api.service[91268]: DEBUG neutron.plugins.ml2.drivers.ovn.mech_driver.ovsdb.ovsdb_monitor [None req-ac84e17e-7189-4592-a597-09acd64143cc None None] Hash Ring: Node c68e6faf40875702b91b06d0bacf3041 (host: np0000156479) handling event "update" for row c80e39ab-6309-4215-b7da-744cc26805be (table: Chassis_Private) {{(pid=91268) notify /opt/stack/neutron/neutron/plugins/ml2/drivers/ovn/mech_driver/ovsdb/ovsdb_monitor.py:920}}
Feb 19 02:42:45.352623 np0000156479 devstack@neutron-api.service[91267]: DEBUG dbcounter [-] [91267] Writing DB stats neutron:SELECT=256,neutron:INSERT=11,neutron:UPDATE=6,neutron:DELETE=2 {{(pid=91267) stat_writer /opt/stack/data/venv/lib/python3.12/site-packages/dbcounter.py:115}}
Feb 19 02:42:50.342383 np0000156479 devstack@neutron-api.service[91267]: DEBUG futurist.periodics [-] Submitting periodic callback 'neutron.plugins.ml2.drivers.ovn.mech_driver.ovsdb.maintenance.HashRingHealthCheckPeriodics.touch_hash_ring_node' {{(pid=91267) _process_scheduled /opt/stack/data/venv/lib/python3.12/site-packages/futurist/periodics.py:638}}
Feb 19 02:42:50.343470 np0000156479 devstack@neutron-api.service[91267]: DEBUG neutron.plugins.ml2.drivers.ovn.mech_driver.ovsdb.maintenance [-] Touching Hash Ring node "9680edf6f30854d2af984fa7b5a60e35" from periodic health check thread {{(pid=91267) touch_hash_ring_node /opt/stack/neutron/neutron/plugins/ml2/drivers/ovn/mech_driver/ovsdb/maintenance.py:1135}}
Feb 19 02:42:51.323792 np0000156479 devstack@neutron-api.service[91268]: DEBUG futurist.periodics [-] Submitting periodic callback 'neutron.plugins.ml2.drivers.ovn.mech_driver.ovsdb.maintenance.HashRingHealthCheckPeriodics.touch_hash_ring_node' {{(pid=91268) _process_scheduled /opt/stack/data/venv/lib/python3.12/site-packages/futurist/periodics.py:638}}
Feb 19 02:42:51.324914 np0000156479 devstack@neutron-api.service[91268]: DEBUG neutron.plugins.ml2.drivers.ovn.mech_driver.ovsdb.maintenance [-] Touching Hash Ring node "c68e6faf40875702b91b06d0bacf3041" from periodic health check thread {{(pid=91268) touch_hash_ring_node /opt/stack/neutron/neutron/plugins/ml2/drivers/ovn/mech_driver/ovsdb/maintenance.py:1135}}
Feb 19 02:43:00.351737 np0000156479 devstack@neutron-api.service[91267]: DEBUG dbcounter [-] [91267] Writing DB stats neutron:UPDATE=1,neutron:SELECT=1 {{(pid=91267) stat_writer /opt/stack/data/venv/lib/python3.12/site-packages/dbcounter.py:115}}
Feb 19 02:43:01.332035 np0000156479 devstack@neutron-api.service[91268]: DEBUG dbcounter [-] [91268] Writing DB stats neutron:SELECT=171,neutron:INSERT=15,neutron:UPDATE=12,neutron:DELETE=2 {{(pid=91268) stat_writer /opt/stack/data/venv/lib/python3.12/site-packages/dbcounter.py:115}}
Feb 19 02:43:05.343688 np0000156479 devstack@neutron-api.service[91267]: DEBUG futurist.periodics [-] Submitting periodic callback 'neutron.plugins.ml2.drivers.ovn.mech_driver.ovsdb.maintenance.HashRingHealthCheckPeriodics.touch_hash_ring_node' {{(pid=91267) _process_scheduled /opt/stack/data/venv/lib/python3.12/site-packages/futurist/periodics.py:638}}
Feb 19 02:43:05.344784 np0000156479 devstack@neutron-api.service[91267]: DEBUG neutron.plugins.ml2.drivers.ovn.mech_driver.ovsdb.maintenance [-] Touching Hash Ring node "9680edf6f30854d2af984fa7b5a60e35" from periodic health check thread {{(pid=91267) touch_hash_ring_node /opt/stack/neutron/neutron/plugins/ml2/drivers/ovn/mech_driver/ovsdb/maintenance.py:1135}}
Feb 19 02:43:06.325387 np0000156479 devstack@neutron-api.service[91268]: DEBUG futurist.periodics [-] Submitting periodic callback 'neutron.plugins.ml2.drivers.ovn.mech_driver.ovsdb.maintenance.HashRingHealthCheckPeriodics.touch_hash_ring_node' {{(pid=91268) _process_scheduled /opt/stack/data/venv/lib/python3.12/site-packages/futurist/periodics.py:638}}
Feb 19 02:43:06.337570 np0000156479 devstack@neutron-api.service[91268]: DEBUG neutron.plugins.ml2.drivers.ovn.mech_driver.ovsdb.maintenance [-] Touching Hash Ring node "c68e6faf40875702b91b06d0bacf3041" from periodic health check thread {{(pid=91268) touch_hash_ring_node /opt/stack/neutron/neutron/plugins/ml2/drivers/ovn/mech_driver/ovsdb/maintenance.py:1135}}
Feb 19 02:43:15.357298 np0000156479 devstack@neutron-api.service[91267]: DEBUG dbcounter [-] [91267] Writing DB stats neutron:UPDATE=1,neutron:SELECT=1 {{(pid=91267) stat_writer /opt/stack/data/venv/lib/python3.12/site-packages/dbcounter.py:115}}
Feb 19 02:43:16.360527 np0000156479 devstack@neutron-api.service[91268]: DEBUG dbcounter [-] [91268] Writing DB stats neutron:UPDATE=1,neutron:SELECT=1 {{(pid=91268) stat_writer /opt/stack/data/venv/lib/python3.12/site-packages/dbcounter.py:115}}
Feb 19 02:43:20.345057 np0000156479 devstack@neutron-api.service[91267]: DEBUG futurist.periodics [-] Submitting periodic callback 'neutron.plugins.ml2.drivers.ovn.mech_driver.ovsdb.maintenance.HashRingHealthCheckPeriodics.touch_hash_ring_node' {{(pid=91267) _process_scheduled /opt/stack/data/venv/lib/python3.12/site-packages/futurist/periodics.py:638}}
Feb 19 02:43:20.346987 np0000156479 devstack@neutron-api.service[91267]: DEBUG neutron.plugins.ml2.drivers.ovn.mech_driver.ovsdb.maintenance [-] Touching Hash Ring node "9680edf6f30854d2af984fa7b5a60e35" from periodic health check thread {{(pid=91267) touch_hash_ring_node /opt/stack/neutron/neutron/plugins/ml2/drivers/ovn/mech_driver/ovsdb/maintenance.py:1135}}
Feb 19 02:43:21.336338 np0000156479 devstack@neutron-api.service[91268]: DEBUG futurist.periodics [-] Submitting periodic callback 'neutron.plugins.ml2.drivers.ovn.mech_driver.ovsdb.maintenance.HashRingHealthCheckPeriodics.touch_hash_ring_node' {{(pid=91268) _process_scheduled /opt/stack/data/venv/lib/python3.12/site-packages/futurist/periodics.py:638}}
Feb 19 02:43:21.337375 np0000156479 devstack@neutron-api.service[91268]: DEBUG neutron.plugins.ml2.drivers.ovn.mech_driver.ovsdb.maintenance [-] Touching Hash Ring node "c68e6faf40875702b91b06d0bacf3041" from periodic health check thread {{(pid=91268) touch_hash_ring_node /opt/stack/neutron/neutron/plugins/ml2/drivers/ovn/mech_driver/ovsdb/maintenance.py:1135}}
Feb 19 02:43:28.233810 np0000156479 devstack@neutron-api.service[91268]: DEBUG neutron.api.wsgi [None req-3ee0c741-708d-4c59-a4f3-0e916849c861 tempest-verify_tempest_config-523381361 tempest-verify_tempest_config-523381361-project-member] https://199.19.213.130/networking/v2.0/extensions returned with HTTP 200 {{(pid=91268) __call__ /opt/stack/neutron/neutron/api/wsgi.py:545}}
Feb 19 02:43:28.235071 np0000156479 devstack@neutron-api.service[91268]: [pid: 91268|app: 0|req: 47/95] 199.19.213.130 () {66 vars in 1294 bytes} [Thu Feb 19 02:43:28 2026] GET /networking/v2.0/extensions => generated 15514 bytes in 118 msecs (HTTP/1.1 200) 4 headers in 159 bytes (1 switches on core 0)
Feb 19 02:43:28.578825 np0000156479 devstack@neutron-api.service[91267]: DEBUG neutron_lib.callbacks.manager [None req-85a027dc-1f22-4198-9877-babc2efa8173 admin admin] Publish callbacks [] for security_group (None), before_create {{(pid=91267) _notify_loop /opt/stack/data/venv/lib/python3.12/site-packages/neutron_lib/callbacks/manager.py:184}}
Feb 19 02:43:28.658630 np0000156479 devstack@neutron-api.service[91267]: DEBUG neutron_lib.callbacks.manager [None req-85a027dc-1f22-4198-9877-babc2efa8173 admin admin] Publish callbacks ['neutron.plugins.ml2.drivers.ovn.mech_driver.mech_driver.OVNMechanismDriver._create_security_group_precommit-200390'] for security_group (8f7865fd-af9c-480c-aabd-f23e6a9b1b45), precommit_create {{(pid=91267) _notify_loop /opt/stack/data/venv/lib/python3.12/site-packages/neutron_lib/callbacks/manager.py:184}}
Feb 19 02:43:28.659200 np0000156479 devstack@neutron-api.service[91267]: DEBUG neutron.db.ovn_revision_numbers_db [None req-85a027dc-1f22-4198-9877-babc2efa8173 admin admin] create_initial_revision uuid=8f7865fd-af9c-480c-aabd-f23e6a9b1b45, type=security_groups, rev=-1 {{(pid=91267) create_initial_revision /opt/stack/neutron/neutron/db/ovn_revision_numbers_db.py:98}}
Feb 19 02:43:28.660157 np0000156479 devstack@neutron-api.service[91267]: DEBUG neutron.db.ovn_revision_numbers_db [None req-85a027dc-1f22-4198-9877-babc2efa8173 admin admin] create_initial_revision uuid=48031097-463e-49a5-bd48-8bf79decee40, type=security_group_rules, rev=-1 {{(pid=91267) create_initial_revision /opt/stack/neutron/neutron/db/ovn_revision_numbers_db.py:98}}
Feb 19 02:43:28.661314 np0000156479 devstack@neutron-api.service[91267]: DEBUG neutron.db.ovn_revision_numbers_db [None req-85a027dc-1f22-4198-9877-babc2efa8173 admin admin] create_initial_revision uuid=6feb5666-c4cb-44c6-b2e2-f1b6e7e17f69, type=security_group_rules, rev=-1 {{(pid=91267) create_initial_revision /opt/stack/neutron/neutron/db/ovn_revision_numbers_db.py:98}}
Feb 19 02:43:28.662375 np0000156479 devstack@neutron-api.service[91267]: DEBUG neutron.db.ovn_revision_numbers_db [None req-85a027dc-1f22-4198-9877-babc2efa8173 admin admin] create_initial_revision uuid=70cff0f3-854b-4914-ab80-ae8656fdbb2d, type=security_group_rules, rev=-1 {{(pid=91267) create_initial_revision /opt/stack/neutron/neutron/db/ovn_revision_numbers_db.py:98}}
Feb 19 02:43:28.663446 np0000156479 devstack@neutron-api.service[91267]: DEBUG neutron.db.ovn_revision_numbers_db [None req-85a027dc-1f22-4198-9877-babc2efa8173 admin admin] create_initial_revision uuid=b0230c82-cee5-4e01-a7b8-87eb49b1c984, type=security_group_rules, rev=-1 {{(pid=91267) create_initial_revision /opt/stack/neutron/neutron/db/ovn_revision_numbers_db.py:98}}
Feb 19 02:43:28.670875 np0000156479 devstack@neutron-api.service[91267]: DEBUG neutron_lib.callbacks.manager [None req-85a027dc-1f22-4198-9877-babc2efa8173 admin admin] Publish callbacks ['neutron.plugins.ml2.drivers.ovn.mech_driver.mech_driver.OVNMechanismDriver._create_security_group-200408', 'neutron.plugins.ml2.ovo_rpc._ObjectChangeHandler.handle_event-7383717'] for security_group (8f7865fd-af9c-480c-aabd-f23e6a9b1b45), after_create {{(pid=91267) _notify_loop /opt/stack/data/venv/lib/python3.12/site-packages/neutron_lib/callbacks/manager.py:184}}
Feb 19 02:43:28.671446 np0000156479 devstack@neutron-api.service[91267]: DEBUG ovsdbapp.backend.ovs_idl.transaction [None req-88f1842d-d850-42b7-858b-951bebc01a33 None None] Running txn n=1 command(idx=0): PgAddCommand(_result=None, name=pg_8f7865fd_af9c_480c_aabd_f23e6a9b1b45, may_exist=False, columns={'acls': [], 'external_ids': {'neutron:security_group_id': '8f7865fd-af9c-480c-aabd-f23e6a9b1b45'}}) {{(pid=91267) do_commit /opt/stack/data/venv/lib/python3.12/site-packages/ovsdbapp/backend/ovs_idl/transaction.py:89}}
Feb 19 02:43:28.671770 np0000156479 devstack@neutron-api.service[91267]: DEBUG ovsdbapp.backend.ovs_idl.transaction [None req-88f1842d-d850-42b7-858b-951bebc01a33 None None] Running txn n=1 command(idx=1): PgAclAddCommand(_result=None, entity=pg_8f7865fd_af9c_480c_aabd_f23e6a9b1b45, direction=to-lport, priority=1002, match=outport == @pg_8f7865fd_af9c_480c_aabd_f23e6a9b1b45 && ip6 && ip6.src == $pg_8f7865fd_af9c_480c_aabd_f23e6a9b1b45_ip6, action=allow-related, log=False, may_exist=True, severity=[], name=[], meter=[], external_ids={'neutron:security_group_rule_id': '48031097-463e-49a5-bd48-8bf79decee40'}) {{(pid=91267) do_commit /opt/stack/data/venv/lib/python3.12/site-packages/ovsdbapp/backend/ovs_idl/transaction.py:89}}
Feb 19 02:43:28.672153 np0000156479 devstack@neutron-api.service[91267]: DEBUG ovsdbapp.backend.ovs_idl.transaction [None req-88f1842d-d850-42b7-858b-951bebc01a33 None None] Running txn n=1 command(idx=2): PgAclAddCommand(_result=None, entity=pg_8f7865fd_af9c_480c_aabd_f23e6a9b1b45, direction=to-lport, priority=1002, match=outport == @pg_8f7865fd_af9c_480c_aabd_f23e6a9b1b45 && ip4 && ip4.src == $pg_8f7865fd_af9c_480c_aabd_f23e6a9b1b45_ip4, action=allow-related, log=False, may_exist=True, severity=[], name=[], meter=[], external_ids={'neutron:security_group_rule_id': '6feb5666-c4cb-44c6-b2e2-f1b6e7e17f69'}) {{(pid=91267) do_commit /opt/stack/data/venv/lib/python3.12/site-packages/ovsdbapp/backend/ovs_idl/transaction.py:89}}
Feb 19 02:43:28.672464 np0000156479 devstack@neutron-api.service[91267]: DEBUG ovsdbapp.backend.ovs_idl.transaction [None req-88f1842d-d850-42b7-858b-951bebc01a33 None None] Running txn n=1 command(idx=3): PgAclAddCommand(_result=None, entity=pg_8f7865fd_af9c_480c_aabd_f23e6a9b1b45, direction=from-lport, priority=1002, match=inport == @pg_8f7865fd_af9c_480c_aabd_f23e6a9b1b45 && ip4, action=allow-related, log=False, may_exist=True, severity=[], name=[], meter=[], external_ids={'neutron:security_group_rule_id': '70cff0f3-854b-4914-ab80-ae8656fdbb2d'}) {{(pid=91267) do_commit /opt/stack/data/venv/lib/python3.12/site-packages/ovsdbapp/backend/ovs_idl/transaction.py:89}}
Feb 19 02:43:28.672775 np0000156479 devstack@neutron-api.service[91267]: DEBUG ovsdbapp.backend.ovs_idl.transaction [None req-88f1842d-d850-42b7-858b-951bebc01a33 None None] Running txn n=1 command(idx=4): PgAclAddCommand(_result=None, entity=pg_8f7865fd_af9c_480c_aabd_f23e6a9b1b45, direction=from-lport, priority=1002, match=inport == @pg_8f7865fd_af9c_480c_aabd_f23e6a9b1b45 && ip6, action=allow-related, log=False, may_exist=True, severity=[], name=[], meter=[], external_ids={'neutron:security_group_rule_id': 'b0230c82-cee5-4e01-a7b8-87eb49b1c984'}) {{(pid=91267) do_commit /opt/stack/data/venv/lib/python3.12/site-packages/ovsdbapp/backend/ovs_idl/transaction.py:89}}
Feb 19 02:43:28.679513 np0000156479 devstack@neutron-api.service[91267]: DEBUG neutron.plugins.ml2.drivers.ovn.mech_driver.ovsdb.ovsdb_monitor [None req-88f1842d-d850-42b7-858b-951bebc01a33 None None] Touching Hash Ring node "9680edf6f30854d2af984fa7b5a60e35" from IDL notify handler {{(pid=91267) notify /opt/stack/neutron/neutron/plugins/ml2/drivers/ovn/mech_driver/ovsdb/ovsdb_monitor.py:912}}
Feb 19 02:43:28.682090 np0000156479 devstack@neutron-api.service[91268]: DEBUG neutron.plugins.ml2.drivers.ovn.mech_driver.ovsdb.ovsdb_monitor [None req-4965b7d1-1b8d-4ccc-941b-4b79cdca877a None None] Touching Hash Ring node "c68e6faf40875702b91b06d0bacf3041" from IDL notify handler {{(pid=91268) notify /opt/stack/neutron/neutron/plugins/ml2/drivers/ovn/mech_driver/ovsdb/ovsdb_monitor.py:912}}
Feb 19 02:43:28.686617 np0000156479 devstack@neutron-api.service[91267]: DEBUG neutron.plugins.ml2.drivers.ovn.mech_driver.ovsdb.ovsdb_monitor [None req-88f1842d-d850-42b7-858b-951bebc01a33 None None] Hash Ring: Node 9680edf6f30854d2af984fa7b5a60e35 (host: np0000156479) handling event "create" for row 32aca5e6-ce35-4e02-9949-d0ea4b744993 (table: Port_Group) {{(pid=91267) notify /opt/stack/neutron/neutron/plugins/ml2/drivers/ovn/mech_driver/ovsdb/ovsdb_monitor.py:920}}
Feb 19 02:43:28.689580 np0000156479 devstack@neutron-api.service[91268]: DEBUG neutron.plugins.ml2.drivers.ovn.mech_driver.ovsdb.ovsdb_monitor [None req-4965b7d1-1b8d-4ccc-941b-4b79cdca877a None None] Hash Ring: Node c68e6faf40875702b91b06d0bacf3041 (host: np0000156479) handling event "create" for row 3b243579-fbdd-4d6d-91b5-19fd8c9edf9b (table: ACL) {{(pid=91268) notify /opt/stack/neutron/neutron/plugins/ml2/drivers/ovn/mech_driver/ovsdb/ovsdb_monitor.py:920}}
Feb 19 02:43:28.690661 np0000156479 devstack@neutron-api.service[91268]: DEBUG neutron.plugins.ml2.drivers.ovn.mech_driver.ovsdb.ovsdb_monitor [None req-4965b7d1-1b8d-4ccc-941b-4b79cdca877a None None] Touching Hash Ring node "c68e6faf40875702b91b06d0bacf3041" from IDL notify handler {{(pid=91268) notify /opt/stack/neutron/neutron/plugins/ml2/drivers/ovn/mech_driver/ovsdb/ovsdb_monitor.py:912}}
Feb 19 02:43:28.693380 np0000156479 devstack@neutron-api.service[91268]: DEBUG neutron.plugins.ml2.drivers.ovn.mech_driver.ovsdb.ovsdb_monitor [None req-4965b7d1-1b8d-4ccc-941b-4b79cdca877a None None] Hash Ring: Node c68e6faf40875702b91b06d0bacf3041 (host: np0000156479) handling event "create" for row 8c714e7b-a5e8-4ceb-88d3-b16a38b16f94 (table: ACL) {{(pid=91268) notify /opt/stack/neutron/neutron/plugins/ml2/drivers/ovn/mech_driver/ovsdb/ovsdb_monitor.py:920}}
Feb 19 02:43:28.694381 np0000156479 devstack@neutron-api.service[91268]: DEBUG neutron.plugins.ml2.drivers.ovn.mech_driver.ovsdb.ovsdb_monitor [None req-4965b7d1-1b8d-4ccc-941b-4b79cdca877a None None] Touching Hash Ring node "c68e6faf40875702b91b06d0bacf3041" from IDL notify handler {{(pid=91268) notify /opt/stack/neutron/neutron/plugins/ml2/drivers/ovn/mech_driver/ovsdb/ovsdb_monitor.py:912}}
Feb 19 02:43:28.696755 np0000156479 devstack@neutron-api.service[91268]: DEBUG neutron.plugins.ml2.drivers.ovn.mech_driver.ovsdb.ovsdb_monitor [None req-4965b7d1-1b8d-4ccc-941b-4b79cdca877a None None] Hash Ring: Node c68e6faf40875702b91b06d0bacf3041 (host: np0000156479) handling event "create" for row a675ddf9-cea1-481e-9126-e317b2bfb189 (table: ACL) {{(pid=91268) notify /opt/stack/neutron/neutron/plugins/ml2/drivers/ovn/mech_driver/ovsdb/ovsdb_monitor.py:920}}
Feb 19 02:43:28.697760 np0000156479 devstack@neutron-api.service[91268]: DEBUG neutron.plugins.ml2.drivers.ovn.mech_driver.ovsdb.ovsdb_monitor [None req-4965b7d1-1b8d-4ccc-941b-4b79cdca877a None None] Touching Hash Ring node "c68e6faf40875702b91b06d0bacf3041" from IDL notify handler {{(pid=91268) notify /opt/stack/neutron/neutron/plugins/ml2/drivers/ovn/mech_driver/ovsdb/ovsdb_monitor.py:912}}
Feb 19 02:43:28.701434 np0000156479 devstack@neutron-api.service[91268]: DEBUG neutron.plugins.ml2.drivers.ovn.mech_driver.ovsdb.ovsdb_monitor [None req-4965b7d1-1b8d-4ccc-941b-4b79cdca877a None None] Hash Ring: Node c68e6faf40875702b91b06d0bacf3041 (host: np0000156479) handling event "create" for row fb1aee57-52df-4def-a029-2d208279a5a1 (table: ACL) {{(pid=91268) notify /opt/stack/neutron/neutron/plugins/ml2/drivers/ovn/mech_driver/ovsdb/ovsdb_monitor.py:920}}
Feb 19 02:43:28.715365 np0000156479 devstack@neutron-api.service[91267]: INFO neutron.db.ovn_revision_numbers_db [None req-85a027dc-1f22-4198-9877-babc2efa8173 admin admin] Successfully bumped revision number for resource 8f7865fd-af9c-480c-aabd-f23e6a9b1b45 (type: security_groups) to 1
Feb 19 02:43:28.727264 np0000156479 devstack@neutron-api.service[91267]: INFO neutron.db.ovn_revision_numbers_db [None req-85a027dc-1f22-4198-9877-babc2efa8173 admin admin] Successfully bumped revision number for resource 48031097-463e-49a5-bd48-8bf79decee40 (type: security_group_rules) to 0
Feb 19 02:43:28.738686 np0000156479 devstack@neutron-api.service[91267]: INFO neutron.db.ovn_revision_numbers_db [None req-85a027dc-1f22-4198-9877-babc2efa8173 admin admin] Successfully bumped revision number for resource 6feb5666-c4cb-44c6-b2e2-f1b6e7e17f69 (type: security_group_rules) to 0
Feb 19 02:43:28.754574 np0000156479 devstack@neutron-api.service[91267]: INFO neutron.db.ovn_revision_numbers_db [None req-85a027dc-1f22-4198-9877-babc2efa8173 admin admin] Successfully bumped revision number for resource 70cff0f3-854b-4914-ab80-ae8656fdbb2d (type: security_group_rules) to 0
Feb 19 02:43:28.766839 np0000156479 devstack@neutron-api.service[91267]: INFO neutron.db.ovn_revision_numbers_db [None req-85a027dc-1f22-4198-9877-babc2efa8173 admin admin] Successfully bumped revision number for resource b0230c82-cee5-4e01-a7b8-87eb49b1c984 (type: security_group_rules) to 0
Feb 19 02:43:28.789588 np0000156479 devstack@neutron-api.service[91267]: DEBUG neutron.api.rpc.handlers.resources_rpc [None req-85a027dc-1f22-4198-9877-babc2efa8173 admin admin] Pushing event updated for resources: {'SecurityGroup': ['ID=8f7865fd-af9c-480c-aabd-f23e6a9b1b45,revision_number=1']} {{(pid=91267) push /opt/stack/neutron/neutron/api/rpc/handlers/resources_rpc.py:237}}
Feb 19 02:43:28.808734 np0000156479 devstack@neutron-api.service[91267]: [pid: 91267|app: 0|req: 49/96] 199.19.213.130 () {66 vars in 1420 bytes} [Thu Feb 19 02:43:28 2026] GET /networking/v2.0/security-groups?tenant_id=db0cbffc6c874e96a99600a439c3abb0&name=default => generated 2921 bytes in 297 msecs (HTTP/1.1 200) 4 headers in 158 bytes (1 switches on core 0)
Feb 19 02:43:28.851866 np0000156479 devstack@neutron-api.service[91268]: DEBUG neutron_lib.callbacks.manager [None req-93a4dd99-41c1-4ad7-bb00-28551e897226 admin admin] Publish callbacks [] for security_group (8f7865fd-af9c-480c-aabd-f23e6a9b1b45), before_delete {{(pid=91268) _notify_loop /opt/stack/data/venv/lib/python3.12/site-packages/neutron_lib/callbacks/manager.py:184}}
Feb 19 02:43:28.870648 np0000156479 devstack@neutron-api.service[91268]: DEBUG neutron_lib.callbacks.manager [None req-93a4dd99-41c1-4ad7-bb00-28551e897226 admin admin] Publish callbacks ['neutron.plugins.ml2.drivers.ovn.mech_driver.mech_driver.OVNMechanismDriver._delete_security_group_precommit-167402'] for security_group (8f7865fd-af9c-480c-aabd-f23e6a9b1b45), precommit_delete {{(pid=91268) _notify_loop /opt/stack/data/venv/lib/python3.12/site-packages/neutron_lib/callbacks/manager.py:184}}
Feb 19 02:43:28.904810 np0000156479 devstack@neutron-api.service[91268]: DEBUG ovsdbapp.backend.ovs_idl.transaction [None req-4965b7d1-1b8d-4ccc-941b-4b79cdca877a None None] Running txn n=1 command(idx=0): PgAclDelCommand(_result=None, entity=pg_8f7865fd_af9c_480c_aabd_f23e6a9b1b45, if_exists=False, conditions=[('direction', '=', 'to-lport'), ('priority', '=', 1002), ('match', '=', 'outport == @pg_8f7865fd_af9c_480c_aabd_f23e6a9b1b45 && ip6 && ip6.src == $pg_8f7865fd_af9c_480c_aabd_f23e6a9b1b45_ip6')]) {{(pid=91268) do_commit /opt/stack/data/venv/lib/python3.12/site-packages/ovsdbapp/backend/ovs_idl/transaction.py:89}}
Feb 19 02:43:28.908571 np0000156479 devstack@neutron-api.service[91268]: DEBUG neutron.plugins.ml2.drivers.ovn.mech_driver.ovsdb.ovsdb_monitor [None req-4965b7d1-1b8d-4ccc-941b-4b79cdca877a None None] Touching Hash Ring node "c68e6faf40875702b91b06d0bacf3041" from IDL notify handler {{(pid=91268) notify /opt/stack/neutron/neutron/plugins/ml2/drivers/ovn/mech_driver/ovsdb/ovsdb_monitor.py:912}}
Feb 19 02:43:28.909005 np0000156479 devstack@neutron-api.service[91267]: DEBUG neutron.plugins.ml2.drivers.ovn.mech_driver.ovsdb.ovsdb_monitor [None req-88f1842d-d850-42b7-858b-951bebc01a33 None None] Touching Hash Ring node "9680edf6f30854d2af984fa7b5a60e35" from IDL notify handler {{(pid=91267) notify /opt/stack/neutron/neutron/plugins/ml2/drivers/ovn/mech_driver/ovsdb/ovsdb_monitor.py:912}}
Feb 19 02:43:28.911794 np0000156479 devstack@neutron-api.service[91268]: DEBUG neutron.plugins.ml2.drivers.ovn.mech_driver.ovsdb.ovsdb_monitor [None req-4965b7d1-1b8d-4ccc-941b-4b79cdca877a None None] Hash Ring: Node c68e6faf40875702b91b06d0bacf3041 (host: np0000156479) handling event "delete" for row 8c714e7b-a5e8-4ceb-88d3-b16a38b16f94 (table: ACL) {{(pid=91268) notify /opt/stack/neutron/neutron/plugins/ml2/drivers/ovn/mech_driver/ovsdb/ovsdb_monitor.py:920}}
Feb 19 02:43:28.913094 np0000156479 devstack@neutron-api.service[91268]: DEBUG neutron.db.ovn_revision_numbers_db [None req-93a4dd99-41c1-4ad7-bb00-28551e897226 admin admin] delete_revision(48031097-463e-49a5-bd48-8bf79decee40) {{(pid=91268) delete_revision /opt/stack/neutron/neutron/db/ovn_revision_numbers_db.py:112}}
Feb 19 02:43:28.913291 np0000156479 devstack@neutron-api.service[91267]: DEBUG neutron.plugins.ml2.drivers.ovn.mech_driver.ovsdb.ovsdb_monitor [None req-88f1842d-d850-42b7-858b-951bebc01a33 None None] Hash Ring: Node 9680edf6f30854d2af984fa7b5a60e35 (host: np0000156479) handling event "update" for row 32aca5e6-ce35-4e02-9949-d0ea4b744993 (table: Port_Group) {{(pid=91267) notify /opt/stack/neutron/neutron/plugins/ml2/drivers/ovn/mech_driver/ovsdb/ovsdb_monitor.py:920}}
Feb 19 02:43:28.925644 np0000156479 devstack@neutron-api.service[91268]: DEBUG ovsdbapp.backend.ovs_idl.transaction [None req-4965b7d1-1b8d-4ccc-941b-4b79cdca877a None None] Running txn n=1 command(idx=0): PgAclDelCommand(_result=None, entity=pg_8f7865fd_af9c_480c_aabd_f23e6a9b1b45, if_exists=False, conditions=[('direction', '=', 'to-lport'), ('priority', '=', 1002), ('match', '=', 'outport == @pg_8f7865fd_af9c_480c_aabd_f23e6a9b1b45 && ip4 && ip4.src == $pg_8f7865fd_af9c_480c_aabd_f23e6a9b1b45_ip4')]) {{(pid=91268) do_commit /opt/stack/data/venv/lib/python3.12/site-packages/ovsdbapp/backend/ovs_idl/transaction.py:89}}
Feb 19 02:43:28.945864 np0000156479 devstack@neutron-api.service[91268]: DEBUG neutron.plugins.ml2.drivers.ovn.mech_driver.ovsdb.ovsdb_monitor [None req-4965b7d1-1b8d-4ccc-941b-4b79cdca877a None None] Touching Hash Ring node "c68e6faf40875702b91b06d0bacf3041" from IDL notify handler {{(pid=91268) notify /opt/stack/neutron/neutron/plugins/ml2/drivers/ovn/mech_driver/ovsdb/ovsdb_monitor.py:912}}
Feb 19 02:43:28.947914 np0000156479 devstack@neutron-api.service[91267]: DEBUG neutron.plugins.ml2.drivers.ovn.mech_driver.ovsdb.ovsdb_monitor [None req-88f1842d-d850-42b7-858b-951bebc01a33 None None] Touching Hash Ring node "9680edf6f30854d2af984fa7b5a60e35" from IDL notify handler {{(pid=91267) notify /opt/stack/neutron/neutron/plugins/ml2/drivers/ovn/mech_driver/ovsdb/ovsdb_monitor.py:912}}
Feb 19 02:43:28.950019 np0000156479 devstack@neutron-api.service[91268]: DEBUG neutron.plugins.ml2.drivers.ovn.mech_driver.ovsdb.ovsdb_monitor [None req-4965b7d1-1b8d-4ccc-941b-4b79cdca877a None None] Hash Ring: Node c68e6faf40875702b91b06d0bacf3041 (host: np0000156479) handling event "delete" for row 3b243579-fbdd-4d6d-91b5-19fd8c9edf9b (table: ACL) {{(pid=91268) notify /opt/stack/neutron/neutron/plugins/ml2/drivers/ovn/mech_driver/ovsdb/ovsdb_monitor.py:920}}
Feb 19 02:43:28.951313 np0000156479 devstack@neutron-api.service[91268]: DEBUG neutron.db.ovn_revision_numbers_db [None req-93a4dd99-41c1-4ad7-bb00-28551e897226 admin admin] delete_revision(6feb5666-c4cb-44c6-b2e2-f1b6e7e17f69) {{(pid=91268) delete_revision /opt/stack/neutron/neutron/db/ovn_revision_numbers_db.py:112}}
Feb 19 02:43:28.951672 np0000156479 devstack@neutron-api.service[91267]: DEBUG neutron.plugins.ml2.drivers.ovn.mech_driver.ovsdb.ovsdb_monitor [None req-88f1842d-d850-42b7-858b-951bebc01a33 None None] Hash Ring: Node 9680edf6f30854d2af984fa7b5a60e35 (host: np0000156479) handling event "update" for row 32aca5e6-ce35-4e02-9949-d0ea4b744993 (table: Port_Group) {{(pid=91267) notify /opt/stack/neutron/neutron/plugins/ml2/drivers/ovn/mech_driver/ovsdb/ovsdb_monitor.py:920}}
Feb 19 02:43:28.998382 np0000156479 devstack@neutron-api.service[91268]: DEBUG neutron_lib.callbacks.manager [None req-93a4dd99-41c1-4ad7-bb00-28551e897226 admin admin] Publish callbacks ['neutron.plugins.ml2.drivers.ovn.mech_driver.mech_driver.OVNMechanismDriver._delete_security_group-167396', 'neutron.plugins.ml2.ovo_rpc._ObjectChangeHandler.handle_event-6663272'] for security_group (8f7865fd-af9c-480c-aabd-f23e6a9b1b45), after_delete {{(pid=91268) _notify_loop /opt/stack/data/venv/lib/python3.12/site-packages/neutron_lib/callbacks/manager.py:184}}
Feb 19 02:43:29.000647 np0000156479 devstack@neutron-api.service[91268]: DEBUG ovsdbapp.backend.ovs_idl.transaction [None req-4965b7d1-1b8d-4ccc-941b-4b79cdca877a None None] Running txn n=1 command(idx=0): PgDelCommand(_result=None, name=pg_8f7865fd_af9c_480c_aabd_f23e6a9b1b45, if_exists=True) {{(pid=91268) do_commit /opt/stack/data/venv/lib/python3.12/site-packages/ovsdbapp/backend/ovs_idl/transaction.py:89}}
Feb 19 02:43:29.005944 np0000156479 devstack@neutron-api.service[91268]: DEBUG neutron.plugins.ml2.drivers.ovn.mech_driver.ovsdb.ovsdb_monitor [None req-4965b7d1-1b8d-4ccc-941b-4b79cdca877a None None] Touching Hash Ring node "c68e6faf40875702b91b06d0bacf3041" from IDL notify handler {{(pid=91268) notify /opt/stack/neutron/neutron/plugins/ml2/drivers/ovn/mech_driver/ovsdb/ovsdb_monitor.py:912}}
Feb 19 02:43:29.006434 np0000156479 devstack@neutron-api.service[91267]: DEBUG neutron.plugins.ml2.drivers.ovn.mech_driver.ovsdb.ovsdb_monitor [None req-88f1842d-d850-42b7-858b-951bebc01a33 None None] Touching Hash Ring node "9680edf6f30854d2af984fa7b5a60e35" from IDL notify handler {{(pid=91267) notify /opt/stack/neutron/neutron/plugins/ml2/drivers/ovn/mech_driver/ovsdb/ovsdb_monitor.py:912}}
Feb 19 02:43:29.010111 np0000156479 devstack@neutron-api.service[91268]: DEBUG neutron.plugins.ml2.drivers.ovn.mech_driver.ovsdb.ovsdb_monitor [None req-4965b7d1-1b8d-4ccc-941b-4b79cdca877a None None] Hash Ring: Node c68e6faf40875702b91b06d0bacf3041 (host: np0000156479) handling event "delete" for row a675ddf9-cea1-481e-9126-e317b2bfb189 (table: ACL) {{(pid=91268) notify /opt/stack/neutron/neutron/plugins/ml2/drivers/ovn/mech_driver/ovsdb/ovsdb_monitor.py:920}}
