2026-04-17 01:29:05.478 7 INFO neutron.db.ovn_revision_numbers_db [None req-44f397cb-62ce-4867-a425-c886b8eae3ee 0e9a8a4cbe444a9da3be0fff183f8489 19f09552773a49f89509e8c89152e33c - - default default] Successfully bumped revision number for resource 9bb05def-2dbc-4816-913c-879dc10f6e47 (type: ports) to 1
2026-04-17 01:29:05.508 8 INFO neutron.db.ovn_revision_numbers_db [None req-9fe3f08b-70a7-4d8c-a399-9af06fb4228c a061f5f8a3454a71a03a2290e71cc5e1 4d717f5606db4c2394328f6ba5eec72a - - default default] Successfully bumped revision number for resource 3b0fb28a-d917-4d68-bd29-5e2bface6931 (type: networks) to 1 [pid: 7|app: 0|req: 1130/2388] 10.0.0.247 () {34 vars in 670 bytes} [Fri Apr 17 01:29:04 2026] POST /v2.0/networks => generated 657 bytes in 563 msecs (HTTP/1.1 201) 4 headers in 162 bytes (1 switches on core 0)
2026-04-17 01:29:05.677 8 WARNING neutron.scheduler.dhcp_agent_scheduler [None req-9fe3f08b-70a7-4d8c-a399-9af06fb4228c a061f5f8a3454a71a03a2290e71cc5e1 4d717f5606db4c2394328f6ba5eec72a - - default default] No more DHCP agents
2026-04-17 01:29:05.679 8 WARNING neutron.api.rpc.agentnotifiers.dhcp_rpc_agent_api [None req-9fe3f08b-70a7-4d8c-a399-9af06fb4228c a061f5f8a3454a71a03a2290e71cc5e1 4d717f5606db4c2394328f6ba5eec72a - - default default] Unable to schedule network 3b0fb28a-d917-4d68-bd29-5e2bface6931: no agents available; will retry on subsequent port and subnet creation events.
2026-04-17 01:29:05.689 7 WARNING neutron.scheduler.dhcp_agent_scheduler [None req-081c208e-9ed8-42b3-8a70-1cdad5db1ec0 0e9a8a4cbe444a9da3be0fff183f8489 19f09552773a49f89509e8c89152e33c - - default default] No more DHCP agents
2026-04-17 01:29:05.690 7 WARNING neutron.api.rpc.agentnotifiers.dhcp_rpc_agent_api [None req-081c208e-9ed8-42b3-8a70-1cdad5db1ec0 0e9a8a4cbe444a9da3be0fff183f8489 19f09552773a49f89509e8c89152e33c - - default default] Unable to schedule network 48d84c3c-591b-438a-8fb2-0a0fc65d035f: no agents available; will retry on subsequent port and subnet creation events.
2026-04-17 01:29:05.739 7 INFO neutron.plugins.ml2.drivers.ovn.mech_driver.mech_driver [None req-1ce19153-ed4b-4595-bd49-b267689f28bb - - - - - -] OVN reports status down for port: f3541b47-50b7-462b-9fca-8c762668f30d
2026-04-17 01:29:05.754 8 INFO neutron.db.ovn_revision_numbers_db [None req-9fe3f08b-70a7-4d8c-a399-9af06fb4228c a061f5f8a3454a71a03a2290e71cc5e1 4d717f5606db4c2394328f6ba5eec72a - - default default] Successfully bumped revision number for resource f3541b47-50b7-462b-9fca-8c762668f30d (type: ports) to 1 [pid: 8|app: 0|req: 1259/2389] 10.0.0.247 () {34 vars in 670 bytes} [Fri Apr 17 01:29:04 2026] POST /v2.0/networks => generated 646 bytes in 839 msecs (HTTP/1.1 201) 4 headers in 162 bytes (1 switches on core 0)
2026-04-17 01:29:05.948 8 WARNING neutron.scheduler.dhcp_agent_scheduler [None req-73809641-e7ca-4c6a-a575-b80f9db80f63 a061f5f8a3454a71a03a2290e71cc5e1 4d717f5606db4c2394328f6ba5eec72a - - default default] No more DHCP agents
2026-04-17 01:29:05.949 8 WARNING neutron.api.rpc.agentnotifiers.dhcp_rpc_agent_api [None req-73809641-e7ca-4c6a-a575-b80f9db80f63 a061f5f8a3454a71a03a2290e71cc5e1 4d717f5606db4c2394328f6ba5eec72a - - default default] Unable to schedule network 3b0fb28a-d917-4d68-bd29-5e2bface6931: no agents available; will retry on subsequent port and subnet creation events.
2026-04-17 01:29:06.197 7 INFO neutron.db.ovn_revision_numbers_db [None req-a31ddd92-52d7-4951-8db2-c9c375bc2185 - - - - - -] Successfully bumped revision number for resource 9bb05def-2dbc-4816-913c-879dc10f6e47 (type: ports) to 2
2026-04-17 01:29:06.231 7 INFO neutron.db.ovn_revision_numbers_db [None req-a31ddd92-52d7-4951-8db2-c9c375bc2185 - - - - - -] Successfully bumped revision number for resource 5c5b1030-1f15-48f7-8fcc-34e88d178687 (type: subnets) to 0 [pid: 7|app: 0|req: 1131/2390] 10.0.0.247 () {34 vars in 669 bytes} [Fri Apr 17 01:29:05 2026] POST /v2.0/subnets => generated 655 bytes in 723 msecs (HTTP/1.1 201) 4 headers in 162 bytes (1 switches on core 0)
2026-04-17 01:29:06.323 8 INFO neutron.db.ovn_revision_numbers_db [None req-63b54c69-57b3-4961-b4b3-7356a70fe7b6 - - - - - -] Successfully bumped revision number for resource f3541b47-50b7-462b-9fca-8c762668f30d (type: ports) to 2
2026-04-17 01:29:06.353 8 INFO neutron.db.ovn_revision_numbers_db [None req-63b54c69-57b3-4961-b4b3-7356a70fe7b6 - - - - - -] Successfully bumped revision number for resource 69f0096b-0369-4ad7-b510-fca3fd8ef7de (type: subnets) to 0 [pid: 8|app: 0|req: 1260/2391] 10.0.0.247 () {34 vars in 669 bytes} [Fri Apr 17 01:29:05 2026] POST /v2.0/subnets => generated 626 bytes in 585 msecs (HTTP/1.1 201) 4 headers in 162 bytes (1 switches on core 0)
2026-04-17 01:29:06.465 7 WARNING neutron.scheduler.dhcp_agent_scheduler [None req-4b1f025d-151f-4fd3-873a-1df60527966c 0e9a8a4cbe444a9da3be0fff183f8489 19f09552773a49f89509e8c89152e33c - - default default] No more DHCP agents
2026-04-17 01:29:06.466 7 WARNING neutron.api.rpc.agentnotifiers.dhcp_rpc_agent_api [None req-4b1f025d-151f-4fd3-873a-1df60527966c 0e9a8a4cbe444a9da3be0fff183f8489 19f09552773a49f89509e8c89152e33c - - default default] Unable to schedule network 48d84c3c-591b-438a-8fb2-0a0fc65d035f: no agents available; will retry on subsequent port and subnet creation events.
2026-04-17 01:29:06.494 7 INFO neutron.db.ovn_revision_numbers_db [None req-4b1f025d-151f-4fd3-873a-1df60527966c 0e9a8a4cbe444a9da3be0fff183f8489 19f09552773a49f89509e8c89152e33c - - default default] Successfully bumped revision number for resource 1c3ce884-4697-4b59-bc14-6bb574f9dc01 (type: subnets) to 0 [pid: 7|app: 0|req: 1132/2392] 10.0.0.247 () {34 vars in 669 bytes} [Fri Apr 17 01:29:06 2026] POST /v2.0/subnets => generated 730 bytes in 259 msecs (HTTP/1.1 201) 4 headers in 162 bytes (1 switches on core 0)
2026-04-17 01:29:06.742 8 WARNING neutron.scheduler.dhcp_agent_scheduler [None req-5e209427-dffa-44b3-9e1f-2ca05653982f a061f5f8a3454a71a03a2290e71cc5e1 4d717f5606db4c2394328f6ba5eec72a - - default default] No more DHCP agents
2026-04-17 01:29:06.743 8 WARNING neutron.api.rpc.agentnotifiers.dhcp_rpc_agent_api [None req-5e209427-dffa-44b3-9e1f-2ca05653982f a061f5f8a3454a71a03a2290e71cc5e1 4d717f5606db4c2394328f6ba5eec72a - - default default] Unable to schedule network 40a56738-0ded-480f-8d2d-f276551d464a: no agents available; will retry on subsequent port and subnet creation events.
2026-04-17 01:29:06.844 8 INFO neutron.plugins.ml2.drivers.ovn.mech_driver.mech_driver [None req-e0315f03-dbcb-425a-b8d5-149a694bc406 - - - - - -] OVN reports status down for port: 7a816a19-0bee-4484-88c1-970045e74ebd
2026-04-17 01:29:06.903 8 INFO neutron.db.ovn_revision_numbers_db [None req-5e209427-dffa-44b3-9e1f-2ca05653982f a061f5f8a3454a71a03a2290e71cc5e1 4d717f5606db4c2394328f6ba5eec72a - - default default] Successfully bumped revision number for resource 7a816a19-0bee-4484-88c1-970045e74ebd (type: ports) to 1
2026-04-17 01:29:07.458 7 WARNING neutron.scheduler.dhcp_agent_scheduler [None req-908f9139-1c8c-417e-b88b-e8f5755172aa 0e9a8a4cbe444a9da3be0fff183f8489 19f09552773a49f89509e8c89152e33c - - default default] No more DHCP agents
2026-04-17 01:29:07.460 7 WARNING neutron.api.rpc.agentnotifiers.dhcp_rpc_agent_api [None req-908f9139-1c8c-417e-b88b-e8f5755172aa 0e9a8a4cbe444a9da3be0fff183f8489 19f09552773a49f89509e8c89152e33c - - default default] Unable to schedule network 40a56738-0ded-480f-8d2d-f276551d464a: no agents available; will retry on subsequent port and subnet creation events.
2026-04-17 01:29:07.583 7 INFO neutron.plugins.ml2.drivers.ovn.mech_driver.mech_driver [None req-1ce19153-ed4b-4595-bd49-b267689f28bb - - - - - -] OVN reports status down for port: 37eb0675-b07f-4851-995a-c06af8ec0615
2026-04-17 01:29:07.595 8 INFO neutron.plugins.ml2.drivers.ovn.mech_driver.ovsdb.commands [None req-f9d83487-afbe-48ad-bb43-54343f52afec - - - - - -] Schedule LRP lrp-7a816a19-0bee-4484-88c1-970045e74ebd on gateway cb6bda18-b70d-463d-af9b-4c34d8c7cdb5 with priority 1
2026-04-17 01:29:07.628 8 INFO neutron.plugins.ml2.drivers.ovn.mech_driver.mech_driver [None req-e0315f03-dbcb-425a-b8d5-149a694bc406 - - - - - -] OVN reports status up for port: 7a816a19-0bee-4484-88c1-970045e74ebd
2026-04-17 01:29:07.651 8 INFO neutron.plugins.ml2.plugin [None req-e0315f03-dbcb-425a-b8d5-149a694bc406 - - - - - -] Attempt 1 to provision port 7a816a19-0bee-4484-88c1-970045e74ebd
2026-04-17 01:29:07.680 8 INFO neutron.db.ovn_revision_numbers_db [None req-5e209427-dffa-44b3-9e1f-2ca05653982f a061f5f8a3454a71a03a2290e71cc5e1 4d717f5606db4c2394328f6ba5eec72a - - default default] Successfully bumped revision number for resource 7a816a19-0bee-4484-88c1-970045e74ebd (type: router_ports) to 1
2026-04-17 01:29:07.684 7 INFO neutron.db.ovn_revision_numbers_db [None req-908f9139-1c8c-417e-b88b-e8f5755172aa 0e9a8a4cbe444a9da3be0fff183f8489 19f09552773a49f89509e8c89152e33c - - default default] Successfully bumped revision number for resource 37eb0675-b07f-4851-995a-c06af8ec0615 (type: ports) to 1
2026-04-17 01:29:07.806 8 INFO neutron.db.ovn_revision_numbers_db [None req-5e209427-dffa-44b3-9e1f-2ca05653982f a061f5f8a3454a71a03a2290e71cc5e1 4d717f5606db4c2394328f6ba5eec72a - - default default] Successfully bumped revision number for resource 588927ad-909d-4b8c-b324-f44219b9bec4 (type: routers) to 2 [pid: 8|app: 0|req: 1261/2393] 10.0.0.247 () {34 vars in 669 bytes} [Fri Apr 17 01:29:06 2026] POST /v2.0/routers => generated 935 bytes in 1447 msecs (HTTP/1.1 201) 4 headers in 162 bytes (1 switches on core 0)
2026-04-17 01:29:08.270 8 WARNING neutron.scheduler.dhcp_agent_scheduler [None req-3a524d3d-fa27-405a-8653-87fcc24a58dd a061f5f8a3454a71a03a2290e71cc5e1 4d717f5606db4c2394328f6ba5eec72a - - default default] No more DHCP agents
2026-04-17 01:29:08.271 8 WARNING neutron.api.rpc.agentnotifiers.dhcp_rpc_agent_api [None req-3a524d3d-fa27-405a-8653-87fcc24a58dd a061f5f8a3454a71a03a2290e71cc5e1 4d717f5606db4c2394328f6ba5eec72a - - default default] Unable to schedule network 3b0fb28a-d917-4d68-bd29-5e2bface6931: no agents available; will retry on subsequent port and subnet creation events.
2026-04-17 01:29:08.397 7 INFO neutron.plugins.ml2.drivers.ovn.mech_driver.ovsdb.commands [None req-c3cf8508-c2ae-4a32-b755-7d3186a3ed18 - - - - - -] Schedule LRP lrp-37eb0675-b07f-4851-995a-c06af8ec0615 on gateway cb6bda18-b70d-463d-af9b-4c34d8c7cdb5 with priority 1
2026-04-17 01:29:08.441 7 INFO neutron.plugins.ml2.drivers.ovn.mech_driver.mech_driver [None req-1ce19153-ed4b-4595-bd49-b267689f28bb - - - - - -] OVN reports status up for port: 37eb0675-b07f-4851-995a-c06af8ec0615
2026-04-17 01:29:08.449 8 INFO neutron.plugins.ml2.drivers.ovn.mech_driver.ovsdb.ovsdb_monitor [None req-709ce7e1-8b79-42d9-8a83-ec644fd5a1e2 - - - - - -] Router 388e7d1d-bc8a-443d-8674-127b8d167058 is bound to host instance
2026-04-17 01:29:08.479 7 INFO neutron.plugins.ml2.plugin [None req-1ce19153-ed4b-4595-bd49-b267689f28bb - - - - - -] Attempt 1 to provision port 37eb0675-b07f-4851-995a-c06af8ec0615
2026-04-17 01:29:08.528 8 INFO neutron.db.ovn_revision_numbers_db [None req-3a524d3d-fa27-405a-8653-87fcc24a58dd a061f5f8a3454a71a03a2290e71cc5e1 4d717f5606db4c2394328f6ba5eec72a - - default default] Successfully bumped revision number for resource 64e988f5-601a-4f88-a8dc-36d3c2c2e69d (type: ports) to 1
2026-04-17 01:29:08.529 7 INFO neutron.db.ovn_revision_numbers_db [None req-908f9139-1c8c-417e-b88b-e8f5755172aa 0e9a8a4cbe444a9da3be0fff183f8489 19f09552773a49f89509e8c89152e33c - - default default] Successfully bumped revision number for resource 37eb0675-b07f-4851-995a-c06af8ec0615 (type: router_ports) to 1
2026-04-17 01:29:08.618 7 INFO neutron.db.ovn_revision_numbers_db [None req-908f9139-1c8c-417e-b88b-e8f5755172aa 0e9a8a4cbe444a9da3be0fff183f8489 19f09552773a49f89509e8c89152e33c - - default default] Successfully bumped revision number for resource 388e7d1d-bc8a-443d-8674-127b8d167058 (type: routers) to 2 [pid: 7|app: 0|req: 1133/2394] 10.0.0.247 () {34 vars in 669 bytes} [Fri Apr 17 01:29:06 2026] POST /v2.0/routers => generated 944 bytes in 2117 msecs (HTTP/1.1 201) 4 headers in 162 bytes (1 switches on core 0)
2026-04-17 01:29:09.135 7 WARNING neutron.scheduler.dhcp_agent_scheduler [None req-c65399fa-147b-4c39-be8b-b546e332f348 0e9a8a4cbe444a9da3be0fff183f8489 19f09552773a49f89509e8c89152e33c - - default default] No more DHCP agents
2026-04-17 01:29:09.136 7 WARNING neutron.api.rpc.agentnotifiers.dhcp_rpc_agent_api [None req-c65399fa-147b-4c39-be8b-b546e332f348 0e9a8a4cbe444a9da3be0fff183f8489 19f09552773a49f89509e8c89152e33c - - default default] Unable to schedule network 6a5fba7b-656f-437d-acc0-02b8f653dbf7: no agents available; will retry on subsequent port and subnet creation events.
2026-04-17 01:29:09.265 7 INFO neutron.db.ovn_revision_numbers_db [None req-c65399fa-147b-4c39-be8b-b546e332f348 0e9a8a4cbe444a9da3be0fff183f8489 19f09552773a49f89509e8c89152e33c - - default default] Successfully bumped revision number for resource 413df61c-ae03-4b97-9a72-c17b16ebb66e (type: ports) to 1
2026-04-17 01:29:09.807 8 WARNING neutron.scheduler.dhcp_agent_scheduler [None req-3a524d3d-fa27-405a-8653-87fcc24a58dd a061f5f8a3454a71a03a2290e71cc5e1 4d717f5606db4c2394328f6ba5eec72a - - default default] No more DHCP agents
2026-04-17 01:29:09.809 8 WARNING neutron.api.rpc.agentnotifiers.dhcp_rpc_agent_api [None req-3a524d3d-fa27-405a-8653-87fcc24a58dd a061f5f8a3454a71a03a2290e71cc5e1 4d717f5606db4c2394328f6ba5eec72a - - default default] Unable to schedule network 3b0fb28a-d917-4d68-bd29-5e2bface6931: no agents available; will retry on subsequent port and subnet creation events.
2026-04-17 01:29:09.953 7 WARNING neutron.scheduler.dhcp_agent_scheduler [None req-c65399fa-147b-4c39-be8b-b546e332f348 0e9a8a4cbe444a9da3be0fff183f8489 19f09552773a49f89509e8c89152e33c - - default default] No more DHCP agents
2026-04-17 01:29:09.954 7 WARNING neutron.api.rpc.agentnotifiers.dhcp_rpc_agent_api [None req-c65399fa-147b-4c39-be8b-b546e332f348 0e9a8a4cbe444a9da3be0fff183f8489 19f09552773a49f89509e8c89152e33c - - default default] Unable to schedule network 6a5fba7b-656f-437d-acc0-02b8f653dbf7: no agents available; will retry on subsequent port and subnet creation events.
2026-04-17 01:29:10.064 8 INFO neutron.db.ovn_revision_numbers_db [None req-bf87931c-a5bd-4168-b65b-5a38c4442e89 - - - - - -] Successfully bumped revision number for resource 37eb0675-b07f-4851-995a-c06af8ec0615 (type: ports) to 4
2026-04-17 01:29:10.291 7 INFO neutron.db.ovn_revision_numbers_db [None req-c65399fa-147b-4c39-be8b-b546e332f348 0e9a8a4cbe444a9da3be0fff183f8489 19f09552773a49f89509e8c89152e33c - - default default] Successfully bumped revision number for resource 413df61c-ae03-4b97-9a72-c17b16ebb66e (type: router_ports) to 1 [pid: 7|app: 0|req: 1134/2395] 10.0.0.247 () {34 vars in 783 bytes} [Fri Apr 17 01:29:08 2026] PUT /v2.0/routers/388e7d1d-bc8a-443d-8674-127b8d167058/add_router_interface => generated 309 bytes in 1658 msecs (HTTP/1.1 200) 4 headers in 157 bytes (1 switches on core 0)
2026-04-17 01:29:10.781 7 WARNING neutron.scheduler.dhcp_agent_scheduler [None req-c43d03f7-2f0e-4ae8-83de-4603c043f2ff 0e9a8a4cbe444a9da3be0fff183f8489 19f09552773a49f89509e8c89152e33c - - default default] No more DHCP agents
2026-04-17 01:29:10.783 7 WARNING neutron.api.rpc.agentnotifiers.dhcp_rpc_agent_api [None req-c43d03f7-2f0e-4ae8-83de-4603c043f2ff 0e9a8a4cbe444a9da3be0fff183f8489 19f09552773a49f89509e8c89152e33c - - default default] Unable to schedule network b27cd9ea-62b3-4e44-a24a-6764111b251d: no agents available; will retry on subsequent port and subnet creation events.
2026-04-17 01:29:10.945 7 INFO neutron.db.ovn_revision_numbers_db [None req-c43d03f7-2f0e-4ae8-83de-4603c043f2ff 0e9a8a4cbe444a9da3be0fff183f8489 19f09552773a49f89509e8c89152e33c - - default default] Successfully bumped revision number for resource 28afdb41-6c1c-4851-94d5-16956d74d246 (type: ports) to 1
2026-04-17 01:29:11.370 8 INFO neutron.db.ovn_revision_numbers_db [None req-3a524d3d-fa27-405a-8653-87fcc24a58dd a061f5f8a3454a71a03a2290e71cc5e1 4d717f5606db4c2394328f6ba5eec72a - - default default] Successfully bumped revision number for resource 64e988f5-601a-4f88-a8dc-36d3c2c2e69d (type: router_ports) to 1
2026-04-17 01:29:11.372 8 INFO neutron.db.ovn_revision_numbers_db [None req-bf87931c-a5bd-4168-b65b-5a38c4442e89 - - - - - -] Successfully bumped revision number for resource 37eb0675-b07f-4851-995a-c06af8ec0615 (type: ports) to 5 [pid: 8|app: 0|req: 1262/2398] 10.0.0.247 () {34 vars in 783 bytes} [Fri Apr 17 01:29:07 2026] PUT /v2.0/routers/588927ad-909d-4b8c-b324-f44219b9bec4/add_router_interface => generated 309 bytes in 3555 msecs (HTTP/1.1 200) 4 headers in 157 bytes (1 switches on core 0)
2026-04-17 01:29:12.094 8 WARNING neutron.scheduler.dhcp_agent_scheduler [None req-a7700d0d-4100-45d7-afd5-7502d725d88f - - - - - -] No more DHCP agents
2026-04-17 01:29:12.096 8 WARNING neutron.api.rpc.agentnotifiers.dhcp_rpc_agent_api [None req-a7700d0d-4100-45d7-afd5-7502d725d88f - - - - - -] Unable to schedule network 40a56738-0ded-480f-8d2d-f276551d464a: no agents available; will retry on subsequent port and subnet creation events.
2026-04-17 01:29:12.238 8 INFO neutron.db.ovn_revision_numbers_db [None req-a7700d0d-4100-45d7-afd5-7502d725d88f - - - - - -] Successfully bumped revision number for resource 7a7a0b90-e977-4ef4-bac4-2f2978adcead (type: ports) to 1
2026-04-17 01:29:12.488 8 INFO neutron.db.ovn_revision_numbers_db [None req-a7700d0d-4100-45d7-afd5-7502d725d88f - - - - - -] Successfully bumped revision number for resource 7a7a0b90-e977-4ef4-bac4-2f2978adcead (type: ports) to 3
2026-04-17 01:29:12.490 7 INFO neutron.plugins.ml2.drivers.ovn.mech_driver.mech_driver [None req-1ce19153-ed4b-4595-bd49-b267689f28bb - - - - - -] OVN reports status down for port: 7a7a0b90-e977-4ef4-bac4-2f2978adcead
2026-04-17 01:29:12.551 8 INFO neutron.db.segments_db [None req-a7700d0d-4100-45d7-afd5-7502d725d88f - - - - - -] Added segment 482c794b-ac25-4b8b-a3d6-35976eb33a66 of type geneve for network eb292989-8f6f-4c2b-b591-e7bc5fbf90de
2026-04-17 01:29:12.660 7 WARNING neutron.scheduler.dhcp_agent_scheduler [None req-c43d03f7-2f0e-4ae8-83de-4603c043f2ff 0e9a8a4cbe444a9da3be0fff183f8489 19f09552773a49f89509e8c89152e33c - - default default] No more DHCP agents
2026-04-17 01:29:12.661 7 WARNING neutron.api.rpc.agentnotifiers.dhcp_rpc_agent_api [None req-c43d03f7-2f0e-4ae8-83de-4603c043f2ff 0e9a8a4cbe444a9da3be0fff183f8489 19f09552773a49f89509e8c89152e33c - - default default] Unable to schedule network b27cd9ea-62b3-4e44-a24a-6764111b251d: no agents available; will retry on subsequent port and subnet creation events.
2026-04-17 01:29:12.666 8 INFO neutron.db.ovn_revision_numbers_db [None req-645b3fac-59e1-4ade-8a41-634be88aa1dd - - - - - -] Successfully bumped revision number for resource eb292989-8f6f-4c2b-b591-e7bc5fbf90de (type: networks) to 1
2026-04-17 01:29:12.824 8 WARNING neutron.scheduler.dhcp_agent_scheduler [None req-645b3fac-59e1-4ade-8a41-634be88aa1dd - - - - - -] No more DHCP agents
2026-04-17 01:29:12.826 8 WARNING neutron.api.rpc.agentnotifiers.dhcp_rpc_agent_api [None req-645b3fac-59e1-4ade-8a41-634be88aa1dd - - - - - -] Unable to schedule network eb292989-8f6f-4c2b-b591-e7bc5fbf90de: no agents available; will retry on subsequent port and subnet creation events.
2026-04-17 01:29:12.893 8 INFO neutron.db.ovn_revision_numbers_db [None req-645b3fac-59e1-4ade-8a41-634be88aa1dd - - - - - -] Successfully bumped revision number for resource 1f40a5f3-000d-472e-8912-50f6ef9df23f (type: ports) to 1
2026-04-17 01:29:12.898 7 INFO neutron.plugins.ml2.drivers.ovn.mech_driver.mech_driver [None req-1ce19153-ed4b-4595-bd49-b267689f28bb - - - - - -] OVN reports status down for port: 1f40a5f3-000d-472e-8912-50f6ef9df23f
2026-04-17 01:29:13.011 8 WARNING neutron.scheduler.dhcp_agent_scheduler [None req-645b3fac-59e1-4ade-8a41-634be88aa1dd - - - - - -] No more DHCP agents
2026-04-17 01:29:13.013 8 WARNING neutron.api.rpc.agentnotifiers.dhcp_rpc_agent_api [None req-645b3fac-59e1-4ade-8a41-634be88aa1dd - - - - - -] Unable to schedule network eb292989-8f6f-4c2b-b591-e7bc5fbf90de: no agents available; will retry on subsequent port and subnet creation events.
2026-04-17 01:29:13.057 8 INFO neutron.db.ovn_revision_numbers_db [None req-645b3fac-59e1-4ade-8a41-634be88aa1dd - - - - - -] Successfully bumped revision number for resource 00a91280-57d3-40e9-8afb-359fcdba3ef5 (type: subnets) to 0
2026-04-17 01:29:13.060 7 INFO neutron.db.ovn_revision_numbers_db [None req-c43d03f7-2f0e-4ae8-83de-4603c043f2ff 0e9a8a4cbe444a9da3be0fff183f8489 19f09552773a49f89509e8c89152e33c - - default default] Successfully bumped revision number for resource 28afdb41-6c1c-4851-94d5-16956d74d246 (type: router_ports) to 1 [pid: 7|app: 0|req: 1137/2399] 10.0.0.247 () {34 vars in 783 bytes} [Fri Apr 17 01:29:10 2026] PUT /v2.0/routers/388e7d1d-bc8a-443d-8674-127b8d167058/add_router_interface => generated 309 bytes in 2760 msecs (HTTP/1.1 200) 4 headers in 157 bytes (1 switches on core 0)
2026-04-17 01:29:13.195 8 WARNING neutron.plugins.ml2.drivers.ovn.mech_driver.ovsdb.ovn_client [None req-e0315f03-dbcb-425a-b8d5-149a694bc406 - - - - - -] No hosting information found for port 7a816a19-0bee-4484-88c1-970045e74ebd: RuntimeError: No hosting information found for port 7a816a19-0bee-4484-88c1-970045e74ebd
2026-04-17 01:29:13.195 8 INFO neutron.plugins.ml2.drivers.ovn.mech_driver.mech_driver [None req-e0315f03-dbcb-425a-b8d5-149a694bc406 - - - - - -] OVN reports status down for port: 64e988f5-601a-4f88-a8dc-36d3c2c2e69d
2026-04-17 01:29:13.302 8 WARNING neutron.plugins.ml2.drivers.ovn.mech_driver.ovsdb.ovn_client [None req-e0315f03-dbcb-425a-b8d5-149a694bc406 - - - - - -] Logical_Switch_Port %s host information not removed, the port state is up
2026-04-17 01:29:13.303 8 INFO neutron.plugins.ml2.drivers.ovn.mech_driver.mech_driver [None req-e0315f03-dbcb-425a-b8d5-149a694bc406 - - - - - -] OVN reports status down for port: 413df61c-ae03-4b97-9a72-c17b16ebb66e
2026-04-17 01:29:13.435 8 WARNING neutron.plugins.ml2.drivers.ovn.mech_driver.ovsdb.ovn_client [None req-e0315f03-dbcb-425a-b8d5-149a694bc406 - - - - - -] Logical_Switch_Port %s host information not removed, the port state is up
2026-04-17 01:29:13.436 8 INFO neutron.plugins.ml2.drivers.ovn.mech_driver.mech_driver [None req-e0315f03-dbcb-425a-b8d5-149a694bc406 - - - - - -] OVN reports status up for port: 64e988f5-601a-4f88-a8dc-36d3c2c2e69d
2026-04-17 01:29:13.461 8 INFO neutron.plugins.ml2.plugin [None req-e0315f03-dbcb-425a-b8d5-149a694bc406 - - - - - -] Attempt 1 to provision port 64e988f5-601a-4f88-a8dc-36d3c2c2e69d
2026-04-17 01:29:13.611 7 WARNING neutron.scheduler.dhcp_agent_scheduler [None req-44e67739-950e-4951-9a98-a19b44e06cb4 0e9a8a4cbe444a9da3be0fff183f8489 19f09552773a49f89509e8c89152e33c - - default default] No more DHCP agents
2026-04-17 01:29:13.613 7 WARNING neutron.api.rpc.agentnotifiers.dhcp_rpc_agent_api [None req-44e67739-950e-4951-9a98-a19b44e06cb4 0e9a8a4cbe444a9da3be0fff183f8489 19f09552773a49f89509e8c89152e33c - - default default] Unable to schedule network 48d84c3c-591b-438a-8fb2-0a0fc65d035f: no agents available; will retry on subsequent port and subnet creation events.
2026-04-17 01:29:13.724 7 INFO neutron.plugins.ml2.drivers.ovn.mech_driver.mech_driver [None req-1ce19153-ed4b-4595-bd49-b267689f28bb - - - - - -] OVN reports status down for port: d1773e19-24f9-4457-a7e6-81cc618557ee
2026-04-17 01:29:13.782 7 INFO neutron.db.ovn_revision_numbers_db [None req-44e67739-950e-4951-9a98-a19b44e06cb4 0e9a8a4cbe444a9da3be0fff183f8489 19f09552773a49f89509e8c89152e33c - - default default] Successfully bumped revision number for resource d1773e19-24f9-4457-a7e6-81cc618557ee (type: ports) to 1
2026-04-17 01:29:13.800 8 WARNING neutron.scheduler.dhcp_agent_scheduler [None req-645b3fac-59e1-4ade-8a41-634be88aa1dd - - - - - -] No more DHCP agents
2026-04-17 01:29:13.803 8 WARNING neutron.api.rpc.agentnotifiers.dhcp_rpc_agent_api [None req-645b3fac-59e1-4ade-8a41-634be88aa1dd - - - - - -] Unable to schedule network eb292989-8f6f-4c2b-b591-e7bc5fbf90de: no agents available; will retry on subsequent port and subnet creation events.
2026-04-17 01:29:14.030 7 INFO neutron.plugins.ml2.drivers.ovn.mech_driver.mech_driver [None req-1ce19153-ed4b-4595-bd49-b267689f28bb - - - - - -] OVN reports status down for port: f05eba29-1629-4f24-b661-7149bbc8452d
2026-04-17 01:29:14.062 8 INFO neutron.db.ovn_revision_numbers_db [None req-645b3fac-59e1-4ade-8a41-634be88aa1dd - - - - - -] Successfully bumped revision number for resource f05eba29-1629-4f24-b661-7149bbc8452d (type: ports) to 1
2026-04-17 01:29:14.271 8 INFO neutron.db.ovn_revision_numbers_db [None req-e0315f03-dbcb-425a-b8d5-149a694bc406 - - - - - -] Successfully bumped revision number for resource 64e988f5-601a-4f88-a8dc-36d3c2c2e69d (type: ports) to 2
2026-04-17 01:29:14.635 7 INFO neutron.plugins.ml2.drivers.ovn.mech_driver.mech_driver [None req-1ce19153-ed4b-4595-bd49-b267689f28bb - - - - - -] OVN reports status up for port: d1773e19-24f9-4457-a7e6-81cc618557ee
2026-04-17 01:29:14.666 7 INFO neutron.plugins.ml2.plugin [None req-1ce19153-ed4b-4595-bd49-b267689f28bb - - - - - -] Attempt 1 to provision port d1773e19-24f9-4457-a7e6-81cc618557ee
2026-04-17 01:29:14.783 7 WARNING neutron.scheduler.dhcp_agent_scheduler [None req-44e67739-950e-4951-9a98-a19b44e06cb4 0e9a8a4cbe444a9da3be0fff183f8489 19f09552773a49f89509e8c89152e33c - - default default] No more DHCP agents
2026-04-17 01:29:14.786 7 WARNING neutron.api.rpc.agentnotifiers.dhcp_rpc_agent_api [None req-44e67739-950e-4951-9a98-a19b44e06cb4 0e9a8a4cbe444a9da3be0fff183f8489 19f09552773a49f89509e8c89152e33c - - default default] Unable to schedule network 48d84c3c-591b-438a-8fb2-0a0fc65d035f: no agents available; will retry on subsequent port and subnet creation events.
2026-04-17 01:29:14.902 8 WARNING neutron.scheduler.dhcp_agent_scheduler [None req-645b3fac-59e1-4ade-8a41-634be88aa1dd - - - - - -] No more DHCP agents
2026-04-17 01:29:14.903 8 WARNING neutron.api.rpc.agentnotifiers.dhcp_rpc_agent_api [None req-645b3fac-59e1-4ade-8a41-634be88aa1dd - - - - - -] Unable to schedule network eb292989-8f6f-4c2b-b591-e7bc5fbf90de: no agents available; will retry on subsequent port and subnet creation events.
2026-04-17 01:29:15.344 8 INFO neutron.db.ovn_revision_numbers_db [None req-645b3fac-59e1-4ade-8a41-634be88aa1dd - - - - - -] Successfully bumped revision number for resource f05eba29-1629-4f24-b661-7149bbc8452d (type: router_ports) to 1
2026-04-17 01:29:15.560 7 INFO neutron.db.ovn_revision_numbers_db [None req-44e67739-950e-4951-9a98-a19b44e06cb4 0e9a8a4cbe444a9da3be0fff183f8489 19f09552773a49f89509e8c89152e33c - - default default] Successfully bumped revision number for resource d1773e19-24f9-4457-a7e6-81cc618557ee (type: router_ports) to 1 [pid: 7|app: 0|req: 1138/2400] 10.0.0.247 () {34 vars in 783 bytes} [Fri Apr 17 01:29:13 2026] PUT /v2.0/routers/388e7d1d-bc8a-443d-8674-127b8d167058/add_router_interface => generated 309 bytes in 2504 msecs (HTTP/1.1 200) 4 headers in 157 bytes (1 switches on core 0)
2026-04-17 01:29:15.588 8 WARNING neutron.scheduler.dhcp_agent_scheduler [None req-645b3fac-59e1-4ade-8a41-634be88aa1dd - - - - - -] No more DHCP agents
2026-04-17 01:29:15.590 8 WARNING neutron.api.rpc.agentnotifiers.dhcp_rpc_agent_api [None req-645b3fac-59e1-4ade-8a41-634be88aa1dd - - - - - -] Unable to schedule network eb292989-8f6f-4c2b-b591-e7bc5fbf90de: no agents available; will retry on subsequent port and subnet creation events.
2026-04-17 01:29:15.642 7 INFO neutron.db.ovn_revision_numbers_db [None req-1ce19153-ed4b-4595-bd49-b267689f28bb - - - - - -] Successfully bumped revision number for resource d1773e19-24f9-4457-a7e6-81cc618557ee (type: ports) to 2
2026-04-17 01:29:15.712 8 INFO neutron.db.ovn_revision_numbers_db [None req-645b3fac-59e1-4ade-8a41-634be88aa1dd - - - - - -] Successfully bumped revision number for resource 88e88638-f12a-45a5-ae27-7ef597f08c38 (type: ports) to 1
2026-04-17 01:29:15.866 7 INFO neutron.db.ovn_revision_numbers_db [None req-c686dd85-1372-43ea-8d4e-f1b9894a40cb 0e9a8a4cbe444a9da3be0fff183f8489 19f09552773a49f89509e8c89152e33c - - default default] Successfully bumped revision number for resource 3340b280-19e8-4a03-a5af-da4e62f18f4a (type: security_groups) to 1
2026-04-17 01:29:15.877 7 INFO neutron.db.ovn_revision_numbers_db [None req-c686dd85-1372-43ea-8d4e-f1b9894a40cb 0e9a8a4cbe444a9da3be0fff183f8489 19f09552773a49f89509e8c89152e33c - - default default] Successfully bumped revision number for resource 35c37b7b-b0ec-4dc6-9bd6-ed87dc235ccc (type: security_group_rules) to 0
2026-04-17 01:29:15.890 7 INFO neutron.db.ovn_revision_numbers_db [None req-c686dd85-1372-43ea-8d4e-f1b9894a40cb 0e9a8a4cbe444a9da3be0fff183f8489 19f09552773a49f89509e8c89152e33c - - default default] Successfully bumped revision number for resource e6aa88d3-2b55-4431-aa93-de08d215f4b0 (type: security_group_rules) to 0 [pid: 7|app: 0|req: 1139/2401] 10.0.0.247 () {34 vars in 684 bytes} [Fri Apr 17 01:29:15 2026] POST /v2.0/security-groups => generated 1630 bytes in 306 msecs (HTTP/1.1 201) 4 headers in 163 bytes (1 switches on core 0)
2026-04-17 01:29:15.946 8 INFO neutron.db.ovn_revision_numbers_db [None req-645b3fac-59e1-4ade-8a41-634be88aa1dd - - - - - -] Successfully bumped revision number for resource 88e88638-f12a-45a5-ae27-7ef597f08c38 (type: ports) to 3
2026-04-17 01:29:16.069 7 INFO neutron.db.ovn_revision_numbers_db [None req-5fd1794f-b29f-499d-acec-6b087fc4f9f5 0e9a8a4cbe444a9da3be0fff183f8489 19f09552773a49f89509e8c89152e33c - - default default] Successfully bumped revision number for resource 9a5f33cb-4e98-4a9e-9256-dadc650fc347 (type: security_group_rules) to 0 [pid: 7|app: 0|req: 1140/2402] 10.0.0.247 () {34 vars in 695 bytes} [Fri Apr 17 01:29:15 2026] POST /v2.0/security-group-rules => generated 597 bytes in 160 msecs (HTTP/1.1 201) 4 headers in 162 bytes (1 switches on core 0) [pid: 8|app: 0|req: 1263/2403] 10.0.0.247 () {34 vars in 685 bytes} [Fri Apr 17 01:29:11 2026] POST /v2.0/vpn/vpnservices => generated 456 bytes in 4798 msecs (HTTP/1.1 201) 4 headers in 162 bytes (1 switches on core 0)
2026-04-17 01:29:16.250 7 INFO neutron.db.ovn_revision_numbers_db [None req-2f80c647-1a6e-4eda-bcd5-a7f3cc033b24 0e9a8a4cbe444a9da3be0fff183f8489 19f09552773a49f89509e8c89152e33c - - default default] Successfully bumped revision number for resource dfce09b1-a6d1-4c19-979b-42c087ea8e39 (type: security_group_rules) to 0 [pid: 7|app: 0|req: 1141/2404] 10.0.0.247 () {34 vars in 695 bytes} [Fri Apr 17 01:29:16 2026] POST /v2.0/security-group-rules => generated 597 bytes in 176 msecs (HTTP/1.1 201) 4 headers in 162 bytes (1 switches on core 0)
2026-04-17 01:29:16.416 7 INFO neutron.db.ovn_revision_numbers_db [None req-ccd056f7-18dc-4b03-acb5-34faf73bd69e 0e9a8a4cbe444a9da3be0fff183f8489 19f09552773a49f89509e8c89152e33c - - default default] Successfully bumped revision number for resource 70c25399-7da2-4cf0-a1a2-9ab6c7677633 (type: security_group_rules) to 0 [pid: 7|app: 0|req: 1142/2405] 10.0.0.247 () {34 vars in 695 bytes} [Fri Apr 17 01:29:16 2026] POST /v2.0/security-group-rules => generated 599 bytes in 162 msecs (HTTP/1.1 201) 4 headers in 162 bytes (1 switches on core 0) [pid: 8|app: 0|req: 1264/2406] 10.0.0.247 () {34 vars in 685 bytes} [Fri Apr 17 01:29:16 2026] POST /v2.0/vpn/vpnservices => generated 424 bytes in 336 msecs (HTTP/1.1 201) 4 headers in 162 bytes (1 switches on core 0) [pid: 8|app: 0|req: 1265/2407] 10.0.0.247 () {34 vars in 684 bytes} [Fri Apr 17 01:29:16 2026] POST /v2.0/vpn/ikepolicies => generated 404 bytes in 47 msecs (HTTP/1.1 201) 4 headers in 162 bytes (1 switches on core 0)
2026-04-17 01:29:16.591 7 INFO neutron.db.ovn_revision_numbers_db [None req-f22b5fb2-8c10-4f1f-a33b-bd24c88045ed 0e9a8a4cbe444a9da3be0fff183f8489 19f09552773a49f89509e8c89152e33c - - default default] Successfully bumped revision number for resource 85a5a110-8772-4f76-b457-e3704bfc953b (type: security_group_rules) to 0 [pid: 7|app: 0|req: 1143/2408] 10.0.0.247 () {34 vars in 695 bytes} [Fri Apr 17 01:29:16 2026] POST /v2.0/security-group-rules => generated 601 bytes in 171 msecs (HTTP/1.1 201) 4 headers in 162 bytes (1 switches on core 0) [pid: 8|app: 0|req: 1266/2409] 10.0.0.247 () {34 vars in 688 bytes} [Fri Apr 17 01:29:16 2026] POST /v2.0/vpn/ipsecpolicies => generated 413 bytes in 47 msecs (HTTP/1.1 201) 4 headers in 162 bytes (1 switches on core 0) [pid: 8|app: 0|req: 1267/2410] 10.0.0.247 () {34 vars in 693 bytes} [Fri Apr 17 01:29:16 2026] POST /v2.0/vpn/endpoint-groups => generated 329 bytes in 53 msecs (HTTP/1.1 201) 4 headers in 162 bytes (1 switches on core 0) [pid: 8|app: 0|req: 1268/2411] 10.0.0.247 () {34 vars in 693 bytes} [Fri Apr 17 01:29:16 2026] POST /v2.0/vpn/endpoint-groups => generated 319 bytes in 53 msecs (HTTP/1.1 201) 4 headers in 162 bytes (1 switches on core 0)
2026-04-17 01:29:16.770 7 INFO neutron.db.ovn_revision_numbers_db [None req-f18dad99-8b6e-4029-97e9-4c235a53e31a 0e9a8a4cbe444a9da3be0fff183f8489 19f09552773a49f89509e8c89152e33c - - default default] Successfully bumped revision number for resource ddd7e1fc-0324-4b4d-8e62-600a3551355f (type: security_group_rules) to 0 [pid: 7|app: 0|req: 1144/2412] 10.0.0.247 () {34 vars in 695 bytes} [Fri Apr 17 01:29:16 2026] POST /v2.0/security-group-rules => generated 601 bytes in 171 msecs (HTTP/1.1 201) 4 headers in 162 bytes (1 switches on core 0)
2026-04-17 01:29:16.941 7 INFO neutron.db.ovn_revision_numbers_db [None req-9c42c2ac-538d-45c4-af1b-1e756464a76b 0e9a8a4cbe444a9da3be0fff183f8489 19f09552773a49f89509e8c89152e33c - - default default] Successfully bumped revision number for resource a112b5c7-a0e3-413b-a71c-d15d415f0f03 (type: security_group_rules) to 0 [pid: 7|app: 0|req: 1145/2413] 10.0.0.247 () {34 vars in 695 bytes} [Fri Apr 17 01:29:16 2026] POST /v2.0/security-group-rules => generated 597 bytes in 166 msecs (HTTP/1.1 201) 4 headers in 162 bytes (1 switches on core 0)
2026-04-17 01:29:17.163 7 INFO neutron.db.ovn_revision_numbers_db [None req-aaead833-8b60-4cda-9da8-a189e12bb40d 0e9a8a4cbe444a9da3be0fff183f8489 19f09552773a49f89509e8c89152e33c - - default default] Successfully bumped revision number for resource 8769f347-a55f-445f-a838-21bcf592dd4c (type: security_group_rules) to 0 [pid: 7|app: 0|req: 1146/2414] 10.0.0.247 () {34 vars in 695 bytes} [Fri Apr 17 01:29:16 2026] POST /v2.0/security-group-rules => generated 597 bytes in 219 msecs (HTTP/1.1 201) 4 headers in 162 bytes (1 switches on core 0)
2026-04-17 01:29:17.381 7 INFO neutron.db.ovn_revision_numbers_db [None req-05d49722-bc86-493f-b440-859f7bec3eaf 0e9a8a4cbe444a9da3be0fff183f8489 19f09552773a49f89509e8c89152e33c - - default default] Successfully bumped revision number for resource 93fd6a42-b0d1-404c-8b63-d6182a5d814b (type: security_group_rules) to 0 [pid: 7|app: 0|req: 1147/2415] 10.0.0.247 () {34 vars in 695 bytes} [Fri Apr 17 01:29:17 2026] POST /v2.0/security-group-rules => generated 597 bytes in 224 msecs (HTTP/1.1 201) 4 headers in 162 bytes (1 switches on core 0)
2026-04-17 01:29:17.448 8 INFO neutron.db.ovn_revision_numbers_db [None req-9917a1bd-d54c-441b-abaf-4d699cb5786a a061f5f8a3454a71a03a2290e71cc5e1 4d717f5606db4c2394328f6ba5eec72a - - default default] Successfully bumped revision number for resource 588927ad-909d-4b8c-b324-f44219b9bec4 (type: routers) to 5 [pid: 8|app: 0|req: 1269/2416] 10.0.0.247 () {34 vars in 707 bytes} [Fri Apr 17 01:29:16 2026] POST /v2.0/vpn/ipsec-site-connections => generated 802 bytes in 734 msecs (HTTP/1.1 201) 4 headers in 162 bytes (1 switches on core 0) [pid: 8|app: 0|req: 1270/2417] 10.0.0.247 () {34 vars in 693 bytes} [Fri Apr 17 01:29:17 2026] POST /v2.0/vpn/endpoint-groups => generated 290 bytes in 46 msecs (HTTP/1.1 201) 4 headers in 162 bytes (1 switches on core 0) [pid: 8|app: 0|req: 1271/2418] 10.0.0.247 () {32 vars in 748 bytes} [Fri Apr 17 01:29:17 2026] DELETE /v2.0/vpn/endpoint-groups/c751991c-1696-41dd-ac10-bfc8fa225d95 => generated 0 bytes in 36 msecs (HTTP/1.1 204) 2 headers in 112 bytes (1 switches on core 0) [pid: 8|app: 0|req: 1272/2419] 10.0.0.247 () {32 vars in 671 bytes} [Fri Apr 17 01:29:17 2026] GET /v2.0/vpn/endpoint-groups => generated 633 bytes in 12 msecs (HTTP/1.1 200) 4 headers in 157 bytes (1 switches on core 0) [pid: 8|app: 0|req: 1273/2420] 10.0.0.247 () {32 vars in 671 bytes} [Fri Apr 17 01:29:17 2026] GET /v2.0/vpn/endpoint-groups => generated 633 bytes in 8 msecs (HTTP/1.1 200) 4 headers in 157 bytes (1 switches on core 0)
2026-04-17 01:29:17.611 7 INFO neutron.db.ovn_revision_numbers_db [None req-debc24a6-0d9f-4c84-acc9-dfbda248230c 0e9a8a4cbe444a9da3be0fff183f8489 19f09552773a49f89509e8c89152e33c - - default default] Successfully bumped revision number for resource dbcb4ec7-a7a8-4c23-be37-4e6ad74dacb1 (type: security_group_rules) to 0 [pid: 7|app: 0|req: 1148/2421] 10.0.0.247 () {34 vars in 695 bytes} [Fri Apr 17 01:29:17 2026] POST /v2.0/security-group-rules => generated 599 bytes in 217 msecs (HTTP/1.1 201) 4 headers in 162 bytes (1 switches on core 0)
2026-04-17 01:29:17.824 8 INFO neutron.db.ovn_revision_numbers_db [None req-e91a61d7-07ba-4ddc-b808-a240ce5ff26d 0e9a8a4cbe444a9da3be0fff183f8489 19f09552773a49f89509e8c89152e33c - - default default] Successfully bumped revision number for resource b1872ea4-9689-43e1-82ee-25c6d30fe4f5 (type: security_group_rules) to 0 [pid: 8|app: 0|req: 1274/2422] 10.0.0.247 () {34 vars in 695 bytes} [Fri Apr 17 01:29:17 2026] POST /v2.0/security-group-rules => generated 601 bytes in 206 msecs (HTTP/1.1 201) 4 headers in 162 bytes (1 switches on core 0) [pid: 8|app: 0|req: 1275/2423] 10.0.0.247 () {34 vars in 685 bytes} [Fri Apr 17 01:29:17 2026] POST /v2.0/vpn/ikepolicies => generated 402 bytes in 112 msecs (HTTP/1.1 201) 4 headers in 162 bytes (1 switches on core 0) [pid: 8|app: 0|req: 1276/2424] 10.0.0.247 () {32 vars in 663 bytes} [Fri Apr 17 01:29:18 2026] GET /v2.0/vpn/ikepolicies => generated 797 bytes in 16 msecs (HTTP/1.1 200) 4 headers in 157 bytes (1 switches on core 0)
2026-04-17 01:29:18.087 7 INFO neutron.db.ovn_revision_numbers_db [None req-796e8b15-d96d-4294-abba-6281dead0cdb 0e9a8a4cbe444a9da3be0fff183f8489 19f09552773a49f89509e8c89152e33c - - default default] Successfully bumped revision number for resource 777cb658-b358-4d6d-a2cc-7be3b527fcea (type: security_group_rules) to 0 [pid: 8|app: 0|req: 1277/2425] 10.0.0.247 () {32 vars in 740 bytes} [Fri Apr 17 01:29:18 2026] DELETE /v2.0/vpn/ikepolicies/b9b9c856-4325-45f6-ad6f-d1d2d3d6101f => generated 0 bytes in 51 msecs (HTTP/1.1 204) 2 headers in 112 bytes (1 switches on core 0) [pid: 7|app: 0|req: 1149/2426] 10.0.0.247 () {34 vars in 695 bytes} [Fri Apr 17 01:29:17 2026] POST /v2.0/security-group-rules => generated 597 bytes in 255 msecs (HTTP/1.1 201) 4 headers in 162 bytes (1 switches on core 0) [pid: 8|app: 0|req: 1278/2427] 10.0.0.247 () {34 vars in 689 bytes} [Fri Apr 17 01:29:18 2026] POST /v2.0/vpn/ipsecpolicies => generated 412 bytes in 36 msecs (HTTP/1.1 201) 4 headers in 162 bytes (1 switches on core 0) [pid: 7|app: 0|req: 1150/2428] 10.0.0.247 () {32 vars in 667 bytes} [Fri Apr 17 01:29:18 2026] GET /v2.0/vpn/ipsecpolicies => generated 814 bytes in 9 msecs (HTTP/1.1 200) 4 headers in 157 bytes (1 switches on core 0) [pid: 8|app: 0|req: 1279/2429] 10.0.0.247 () {32 vars in 744 bytes} [Fri Apr 17 01:29:18 2026] DELETE /v2.0/vpn/ipsecpolicies/0ad0c2fe-469c-484c-b652-abcbe833cd17 => generated 0 bytes in 37 msecs (HTTP/1.1 204) 2 headers in 112 bytes (1 switches on core 0)
2026-04-17 01:29:18.282 7 INFO neutron.db.segments_db [None req-57ce6e53-6bba-4b7e-abe6-050f85d8140b a061f5f8a3454a71a03a2290e71cc5e1 4d717f5606db4c2394328f6ba5eec72a - - default default] Added segment 34719bb5-9cb9-4302-9d4d-45c2047b0fad of type geneve for network c38136b1-74b8-4628-a129-91073f0ff18d
2026-04-17 01:29:18.396 7 INFO neutron.db.ovn_revision_numbers_db [None req-57ce6e53-6bba-4b7e-abe6-050f85d8140b a061f5f8a3454a71a03a2290e71cc5e1 4d717f5606db4c2394328f6ba5eec72a - - default default] Successfully bumped revision number for resource c38136b1-74b8-4628-a129-91073f0ff18d (type: networks) to 1
2026-04-17 01:29:18.571 7 WARNING neutron.scheduler.dhcp_agent_scheduler [None req-57ce6e53-6bba-4b7e-abe6-050f85d8140b a061f5f8a3454a71a03a2290e71cc5e1 4d717f5606db4c2394328f6ba5eec72a - - default default] No more DHCP agents
2026-04-17 01:29:18.573 7 WARNING neutron.api.rpc.agentnotifiers.dhcp_rpc_agent_api [None req-57ce6e53-6bba-4b7e-abe6-050f85d8140b a061f5f8a3454a71a03a2290e71cc5e1 4d717f5606db4c2394328f6ba5eec72a - - default default] Unable to schedule network c38136b1-74b8-4628-a129-91073f0ff18d: no agents available; will retry on subsequent port and subnet creation events. [pid: 8|app: 0|req: 1280/2430] 10.0.0.14 () {34 vars in 1095 bytes} [Fri Apr 17 01:29:18 2026] GET /v2.0/security-groups?name=tempest-lb_member_SG-1265308930&fields=id&tenant_id=19f09552773a49f89509e8c89152e33c => generated 69 bytes in 71 msecs (HTTP/1.1 200) 4 headers in 156 bytes (1 switches on core 0)
2026-04-17 01:29:18.684 7 INFO neutron.db.ovn_revision_numbers_db [None req-57ce6e53-6bba-4b7e-abe6-050f85d8140b a061f5f8a3454a71a03a2290e71cc5e1 4d717f5606db4c2394328f6ba5eec72a - - default default] Successfully bumped revision number for resource 9ac1804e-53df-4f2b-a5cd-c6dc62335991 (type: ports) to 1 [pid: 7|app: 0|req: 1151/2431] 10.0.0.247 () {34 vars in 670 bytes} [Fri Apr 17 01:29:18 2026] POST /v2.0/networks => generated 651 bytes in 504 msecs (HTTP/1.1 201) 4 headers in 162 bytes (1 switches on core 0) [pid: 8|app: 0|req: 1281/2432] 10.0.0.14 () {34 vars in 981 bytes} [Fri Apr 17 01:29:18 2026] GET /v2.0/networks?id=b27cd9ea-62b3-4e44-a24a-6764111b251d => generated 743 bytes in 69 msecs (HTTP/1.1 200) 4 headers in 157 bytes (1 switches on core 0) [pid: 8|app: 0|req: 1282/2433] 10.0.0.14 () {34 vars in 964 bytes} [Fri Apr 17 01:29:18 2026] GET /v2.0/quotas/19f09552773a49f89509e8c89152e33c => generated 292 bytes in 12 msecs (HTTP/1.1 200) 4 headers in 157 bytes (1 switches on core 0)
2026-04-17 01:29:18.914 7 WARNING neutron.scheduler.dhcp_agent_scheduler [None req-60002ceb-56e7-4648-9740-a340c3db4332 a061f5f8a3454a71a03a2290e71cc5e1 4d717f5606db4c2394328f6ba5eec72a - - default default] No more DHCP agents
2026-04-17 01:29:18.915 7 WARNING neutron.api.rpc.agentnotifiers.dhcp_rpc_agent_api [None req-60002ceb-56e7-4648-9740-a340c3db4332 a061f5f8a3454a71a03a2290e71cc5e1 4d717f5606db4c2394328f6ba5eec72a - - default default] Unable to schedule network c38136b1-74b8-4628-a129-91073f0ff18d: no agents available; will retry on subsequent port and subnet creation events. [pid: 8|app: 0|req: 1283/2434] 10.0.0.14 () {34 vars in 1001 bytes} [Fri Apr 17 01:29:18 2026] GET /v2.0/ports?tenant_id=19f09552773a49f89509e8c89152e33c&fields=id => generated 287 bytes in 230 msecs (HTTP/1.1 200) 4 headers in 157 bytes (1 switches on core 0) [pid: 8|app: 0|req: 1284/2435] 10.0.0.14 () {34 vars in 1007 bytes} [Fri Apr 17 01:29:18 2026] GET /v2.0/networks/b27cd9ea-62b3-4e44-a24a-6764111b251d?fields=segments => generated 14 bytes in 80 msecs (HTTP/1.1 200) 4 headers in 156 bytes (1 switches on core 0) [pid: 8|app: 0|req: 1285/2436] 10.0.0.14 () {34 vars in 1107 bytes} [Fri Apr 17 01:29:19 2026] GET /v2.0/networks/b27cd9ea-62b3-4e44-a24a-6764111b251d?fields=provider%3Aphysical_network&fields=provider%3Anetwork_type => generated 79 bytes in 38 msecs (HTTP/1.1 200) 4 headers in 156 bytes (1 switches on core 0) [pid: 8|app: 0|req: 1286/2437] 10.0.0.14 () {34 vars in 989 bytes} [Fri Apr 17 01:29:19 2026] GET /v2.0/ports?device_id=af07bb99-e059-48fd-9085-76f695f4af35 => generated 12 bytes in 51 msecs (HTTP/1.1 200) 4 headers in 156 bytes (1 switches on core 0)
2026-04-17 01:29:19.334 7 INFO neutron.db.ovn_revision_numbers_db [None req-f76948a0-ae86-42f8-a095-12f599e9570b - - - - - -] Successfully bumped revision number for resource 9ac1804e-53df-4f2b-a5cd-c6dc62335991 (type: ports) to 2
2026-04-17 01:29:19.366 7 INFO neutron.db.ovn_revision_numbers_db [None req-f76948a0-ae86-42f8-a095-12f599e9570b - - - - - -] Successfully bumped revision number for resource 82969f41-d464-4fc5-bfde-650cd20a2c19 (type: subnets) to 0 [pid: 7|app: 0|req: 1152/2438] 10.0.0.247 () {34 vars in 669 bytes} [Fri Apr 17 01:29:18 2026] POST /v2.0/subnets => generated 629 bytes in 665 msecs (HTTP/1.1 201) 4 headers in 162 bytes (1 switches on core 0)
2026-04-17 01:29:19.546 8 WARNING neutron.plugins.ml2.drivers.ovn.mech_driver.ovsdb.ovn_client [None req-14ba163a-0269-4b98-a617-3cac78793702 - - - - - -] No hosting information found for port 64e988f5-601a-4f88-a8dc-36d3c2c2e69d: RuntimeError: No hosting information found for port 64e988f5-601a-4f88-a8dc-36d3c2c2e69d
2026-04-17 01:29:19.546 8 INFO neutron.plugins.ml2.drivers.ovn.mech_driver.mech_driver [None req-14ba163a-0269-4b98-a617-3cac78793702 - - - - - -] OVN reports status up for port: 413df61c-ae03-4b97-9a72-c17b16ebb66e
2026-04-17 01:29:19.570 8 INFO neutron.plugins.ml2.plugin [None req-14ba163a-0269-4b98-a617-3cac78793702 - - - - - -] Attempt 1 to provision port 413df61c-ae03-4b97-9a72-c17b16ebb66e
2026-04-17 01:29:19.994 8 WARNING neutron.scheduler.dhcp_agent_scheduler [None req-a011ebfe-fc87-48ce-be20-6fe1b04cbe72 a061f5f8a3454a71a03a2290e71cc5e1 4d717f5606db4c2394328f6ba5eec72a - - default default] No more DHCP agents
2026-04-17 01:29:19.998 8 WARNING neutron.api.rpc.agentnotifiers.dhcp_rpc_agent_api [None req-a011ebfe-fc87-48ce-be20-6fe1b04cbe72 a061f5f8a3454a71a03a2290e71cc5e1 4d717f5606db4c2394328f6ba5eec72a - - default default] Unable to schedule network 40a56738-0ded-480f-8d2d-f276551d464a: no agents available; will retry on subsequent port and subnet creation events.
2026-04-17 01:29:20.293 8 INFO neutron.db.ovn_revision_numbers_db [None req-14ba163a-0269-4b98-a617-3cac78793702 - - - - - -] Successfully bumped revision number for resource 413df61c-ae03-4b97-9a72-c17b16ebb66e (type: ports) to 2
2026-04-17 01:29:20.326 8 INFO neutron.db.ovn_revision_numbers_db [None req-a011ebfe-fc87-48ce-be20-6fe1b04cbe72 a061f5f8a3454a71a03a2290e71cc5e1 4d717f5606db4c2394328f6ba5eec72a - - default default] Successfully bumped revision number for resource 808a66bf-3a3b-41c3-b087-0ac61eda272f (type: ports) to 1
2026-04-17 01:29:20.919 7 WARNING neutron.plugins.ml2.drivers.ovn.mech_driver.ovsdb.ovn_client [None req-7f302bd9-e54f-4b63-a7ae-3e368a0a9efa - - - - - -] No hosting information found for port d1773e19-24f9-4457-a7e6-81cc618557ee: RuntimeError: No hosting information found for port d1773e19-24f9-4457-a7e6-81cc618557ee
2026-04-17 01:29:20.920 7 INFO neutron.plugins.ml2.drivers.ovn.mech_driver.mech_driver [None req-7f302bd9-e54f-4b63-a7ae-3e368a0a9efa - - - - - -] OVN reports status up for port: f05eba29-1629-4f24-b661-7149bbc8452d
2026-04-17 01:29:20.930 7 INFO neutron.plugins.ml2.plugin [None req-7f302bd9-e54f-4b63-a7ae-3e368a0a9efa - - - - - -] Attempt 1 to provision port f05eba29-1629-4f24-b661-7149bbc8452d
2026-04-17 01:29:20.945 8 INFO neutron.plugins.ml2.drivers.ovn.mech_driver.ovsdb.commands [None req-f9d83487-afbe-48ad-bb43-54343f52afec - - - - - -] Schedule LRP lrp-808a66bf-3a3b-41c3-b087-0ac61eda272f on gateway cb6bda18-b70d-463d-af9b-4c34d8c7cdb5 with priority 1
2026-04-17 01:29:21.015 8 INFO neutron.db.ovn_revision_numbers_db [None req-a011ebfe-fc87-48ce-be20-6fe1b04cbe72 a061f5f8a3454a71a03a2290e71cc5e1 4d717f5606db4c2394328f6ba5eec72a - - default default] Successfully bumped revision number for resource 808a66bf-3a3b-41c3-b087-0ac61eda272f (type: router_ports) to 1
2026-04-17 01:29:21.078 8 INFO neutron.db.ovn_revision_numbers_db [None req-a011ebfe-fc87-48ce-be20-6fe1b04cbe72 a061f5f8a3454a71a03a2290e71cc5e1 4d717f5606db4c2394328f6ba5eec72a - - default default] Successfully bumped revision number for resource 9b82a63c-5fa3-4893-af53-c48657b41d13 (type: routers) to 2 [pid: 8|app: 0|req: 1287/2439] 10.0.0.247 () {34 vars in 669 bytes} [Fri Apr 17 01:29:19 2026] POST /v2.0/routers => generated 936 bytes in 1714 msecs (HTTP/1.1 201) 4 headers in 162 bytes (1 switches on core 0)
2026-04-17 01:29:21.599 7 INFO neutron.db.ovn_revision_numbers_db [None req-7f302bd9-e54f-4b63-a7ae-3e368a0a9efa - - - - - -] Successfully bumped revision number for resource f05eba29-1629-4f24-b661-7149bbc8452d (type: ports) to 2
2026-04-17 01:29:21.934 7 WARNING neutron.scheduler.dhcp_agent_scheduler [None req-0ce82952-8e60-426d-ae2b-b53a60838aa6 a061f5f8a3454a71a03a2290e71cc5e1 4d717f5606db4c2394328f6ba5eec72a - - default default] No more DHCP agents
2026-04-17 01:29:21.939 7 WARNING neutron.api.rpc.agentnotifiers.dhcp_rpc_agent_api [None req-0ce82952-8e60-426d-ae2b-b53a60838aa6 a061f5f8a3454a71a03a2290e71cc5e1 4d717f5606db4c2394328f6ba5eec72a - - default default] Unable to schedule network c38136b1-74b8-4628-a129-91073f0ff18d: no agents available; will retry on subsequent port and subnet creation events.
2026-04-17 01:29:22.099 7 INFO neutron.db.ovn_revision_numbers_db [None req-0ce82952-8e60-426d-ae2b-b53a60838aa6 a061f5f8a3454a71a03a2290e71cc5e1 4d717f5606db4c2394328f6ba5eec72a - - default default] Successfully bumped revision number for resource c4bb0375-bed8-4984-babe-f77cd3e972c7 (type: ports) to 1
2026-04-17 01:29:22.829 7 WARNING neutron.scheduler.dhcp_agent_scheduler [None req-0ce82952-8e60-426d-ae2b-b53a60838aa6 a061f5f8a3454a71a03a2290e71cc5e1 4d717f5606db4c2394328f6ba5eec72a - - default default] No more DHCP agents
2026-04-17 01:29:22.830 7 WARNING neutron.api.rpc.agentnotifiers.dhcp_rpc_agent_api [None req-0ce82952-8e60-426d-ae2b-b53a60838aa6 a061f5f8a3454a71a03a2290e71cc5e1 4d717f5606db4c2394328f6ba5eec72a - - default default] Unable to schedule network c38136b1-74b8-4628-a129-91073f0ff18d: no agents available; will retry on subsequent port and subnet creation events.
