2026-04-28 02:36:33.109 8 INFO placement.requestlog [None req-eda734cd-de40-4b8c-bc23-bfec3465abff 54e1ef8699454ba5976012fb5d7e049d d437956eb09d40ed9a23d01ff01583da - - 7fa514b959364ba880e03ff3ff0e34eb 7fa514b959364ba880e03ff3ff0e34eb] 10.0.0.140 "GET /resource_providers/209e4f2b-be05-4b89-889e-0f423228600d/aggregates" status: 404 len: 235 microversion: 1.1 [pid: 8|app: 0|req: 505/1011] 10.0.0.140 () {32 vars in 816 bytes} [Tue Apr 28 02:36:33 2026] GET /resource_providers/209e4f2b-be05-4b89-889e-0f423228600d/aggregates => generated 235 bytes in 17 msecs (HTTP/1.1 404) 5 headers in 202 bytes (1 switches on core 0)
2026-04-28 02:36:33.121 7 INFO placement.requestlog [None req-bd8fdf7f-60db-4269-b7da-5979eceb8108 54e1ef8699454ba5976012fb5d7e049d d437956eb09d40ed9a23d01ff01583da - - 7fa514b959364ba880e03ff3ff0e34eb 7fa514b959364ba880e03ff3ff0e34eb] 10.0.0.140 "DELETE /resource_providers/209e4f2b-be05-4b89-889e-0f423228600d" status: 404 len: 246 microversion: 1.1 [pid: 7|app: 0|req: 507/1012] 10.0.0.140 () {34 vars in 816 bytes} [Tue Apr 28 02:36:33 2026] DELETE /resource_providers/209e4f2b-be05-4b89-889e-0f423228600d => generated 246 bytes in 11 msecs (HTTP/1.1 404) 6 headers in 231 bytes (1 switches on core 0)
2026-04-28 02:36:33.145 8 INFO placement.requestlog [None req-454a0656-f94a-465e-ae51-28cf3c1f76fa 54e1ef8699454ba5976012fb5d7e049d d437956eb09d40ed9a23d01ff01583da - - 7fa514b959364ba880e03ff3ff0e34eb 7fa514b959364ba880e03ff3ff0e34eb] 10.0.0.140 "DELETE /resource_providers/209e4f2b-be05-4b89-889e-0f423228600d" status: 404 len: 246 microversion: 1.1 [pid: 8|app: 0|req: 506/1013] 10.0.0.140 () {34 vars in 816 bytes} [Tue Apr 28 02:36:33 2026] DELETE /resource_providers/209e4f2b-be05-4b89-889e-0f423228600d => generated 246 bytes in 26 msecs (HTTP/1.1 404) 6 headers in 231 bytes (1 switches on core 0)
2026-04-28 02:36:35.398 7 INFO placement.requestlog [req-50ac667b-8b5d-469e-b344-5fab7588c942 req-f4eccef5-b7dc-4225-a5c8-b53a7481f784 e015bc0228724a6fa47b112f9154260c d437956eb09d40ed9a23d01ff01583da - - 7fa514b959364ba880e03ff3ff0e34eb 7fa514b959364ba880e03ff3ff0e34eb] 199.204.45.205 "GET /resource_providers/4635f955-4d17-44c6-9591-90d9977f1ed1/allocations" status: 200 len: 453 microversion: 1.0 [pid: 7|app: 0|req: 508/1014] 199.204.45.205 () {32 vars in 857 bytes} [Tue Apr 28 02:36:35 2026] GET /resource_providers/4635f955-4d17-44c6-9591-90d9977f1ed1/allocations => generated 453 bytes in 21 msecs (HTTP/1.1 200) 6 headers in 224 bytes (1 switches on core 0)
2026-04-28 02:36:35.420 8 INFO placement.requestlog [req-50ac667b-8b5d-469e-b344-5fab7588c942 req-1b32bdbe-a511-4b84-9e23-a891e29a15e9 e015bc0228724a6fa47b112f9154260c d437956eb09d40ed9a23d01ff01583da - - 7fa514b959364ba880e03ff3ff0e34eb 7fa514b959364ba880e03ff3ff0e34eb] 199.204.45.205 "GET /allocations/a9f550fa-6ed1-4858-b068-0ccda790da9e" status: 200 len: 258 microversion: 1.28 [pid: 8|app: 0|req: 507/1015] 199.204.45.205 () {34 vars in 863 bytes} [Tue Apr 28 02:36:35 2026] GET /allocations/a9f550fa-6ed1-4858-b068-0ccda790da9e => generated 258 bytes in 14 msecs (HTTP/1.1 200) 8 headers in 296 bytes (1 switches on core 0)
2026-04-28 02:36:35.444 7 INFO placement.requestlog [req-50ac667b-8b5d-469e-b344-5fab7588c942 req-a79f18eb-5dca-4486-adf5-2278afa71de8 e015bc0228724a6fa47b112f9154260c d437956eb09d40ed9a23d01ff01583da - - 7fa514b959364ba880e03ff3ff0e34eb 7fa514b959364ba880e03ff3ff0e34eb] 199.204.45.205 "GET /allocations/ee310459-e9b5-4b9a-b28c-11a0e90bbb8a" status: 200 len: 258 microversion: 1.28 [pid: 7|app: 0|req: 509/1016] 199.204.45.205 () {34 vars in 863 bytes} [Tue Apr 28 02:36:35 2026] GET /allocations/ee310459-e9b5-4b9a-b28c-11a0e90bbb8a => generated 258 bytes in 16 msecs (HTTP/1.1 200) 8 headers in 296 bytes (1 switches on core 0)
2026-04-28 02:36:35.467 8 INFO placement.requestlog [req-50ac667b-8b5d-469e-b344-5fab7588c942 req-c8ff3237-4d80-4b9f-a962-ff07c75a9787 e015bc0228724a6fa47b112f9154260c d437956eb09d40ed9a23d01ff01583da - - 7fa514b959364ba880e03ff3ff0e34eb 7fa514b959364ba880e03ff3ff0e34eb] 199.204.45.205 "GET /allocations/41bf4092-2a51-46e5-a274-be51934e3388" status: 200 len: 258 microversion: 1.28 [pid: 8|app: 0|req: 508/1017] 199.204.45.205 () {34 vars in 863 bytes} [Tue Apr 28 02:36:35 2026] GET /allocations/41bf4092-2a51-46e5-a274-be51934e3388 => generated 258 bytes in 17 msecs (HTTP/1.1 200) 8 headers in 296 bytes (1 switches on core 0)
2026-04-28 02:36:35.490 7 INFO placement.requestlog [req-50ac667b-8b5d-469e-b344-5fab7588c942 req-492c2e09-7a5d-48fa-acbd-e4ebf201bd18 e015bc0228724a6fa47b112f9154260c d437956eb09d40ed9a23d01ff01583da - - 7fa514b959364ba880e03ff3ff0e34eb 7fa514b959364ba880e03ff3ff0e34eb] 199.204.45.205 "GET /allocations/9f567bdd-e14a-4996-9f6f-32aa08270b9f" status: 200 len: 258 microversion: 1.28 [pid: 7|app: 0|req: 510/1018] 199.204.45.205 () {34 vars in 863 bytes} [Tue Apr 28 02:36:35 2026] GET /allocations/9f567bdd-e14a-4996-9f6f-32aa08270b9f => generated 258 bytes in 16 msecs (HTTP/1.1 200) 8 headers in 296 bytes (1 switches on core 0)
2026-04-28 02:36:36.552 8 INFO placement.requestlog [req-50ac667b-8b5d-469e-b344-5fab7588c942 req-906c0619-ee65-4aba-b922-11e0753e8815 e015bc0228724a6fa47b112f9154260c d437956eb09d40ed9a23d01ff01583da - - 7fa514b959364ba880e03ff3ff0e34eb 7fa514b959364ba880e03ff3ff0e34eb] 199.204.45.205 "DELETE /allocations/9f567bdd-e14a-4996-9f6f-32aa08270b9f" status: 204 len: 0 microversion: 1.0 [pid: 8|app: 0|req: 509/1019] 199.204.45.205 () {34 vars in 841 bytes} [Tue Apr 28 02:36:36 2026] DELETE /allocations/9f567bdd-e14a-4996-9f6f-32aa08270b9f => generated 0 bytes in 23 msecs (HTTP/1.1 204) 5 headers in 198 bytes (1 switches on core 0)
2026-04-28 02:36:37.853 7 INFO placement.requestlog [None req-10f6a99a-dac2-4859-aa47-57831932d23d 54e1ef8699454ba5976012fb5d7e049d d437956eb09d40ed9a23d01ff01583da - - 7fa514b959364ba880e03ff3ff0e34eb 7fa514b959364ba880e03ff3ff0e34eb] 10.0.0.140 "GET /resource_providers/964b2dc6-0b83-45b2-a716-9569361c3b5f/aggregates" status: 404 len: 235 microversion: 1.1 [pid: 7|app: 0|req: 511/1020] 10.0.0.140 () {32 vars in 816 bytes} [Tue Apr 28 02:36:37 2026] GET /resource_providers/964b2dc6-0b83-45b2-a716-9569361c3b5f/aggregates => generated 235 bytes in 14 msecs (HTTP/1.1 404) 5 headers in 202 bytes (1 switches on core 0)
2026-04-28 02:36:37.863 8 INFO placement.requestlog [None req-f93f66c1-1cd5-440e-9e41-abf5943a36db 54e1ef8699454ba5976012fb5d7e049d d437956eb09d40ed9a23d01ff01583da - - 7fa514b959364ba880e03ff3ff0e34eb 7fa514b959364ba880e03ff3ff0e34eb] 10.0.0.140 "GET /resource_providers/964b2dc6-0b83-45b2-a716-9569361c3b5f/aggregates" status: 404 len: 235 microversion: 1.1 [pid: 8|app: 0|req: 510/1021] 10.0.0.140 () {32 vars in 816 bytes} [Tue Apr 28 02:36:37 2026] GET /resource_providers/964b2dc6-0b83-45b2-a716-9569361c3b5f/aggregates => generated 235 bytes in 16 msecs (HTTP/1.1 404) 5 headers in 202 bytes (1 switches on core 0)
2026-04-28 02:36:37.876 7 INFO placement.requestlog [None req-1e79390d-6712-4df5-837e-10e4356cf456 54e1ef8699454ba5976012fb5d7e049d d437956eb09d40ed9a23d01ff01583da - - 7fa514b959364ba880e03ff3ff0e34eb 7fa514b959364ba880e03ff3ff0e34eb] 10.0.0.140 "DELETE /resource_providers/964b2dc6-0b83-45b2-a716-9569361c3b5f" status: 404 len: 246 microversion: 1.1 [pid: 7|app: 0|req: 512/1022] 10.0.0.140 () {34 vars in 816 bytes} [Tue Apr 28 02:36:37 2026] DELETE /resource_providers/964b2dc6-0b83-45b2-a716-9569361c3b5f => generated 246 bytes in 13 msecs (HTTP/1.1 404) 6 headers in 231 bytes (1 switches on core 0)
2026-04-28 02:36:37.883 8 INFO placement.requestlog [None req-ed03fca5-7d72-401f-9798-fd2377aa79fa 54e1ef8699454ba5976012fb5d7e049d d437956eb09d40ed9a23d01ff01583da - - 7fa514b959364ba880e03ff3ff0e34eb 7fa514b959364ba880e03ff3ff0e34eb] 10.0.0.140 "DELETE /resource_providers/964b2dc6-0b83-45b2-a716-9569361c3b5f" status: 404 len: 246 microversion: 1.1 [pid: 8|app: 0|req: 511/1023] 10.0.0.140 () {34 vars in 816 bytes} [Tue Apr 28 02:36:37 2026] DELETE /resource_providers/964b2dc6-0b83-45b2-a716-9569361c3b5f => generated 246 bytes in 8 msecs (HTTP/1.1 404) 6 headers in 231 bytes (1 switches on core 0)
2026-04-28 02:36:39.908 8 INFO placement.requestlog [None req-ff6f118b-7461-4c52-9a0b-ff07dcc03c38 54e1ef8699454ba5976012fb5d7e049d d437956eb09d40ed9a23d01ff01583da - - 7fa514b959364ba880e03ff3ff0e34eb 7fa514b959364ba880e03ff3ff0e34eb] 10.0.0.140 "GET /resource_providers/435a8376-4aaa-4eee-b4a1-531442c3c46f/aggregates" status: 404 len: 235 microversion: 1.1 [pid: 8|app: 0|req: 512/1024] 10.0.0.140 () {32 vars in 816 bytes} [Tue Apr 28 02:36:39 2026] GET /resource_providers/435a8376-4aaa-4eee-b4a1-531442c3c46f/aggregates => generated 235 bytes in 14 msecs (HTTP/1.1 404) 5 headers in 202 bytes (1 switches on core 0)
2026-04-28 02:36:39.912 7 INFO placement.requestlog [None req-5a80201c-4b7c-4933-a08a-d21d9ab92f61 54e1ef8699454ba5976012fb5d7e049d d437956eb09d40ed9a23d01ff01583da - - 7fa514b959364ba880e03ff3ff0e34eb 7fa514b959364ba880e03ff3ff0e34eb] 10.0.0.140 "GET /resource_providers/435a8376-4aaa-4eee-b4a1-531442c3c46f/aggregates" status: 404 len: 235 microversion: 1.1 [pid: 7|app: 0|req: 513/1025] 10.0.0.140 () {32 vars in 816 bytes} [Tue Apr 28 02:36:39 2026] GET /resource_providers/435a8376-4aaa-4eee-b4a1-531442c3c46f/aggregates => generated 235 bytes in 20 msecs (HTTP/1.1 404) 5 headers in 202 bytes (1 switches on core 0)
2026-04-28 02:36:39.938 8 INFO placement.requestlog [None req-959a71aa-7d30-44be-9c00-efcf8b49b1f0 54e1ef8699454ba5976012fb5d7e049d d437956eb09d40ed9a23d01ff01583da - - 7fa514b959364ba880e03ff3ff0e34eb 7fa514b959364ba880e03ff3ff0e34eb] 10.0.0.140 "DELETE /resource_providers/435a8376-4aaa-4eee-b4a1-531442c3c46f" status: 404 len: 246 microversion: 1.1
2026-04-28 02:36:39.938 7 INFO placement.requestlog [None req-526f0190-593b-4dfc-a804-7cb561f53652 54e1ef8699454ba5976012fb5d7e049d d437956eb09d40ed9a23d01ff01583da - - 7fa514b959364ba880e03ff3ff0e34eb 7fa514b959364ba880e03ff3ff0e34eb] 10.0.0.140 "DELETE /resource_providers/435a8376-4aaa-4eee-b4a1-531442c3c46f" status: 404 len: 246 microversion: 1.1 [pid: 8|app: 0|req: 513/1026] 10.0.0.140 () {34 vars in 816 bytes} [Tue Apr 28 02:36:39 2026] DELETE /resource_providers/435a8376-4aaa-4eee-b4a1-531442c3c46f => generated 246 bytes in 17 msecs (HTTP/1.1 404) 6 headers in 231 bytes (1 switches on core 0) [pid: 7|app: 0|req: 514/1027] 10.0.0.140 () {34 vars in 816 bytes} [Tue Apr 28 02:36:39 2026] DELETE /resource_providers/435a8376-4aaa-4eee-b4a1-531442c3c46f => generated 246 bytes in 15 msecs (HTTP/1.1 404) 6 headers in 231 bytes (1 switches on core 0)
2026-04-28 02:36:40.702 8 INFO placement.requestlog [None req-7a72d260-9e77-42cd-a77e-5991fe1f7dd5 - - - - - -] 10.0.0.25 "GET /" status: 200 len: 136 microversion: 1.0
2026-04-28 02:36:40.703 7 INFO placement.requestlog [None req-860af747-0409-4dd3-a1c7-62e06d174daa - - - - - -] 10.0.0.25 "GET /" status: 200 len: 136 microversion: 1.0
2026-04-28 02:36:42.080 8 INFO placement.requestlog [None req-40e9b7c3-b130-409c-90ee-3e677107c5b4 54e1ef8699454ba5976012fb5d7e049d d437956eb09d40ed9a23d01ff01583da - - 7fa514b959364ba880e03ff3ff0e34eb 7fa514b959364ba880e03ff3ff0e34eb] 10.0.0.140 "GET /resource_providers/3c39d605-7bae-442f-888b-e3633760cc88/aggregates" status: 404 len: 235 microversion: 1.1 [pid: 8|app: 0|req: 515/1030] 10.0.0.140 () {32 vars in 816 bytes} [Tue Apr 28 02:36:42 2026] GET /resource_providers/3c39d605-7bae-442f-888b-e3633760cc88/aggregates => generated 235 bytes in 10 msecs (HTTP/1.1 404) 5 headers in 202 bytes (1 switches on core 0)
2026-04-28 02:36:42.093 7 INFO placement.requestlog [None req-ce471c06-e9c0-4c59-a40e-8ab7c2cb8b22 54e1ef8699454ba5976012fb5d7e049d d437956eb09d40ed9a23d01ff01583da - - 7fa514b959364ba880e03ff3ff0e34eb 7fa514b959364ba880e03ff3ff0e34eb] 10.0.0.140 "GET /resource_providers/3c39d605-7bae-442f-888b-e3633760cc88/aggregates" status: 404 len: 235 microversion: 1.1 [pid: 7|app: 0|req: 516/1031] 10.0.0.140 () {32 vars in 816 bytes} [Tue Apr 28 02:36:42 2026] GET /resource_providers/3c39d605-7bae-442f-888b-e3633760cc88/aggregates => generated 235 bytes in 13 msecs (HTTP/1.1 404) 5 headers in 202 bytes (1 switches on core 0)
2026-04-28 02:36:42.113 7 INFO placement.requestlog [None req-584fcfb4-6ed7-40c4-916a-bdaaadd0183a 54e1ef8699454ba5976012fb5d7e049d d437956eb09d40ed9a23d01ff01583da - - 7fa514b959364ba880e03ff3ff0e34eb 7fa514b959364ba880e03ff3ff0e34eb] 10.0.0.140 "DELETE /resource_providers/3c39d605-7bae-442f-888b-e3633760cc88" status: 404 len: 246 microversion: 1.1 [pid: 7|app: 0|req: 517/1032] 10.0.0.140 () {34 vars in 816 bytes} [Tue Apr 28 02:36:42 2026] DELETE /resource_providers/3c39d605-7bae-442f-888b-e3633760cc88 => generated 246 bytes in 8 msecs (HTTP/1.1 404) 6 headers in 231 bytes (1 switches on core 0)
2026-04-28 02:36:42.116 8 INFO placement.requestlog [None req-dc95390a-7800-474b-9035-a8dfedbf5716 54e1ef8699454ba5976012fb5d7e049d d437956eb09d40ed9a23d01ff01583da - - 7fa514b959364ba880e03ff3ff0e34eb 7fa514b959364ba880e03ff3ff0e34eb] 10.0.0.140 "DELETE /resource_providers/3c39d605-7bae-442f-888b-e3633760cc88" status: 404 len: 246 microversion: 1.1 [pid: 8|app: 0|req: 516/1033] 10.0.0.140 () {34 vars in 816 bytes} [Tue Apr 28 02:36:42 2026] DELETE /resource_providers/3c39d605-7bae-442f-888b-e3633760cc88 => generated 246 bytes in 11 msecs (HTTP/1.1 404) 6 headers in 231 bytes (1 switches on core 0)
2026-04-28 02:36:42.975 7 INFO placement.requestlog [req-366c0d15-9f79-44e0-9dd2-6e264570d8be req-626d0dc6-961b-4510-a7fb-49ff35945a82 e015bc0228724a6fa47b112f9154260c d437956eb09d40ed9a23d01ff01583da - - 7fa514b959364ba880e03ff3ff0e34eb 7fa514b959364ba880e03ff3ff0e34eb] 199.204.45.205 "GET /resource_providers/4635f955-4d17-44c6-9591-90d9977f1ed1/allocations" status: 200 len: 353 microversion: 1.0 [pid: 7|app: 0|req: 518/1034] 199.204.45.205 () {32 vars in 857 bytes} [Tue Apr 28 02:36:42 2026] GET /resource_providers/4635f955-4d17-44c6-9591-90d9977f1ed1/allocations => generated 353 bytes in 20 msecs (HTTP/1.1 200) 6 headers in 224 bytes (1 switches on core 0)
2026-04-28 02:36:42.996 8 INFO placement.requestlog [req-366c0d15-9f79-44e0-9dd2-6e264570d8be req-67c4ba5b-46cc-46d3-84ef-ba25f34d601d e015bc0228724a6fa47b112f9154260c d437956eb09d40ed9a23d01ff01583da - - 7fa514b959364ba880e03ff3ff0e34eb 7fa514b959364ba880e03ff3ff0e34eb] 199.204.45.205 "GET /allocations/a9f550fa-6ed1-4858-b068-0ccda790da9e" status: 200 len: 258 microversion: 1.28 [pid: 8|app: 0|req: 517/1035] 199.204.45.205 () {34 vars in 863 bytes} [Tue Apr 28 02:36:42 2026] GET /allocations/a9f550fa-6ed1-4858-b068-0ccda790da9e => generated 258 bytes in 14 msecs (HTTP/1.1 200) 8 headers in 296 bytes (1 switches on core 0)
2026-04-28 02:36:43.023 7 INFO placement.requestlog [req-366c0d15-9f79-44e0-9dd2-6e264570d8be req-155c301c-2f23-4b9d-89cf-ea6fc1992a7d e015bc0228724a6fa47b112f9154260c d437956eb09d40ed9a23d01ff01583da - - 7fa514b959364ba880e03ff3ff0e34eb 7fa514b959364ba880e03ff3ff0e34eb] 199.204.45.205 "GET /allocations/ee310459-e9b5-4b9a-b28c-11a0e90bbb8a" status: 200 len: 258 microversion: 1.28 [pid: 7|app: 0|req: 519/1036] 199.204.45.205 () {34 vars in 863 bytes} [Tue Apr 28 02:36:43 2026] GET /allocations/ee310459-e9b5-4b9a-b28c-11a0e90bbb8a => generated 258 bytes in 16 msecs (HTTP/1.1 200) 8 headers in 296 bytes (1 switches on core 0)
2026-04-28 02:36:43.044 8 INFO placement.requestlog [req-366c0d15-9f79-44e0-9dd2-6e264570d8be req-b20fccd5-ed77-40b5-bb33-b6537b91f988 e015bc0228724a6fa47b112f9154260c d437956eb09d40ed9a23d01ff01583da - - 7fa514b959364ba880e03ff3ff0e34eb 7fa514b959364ba880e03ff3ff0e34eb] 199.204.45.205 "GET /allocations/41bf4092-2a51-46e5-a274-be51934e3388" status: 200 len: 258 microversion: 1.28 [pid: 8|app: 0|req: 518/1037] 199.204.45.205 () {34 vars in 863 bytes} [Tue Apr 28 02:36:43 2026] GET /allocations/41bf4092-2a51-46e5-a274-be51934e3388 => generated 258 bytes in 13 msecs (HTTP/1.1 200) 8 headers in 296 bytes (1 switches on core 0)
2026-04-28 02:36:44.109 7 INFO placement.requestlog [req-366c0d15-9f79-44e0-9dd2-6e264570d8be req-96f85f79-9789-48fe-919b-2f021dc1a2bd e015bc0228724a6fa47b112f9154260c d437956eb09d40ed9a23d01ff01583da - - 7fa514b959364ba880e03ff3ff0e34eb 7fa514b959364ba880e03ff3ff0e34eb] 199.204.45.205 "DELETE /allocations/41bf4092-2a51-46e5-a274-be51934e3388" status: 204 len: 0 microversion: 1.0 [pid: 7|app: 0|req: 520/1038] 199.204.45.205 () {34 vars in 841 bytes} [Tue Apr 28 02:36:44 2026] DELETE /allocations/41bf4092-2a51-46e5-a274-be51934e3388 => generated 0 bytes in 37 msecs (HTTP/1.1 204) 5 headers in 198 bytes (1 switches on core 0)
2026-04-28 02:36:47.910 8 INFO placement.requestlog [None req-c035c598-d99a-4381-bcd0-54e0c36719d3 54e1ef8699454ba5976012fb5d7e049d d437956eb09d40ed9a23d01ff01583da - - 7fa514b959364ba880e03ff3ff0e34eb 7fa514b959364ba880e03ff3ff0e34eb] 10.0.0.140 "GET /resource_providers/a236b966-607c-45de-90a0-835884178f30/aggregates" status: 404 len: 235 microversion: 1.1 [pid: 8|app: 0|req: 519/1039] 10.0.0.140 () {32 vars in 816 bytes} [Tue Apr 28 02:36:47 2026] GET /resource_providers/a236b966-607c-45de-90a0-835884178f30/aggregates => generated 235 bytes in 10 msecs (HTTP/1.1 404) 5 headers in 202 bytes (1 switches on core 0)
2026-04-28 02:36:47.913 7 INFO placement.requestlog [None req-e14b757a-5110-4b4c-a3ce-46cf0642645e 54e1ef8699454ba5976012fb5d7e049d d437956eb09d40ed9a23d01ff01583da - - 7fa514b959364ba880e03ff3ff0e34eb 7fa514b959364ba880e03ff3ff0e34eb] 10.0.0.140 "GET /resource_providers/a236b966-607c-45de-90a0-835884178f30/aggregates" status: 404 len: 235 microversion: 1.1 [pid: 7|app: 0|req: 521/1040] 10.0.0.140 () {32 vars in 816 bytes} [Tue Apr 28 02:36:47 2026] GET /resource_providers/a236b966-607c-45de-90a0-835884178f30/aggregates => generated 235 bytes in 13 msecs (HTTP/1.1 404) 5 headers in 202 bytes (1 switches on core 0)
2026-04-28 02:36:47.925 8 INFO placement.requestlog [None req-c5cd4372-6e15-4bae-85e9-f19628786179 54e1ef8699454ba5976012fb5d7e049d d437956eb09d40ed9a23d01ff01583da - - 7fa514b959364ba880e03ff3ff0e34eb 7fa514b959364ba880e03ff3ff0e34eb] 10.0.0.140 "DELETE /resource_providers/a236b966-607c-45de-90a0-835884178f30" status: 404 len: 246 microversion: 1.1 [pid: 8|app: 0|req: 520/1041] 10.0.0.140 () {34 vars in 816 bytes} [Tue Apr 28 02:36:47 2026] DELETE /resource_providers/a236b966-607c-45de-90a0-835884178f30 => generated 246 bytes in 8 msecs (HTTP/1.1 404) 6 headers in 231 bytes (1 switches on core 0)
2026-04-28 02:36:47.937 7 INFO placement.requestlog [None req-064b9f20-b3fa-47b1-be98-78100e910ce5 54e1ef8699454ba5976012fb5d7e049d d437956eb09d40ed9a23d01ff01583da - - 7fa514b959364ba880e03ff3ff0e34eb 7fa514b959364ba880e03ff3ff0e34eb] 10.0.0.140 "DELETE /resource_providers/a236b966-607c-45de-90a0-835884178f30" status: 404 len: 246 microversion: 1.1 [pid: 7|app: 0|req: 522/1042] 10.0.0.140 () {34 vars in 816 bytes} [Tue Apr 28 02:36:47 2026] DELETE /resource_providers/a236b966-607c-45de-90a0-835884178f30 => generated 246 bytes in 7 msecs (HTTP/1.1 404) 6 headers in 231 bytes (1 switches on core 0)
2026-04-28 02:36:48.276 8 INFO placement.requestlog [None req-b8c19321-1b6e-4fd3-b6e6-5a3337926399 54e1ef8699454ba5976012fb5d7e049d d437956eb09d40ed9a23d01ff01583da - - 7fa514b959364ba880e03ff3ff0e34eb 7fa514b959364ba880e03ff3ff0e34eb] 10.0.0.140 "GET /resource_providers/414b33b0-0c54-4ba8-9319-2af91522eed2/aggregates" status: 404 len: 235 microversion: 1.1 [pid: 8|app: 0|req: 521/1043] 10.0.0.140 () {32 vars in 816 bytes} [Tue Apr 28 02:36:48 2026] GET /resource_providers/414b33b0-0c54-4ba8-9319-2af91522eed2/aggregates => generated 235 bytes in 13 msecs (HTTP/1.1 404) 5 headers in 202 bytes (1 switches on core 0)
2026-04-28 02:36:48.277 7 INFO placement.requestlog [None req-47eb9483-b27e-42bc-b173-ad0dc2184b0b 54e1ef8699454ba5976012fb5d7e049d d437956eb09d40ed9a23d01ff01583da - - 7fa514b959364ba880e03ff3ff0e34eb 7fa514b959364ba880e03ff3ff0e34eb] 10.0.0.140 "GET /resource_providers/414b33b0-0c54-4ba8-9319-2af91522eed2/aggregates" status: 404 len: 235 microversion: 1.1 [pid: 7|app: 0|req: 523/1044] 10.0.0.140 () {32 vars in 816 bytes} [Tue Apr 28 02:36:48 2026] GET /resource_providers/414b33b0-0c54-4ba8-9319-2af91522eed2/aggregates => generated 235 bytes in 9 msecs (HTTP/1.1 404) 5 headers in 202 bytes (1 switches on core 0)
2026-04-28 02:36:48.303 8 INFO placement.requestlog [None req-d0f81113-7154-4ba5-bf91-b452bee72deb 54e1ef8699454ba5976012fb5d7e049d d437956eb09d40ed9a23d01ff01583da - - 7fa514b959364ba880e03ff3ff0e34eb 7fa514b959364ba880e03ff3ff0e34eb] 10.0.0.140 "DELETE /resource_providers/414b33b0-0c54-4ba8-9319-2af91522eed2" status: 404 len: 246 microversion: 1.1 [pid: 8|app: 0|req: 522/1045] 10.0.0.140 () {34 vars in 816 bytes} [Tue Apr 28 02:36:48 2026] DELETE /resource_providers/414b33b0-0c54-4ba8-9319-2af91522eed2 => generated 246 bytes in 10 msecs (HTTP/1.1 404) 6 headers in 231 bytes (1 switches on core 0)
2026-04-28 02:36:48.313 7 INFO placement.requestlog [None req-54908293-6c91-4130-980e-833cd998d34a 54e1ef8699454ba5976012fb5d7e049d d437956eb09d40ed9a23d01ff01583da - - 7fa514b959364ba880e03ff3ff0e34eb 7fa514b959364ba880e03ff3ff0e34eb] 10.0.0.140 "DELETE /resource_providers/414b33b0-0c54-4ba8-9319-2af91522eed2" status: 404 len: 246 microversion: 1.1 [pid: 7|app: 0|req: 524/1046] 10.0.0.140 () {34 vars in 816 bytes} [Tue Apr 28 02:36:48 2026] DELETE /resource_providers/414b33b0-0c54-4ba8-9319-2af91522eed2 => generated 246 bytes in 18 msecs (HTTP/1.1 404) 6 headers in 231 bytes (1 switches on core 0)
2026-04-28 02:36:50.702 8 INFO placement.requestlog [None req-2c773597-3c95-44a9-9766-e3714b8fdbe7 - - - - - -] 10.0.0.25 "GET /" status: 200 len: 136 microversion: 1.0
2026-04-28 02:36:50.702 7 INFO placement.requestlog [None req-ed96a213-ddf8-49d2-88d9-fd88fbe60e12 - - - - - -] 10.0.0.25 "GET /" status: 200 len: 136 microversion: 1.0
2026-04-28 02:36:57.843 8 INFO placement.requestlog [req-0648b705-8de1-4c58-acfa-01092a518354 req-c850930d-e99d-4ade-9937-ad9d30d8011b e015bc0228724a6fa47b112f9154260c d437956eb09d40ed9a23d01ff01583da - - 7fa514b959364ba880e03ff3ff0e34eb 7fa514b959364ba880e03ff3ff0e34eb] 10.0.0.126 "GET /allocation_candidates?limit=1000&resources=DISK_GB%3A1%2CMEMORY_MB%3A512%2CVCPU%3A1&root_required=%21COMPUTE_STATUS_DISABLED" status: 200 len: 2784 microversion: 1.36 [pid: 8|app: 0|req: 524/1049] 10.0.0.126 () {34 vars in 1012 bytes} [Tue Apr 28 02:36:57 2026] GET /allocation_candidates?limit=1000&resources=DISK_GB%3A1%2CMEMORY_MB%3A512%2CVCPU%3A1&root_required=%21COMPUTE_STATUS_DISABLED => generated 2784 bytes in 42 msecs (HTTP/1.1 200) 8 headers in 297 bytes (1 switches on core 0)
2026-04-28 02:36:57.862 7 INFO placement.requestlog [req-7bb54505-7bc2-4bb5-b542-f6baff1e9756 req-b996aaff-0612-4775-afa1-14181494f0db e015bc0228724a6fa47b112f9154260c d437956eb09d40ed9a23d01ff01583da - - 7fa514b959364ba880e03ff3ff0e34eb 7fa514b959364ba880e03ff3ff0e34eb] 199.204.45.205 "GET /resource_providers/4635f955-4d17-44c6-9591-90d9977f1ed1/allocations" status: 200 len: 253 microversion: 1.0 [pid: 7|app: 0|req: 526/1050] 199.204.45.205 () {32 vars in 857 bytes} [Tue Apr 28 02:36:57 2026] GET /resource_providers/4635f955-4d17-44c6-9591-90d9977f1ed1/allocations => generated 253 bytes in 15 msecs (HTTP/1.1 200) 6 headers in 224 bytes (1 switches on core 0)
2026-04-28 02:36:57.877 8 INFO placement.requestlog [req-0648b705-8de1-4c58-acfa-01092a518354 req-6b5cfbd7-ade7-43da-9ebc-bcedc7111ba6 e015bc0228724a6fa47b112f9154260c d437956eb09d40ed9a23d01ff01583da - - 7fa514b959364ba880e03ff3ff0e34eb 7fa514b959364ba880e03ff3ff0e34eb] 10.0.0.126 "GET /allocations/5971ff1a-7c21-422e-81a5-2a47a661b571" status: 200 len: 19 microversion: 1.28 [pid: 8|app: 0|req: 525/1051] 10.0.0.126 () {34 vars in 861 bytes} [Tue Apr 28 02:36:57 2026] GET /allocations/5971ff1a-7c21-422e-81a5-2a47a661b571 => generated 19 bytes in 11 msecs (HTTP/1.1 200) 8 headers in 295 bytes (1 switches on core 0)
2026-04-28 02:36:57.895 7 INFO placement.requestlog [req-7bb54505-7bc2-4bb5-b542-f6baff1e9756 req-2e154f04-1875-4cea-9113-3e1a19b67760 e015bc0228724a6fa47b112f9154260c d437956eb09d40ed9a23d01ff01583da - - 7fa514b959364ba880e03ff3ff0e34eb 7fa514b959364ba880e03ff3ff0e34eb] 199.204.45.205 "GET /resource_providers/4635f955-4d17-44c6-9591-90d9977f1ed1/allocations" status: 200 len: 253 microversion: 1.0 [pid: 7|app: 0|req: 527/1052] 199.204.45.205 () {32 vars in 857 bytes} [Tue Apr 28 02:36:57 2026] GET /resource_providers/4635f955-4d17-44c6-9591-90d9977f1ed1/allocations => generated 253 bytes in 24 msecs (HTTP/1.1 200) 6 headers in 224 bytes (1 switches on core 0)
2026-04-28 02:36:57.912 7 INFO placement.requestlog [req-7bb54505-7bc2-4bb5-b542-f6baff1e9756 req-7c7bba82-2ffb-4bce-a12d-af3597ee14c7 e015bc0228724a6fa47b112f9154260c d437956eb09d40ed9a23d01ff01583da - - 7fa514b959364ba880e03ff3ff0e34eb 7fa514b959364ba880e03ff3ff0e34eb] 199.204.45.205 "GET /allocations/ee310459-e9b5-4b9a-b28c-11a0e90bbb8a" status: 200 len: 258 microversion: 1.28 [pid: 7|app: 0|req: 528/1053] 199.204.45.205 () {34 vars in 863 bytes} [Tue Apr 28 02:36:57 2026] GET /allocations/ee310459-e9b5-4b9a-b28c-11a0e90bbb8a => generated 258 bytes in 11 msecs (HTTP/1.1 200) 8 headers in 296 bytes (1 switches on core 0)
2026-04-28 02:36:57.937 7 INFO placement.requestlog [req-7bb54505-7bc2-4bb5-b542-f6baff1e9756 req-32b7142b-2f7d-4dcf-9164-ee6d5bb52cba e015bc0228724a6fa47b112f9154260c d437956eb09d40ed9a23d01ff01583da - - 7fa514b959364ba880e03ff3ff0e34eb 7fa514b959364ba880e03ff3ff0e34eb] 199.204.45.205 "GET /allocations/a9f550fa-6ed1-4858-b068-0ccda790da9e" status: 200 len: 258 microversion: 1.28 [pid: 7|app: 0|req: 529/1054] 199.204.45.205 () {34 vars in 863 bytes} [Tue Apr 28 02:36:57 2026] GET /allocations/a9f550fa-6ed1-4858-b068-0ccda790da9e => generated 258 bytes in 19 msecs (HTTP/1.1 200) 8 headers in 296 bytes (1 switches on core 0)
2026-04-28 02:36:57.945 8 INFO placement.requestlog [req-0648b705-8de1-4c58-acfa-01092a518354 req-56c60a60-de78-4df9-b825-bcc54341cae9 e015bc0228724a6fa47b112f9154260c d437956eb09d40ed9a23d01ff01583da - - 7fa514b959364ba880e03ff3ff0e34eb 7fa514b959364ba880e03ff3ff0e34eb] 10.0.0.126 "PUT /allocations/5971ff1a-7c21-422e-81a5-2a47a661b571" status: 204 len: 0 microversion: 1.36 [pid: 8|app: 0|req: 526/1055] 10.0.0.126 () {38 vars in 914 bytes} [Tue Apr 28 02:36:57 2026] PUT /allocations/5971ff1a-7c21-422e-81a5-2a47a661b571 => generated 0 bytes in 61 msecs (HTTP/1.1 204) 5 headers in 199 bytes (1 switches on core 0)
2026-04-28 02:36:59.502 7 INFO placement.requestlog [req-0648b705-8de1-4c58-acfa-01092a518354 req-32f4e908-6da0-467a-ae3e-3f0e60f163c5 e015bc0228724a6fa47b112f9154260c d437956eb09d40ed9a23d01ff01583da - - 7fa514b959364ba880e03ff3ff0e34eb 7fa514b959364ba880e03ff3ff0e34eb] 199.204.45.205 "GET /allocations/5971ff1a-7c21-422e-81a5-2a47a661b571" status: 200 len: 258 microversion: 1.28 [pid: 7|app: 0|req: 530/1056] 199.204.45.205 () {34 vars in 863 bytes} [Tue Apr 28 02:36:59 2026] GET /allocations/5971ff1a-7c21-422e-81a5-2a47a661b571 => generated 258 bytes in 13 msecs (HTTP/1.1 200) 8 headers in 296 bytes (1 switches on core 0)
2026-04-28 02:37:00.550 8 INFO placement.requestlog [req-0648b705-8de1-4c58-acfa-01092a518354 req-90f8e4ba-3fd3-40f5-9689-2b4cbe97f5d6 e015bc0228724a6fa47b112f9154260c d437956eb09d40ed9a23d01ff01583da - - 7fa514b959364ba880e03ff3ff0e34eb 7fa514b959364ba880e03ff3ff0e34eb] 199.204.45.205 "GET /resource_providers/4635f955-4d17-44c6-9591-90d9977f1ed1/allocations" status: 200 len: 353 microversion: 1.0 [pid: 8|app: 0|req: 527/1057] 199.204.45.205 () {32 vars in 857 bytes} [Tue Apr 28 02:37:00 2026] GET /resource_providers/4635f955-4d17-44c6-9591-90d9977f1ed1/allocations => generated 353 bytes in 17 msecs (HTTP/1.1 200) 6 headers in 224 bytes (1 switches on core 0)
2026-04-28 02:37:00.574 7 INFO placement.requestlog [req-0648b705-8de1-4c58-acfa-01092a518354 req-ec8be09a-d703-40fd-b227-50de04a1bef3 e015bc0228724a6fa47b112f9154260c d437956eb09d40ed9a23d01ff01583da - - 7fa514b959364ba880e03ff3ff0e34eb 7fa514b959364ba880e03ff3ff0e34eb] 199.204.45.205 "GET /allocations/ee310459-e9b5-4b9a-b28c-11a0e90bbb8a" status: 200 len: 258 microversion: 1.28 [pid: 7|app: 0|req: 531/1058] 199.204.45.205 () {34 vars in 863 bytes} [Tue Apr 28 02:37:00 2026] GET /allocations/ee310459-e9b5-4b9a-b28c-11a0e90bbb8a => generated 258 bytes in 12 msecs (HTTP/1.1 200) 8 headers in 296 bytes (1 switches on core 0)
2026-04-28 02:37:00.595 8 INFO placement.requestlog [req-0648b705-8de1-4c58-acfa-01092a518354 req-4ea259e1-36e5-42f3-93fd-dad12ba2be1c e015bc0228724a6fa47b112f9154260c d437956eb09d40ed9a23d01ff01583da - - 7fa514b959364ba880e03ff3ff0e34eb 7fa514b959364ba880e03ff3ff0e34eb] 199.204.45.205 "GET /allocations/a9f550fa-6ed1-4858-b068-0ccda790da9e" status: 200 len: 258 microversion: 1.28 [pid: 8|app: 0|req: 528/1059] 199.204.45.205 () {34 vars in 863 bytes} [Tue Apr 28 02:37:00 2026] GET /allocations/a9f550fa-6ed1-4858-b068-0ccda790da9e => generated 258 bytes in 12 msecs (HTTP/1.1 200) 8 headers in 296 bytes (1 switches on core 0)
2026-04-28 02:37:00.632 7 INFO placement.requestlog [req-0648b705-8de1-4c58-acfa-01092a518354 req-eca284a7-ddcc-45ef-9f39-60c77fedc70c e015bc0228724a6fa47b112f9154260c d437956eb09d40ed9a23d01ff01583da - - 7fa514b959364ba880e03ff3ff0e34eb 7fa514b959364ba880e03ff3ff0e34eb] 199.204.45.205 "GET /allocations/5971ff1a-7c21-422e-81a5-2a47a661b571" status: 200 len: 258 microversion: 1.28 [pid: 7|app: 0|req: 532/1060] 199.204.45.205 () {34 vars in 863 bytes} [Tue Apr 28 02:37:00 2026] GET /allocations/5971ff1a-7c21-422e-81a5-2a47a661b571 => generated 258 bytes in 33 msecs (HTTP/1.1 200) 8 headers in 296 bytes (1 switches on core 0)
2026-04-28 02:37:00.701 8 INFO placement.requestlog [None req-6f26791c-ca3c-47fd-a16b-65c9fc074546 - - - - - -] 10.0.0.25 "GET /" status: 200 len: 136 microversion: 1.0
2026-04-28 02:37:00.702 7 INFO placement.requestlog [None req-6d455c8d-ee25-4a7c-8ec7-d873420f2b2f - - - - - -] 10.0.0.25 "GET /" status: 200 len: 136 microversion: 1.0
2026-04-28 02:37:10.702 7 INFO placement.requestlog [None req-5e6091fd-1e96-432e-81fb-986f6f837fae - - - - - -] 10.0.0.25 "GET /" status: 200 len: 136 microversion: 1.0
2026-04-28 02:37:10.702 8 INFO placement.requestlog [None req-1b7b10f1-8746-456a-8fef-39f01e8bedcf - - - - - -] 10.0.0.25 "GET /" status: 200 len: 136 microversion: 1.0
2026-04-28 02:37:14.313 7 INFO placement.requestlog [req-b6731223-aedc-49bc-9137-13491734a219 req-c8225ef1-c5e3-439e-bf6c-7e40ebfa43bd e015bc0228724a6fa47b112f9154260c d437956eb09d40ed9a23d01ff01583da - - 7fa514b959364ba880e03ff3ff0e34eb 7fa514b959364ba880e03ff3ff0e34eb] 10.0.0.126 "GET /allocation_candidates?limit=1000&resources=MEMORY_MB%3A2048%2CVCPU%3A2&root_required=%21COMPUTE_STATUS_DISABLED" status: 200 len: 2771 microversion: 1.36 [pid: 7|app: 0|req: 535/1065] 10.0.0.126 () {34 vars in 986 bytes} [Tue Apr 28 02:37:14 2026] GET /allocation_candidates?limit=1000&resources=MEMORY_MB%3A2048%2CVCPU%3A2&root_required=%21COMPUTE_STATUS_DISABLED => generated 2771 bytes in 51 msecs (HTTP/1.1 200) 8 headers in 297 bytes (1 switches on core 0)
2026-04-28 02:37:14.342 8 INFO placement.requestlog [req-b6731223-aedc-49bc-9137-13491734a219 req-c83385ee-c9c2-43e5-99b0-bef55eb85614 e015bc0228724a6fa47b112f9154260c d437956eb09d40ed9a23d01ff01583da - - 7fa514b959364ba880e03ff3ff0e34eb 7fa514b959364ba880e03ff3ff0e34eb] 10.0.0.126 "GET /allocations/18134111-4aa2-4287-9a63-a386c045b6ee" status: 200 len: 19 microversion: 1.28 [pid: 8|app: 0|req: 531/1066] 10.0.0.126 () {34 vars in 861 bytes} [Tue Apr 28 02:37:14 2026] GET /allocations/18134111-4aa2-4287-9a63-a386c045b6ee => generated 19 bytes in 11 msecs (HTTP/1.1 200) 8 headers in 295 bytes (1 switches on core 0)
2026-04-28 02:37:14.416 7 INFO placement.requestlog [req-b6731223-aedc-49bc-9137-13491734a219 req-b0192ad9-aac1-4adf-a102-ce9530d09bb8 e015bc0228724a6fa47b112f9154260c d437956eb09d40ed9a23d01ff01583da - - 7fa514b959364ba880e03ff3ff0e34eb 7fa514b959364ba880e03ff3ff0e34eb] 10.0.0.126 "PUT /allocations/18134111-4aa2-4287-9a63-a386c045b6ee" status: 204 len: 0 microversion: 1.36 [pid: 7|app: 0|req: 536/1067] 10.0.0.126 () {38 vars in 914 bytes} [Tue Apr 28 02:37:14 2026] PUT /allocations/18134111-4aa2-4287-9a63-a386c045b6ee => generated 0 bytes in 66 msecs (HTTP/1.1 204) 5 headers in 199 bytes (1 switches on core 0)
2026-04-28 02:37:15.959 8 INFO placement.requestlog [req-b6731223-aedc-49bc-9137-13491734a219 req-ab6a5e3f-0b3f-42d5-bfc7-a23246fbaaa7 e015bc0228724a6fa47b112f9154260c d437956eb09d40ed9a23d01ff01583da - - 7fa514b959364ba880e03ff3ff0e34eb 7fa514b959364ba880e03ff3ff0e34eb] 199.204.45.205 "GET /allocations/18134111-4aa2-4287-9a63-a386c045b6ee" status: 200 len: 245 microversion: 1.28 [pid: 8|app: 0|req: 532/1068] 199.204.45.205 () {34 vars in 863 bytes} [Tue Apr 28 02:37:15 2026] GET /allocations/18134111-4aa2-4287-9a63-a386c045b6ee => generated 245 bytes in 17 msecs (HTTP/1.1 200) 8 headers in 296 bytes (1 switches on core 0)
2026-04-28 02:37:17.001 7 INFO placement.requestlog [req-b6731223-aedc-49bc-9137-13491734a219 req-579acfa3-4e71-45cd-86e7-7a75d431b8fd e015bc0228724a6fa47b112f9154260c d437956eb09d40ed9a23d01ff01583da - - 7fa514b959364ba880e03ff3ff0e34eb 7fa514b959364ba880e03ff3ff0e34eb] 199.204.45.205 "GET /resource_providers/4635f955-4d17-44c6-9591-90d9977f1ed1/allocations" status: 200 len: 440 microversion: 1.0 [pid: 7|app: 0|req: 537/1069] 199.204.45.205 () {32 vars in 857 bytes} [Tue Apr 28 02:37:16 2026] GET /resource_providers/4635f955-4d17-44c6-9591-90d9977f1ed1/allocations => generated 440 bytes in 19 msecs (HTTP/1.1 200) 6 headers in 224 bytes (1 switches on core 0)
2026-04-28 02:37:17.038 8 INFO placement.requestlog [req-b6731223-aedc-49bc-9137-13491734a219 req-0baeea29-f88e-4b36-bc19-77052dfa211c e015bc0228724a6fa47b112f9154260c d437956eb09d40ed9a23d01ff01583da - - 7fa514b959364ba880e03ff3ff0e34eb 7fa514b959364ba880e03ff3ff0e34eb] 199.204.45.205 "GET /allocations/ee310459-e9b5-4b9a-b28c-11a0e90bbb8a" status: 200 len: 258 microversion: 1.28 [pid: 8|app: 0|req: 533/1070] 199.204.45.205 () {34 vars in 863 bytes} [Tue Apr 28 02:37:17 2026] GET /allocations/ee310459-e9b5-4b9a-b28c-11a0e90bbb8a => generated 258 bytes in 32 msecs (HTTP/1.1 200) 8 headers in 296 bytes (1 switches on core 0)
2026-04-28 02:37:17.053 7 INFO placement.requestlog [req-b6731223-aedc-49bc-9137-13491734a219 req-ae58665b-297d-4ad9-801e-d3229c4f7b98 e015bc0228724a6fa47b112f9154260c d437956eb09d40ed9a23d01ff01583da - - 7fa514b959364ba880e03ff3ff0e34eb 7fa514b959364ba880e03ff3ff0e34eb] 199.204.45.205 "GET /allocations/18134111-4aa2-4287-9a63-a386c045b6ee" status: 200 len: 245 microversion: 1.28 [pid: 7|app: 0|req: 538/1071] 199.204.45.205 () {34 vars in 863 bytes} [Tue Apr 28 02:37:17 2026] GET /allocations/18134111-4aa2-4287-9a63-a386c045b6ee => generated 245 bytes in 8 msecs (HTTP/1.1 200) 8 headers in 296 bytes (1 switches on core 0)
2026-04-28 02:37:17.070 8 INFO placement.requestlog [req-b6731223-aedc-49bc-9137-13491734a219 req-2d4e8412-d9fe-4a1a-a01d-46b0cfdc70b4 e015bc0228724a6fa47b112f9154260c d437956eb09d40ed9a23d01ff01583da - - 7fa514b959364ba880e03ff3ff0e34eb 7fa514b959364ba880e03ff3ff0e34eb] 199.204.45.205 "GET /allocations/a9f550fa-6ed1-4858-b068-0ccda790da9e" status: 200 len: 258 microversion: 1.28 [pid: 8|app: 0|req: 534/1072] 199.204.45.205 () {34 vars in 863 bytes} [Tue Apr 28 02:37:17 2026] GET /allocations/a9f550fa-6ed1-4858-b068-0ccda790da9e => generated 258 bytes in 13 msecs (HTTP/1.1 200) 8 headers in 296 bytes (1 switches on core 0)
2026-04-28 02:37:17.088 7 INFO placement.requestlog [req-b6731223-aedc-49bc-9137-13491734a219 req-285a8a57-30b1-4ee3-b6d5-ba8cd560674d e015bc0228724a6fa47b112f9154260c d437956eb09d40ed9a23d01ff01583da - - 7fa514b959364ba880e03ff3ff0e34eb 7fa514b959364ba880e03ff3ff0e34eb] 199.204.45.205 "GET /allocations/5971ff1a-7c21-422e-81a5-2a47a661b571" status: 200 len: 258 microversion: 1.28 [pid: 7|app: 0|req: 539/1073] 199.204.45.205 () {34 vars in 863 bytes} [Tue Apr 28 02:37:17 2026] GET /allocations/5971ff1a-7c21-422e-81a5-2a47a661b571 => generated 258 bytes in 12 msecs (HTTP/1.1 200) 8 headers in 296 bytes (1 switches on core 0)
2026-04-28 02:37:18.141 8 INFO placement.requestlog [req-a24add59-9769-4fa4-b542-7dffec4c228f req-ce9e7f53-a439-45b7-b9f4-7dd015760779 e015bc0228724a6fa47b112f9154260c d437956eb09d40ed9a23d01ff01583da - - 7fa514b959364ba880e03ff3ff0e34eb 7fa514b959364ba880e03ff3ff0e34eb] 199.204.45.205 "GET /resource_providers/4635f955-4d17-44c6-9591-90d9977f1ed1/allocations" status: 200 len: 440 microversion: 1.0 [pid: 8|app: 0|req: 535/1074] 199.204.45.205 () {32 vars in 857 bytes} [Tue Apr 28 02:37:18 2026] GET /resource_providers/4635f955-4d17-44c6-9591-90d9977f1ed1/allocations => generated 440 bytes in 20 msecs (HTTP/1.1 200) 6 headers in 224 bytes (1 switches on core 0)
2026-04-28 02:37:18.163 7 INFO placement.requestlog [req-a24add59-9769-4fa4-b542-7dffec4c228f req-fa30b6e9-c091-412f-8916-7b6df0de576e e015bc0228724a6fa47b112f9154260c d437956eb09d40ed9a23d01ff01583da - - 7fa514b959364ba880e03ff3ff0e34eb 7fa514b959364ba880e03ff3ff0e34eb] 199.204.45.205 "GET /allocations/ee310459-e9b5-4b9a-b28c-11a0e90bbb8a" status: 200 len: 258 microversion: 1.28 [pid: 7|app: 0|req: 540/1075] 199.204.45.205 () {34 vars in 863 bytes} [Tue Apr 28 02:37:18 2026] GET /allocations/ee310459-e9b5-4b9a-b28c-11a0e90bbb8a => generated 258 bytes in 12 msecs (HTTP/1.1 200) 8 headers in 296 bytes (1 switches on core 0)
2026-04-28 02:37:18.183 8 INFO placement.requestlog [req-a24add59-9769-4fa4-b542-7dffec4c228f req-c2b756d8-d563-461c-bcfc-68bc6fcbc812 e015bc0228724a6fa47b112f9154260c d437956eb09d40ed9a23d01ff01583da - - 7fa514b959364ba880e03ff3ff0e34eb 7fa514b959364ba880e03ff3ff0e34eb] 199.204.45.205 "GET /allocations/18134111-4aa2-4287-9a63-a386c045b6ee" status: 200 len: 245 microversion: 1.28 [pid: 8|app: 0|req: 536/1076] 199.204.45.205 () {34 vars in 863 bytes} [Tue Apr 28 02:37:18 2026] GET /allocations/18134111-4aa2-4287-9a63-a386c045b6ee => generated 245 bytes in 14 msecs (HTTP/1.1 200) 8 headers in 296 bytes (1 switches on core 0)
2026-04-28 02:37:18.206 7 INFO placement.requestlog [req-a24add59-9769-4fa4-b542-7dffec4c228f req-6d5edf29-ba2b-4f0d-a8ad-883de2c81c7b e015bc0228724a6fa47b112f9154260c d437956eb09d40ed9a23d01ff01583da - - 7fa514b959364ba880e03ff3ff0e34eb 7fa514b959364ba880e03ff3ff0e34eb] 199.204.45.205 "GET /allocations/a9f550fa-6ed1-4858-b068-0ccda790da9e" status: 200 len: 258 microversion: 1.28 [pid: 7|app: 0|req: 541/1077] 199.204.45.205 () {34 vars in 863 bytes} [Tue Apr 28 02:37:18 2026] GET /allocations/a9f550fa-6ed1-4858-b068-0ccda790da9e => generated 258 bytes in 15 msecs (HTTP/1.1 200) 8 headers in 296 bytes (1 switches on core 0)
2026-04-28 02:37:18.231 8 INFO placement.requestlog [req-a24add59-9769-4fa4-b542-7dffec4c228f req-c7ebd610-8113-469f-af75-2f7f2aa8e552 e015bc0228724a6fa47b112f9154260c d437956eb09d40ed9a23d01ff01583da - - 7fa514b959364ba880e03ff3ff0e34eb 7fa514b959364ba880e03ff3ff0e34eb] 199.204.45.205 "GET /allocations/5971ff1a-7c21-422e-81a5-2a47a661b571" status: 200 len: 258 microversion: 1.28 [pid: 8|app: 0|req: 537/1078] 199.204.45.205 () {34 vars in 863 bytes} [Tue Apr 28 02:37:18 2026] GET /allocations/5971ff1a-7c21-422e-81a5-2a47a661b571 => generated 258 bytes in 16 msecs (HTTP/1.1 200) 8 headers in 296 bytes (1 switches on core 0)
2026-04-28 02:37:19.287 7 INFO placement.requestlog [req-a24add59-9769-4fa4-b542-7dffec4c228f req-61142577-cfc6-4f2b-9819-0d9ed79a2114 e015bc0228724a6fa47b112f9154260c d437956eb09d40ed9a23d01ff01583da - - 7fa514b959364ba880e03ff3ff0e34eb 7fa514b959364ba880e03ff3ff0e34eb] 199.204.45.205 "DELETE /allocations/5971ff1a-7c21-422e-81a5-2a47a661b571" status: 204 len: 0 microversion: 1.0 [pid: 7|app: 0|req: 542/1079] 199.204.45.205 () {34 vars in 841 bytes} [Tue Apr 28 02:37:19 2026] DELETE /allocations/5971ff1a-7c21-422e-81a5-2a47a661b571 => generated 0 bytes in 22 msecs (HTTP/1.1 204) 5 headers in 198 bytes (1 switches on core 0)
2026-04-28 02:37:20.702 8 INFO placement.requestlog [None req-df1192f6-65f1-47f4-85e6-b6cdfa9bb2b0 - - - - - -] 10.0.0.25 "GET /" status: 200 len: 136 microversion: 1.0
2026-04-28 02:37:20.702 7 INFO placement.requestlog [None req-b4184902-dfde-4932-b123-46afc56c839f - - - - - -] 10.0.0.25 "GET /" status: 200 len: 136 microversion: 1.0
2026-04-28 02:37:23.088 8 INFO placement.requestlog [None req-c17c046e-6051-46c5-9a67-c75f120182bf 54e1ef8699454ba5976012fb5d7e049d d437956eb09d40ed9a23d01ff01583da - - 7fa514b959364ba880e03ff3ff0e34eb 7fa514b959364ba880e03ff3ff0e34eb] 10.0.0.140 "GET /resource_providers/40f2e65a-d6ec-4459-9ace-ebc4239c4519/aggregates" status: 404 len: 235 microversion: 1.1 [pid: 8|app: 0|req: 539/1082] 10.0.0.140 () {32 vars in 816 bytes} [Tue Apr 28 02:37:23 2026] GET /resource_providers/40f2e65a-d6ec-4459-9ace-ebc4239c4519/aggregates => generated 235 bytes in 11 msecs (HTTP/1.1 404) 5 headers in 202 bytes (1 switches on core 0)
2026-04-28 02:37:23.092 7 INFO placement.requestlog [None req-68e41564-353d-4832-966f-36939433d455 54e1ef8699454ba5976012fb5d7e049d d437956eb09d40ed9a23d01ff01583da - - 7fa514b959364ba880e03ff3ff0e34eb 7fa514b959364ba880e03ff3ff0e34eb] 10.0.0.140 "GET /resource_providers/40f2e65a-d6ec-4459-9ace-ebc4239c4519/aggregates" status: 404 len: 235 microversion: 1.1 [pid: 7|app: 0|req: 544/1083] 10.0.0.140 () {32 vars in 816 bytes} [Tue Apr 28 02:37:23 2026] GET /resource_providers/40f2e65a-d6ec-4459-9ace-ebc4239c4519/aggregates => generated 235 bytes in 12 msecs (HTTP/1.1 404) 5 headers in 202 bytes (1 switches on core 0)
2026-04-28 02:37:23.107 8 INFO placement.requestlog [None req-0c88bcc5-d79c-47fe-9556-915992d4b4fe 54e1ef8699454ba5976012fb5d7e049d d437956eb09d40ed9a23d01ff01583da - - 7fa514b959364ba880e03ff3ff0e34eb 7fa514b959364ba880e03ff3ff0e34eb] 10.0.0.140 "DELETE /resource_providers/40f2e65a-d6ec-4459-9ace-ebc4239c4519" status: 404 len: 246 microversion: 1.1 [pid: 8|app: 0|req: 540/1084] 10.0.0.140 () {34 vars in 816 bytes} [Tue Apr 28 02:37:23 2026] DELETE /resource_providers/40f2e65a-d6ec-4459-9ace-ebc4239c4519 => generated 246 bytes in 7 msecs (HTTP/1.1 404) 6 headers in 231 bytes (1 switches on core 0)
2026-04-28 02:37:23.116 7 INFO placement.requestlog [None req-8ef1d074-145a-47f2-b3ae-2ac26d059e75 54e1ef8699454ba5976012fb5d7e049d d437956eb09d40ed9a23d01ff01583da - - 7fa514b959364ba880e03ff3ff0e34eb 7fa514b959364ba880e03ff3ff0e34eb] 10.0.0.140 "DELETE /resource_providers/40f2e65a-d6ec-4459-9ace-ebc4239c4519" status: 404 len: 246 microversion: 1.1 [pid: 7|app: 0|req: 545/1085] 10.0.0.140 () {34 vars in 816 bytes} [Tue Apr 28 02:37:23 2026] DELETE /resource_providers/40f2e65a-d6ec-4459-9ace-ebc4239c4519 => generated 246 bytes in 13 msecs (HTTP/1.1 404) 6 headers in 231 bytes (1 switches on core 0)
2026-04-28 02:37:25.131 8 INFO placement.requestlog [None req-59f56be2-d53e-46d3-8e2c-ccbcf6e821f2 54e1ef8699454ba5976012fb5d7e049d d437956eb09d40ed9a23d01ff01583da - - 7fa514b959364ba880e03ff3ff0e34eb 7fa514b959364ba880e03ff3ff0e34eb] 10.0.0.140 "GET /resource_providers/76ecedc2-bf43-429a-ac79-ffb5c212102b/aggregates" status: 404 len: 235 microversion: 1.1 [pid: 8|app: 0|req: 541/1086] 10.0.0.140 () {32 vars in 816 bytes} [Tue Apr 28 02:37:25 2026] GET /resource_providers/76ecedc2-bf43-429a-ac79-ffb5c212102b/aggregates => generated 235 bytes in 13 msecs (HTTP/1.1 404) 5 headers in 202 bytes (1 switches on core 0)
2026-04-28 02:37:25.148 8 INFO placement.requestlog [None req-9acaebcb-ec10-4868-86e8-fd8223712b85 54e1ef8699454ba5976012fb5d7e049d d437956eb09d40ed9a23d01ff01583da - - 7fa514b959364ba880e03ff3ff0e34eb 7fa514b959364ba880e03ff3ff0e34eb] 10.0.0.140 "DELETE /resource_providers/76ecedc2-bf43-429a-ac79-ffb5c212102b" status: 404 len: 246 microversion: 1.1 [pid: 8|app: 0|req: 542/1087] 10.0.0.140 () {34 vars in 816 bytes} [Tue Apr 28 02:37:25 2026] DELETE /resource_providers/76ecedc2-bf43-429a-ac79-ffb5c212102b => generated 246 bytes in 8 msecs (HTTP/1.1 404) 6 headers in 231 bytes (1 switches on core 0)
2026-04-28 02:37:25.153 7 INFO placement.requestlog [None req-25073497-e694-4ac0-b213-e41efd46dd1d 54e1ef8699454ba5976012fb5d7e049d d437956eb09d40ed9a23d01ff01583da - - 7fa514b959364ba880e03ff3ff0e34eb 7fa514b959364ba880e03ff3ff0e34eb] 10.0.0.140 "GET /resource_providers/76ecedc2-bf43-429a-ac79-ffb5c212102b/aggregates" status: 404 len: 235 microversion: 1.1 [pid: 7|app: 0|req: 546/1088] 10.0.0.140 () {32 vars in 816 bytes} [Tue Apr 28 02:37:25 2026] GET /resource_providers/76ecedc2-bf43-429a-ac79-ffb5c212102b/aggregates => generated 235 bytes in 16 msecs (HTTP/1.1 404) 5 headers in 202 bytes (1 switches on core 0)
2026-04-28 02:37:25.168 8 INFO placement.requestlog [None req-6231f42b-ba1c-4ad8-903c-215efd8fc489 54e1ef8699454ba5976012fb5d7e049d d437956eb09d40ed9a23d01ff01583da - - 7fa514b959364ba880e03ff3ff0e34eb 7fa514b959364ba880e03ff3ff0e34eb] 10.0.0.140 "GET /resource_providers/1f763d18-2153-4980-a801-334ad7a7577a/aggregates" status: 404 len: 235 microversion: 1.1 [pid: 8|app: 0|req: 543/1089] 10.0.0.140 () {32 vars in 816 bytes} [Tue Apr 28 02:37:25 2026] GET /resource_providers/1f763d18-2153-4980-a801-334ad7a7577a/aggregates => generated 235 bytes in 9 msecs (HTTP/1.1 404) 5 headers in 202 bytes (1 switches on core 0)
2026-04-28 02:37:25.183 8 INFO placement.requestlog [None req-3b4463d2-e1db-4110-8124-aeaa926dca54 54e1ef8699454ba5976012fb5d7e049d d437956eb09d40ed9a23d01ff01583da - - 7fa514b959364ba880e03ff3ff0e34eb 7fa514b959364ba880e03ff3ff0e34eb] 10.0.0.140 "DELETE /resource_providers/1f763d18-2153-4980-a801-334ad7a7577a" status: 404 len: 246 microversion: 1.1 [pid: 8|app: 0|req: 544/1090] 10.0.0.140 () {34 vars in 816 bytes} [Tue Apr 28 02:37:25 2026] DELETE /resource_providers/1f763d18-2153-4980-a801-334ad7a7577a => generated 246 bytes in 8 msecs (HTTP/1.1 404) 6 headers in 231 bytes (1 switches on core 0)
2026-04-28 02:37:25.189 7 INFO placement.requestlog [None req-786e67fd-0795-4e59-804e-2c36b8c27e14 54e1ef8699454ba5976012fb5d7e049d d437956eb09d40ed9a23d01ff01583da - - 7fa514b959364ba880e03ff3ff0e34eb 7fa514b959364ba880e03ff3ff0e34eb] 10.0.0.140 "DELETE /resource_providers/76ecedc2-bf43-429a-ac79-ffb5c212102b" status: 404 len: 246 microversion: 1.1 [pid: 7|app: 0|req: 547/1091] 10.0.0.140 () {34 vars in 816 bytes} [Tue Apr 28 02:37:25 2026] DELETE /resource_providers/76ecedc2-bf43-429a-ac79-ffb5c212102b => generated 246 bytes in 22 msecs (HTTP/1.1 404) 6 headers in 231 bytes (1 switches on core 0)
2026-04-28 02:37:25.207 8 INFO placement.requestlog [None req-9a4856da-e5d4-43c9-bfff-522dc3e2d08c 54e1ef8699454ba5976012fb5d7e049d d437956eb09d40ed9a23d01ff01583da - - 7fa514b959364ba880e03ff3ff0e34eb 7fa514b959364ba880e03ff3ff0e34eb] 10.0.0.140 "GET /resource_providers/1f763d18-2153-4980-a801-334ad7a7577a/aggregates" status: 404 len: 235 microversion: 1.1 [pid: 8|app: 0|req: 545/1092] 10.0.0.140 () {32 vars in 816 bytes} [Tue Apr 28 02:37:25 2026] GET /resource_providers/1f763d18-2153-4980-a801-334ad7a7577a/aggregates => generated 235 bytes in 10 msecs (HTTP/1.1 404) 5 headers in 202 bytes (1 switches on core 0)
2026-04-28 02:37:25.227 7 INFO placement.requestlog [None req-a6c66d1a-aec9-48e5-b553-b25f314a6326 54e1ef8699454ba5976012fb5d7e049d d437956eb09d40ed9a23d01ff01583da - - 7fa514b959364ba880e03ff3ff0e34eb 7fa514b959364ba880e03ff3ff0e34eb] 10.0.0.140 "DELETE /resource_providers/1f763d18-2153-4980-a801-334ad7a7577a" status: 404 len: 246 microversion: 1.1 [pid: 7|app: 0|req: 548/1093] 10.0.0.140 () {34 vars in 816 bytes} [Tue Apr 28 02:37:25 2026] DELETE /resource_providers/1f763d18-2153-4980-a801-334ad7a7577a => generated 246 bytes in 13 msecs (HTTP/1.1 404) 6 headers in 231 bytes (1 switches on core 0)
2026-04-28 02:37:30.701 7 INFO placement.requestlog [None req-00e9421d-1fbb-48e2-9c3c-62fbddcdaa87 - - - - - -] 10.0.0.25 "GET /" status: 200 len: 136 microversion: 1.0
2026-04-28 02:37:30.704 8 INFO placement.requestlog [None req-e2530013-447c-4614-a0ac-e1876f0d7c68 - - - - - -] 10.0.0.25 "GET /" status: 200 len: 136 microversion: 1.0
2026-04-28 02:37:36.524 8 INFO placement.requestlog [None req-ad1a5bf3-0927-456a-a453-ac1e31b787cd 54e1ef8699454ba5976012fb5d7e049d d437956eb09d40ed9a23d01ff01583da - - 7fa514b959364ba880e03ff3ff0e34eb 7fa514b959364ba880e03ff3ff0e34eb] 10.0.0.140 "GET /resource_providers/acf8dd3d-f4cd-4417-a0c1-210f08a324cf/aggregates" status: 404 len: 235 microversion: 1.1 [pid: 8|app: 0|req: 547/1096] 10.0.0.140 () {32 vars in 816 bytes} [Tue Apr 28 02:37:36 2026] GET /resource_providers/acf8dd3d-f4cd-4417-a0c1-210f08a324cf/aggregates => generated 235 bytes in 20 msecs (HTTP/1.1 404) 5 headers in 202 bytes (1 switches on core 0)
2026-04-28 02:37:36.532 7 INFO placement.requestlog [None req-a98b76d6-2ed6-4ab8-800e-a16085f543bc 54e1ef8699454ba5976012fb5d7e049d d437956eb09d40ed9a23d01ff01583da - - 7fa514b959364ba880e03ff3ff0e34eb 7fa514b959364ba880e03ff3ff0e34eb] 10.0.0.140 "GET /resource_providers/acf8dd3d-f4cd-4417-a0c1-210f08a324cf/aggregates" status: 404 len: 235 microversion: 1.1 [pid: 7|app: 0|req: 550/1097] 10.0.0.140 () {32 vars in 816 bytes} [Tue Apr 28 02:37:36 2026] GET /resource_providers/acf8dd3d-f4cd-4417-a0c1-210f08a324cf/aggregates => generated 235 bytes in 29 msecs (HTTP/1.1 404) 5 headers in 202 bytes (1 switches on core 0)
2026-04-28 02:37:36.551 8 INFO placement.requestlog [None req-d8189027-3de8-4087-b4f7-95789b045413 54e1ef8699454ba5976012fb5d7e049d d437956eb09d40ed9a23d01ff01583da - - 7fa514b959364ba880e03ff3ff0e34eb 7fa514b959364ba880e03ff3ff0e34eb] 10.0.0.140 "DELETE /resource_providers/acf8dd3d-f4cd-4417-a0c1-210f08a324cf" status: 404 len: 246 microversion: 1.1 [pid: 8|app: 0|req: 548/1098] 10.0.0.140 () {34 vars in 816 bytes} [Tue Apr 28 02:37:36 2026] DELETE /resource_providers/acf8dd3d-f4cd-4417-a0c1-210f08a324cf => generated 246 bytes in 18 msecs (HTTP/1.1 404) 6 headers in 231 bytes (1 switches on core 0)
