Apr 15 08:48:59.321398 np0000166424 devstack@neutron-api.service[104217]: DEBUG ovsdbapp.backend.ovs_idl [None req-3d6d4e5c-b82e-4c6b-b6c4-f57c131883ef None None] Created schema index Datapath_Binding.tunnel_key {{(pid=104217) autocreate_indices /opt/stack/data/venv/lib/python3.12/site-packages/ovsdbapp/backend/ovs_idl/__init__.py:106}}
Apr 15 08:48:59.323154 np0000166424 devstack@neutron-api.service[104217]: INFO ovsdbapp.backend.ovs_idl.vlog [None req-3d6d4e5c-b82e-4c6b-b6c4-f57c131883ef None None] ssl:199.204.45.209:6642: connecting...
Apr 15 08:48:59.331227 np0000166424 devstack@neutron-api.service[104217]: INFO ovsdbapp.backend.ovs_idl.vlog [None req-3d6d4e5c-b82e-4c6b-b6c4-f57c131883ef None None] ssl:199.204.45.209:6642: connected
Apr 15 08:48:59.337435 np0000166424 devstack@neutron-api.service[104214]: DEBUG neutron.common.ovn.hash_ring_manager [None req-d9acff08-36f3-428d-997d-e88aa5ff9a92 None None] Allow caching, nodes 4>=4 {{(pid=104214) _wait_startup_before_caching /opt/stack/neutron/neutron/common/ovn/hash_ring_manager.py:65}}
Apr 15 08:48:59.338019 np0000166424 devstack@neutron-api.service[104215]: DEBUG neutron.common.ovn.hash_ring_manager [None req-d248adcd-383b-40fc-b774-48ed93b94228 None None] Allow caching, nodes 4>=4 {{(pid=104215) _wait_startup_before_caching /opt/stack/neutron/neutron/common/ovn/hash_ring_manager.py:65}}
Apr 15 08:48:59.344062 np0000166424 devstack@neutron-api.service[104214]: DEBUG neutron.common.ovn.hash_ring_manager [None req-d9acff08-36f3-428d-997d-e88aa5ff9a92 None None] Hash Ring loaded. 4 active nodes. 0 offline nodes {{(pid=104214) _load_hash_ring /opt/stack/neutron/neutron/common/ovn/hash_ring_manager.py:102}}
Apr 15 08:48:59.344120 np0000166424 devstack@neutron-api.service[104215]: DEBUG neutron.common.ovn.hash_ring_manager [None req-d248adcd-383b-40fc-b774-48ed93b94228 None None] Hash Ring loaded. 4 active nodes. 0 offline nodes {{(pid=104215) _load_hash_ring /opt/stack/neutron/neutron/common/ovn/hash_ring_manager.py:102}}
Apr 15 08:48:59.344342 np0000166424 devstack@neutron-api.service[104214]: DEBUG neutron.plugins.ml2.drivers.ovn.mech_driver.ovsdb.ovsdb_monitor [None req-d9acff08-36f3-428d-997d-e88aa5ff9a92 None None] Hash Ring: Node 071cbcc23ca95ceca883a2a967c8beb3 (host: np0000166424) handling event "create" for row af3593a9-01e2-4075-b3a8-6869cbab6338 (table: Port_Group) {{(pid=104214) notify /opt/stack/neutron/neutron/plugins/ml2/drivers/ovn/mech_driver/ovsdb/ovsdb_monitor.py:914}}
Apr 15 08:48:59.344393 np0000166424 devstack@neutron-api.service[104215]: DEBUG neutron.plugins.ml2.drivers.ovn.mech_driver.ovsdb.ovsdb_monitor [None req-d248adcd-383b-40fc-b774-48ed93b94228 None None] Hash Ring: Node d7f7befe015d5a76b0f8783796d97a15 (host: np0000166424) handling event "create" for row ff82747f-f4ba-4c2b-8c91-fd0438fa4f30 (table: ACL) {{(pid=104215) notify /opt/stack/neutron/neutron/plugins/ml2/drivers/ovn/mech_driver/ovsdb/ovsdb_monitor.py:914}}
Apr 15 08:48:59.344528 np0000166424 devstack@neutron-api.service[104214]: DEBUG neutron.plugins.ml2.drivers.ovn.mech_driver.ovsdb.ovsdb_monitor [None req-d9acff08-36f3-428d-997d-e88aa5ff9a92 None None] Hash Ring: Node 071cbcc23ca95ceca883a2a967c8beb3 (host: np0000166424) handling event "create" for row 56b1af63-4f8b-4542-9ecd-7e85b6669b09 (table: SSL) {{(pid=104214) notify /opt/stack/neutron/neutron/plugins/ml2/drivers/ovn/mech_driver/ovsdb/ovsdb_monitor.py:914}}
Apr 15 08:48:59.345504 np0000166424 devstack@neutron-api.service[104214]: INFO neutron.plugins.ml2.drivers.ovn.mech_driver.ovsdb.impl_idl_ovn [None req-d9acff08-36f3-428d-997d-e88aa5ff9a92 None None] Getting OvsdbSbOvnIdl for WorkerService with retry
Apr 15 08:48:59.345715 np0000166424 devstack@neutron-api.service[104215]: INFO neutron.plugins.ml2.drivers.ovn.mech_driver.ovsdb.impl_idl_ovn [None req-d248adcd-383b-40fc-b774-48ed93b94228 None None] Getting OvsdbSbOvnIdl for WorkerService with retry
Apr 15 08:48:59.359525 np0000166424 devstack@neutron-api.service[104217]: DEBUG neutron.common.ovn.hash_ring_manager [None req-3d6d4e5c-b82e-4c6b-b6c4-f57c131883ef None None] Allow caching, nodes 4>=4 {{(pid=104217) _wait_startup_before_caching /opt/stack/neutron/neutron/common/ovn/hash_ring_manager.py:65}}
Apr 15 08:48:59.363081 np0000166424 devstack@neutron-api.service[104217]: DEBUG neutron.common.ovn.hash_ring_manager [None req-3d6d4e5c-b82e-4c6b-b6c4-f57c131883ef None None] Hash Ring loaded. 4 active nodes. 0 offline nodes {{(pid=104217) _load_hash_ring /opt/stack/neutron/neutron/common/ovn/hash_ring_manager.py:102}}
Apr 15 08:48:59.363290 np0000166424 devstack@neutron-api.service[104217]: DEBUG neutron.plugins.ml2.drivers.ovn.mech_driver.ovsdb.ovsdb_monitor [None req-3d6d4e5c-b82e-4c6b-b6c4-f57c131883ef None None] ChassisOVNAgentWriteEvent : Matched Chassis_Private, create, None None {{(pid=104217) matches /opt/stack/neutron/neutron/plugins/ml2/drivers/ovn/mech_driver/ovsdb/ovsdb_monitor.py:64}}
Apr 15 08:48:59.363391 np0000166424 devstack@neutron-api.service[104217]: DEBUG neutron.plugins.ml2.drivers.ovn.mech_driver.ovsdb.ovsdb_monitor [None req-3d6d4e5c-b82e-4c6b-b6c4-f57c131883ef None None] ChassisAgentWriteEvent : Matched Chassis_Private, create, None None {{(pid=104217) matches /opt/stack/neutron/neutron/plugins/ml2/drivers/ovn/mech_driver/ovsdb/ovsdb_monitor.py:64}}
Apr 15 08:48:59.366011 np0000166424 devstack@neutron-api.service[104217]: INFO neutron.plugins.ml2.drivers.ovn.mech_driver.mech_driver [None req-3d6d4e5c-b82e-4c6b-b6c4-f57c131883ef None None] WorkerService process has finished the post initialization
Apr 15 08:48:59.367180 np0000166424 devstack@neutron-api.service[104217]: WSGI app 0 (mountpoint='') ready in 7 seconds on interpreter 0x789dfb4a3668 pid: 104217 (default app)
Apr 15 08:48:59.377014 np0000166424 devstack@neutron-api.service[104214]: DEBUG ovsdbapp.backend.ovs_idl [None req-d9acff08-36f3-428d-997d-e88aa5ff9a92 None None] Created lookup_table index Chassis.name {{(pid=104214) autocreate_indices /opt/stack/data/venv/lib/python3.12/site-packages/ovsdbapp/backend/ovs_idl/__init__.py:87}}
Apr 15 08:48:59.377171 np0000166424 devstack@neutron-api.service[104214]: DEBUG ovsdbapp.backend.ovs_idl [None req-d9acff08-36f3-428d-997d-e88aa5ff9a92 None None] Created lookup_table index Port_Binding.logical_port {{(pid=104214) autocreate_indices /opt/stack/data/venv/lib/python3.12/site-packages/ovsdbapp/backend/ovs_idl/__init__.py:87}}
Apr 15 08:48:59.377171 np0000166424 devstack@neutron-api.service[104214]: DEBUG ovsdbapp.backend.ovs_idl [None req-d9acff08-36f3-428d-997d-e88aa5ff9a92 None None] Created schema index Chassis_Private.name {{(pid=104214) autocreate_indices /opt/stack/data/venv/lib/python3.12/site-packages/ovsdbapp/backend/ovs_idl/__init__.py:106}}
Apr 15 08:48:59.377247 np0000166424 devstack@neutron-api.service[104214]: DEBUG ovsdbapp.backend.ovs_idl [None req-d9acff08-36f3-428d-997d-e88aa5ff9a92 None None] Created schema index Datapath_Binding.tunnel_key {{(pid=104214) autocreate_indices /opt/stack/data/venv/lib/python3.12/site-packages/ovsdbapp/backend/ovs_idl/__init__.py:106}}
Apr 15 08:48:59.379194 np0000166424 devstack@neutron-api.service[104214]: INFO ovsdbapp.backend.ovs_idl.vlog [None req-d9acff08-36f3-428d-997d-e88aa5ff9a92 None None] ssl:199.204.45.209:6642: connecting...
Apr 15 08:48:59.380720 np0000166424 devstack@neutron-api.service[104215]: DEBUG ovsdbapp.backend.ovs_idl [None req-d248adcd-383b-40fc-b774-48ed93b94228 None None] Created lookup_table index Chassis.name {{(pid=104215) autocreate_indices /opt/stack/data/venv/lib/python3.12/site-packages/ovsdbapp/backend/ovs_idl/__init__.py:87}}
Apr 15 08:48:59.380720 np0000166424 devstack@neutron-api.service[104215]: DEBUG ovsdbapp.backend.ovs_idl [None req-d248adcd-383b-40fc-b774-48ed93b94228 None None] Created lookup_table index Port_Binding.logical_port {{(pid=104215) autocreate_indices /opt/stack/data/venv/lib/python3.12/site-packages/ovsdbapp/backend/ovs_idl/__init__.py:87}}
Apr 15 08:48:59.381027 np0000166424 devstack@neutron-api.service[104215]: DEBUG ovsdbapp.backend.ovs_idl [None req-d248adcd-383b-40fc-b774-48ed93b94228 None None] Created schema index Chassis_Private.name {{(pid=104215) autocreate_indices /opt/stack/data/venv/lib/python3.12/site-packages/ovsdbapp/backend/ovs_idl/__init__.py:106}}
Apr 15 08:48:59.381027 np0000166424 devstack@neutron-api.service[104215]: DEBUG ovsdbapp.backend.ovs_idl [None req-d248adcd-383b-40fc-b774-48ed93b94228 None None] Created schema index Datapath_Binding.tunnel_key {{(pid=104215) autocreate_indices /opt/stack/data/venv/lib/python3.12/site-packages/ovsdbapp/backend/ovs_idl/__init__.py:106}}
Apr 15 08:48:59.383017 np0000166424 devstack@neutron-api.service[104215]: INFO ovsdbapp.backend.ovs_idl.vlog [None req-d248adcd-383b-40fc-b774-48ed93b94228 None None] ssl:199.204.45.209:6642: connecting...
Apr 15 08:48:59.384674 np0000166424 devstack@neutron-api.service[104214]: INFO ovsdbapp.backend.ovs_idl.vlog [None req-d9acff08-36f3-428d-997d-e88aa5ff9a92 None None] ssl:199.204.45.209:6642: connected
Apr 15 08:48:59.387811 np0000166424 devstack@neutron-api.service[104215]: INFO ovsdbapp.backend.ovs_idl.vlog [None req-d248adcd-383b-40fc-b774-48ed93b94228 None None] ssl:199.204.45.209:6642: connected
Apr 15 08:48:59.415149 np0000166424 devstack@neutron-api.service[104214]: DEBUG neutron.common.ovn.hash_ring_manager [None req-d9acff08-36f3-428d-997d-e88aa5ff9a92 None None] Allow caching, nodes 4>=4 {{(pid=104214) _wait_startup_before_caching /opt/stack/neutron/neutron/common/ovn/hash_ring_manager.py:65}}
Apr 15 08:48:59.415677 np0000166424 devstack@neutron-api.service[104215]: DEBUG neutron.common.ovn.hash_ring_manager [None req-d248adcd-383b-40fc-b774-48ed93b94228 None None] Allow caching, nodes 4>=4 {{(pid=104215) _wait_startup_before_caching /opt/stack/neutron/neutron/common/ovn/hash_ring_manager.py:65}}
Apr 15 08:48:59.419452 np0000166424 devstack@neutron-api.service[104214]: DEBUG neutron.common.ovn.hash_ring_manager [None req-d9acff08-36f3-428d-997d-e88aa5ff9a92 None None] Hash Ring loaded. 4 active nodes. 0 offline nodes {{(pid=104214) _load_hash_ring /opt/stack/neutron/neutron/common/ovn/hash_ring_manager.py:102}}
Apr 15 08:48:59.419611 np0000166424 devstack@neutron-api.service[104214]: DEBUG neutron.plugins.ml2.drivers.ovn.mech_driver.ovsdb.ovsdb_monitor [None req-d9acff08-36f3-428d-997d-e88aa5ff9a92 None None] Hash Ring: Node 071cbcc23ca95ceca883a2a967c8beb3 (host: np0000166424) handling event "create" for row 5922dbca-4f51-42e1-aa34-2e0db06b9815 (table: Chassis) {{(pid=104214) notify /opt/stack/neutron/neutron/plugins/ml2/drivers/ovn/mech_driver/ovsdb/ovsdb_monitor.py:914}}
Apr 15 08:48:59.419758 np0000166424 devstack@neutron-api.service[104215]: DEBUG neutron.common.ovn.hash_ring_manager [None req-d248adcd-383b-40fc-b774-48ed93b94228 None None] Hash Ring loaded. 4 active nodes. 0 offline nodes {{(pid=104215) _load_hash_ring /opt/stack/neutron/neutron/common/ovn/hash_ring_manager.py:102}}
Apr 15 08:48:59.419925 np0000166424 devstack@neutron-api.service[104215]: DEBUG neutron.plugins.ml2.drivers.ovn.mech_driver.ovsdb.ovsdb_monitor [None req-d248adcd-383b-40fc-b774-48ed93b94228 None None] ChassisAgentWriteEvent : Matched Chassis_Private, create, None None {{(pid=104215) matches /opt/stack/neutron/neutron/plugins/ml2/drivers/ovn/mech_driver/ovsdb/ovsdb_monitor.py:64}}
Apr 15 08:48:59.420083 np0000166424 devstack@neutron-api.service[104215]: DEBUG neutron.plugins.ml2.drivers.ovn.mech_driver.ovsdb.ovsdb_monitor [None req-d248adcd-383b-40fc-b774-48ed93b94228 None None] ChassisOVNAgentWriteEvent : Matched Chassis_Private, create, None None {{(pid=104215) matches /opt/stack/neutron/neutron/plugins/ml2/drivers/ovn/mech_driver/ovsdb/ovsdb_monitor.py:64}}
Apr 15 08:48:59.420306 np0000166424 devstack@neutron-api.service[104214]: DEBUG ovsdbapp.backend.ovs_idl.event [None req-d9acff08-36f3-428d-997d-e88aa5ff9a92 None None] Matched CREATE: ChassisBandwidthConfigEvent(events=('create', 'update'), table='Chassis', conditions=None, old_conditions=None), priority=20 to row=Chassis(uuid=5922dbca-4f51-42e1-aa34-2e0db06b9815, encaps=[0ae014bf-86b9-4bf5-99fa-79d19d56d2ae], external_ids={}, hostname='np0000166424', name='208ffd6a-976c-4b21-a406-6cd6f89ef843', nb_cfg=0, other_config={'ct-commit-nat-v2': 'true', 'ct-commit-to-zone': 'true', 'ct-next-zone': 'true', 'ct-no-masked-label': 'true', 'ct-state-save': 'true', 'datapath-type': 'system', 'fdb-timestamp': 'true', 'iface-types': 'afxdp,afxdp-nonpmd,bareudp,erspan,geneve,gre,gtpu,internal,ip6erspan,ip6gre,lisp,patch,srv6,stt,system,tap,vxlan', 'is-interconn': 'false', 'ls-dpg-column': 'true', 'mac-binding-timestamp': 'true', 'ovn-bridge-mappings': 'public:br-ex', 'ovn-chassis-mac-mappings': '', 'ovn-cms-options': 'enable-chassis-as-gw', 'ovn-ct-lb-related': 'true', 'ovn-enable-lflow-cache': 'true', 'ovn-limit-lflow-cache': '', 'ovn-memlimit-lflow-cache-kb': '', 'ovn-monitor-all': 'false', 'ovn-trim-limit-lflow-cache': '', 'ovn-trim-timeout-ms': '', 'ovn-trim-wmark-perc-lflow-cache': '', 'port-up-notif': 'true'}, transport_zones=[], vtep_logical_switches=[]) old= {{(pid=104214) matches /opt/stack/data/venv/lib/python3.12/site-packages/ovsdbapp/backend/ovs_idl/event.py:55}}
Apr 15 08:48:59.420777 np0000166424 devstack@neutron-api.service[104214]: DEBUG neutron.plugins.ml2.drivers.ovn.mech_driver.ovsdb.ovsdb_monitor [None req-d9acff08-36f3-428d-997d-e88aa5ff9a92 None None] ChassisAgentWriteEvent : Matched Chassis_Private, create, None None {{(pid=104214) matches /opt/stack/neutron/neutron/plugins/ml2/drivers/ovn/mech_driver/ovsdb/ovsdb_monitor.py:64}}
Apr 15 08:48:59.420921 np0000166424 devstack@neutron-api.service[104214]: DEBUG neutron.plugins.ml2.drivers.ovn.mech_driver.ovsdb.ovsdb_monitor [None req-d9acff08-36f3-428d-997d-e88aa5ff9a92 None None] ChassisOVNAgentWriteEvent : Matched Chassis_Private, create, None None {{(pid=104214) matches /opt/stack/neutron/neutron/plugins/ml2/drivers/ovn/mech_driver/ovsdb/ovsdb_monitor.py:64}}
Apr 15 08:48:59.421187 np0000166424 devstack@neutron-api.service[104214]: DEBUG neutron.plugins.ml2.drivers.ovn.mech_driver.ovsdb.ovsdb_monitor [None req-d9acff08-36f3-428d-997d-e88aa5ff9a92 None None] Hash Ring: Node 071cbcc23ca95ceca883a2a967c8beb3 (host: np0000166424) handling event "create" for row 0ae014bf-86b9-4bf5-99fa-79d19d56d2ae (table: Encap) {{(pid=104214) notify /opt/stack/neutron/neutron/plugins/ml2/drivers/ovn/mech_driver/ovsdb/ovsdb_monitor.py:914}}
Apr 15 08:48:59.422420 np0000166424 devstack@neutron-api.service[104214]: INFO neutron.plugins.ml2.drivers.ovn.mech_driver.mech_driver [None req-d9acff08-36f3-428d-997d-e88aa5ff9a92 None None] WorkerService process has finished the post initialization
Apr 15 08:48:59.423123 np0000166424 devstack@neutron-api.service[104214]: INFO neutron.plugins.ml2.drivers.ovn.mech_driver.ovsdb.extensions.qos [-] Starting OVNClientQosExtension
Apr 15 08:48:59.423239 np0000166424 devstack@neutron-api.service[104215]: INFO neutron.plugins.ml2.drivers.ovn.mech_driver.mech_driver [None req-d248adcd-383b-40fc-b774-48ed93b94228 None None] WorkerService process has finished the post initialization
Apr 15 08:48:59.423344 np0000166424 devstack@neutron-api.service[104214]: INFO neutron.plugins.ml2.drivers.ovn.mech_driver.ovsdb.extensions.placement [-] Starting OVNClientPlacementExtension
Apr 15 08:48:59.424326 np0000166424 devstack@neutron-api.service[104215]: WSGI app 0 (mountpoint='') ready in 7 seconds on interpreter 0x789dfb4a3668 pid: 104215 (default app)
Apr 15 08:48:59.425581 np0000166424 devstack@neutron-api.service[104214]: WSGI app 0 (mountpoint='') ready in 7 seconds on interpreter 0x789dfb4a3668 pid: 104214 (default app)
Apr 15 08:49:01.268439 np0000166424 devstack@neutron-api.service[104216]: DEBUG neutron.common.ovn.hash_ring_manager [-] Allow caching, nodes 4>=4 {{(pid=104216) _wait_startup_before_caching /opt/stack/neutron/neutron/common/ovn/hash_ring_manager.py:65}}
Apr 15 08:49:01.268971 np0000166424 devstack@neutron-api.service[104216]: DEBUG neutron.plugins.ml2.drivers.ovn.mech_driver.ovsdb.ovsdb_monitor [-] Hash Ring: Node 7781743ac2ef5d74bcb38b8b480a51e6 (host: np0000166424) handling event "update" for row cab4d1b3-494f-4191-9c6f-a2342abaf0d5 (table: Connection) {{(pid=104216) notify /opt/stack/neutron/neutron/plugins/ml2/drivers/ovn/mech_driver/ovsdb/ovsdb_monitor.py:914}}
Apr 15 08:49:03.767521 np0000166424 devstack@neutron-api.service[104216]: DEBUG neutron.plugins.ml2.drivers.ovn.mech_driver.ovsdb.ovsdb_monitor [-] Hash Ring: Node 7781743ac2ef5d74bcb38b8b480a51e6 (host: np0000166424) handling event "update" for row cab4d1b3-494f-4191-9c6f-a2342abaf0d5 (table: Connection) {{(pid=104216) notify /opt/stack/neutron/neutron/plugins/ml2/drivers/ovn/mech_driver/ovsdb/ovsdb_monitor.py:914}}
Apr 15 08:49:04.979963 np0000166424 devstack@neutron-api.service[104216]: DEBUG neutron.api.wsgi [None req-08b699ce-0022-45cd-9002-568131a322c3 admin admin] Missing Content-Type {{(pid=104216) get_content_type /opt/stack/neutron/neutron/api/wsgi.py:85}}
Apr 15 08:49:04.980808 np0000166424 devstack@neutron-api.service[104216]: DEBUG neutron.api.wsgi [None req-08b699ce-0022-45cd-9002-568131a322c3 admin admin] https://199.204.45.209/networking/v2.0/extensions returned with HTTP 200 {{(pid=104216) __call__ /opt/stack/neutron/neutron/api/wsgi.py:545}}
Apr 15 08:49:04.980808 np0000166424 devstack@neutron-api.service[104216]: [pid: 104216|app: 0|req: 2/2] 199.204.45.209 () {64 vars in 1323 bytes} [Wed Apr 15 08:49:04 2026] GET /networking/v2.0/extensions => generated 15209 bytes in 390 msecs (HTTP/1.1 200) 4 headers in 159 bytes (1 switches on core 0)
Apr 15 08:49:05.372137 np0000166424 devstack@neutron-api.service[104217]: DEBUG neutron.api.v2.base [None req-ed5eb040-5350-4fc0-b1eb-cd3da15e53e6 admin admin] Request body: {'subnetpool': {'default_prefixlen': 26, 'is_default': True, 'shared': True, 'prefixes': ['10.1.0.0/20'], 'name': 'shared-default-subnetpool-v4'}} {{(pid=104217) prepare_request_body /opt/stack/neutron/neutron/api/v2/base.py:729}}
Apr 15 08:49:05.573778 np0000166424 devstack@neutron-api.service[104217]: DEBUG neutron.policy [None req-ed5eb040-5350-4fc0-b1eb-cd3da15e53e6 admin admin] Loaded default policies from ['neutron'] under neutron.policies entry points {{(pid=104217) register_rules /opt/stack/neutron/neutron/policy.py:65}}
Apr 15 08:49:05.725478 np0000166424 devstack@neutron-api.service[104217]: DEBUG neutron_lib.callbacks.manager [None req-ed5eb040-5350-4fc0-b1eb-cd3da15e53e6 admin admin] Publish callbacks ['neutron.objects.securitygroup.RbacNeutronDbObjectMixin.validate_rbac_policy_change-3274113747404', 'neutron.objects.address_group.RbacNeutronDbObjectMixin.validate_rbac_policy_change-3274113740518', 'neutron.objects.network.RbacNeutronDbObjectMixin.validate_rbac_policy_change-3274113588795', 'neutron.objects.qos.policy.RbacNeutronDbObjectMixin.validate_rbac_policy_change-3274113584417', 'neutron.objects.subnetpool.RbacNeutronDbObjectMixin.validate_rbac_policy_change-3274113565161', 'neutron.objects.address_scope.RbacNeutronDbObjectMixin.validate_rbac_policy_change-3274113564698', 'neutron.plugins.ml2.plugin.External_net_db_mixin._process_ext_policy_create-1397108', 'neutron.plugins.ml2.plugin.NeutronDbPluginV2.validate_network_rbac_policy_change-1415468'] for rbac-policy (None), before_create {{(pid=104217) _notify_loop /opt/stack/data/venv/lib/python3.12/site-packages/neutron_lib/callbacks/manager.py:184}}
Apr 15 08:49:05.778021 np0000166424 devstack@neutron-api.service[104217]: DEBUG neutron_lib.callbacks.manager [None req-ed5eb040-5350-4fc0-b1eb-cd3da15e53e6 admin admin] Publish callbacks [] for subnetpool (None), before_response {{(pid=104217) _notify_loop /opt/stack/data/venv/lib/python3.12/site-packages/neutron_lib/callbacks/manager.py:184}}
Apr 15 08:49:05.778813 np0000166424 devstack@neutron-api.service[104217]: [pid: 104217|app: 0|req: 1/3] 199.204.45.209 () {68 vars in 1367 bytes} [Wed Apr 15 08:49:05 2026] POST /networking/v2.0/subnetpools => generated 533 bytes in 511 msecs (HTTP/1.1 201) 4 headers in 162 bytes (1 switches on core 0)
Apr 15 08:49:06.099383 np0000166424 devstack@neutron-api.service[104215]: DEBUG neutron.api.v2.base [None req-6cebade5-e236-47f1-a971-4ef4f2385533 admin admin] Request body: {'subnetpool': {'default_prefixlen': 64, 'is_default': True, 'shared': True, 'prefixes': ['fd1c:e3a2:7b2b::/56'], 'name': 'shared-default-subnetpool-v6'}} {{(pid=104215) prepare_request_body /opt/stack/neutron/neutron/api/v2/base.py:729}}
Apr 15 08:49:06.267109 np0000166424 devstack@neutron-api.service[104215]: DEBUG neutron.policy [None req-6cebade5-e236-47f1-a971-4ef4f2385533 admin admin] Loaded default policies from ['neutron'] under neutron.policies entry points {{(pid=104215) register_rules /opt/stack/neutron/neutron/policy.py:65}}
Apr 15 08:49:06.410031 np0000166424 devstack@neutron-api.service[104215]: DEBUG neutron_lib.callbacks.manager [None req-6cebade5-e236-47f1-a971-4ef4f2385533 admin admin] Publish callbacks ['neutron.objects.securitygroup.RbacNeutronDbObjectMixin.validate_rbac_policy_change-3274113888262', 'neutron.objects.address_group.RbacNeutronDbObjectMixin.validate_rbac_policy_change-3274113717533', 'neutron.objects.network.RbacNeutronDbObjectMixin.validate_rbac_policy_change-3274113585447', 'neutron.objects.qos.policy.RbacNeutronDbObjectMixin.validate_rbac_policy_change-3274113571766', 'neutron.objects.subnetpool.RbacNeutronDbObjectMixin.validate_rbac_policy_change-3274113562513', 'neutron.objects.address_scope.RbacNeutronDbObjectMixin.validate_rbac_policy_change-3274113562310', 'neutron.plugins.ml2.plugin.External_net_db_mixin._process_ext_policy_create-1025610', 'neutron.plugins.ml2.plugin.NeutronDbPluginV2.validate_network_rbac_policy_change-1008638'] for rbac-policy (None), before_create {{(pid=104215) _notify_loop /opt/stack/data/venv/lib/python3.12/site-packages/neutron_lib/callbacks/manager.py:184}}
Apr 15 08:49:06.451203 np0000166424 devstack@neutron-api.service[104215]: DEBUG neutron_lib.callbacks.manager [None req-6cebade5-e236-47f1-a971-4ef4f2385533 admin admin] Publish callbacks [] for subnetpool (None), before_response {{(pid=104215) _notify_loop /opt/stack/data/venv/lib/python3.12/site-packages/neutron_lib/callbacks/manager.py:184}}
Apr 15 08:49:06.451830 np0000166424 devstack@neutron-api.service[104215]: [pid: 104215|app: 0|req: 1/4] 199.204.45.209 () {68 vars in 1367 bytes} [Wed Apr 15 08:49:05 2026] POST /networking/v2.0/subnetpools => generated 543 bytes in 458 msecs (HTTP/1.1 201) 4 headers in 162 bytes (1 switches on core 0)
Apr 15 08:49:06.851350 np0000166424 devstack@neutron-api.service[104214]: DEBUG neutron.api.v2.base [None req-4e020ee0-2bda-4b76-bbef-3c6593f9d8d3 admin admin] Request body: {'network': {'admin_state_up': True, 'name': 'private'}} {{(pid=104214) prepare_request_body /opt/stack/neutron/neutron/api/v2/base.py:729}}
Apr 15 08:49:06.873473 np0000166424 devstack@neutron-api.service[104214]: DEBUG neutron.pecan_wsgi.hooks.quota_enforcement [None req-4e020ee0-2bda-4b76-bbef-3c6593f9d8d3 admin admin] Made reservation on behalf of a895e1090de841f697348cd0722c76c2 for: {'network': 1} {{(pid=104214) before /opt/stack/neutron/neutron/pecan_wsgi/hooks/quota_enforcement.py:66}}
Apr 15 08:49:07.046666 np0000166424 devstack@neutron-api.service[104214]: DEBUG neutron.policy [None req-4e020ee0-2bda-4b76-bbef-3c6593f9d8d3 admin admin] Loaded default policies from ['neutron'] under neutron.policies entry points {{(pid=104214) register_rules /opt/stack/neutron/neutron/policy.py:65}}
Apr 15 08:49:07.147518 np0000166424 devstack@neutron-api.service[104214]: DEBUG neutron_lib.callbacks.manager [None req-4e020ee0-2bda-4b76-bbef-3c6593f9d8d3 admin admin] Publish callbacks ['neutron.plugins.ml2.plugin.SecurityGroupDbMixin._ensure_default_security_group_handler-57455'] for network (None), before_create {{(pid=104214) _notify_loop /opt/stack/data/venv/lib/python3.12/site-packages/neutron_lib/callbacks/manager.py:184}}
Apr 15 08:49:07.167042 np0000166424 devstack@neutron-api.service[104214]: DEBUG neutron_lib.callbacks.manager [None req-4e020ee0-2bda-4b76-bbef-3c6593f9d8d3 admin admin] Publish callbacks [] for security_group (None), before_create {{(pid=104214) _notify_loop /opt/stack/data/venv/lib/python3.12/site-packages/neutron_lib/callbacks/manager.py:184}}
Apr 15 08:49:07.256866 np0000166424 devstack@neutron-api.service[104214]: DEBUG neutron_lib.callbacks.manager [None req-4e020ee0-2bda-4b76-bbef-3c6593f9d8d3 admin admin] Publish callbacks ['neutron.plugins.ml2.drivers.ovn.mech_driver.mech_driver.OVNMechanismDriver._create_security_group_precommit-284629'] for security_group (1907157a-aa45-482b-b5e3-a4d6e72e91fb), precommit_create {{(pid=104214) _notify_loop /opt/stack/data/venv/lib/python3.12/site-packages/neutron_lib/callbacks/manager.py:184}}
Apr 15 08:49:07.257007 np0000166424 devstack@neutron-api.service[104214]: DEBUG neutron.db.ovn_revision_numbers_db [None req-4e020ee0-2bda-4b76-bbef-3c6593f9d8d3 admin admin] create_initial_revision uuid=1907157a-aa45-482b-b5e3-a4d6e72e91fb, type=security_groups, rev=-1 {{(pid=104214) create_initial_revision /opt/stack/neutron/neutron/db/ovn_revision_numbers_db.py:98}}
Apr 15 08:49:07.259293 np0000166424 devstack@neutron-api.service[104214]: DEBUG neutron.db.ovn_revision_numbers_db [None req-4e020ee0-2bda-4b76-bbef-3c6593f9d8d3 admin admin] create_initial_revision uuid=1f17de6d-03ef-4997-bb7b-41162daabc74, type=security_group_rules, rev=-1 {{(pid=104214) create_initial_revision /opt/stack/neutron/neutron/db/ovn_revision_numbers_db.py:98}}
Apr 15 08:49:07.260276 np0000166424 devstack@neutron-api.service[104214]: DEBUG neutron.db.ovn_revision_numbers_db [None req-4e020ee0-2bda-4b76-bbef-3c6593f9d8d3 admin admin] create_initial_revision uuid=6f7f6a4e-c036-473f-98a1-07e75bd7dc1c, type=security_group_rules, rev=-1 {{(pid=104214) create_initial_revision /opt/stack/neutron/neutron/db/ovn_revision_numbers_db.py:98}}
Apr 15 08:49:07.261260 np0000166424 devstack@neutron-api.service[104214]: DEBUG neutron.db.ovn_revision_numbers_db [None req-4e020ee0-2bda-4b76-bbef-3c6593f9d8d3 admin admin] create_initial_revision uuid=9f31d837-2900-4065-8d27-9668b1b3e459, type=security_group_rules, rev=-1 {{(pid=104214) create_initial_revision /opt/stack/neutron/neutron/db/ovn_revision_numbers_db.py:98}}
Apr 15 08:49:07.262272 np0000166424 devstack@neutron-api.service[104214]: DEBUG neutron.db.ovn_revision_numbers_db [None req-4e020ee0-2bda-4b76-bbef-3c6593f9d8d3 admin admin] create_initial_revision uuid=ec784b22-f9fd-4a5e-8d45-05d5238a6674, type=security_group_rules, rev=-1 {{(pid=104214) create_initial_revision /opt/stack/neutron/neutron/db/ovn_revision_numbers_db.py:98}}
Apr 15 08:49:07.270322 np0000166424 devstack@neutron-api.service[104214]: DEBUG neutron_lib.callbacks.manager [None req-4e020ee0-2bda-4b76-bbef-3c6593f9d8d3 admin admin] Publish callbacks ['neutron.plugins.ml2.drivers.ovn.mech_driver.mech_driver.OVNMechanismDriver._create_security_group-284459', 'neutron.plugins.ml2.ovo_rpc._ObjectChangeHandler.handle_event-7146434'] for security_group (1907157a-aa45-482b-b5e3-a4d6e72e91fb), after_create {{(pid=104214) _notify_loop /opt/stack/data/venv/lib/python3.12/site-packages/neutron_lib/callbacks/manager.py:184}}
Apr 15 08:49:07.271642 np0000166424 devstack@neutron-api.service[104214]: DEBUG ovsdbapp.backend.ovs_idl.transaction [-] Running txn n=1 command(idx=0): PgAddCommand(_result=None, name=pg_1907157a_aa45_482b_b5e3_a4d6e72e91fb, may_exist=False, columns={'acls': [], 'external_ids': {'neutron:security_group_id': '1907157a-aa45-482b-b5e3-a4d6e72e91fb'}}) {{(pid=104214) do_commit /opt/stack/data/venv/lib/python3.12/site-packages/ovsdbapp/backend/ovs_idl/transaction.py:89}}
Apr 15 08:49:07.273756 np0000166424 devstack@neutron-api.service[104214]: DEBUG ovsdbapp.backend.ovs_idl.transaction [-] Running txn n=1 command(idx=1): PgAclAddCommand(_result=None, entity=pg_1907157a_aa45_482b_b5e3_a4d6e72e91fb, direction=to-lport, priority=1002, match=outport == @pg_1907157a_aa45_482b_b5e3_a4d6e72e91fb && ip4 && ip4.src == $pg_1907157a_aa45_482b_b5e3_a4d6e72e91fb_ip4, action=allow-related, log=False, may_exist=True, severity=[], name=[], meter=[], external_ids={'neutron:security_group_rule_id': '1f17de6d-03ef-4997-bb7b-41162daabc74'}) {{(pid=104214) do_commit /opt/stack/data/venv/lib/python3.12/site-packages/ovsdbapp/backend/ovs_idl/transaction.py:89}}
Apr 15 08:49:07.274327 np0000166424 devstack@neutron-api.service[104214]: DEBUG ovsdbapp.backend.ovs_idl.transaction [-] Running txn n=1 command(idx=2): PgAclAddCommand(_result=None, entity=pg_1907157a_aa45_482b_b5e3_a4d6e72e91fb, direction=from-lport, priority=1002, match=inport == @pg_1907157a_aa45_482b_b5e3_a4d6e72e91fb && ip4, action=allow-related, log=False, may_exist=True, severity=[], name=[], meter=[], external_ids={'neutron:security_group_rule_id': '6f7f6a4e-c036-473f-98a1-07e75bd7dc1c'}) {{(pid=104214) do_commit /opt/stack/data/venv/lib/python3.12/site-packages/ovsdbapp/backend/ovs_idl/transaction.py:89}}
Apr 15 08:49:07.274920 np0000166424 devstack@neutron-api.service[104214]: DEBUG ovsdbapp.backend.ovs_idl.transaction [-] Running txn n=1 command(idx=3): PgAclAddCommand(_result=None, entity=pg_1907157a_aa45_482b_b5e3_a4d6e72e91fb, direction=from-lport, priority=1002, match=inport == @pg_1907157a_aa45_482b_b5e3_a4d6e72e91fb && ip6, action=allow-related, log=False, may_exist=True, severity=[], name=[], meter=[], external_ids={'neutron:security_group_rule_id': '9f31d837-2900-4065-8d27-9668b1b3e459'}) {{(pid=104214) do_commit /opt/stack/data/venv/lib/python3.12/site-packages/ovsdbapp/backend/ovs_idl/transaction.py:89}}
Apr 15 08:49:07.275207 np0000166424 devstack@neutron-api.service[104214]: DEBUG ovsdbapp.backend.ovs_idl.transaction [-] Running txn n=1 command(idx=4): PgAclAddCommand(_result=None, entity=pg_1907157a_aa45_482b_b5e3_a4d6e72e91fb, direction=to-lport, priority=1002, match=outport == @pg_1907157a_aa45_482b_b5e3_a4d6e72e91fb && ip6 && ip6.src == $pg_1907157a_aa45_482b_b5e3_a4d6e72e91fb_ip6, action=allow-related, log=False, may_exist=True, severity=[], name=[], meter=[], external_ids={'neutron:security_group_rule_id': 'ec784b22-f9fd-4a5e-8d45-05d5238a6674'}) {{(pid=104214) do_commit /opt/stack/data/venv/lib/python3.12/site-packages/ovsdbapp/backend/ovs_idl/transaction.py:89}}
Apr 15 08:49:07.283026 np0000166424 devstack@neutron-api.service[104214]: DEBUG neutron.plugins.ml2.drivers.ovn.mech_driver.ovsdb.ovsdb_monitor [-] Hash Ring: Node 071cbcc23ca95ceca883a2a967c8beb3 (host: np0000166424) handling event "create" for row 06b70f42-55de-4bd9-af37-482547dddfb3 (table: ACL) {{(pid=104214) notify /opt/stack/neutron/neutron/plugins/ml2/drivers/ovn/mech_driver/ovsdb/ovsdb_monitor.py:914}}
Apr 15 08:49:07.283266 np0000166424 devstack@neutron-api.service[104216]: DEBUG neutron.plugins.ml2.drivers.ovn.mech_driver.ovsdb.ovsdb_monitor [-] Hash Ring: Node 7781743ac2ef5d74bcb38b8b480a51e6 (host: np0000166424) handling event "create" for row 06b70f42-55de-4bd9-af37-482547dddfb3 (table: ACL) {{(pid=104216) notify /opt/stack/neutron/neutron/plugins/ml2/drivers/ovn/mech_driver/ovsdb/ovsdb_monitor.py:914}}
Apr 15 08:49:07.283584 np0000166424 devstack@neutron-api.service[104214]: DEBUG neutron.plugins.ml2.drivers.ovn.mech_driver.ovsdb.ovsdb_monitor [-] Hash Ring: Node 071cbcc23ca95ceca883a2a967c8beb3 (host: np0000166424) handling event "create" for row 6045b546-255c-4db9-9bce-136a5bad2564 (table: ACL) {{(pid=104214) notify /opt/stack/neutron/neutron/plugins/ml2/drivers/ovn/mech_driver/ovsdb/ovsdb_monitor.py:914}}
Apr 15 08:49:07.283634 np0000166424 devstack@neutron-api.service[104216]: DEBUG neutron.plugins.ml2.drivers.ovn.mech_driver.ovsdb.ovsdb_monitor [-] Hash Ring: Node 7781743ac2ef5d74bcb38b8b480a51e6 (host: np0000166424) handling event "create" for row 6045b546-255c-4db9-9bce-136a5bad2564 (table: ACL) {{(pid=104216) notify /opt/stack/neutron/neutron/plugins/ml2/drivers/ovn/mech_driver/ovsdb/ovsdb_monitor.py:914}}
Apr 15 08:49:07.283796 np0000166424 devstack@neutron-api.service[104216]: DEBUG neutron.plugins.ml2.drivers.ovn.mech_driver.ovsdb.ovsdb_monitor [-] Hash Ring: Node 7781743ac2ef5d74bcb38b8b480a51e6 (host: np0000166424) handling event "create" for row d85bfa8d-1cc5-4bdc-b3c9-3ceddca54357 (table: ACL) {{(pid=104216) notify /opt/stack/neutron/neutron/plugins/ml2/drivers/ovn/mech_driver/ovsdb/ovsdb_monitor.py:914}}
Apr 15 08:49:07.284021 np0000166424 devstack@neutron-api.service[104216]: DEBUG neutron.plugins.ml2.drivers.ovn.mech_driver.ovsdb.ovsdb_monitor [-] Hash Ring: Node 7781743ac2ef5d74bcb38b8b480a51e6 (host: np0000166424) handling event "create" for row fca33506-15c7-4cd1-b736-445ddffa300f (table: ACL) {{(pid=104216) notify /opt/stack/neutron/neutron/plugins/ml2/drivers/ovn/mech_driver/ovsdb/ovsdb_monitor.py:914}}
Apr 15 08:49:07.284255 np0000166424 devstack@neutron-api.service[104216]: DEBUG neutron.plugins.ml2.drivers.ovn.mech_driver.ovsdb.ovsdb_monitor [-] Hash Ring: Node 7781743ac2ef5d74bcb38b8b480a51e6 (host: np0000166424) handling event "create" for row 32ed4e87-b07e-4741-afa6-dc9fd36408f2 (table: Port_Group) {{(pid=104216) notify /opt/stack/neutron/neutron/plugins/ml2/drivers/ovn/mech_driver/ovsdb/ovsdb_monitor.py:914}}
Apr 15 08:49:07.313735 np0000166424 devstack@neutron-api.service[104214]: INFO neutron.db.ovn_revision_numbers_db [None req-4e020ee0-2bda-4b76-bbef-3c6593f9d8d3 admin admin] Successfully bumped revision number for resource 1907157a-aa45-482b-b5e3-a4d6e72e91fb (type: security_groups) to 1
Apr 15 08:49:07.334228 np0000166424 devstack@neutron-api.service[104214]: INFO neutron.db.ovn_revision_numbers_db [None req-4e020ee0-2bda-4b76-bbef-3c6593f9d8d3 admin admin] Successfully bumped revision number for resource 1f17de6d-03ef-4997-bb7b-41162daabc74 (type: security_group_rules) to 0
Apr 15 08:49:07.349971 np0000166424 devstack@neutron-api.service[104214]: INFO neutron.db.ovn_revision_numbers_db [None req-4e020ee0-2bda-4b76-bbef-3c6593f9d8d3 admin admin] Successfully bumped revision number for resource 6f7f6a4e-c036-473f-98a1-07e75bd7dc1c (type: security_group_rules) to 0
Apr 15 08:49:07.362673 np0000166424 devstack@neutron-api.service[104214]: INFO neutron.db.ovn_revision_numbers_db [None req-4e020ee0-2bda-4b76-bbef-3c6593f9d8d3 admin admin] Successfully bumped revision number for resource 9f31d837-2900-4065-8d27-9668b1b3e459 (type: security_group_rules) to 0
Apr 15 08:49:07.375451 np0000166424 devstack@neutron-api.service[104214]: INFO neutron.db.ovn_revision_numbers_db [None req-4e020ee0-2bda-4b76-bbef-3c6593f9d8d3 admin admin] Successfully bumped revision number for resource ec784b22-f9fd-4a5e-8d45-05d5238a6674 (type: security_group_rules) to 0
Apr 15 08:49:07.400237 np0000166424 devstack@neutron-api.service[104214]: DEBUG neutron.api.rpc.handlers.resources_rpc [None req-4e020ee0-2bda-4b76-bbef-3c6593f9d8d3 admin admin] Pushing event updated for resources: {'SecurityGroup': ['ID=1907157a-aa45-482b-b5e3-a4d6e72e91fb,revision_number=1']} {{(pid=104214) push /opt/stack/neutron/neutron/api/rpc/handlers/resources_rpc.py:237}}
Apr 15 08:49:07.408056 np0000166424 devstack@neutron-api.service[104214]: DEBUG ovsdbapp.backend.ovs_idl.transaction [-] Running txn n=1 command(idx=0): CheckLivenessCommand(_result=None) {{(pid=104214) do_commit /opt/stack/data/venv/lib/python3.12/site-packages/ovsdbapp/backend/ovs_idl/transaction.py:89}}
Apr 15 08:49:07.411986 np0000166424 devstack@neutron-api.service[104216]: DEBUG neutron.plugins.ml2.drivers.ovn.mech_driver.ovsdb.ovsdb_monitor [-] Hash Ring: Node 7781743ac2ef5d74bcb38b8b480a51e6 (host: np0000166424) handling event "update" for row 980b5ee4-6aa7-47eb-aa93-7d41526e3409 (table: NB_Global) {{(pid=104216) notify /opt/stack/neutron/neutron/plugins/ml2/drivers/ovn/mech_driver/ovsdb/ovsdb_monitor.py:914}}
Apr 15 08:49:07.413607 np0000166424 devstack@neutron-api.service[104216]: DEBUG neutron.plugins.ml2.drivers.ovn.mech_driver.ovsdb.ovsdb_monitor [-] Hash Ring: Node 7781743ac2ef5d74bcb38b8b480a51e6 (host: np0000166424) handling event "update" for row 980b5ee4-6aa7-47eb-aa93-7d41526e3409 (table: NB_Global) {{(pid=104216) notify /opt/stack/neutron/neutron/plugins/ml2/drivers/ovn/mech_driver/ovsdb/ovsdb_monitor.py:914}}
Apr 15 08:49:07.417093 np0000166424 devstack@neutron-api.service[104214]: DEBUG neutron.api.rpc.callbacks.version_manager [None req-4e020ee0-2bda-4b76-bbef-3c6593f9d8d3 admin admin] Tracked resource versions report:
Apr 15 08:49:07.417093 np0000166424 devstack@neutron-api.service[104214]: pushed versions:
Apr 15 08:49:07.417093 np0000166424 devstack@neutron-api.service[104214]: { 'AddressGroup': {'1.2'},
Apr 15 08:49:07.417093 np0000166424 devstack@neutron-api.service[104214]: 'Agent': {'1.1'},
Apr 15 08:49:07.417093 np0000166424 devstack@neutron-api.service[104214]: 'ConntrackHelper': {'1.0'},
Apr 15 08:49:07.417093 np0000166424 devstack@neutron-api.service[104214]: 'LocalIPAssociation': {'1.0'},
Apr 15 08:49:07.417093 np0000166424 devstack@neutron-api.service[104214]: 'Log': {'1.0'},
Apr 15 08:49:07.417093 np0000166424 devstack@neutron-api.service[104214]: 'NDPProxy': {'1.0'},
Apr 15 08:49:07.417093 np0000166424 devstack@neutron-api.service[104214]: 'Network': {'1.2'},
Apr 15 08:49:07.417093 np0000166424 devstack@neutron-api.service[104214]: 'Port': {'1.10'},
Apr 15 08:49:07.417093 np0000166424 devstack@neutron-api.service[104214]: 'PortForwarding': {'1.3'},
Apr 15 08:49:07.417093 np0000166424 devstack@neutron-api.service[104214]: 'QosPolicy': {'1.10'},
Apr 15 08:49:07.417093 np0000166424 devstack@neutron-api.service[104214]: 'SecurityGroup': {'1.6'},
Apr 15 08:49:07.417093 np0000166424 devstack@neutron-api.service[104214]: 'SecurityGroupRule': {'1.3'},
Apr 15 08:49:07.417093 np0000166424 devstack@neutron-api.service[104214]: 'SubPort': {'1.0'},
Apr 15 08:49:07.417093 np0000166424 devstack@neutron-api.service[104214]: 'Subnet': {'1.2'},
Apr 15 08:49:07.417093 np0000166424 devstack@neutron-api.service[104214]: 'Trunk': {'1.1'}}
Apr 15 08:49:07.417093 np0000166424 devstack@neutron-api.service[104214]: consumer versions:
Apr 15 08:49:07.417093 np0000166424 devstack@neutron-api.service[104214]: {}
Apr 15 08:49:07.417093 np0000166424 devstack@neutron-api.service[104214]: {{(pid=104214) report /opt/stack/neutron/neutron/api/rpc/callbacks/version_manager.py:183}}
Apr 15 08:49:07.418968 np0000166424 devstack@neutron-api.service[104216]: DEBUG neutron.plugins.ml2.drivers.ovn.mech_driver.ovsdb.ovsdb_monitor [-] ChassisAgentWriteEvent : Matched Chassis_Private, update, None None {{(pid=104216) matches /opt/stack/neutron/neutron/plugins/ml2/drivers/ovn/mech_driver/ovsdb/ovsdb_monitor.py:64}}
Apr 15 08:49:07.419169 np0000166424 devstack@neutron-api.service[104217]: DEBUG neutron.plugins.ml2.drivers.ovn.mech_driver.ovsdb.ovsdb_monitor [-] ChassisAgentWriteEvent : Matched Chassis_Private, update, None None {{(pid=104217) matches /opt/stack/neutron/neutron/plugins/ml2/drivers/ovn/mech_driver/ovsdb/ovsdb_monitor.py:64}}
Apr 15 08:49:07.419761 np0000166424 devstack@neutron-api.service[104216]: DEBUG neutron.plugins.ml2.drivers.ovn.mech_driver.ovsdb.ovsdb_monitor [-] Hash Ring: Node 7781743ac2ef5d74bcb38b8b480a51e6 (host: np0000166424) handling event "update" for row 980b5ee4-6aa7-47eb-aa93-7d41526e3409 (table: NB_Global) {{(pid=104216) notify /opt/stack/neutron/neutron/plugins/ml2/drivers/ovn/mech_driver/ovsdb/ovsdb_monitor.py:914}}
Apr 15 08:49:07.419913 np0000166424 devstack@neutron-api.service[104215]: DEBUG neutron.plugins.ml2.drivers.ovn.mech_driver.ovsdb.ovsdb_monitor [-] ChassisAgentWriteEvent : Matched Chassis_Private, update, None None {{(pid=104215) matches /opt/stack/neutron/neutron/plugins/ml2/drivers/ovn/mech_driver/ovsdb/ovsdb_monitor.py:64}}
Apr 15 08:49:07.420430 np0000166424 devstack@neutron-api.service[104214]: DEBUG neutron.plugins.ml2.drivers.ovn.mech_driver.ovsdb.ovsdb_monitor [-] ChassisAgentWriteEvent : Matched Chassis_Private, update, None None {{(pid=104214) matches /opt/stack/neutron/neutron/plugins/ml2/drivers/ovn/mech_driver/ovsdb/ovsdb_monitor.py:64}}
Apr 15 08:49:07.420696 np0000166424 devstack@neutron-api.service[104216]: DEBUG neutron.plugins.ml2.drivers.ovn.mech_driver.ovsdb.ovsdb_monitor [-] Hash Ring: Node 7781743ac2ef5d74bcb38b8b480a51e6 (host: np0000166424) handling event "update" for row 980b5ee4-6aa7-47eb-aa93-7d41526e3409 (table: NB_Global) {{(pid=104216) notify /opt/stack/neutron/neutron/plugins/ml2/drivers/ovn/mech_driver/ovsdb/ovsdb_monitor.py:914}}
Apr 15 08:49:07.420863 np0000166424 devstack@neutron-api.service[104217]: DEBUG neutron.plugins.ml2.drivers.ovn.mech_driver.ovsdb.ovsdb_monitor [-] ChassisOVNAgentWriteEvent : Matched Chassis_Private, update, None None {{(pid=104217) matches /opt/stack/neutron/neutron/plugins/ml2/drivers/ovn/mech_driver/ovsdb/ovsdb_monitor.py:64}}
Apr 15 08:49:07.421689 np0000166424 devstack@neutron-api.service[104216]: DEBUG neutron.common.ovn.hash_ring_manager [-] Allow caching, nodes 4>=4 {{(pid=104216) _wait_startup_before_caching /opt/stack/neutron/neutron/common/ovn/hash_ring_manager.py:65}}
Apr 15 08:49:07.421975 np0000166424 devstack@neutron-api.service[104216]: DEBUG neutron.plugins.ml2.drivers.ovn.mech_driver.ovsdb.ovsdb_monitor [-] Hash Ring: Node 7781743ac2ef5d74bcb38b8b480a51e6 (host: np0000166424) handling event "update" for row 0723241f-6f28-40b5-942d-3b0bb1025966 (table: Chassis_Private) {{(pid=104216) notify /opt/stack/neutron/neutron/plugins/ml2/drivers/ovn/mech_driver/ovsdb/ovsdb_monitor.py:914}}
Apr 15 08:49:07.422129 np0000166424 devstack@neutron-api.service[104215]: DEBUG neutron.plugins.ml2.drivers.ovn.mech_driver.ovsdb.ovsdb_monitor [-] ChassisOVNAgentWriteEvent : Matched Chassis_Private, update, None None {{(pid=104215) matches /opt/stack/neutron/neutron/plugins/ml2/drivers/ovn/mech_driver/ovsdb/ovsdb_monitor.py:64}}
Apr 15 08:49:07.422458 np0000166424 devstack@neutron-api.service[104214]: DEBUG neutron.plugins.ml2.drivers.ovn.mech_driver.ovsdb.ovsdb_monitor [-] ChassisOVNAgentWriteEvent : Matched Chassis_Private, update, None None {{(pid=104214) matches /opt/stack/neutron/neutron/plugins/ml2/drivers/ovn/mech_driver/ovsdb/ovsdb_monitor.py:64}}
Apr 15 08:49:07.423271 np0000166424 devstack@neutron-api.service[104216]: DEBUG neutron.plugins.ml2.drivers.ovn.mech_driver.ovsdb.ovsdb_monitor [-] ChassisOVNAgentWriteEvent : Matched Chassis_Private, update, None None {{(pid=104216) matches /opt/stack/neutron/neutron/plugins/ml2/drivers/ovn/mech_driver/ovsdb/ovsdb_monitor.py:64}}
Apr 15 08:49:07.423712 np0000166424 devstack@neutron-api.service[104216]: DEBUG neutron.plugins.ml2.drivers.ovn.mech_driver.ovsdb.ovsdb_monitor [-] Hash Ring: Node 7781743ac2ef5d74bcb38b8b480a51e6 (host: np0000166424) handling event "update" for row 0723241f-6f28-40b5-942d-3b0bb1025966 (table: Chassis_Private) {{(pid=104216) notify /opt/stack/neutron/neutron/plugins/ml2/drivers/ovn/mech_driver/ovsdb/ovsdb_monitor.py:914}}
Apr 15 08:49:07.472946 np0000166424 devstack@neutron-api.service[104214]: DEBUG neutron.plugins.ml2.drivers.helpers [None req-4e020ee0-2bda-4b76-bbef-3c6593f9d8d3 admin admin] geneve segment allocate from pool success with {'geneve_vni': 11653} {{(pid=104214) allocate_partially_specified_segment /opt/stack/neutron/neutron/plugins/ml2/drivers/helpers.py:142}}
Apr 15 08:49:07.484420 np0000166424 devstack@neutron-api.service[104214]: DEBUG neutron_lib.callbacks.manager [None req-4e020ee0-2bda-4b76-bbef-3c6593f9d8d3 admin admin] Publish callbacks ['neutron.services.segments.db._add_segment_host_mapping_for_segment-8288737967568', 'neutron.plugins.ml2.plugin.Ml2Plugin._handle_segment_change-825217'] for segment (8842d633-0cbe-4df5-aab7-847075cb0664), precommit_create {{(pid=104214) _notify_loop /opt/stack/data/venv/lib/python3.12/site-packages/neutron_lib/callbacks/manager.py:184}}
Apr 15 08:49:07.484586 np0000166424 devstack@neutron-api.service[104214]: INFO neutron.db.segments_db [None req-4e020ee0-2bda-4b76-bbef-3c6593f9d8d3 admin admin] Added segment 8842d633-0cbe-4df5-aab7-847075cb0664 of type geneve for network 607e7efb-2ec2-42ea-beae-ed67286563d8
Apr 15 08:49:07.529565 np0000166424 devstack@neutron-api.service[104214]: DEBUG neutron_lib.callbacks.manager [None req-4e020ee0-2bda-4b76-bbef-3c6593f9d8d3 admin admin] Publish callbacks ['neutron.services.auto_allocate.db._ensure_external_network_default_value_callback-8288735982606'] for network (607e7efb-2ec2-42ea-beae-ed67286563d8), precommit_create {{(pid=104214) _notify_loop /opt/stack/data/venv/lib/python3.12/site-packages/neutron_lib/callbacks/manager.py:184}}
Apr 15 08:49:07.545676 np0000166424 devstack@neutron-api.service[104214]: DEBUG neutron.plugins.ml2.drivers.ovn.mech_driver.mech_driver [None req-4e020ee0-2bda-4b76-bbef-3c6593f9d8d3 admin admin] Validating network segment with type geneve, segmentation ID 11653, physical network None {{(pid=104214) _validate_network_segments /opt/stack/neutron/neutron/plugins/ml2/drivers/ovn/mech_driver/mech_driver.py:641}}
Apr 15 08:49:07.545869 np0000166424 devstack@neutron-api.service[104214]: DEBUG neutron.db.ovn_revision_numbers_db [None req-4e020ee0-2bda-4b76-bbef-3c6593f9d8d3 admin admin] create_initial_revision uuid=607e7efb-2ec2-42ea-beae-ed67286563d8, type=networks, rev=-1 {{(pid=104214) create_initial_revision /opt/stack/neutron/neutron/db/ovn_revision_numbers_db.py:98}}
Apr 15 08:49:07.560622 np0000166424 devstack@neutron-api.service[104214]: DEBUG neutron_lib.callbacks.manager [None req-4e020ee0-2bda-4b76-bbef-3c6593f9d8d3 admin admin] Publish callbacks ['neutron.plugins.ml2.ovo_rpc._ObjectChangeHandler.handle_event-7146433'] for network (607e7efb-2ec2-42ea-beae-ed67286563d8), after_create {{(pid=104214) _notify_loop /opt/stack/data/venv/lib/python3.12/site-packages/neutron_lib/callbacks/manager.py:184}}
Apr 15 08:49:07.603275 np0000166424 devstack@neutron-api.service[104214]: DEBUG neutron.api.rpc.handlers.resources_rpc [None req-4e020ee0-2bda-4b76-bbef-3c6593f9d8d3 admin admin] Pushing event updated for resources: {'Network': ['ID=607e7efb-2ec2-42ea-beae-ed67286563d8,revision_number=1']} {{(pid=104214) push /opt/stack/neutron/neutron/api/rpc/handlers/resources_rpc.py:237}}
Apr 15 08:49:07.611390 np0000166424 devstack@neutron-api.service[104214]: DEBUG ovsdbapp.backend.ovs_idl.transaction [-] Running txn n=1 command(idx=0): AddNetworkCommand(_result=None, network_uuid=607e7efb-2ec2-42ea-beae-ed67286563d8, may_exist=True, columns={'external_ids': {'neutron:network_name': 'private', 'neutron:mtu': '1372', 'neutron:revision_number': '1', 'neutron:availability_zone_hints': '', 'neutron:provnet-network-type': 'geneve'}, 'other_config': {'mcast_snoop': 'false', 'mcast_flood_unregistered': 'false', 'vlan-passthru': 'false'}}) {{(pid=104214) do_commit /opt/stack/data/venv/lib/python3.12/site-packages/ovsdbapp/backend/ovs_idl/transaction.py:89}}
Apr 15 08:49:07.612062 np0000166424 devstack@neutron-api.service[104214]: DEBUG neutron.common.ovn.utils [-] OVS persist_uuid supported=True {{(pid=104214) ovs_persist_uuid_supported /opt/stack/neutron/neutron/common/ovn/utils.py:1537}}
Apr 15 08:49:07.616526 np0000166424 devstack@neutron-api.service[104216]: DEBUG neutron.plugins.ml2.drivers.ovn.mech_driver.ovsdb.ovsdb_monitor [-] Hash Ring: Node 7781743ac2ef5d74bcb38b8b480a51e6 (host: np0000166424) handling event "create" for row 607e7efb-2ec2-42ea-beae-ed67286563d8 (table: Logical_Switch) {{(pid=104216) notify /opt/stack/neutron/neutron/plugins/ml2/drivers/ovn/mech_driver/ovsdb/ovsdb_monitor.py:914}}
Apr 15 08:49:07.622979 np0000166424 devstack@neutron-api.service[104216]: DEBUG neutron.plugins.ml2.drivers.ovn.mech_driver.ovsdb.ovsdb_monitor [-] Hash Ring: Node 7781743ac2ef5d74bcb38b8b480a51e6 (host: np0000166424) handling event "create" for row 61584b6a-5f06-41cb-871a-6a4145e350fd (table: Datapath_Binding) {{(pid=104216) notify /opt/stack/neutron/neutron/plugins/ml2/drivers/ovn/mech_driver/ovsdb/ovsdb_monitor.py:914}}
Apr 15 08:49:07.623834 np0000166424 devstack@neutron-api.service[104217]: DEBUG neutron.plugins.ml2.drivers.ovn.mech_driver.ovsdb.ovsdb_monitor [-] Hash Ring: Node a493d2ad92015337a2d8594ce474ea92 (host: np0000166424) handling event "create" for row 61584b6a-5f06-41cb-871a-6a4145e350fd (table: Datapath_Binding) {{(pid=104217) notify /opt/stack/neutron/neutron/plugins/ml2/drivers/ovn/mech_driver/ovsdb/ovsdb_monitor.py:914}}
Apr 15 08:49:07.658583 np0000166424 devstack@neutron-api.service[104214]: INFO neutron.db.ovn_revision_numbers_db [None req-4e020ee0-2bda-4b76-bbef-3c6593f9d8d3 admin admin] Successfully bumped revision number for resource 607e7efb-2ec2-42ea-beae-ed67286563d8 (type: networks) to 1
Apr 15 08:49:07.718181 np0000166424 devstack@neutron-api.service[104214]: DEBUG neutron_lib.callbacks.manager [None req-4e020ee0-2bda-4b76-bbef-3c6593f9d8d3 admin admin] Publish callbacks ['neutron.plugins.ml2.plugin.SecurityGroupDbMixin._ensure_default_security_group_handler-57455'] for port (None), before_create {{(pid=104214) _notify_loop /opt/stack/data/venv/lib/python3.12/site-packages/neutron_lib/callbacks/manager.py:184}}
Apr 15 08:49:07.971975 np0000166424 devstack@neutron-api.service[104214]: DEBUG neutron_lib.callbacks.manager [None req-4e020ee0-2bda-4b76-bbef-3c6593f9d8d3 admin admin] Publish callbacks ['neutron.plugins.ml2.drivers.ovn.mech_driver.mech_driver.OVNMechanismDriver._validate_allowed_address_pairs-284509'] for allowed_address_pair (cd5bf712-4c8e-4af6-a9fd-39d5b8b23377), before_create {{(pid=104214) _notify_loop /opt/stack/data/venv/lib/python3.12/site-packages/neutron_lib/callbacks/manager.py:184}}
