Apr 15 08:49:29.230083 np0000166424 systemd[1]: Starting devstack@n-api-meta.service - Devstack devstack@n-api-meta.service...
Apr 15 08:49:29.239086 np0000166424 devstack@n-api-meta.service[109361]: [uWSGI] getting INI configuration from /etc/nova/nova-metadata-uwsgi.ini
Apr 15 08:49:29.239086 np0000166424 devstack@n-api-meta.service[109361]: open("./http_plugin.so"): No such file or directory [core/utils.c line 3709]
Apr 15 08:49:29.239086 np0000166424 devstack@n-api-meta.service[109361]: !!! UNABLE to load uWSGI plugin: ./http_plugin.so: cannot open shared object file: No such file or directory !!!
Apr 15 08:49:29.239086 np0000166424 devstack@n-api-meta.service[109361]: open("./python3_plugin.so"): No such file or directory [core/utils.c line 3709]
Apr 15 08:49:29.239086 np0000166424 devstack@n-api-meta.service[109361]: !!! UNABLE to load uWSGI plugin: ./python3_plugin.so: cannot open shared object file: No such file or directory !!!
Apr 15 08:49:29.239876 np0000166424 devstack@n-api-meta.service[109361]: *** Starting uWSGI 2.0.31 (64bit) on [Wed Apr 15 08:49:29 2026] ***
Apr 15 08:49:29.239876 np0000166424 devstack@n-api-meta.service[109361]: compiled with version: 13.3.0 on 15 April 2026 08:39:12
Apr 15 08:49:29.239876 np0000166424 devstack@n-api-meta.service[109361]: os: Linux-6.8.0-107-generic #107-Ubuntu SMP PREEMPT_DYNAMIC Fri Mar 13 19:51:50 UTC 2026
Apr 15 08:49:29.239876 np0000166424 devstack@n-api-meta.service[109361]: nodename: np0000166424
Apr 15 08:49:29.239876 np0000166424 devstack@n-api-meta.service[109361]: machine: x86_64
Apr 15 08:49:29.239876 np0000166424 devstack@n-api-meta.service[109361]: clock source: unix
Apr 15 08:49:29.239876 np0000166424 devstack@n-api-meta.service[109361]: pcre jit disabled
Apr 15 08:49:29.239876 np0000166424 devstack@n-api-meta.service[109361]: detected number of CPU cores: 16
Apr 15 08:49:29.239876 np0000166424 devstack@n-api-meta.service[109361]: current working directory: /
Apr 15 08:49:29.239876 np0000166424 devstack@n-api-meta.service[109361]: detected binary path: /opt/stack/data/venv/bin/uwsgi
Apr 15 08:49:29.239876 np0000166424 devstack@n-api-meta.service[109361]: your processes number limit is 256917
Apr 15 08:49:29.239876 np0000166424 devstack@n-api-meta.service[109361]: your memory page size is 4096 bytes
Apr 15 08:49:29.239876 np0000166424 devstack@n-api-meta.service[109361]: detected max file descriptor number: 2048
Apr 15 08:49:29.239876 np0000166424 devstack@n-api-meta.service[109361]: lock engine: pthread robust mutexes
Apr 15 08:49:29.239876 np0000166424 devstack@n-api-meta.service[109361]: thunder lock: enabled
Apr 15 08:49:29.239876 np0000166424 devstack@n-api-meta.service[109361]: uWSGI http bound on 0.0.0.0:8775 fd 5
Apr 15 08:49:29.240680 np0000166424 devstack@n-api-meta.service[109361]: uwsgi socket 0 bound to TCP address 127.0.0.1:45751 (port auto-assigned) fd 4
Apr 15 08:49:29.240680 np0000166424 devstack@n-api-meta.service[109361]: Python version: 3.12.3 (main, Mar 3 2026, 12:15:18) [GCC 13.3.0]
Apr 15 08:49:29.240680 np0000166424 devstack@n-api-meta.service[109361]: PEP 405 virtualenv detected: /opt/stack/data/venv
Apr 15 08:49:29.240680 np0000166424 devstack@n-api-meta.service[109361]: Set PythonHome to /opt/stack/data/venv
Apr 15 08:49:29.279962 np0000166424 devstack@n-api-meta.service[109361]: Python main interpreter initialized at 0x7e8e3c8a3668
Apr 15 08:49:29.279962 np0000166424 devstack@n-api-meta.service[109361]: python threads support enabled
Apr 15 08:49:29.279962 np0000166424 devstack@n-api-meta.service[109361]: your server socket listen backlog is limited to 100 connections
Apr 15 08:49:29.279962 np0000166424 devstack@n-api-meta.service[109361]: your mercy for graceful operations on workers is 80 seconds
Apr 15 08:49:29.280443 np0000166424 devstack@n-api-meta.service[109361]: mapped 671795 bytes (656 KB) for 4 cores
Apr 15 08:49:29.280580 np0000166424 devstack@n-api-meta.service[109361]: *** Operational MODE: preforking ***
Apr 15 08:49:29.280817 np0000166424 devstack@n-api-meta.service[109361]: *** uWSGI is running in multiple interpreter mode ***
Apr 15 08:49:29.280817 np0000166424 devstack@n-api-meta.service[109361]: spawned uWSGI master process (pid: 109361)
Apr 15 08:49:29.280966 np0000166424 systemd[1]: Started devstack@n-api-meta.service - Devstack devstack@n-api-meta.service.
Apr 15 08:49:29.281450 np0000166424 devstack@n-api-meta.service[109361]: spawned uWSGI worker 1 (pid: 109364, cores: 1)
Apr 15 08:49:29.283232 np0000166424 devstack@n-api-meta.service[109361]: spawned uWSGI worker 2 (pid: 109365, cores: 1)
Apr 15 08:49:29.283232 np0000166424 devstack@n-api-meta.service[109361]: spawned uWSGI worker 3 (pid: 109366, cores: 1)
Apr 15 08:49:29.283232 np0000166424 devstack@n-api-meta.service[109361]: spawned uWSGI worker 4 (pid: 109367, cores: 1)
Apr 15 08:49:29.283536 np0000166424 devstack@n-api-meta.service[109361]: spawned uWSGI http 1 (pid: 109368)
Apr 15 08:49:29.283536 np0000166424 devstack@n-api-meta.service[109361]: running "unix_signal:15 gracefully_kill_them_all" (master-start)...
Apr 15 08:49:29.594147 np0000166424 devstack@n-api-meta.service[109367]: /opt/stack/data/venv/lib/python3.12/site-packages/oslo_concurrency/lockutils.py:41: EventletDeprecationWarning:
Apr 15 08:49:29.594147 np0000166424 devstack@n-api-meta.service[109367]: Eventlet is deprecated. It is currently being maintained in bugfix mode, and
Apr 15 08:49:29.594147 np0000166424 devstack@n-api-meta.service[109367]: we strongly recommend against using it for new projects.
Apr 15 08:49:29.594147 np0000166424 devstack@n-api-meta.service[109367]: If you are already using Eventlet, we recommend migrating to a different
Apr 15 08:49:29.594147 np0000166424 devstack@n-api-meta.service[109367]: framework. For more detail see
Apr 15 08:49:29.594147 np0000166424 devstack@n-api-meta.service[109367]: https://eventlet.readthedocs.io/en/latest/asyncio/migration.html
Apr 15 08:49:29.594147 np0000166424 devstack@n-api-meta.service[109367]: import eventlet
Apr 15 08:49:29.606955 np0000166424 devstack@n-api-meta.service[109366]: /opt/stack/data/venv/lib/python3.12/site-packages/oslo_concurrency/lockutils.py:41: EventletDeprecationWarning:
Apr 15 08:49:29.606955 np0000166424 devstack@n-api-meta.service[109366]: Eventlet is deprecated. It is currently being maintained in bugfix mode, and
Apr 15 08:49:29.606955 np0000166424 devstack@n-api-meta.service[109366]: we strongly recommend against using it for new projects.
Apr 15 08:49:29.606955 np0000166424 devstack@n-api-meta.service[109366]: If you are already using Eventlet, we recommend migrating to a different
Apr 15 08:49:29.606955 np0000166424 devstack@n-api-meta.service[109366]: framework. For more detail see
Apr 15 08:49:29.606955 np0000166424 devstack@n-api-meta.service[109366]: https://eventlet.readthedocs.io/en/latest/asyncio/migration.html
Apr 15 08:49:29.606955 np0000166424 devstack@n-api-meta.service[109366]: import eventlet
Apr 15 08:49:29.610871 np0000166424 devstack@n-api-meta.service[109364]: /opt/stack/data/venv/lib/python3.12/site-packages/oslo_concurrency/lockutils.py:41: EventletDeprecationWarning:
Apr 15 08:49:29.610871 np0000166424 devstack@n-api-meta.service[109364]: Eventlet is deprecated. It is currently being maintained in bugfix mode, and
Apr 15 08:49:29.610871 np0000166424 devstack@n-api-meta.service[109364]: we strongly recommend against using it for new projects.
Apr 15 08:49:29.610871 np0000166424 devstack@n-api-meta.service[109364]: If you are already using Eventlet, we recommend migrating to a different
Apr 15 08:49:29.610871 np0000166424 devstack@n-api-meta.service[109364]: framework. For more detail see
Apr 15 08:49:29.610871 np0000166424 devstack@n-api-meta.service[109364]: https://eventlet.readthedocs.io/en/latest/asyncio/migration.html
Apr 15 08:49:29.610871 np0000166424 devstack@n-api-meta.service[109364]: import eventlet
Apr 15 08:49:29.615141 np0000166424 devstack@n-api-meta.service[109365]: /opt/stack/data/venv/lib/python3.12/site-packages/oslo_concurrency/lockutils.py:41: EventletDeprecationWarning:
Apr 15 08:49:29.615141 np0000166424 devstack@n-api-meta.service[109365]: Eventlet is deprecated. It is currently being maintained in bugfix mode, and
Apr 15 08:49:29.615141 np0000166424 devstack@n-api-meta.service[109365]: we strongly recommend against using it for new projects.
Apr 15 08:49:29.615141 np0000166424 devstack@n-api-meta.service[109365]: If you are already using Eventlet, we recommend migrating to a different
Apr 15 08:49:29.615141 np0000166424 devstack@n-api-meta.service[109365]: framework. For more detail see
Apr 15 08:49:29.615141 np0000166424 devstack@n-api-meta.service[109365]: https://eventlet.readthedocs.io/en/latest/asyncio/migration.html
Apr 15 08:49:29.615141 np0000166424 devstack@n-api-meta.service[109365]: import eventlet
Apr 15 08:49:29.639674 np0000166424 devstack@n-api-meta.service[109367]: Service is starting with native threading. This is currently experimental. Do not use it in production without first testing it in pre-production.
Apr 15 08:49:29.654033 np0000166424 devstack@n-api-meta.service[109366]: Service is starting with native threading. This is currently experimental. Do not use it in production without first testing it in pre-production.
Apr 15 08:49:29.656899 np0000166424 devstack@n-api-meta.service[109364]: Service is starting with native threading. This is currently experimental. Do not use it in production without first testing it in pre-production.
Apr 15 08:49:29.660099 np0000166424 devstack@n-api-meta.service[109365]: Service is starting with native threading. This is currently experimental. Do not use it in production without first testing it in pre-production.
Apr 15 08:49:30.993023 np0000166424 devstack@n-api-meta.service[109367]: INFO dbcounter [None req-5d48deb9-bfd9-4ad9-a086-ad3d5119603c None None] Registered counter for database nova_api
Apr 15 08:49:31.009706 np0000166424 devstack@n-api-meta.service[109367]: DEBUG oslo_db.sqlalchemy.engines [None req-5d48deb9-bfd9-4ad9-a086-ad3d5119603c None None] MySQL server mode set to STRICT_TRANS_TABLES,STRICT_ALL_TABLES,NO_ZERO_IN_DATE,NO_ZERO_DATE,ERROR_FOR_DIVISION_BY_ZERO,TRADITIONAL,NO_ENGINE_SUBSTITUTION {{(pid=109367) _check_effective_sql_mode /opt/stack/data/venv/lib/python3.12/site-packages/oslo_db/sqlalchemy/engines.py:325}}
Apr 15 08:49:31.041873 np0000166424 devstack@n-api-meta.service[109366]: INFO dbcounter [None req-32d3a030-cb0a-4532-b276-63cbb70557b0 None None] Registered counter for database nova_api
Apr 15 08:49:31.044247 np0000166424 devstack@n-api-meta.service[109367]: DEBUG dbcounter [-] [109367] Writer thread running {{(pid=109367) stat_writer /opt/stack/data/venv/lib/python3.12/site-packages/dbcounter.py:102}}
Apr 15 08:49:31.046553 np0000166424 devstack@n-api-meta.service[109367]: DEBUG nova.context [None req-5d48deb9-bfd9-4ad9-a086-ad3d5119603c None None] Found 2 cells: 00000000-0000-0000-0000-000000000000(cell0),7379522b-ed27-482f-a4f7-95772287ba21(cell1) {{(pid=109367) load_cells /opt/stack/nova/nova/context.py:509}}
Apr 15 08:49:31.046765 np0000166424 devstack@n-api-meta.service[109367]: INFO nova.utils [None req-5d48deb9-bfd9-4ad9-a086-ad3d5119603c None None] The cell worker thread pool MainProcess.cell_worker is initialized
Apr 15 08:49:31.048435 np0000166424 devstack@n-api-meta.service[109367]: DEBUG oslo_concurrency.lockutils [None req-5d48deb9-bfd9-4ad9-a086-ad3d5119603c None None] Acquiring lock "00000000-0000-0000-0000-000000000000" by "nova.context.set_target_cell..get_or_set_cached_cell_and_set_connections" {{(pid=109367) inner /opt/stack/data/venv/lib/python3.12/site-packages/oslo_concurrency/lockutils.py:506}}
Apr 15 08:49:31.048644 np0000166424 devstack@n-api-meta.service[109367]: DEBUG oslo_concurrency.lockutils [None req-5d48deb9-bfd9-4ad9-a086-ad3d5119603c None None] Lock "00000000-0000-0000-0000-000000000000" acquired by "nova.context.set_target_cell..get_or_set_cached_cell_and_set_connections" :: waited 0.000s {{(pid=109367) inner /opt/stack/data/venv/lib/python3.12/site-packages/oslo_concurrency/lockutils.py:519}}
Apr 15 08:49:31.048944 np0000166424 devstack@n-api-meta.service[109367]: DEBUG oslo_concurrency.lockutils [None req-5d48deb9-bfd9-4ad9-a086-ad3d5119603c None None] Lock "00000000-0000-0000-0000-000000000000" "released" by "nova.context.set_target_cell..get_or_set_cached_cell_and_set_connections" :: held 0.000s {{(pid=109367) inner /opt/stack/data/venv/lib/python3.12/site-packages/oslo_concurrency/lockutils.py:538}}
Apr 15 08:49:31.049565 np0000166424 devstack@n-api-meta.service[109367]: DEBUG oslo_concurrency.lockutils [None req-5d48deb9-bfd9-4ad9-a086-ad3d5119603c None None] Acquiring lock "7379522b-ed27-482f-a4f7-95772287ba21" by "nova.context.set_target_cell..get_or_set_cached_cell_and_set_connections" {{(pid=109367) inner /opt/stack/data/venv/lib/python3.12/site-packages/oslo_concurrency/lockutils.py:506}}
Apr 15 08:49:31.049697 np0000166424 devstack@n-api-meta.service[109367]: DEBUG oslo_concurrency.lockutils [None req-5d48deb9-bfd9-4ad9-a086-ad3d5119603c None None] Lock "7379522b-ed27-482f-a4f7-95772287ba21" acquired by "nova.context.set_target_cell..get_or_set_cached_cell_and_set_connections" :: waited 0.000s {{(pid=109367) inner /opt/stack/data/venv/lib/python3.12/site-packages/oslo_concurrency/lockutils.py:519}}
Apr 15 08:49:31.050503 np0000166424 devstack@n-api-meta.service[109367]: DEBUG oslo_concurrency.lockutils [None req-5d48deb9-bfd9-4ad9-a086-ad3d5119603c None None] Lock "7379522b-ed27-482f-a4f7-95772287ba21" "released" by "nova.context.set_target_cell..get_or_set_cached_cell_and_set_connections" :: held 0.001s {{(pid=109367) inner /opt/stack/data/venv/lib/python3.12/site-packages/oslo_concurrency/lockutils.py:538}}
Apr 15 08:49:31.052471 np0000166424 devstack@n-api-meta.service[109367]: INFO dbcounter [None req-5d48deb9-bfd9-4ad9-a086-ad3d5119603c None None] Registered counter for database nova_cell0
Apr 15 08:49:31.057521 np0000166424 devstack@n-api-meta.service[109367]: INFO dbcounter [None req-5d48deb9-bfd9-4ad9-a086-ad3d5119603c None None] Registered counter for database nova_cell1
Apr 15 08:49:31.058680 np0000166424 devstack@n-api-meta.service[109366]: DEBUG oslo_db.sqlalchemy.engines [None req-32d3a030-cb0a-4532-b276-63cbb70557b0 None None] MySQL server mode set to STRICT_TRANS_TABLES,STRICT_ALL_TABLES,NO_ZERO_IN_DATE,NO_ZERO_DATE,ERROR_FOR_DIVISION_BY_ZERO,TRADITIONAL,NO_ENGINE_SUBSTITUTION {{(pid=109366) _check_effective_sql_mode /opt/stack/data/venv/lib/python3.12/site-packages/oslo_db/sqlalchemy/engines.py:325}}
Apr 15 08:49:31.068463 np0000166424 devstack@n-api-meta.service[109367]: DEBUG oslo_db.sqlalchemy.engines [None req-5d48deb9-bfd9-4ad9-a086-ad3d5119603c None None] MySQL server mode set to STRICT_TRANS_TABLES,STRICT_ALL_TABLES,NO_ZERO_IN_DATE,NO_ZERO_DATE,ERROR_FOR_DIVISION_BY_ZERO,TRADITIONAL,NO_ENGINE_SUBSTITUTION {{(pid=109367) _check_effective_sql_mode /opt/stack/data/venv/lib/python3.12/site-packages/oslo_db/sqlalchemy/engines.py:325}}
Apr 15 08:49:31.074722 np0000166424 devstack@n-api-meta.service[109367]: DEBUG oslo_db.sqlalchemy.engines [None req-5d48deb9-bfd9-4ad9-a086-ad3d5119603c None None] MySQL server mode set to STRICT_TRANS_TABLES,STRICT_ALL_TABLES,NO_ZERO_IN_DATE,NO_ZERO_DATE,ERROR_FOR_DIVISION_BY_ZERO,TRADITIONAL,NO_ENGINE_SUBSTITUTION {{(pid=109367) _check_effective_sql_mode /opt/stack/data/venv/lib/python3.12/site-packages/oslo_db/sqlalchemy/engines.py:325}}
Apr 15 08:49:31.082712 np0000166424 devstack@n-api-meta.service[109364]: INFO dbcounter [None req-93570f51-8dc7-4c51-8e23-a284a0349484 None None] Registered counter for database nova_api
Apr 15 08:49:31.090945 np0000166424 devstack@n-api-meta.service[109366]: DEBUG dbcounter [-] [109366] Writer thread running {{(pid=109366) stat_writer /opt/stack/data/venv/lib/python3.12/site-packages/dbcounter.py:102}}
Apr 15 08:49:31.093180 np0000166424 devstack@n-api-meta.service[109366]: DEBUG nova.context [None req-32d3a030-cb0a-4532-b276-63cbb70557b0 None None] Found 2 cells: 00000000-0000-0000-0000-000000000000(cell0),7379522b-ed27-482f-a4f7-95772287ba21(cell1) {{(pid=109366) load_cells /opt/stack/nova/nova/context.py:509}}
Apr 15 08:49:31.093384 np0000166424 devstack@n-api-meta.service[109366]: INFO nova.utils [None req-32d3a030-cb0a-4532-b276-63cbb70557b0 None None] The cell worker thread pool MainProcess.cell_worker is initialized
Apr 15 08:49:31.095069 np0000166424 devstack@n-api-meta.service[109366]: DEBUG oslo_concurrency.lockutils [None req-32d3a030-cb0a-4532-b276-63cbb70557b0 None None] Acquiring lock "00000000-0000-0000-0000-000000000000" by "nova.context.set_target_cell..get_or_set_cached_cell_and_set_connections" {{(pid=109366) inner /opt/stack/data/venv/lib/python3.12/site-packages/oslo_concurrency/lockutils.py:506}}
Apr 15 08:49:31.095219 np0000166424 devstack@n-api-meta.service[109366]: DEBUG oslo_concurrency.lockutils [None req-32d3a030-cb0a-4532-b276-63cbb70557b0 None None] Lock "00000000-0000-0000-0000-000000000000" acquired by "nova.context.set_target_cell..get_or_set_cached_cell_and_set_connections" :: waited 0.000s {{(pid=109366) inner /opt/stack/data/venv/lib/python3.12/site-packages/oslo_concurrency/lockutils.py:519}}
Apr 15 08:49:31.095574 np0000166424 devstack@n-api-meta.service[109366]: DEBUG oslo_concurrency.lockutils [None req-32d3a030-cb0a-4532-b276-63cbb70557b0 None None] Lock "00000000-0000-0000-0000-000000000000" "released" by "nova.context.set_target_cell..get_or_set_cached_cell_and_set_connections" :: held 0.000s {{(pid=109366) inner /opt/stack/data/venv/lib/python3.12/site-packages/oslo_concurrency/lockutils.py:538}}
Apr 15 08:49:31.096233 np0000166424 devstack@n-api-meta.service[109366]: DEBUG oslo_concurrency.lockutils [None req-32d3a030-cb0a-4532-b276-63cbb70557b0 None None] Acquiring lock "7379522b-ed27-482f-a4f7-95772287ba21" by "nova.context.set_target_cell..get_or_set_cached_cell_and_set_connections" {{(pid=109366) inner /opt/stack/data/venv/lib/python3.12/site-packages/oslo_concurrency/lockutils.py:506}}
Apr 15 08:49:31.097359 np0000166424 devstack@n-api-meta.service[109364]: DEBUG oslo_db.sqlalchemy.engines [None req-93570f51-8dc7-4c51-8e23-a284a0349484 None None] MySQL server mode set to STRICT_TRANS_TABLES,STRICT_ALL_TABLES,NO_ZERO_IN_DATE,NO_ZERO_DATE,ERROR_FOR_DIVISION_BY_ZERO,TRADITIONAL,NO_ENGINE_SUBSTITUTION {{(pid=109364) _check_effective_sql_mode /opt/stack/data/venv/lib/python3.12/site-packages/oslo_db/sqlalchemy/engines.py:325}}
Apr 15 08:49:31.098081 np0000166424 devstack@n-api-meta.service[109366]: INFO dbcounter [None req-32d3a030-cb0a-4532-b276-63cbb70557b0 None None] Registered counter for database nova_cell0
Apr 15 08:49:31.099468 np0000166424 devstack@n-api-meta.service[109366]: DEBUG oslo_concurrency.lockutils [None req-32d3a030-cb0a-4532-b276-63cbb70557b0 None None] Lock "7379522b-ed27-482f-a4f7-95772287ba21" acquired by "nova.context.set_target_cell..get_or_set_cached_cell_and_set_connections" :: waited 0.002s {{(pid=109366) inner /opt/stack/data/venv/lib/python3.12/site-packages/oslo_concurrency/lockutils.py:519}}
Apr 15 08:49:31.100693 np0000166424 devstack@n-api-meta.service[109366]: DEBUG oslo_concurrency.lockutils [None req-32d3a030-cb0a-4532-b276-63cbb70557b0 None None] Lock "7379522b-ed27-482f-a4f7-95772287ba21" "released" by "nova.context.set_target_cell..get_or_set_cached_cell_and_set_connections" :: held 0.003s {{(pid=109366) inner /opt/stack/data/venv/lib/python3.12/site-packages/oslo_concurrency/lockutils.py:538}}
Apr 15 08:49:31.103184 np0000166424 devstack@n-api-meta.service[109366]: INFO dbcounter [None req-32d3a030-cb0a-4532-b276-63cbb70557b0 None None] Registered counter for database nova_cell1
Apr 15 08:49:31.112620 np0000166424 devstack@n-api-meta.service[109366]: DEBUG oslo_db.sqlalchemy.engines [None req-32d3a030-cb0a-4532-b276-63cbb70557b0 None None] MySQL server mode set to STRICT_TRANS_TABLES,STRICT_ALL_TABLES,NO_ZERO_IN_DATE,NO_ZERO_DATE,ERROR_FOR_DIVISION_BY_ZERO,TRADITIONAL,NO_ENGINE_SUBSTITUTION {{(pid=109366) _check_effective_sql_mode /opt/stack/data/venv/lib/python3.12/site-packages/oslo_db/sqlalchemy/engines.py:325}}
Apr 15 08:49:31.117270 np0000166424 devstack@n-api-meta.service[109366]: DEBUG oslo_db.sqlalchemy.engines [None req-32d3a030-cb0a-4532-b276-63cbb70557b0 None None] MySQL server mode set to STRICT_TRANS_TABLES,STRICT_ALL_TABLES,NO_ZERO_IN_DATE,NO_ZERO_DATE,ERROR_FOR_DIVISION_BY_ZERO,TRADITIONAL,NO_ENGINE_SUBSTITUTION {{(pid=109366) _check_effective_sql_mode /opt/stack/data/venv/lib/python3.12/site-packages/oslo_db/sqlalchemy/engines.py:325}}
Apr 15 08:49:31.134050 np0000166424 devstack@n-api-meta.service[109364]: DEBUG dbcounter [-] [109364] Writer thread running {{(pid=109364) stat_writer /opt/stack/data/venv/lib/python3.12/site-packages/dbcounter.py:102}}
Apr 15 08:49:31.136850 np0000166424 devstack@n-api-meta.service[109364]: DEBUG nova.context [None req-93570f51-8dc7-4c51-8e23-a284a0349484 None None] Found 2 cells: 00000000-0000-0000-0000-000000000000(cell0),7379522b-ed27-482f-a4f7-95772287ba21(cell1) {{(pid=109364) load_cells /opt/stack/nova/nova/context.py:509}}
Apr 15 08:49:31.137058 np0000166424 devstack@n-api-meta.service[109364]: INFO nova.utils [None req-93570f51-8dc7-4c51-8e23-a284a0349484 None None] The cell worker thread pool MainProcess.cell_worker is initialized
Apr 15 08:49:31.138832 np0000166424 devstack@n-api-meta.service[109364]: DEBUG oslo_concurrency.lockutils [None req-93570f51-8dc7-4c51-8e23-a284a0349484 None None] Acquiring lock "00000000-0000-0000-0000-000000000000" by "nova.context.set_target_cell..get_or_set_cached_cell_and_set_connections" {{(pid=109364) inner /opt/stack/data/venv/lib/python3.12/site-packages/oslo_concurrency/lockutils.py:506}}
Apr 15 08:49:31.138942 np0000166424 devstack@n-api-meta.service[109364]: DEBUG oslo_concurrency.lockutils [None req-93570f51-8dc7-4c51-8e23-a284a0349484 None None] Lock "00000000-0000-0000-0000-000000000000" acquired by "nova.context.set_target_cell..get_or_set_cached_cell_and_set_connections" :: waited 0.000s {{(pid=109364) inner /opt/stack/data/venv/lib/python3.12/site-packages/oslo_concurrency/lockutils.py:519}}
Apr 15 08:49:31.139308 np0000166424 devstack@n-api-meta.service[109364]: DEBUG oslo_concurrency.lockutils [None req-93570f51-8dc7-4c51-8e23-a284a0349484 None None] Lock "00000000-0000-0000-0000-000000000000" "released" by "nova.context.set_target_cell..get_or_set_cached_cell_and_set_connections" :: held 0.000s {{(pid=109364) inner /opt/stack/data/venv/lib/python3.12/site-packages/oslo_concurrency/lockutils.py:538}}
Apr 15 08:49:31.140174 np0000166424 devstack@n-api-meta.service[109364]: DEBUG oslo_concurrency.lockutils [None req-93570f51-8dc7-4c51-8e23-a284a0349484 None None] Acquiring lock "7379522b-ed27-482f-a4f7-95772287ba21" by "nova.context.set_target_cell..get_or_set_cached_cell_and_set_connections" {{(pid=109364) inner /opt/stack/data/venv/lib/python3.12/site-packages/oslo_concurrency/lockutils.py:506}}
Apr 15 08:49:31.140345 np0000166424 devstack@n-api-meta.service[109364]: DEBUG oslo_concurrency.lockutils [None req-93570f51-8dc7-4c51-8e23-a284a0349484 None None] Lock "7379522b-ed27-482f-a4f7-95772287ba21" acquired by "nova.context.set_target_cell..get_or_set_cached_cell_and_set_connections" :: waited 0.000s {{(pid=109364) inner /opt/stack/data/venv/lib/python3.12/site-packages/oslo_concurrency/lockutils.py:519}}
Apr 15 08:49:31.141424 np0000166424 devstack@n-api-meta.service[109364]: DEBUG oslo_concurrency.lockutils [None req-93570f51-8dc7-4c51-8e23-a284a0349484 None None] Lock "7379522b-ed27-482f-a4f7-95772287ba21" "released" by "nova.context.set_target_cell..get_or_set_cached_cell_and_set_connections" :: held 0.001s {{(pid=109364) inner /opt/stack/data/venv/lib/python3.12/site-packages/oslo_concurrency/lockutils.py:538}}
Apr 15 08:49:31.144325 np0000166424 devstack@n-api-meta.service[109364]: INFO dbcounter [None req-93570f51-8dc7-4c51-8e23-a284a0349484 None None] Registered counter for database nova_cell0
Apr 15 08:49:31.149830 np0000166424 devstack@n-api-meta.service[109364]: INFO dbcounter [None req-93570f51-8dc7-4c51-8e23-a284a0349484 None None] Registered counter for database nova_cell1
Apr 15 08:49:31.155094 np0000166424 devstack@n-api-meta.service[109365]: INFO dbcounter [None req-23fb379c-62d7-4b81-8491-56f1a3c774de None None] Registered counter for database nova_api
Apr 15 08:49:31.161086 np0000166424 devstack@n-api-meta.service[109364]: DEBUG oslo_db.sqlalchemy.engines [None req-93570f51-8dc7-4c51-8e23-a284a0349484 None None] MySQL server mode set to STRICT_TRANS_TABLES,STRICT_ALL_TABLES,NO_ZERO_IN_DATE,NO_ZERO_DATE,ERROR_FOR_DIVISION_BY_ZERO,TRADITIONAL,NO_ENGINE_SUBSTITUTION {{(pid=109364) _check_effective_sql_mode /opt/stack/data/venv/lib/python3.12/site-packages/oslo_db/sqlalchemy/engines.py:325}}
Apr 15 08:49:31.166599 np0000166424 devstack@n-api-meta.service[109367]: DEBUG dbcounter [-] [109367] Writer thread running {{(pid=109367) stat_writer /opt/stack/data/venv/lib/python3.12/site-packages/dbcounter.py:102}}
Apr 15 08:49:31.167221 np0000166424 devstack@n-api-meta.service[109364]: DEBUG oslo_db.sqlalchemy.engines [None req-93570f51-8dc7-4c51-8e23-a284a0349484 None None] MySQL server mode set to STRICT_TRANS_TABLES,STRICT_ALL_TABLES,NO_ZERO_IN_DATE,NO_ZERO_DATE,ERROR_FOR_DIVISION_BY_ZERO,TRADITIONAL,NO_ENGINE_SUBSTITUTION {{(pid=109364) _check_effective_sql_mode /opt/stack/data/venv/lib/python3.12/site-packages/oslo_db/sqlalchemy/engines.py:325}}
Apr 15 08:49:31.171758 np0000166424 devstack@n-api-meta.service[109367]: DEBUG dbcounter [-] [109367] Writer thread running {{(pid=109367) stat_writer /opt/stack/data/venv/lib/python3.12/site-packages/dbcounter.py:102}}
Apr 15 08:49:31.173954 np0000166424 devstack@n-api-meta.service[109365]: DEBUG oslo_db.sqlalchemy.engines [None req-23fb379c-62d7-4b81-8491-56f1a3c774de None None] MySQL server mode set to STRICT_TRANS_TABLES,STRICT_ALL_TABLES,NO_ZERO_IN_DATE,NO_ZERO_DATE,ERROR_FOR_DIVISION_BY_ZERO,TRADITIONAL,NO_ENGINE_SUBSTITUTION {{(pid=109365) _check_effective_sql_mode /opt/stack/data/venv/lib/python3.12/site-packages/oslo_db/sqlalchemy/engines.py:325}}
Apr 15 08:49:31.177247 np0000166424 devstack@n-api-meta.service[109367]: INFO dbcounter [None req-5d48deb9-bfd9-4ad9-a086-ad3d5119603c None None] Registered counter for database nova_cell0
Apr 15 08:49:31.184751 np0000166424 devstack@n-api-meta.service[109367]: DEBUG oslo_db.sqlalchemy.engines [None req-5d48deb9-bfd9-4ad9-a086-ad3d5119603c None None] MySQL server mode set to STRICT_TRANS_TABLES,STRICT_ALL_TABLES,NO_ZERO_IN_DATE,NO_ZERO_DATE,ERROR_FOR_DIVISION_BY_ZERO,TRADITIONAL,NO_ENGINE_SUBSTITUTION {{(pid=109367) _check_effective_sql_mode /opt/stack/data/venv/lib/python3.12/site-packages/oslo_db/sqlalchemy/engines.py:325}}
Apr 15 08:49:31.191652 np0000166424 devstack@n-api-meta.service[109367]: DEBUG dbcounter [-] [109367] Writer thread running {{(pid=109367) stat_writer /opt/stack/data/venv/lib/python3.12/site-packages/dbcounter.py:102}}
Apr 15 08:49:31.207468 np0000166424 devstack@n-api-meta.service[109366]: DEBUG dbcounter [-] [109366] Writer thread running {{(pid=109366) stat_writer /opt/stack/data/venv/lib/python3.12/site-packages/dbcounter.py:102}}
Apr 15 08:49:31.207626 np0000166424 devstack@n-api-meta.service[109365]: DEBUG dbcounter [-] [109365] Writer thread running {{(pid=109365) stat_writer /opt/stack/data/venv/lib/python3.12/site-packages/dbcounter.py:102}}
Apr 15 08:49:31.210231 np0000166424 devstack@n-api-meta.service[109365]: DEBUG nova.context [None req-23fb379c-62d7-4b81-8491-56f1a3c774de None None] Found 2 cells: 00000000-0000-0000-0000-000000000000(cell0),7379522b-ed27-482f-a4f7-95772287ba21(cell1) {{(pid=109365) load_cells /opt/stack/nova/nova/context.py:509}}
Apr 15 08:49:31.210497 np0000166424 devstack@n-api-meta.service[109365]: INFO nova.utils [None req-23fb379c-62d7-4b81-8491-56f1a3c774de None None] The cell worker thread pool MainProcess.cell_worker is initialized
Apr 15 08:49:31.212249 np0000166424 devstack@n-api-meta.service[109365]: DEBUG oslo_concurrency.lockutils [None req-23fb379c-62d7-4b81-8491-56f1a3c774de None None] Acquiring lock "00000000-0000-0000-0000-000000000000" by "nova.context.set_target_cell..get_or_set_cached_cell_and_set_connections" {{(pid=109365) inner /opt/stack/data/venv/lib/python3.12/site-packages/oslo_concurrency/lockutils.py:506}}
Apr 15 08:49:31.212492 np0000166424 devstack@n-api-meta.service[109365]: DEBUG oslo_concurrency.lockutils [None req-23fb379c-62d7-4b81-8491-56f1a3c774de None None] Lock "00000000-0000-0000-0000-000000000000" acquired by "nova.context.set_target_cell..get_or_set_cached_cell_and_set_connections" :: waited 0.000s {{(pid=109365) inner /opt/stack/data/venv/lib/python3.12/site-packages/oslo_concurrency/lockutils.py:519}}
Apr 15 08:49:31.212550 np0000166424 devstack@n-api-meta.service[109366]: DEBUG dbcounter [-] [109366] Writer thread running {{(pid=109366) stat_writer /opt/stack/data/venv/lib/python3.12/site-packages/dbcounter.py:102}}
Apr 15 08:49:31.212923 np0000166424 devstack@n-api-meta.service[109365]: DEBUG oslo_concurrency.lockutils [None req-23fb379c-62d7-4b81-8491-56f1a3c774de None None] Lock "00000000-0000-0000-0000-000000000000" "released" by "nova.context.set_target_cell..get_or_set_cached_cell_and_set_connections" :: held 0.000s {{(pid=109365) inner /opt/stack/data/venv/lib/python3.12/site-packages/oslo_concurrency/lockutils.py:538}}
Apr 15 08:49:31.213790 np0000166424 devstack@n-api-meta.service[109365]: DEBUG oslo_concurrency.lockutils [None req-23fb379c-62d7-4b81-8491-56f1a3c774de None None] Acquiring lock "7379522b-ed27-482f-a4f7-95772287ba21" by "nova.context.set_target_cell..get_or_set_cached_cell_and_set_connections" {{(pid=109365) inner /opt/stack/data/venv/lib/python3.12/site-packages/oslo_concurrency/lockutils.py:506}}
Apr 15 08:49:31.214073 np0000166424 devstack@n-api-meta.service[109365]: DEBUG oslo_concurrency.lockutils [None req-23fb379c-62d7-4b81-8491-56f1a3c774de None None] Lock "7379522b-ed27-482f-a4f7-95772287ba21" acquired by "nova.context.set_target_cell..get_or_set_cached_cell_and_set_connections" :: waited 0.000s {{(pid=109365) inner /opt/stack/data/venv/lib/python3.12/site-packages/oslo_concurrency/lockutils.py:519}}
Apr 15 08:49:31.215202 np0000166424 devstack@n-api-meta.service[109365]: DEBUG oslo_concurrency.lockutils [None req-23fb379c-62d7-4b81-8491-56f1a3c774de None None] Lock "7379522b-ed27-482f-a4f7-95772287ba21" "released" by "nova.context.set_target_cell..get_or_set_cached_cell_and_set_connections" :: held 0.001s {{(pid=109365) inner /opt/stack/data/venv/lib/python3.12/site-packages/oslo_concurrency/lockutils.py:538}}
Apr 15 08:49:31.216447 np0000166424 devstack@n-api-meta.service[109366]: INFO dbcounter [None req-32d3a030-cb0a-4532-b276-63cbb70557b0 None None] Registered counter for database nova_cell0
Apr 15 08:49:31.217876 np0000166424 devstack@n-api-meta.service[109365]: INFO dbcounter [None req-23fb379c-62d7-4b81-8491-56f1a3c774de None None] Registered counter for database nova_cell0
Apr 15 08:49:31.222143 np0000166424 devstack@n-api-meta.service[109365]: INFO dbcounter [None req-23fb379c-62d7-4b81-8491-56f1a3c774de None None] Registered counter for database nova_cell1
Apr 15 08:49:31.225239 np0000166424 devstack@n-api-meta.service[109366]: DEBUG oslo_db.sqlalchemy.engines [None req-32d3a030-cb0a-4532-b276-63cbb70557b0 None None] MySQL server mode set to STRICT_TRANS_TABLES,STRICT_ALL_TABLES,NO_ZERO_IN_DATE,NO_ZERO_DATE,ERROR_FOR_DIVISION_BY_ZERO,TRADITIONAL,NO_ENGINE_SUBSTITUTION {{(pid=109366) _check_effective_sql_mode /opt/stack/data/venv/lib/python3.12/site-packages/oslo_db/sqlalchemy/engines.py:325}}
Apr 15 08:49:31.231017 np0000166424 devstack@n-api-meta.service[109366]: DEBUG dbcounter [-] [109366] Writer thread running {{(pid=109366) stat_writer /opt/stack/data/venv/lib/python3.12/site-packages/dbcounter.py:102}}
Apr 15 08:49:31.231122 np0000166424 devstack@n-api-meta.service[109367]: WARNING nova.api.metadata.handler [None req-5d48deb9-bfd9-4ad9-a086-ad3d5119603c None None] metadata_proxy_shared_secret is not configured, the metadata information returned by the proxy cannot be trusted
Apr 15 08:49:31.231556 np0000166424 devstack@n-api-meta.service[109365]: DEBUG oslo_db.sqlalchemy.engines [None req-23fb379c-62d7-4b81-8491-56f1a3c774de None None] MySQL server mode set to STRICT_TRANS_TABLES,STRICT_ALL_TABLES,NO_ZERO_IN_DATE,NO_ZERO_DATE,ERROR_FOR_DIVISION_BY_ZERO,TRADITIONAL,NO_ENGINE_SUBSTITUTION {{(pid=109365) _check_effective_sql_mode /opt/stack/data/venv/lib/python3.12/site-packages/oslo_db/sqlalchemy/engines.py:325}}
Apr 15 08:49:31.233407 np0000166424 devstack@n-api-meta.service[109367]: DEBUG nova.api.openstack.wsgi_app [None req-5d48deb9-bfd9-4ad9-a086-ad3d5119603c None None] ******************************************************************************** {{(pid=109367) log_opt_values /opt/stack/data/venv/lib/python3.12/site-packages/oslo_config/cfg.py:2979}}
Apr 15 08:49:31.233526 np0000166424 devstack@n-api-meta.service[109367]: DEBUG nova.api.openstack.wsgi_app [None req-5d48deb9-bfd9-4ad9-a086-ad3d5119603c None None] Configuration options gathered from: {{(pid=109367) log_opt_values /opt/stack/data/venv/lib/python3.12/site-packages/oslo_config/cfg.py:2980}}
Apr 15 08:49:31.233647 np0000166424 devstack@n-api-meta.service[109367]: DEBUG nova.api.openstack.wsgi_app [None req-5d48deb9-bfd9-4ad9-a086-ad3d5119603c None None] command line args: [] {{(pid=109367) log_opt_values /opt/stack/data/venv/lib/python3.12/site-packages/oslo_config/cfg.py:2981}}
Apr 15 08:49:31.233793 np0000166424 devstack@n-api-meta.service[109367]: DEBUG nova.api.openstack.wsgi_app [None req-5d48deb9-bfd9-4ad9-a086-ad3d5119603c None None] config files: ['/etc/nova/api-paste.ini', '/etc/nova/nova.conf'] {{(pid=109367) log_opt_values /opt/stack/data/venv/lib/python3.12/site-packages/oslo_config/cfg.py:2982}}
Apr 15 08:49:31.233897 np0000166424 devstack@n-api-meta.service[109367]: DEBUG nova.api.openstack.wsgi_app [None req-5d48deb9-bfd9-4ad9-a086-ad3d5119603c None None] ================================================================================ {{(pid=109367) log_opt_values /opt/stack/data/venv/lib/python3.12/site-packages/oslo_config/cfg.py:2987}}
Apr 15 08:49:31.234059 np0000166424 devstack@n-api-meta.service[109367]: DEBUG nova.api.openstack.wsgi_app [None req-5d48deb9-bfd9-4ad9-a086-ad3d5119603c None None] allow_resize_to_same_host = True {{(pid=109367) log_opt_values /opt/stack/data/venv/lib/python3.12/site-packages/oslo_config/cfg.py:2995}}
Apr 15 08:49:31.234184 np0000166424 devstack@n-api-meta.service[109367]: DEBUG nova.api.openstack.wsgi_app [None req-5d48deb9-bfd9-4ad9-a086-ad3d5119603c None None] arq_binding_timeout = 300 {{(pid=109367) log_opt_values /opt/stack/data/venv/lib/python3.12/site-packages/oslo_config/cfg.py:2995}}
Apr 15 08:49:31.234321 np0000166424 devstack@n-api-meta.service[109367]: DEBUG nova.api.openstack.wsgi_app [None req-5d48deb9-bfd9-4ad9-a086-ad3d5119603c None None] block_device_allocate_retries = 60 {{(pid=109367) log_opt_values /opt/stack/data/venv/lib/python3.12/site-packages/oslo_config/cfg.py:2995}}
Apr 15 08:49:31.234441 np0000166424 devstack@n-api-meta.service[109367]: DEBUG nova.api.openstack.wsgi_app [None req-5d48deb9-bfd9-4ad9-a086-ad3d5119603c None None] block_device_allocate_retries_interval = 3 {{(pid=109367) log_opt_values /opt/stack/data/venv/lib/python3.12/site-packages/oslo_config/cfg.py:2995}}
Apr 15 08:49:31.234583 np0000166424 devstack@n-api-meta.service[109367]: DEBUG nova.api.openstack.wsgi_app [None req-5d48deb9-bfd9-4ad9-a086-ad3d5119603c None None] cell_worker_thread_pool_size = 5 {{(pid=109367) log_opt_values /opt/stack/data/venv/lib/python3.12/site-packages/oslo_config/cfg.py:2995}}
Apr 15 08:49:31.234717 np0000166424 devstack@n-api-meta.service[109367]: DEBUG nova.api.openstack.wsgi_app [None req-5d48deb9-bfd9-4ad9-a086-ad3d5119603c None None] cert = self.pem {{(pid=109367) log_opt_values /opt/stack/data/venv/lib/python3.12/site-packages/oslo_config/cfg.py:2995}}
Apr 15 08:49:31.234847 np0000166424 devstack@n-api-meta.service[109367]: DEBUG nova.api.openstack.wsgi_app [None req-5d48deb9-bfd9-4ad9-a086-ad3d5119603c None None] compute_driver = libvirt.LibvirtDriver {{(pid=109367) log_opt_values /opt/stack/data/venv/lib/python3.12/site-packages/oslo_config/cfg.py:2995}}
Apr 15 08:49:31.234956 np0000166424 devstack@n-api-meta.service[109367]: DEBUG nova.api.openstack.wsgi_app [None req-5d48deb9-bfd9-4ad9-a086-ad3d5119603c None None] compute_monitors = [] {{(pid=109367) log_opt_values /opt/stack/data/venv/lib/python3.12/site-packages/oslo_config/cfg.py:2995}}
Apr 15 08:49:31.235099 np0000166424 devstack@n-api-meta.service[109367]: DEBUG nova.api.openstack.wsgi_app [None req-5d48deb9-bfd9-4ad9-a086-ad3d5119603c None None] config_dir = [] {{(pid=109367) log_opt_values /opt/stack/data/venv/lib/python3.12/site-packages/oslo_config/cfg.py:2995}}
Apr 15 08:49:31.235228 np0000166424 devstack@n-api-meta.service[109367]: DEBUG nova.api.openstack.wsgi_app [None req-5d48deb9-bfd9-4ad9-a086-ad3d5119603c None None] config_drive_format = iso9660 {{(pid=109367) log_opt_values /opt/stack/data/venv/lib/python3.12/site-packages/oslo_config/cfg.py:2995}}
Apr 15 08:49:31.235338 np0000166424 devstack@n-api-meta.service[109367]: DEBUG nova.api.openstack.wsgi_app [None req-5d48deb9-bfd9-4ad9-a086-ad3d5119603c None None] config_file = ['/etc/nova/api-paste.ini', '/etc/nova/nova.conf'] {{(pid=109367) log_opt_values /opt/stack/data/venv/lib/python3.12/site-packages/oslo_config/cfg.py:2995}}
Apr 15 08:49:31.235439 np0000166424 devstack@n-api-meta.service[109367]: DEBUG nova.api.openstack.wsgi_app [None req-5d48deb9-bfd9-4ad9-a086-ad3d5119603c None None] config_source = [] {{(pid=109367) log_opt_values /opt/stack/data/venv/lib/python3.12/site-packages/oslo_config/cfg.py:2995}}
Apr 15 08:49:31.235641 np0000166424 devstack@n-api-meta.service[109367]: DEBUG nova.api.openstack.wsgi_app [None req-5d48deb9-bfd9-4ad9-a086-ad3d5119603c None None] console_host = np0000166424 {{(pid=109367) log_opt_values /opt/stack/data/venv/lib/python3.12/site-packages/oslo_config/cfg.py:2995}}
Apr 15 08:49:31.235787 np0000166424 devstack@n-api-meta.service[109367]: DEBUG nova.api.openstack.wsgi_app [None req-5d48deb9-bfd9-4ad9-a086-ad3d5119603c None None] control_exchange = nova {{(pid=109367) log_opt_values /opt/stack/data/venv/lib/python3.12/site-packages/oslo_config/cfg.py:2995}}
Apr 15 08:49:31.235867 np0000166424 devstack@n-api-meta.service[109367]: DEBUG nova.api.openstack.wsgi_app [None req-5d48deb9-bfd9-4ad9-a086-ad3d5119603c None None] cpu_allocation_ratio = None {{(pid=109367) log_opt_values /opt/stack/data/venv/lib/python3.12/site-packages/oslo_config/cfg.py:2995}}
Apr 15 08:49:31.235998 np0000166424 devstack@n-api-meta.service[109367]: DEBUG nova.api.openstack.wsgi_app [None req-5d48deb9-bfd9-4ad9-a086-ad3d5119603c None None] daemon = False {{(pid=109367) log_opt_values /opt/stack/data/venv/lib/python3.12/site-packages/oslo_config/cfg.py:2995}}
Apr 15 08:49:31.236111 np0000166424 devstack@n-api-meta.service[109367]: DEBUG nova.api.openstack.wsgi_app [None req-5d48deb9-bfd9-4ad9-a086-ad3d5119603c None None] debug = True {{(pid=109367) log_opt_values /opt/stack/data/venv/lib/python3.12/site-packages/oslo_config/cfg.py:2995}}
Apr 15 08:49:31.236203 np0000166424 devstack@n-api-meta.service[109367]: DEBUG nova.api.openstack.wsgi_app [None req-5d48deb9-bfd9-4ad9-a086-ad3d5119603c None None] default_access_ip_network_name = None {{(pid=109367) log_opt_values /opt/stack/data/venv/lib/python3.12/site-packages/oslo_config/cfg.py:2995}}
Apr 15 08:49:31.236373 np0000166424 devstack@n-api-meta.service[109367]: DEBUG nova.api.openstack.wsgi_app [None req-5d48deb9-bfd9-4ad9-a086-ad3d5119603c None None] default_availability_zone = nova {{(pid=109367) log_opt_values /opt/stack/data/venv/lib/python3.12/site-packages/oslo_config/cfg.py:2995}}
Apr 15 08:49:31.236532 np0000166424 devstack@n-api-meta.service[109367]: DEBUG nova.api.openstack.wsgi_app [None req-5d48deb9-bfd9-4ad9-a086-ad3d5119603c None None] default_ephemeral_format = ext4 {{(pid=109367) log_opt_values /opt/stack/data/venv/lib/python3.12/site-packages/oslo_config/cfg.py:2995}}
Apr 15 08:49:31.236641 np0000166424 devstack@n-api-meta.service[109367]: DEBUG nova.api.openstack.wsgi_app [None req-5d48deb9-bfd9-4ad9-a086-ad3d5119603c None None] default_green_pool_size = 1000 {{(pid=109367) log_opt_values /opt/stack/data/venv/lib/python3.12/site-packages/oslo_config/cfg.py:2995}}
Apr 15 08:49:31.236853 np0000166424 devstack@n-api-meta.service[109367]: DEBUG nova.api.openstack.wsgi_app [None req-5d48deb9-bfd9-4ad9-a086-ad3d5119603c None None] default_log_levels = ['amqp=WARN', 'boto=WARN', 'sqlalchemy=WARN', 'suds=INFO', 'oslo.messaging=INFO', 'oslo_messaging=INFO', 'iso8601=WARN', 'requests.packages.urllib3.connectionpool=WARN', 'urllib3.connectionpool=WARN', 'websocket=WARN', 'requests.packages.urllib3.util.retry=WARN', 'urllib3.util.retry=WARN', 'keystonemiddleware=WARN', 'routes.middleware=WARN', 'stevedore=WARN', 'taskflow=WARN', 'keystoneauth=WARN', 'oslo.cache=INFO', 'oslo_policy=INFO', 'dogpile.core.dogpile=INFO', 'glanceclient=WARN', 'oslo.privsep.daemon=INFO'] {{(pid=109367) log_opt_values /opt/stack/data/venv/lib/python3.12/site-packages/oslo_config/cfg.py:2995}}
Apr 15 08:49:31.237008 np0000166424 devstack@n-api-meta.service[109367]: DEBUG nova.api.openstack.wsgi_app [None req-5d48deb9-bfd9-4ad9-a086-ad3d5119603c None None] default_schedule_zone = None {{(pid=109367) log_opt_values /opt/stack/data/venv/lib/python3.12/site-packages/oslo_config/cfg.py:2995}}
Apr 15 08:49:31.237087 np0000166424 devstack@n-api-meta.service[109367]: DEBUG nova.api.openstack.wsgi_app [None req-5d48deb9-bfd9-4ad9-a086-ad3d5119603c None None] default_thread_pool_size = 10 {{(pid=109367) log_opt_values /opt/stack/data/venv/lib/python3.12/site-packages/oslo_config/cfg.py:2995}}
Apr 15 08:49:31.237202 np0000166424 devstack@n-api-meta.service[109367]: DEBUG nova.api.openstack.wsgi_app [None req-5d48deb9-bfd9-4ad9-a086-ad3d5119603c None None] disk_allocation_ratio = None {{(pid=109367) log_opt_values /opt/stack/data/venv/lib/python3.12/site-packages/oslo_config/cfg.py:2995}}
Apr 15 08:49:31.237322 np0000166424 devstack@n-api-meta.service[109367]: DEBUG nova.api.openstack.wsgi_app [None req-5d48deb9-bfd9-4ad9-a086-ad3d5119603c None None] enable_new_services = True {{(pid=109367) log_opt_values /opt/stack/data/venv/lib/python3.12/site-packages/oslo_config/cfg.py:2995}}
Apr 15 08:49:31.237446 np0000166424 devstack@n-api-meta.service[109367]: DEBUG nova.api.openstack.wsgi_app [None req-5d48deb9-bfd9-4ad9-a086-ad3d5119603c None None] flat_injected = False {{(pid=109367) log_opt_values /opt/stack/data/venv/lib/python3.12/site-packages/oslo_config/cfg.py:2995}}
Apr 15 08:49:31.237629 np0000166424 devstack@n-api-meta.service[109367]: DEBUG nova.api.openstack.wsgi_app [None req-5d48deb9-bfd9-4ad9-a086-ad3d5119603c None None] force_config_drive = False {{(pid=109367) log_opt_values /opt/stack/data/venv/lib/python3.12/site-packages/oslo_config/cfg.py:2995}}
Apr 15 08:49:31.237753 np0000166424 devstack@n-api-meta.service[109367]: DEBUG nova.api.openstack.wsgi_app [None req-5d48deb9-bfd9-4ad9-a086-ad3d5119603c None None] force_raw_images = True {{(pid=109367) log_opt_values /opt/stack/data/venv/lib/python3.12/site-packages/oslo_config/cfg.py:2995}}
Apr 15 08:49:31.237882 np0000166424 devstack@n-api-meta.service[109367]: DEBUG nova.api.openstack.wsgi_app [None req-5d48deb9-bfd9-4ad9-a086-ad3d5119603c None None] graceful_shutdown_timeout = 5 {{(pid=109367) log_opt_values /opt/stack/data/venv/lib/python3.12/site-packages/oslo_config/cfg.py:2995}}
Apr 15 08:49:31.238040 np0000166424 devstack@n-api-meta.service[109367]: DEBUG nova.api.openstack.wsgi_app [None req-5d48deb9-bfd9-4ad9-a086-ad3d5119603c None None] heal_instance_info_cache_interval = -1 {{(pid=109367) log_opt_values /opt/stack/data/venv/lib/python3.12/site-packages/oslo_config/cfg.py:2995}}
Apr 15 08:49:31.238105 np0000166424 devstack@n-api-meta.service[109365]: DEBUG oslo_db.sqlalchemy.engines [None req-23fb379c-62d7-4b81-8491-56f1a3c774de None None] MySQL server mode set to STRICT_TRANS_TABLES,STRICT_ALL_TABLES,NO_ZERO_IN_DATE,NO_ZERO_DATE,ERROR_FOR_DIVISION_BY_ZERO,TRADITIONAL,NO_ENGINE_SUBSTITUTION {{(pid=109365) _check_effective_sql_mode /opt/stack/data/venv/lib/python3.12/site-packages/oslo_db/sqlalchemy/engines.py:325}}
Apr 15 08:49:31.238245 np0000166424 devstack@n-api-meta.service[109367]: DEBUG nova.api.openstack.wsgi_app [None req-5d48deb9-bfd9-4ad9-a086-ad3d5119603c None None] host = np0000166424 {{(pid=109367) log_opt_values /opt/stack/data/venv/lib/python3.12/site-packages/oslo_config/cfg.py:2995}}
Apr 15 08:49:31.238401 np0000166424 devstack@n-api-meta.service[109367]: DEBUG nova.api.openstack.wsgi_app [None req-5d48deb9-bfd9-4ad9-a086-ad3d5119603c None None] initial_cpu_allocation_ratio = 4.0 {{(pid=109367) log_opt_values /opt/stack/data/venv/lib/python3.12/site-packages/oslo_config/cfg.py:2995}}
Apr 15 08:49:31.238553 np0000166424 devstack@n-api-meta.service[109367]: DEBUG nova.api.openstack.wsgi_app [None req-5d48deb9-bfd9-4ad9-a086-ad3d5119603c None None] initial_disk_allocation_ratio = 1.0 {{(pid=109367) log_opt_values /opt/stack/data/venv/lib/python3.12/site-packages/oslo_config/cfg.py:2995}}
Apr 15 08:49:31.238681 np0000166424 devstack@n-api-meta.service[109367]: DEBUG nova.api.openstack.wsgi_app [None req-5d48deb9-bfd9-4ad9-a086-ad3d5119603c None None] initial_ram_allocation_ratio = 1.0 {{(pid=109367) log_opt_values /opt/stack/data/venv/lib/python3.12/site-packages/oslo_config/cfg.py:2995}}
Apr 15 08:49:31.238844 np0000166424 devstack@n-api-meta.service[109367]: DEBUG nova.api.openstack.wsgi_app [None req-5d48deb9-bfd9-4ad9-a086-ad3d5119603c None None] injected_network_template = /opt/stack/nova/nova/virt/interfaces.template {{(pid=109367) log_opt_values /opt/stack/data/venv/lib/python3.12/site-packages/oslo_config/cfg.py:2995}}
Apr 15 08:49:31.238969 np0000166424 devstack@n-api-meta.service[109367]: DEBUG nova.api.openstack.wsgi_app [None req-5d48deb9-bfd9-4ad9-a086-ad3d5119603c None None] instance_build_timeout = 0 {{(pid=109367) log_opt_values /opt/stack/data/venv/lib/python3.12/site-packages/oslo_config/cfg.py:2995}}
Apr 15 08:49:31.239093 np0000166424 devstack@n-api-meta.service[109367]: DEBUG nova.api.openstack.wsgi_app [None req-5d48deb9-bfd9-4ad9-a086-ad3d5119603c None None] instance_delete_interval = 300 {{(pid=109367) log_opt_values /opt/stack/data/venv/lib/python3.12/site-packages/oslo_config/cfg.py:2995}}
Apr 15 08:49:31.239221 np0000166424 devstack@n-api-meta.service[109367]: DEBUG nova.api.openstack.wsgi_app [None req-5d48deb9-bfd9-4ad9-a086-ad3d5119603c None None] instance_format = [instance: %(uuid)s] {{(pid=109367) log_opt_values /opt/stack/data/venv/lib/python3.12/site-packages/oslo_config/cfg.py:2995}}
Apr 15 08:49:31.239349 np0000166424 devstack@n-api-meta.service[109367]: DEBUG nova.api.openstack.wsgi_app [None req-5d48deb9-bfd9-4ad9-a086-ad3d5119603c None None] instance_name_template = instance-%08x {{(pid=109367) log_opt_values /opt/stack/data/venv/lib/python3.12/site-packages/oslo_config/cfg.py:2995}}
Apr 15 08:49:31.239473 np0000166424 devstack@n-api-meta.service[109367]: DEBUG nova.api.openstack.wsgi_app [None req-5d48deb9-bfd9-4ad9-a086-ad3d5119603c None None] instance_usage_audit = False {{(pid=109367) log_opt_values /opt/stack/data/venv/lib/python3.12/site-packages/oslo_config/cfg.py:2995}}
Apr 15 08:49:31.239622 np0000166424 devstack@n-api-meta.service[109367]: DEBUG nova.api.openstack.wsgi_app [None req-5d48deb9-bfd9-4ad9-a086-ad3d5119603c None None] instance_usage_audit_period = month {{(pid=109367) log_opt_values /opt/stack/data/venv/lib/python3.12/site-packages/oslo_config/cfg.py:2995}}
Apr 15 08:49:31.239750 np0000166424 devstack@n-api-meta.service[109367]: DEBUG nova.api.openstack.wsgi_app [None req-5d48deb9-bfd9-4ad9-a086-ad3d5119603c None None] instance_uuid_format = [instance: %(uuid)s] {{(pid=109367) log_opt_values /opt/stack/data/venv/lib/python3.12/site-packages/oslo_config/cfg.py:2995}}
Apr 15 08:49:31.239883 np0000166424 devstack@n-api-meta.service[109367]: DEBUG nova.api.openstack.wsgi_app [None req-5d48deb9-bfd9-4ad9-a086-ad3d5119603c None None] instances_path = /opt/stack/data/nova/instances {{(pid=109367) log_opt_values /opt/stack/data/venv/lib/python3.12/site-packages/oslo_config/cfg.py:2995}}
Apr 15 08:49:31.240012 np0000166424 devstack@n-api-meta.service[109367]: DEBUG nova.api.openstack.wsgi_app [None req-5d48deb9-bfd9-4ad9-a086-ad3d5119603c None None] internal_service_availability_zone = internal {{(pid=109367) log_opt_values /opt/stack/data/venv/lib/python3.12/site-packages/oslo_config/cfg.py:2995}}
Apr 15 08:49:31.240134 np0000166424 devstack@n-api-meta.service[109367]: DEBUG nova.api.openstack.wsgi_app [None req-5d48deb9-bfd9-4ad9-a086-ad3d5119603c None None] key = None {{(pid=109367) log_opt_values /opt/stack/data/venv/lib/python3.12/site-packages/oslo_config/cfg.py:2995}}
Apr 15 08:49:31.240276 np0000166424 devstack@n-api-meta.service[109367]: DEBUG nova.api.openstack.wsgi_app [None req-5d48deb9-bfd9-4ad9-a086-ad3d5119603c None None] live_migration_retry_count = 30 {{(pid=109367) log_opt_values /opt/stack/data/venv/lib/python3.12/site-packages/oslo_config/cfg.py:2995}}
Apr 15 08:49:31.240404 np0000166424 devstack@n-api-meta.service[109367]: DEBUG nova.api.openstack.wsgi_app [None req-5d48deb9-bfd9-4ad9-a086-ad3d5119603c None None] log_color = False {{(pid=109367) log_opt_values /opt/stack/data/venv/lib/python3.12/site-packages/oslo_config/cfg.py:2995}}
