Apr 15 06:10:28.582609 np0000166387 neutron-periodic-workers[106155]: DEBUG cotyledon.oslo_config_glue [-] ml2.overlay_ip_version = 4 {{(pid=106155) log_opt_values /opt/stack/data/venv/lib/python3.12/site-packages/oslo_config/cfg.py:3006}}
Apr 15 06:10:28.582671 np0000166387 neutron-periodic-workers[106155]: DEBUG cotyledon.oslo_config_glue [-] ml2.path_mtu = 0 {{(pid=106155) log_opt_values /opt/stack/data/venv/lib/python3.12/site-packages/oslo_config/cfg.py:3006}}
Apr 15 06:10:28.582726 np0000166387 neutron-periodic-workers[106155]: DEBUG cotyledon.oslo_config_glue [-] ml2.physical_network_mtus = {} {{(pid=106155) log_opt_values /opt/stack/data/venv/lib/python3.12/site-packages/oslo_config/cfg.py:3006}}
Apr 15 06:10:28.582807 np0000166387 neutron-periodic-workers[106155]: DEBUG cotyledon.oslo_config_glue [-] ml2.project_network_types = ['geneve'] {{(pid=106155) log_opt_values /opt/stack/data/venv/lib/python3.12/site-packages/oslo_config/cfg.py:3006}}
Apr 15 06:10:28.583979 np0000166387 neutron-periodic-workers[106155]: DEBUG cotyledon.oslo_config_glue [-] ml2.tunnelled_network_rp_name = rp_tunnelled {{(pid=106155) log_opt_values /opt/stack/data/venv/lib/python3.12/site-packages/oslo_config/cfg.py:3006}}
Apr 15 06:10:28.584075 np0000166387 neutron-periodic-workers[106155]: DEBUG cotyledon.oslo_config_glue [-] ml2.type_drivers = ['local', 'flat', 'vlan', 'geneve'] {{(pid=106155) log_opt_values /opt/stack/data/venv/lib/python3.12/site-packages/oslo_config/cfg.py:3006}}
Apr 15 06:10:28.584191 np0000166387 neutron-periodic-workers[106155]: DEBUG cotyledon.oslo_config_glue [-] ml2_type_flat.flat_networks = ['public'] {{(pid=106155) log_opt_values /opt/stack/data/venv/lib/python3.12/site-packages/oslo_config/cfg.py:3006}}
Apr 15 06:10:28.584276 np0000166387 neutron-periodic-workers[106155]: DEBUG cotyledon.oslo_config_glue [-] ml2_type_geneve.max_header_size = 38 {{(pid=106155) log_opt_values /opt/stack/data/venv/lib/python3.12/site-packages/oslo_config/cfg.py:3006}}
Apr 15 06:10:28.584350 np0000166387 neutron-periodic-workers[106155]: DEBUG cotyledon.oslo_config_glue [-] ml2_type_geneve.vni_ranges = ['1:65536'] {{(pid=106155) log_opt_values /opt/stack/data/venv/lib/python3.12/site-packages/oslo_config/cfg.py:3006}}
Apr 15 06:10:28.584429 np0000166387 neutron-periodic-workers[106155]: DEBUG cotyledon.oslo_config_glue [-] ml2_type_vlan.network_vlan_ranges = ['public'] {{(pid=106155) log_opt_values /opt/stack/data/venv/lib/python3.12/site-packages/oslo_config/cfg.py:3006}}
Apr 15 06:10:28.584537 np0000166387 neutron-periodic-workers[106155]: DEBUG cotyledon.oslo_config_glue [-] network_log.burst_limit = 25 {{(pid=106155) log_opt_values /opt/stack/data/venv/lib/python3.12/site-packages/oslo_config/cfg.py:3006}}
Apr 15 06:10:28.584666 np0000166387 neutron-periodic-workers[106155]: DEBUG cotyledon.oslo_config_glue [-] network_log.local_output_log_base = None {{(pid=106155) log_opt_values /opt/stack/data/venv/lib/python3.12/site-packages/oslo_config/cfg.py:3006}}
Apr 15 06:10:28.584724 np0000166387 neutron-periodic-workers[106155]: DEBUG cotyledon.oslo_config_glue [-] network_log.rate_limit = 100 {{(pid=106155) log_opt_values /opt/stack/data/venv/lib/python3.12/site-packages/oslo_config/cfg.py:3006}}
Apr 15 06:10:28.584810 np0000166387 neutron-periodic-workers[106155]: DEBUG cotyledon.oslo_config_glue [-] database.asyncio_connection = **** {{(pid=106155) log_opt_values /opt/stack/data/venv/lib/python3.12/site-packages/oslo_config/cfg.py:3006}}
Apr 15 06:10:28.584838 np0000166387 neutron-periodic-workers[106155]: DEBUG cotyledon.oslo_config_glue [-] database.asyncio_slave_connection = **** {{(pid=106155) log_opt_values /opt/stack/data/venv/lib/python3.12/site-packages/oslo_config/cfg.py:3006}}
Apr 15 06:10:28.584890 np0000166387 neutron-periodic-workers[106155]: DEBUG cotyledon.oslo_config_glue [-] database.backend = sqlalchemy {{(pid=106155) log_opt_values /opt/stack/data/venv/lib/python3.12/site-packages/oslo_config/cfg.py:3006}}
Apr 15 06:10:28.584959 np0000166387 neutron-periodic-workers[106155]: DEBUG cotyledon.oslo_config_glue [-] database.connection = **** {{(pid=106155) log_opt_values /opt/stack/data/venv/lib/python3.12/site-packages/oslo_config/cfg.py:3006}}
Apr 15 06:10:28.585027 np0000166387 neutron-periodic-workers[106155]: DEBUG cotyledon.oslo_config_glue [-] database.connection_debug = 0 {{(pid=106155) log_opt_values /opt/stack/data/venv/lib/python3.12/site-packages/oslo_config/cfg.py:3006}}
Apr 15 06:10:28.585086 np0000166387 neutron-periodic-workers[106155]: DEBUG cotyledon.oslo_config_glue [-] database.connection_parameters = {{(pid=106155) log_opt_values /opt/stack/data/venv/lib/python3.12/site-packages/oslo_config/cfg.py:3006}}
Apr 15 06:10:28.585163 np0000166387 neutron-periodic-workers[106155]: DEBUG cotyledon.oslo_config_glue [-] database.connection_recycle_time = 3600 {{(pid=106155) log_opt_values /opt/stack/data/venv/lib/python3.12/site-packages/oslo_config/cfg.py:3006}}
Apr 15 06:10:28.585221 np0000166387 neutron-periodic-workers[106155]: DEBUG cotyledon.oslo_config_glue [-] database.connection_trace = False {{(pid=106155) log_opt_values /opt/stack/data/venv/lib/python3.12/site-packages/oslo_config/cfg.py:3006}}
Apr 15 06:10:28.585278 np0000166387 neutron-periodic-workers[106155]: DEBUG cotyledon.oslo_config_glue [-] database.db_inc_retry_interval = True {{(pid=106155) log_opt_values /opt/stack/data/venv/lib/python3.12/site-packages/oslo_config/cfg.py:3006}}
Apr 15 06:10:28.585336 np0000166387 neutron-periodic-workers[106155]: DEBUG cotyledon.oslo_config_glue [-] database.db_max_retries = 20 {{(pid=106155) log_opt_values /opt/stack/data/venv/lib/python3.12/site-packages/oslo_config/cfg.py:3006}}
Apr 15 06:10:28.585393 np0000166387 neutron-periodic-workers[106155]: DEBUG cotyledon.oslo_config_glue [-] database.db_max_retry_interval = 10 {{(pid=106155) log_opt_values /opt/stack/data/venv/lib/python3.12/site-packages/oslo_config/cfg.py:3006}}
Apr 15 06:10:28.585450 np0000166387 neutron-periodic-workers[106155]: DEBUG cotyledon.oslo_config_glue [-] database.db_retry_interval = 1 {{(pid=106155) log_opt_values /opt/stack/data/venv/lib/python3.12/site-packages/oslo_config/cfg.py:3006}}
Apr 15 06:10:28.585512 np0000166387 neutron-periodic-workers[106155]: DEBUG cotyledon.oslo_config_glue [-] database.max_overflow = 50 {{(pid=106155) log_opt_values /opt/stack/data/venv/lib/python3.12/site-packages/oslo_config/cfg.py:3006}}
Apr 15 06:10:28.585595 np0000166387 neutron-periodic-workers[106155]: DEBUG cotyledon.oslo_config_glue [-] database.max_pool_size = 5 {{(pid=106155) log_opt_values /opt/stack/data/venv/lib/python3.12/site-packages/oslo_config/cfg.py:3006}}
Apr 15 06:10:28.585655 np0000166387 neutron-periodic-workers[106155]: DEBUG cotyledon.oslo_config_glue [-] database.max_retries = 10 {{(pid=106155) log_opt_values /opt/stack/data/venv/lib/python3.12/site-packages/oslo_config/cfg.py:3006}}
Apr 15 06:10:28.585722 np0000166387 neutron-periodic-workers[106155]: DEBUG cotyledon.oslo_config_glue [-] database.mysql_sql_mode = TRADITIONAL {{(pid=106155) log_opt_values /opt/stack/data/venv/lib/python3.12/site-packages/oslo_config/cfg.py:3006}}
Apr 15 06:10:28.585780 np0000166387 neutron-periodic-workers[106155]: DEBUG cotyledon.oslo_config_glue [-] database.mysql_wsrep_sync_wait = None {{(pid=106155) log_opt_values /opt/stack/data/venv/lib/python3.12/site-packages/oslo_config/cfg.py:3006}}
Apr 15 06:10:28.585838 np0000166387 neutron-periodic-workers[106155]: DEBUG cotyledon.oslo_config_glue [-] database.pool_timeout = None {{(pid=106155) log_opt_values /opt/stack/data/venv/lib/python3.12/site-packages/oslo_config/cfg.py:3006}}
Apr 15 06:10:28.585895 np0000166387 neutron-periodic-workers[106155]: DEBUG cotyledon.oslo_config_glue [-] database.retry_interval = 10 {{(pid=106155) log_opt_values /opt/stack/data/venv/lib/python3.12/site-packages/oslo_config/cfg.py:3006}}
Apr 15 06:10:28.585966 np0000166387 neutron-periodic-workers[106155]: DEBUG cotyledon.oslo_config_glue [-] database.slave_connection = **** {{(pid=106155) log_opt_values /opt/stack/data/venv/lib/python3.12/site-packages/oslo_config/cfg.py:3006}}
Apr 15 06:10:28.586032 np0000166387 neutron-periodic-workers[106155]: DEBUG cotyledon.oslo_config_glue [-] database.sqlite_synchronous = True {{(pid=106155) log_opt_values /opt/stack/data/venv/lib/python3.12/site-packages/oslo_config/cfg.py:3006}}
Apr 15 06:10:28.586095 np0000166387 neutron-periodic-workers[106155]: DEBUG cotyledon.oslo_config_glue [-] database.synchronous_reader = True {{(pid=106155) log_opt_values /opt/stack/data/venv/lib/python3.12/site-packages/oslo_config/cfg.py:3006}}
Apr 15 06:10:28.586153 np0000166387 neutron-periodic-workers[106155]: DEBUG cotyledon.oslo_config_glue [-] database.use_db_reconnect = False {{(pid=106155) log_opt_values /opt/stack/data/venv/lib/python3.12/site-packages/oslo_config/cfg.py:3006}}
Apr 15 06:10:28.586250 np0000166387 neutron-periodic-workers[106155]: DEBUG cotyledon.oslo_config_glue [-] ovn.bfd_min_rx = 1000 {{(pid=106155) log_opt_values /opt/stack/data/venv/lib/python3.12/site-packages/oslo_config/cfg.py:3006}}
Apr 15 06:10:28.586309 np0000166387 neutron-periodic-workers[106155]: DEBUG cotyledon.oslo_config_glue [-] ovn.bfd_min_tx = 100 {{(pid=106155) log_opt_values /opt/stack/data/venv/lib/python3.12/site-packages/oslo_config/cfg.py:3006}}
Apr 15 06:10:28.586370 np0000166387 neutron-periodic-workers[106155]: DEBUG cotyledon.oslo_config_glue [-] ovn.bfd_mult = 3 {{(pid=106155) log_opt_values /opt/stack/data/venv/lib/python3.12/site-packages/oslo_config/cfg.py:3006}}
Apr 15 06:10:28.586457 np0000166387 neutron-periodic-workers[106155]: DEBUG cotyledon.oslo_config_glue [-] ovn.broadcast_arps_to_all_routers = True {{(pid=106155) log_opt_values /opt/stack/data/venv/lib/python3.12/site-packages/oslo_config/cfg.py:3006}}
Apr 15 06:10:28.586619 np0000166387 neutron-periodic-workers[106155]: DEBUG cotyledon.oslo_config_glue [-] ovn.dhcp_default_lease_time = 43200 {{(pid=106155) log_opt_values /opt/stack/data/venv/lib/python3.12/site-packages/oslo_config/cfg.py:3006}}
Apr 15 06:10:28.586683 np0000166387 neutron-periodic-workers[106155]: DEBUG cotyledon.oslo_config_glue [-] ovn.disable_ovn_dhcp_for_baremetal_ports = False {{(pid=106155) log_opt_values /opt/stack/data/venv/lib/python3.12/site-packages/oslo_config/cfg.py:3006}}
Apr 15 06:10:28.586740 np0000166387 neutron-periodic-workers[106155]: DEBUG cotyledon.oslo_config_glue [-] ovn.dns_records_ovn_owned = False {{(pid=106155) log_opt_values /opt/stack/data/venv/lib/python3.12/site-packages/oslo_config/cfg.py:3006}}
Apr 15 06:10:28.586801 np0000166387 neutron-periodic-workers[106155]: DEBUG cotyledon.oslo_config_glue [-] ovn.dns_servers = [] {{(pid=106155) log_opt_values /opt/stack/data/venv/lib/python3.12/site-packages/oslo_config/cfg.py:3006}}
Apr 15 06:10:28.586859 np0000166387 neutron-periodic-workers[106155]: DEBUG cotyledon.oslo_config_glue [-] ovn.enable_distributed_floating_ip = False {{(pid=106155) log_opt_values /opt/stack/data/venv/lib/python3.12/site-packages/oslo_config/cfg.py:3006}}
Apr 15 06:10:28.586917 np0000166387 neutron-periodic-workers[106155]: DEBUG cotyledon.oslo_config_glue [-] ovn.fdb_age_threshold = 300 {{(pid=106155) log_opt_values /opt/stack/data/venv/lib/python3.12/site-packages/oslo_config/cfg.py:3006}}
Apr 15 06:10:28.586975 np0000166387 neutron-periodic-workers[106155]: DEBUG cotyledon.oslo_config_glue [-] ovn.ha_failover_strategy = normal {{(pid=106155) log_opt_values /opt/stack/data/venv/lib/python3.12/site-packages/oslo_config/cfg.py:3006}}
Apr 15 06:10:28.587033 np0000166387 neutron-periodic-workers[106155]: DEBUG cotyledon.oslo_config_glue [-] ovn.live_migration_activation_strategy = rarp {{(pid=106155) log_opt_values /opt/stack/data/venv/lib/python3.12/site-packages/oslo_config/cfg.py:3006}}
Apr 15 06:10:28.587089 np0000166387 neutron-periodic-workers[106155]: DEBUG cotyledon.oslo_config_glue [-] ovn.localnet_learn_fdb = False {{(pid=106155) log_opt_values /opt/stack/data/venv/lib/python3.12/site-packages/oslo_config/cfg.py:3006}}
Apr 15 06:10:28.587166 np0000166387 neutron-periodic-workers[106155]: DEBUG cotyledon.oslo_config_glue [-] ovn.mac_binding_age_threshold = 300 {{(pid=106155) log_opt_values /opt/stack/data/venv/lib/python3.12/site-packages/oslo_config/cfg.py:3006}}
Apr 15 06:10:28.587266 np0000166387 neutron-periodic-workers[106155]: DEBUG cotyledon.oslo_config_glue [-] ovn.neutron_sync_mode = log {{(pid=106155) log_opt_values /opt/stack/data/venv/lib/python3.12/site-packages/oslo_config/cfg.py:3006}}
Apr 15 06:10:28.587266 np0000166387 neutron-periodic-workers[106155]: DEBUG cotyledon.oslo_config_glue [-] ovn.ovn_dhcp4_global_options = {} {{(pid=106155) log_opt_values /opt/stack/data/venv/lib/python3.12/site-packages/oslo_config/cfg.py:3006}}
Apr 15 06:10:28.587351 np0000166387 neutron-periodic-workers[106155]: DEBUG cotyledon.oslo_config_glue [-] ovn.ovn_dhcp6_global_options = {} {{(pid=106155) log_opt_values /opt/stack/data/venv/lib/python3.12/site-packages/oslo_config/cfg.py:3006}}
Apr 15 06:10:28.587406 np0000166387 neutron-periodic-workers[106155]: DEBUG cotyledon.oslo_config_glue [-] ovn.ovn_l3_scheduler = leastloaded {{(pid=106155) log_opt_values /opt/stack/data/venv/lib/python3.12/site-packages/oslo_config/cfg.py:3006}}
Apr 15 06:10:28.587432 np0000166387 neutron-periodic-workers[106155]: DEBUG cotyledon.oslo_config_glue [-] ovn.ovn_metadata_enabled = True {{(pid=106155) log_opt_values /opt/stack/data/venv/lib/python3.12/site-packages/oslo_config/cfg.py:3006}}
Apr 15 06:10:28.587507 np0000166387 neutron-periodic-workers[106155]: DEBUG cotyledon.oslo_config_glue [-] ovn.ovn_nb_ca_cert = /opt/stack/data/CA/int-ca/ca-chain.pem {{(pid=106155) log_opt_values /opt/stack/data/venv/lib/python3.12/site-packages/oslo_config/cfg.py:3006}}
Apr 15 06:10:28.587597 np0000166387 neutron-periodic-workers[106155]: DEBUG cotyledon.oslo_config_glue [-] ovn.ovn_nb_certificate = /opt/stack/data/CA/int-ca/devstack-cert.crt {{(pid=106155) log_opt_values /opt/stack/data/venv/lib/python3.12/site-packages/oslo_config/cfg.py:3006}}
Apr 15 06:10:28.587658 np0000166387 neutron-periodic-workers[106155]: DEBUG cotyledon.oslo_config_glue [-] ovn.ovn_nb_connection = ['ssl:199.204.45.246:6641'] {{(pid=106155) log_opt_values /opt/stack/data/venv/lib/python3.12/site-packages/oslo_config/cfg.py:3006}}
Apr 15 06:10:28.587726 np0000166387 neutron-periodic-workers[106155]: DEBUG cotyledon.oslo_config_glue [-] ovn.ovn_nb_private_key = /opt/stack/data/CA/int-ca/private/devstack-cert.key {{(pid=106155) log_opt_values /opt/stack/data/venv/lib/python3.12/site-packages/oslo_config/cfg.py:3006}}
Apr 15 06:10:28.587784 np0000166387 neutron-periodic-workers[106155]: DEBUG cotyledon.oslo_config_glue [-] ovn.ovn_router_indirect_snat = False {{(pid=106155) log_opt_values /opt/stack/data/venv/lib/python3.12/site-packages/oslo_config/cfg.py:3006}}
Apr 15 06:10:28.587843 np0000166387 neutron-periodic-workers[106155]: DEBUG cotyledon.oslo_config_glue [-] ovn.ovn_sb_ca_cert = /opt/stack/data/CA/int-ca/ca-chain.pem {{(pid=106155) log_opt_values /opt/stack/data/venv/lib/python3.12/site-packages/oslo_config/cfg.py:3006}}
Apr 15 06:10:28.587899 np0000166387 neutron-periodic-workers[106155]: DEBUG cotyledon.oslo_config_glue [-] ovn.ovn_sb_certificate = /opt/stack/data/CA/int-ca/devstack-cert.crt {{(pid=106155) log_opt_values /opt/stack/data/venv/lib/python3.12/site-packages/oslo_config/cfg.py:3006}}
Apr 15 06:10:28.588160 np0000166387 neutron-periodic-workers[106155]: DEBUG cotyledon.oslo_config_glue [-] ovn.ovn_sb_connection = ['ssl:199.204.45.246:6642'] {{(pid=106155) log_opt_values /opt/stack/data/venv/lib/python3.12/site-packages/oslo_config/cfg.py:3006}}
Apr 15 06:10:28.588160 np0000166387 neutron-periodic-workers[106155]: DEBUG cotyledon.oslo_config_glue [-] ovn.ovn_sb_private_key = /opt/stack/data/CA/int-ca/private/devstack-cert.key {{(pid=106155) log_opt_values /opt/stack/data/venv/lib/python3.12/site-packages/oslo_config/cfg.py:3006}}
Apr 15 06:10:28.588160 np0000166387 neutron-periodic-workers[106155]: DEBUG cotyledon.oslo_config_glue [-] ovn.ovs_create_tap = False {{(pid=106155) log_opt_values /opt/stack/data/venv/lib/python3.12/site-packages/oslo_config/cfg.py:3006}}
Apr 15 06:10:28.588160 np0000166387 neutron-periodic-workers[106155]: DEBUG cotyledon.oslo_config_glue [-] ovn.ovsdb_connection_timeout = 180 {{(pid=106155) log_opt_values /opt/stack/data/venv/lib/python3.12/site-packages/oslo_config/cfg.py:3006}}
Apr 15 06:10:28.588160 np0000166387 neutron-periodic-workers[106155]: DEBUG cotyledon.oslo_config_glue [-] ovn.ovsdb_log_level = INFO {{(pid=106155) log_opt_values /opt/stack/data/venv/lib/python3.12/site-packages/oslo_config/cfg.py:3006}}
Apr 15 06:10:28.588326 np0000166387 neutron-periodic-workers[106155]: DEBUG cotyledon.oslo_config_glue [-] ovn.ovsdb_probe_interval = 60000 {{(pid=106155) log_opt_values /opt/stack/data/venv/lib/python3.12/site-packages/oslo_config/cfg.py:3006}}
Apr 15 06:10:28.588326 np0000166387 neutron-periodic-workers[106155]: DEBUG cotyledon.oslo_config_glue [-] ovn.ovsdb_retry_max_interval = 180 {{(pid=106155) log_opt_values /opt/stack/data/venv/lib/python3.12/site-packages/oslo_config/cfg.py:3006}}
Apr 15 06:10:28.588326 np0000166387 neutron-periodic-workers[106155]: DEBUG cotyledon.oslo_config_glue [-] ovn.stateless_nat_enabled = False {{(pid=106155) log_opt_values /opt/stack/data/venv/lib/python3.12/site-packages/oslo_config/cfg.py:3006}}
Apr 15 06:10:28.588434 np0000166387 neutron-periodic-workers[106155]: DEBUG cotyledon.oslo_config_glue [-] ovn.vhost_sock_dir = /var/run/openvswitch {{(pid=106155) log_opt_values /opt/stack/data/venv/lib/python3.12/site-packages/oslo_config/cfg.py:3006}}
Apr 15 06:10:28.588500 np0000166387 neutron-periodic-workers[106155]: DEBUG cotyledon.oslo_config_glue [-] OVS.bridge_mac_table_size = 50000 {{(pid=106155) log_opt_values /opt/stack/data/venv/lib/python3.12/site-packages/oslo_config/cfg.py:3006}}
Apr 15 06:10:28.588587 np0000166387 neutron-periodic-workers[106155]: DEBUG cotyledon.oslo_config_glue [-] OVS.igmp_flood = False {{(pid=106155) log_opt_values /opt/stack/data/venv/lib/python3.12/site-packages/oslo_config/cfg.py:3006}}
Apr 15 06:10:28.588587 np0000166387 neutron-periodic-workers[106155]: DEBUG cotyledon.oslo_config_glue [-] OVS.igmp_flood_reports = True {{(pid=106155) log_opt_values /opt/stack/data/venv/lib/python3.12/site-packages/oslo_config/cfg.py:3006}}
Apr 15 06:10:28.588711 np0000166387 neutron-periodic-workers[106155]: DEBUG cotyledon.oslo_config_glue [-] OVS.igmp_flood_unregistered = False {{(pid=106155) log_opt_values /opt/stack/data/venv/lib/python3.12/site-packages/oslo_config/cfg.py:3006}}
Apr 15 06:10:28.588711 np0000166387 neutron-periodic-workers[106155]: DEBUG cotyledon.oslo_config_glue [-] OVS.igmp_snooping_enable = False {{(pid=106155) log_opt_values /opt/stack/data/venv/lib/python3.12/site-packages/oslo_config/cfg.py:3006}}
Apr 15 06:10:28.588798 np0000166387 neutron-periodic-workers[106155]: DEBUG cotyledon.oslo_config_glue [-] OVS.ovsdb_timeout = 10 {{(pid=106155) log_opt_values /opt/stack/data/venv/lib/python3.12/site-packages/oslo_config/cfg.py:3006}}
Apr 15 06:10:28.588890 np0000166387 neutron-periodic-workers[106155]: DEBUG cotyledon.oslo_config_glue [-] ovn_nb_global.fdb_removal_limit = 0 {{(pid=106155) log_opt_values /opt/stack/data/venv/lib/python3.12/site-packages/oslo_config/cfg.py:3006}}
Apr 15 06:10:28.588890 np0000166387 neutron-periodic-workers[106155]: DEBUG cotyledon.oslo_config_glue [-] ovn_nb_global.ignore_lsp_down = False {{(pid=106155) log_opt_values /opt/stack/data/venv/lib/python3.12/site-packages/oslo_config/cfg.py:3006}}
Apr 15 06:10:28.589003 np0000166387 neutron-periodic-workers[106155]: DEBUG cotyledon.oslo_config_glue [-] ovn_nb_global.mac_binding_removal_limit = 0 {{(pid=106155) log_opt_values /opt/stack/data/venv/lib/python3.12/site-packages/oslo_config/cfg.py:3006}}
Apr 15 06:10:28.589003 np0000166387 neutron-periodic-workers[106155]: DEBUG cotyledon.oslo_config_glue [-] ******************************************************************************** {{(pid=106155) log_opt_values /opt/stack/data/venv/lib/python3.12/site-packages/oslo_config/cfg.py:3013}}
Apr 15 06:10:28.589319 np0000166387 neutron-periodic-workers[106155]: DEBUG cotyledon._service_worker [-] Run service ServiceWrapper(0) [106155] {{(pid=106155) wait_forever /opt/stack/data/venv/lib/python3.12/site-packages/cotyledon/_service_worker.py:218}}
Apr 15 06:10:38.237639 np0000166387 neutron-periodic-workers[105402]: DEBUG dbcounter [-] [105402] Writing DB stats neutron:SELECT=4 {{(pid=105402) stat_writer /opt/stack/data/venv/lib/python3.12/site-packages/dbcounter.py:115}}
Apr 15 06:11:35.548319 np0000166387 neutron-periodic-workers[106118]: DEBUG oslo_db.sqlalchemy.engines [None req-4943f42d-010e-4694-aab5-dfb968e07533 None None] Parent process 105402 forked (106118) with an open database connection, which is being discarded and recreated. {{(pid=106118) checkout /opt/stack/data/venv/lib/python3.12/site-packages/oslo_db/sqlalchemy/engines.py:402}}
Apr 15 06:11:35.556484 np0000166387 neutron-periodic-workers[106118]: DEBUG dbcounter [-] [106118] Writer thread running {{(pid=106118) stat_writer /opt/stack/data/venv/lib/python3.12/site-packages/dbcounter.py:102}}
Apr 15 06:11:35.564542 np0000166387 neutron-periodic-workers[106118]: DEBUG oslo.service.backend._threading.loopingcall [None req-4943f42d-010e-4694-aab5-dfb968e07533 None None] Fixed interval looping call 'neutron.plugins.ml2.plugin.DhcpAgentSchedulerDbMixin.remove_networks_from_down_agents' sleeping for 36.98 seconds {{(pid=106118) _run_loop /opt/stack/data/venv/lib/python3.12/site-packages/oslo_service/backend/_threading/loopingcall.py:125}}
Apr 15 06:11:37.569427 np0000166387 neutron-periodic-workers[106130]: DEBUG dbcounter [-] [106130] Writer thread running {{(pid=106130) stat_writer /opt/stack/data/venv/lib/python3.12/site-packages/dbcounter.py:102}}
Apr 15 06:11:37.573195 np0000166387 neutron-periodic-workers[106130]: DEBUG neutron.db.agents_db [None req-1ffaa15b-e52a-4379-8ca2-73a96d40bf3b None None] Agent healthcheck: found 0 active agents {{(pid=106130) agent_health_check /opt/stack/neutron/neutron/db/agents_db.py:317}}
Apr 15 06:11:37.573431 np0000166387 neutron-periodic-workers[106130]: DEBUG oslo.service.backend._threading.loopingcall [None req-1ffaa15b-e52a-4379-8ca2-73a96d40bf3b None None] Fixed interval looping call 'neutron.plugins.ml2.plugin.AgentDbMixin.agent_health_check' sleeping for 36.98 seconds {{(pid=106130) _run_loop /opt/stack/data/venv/lib/python3.12/site-packages/oslo_service/backend/_threading/loopingcall.py:125}}
Apr 15 06:11:45.563544 np0000166387 neutron-periodic-workers[106118]: DEBUG dbcounter [-] [106118] Writing DB stats neutron:SELECT=3 {{(pid=106118) stat_writer /opt/stack/data/venv/lib/python3.12/site-packages/dbcounter.py:115}}
Apr 15 06:11:47.570818 np0000166387 neutron-periodic-workers[106130]: DEBUG dbcounter [-] [106130] Writing DB stats neutron:SELECT=1 {{(pid=106130) stat_writer /opt/stack/data/venv/lib/python3.12/site-packages/dbcounter.py:115}}
Apr 15 06:12:12.553883 np0000166387 neutron-periodic-workers[106118]: DEBUG oslo.service.backend._threading.loopingcall [None req-4943f42d-010e-4694-aab5-dfb968e07533 None None] Fixed interval looping call 'neutron.plugins.ml2.plugin.DhcpAgentSchedulerDbMixin.remove_networks_from_down_agents' sleeping for 36.99 seconds {{(pid=106118) _run_loop /opt/stack/data/venv/lib/python3.12/site-packages/oslo_service/backend/_threading/loopingcall.py:125}}
Apr 15 06:12:14.558167 np0000166387 neutron-periodic-workers[106130]: DEBUG neutron.db.agents_db [None req-1ffaa15b-e52a-4379-8ca2-73a96d40bf3b None None] Agent healthcheck: found 0 active agents {{(pid=106130) agent_health_check /opt/stack/neutron/neutron/db/agents_db.py:317}}
Apr 15 06:12:14.559027 np0000166387 neutron-periodic-workers[106130]: DEBUG oslo.service.backend._threading.loopingcall [None req-1ffaa15b-e52a-4379-8ca2-73a96d40bf3b None None] Fixed interval looping call 'neutron.plugins.ml2.plugin.AgentDbMixin.agent_health_check' sleeping for 37.00 seconds {{(pid=106130) _run_loop /opt/stack/data/venv/lib/python3.12/site-packages/oslo_service/backend/_threading/loopingcall.py:125}}
Apr 15 06:12:22.552814 np0000166387 neutron-periodic-workers[106118]: DEBUG dbcounter [-] [106118] Writing DB stats neutron:SELECT=3 {{(pid=106118) stat_writer /opt/stack/data/venv/lib/python3.12/site-packages/dbcounter.py:115}}
Apr 15 06:12:24.557262 np0000166387 neutron-periodic-workers[106130]: DEBUG dbcounter [-] [106130] Writing DB stats neutron:SELECT=1 {{(pid=106130) stat_writer /opt/stack/data/venv/lib/python3.12/site-packages/dbcounter.py:115}}
Apr 15 06:12:28.596903 np0000166387 neutron-periodic-workers[106140]: DEBUG dbcounter [-] [106140] Writer thread running {{(pid=106140) stat_writer /opt/stack/data/venv/lib/python3.12/site-packages/dbcounter.py:102}}
Apr 15 06:12:28.598772 np0000166387 neutron-periodic-workers[106140]: DEBUG oslo.service.backend._threading.loopingcall [None req-2e7e2c30-3362-44ae-aec2-66c052fca227 None None] Fixed interval looping call 'neutron.db.quota.driver_nolock.DbQuotaNoLockDriver._remove_expired_reservations' sleeping for 119.98 seconds {{(pid=106140) _run_loop /opt/stack/data/venv/lib/python3.12/site-packages/oslo_service/backend/_threading/loopingcall.py:125}}
Apr 15 06:12:38.597692 np0000166387 neutron-periodic-workers[106140]: DEBUG dbcounter [-] [106140] Writing DB stats neutron:DELETE=1 {{(pid=106140) stat_writer /opt/stack/data/venv/lib/python3.12/site-packages/dbcounter.py:115}}
Apr 15 06:12:49.551902 np0000166387 neutron-periodic-workers[106118]: DEBUG oslo.service.backend._threading.loopingcall [None req-4943f42d-010e-4694-aab5-dfb968e07533 None None] Fixed interval looping call 'neutron.plugins.ml2.plugin.DhcpAgentSchedulerDbMixin.remove_networks_from_down_agents' sleeping for 36.99 seconds {{(pid=106118) _run_loop /opt/stack/data/venv/lib/python3.12/site-packages/oslo_service/backend/_threading/loopingcall.py:125}}
Apr 15 06:12:51.564418 np0000166387 neutron-periodic-workers[106130]: DEBUG neutron.db.agents_db [None req-1ffaa15b-e52a-4379-8ca2-73a96d40bf3b None None] Agent healthcheck: found 0 active agents {{(pid=106130) agent_health_check /opt/stack/neutron/neutron/db/agents_db.py:317}}
Apr 15 06:12:51.565026 np0000166387 neutron-periodic-workers[106130]: DEBUG oslo.service.backend._threading.loopingcall [None req-1ffaa15b-e52a-4379-8ca2-73a96d40bf3b None None] Fixed interval looping call 'neutron.plugins.ml2.plugin.AgentDbMixin.agent_health_check' sleeping for 36.99 seconds {{(pid=106130) _run_loop /opt/stack/data/venv/lib/python3.12/site-packages/oslo_service/backend/_threading/loopingcall.py:125}}
Apr 15 06:12:59.550871 np0000166387 neutron-periodic-workers[106118]: DEBUG dbcounter [-] [106118] Writing DB stats neutron:SELECT=3 {{(pid=106118) stat_writer /opt/stack/data/venv/lib/python3.12/site-packages/dbcounter.py:115}}
Apr 15 06:13:01.562881 np0000166387 neutron-periodic-workers[106130]: DEBUG dbcounter [-] [106130] Writing DB stats neutron:SELECT=1 {{(pid=106130) stat_writer /opt/stack/data/venv/lib/python3.12/site-packages/dbcounter.py:115}}
Apr 15 06:13:26.550312 np0000166387 neutron-periodic-workers[106118]: DEBUG oslo.service.backend._threading.loopingcall [None req-4943f42d-010e-4694-aab5-dfb968e07533 None None] Fixed interval looping call 'neutron.plugins.ml2.plugin.DhcpAgentSchedulerDbMixin.remove_networks_from_down_agents' sleeping for 36.99 seconds {{(pid=106118) _run_loop /opt/stack/data/venv/lib/python3.12/site-packages/oslo_service/backend/_threading/loopingcall.py:125}}
Apr 15 06:13:28.559980 np0000166387 neutron-periodic-workers[106130]: DEBUG neutron.db.agents_db [None req-1ffaa15b-e52a-4379-8ca2-73a96d40bf3b None None] Agent healthcheck: found 0 active agents {{(pid=106130) agent_health_check /opt/stack/neutron/neutron/db/agents_db.py:317}}
Apr 15 06:13:28.560611 np0000166387 neutron-periodic-workers[106130]: DEBUG oslo.service.backend._threading.loopingcall [None req-1ffaa15b-e52a-4379-8ca2-73a96d40bf3b None None] Fixed interval looping call 'neutron.plugins.ml2.plugin.AgentDbMixin.agent_health_check' sleeping for 36.99 seconds {{(pid=106130) _run_loop /opt/stack/data/venv/lib/python3.12/site-packages/oslo_service/backend/_threading/loopingcall.py:125}}
Apr 15 06:13:36.549981 np0000166387 neutron-periodic-workers[106118]: DEBUG dbcounter [-] [106118] Writing DB stats neutron:SELECT=3 {{(pid=106118) stat_writer /opt/stack/data/venv/lib/python3.12/site-packages/dbcounter.py:115}}
Apr 15 06:13:36.624819 np0000166387 neutron-periodic-workers[106155]: DEBUG dbcounter [-] [106155] Writer thread running {{(pid=106155) stat_writer /opt/stack/data/venv/lib/python3.12/site-packages/dbcounter.py:102}}
Apr 15 06:13:36.633966 np0000166387 neutron-periodic-workers[106155]: DEBUG oslo.service.backend._threading.loopingcall [None req-d7698eb4-b69f-4857-a9ca-6380dcc28e97 None None] Fixed interval looping call 'neutron.services.ovn_l3.plugin.L3_NAT_dbonly_mixin._clean_garbage' sleeping for 299.96 seconds {{(pid=106155) _run_loop /opt/stack/data/venv/lib/python3.12/site-packages/oslo_service/backend/_threading/loopingcall.py:125}}
Apr 15 06:13:38.558805 np0000166387 neutron-periodic-workers[106130]: DEBUG dbcounter [-] [106130] Writing DB stats neutron:SELECT=1 {{(pid=106130) stat_writer /opt/stack/data/venv/lib/python3.12/site-packages/dbcounter.py:115}}
Apr 15 06:13:46.625535 np0000166387 neutron-periodic-workers[106155]: DEBUG dbcounter [-] [106155] Writing DB stats neutron:SELECT=1 {{(pid=106155) stat_writer /opt/stack/data/venv/lib/python3.12/site-packages/dbcounter.py:115}}
Apr 15 06:14:03.549651 np0000166387 neutron-periodic-workers[106118]: DEBUG oslo.service.backend._threading.loopingcall [None req-4943f42d-010e-4694-aab5-dfb968e07533 None None] Fixed interval looping call 'neutron.plugins.ml2.plugin.DhcpAgentSchedulerDbMixin.remove_networks_from_down_agents' sleeping for 36.99 seconds {{(pid=106118) _run_loop /opt/stack/data/venv/lib/python3.12/site-packages/oslo_service/backend/_threading/loopingcall.py:125}}
Apr 15 06:14:05.553424 np0000166387 neutron-periodic-workers[106130]: DEBUG neutron.db.agents_db [None req-1ffaa15b-e52a-4379-8ca2-73a96d40bf3b None None] Agent healthcheck: found 0 active agents {{(pid=106130) agent_health_check /opt/stack/neutron/neutron/db/agents_db.py:317}}
Apr 15 06:14:05.554017 np0000166387 neutron-periodic-workers[106130]: DEBUG oslo.service.backend._threading.loopingcall [None req-1ffaa15b-e52a-4379-8ca2-73a96d40bf3b None None] Fixed interval looping call 'neutron.plugins.ml2.plugin.AgentDbMixin.agent_health_check' sleeping for 37.00 seconds {{(pid=106130) _run_loop /opt/stack/data/venv/lib/python3.12/site-packages/oslo_service/backend/_threading/loopingcall.py:125}}
Apr 15 06:14:13.548267 np0000166387 neutron-periodic-workers[106118]: DEBUG dbcounter [-] [106118] Writing DB stats neutron:SELECT=3 {{(pid=106118) stat_writer /opt/stack/data/venv/lib/python3.12/site-packages/dbcounter.py:115}}
Apr 15 06:14:15.554627 np0000166387 neutron-periodic-workers[106130]: DEBUG dbcounter [-] [106130] Writing DB stats neutron:SELECT=1 {{(pid=106130) stat_writer /opt/stack/data/venv/lib/python3.12/site-packages/dbcounter.py:115}}
Apr 15 06:14:28.585632 np0000166387 neutron-periodic-workers[106140]: DEBUG oslo.service.backend._threading.loopingcall [None req-2e7e2c30-3362-44ae-aec2-66c052fca227 None None] Fixed interval looping call 'neutron.db.quota.driver_nolock.DbQuotaNoLockDriver._remove_expired_reservations' sleeping for 119.99 seconds {{(pid=106140) _run_loop /opt/stack/data/venv/lib/python3.12/site-packages/oslo_service/backend/_threading/loopingcall.py:125}}
Apr 15 06:14:38.583798 np0000166387 neutron-periodic-workers[106140]: DEBUG dbcounter [-] [106140] Writing DB stats neutron:DELETE=1 {{(pid=106140) stat_writer /opt/stack/data/venv/lib/python3.12/site-packages/dbcounter.py:115}}
Apr 15 06:14:40.550908 np0000166387 neutron-periodic-workers[106118]: DEBUG oslo.service.backend._threading.loopingcall [None req-4943f42d-010e-4694-aab5-dfb968e07533 None None] Fixed interval looping call 'neutron.plugins.ml2.plugin.DhcpAgentSchedulerDbMixin.remove_networks_from_down_agents' sleeping for 36.99 seconds {{(pid=106118) _run_loop /opt/stack/data/venv/lib/python3.12/site-packages/oslo_service/backend/_threading/loopingcall.py:125}}
Apr 15 06:14:42.559074 np0000166387 neutron-periodic-workers[106130]: DEBUG neutron.db.agents_db [None req-1ffaa15b-e52a-4379-8ca2-73a96d40bf3b None None] Agent healthcheck: found 0 active agents {{(pid=106130) agent_health_check /opt/stack/neutron/neutron/db/agents_db.py:317}}
Apr 15 06:14:42.559827 np0000166387 neutron-periodic-workers[106130]: DEBUG oslo.service.backend._threading.loopingcall [None req-1ffaa15b-e52a-4379-8ca2-73a96d40bf3b None None] Fixed interval looping call 'neutron.plugins.ml2.plugin.AgentDbMixin.agent_health_check' sleeping for 36.99 seconds {{(pid=106130) _run_loop /opt/stack/data/venv/lib/python3.12/site-packages/oslo_service/backend/_threading/loopingcall.py:125}}
Apr 15 06:14:50.549970 np0000166387 neutron-periodic-workers[106118]: DEBUG dbcounter [-] [106118] Writing DB stats neutron:SELECT=3 {{(pid=106118) stat_writer /opt/stack/data/venv/lib/python3.12/site-packages/dbcounter.py:115}}
Apr 15 06:14:52.557430 np0000166387 neutron-periodic-workers[106130]: DEBUG dbcounter [-] [106130] Writing DB stats neutron:SELECT=1 {{(pid=106130) stat_writer /opt/stack/data/venv/lib/python3.12/site-packages/dbcounter.py:115}}
Apr 15 06:15:17.550539 np0000166387 neutron-periodic-workers[106118]: DEBUG oslo.service.backend._threading.loopingcall [None req-4943f42d-010e-4694-aab5-dfb968e07533 None None] Fixed interval looping call 'neutron.plugins.ml2.plugin.DhcpAgentSchedulerDbMixin.remove_networks_from_down_agents' sleeping for 36.99 seconds {{(pid=106118) _run_loop /opt/stack/data/venv/lib/python3.12/site-packages/oslo_service/backend/_threading/loopingcall.py:125}}
Apr 15 06:15:19.557533 np0000166387 neutron-periodic-workers[106130]: DEBUG neutron.db.agents_db [None req-1ffaa15b-e52a-4379-8ca2-73a96d40bf3b None None] Agent healthcheck: found 0 active agents {{(pid=106130) agent_health_check /opt/stack/neutron/neutron/db/agents_db.py:317}}
Apr 15 06:15:19.558260 np0000166387 neutron-periodic-workers[106130]: DEBUG oslo.service.backend._threading.loopingcall [None req-1ffaa15b-e52a-4379-8ca2-73a96d40bf3b None None] Fixed interval looping call 'neutron.plugins.ml2.plugin.AgentDbMixin.agent_health_check' sleeping for 36.99 seconds {{(pid=106130) _run_loop /opt/stack/data/venv/lib/python3.12/site-packages/oslo_service/backend/_threading/loopingcall.py:125}}
Apr 15 06:15:27.549536 np0000166387 neutron-periodic-workers[106118]: DEBUG dbcounter [-] [106118] Writing DB stats neutron:SELECT=3 {{(pid=106118) stat_writer /opt/stack/data/venv/lib/python3.12/site-packages/dbcounter.py:115}}
Apr 15 06:15:29.553898 np0000166387 neutron-periodic-workers[106130]: DEBUG dbcounter [-] [106130] Writing DB stats neutron:SELECT=1 {{(pid=106130) stat_writer /opt/stack/data/venv/lib/python3.12/site-packages/dbcounter.py:115}}
Apr 15 06:15:54.552274 np0000166387 neutron-periodic-workers[106118]: DEBUG oslo.service.backend._threading.loopingcall [None req-4943f42d-010e-4694-aab5-dfb968e07533 None None] Fixed interval looping call 'neutron.plugins.ml2.plugin.DhcpAgentSchedulerDbMixin.remove_networks_from_down_agents' sleeping for 36.99 seconds {{(pid=106118) _run_loop /opt/stack/data/venv/lib/python3.12/site-packages/oslo_service/backend/_threading/loopingcall.py:125}}
Apr 15 06:15:56.553051 np0000166387 neutron-periodic-workers[106130]: DEBUG neutron.db.agents_db [None req-1ffaa15b-e52a-4379-8ca2-73a96d40bf3b None None] Agent healthcheck: found 0 active agents {{(pid=106130) agent_health_check /opt/stack/neutron/neutron/db/agents_db.py:317}}
Apr 15 06:15:56.553602 np0000166387 neutron-periodic-workers[106130]: DEBUG oslo.service.backend._threading.loopingcall [None req-1ffaa15b-e52a-4379-8ca2-73a96d40bf3b None None] Fixed interval looping call 'neutron.plugins.ml2.plugin.AgentDbMixin.agent_health_check' sleeping for 36.99 seconds {{(pid=106130) _run_loop /opt/stack/data/venv/lib/python3.12/site-packages/oslo_service/backend/_threading/loopingcall.py:125}}
Apr 15 06:16:04.551096 np0000166387 neutron-periodic-workers[106118]: DEBUG dbcounter [-] [106118] Writing DB stats neutron:SELECT=3 {{(pid=106118) stat_writer /opt/stack/data/venv/lib/python3.12/site-packages/dbcounter.py:115}}
Apr 15 06:16:06.551293 np0000166387 neutron-periodic-workers[106130]: DEBUG dbcounter [-] [106130] Writing DB stats neutron:SELECT=1 {{(pid=106130) stat_writer /opt/stack/data/venv/lib/python3.12/site-packages/dbcounter.py:115}}
Apr 15 06:16:28.583615 np0000166387 neutron-periodic-workers[106140]: DEBUG oslo.service.backend._threading.loopingcall [None req-2e7e2c30-3362-44ae-aec2-66c052fca227 None None] Fixed interval looping call 'neutron.db.quota.driver_nolock.DbQuotaNoLockDriver._remove_expired_reservations' sleeping for 119.99 seconds {{(pid=106140) _run_loop /opt/stack/data/venv/lib/python3.12/site-packages/oslo_service/backend/_threading/loopingcall.py:125}}
Apr 15 06:16:31.553926 np0000166387 neutron-periodic-workers[106118]: DEBUG oslo.service.backend._threading.loopingcall [None req-4943f42d-010e-4694-aab5-dfb968e07533 None None] Fixed interval looping call 'neutron.plugins.ml2.plugin.DhcpAgentSchedulerDbMixin.remove_networks_from_down_agents' sleeping for 36.99 seconds {{(pid=106118) _run_loop /opt/stack/data/venv/lib/python3.12/site-packages/oslo_service/backend/_threading/loopingcall.py:125}}
Apr 15 06:16:33.549939 np0000166387 neutron-periodic-workers[106130]: DEBUG neutron.db.agents_db [None req-1ffaa15b-e52a-4379-8ca2-73a96d40bf3b None None] Agent healthcheck: found 0 active agents {{(pid=106130) agent_health_check /opt/stack/neutron/neutron/db/agents_db.py:317}}
Apr 15 06:16:33.550722 np0000166387 neutron-periodic-workers[106130]: DEBUG oslo.service.backend._threading.loopingcall [None req-1ffaa15b-e52a-4379-8ca2-73a96d40bf3b None None] Fixed interval looping call 'neutron.plugins.ml2.plugin.AgentDbMixin.agent_health_check' sleeping for 36.99 seconds {{(pid=106130) _run_loop /opt/stack/data/venv/lib/python3.12/site-packages/oslo_service/backend/_threading/loopingcall.py:125}}
Apr 15 06:16:38.582519 np0000166387 neutron-periodic-workers[106140]: DEBUG dbcounter [-] [106140] Writing DB stats neutron:DELETE=1 {{(pid=106140) stat_writer /opt/stack/data/venv/lib/python3.12/site-packages/dbcounter.py:115}}
Apr 15 06:16:41.552903 np0000166387 neutron-periodic-workers[106118]: DEBUG dbcounter [-] [106118] Writing DB stats neutron:SELECT=3 {{(pid=106118) stat_writer /opt/stack/data/venv/lib/python3.12/site-packages/dbcounter.py:115}}
Apr 15 06:16:43.548540 np0000166387 neutron-periodic-workers[106130]: DEBUG dbcounter [-] [106130] Writing DB stats neutron:SELECT=1 {{(pid=106130) stat_writer /opt/stack/data/venv/lib/python3.12/site-packages/dbcounter.py:115}}
Apr 15 06:17:08.554099 np0000166387 neutron-periodic-workers[106118]: DEBUG oslo.service.backend._threading.loopingcall [None req-4943f42d-010e-4694-aab5-dfb968e07533 None None] Fixed interval looping call 'neutron.plugins.ml2.plugin.DhcpAgentSchedulerDbMixin.remove_networks_from_down_agents' sleeping for 36.99 seconds {{(pid=106118) _run_loop /opt/stack/data/venv/lib/python3.12/site-packages/oslo_service/backend/_threading/loopingcall.py:125}}
Apr 15 06:17:10.545774 np0000166387 neutron-periodic-workers[106130]: DEBUG neutron.db.agents_db [None req-1ffaa15b-e52a-4379-8ca2-73a96d40bf3b None None] Agent healthcheck: found 0 active agents {{(pid=106130) agent_health_check /opt/stack/neutron/neutron/db/agents_db.py:317}}
Apr 15 06:17:10.546284 np0000166387 neutron-periodic-workers[106130]: DEBUG oslo.service.backend._threading.loopingcall [None req-1ffaa15b-e52a-4379-8ca2-73a96d40bf3b None None] Fixed interval looping call 'neutron.plugins.ml2.plugin.AgentDbMixin.agent_health_check' sleeping for 36.99 seconds {{(pid=106130) _run_loop /opt/stack/data/venv/lib/python3.12/site-packages/oslo_service/backend/_threading/loopingcall.py:125}}
Apr 15 06:17:18.551403 np0000166387 neutron-periodic-workers[106118]: DEBUG dbcounter [-] [106118] Writing DB stats neutron:SELECT=3 {{(pid=106118) stat_writer /opt/stack/data/venv/lib/python3.12/site-packages/dbcounter.py:115}}
Apr 15 06:17:20.543736 np0000166387 neutron-periodic-workers[106130]: DEBUG dbcounter [-] [106130] Writing DB stats neutron:SELECT=1 {{(pid=106130) stat_writer /opt/stack/data/venv/lib/python3.12/site-packages/dbcounter.py:115}}
Apr 15 06:17:45.553665 np0000166387 neutron-periodic-workers[106118]: DEBUG oslo.service.backend._threading.loopingcall [None req-4943f42d-010e-4694-aab5-dfb968e07533 None None] Fixed interval looping call 'neutron.plugins.ml2.plugin.DhcpAgentSchedulerDbMixin.remove_networks_from_down_agents' sleeping for 36.99 seconds {{(pid=106118) _run_loop /opt/stack/data/venv/lib/python3.12/site-packages/oslo_service/backend/_threading/loopingcall.py:125}}
Apr 15 06:17:47.540807 np0000166387 neutron-periodic-workers[106130]: DEBUG neutron.db.agents_db [None req-1ffaa15b-e52a-4379-8ca2-73a96d40bf3b None None] Agent healthcheck: found 0 active agents {{(pid=106130) agent_health_check /opt/stack/neutron/neutron/db/agents_db.py:317}}
Apr 15 06:17:47.540807 np0000166387 neutron-periodic-workers[106130]: DEBUG oslo.service.backend._threading.loopingcall [None req-1ffaa15b-e52a-4379-8ca2-73a96d40bf3b None None] Fixed interval looping call 'neutron.plugins.ml2.plugin.AgentDbMixin.agent_health_check' sleeping for 37.00 seconds {{(pid=106130) _run_loop /opt/stack/data/venv/lib/python3.12/site-packages/oslo_service/backend/_threading/loopingcall.py:125}}
Apr 15 06:17:55.552724 np0000166387 neutron-periodic-workers[106118]: DEBUG dbcounter [-] [106118] Writing DB stats neutron:SELECT=3 {{(pid=106118) stat_writer /opt/stack/data/venv/lib/python3.12/site-packages/dbcounter.py:115}}
Apr 15 06:17:57.539529 np0000166387 neutron-periodic-workers[106130]: DEBUG dbcounter [-] [106130] Writing DB stats neutron:SELECT=1 {{(pid=106130) stat_writer /opt/stack/data/venv/lib/python3.12/site-packages/dbcounter.py:115}}
Apr 15 06:18:22.552744 np0000166387 neutron-periodic-workers[106118]: DEBUG oslo.service.backend._threading.loopingcall [None req-4943f42d-010e-4694-aab5-dfb968e07533 None None] Fixed interval looping call 'neutron.plugins.ml2.plugin.DhcpAgentSchedulerDbMixin.remove_networks_from_down_agents' sleeping for 36.99 seconds {{(pid=106118) _run_loop /opt/stack/data/venv/lib/python3.12/site-packages/oslo_service/backend/_threading/loopingcall.py:125}}
Apr 15 06:18:24.553242 np0000166387 neutron-periodic-workers[106130]: DEBUG neutron.db.agents_db [None req-1ffaa15b-e52a-4379-8ca2-73a96d40bf3b None None] Agent healthcheck: found 0 active agents {{(pid=106130) agent_health_check /opt/stack/neutron/neutron/db/agents_db.py:317}}
Apr 15 06:18:24.553763 np0000166387 neutron-periodic-workers[106130]: DEBUG oslo.service.backend._threading.loopingcall [None req-1ffaa15b-e52a-4379-8ca2-73a96d40bf3b None None] Fixed interval looping call 'neutron.plugins.ml2.plugin.AgentDbMixin.agent_health_check' sleeping for 36.99 seconds {{(pid=106130) _run_loop /opt/stack/data/venv/lib/python3.12/site-packages/oslo_service/backend/_threading/loopingcall.py:125}}
Apr 15 06:18:28.578034 np0000166387 neutron-periodic-workers[106140]: DEBUG oslo.service.backend._threading.loopingcall [None req-2e7e2c30-3362-44ae-aec2-66c052fca227 None None] Fixed interval looping call 'neutron.db.quota.driver_nolock.DbQuotaNoLockDriver._remove_expired_reservations' sleeping for 120.00 seconds {{(pid=106140) _run_loop /opt/stack/data/venv/lib/python3.12/site-packages/oslo_service/backend/_threading/loopingcall.py:125}}
Apr 15 06:18:32.551672 np0000166387 neutron-periodic-workers[106118]: DEBUG dbcounter [-] [106118] Writing DB stats neutron:SELECT=3 {{(pid=106118) stat_writer /opt/stack/data/venv/lib/python3.12/site-packages/dbcounter.py:115}}
Apr 15 06:18:34.544441 np0000166387 neutron-periodic-workers[106130]: DEBUG dbcounter [-] [106130] Writing DB stats neutron:SELECT=1 {{(pid=106130) stat_writer /opt/stack/data/venv/lib/python3.12/site-packages/dbcounter.py:115}}
Apr 15 06:18:36.671289 np0000166387 neutron-periodic-workers[106155]: DEBUG oslo.service.backend._threading.loopingcall [None req-d7698eb4-b69f-4857-a9ca-6380dcc28e97 None None] Fixed interval looping call 'neutron.services.ovn_l3.plugin.L3_NAT_dbonly_mixin._clean_garbage' sleeping for 299.92 seconds {{(pid=106155) _run_loop /opt/stack/data/venv/lib/python3.12/site-packages/oslo_service/backend/_threading/loopingcall.py:125}}
Apr 15 06:18:38.576913 np0000166387 neutron-periodic-workers[106140]: DEBUG dbcounter [-] [106140] Writing DB stats neutron:DELETE=1 {{(pid=106140) stat_writer /opt/stack/data/venv/lib/python3.12/site-packages/dbcounter.py:115}}
Apr 15 06:18:46.597436 np0000166387 neutron-periodic-workers[106155]: DEBUG dbcounter [-] [106155] Writing DB stats neutron:SELECT=1 {{(pid=106155) stat_writer /opt/stack/data/venv/lib/python3.12/site-packages/dbcounter.py:115}}
Apr 15 06:18:59.551265 np0000166387 neutron-periodic-workers[106118]: DEBUG oslo.service.backend._threading.loopingcall [None req-4943f42d-010e-4694-aab5-dfb968e07533 None None] Fixed interval looping call 'neutron.plugins.ml2.plugin.DhcpAgentSchedulerDbMixin.remove_networks_from_down_agents' sleeping for 36.99 seconds {{(pid=106118) _run_loop /opt/stack/data/venv/lib/python3.12/site-packages/oslo_service/backend/_threading/loopingcall.py:125}}
Apr 15 06:19:01.548081 np0000166387 neutron-periodic-workers[106130]: DEBUG neutron.db.agents_db [None req-1ffaa15b-e52a-4379-8ca2-73a96d40bf3b None None] Agent healthcheck: found 0 active agents {{(pid=106130) agent_health_check /opt/stack/neutron/neutron/db/agents_db.py:317}}
Apr 15 06:19:01.548785 np0000166387 neutron-periodic-workers[106130]: DEBUG oslo.service.backend._threading.loopingcall [None req-1ffaa15b-e52a-4379-8ca2-73a96d40bf3b None None] Fixed interval looping call 'neutron.plugins.ml2.plugin.AgentDbMixin.agent_health_check' sleeping for 37.00 seconds {{(pid=106130) _run_loop /opt/stack/data/venv/lib/python3.12/site-packages/oslo_service/backend/_threading/loopingcall.py:125}}
Apr 15 06:19:09.550182 np0000166387 neutron-periodic-workers[106118]: DEBUG dbcounter [-] [106118] Writing DB stats neutron:SELECT=3 {{(pid=106118) stat_writer /opt/stack/data/venv/lib/python3.12/site-packages/dbcounter.py:115}}
Apr 15 06:19:11.546785 np0000166387 neutron-periodic-workers[106130]: DEBUG dbcounter [-] [106130] Writing DB stats neutron:SELECT=1 {{(pid=106130) stat_writer /opt/stack/data/venv/lib/python3.12/site-packages/dbcounter.py:115}}
Apr 15 06:19:36.551850 np0000166387 neutron-periodic-workers[106118]: DEBUG oslo.service.backend._threading.loopingcall [None req-4943f42d-010e-4694-aab5-dfb968e07533 None None] Fixed interval looping call 'neutron.plugins.ml2.plugin.DhcpAgentSchedulerDbMixin.remove_networks_from_down_agents' sleeping for 36.99 seconds {{(pid=106118) _run_loop /opt/stack/data/venv/lib/python3.12/site-packages/oslo_service/backend/_threading/loopingcall.py:125}}
Apr 15 06:19:38.554928 np0000166387 neutron-periodic-workers[106130]: DEBUG neutron.db.agents_db [None req-1ffaa15b-e52a-4379-8ca2-73a96d40bf3b None None] Agent healthcheck: found 0 active agents {{(pid=106130) agent_health_check /opt/stack/neutron/neutron/db/agents_db.py:317}}
Apr 15 06:19:38.555949 np0000166387 neutron-periodic-workers[106130]: DEBUG oslo.service.backend._threading.loopingcall [None req-1ffaa15b-e52a-4379-8ca2-73a96d40bf3b None None] Fixed interval looping call 'neutron.plugins.ml2.plugin.AgentDbMixin.agent_health_check' sleeping for 36.99 seconds {{(pid=106130) _run_loop /opt/stack/data/venv/lib/python3.12/site-packages/oslo_service/backend/_threading/loopingcall.py:125}}
Apr 15 06:19:46.551275 np0000166387 neutron-periodic-workers[106118]: DEBUG dbcounter [-] [106118] Writing DB stats neutron:SELECT=3 {{(pid=106118) stat_writer /opt/stack/data/venv/lib/python3.12/site-packages/dbcounter.py:115}}
Apr 15 06:19:48.552462 np0000166387 neutron-periodic-workers[106130]: DEBUG dbcounter [-] [106130] Writing DB stats neutron:SELECT=1 {{(pid=106130) stat_writer /opt/stack/data/venv/lib/python3.12/site-packages/dbcounter.py:115}}
Apr 15 06:20:13.551748 np0000166387 neutron-periodic-workers[106118]: DEBUG oslo.service.backend._threading.loopingcall [None req-4943f42d-010e-4694-aab5-dfb968e07533 None None] Fixed interval looping call 'neutron.plugins.ml2.plugin.DhcpAgentSchedulerDbMixin.remove_networks_from_down_agents' sleeping for 36.99 seconds {{(pid=106118) _run_loop /opt/stack/data/venv/lib/python3.12/site-packages/oslo_service/backend/_threading/loopingcall.py:125}}
Apr 15 06:20:15.549686 np0000166387 neutron-periodic-workers[106130]: DEBUG neutron.db.agents_db [None req-1ffaa15b-e52a-4379-8ca2-73a96d40bf3b None None] Agent healthcheck: found 0 active agents {{(pid=106130) agent_health_check /opt/stack/neutron/neutron/db/agents_db.py:317}}
Apr 15 06:20:15.550361 np0000166387 neutron-periodic-workers[106130]: DEBUG oslo.service.backend._threading.loopingcall [None req-1ffaa15b-e52a-4379-8ca2-73a96d40bf3b None None] Fixed interval looping call 'neutron.plugins.ml2.plugin.AgentDbMixin.agent_health_check' sleeping for 37.00 seconds {{(pid=106130) _run_loop /opt/stack/data/venv/lib/python3.12/site-packages/oslo_service/backend/_threading/loopingcall.py:125}}
Apr 15 06:20:23.550646 np0000166387 neutron-periodic-workers[106118]: DEBUG dbcounter [-] [106118] Writing DB stats neutron:SELECT=3 {{(pid=106118) stat_writer /opt/stack/data/venv/lib/python3.12/site-packages/dbcounter.py:115}}
