2026-06-24 14:31:19.025 7 INFO placement.requestlog [None req-6f65aa06-8213-45fa-ad9a-1d417ecbc537 5177dcf216e44ac2a769dc3e0840c3bb 352c077f8b574df5a89666a435e43d6d - - 23babc78c1634f95b27487dfe2f3be5a 23babc78c1634f95b27487dfe2f3be5a] 10.0.0.236 "DELETE /resource_providers/28f73d72-bb10-4462-a817-df57a2ff50fc" status: 404 len: 246 microversion: 1.1 [pid: 7|app: 0|req: 485/961] 10.0.0.236 () {34 vars in 825 bytes} [Wed Jun 24 14:31:19 2026] DELETE /resource_providers/28f73d72-bb10-4462-a817-df57a2ff50fc => generated 246 bytes in 10 msecs (HTTP/1.1 404) 6 headers in 231 bytes (1 switches on core 0)
2026-06-24 14:31:19.041 8 INFO placement.requestlog [None req-b559e43c-6233-4a7a-b699-0294d50b779f 5177dcf216e44ac2a769dc3e0840c3bb 352c077f8b574df5a89666a435e43d6d - - 23babc78c1634f95b27487dfe2f3be5a 23babc78c1634f95b27487dfe2f3be5a] 10.0.0.236 "GET /resource_providers/0f8cf1cf-ba38-4870-81d5-497bd96e999f/aggregates" status: 404 len: 235 microversion: 1.1 [pid: 8|app: 0|req: 477/962] 10.0.0.236 () {32 vars in 825 bytes} [Wed Jun 24 14:31:19 2026] GET /resource_providers/0f8cf1cf-ba38-4870-81d5-497bd96e999f/aggregates => generated 235 bytes in 6 msecs (HTTP/1.1 404) 5 headers in 202 bytes (1 switches on core 0)
2026-06-24 14:31:19.053 8 INFO placement.requestlog [None req-fd00e562-bab2-4915-9f87-b179cb615d09 5177dcf216e44ac2a769dc3e0840c3bb 352c077f8b574df5a89666a435e43d6d - - 23babc78c1634f95b27487dfe2f3be5a 23babc78c1634f95b27487dfe2f3be5a] 10.0.0.236 "DELETE /resource_providers/0f8cf1cf-ba38-4870-81d5-497bd96e999f" status: 404 len: 246 microversion: 1.1 [pid: 8|app: 0|req: 478/963] 10.0.0.236 () {34 vars in 825 bytes} [Wed Jun 24 14:31:19 2026] DELETE /resource_providers/0f8cf1cf-ba38-4870-81d5-497bd96e999f => generated 246 bytes in 6 msecs (HTTP/1.1 404) 6 headers in 231 bytes (1 switches on core 0)
2026-06-24 14:31:19.054 7 INFO placement.requestlog [None req-aa8f25db-241e-43ae-a477-93b046ea4ef0 5177dcf216e44ac2a769dc3e0840c3bb 352c077f8b574df5a89666a435e43d6d - - 23babc78c1634f95b27487dfe2f3be5a 23babc78c1634f95b27487dfe2f3be5a] 10.0.0.236 "GET /resource_providers/0f8cf1cf-ba38-4870-81d5-497bd96e999f/aggregates" status: 404 len: 235 microversion: 1.1 [pid: 7|app: 0|req: 486/964] 10.0.0.236 () {32 vars in 825 bytes} [Wed Jun 24 14:31:19 2026] GET /resource_providers/0f8cf1cf-ba38-4870-81d5-497bd96e999f/aggregates => generated 235 bytes in 13 msecs (HTTP/1.1 404) 5 headers in 202 bytes (1 switches on core 0)
2026-06-24 14:31:19.080 7 INFO placement.requestlog [None req-a29b1ca7-154b-4386-af12-f1069e9bc825 5177dcf216e44ac2a769dc3e0840c3bb 352c077f8b574df5a89666a435e43d6d - - 23babc78c1634f95b27487dfe2f3be5a 23babc78c1634f95b27487dfe2f3be5a] 10.0.0.236 "DELETE /resource_providers/0f8cf1cf-ba38-4870-81d5-497bd96e999f" status: 404 len: 246 microversion: 1.1 [pid: 7|app: 0|req: 487/965] 10.0.0.236 () {34 vars in 825 bytes} [Wed Jun 24 14:31:19 2026] DELETE /resource_providers/0f8cf1cf-ba38-4870-81d5-497bd96e999f => generated 246 bytes in 10 msecs (HTTP/1.1 404) 6 headers in 231 bytes (1 switches on core 0)
2026-06-24 14:31:19.082 8 INFO placement.requestlog [None req-ef336119-249a-49b1-9252-f56550fd1498 5177dcf216e44ac2a769dc3e0840c3bb 352c077f8b574df5a89666a435e43d6d - - 23babc78c1634f95b27487dfe2f3be5a 23babc78c1634f95b27487dfe2f3be5a] 10.0.0.236 "GET /resource_providers/e68dbf4c-71fb-4291-b442-391f87931253/aggregates" status: 404 len: 235 microversion: 1.1 [pid: 8|app: 0|req: 479/966] 10.0.0.236 () {32 vars in 825 bytes} [Wed Jun 24 14:31:19 2026] GET /resource_providers/e68dbf4c-71fb-4291-b442-391f87931253/aggregates => generated 235 bytes in 11 msecs (HTTP/1.1 404) 5 headers in 202 bytes (1 switches on core 0)
2026-06-24 14:31:19.106 7 INFO placement.requestlog [None req-1c248d33-3426-4883-829c-bc8ece6b65d2 5177dcf216e44ac2a769dc3e0840c3bb 352c077f8b574df5a89666a435e43d6d - - 23babc78c1634f95b27487dfe2f3be5a 23babc78c1634f95b27487dfe2f3be5a] 10.0.0.236 "DELETE /resource_providers/e68dbf4c-71fb-4291-b442-391f87931253" status: 404 len: 246 microversion: 1.1 [pid: 7|app: 0|req: 488/967] 10.0.0.236 () {34 vars in 825 bytes} [Wed Jun 24 14:31:19 2026] DELETE /resource_providers/e68dbf4c-71fb-4291-b442-391f87931253 => generated 246 bytes in 9 msecs (HTTP/1.1 404) 6 headers in 231 bytes (1 switches on core 0)
2026-06-24 14:31:19.109 8 INFO placement.requestlog [None req-169be020-a115-4914-a601-09c9d9fc4b72 5177dcf216e44ac2a769dc3e0840c3bb 352c077f8b574df5a89666a435e43d6d - - 23babc78c1634f95b27487dfe2f3be5a 23babc78c1634f95b27487dfe2f3be5a] 10.0.0.236 "GET /resource_providers/e68dbf4c-71fb-4291-b442-391f87931253/aggregates" status: 404 len: 235 microversion: 1.1 [pid: 8|app: 0|req: 480/968] 10.0.0.236 () {32 vars in 825 bytes} [Wed Jun 24 14:31:19 2026] GET /resource_providers/e68dbf4c-71fb-4291-b442-391f87931253/aggregates => generated 235 bytes in 12 msecs (HTTP/1.1 404) 5 headers in 202 bytes (1 switches on core 0)
2026-06-24 14:31:19.127 7 INFO placement.requestlog [None req-d7466cae-1a61-4d9c-8d3f-a9acdfa6b660 5177dcf216e44ac2a769dc3e0840c3bb 352c077f8b574df5a89666a435e43d6d - - 23babc78c1634f95b27487dfe2f3be5a 23babc78c1634f95b27487dfe2f3be5a] 10.0.0.236 "DELETE /resource_providers/e68dbf4c-71fb-4291-b442-391f87931253" status: 404 len: 246 microversion: 1.1 [pid: 7|app: 0|req: 489/969] 10.0.0.236 () {34 vars in 825 bytes} [Wed Jun 24 14:31:19 2026] DELETE /resource_providers/e68dbf4c-71fb-4291-b442-391f87931253 => generated 246 bytes in 9 msecs (HTTP/1.1 404) 6 headers in 231 bytes (1 switches on core 0)
2026-06-24 14:31:20.313 8 INFO placement.requestlog [None req-1073bd92-b36c-4ffd-83cc-d0d296af059a - - - - - -] 10.0.0.105 "GET /" status: 200 len: 136 microversion: 1.0
2026-06-24 14:31:20.313 7 INFO placement.requestlog [None req-4f1243de-ccef-4fd2-baa4-1d2595c134c8 - - - - - -] 10.0.0.105 "GET /" status: 200 len: 136 microversion: 1.0
2026-06-24 14:31:21.781 8 INFO placement.requestlog [req-de2d2585-8aac-4de0-97bd-b244d1cff67d req-ec44c5db-815b-44bf-a685-979a9a34f936 6cd3ca30512c4044b9cde79ce53f49df 352c077f8b574df5a89666a435e43d6d - - 23babc78c1634f95b27487dfe2f3be5a 23babc78c1634f95b27487dfe2f3be5a] 199.19.213.65 "GET /resource_providers/b84adaf5-a93f-4aea-b4ee-190ee90330c4/allocations" status: 200 len: 253 microversion: 1.0 [pid: 8|app: 0|req: 482/972] 199.19.213.65 () {32 vars in 856 bytes} [Wed Jun 24 14:31:21 2026] GET /resource_providers/b84adaf5-a93f-4aea-b4ee-190ee90330c4/allocations => generated 253 bytes in 22 msecs (HTTP/1.1 200) 6 headers in 224 bytes (1 switches on core 0)
2026-06-24 14:31:21.803 7 INFO placement.requestlog [req-de2d2585-8aac-4de0-97bd-b244d1cff67d req-152752db-e03c-4564-9211-fe1c60c09b40 6cd3ca30512c4044b9cde79ce53f49df 352c077f8b574df5a89666a435e43d6d - - 23babc78c1634f95b27487dfe2f3be5a 23babc78c1634f95b27487dfe2f3be5a] 199.19.213.65 "GET /allocations/444c73c0-970e-4c92-bf8d-5c08fab06998" status: 200 len: 258 microversion: 1.28 [pid: 7|app: 0|req: 491/973] 199.19.213.65 () {34 vars in 862 bytes} [Wed Jun 24 14:31:21 2026] GET /allocations/444c73c0-970e-4c92-bf8d-5c08fab06998 => generated 258 bytes in 15 msecs (HTTP/1.1 200) 8 headers in 296 bytes (1 switches on core 0)
2026-06-24 14:31:21.830 8 INFO placement.requestlog [req-de2d2585-8aac-4de0-97bd-b244d1cff67d req-0413126d-1dbb-4929-a6ad-3d90e0bd1f31 6cd3ca30512c4044b9cde79ce53f49df 352c077f8b574df5a89666a435e43d6d - - 23babc78c1634f95b27487dfe2f3be5a 23babc78c1634f95b27487dfe2f3be5a] 199.19.213.65 "GET /allocations/12eb7e48-2cb6-4555-b669-17ec9c5e903a" status: 200 len: 258 microversion: 1.28 [pid: 8|app: 0|req: 483/974] 199.19.213.65 () {34 vars in 862 bytes} [Wed Jun 24 14:31:21 2026] GET /allocations/12eb7e48-2cb6-4555-b669-17ec9c5e903a => generated 258 bytes in 15 msecs (HTTP/1.1 200) 8 headers in 296 bytes (1 switches on core 0)
2026-06-24 14:31:21.908 7 INFO placement.requestlog [req-de2d2585-8aac-4de0-97bd-b244d1cff67d req-af7e5253-5580-4638-b0c8-af7a653684a6 6cd3ca30512c4044b9cde79ce53f49df 352c077f8b574df5a89666a435e43d6d - - 23babc78c1634f95b27487dfe2f3be5a 23babc78c1634f95b27487dfe2f3be5a] 199.19.213.65 "DELETE /allocations/12eb7e48-2cb6-4555-b669-17ec9c5e903a" status: 204 len: 0 microversion: 1.0 [pid: 7|app: 0|req: 492/975] 199.19.213.65 () {34 vars in 840 bytes} [Wed Jun 24 14:31:21 2026] DELETE /allocations/12eb7e48-2cb6-4555-b669-17ec9c5e903a => generated 0 bytes in 22 msecs (HTTP/1.1 204) 5 headers in 198 bytes (1 switches on core 0)
2026-06-24 14:31:23.707 8 INFO placement.requestlog [req-b9378822-1af1-4088-94e0-f3127140a65c req-fd88a380-00f1-4a12-89f9-3547c301501e 6cd3ca30512c4044b9cde79ce53f49df 352c077f8b574df5a89666a435e43d6d - - 23babc78c1634f95b27487dfe2f3be5a 23babc78c1634f95b27487dfe2f3be5a] 199.19.213.65 "GET /resource_providers/b84adaf5-a93f-4aea-b4ee-190ee90330c4/allocations" status: 200 len: 153 microversion: 1.0 [pid: 8|app: 0|req: 484/976] 199.19.213.65 () {32 vars in 856 bytes} [Wed Jun 24 14:31:23 2026] GET /resource_providers/b84adaf5-a93f-4aea-b4ee-190ee90330c4/allocations => generated 153 bytes in 39 msecs (HTTP/1.1 200) 6 headers in 224 bytes (1 switches on core 0)
2026-06-24 14:31:23.737 7 INFO placement.requestlog [req-b9378822-1af1-4088-94e0-f3127140a65c req-59508b03-6ff6-411f-a010-1f9a9b29b2aa 6cd3ca30512c4044b9cde79ce53f49df 352c077f8b574df5a89666a435e43d6d - - 23babc78c1634f95b27487dfe2f3be5a 23babc78c1634f95b27487dfe2f3be5a] 199.19.213.65 "GET /resource_providers/b84adaf5-a93f-4aea-b4ee-190ee90330c4/allocations" status: 200 len: 153 microversion: 1.0 [pid: 7|app: 0|req: 493/977] 199.19.213.65 () {32 vars in 856 bytes} [Wed Jun 24 14:31:23 2026] GET /resource_providers/b84adaf5-a93f-4aea-b4ee-190ee90330c4/allocations => generated 153 bytes in 21 msecs (HTTP/1.1 200) 6 headers in 224 bytes (1 switches on core 0)
2026-06-24 14:31:23.765 8 INFO placement.requestlog [req-b9378822-1af1-4088-94e0-f3127140a65c req-adcf38db-801e-4851-920f-425abee4a6b6 6cd3ca30512c4044b9cde79ce53f49df 352c077f8b574df5a89666a435e43d6d - - 23babc78c1634f95b27487dfe2f3be5a 23babc78c1634f95b27487dfe2f3be5a] 199.19.213.65 "GET /allocations/444c73c0-970e-4c92-bf8d-5c08fab06998" status: 200 len: 258 microversion: 1.28 [pid: 8|app: 0|req: 485/978] 199.19.213.65 () {34 vars in 862 bytes} [Wed Jun 24 14:31:23 2026] GET /allocations/444c73c0-970e-4c92-bf8d-5c08fab06998 => generated 258 bytes in 19 msecs (HTTP/1.1 200) 8 headers in 296 bytes (1 switches on core 0)
2026-06-24 14:31:24.586 7 INFO placement.requestlog [req-6867a1d8-f29b-459c-ae13-d41ec33fffcf req-82ca93bc-3e5f-4a27-b5e4-f8b9c6e70192 6cd3ca30512c4044b9cde79ce53f49df 352c077f8b574df5a89666a435e43d6d - - 23babc78c1634f95b27487dfe2f3be5a 23babc78c1634f95b27487dfe2f3be5a] 199.19.213.65 "GET /resource_providers/b84adaf5-a93f-4aea-b4ee-190ee90330c4/allocations" status: 200 len: 153 microversion: 1.0 [pid: 7|app: 0|req: 494/979] 199.19.213.65 () {32 vars in 856 bytes} [Wed Jun 24 14:31:24 2026] GET /resource_providers/b84adaf5-a93f-4aea-b4ee-190ee90330c4/allocations => generated 153 bytes in 16 msecs (HTTP/1.1 200) 6 headers in 224 bytes (1 switches on core 0)
2026-06-24 14:31:24.609 8 INFO placement.requestlog [req-6867a1d8-f29b-459c-ae13-d41ec33fffcf req-34abc322-155d-405f-9998-cce6665749c0 6cd3ca30512c4044b9cde79ce53f49df 352c077f8b574df5a89666a435e43d6d - - 23babc78c1634f95b27487dfe2f3be5a 23babc78c1634f95b27487dfe2f3be5a] 199.19.213.65 "GET /allocations/444c73c0-970e-4c92-bf8d-5c08fab06998" status: 200 len: 258 microversion: 1.28 [pid: 8|app: 0|req: 486/980] 199.19.213.65 () {34 vars in 862 bytes} [Wed Jun 24 14:31:24 2026] GET /allocations/444c73c0-970e-4c92-bf8d-5c08fab06998 => generated 258 bytes in 15 msecs (HTTP/1.1 200) 8 headers in 296 bytes (1 switches on core 0)
2026-06-24 14:31:24.692 7 INFO placement.requestlog [req-6867a1d8-f29b-459c-ae13-d41ec33fffcf req-45e9ab84-124d-4126-acff-37bae11be237 6cd3ca30512c4044b9cde79ce53f49df 352c077f8b574df5a89666a435e43d6d - - 23babc78c1634f95b27487dfe2f3be5a 23babc78c1634f95b27487dfe2f3be5a] 199.19.213.65 "DELETE /allocations/444c73c0-970e-4c92-bf8d-5c08fab06998" status: 204 len: 0 microversion: 1.0 [pid: 7|app: 0|req: 495/981] 199.19.213.65 () {34 vars in 840 bytes} [Wed Jun 24 14:31:24 2026] DELETE /allocations/444c73c0-970e-4c92-bf8d-5c08fab06998 => generated 0 bytes in 35 msecs (HTTP/1.1 204) 5 headers in 198 bytes (1 switches on core 0)
2026-06-24 14:31:25.716 8 INFO placement.requestlog [None req-f42ba963-62de-4b06-bd7c-e0a59a1c659b 5177dcf216e44ac2a769dc3e0840c3bb 352c077f8b574df5a89666a435e43d6d - - 23babc78c1634f95b27487dfe2f3be5a 23babc78c1634f95b27487dfe2f3be5a] 10.0.0.236 "GET /resource_providers/f0ad485d-ad5a-4a69-a0f6-08a2dc5eed26/aggregates" status: 404 len: 235 microversion: 1.1 [pid: 8|app: 0|req: 487/982] 10.0.0.236 () {32 vars in 825 bytes} [Wed Jun 24 14:31:25 2026] GET /resource_providers/f0ad485d-ad5a-4a69-a0f6-08a2dc5eed26/aggregates => generated 235 bytes in 13 msecs (HTTP/1.1 404) 5 headers in 202 bytes (1 switches on core 0)
2026-06-24 14:31:25.721 7 INFO placement.requestlog [None req-11555d76-33db-4ba0-8342-08b87f3af4d7 5177dcf216e44ac2a769dc3e0840c3bb 352c077f8b574df5a89666a435e43d6d - - 23babc78c1634f95b27487dfe2f3be5a 23babc78c1634f95b27487dfe2f3be5a] 10.0.0.236 "GET /resource_providers/f0ad485d-ad5a-4a69-a0f6-08a2dc5eed26/aggregates" status: 404 len: 235 microversion: 1.1 [pid: 7|app: 0|req: 496/983] 10.0.0.236 () {32 vars in 825 bytes} [Wed Jun 24 14:31:25 2026] GET /resource_providers/f0ad485d-ad5a-4a69-a0f6-08a2dc5eed26/aggregates => generated 235 bytes in 18 msecs (HTTP/1.1 404) 5 headers in 202 bytes (1 switches on core 0)
2026-06-24 14:31:25.740 8 INFO placement.requestlog [None req-79e7844a-4c61-4df1-bffc-a364b859dfdd 5177dcf216e44ac2a769dc3e0840c3bb 352c077f8b574df5a89666a435e43d6d - - 23babc78c1634f95b27487dfe2f3be5a 23babc78c1634f95b27487dfe2f3be5a] 10.0.0.236 "DELETE /resource_providers/f0ad485d-ad5a-4a69-a0f6-08a2dc5eed26" status: 404 len: 246 microversion: 1.1 [pid: 8|app: 0|req: 488/984] 10.0.0.236 () {34 vars in 825 bytes} [Wed Jun 24 14:31:25 2026] DELETE /resource_providers/f0ad485d-ad5a-4a69-a0f6-08a2dc5eed26 => generated 246 bytes in 10 msecs (HTTP/1.1 404) 6 headers in 231 bytes (1 switches on core 0)
2026-06-24 14:31:25.759 7 INFO placement.requestlog [None req-bd8b0419-2cb1-4dd0-8cb6-dd37fd8b0ff7 5177dcf216e44ac2a769dc3e0840c3bb 352c077f8b574df5a89666a435e43d6d - - 23babc78c1634f95b27487dfe2f3be5a 23babc78c1634f95b27487dfe2f3be5a] 10.0.0.236 "DELETE /resource_providers/f0ad485d-ad5a-4a69-a0f6-08a2dc5eed26" status: 404 len: 246 microversion: 1.1 [pid: 7|app: 0|req: 497/985] 10.0.0.236 () {34 vars in 825 bytes} [Wed Jun 24 14:31:25 2026] DELETE /resource_providers/f0ad485d-ad5a-4a69-a0f6-08a2dc5eed26 => generated 246 bytes in 14 msecs (HTTP/1.1 404) 6 headers in 231 bytes (1 switches on core 0)
2026-06-24 14:31:26.247 8 INFO placement.requestlog [None req-1e246a43-7e7c-4068-b013-da6a47f3a51d 5177dcf216e44ac2a769dc3e0840c3bb 352c077f8b574df5a89666a435e43d6d - - 23babc78c1634f95b27487dfe2f3be5a 23babc78c1634f95b27487dfe2f3be5a] 10.0.0.236 "GET /resource_providers/36c21462-8e25-4f47-8c48-3c8e745e0732/aggregates" status: 404 len: 235 microversion: 1.1 [pid: 8|app: 0|req: 489/986] 10.0.0.236 () {32 vars in 825 bytes} [Wed Jun 24 14:31:26 2026] GET /resource_providers/36c21462-8e25-4f47-8c48-3c8e745e0732/aggregates => generated 235 bytes in 10 msecs (HTTP/1.1 404) 5 headers in 202 bytes (1 switches on core 0)
2026-06-24 14:31:26.249 7 INFO placement.requestlog [None req-97491cf0-b8a2-4dc2-9755-19de0a60851c 5177dcf216e44ac2a769dc3e0840c3bb 352c077f8b574df5a89666a435e43d6d - - 23babc78c1634f95b27487dfe2f3be5a 23babc78c1634f95b27487dfe2f3be5a] 10.0.0.236 "GET /resource_providers/36c21462-8e25-4f47-8c48-3c8e745e0732/aggregates" status: 404 len: 235 microversion: 1.1 [pid: 7|app: 0|req: 498/987] 10.0.0.236 () {32 vars in 825 bytes} [Wed Jun 24 14:31:26 2026] GET /resource_providers/36c21462-8e25-4f47-8c48-3c8e745e0732/aggregates => generated 235 bytes in 8 msecs (HTTP/1.1 404) 5 headers in 202 bytes (1 switches on core 0)
2026-06-24 14:31:26.284 8 INFO placement.requestlog [None req-f7ded4fa-5db4-42a8-bd05-6864295a0c7b 5177dcf216e44ac2a769dc3e0840c3bb 352c077f8b574df5a89666a435e43d6d - - 23babc78c1634f95b27487dfe2f3be5a 23babc78c1634f95b27487dfe2f3be5a] 10.0.0.236 "DELETE /resource_providers/36c21462-8e25-4f47-8c48-3c8e745e0732" status: 404 len: 246 microversion: 1.1 [pid: 8|app: 0|req: 490/988] 10.0.0.236 () {34 vars in 825 bytes} [Wed Jun 24 14:31:26 2026] DELETE /resource_providers/36c21462-8e25-4f47-8c48-3c8e745e0732 => generated 246 bytes in 12 msecs (HTTP/1.1 404) 6 headers in 231 bytes (1 switches on core 0)
2026-06-24 14:31:26.286 7 INFO placement.requestlog [None req-cfd24c4a-8c7d-4ec8-9e9e-5ecc963ac4dd 5177dcf216e44ac2a769dc3e0840c3bb 352c077f8b574df5a89666a435e43d6d - - 23babc78c1634f95b27487dfe2f3be5a 23babc78c1634f95b27487dfe2f3be5a] 10.0.0.236 "DELETE /resource_providers/36c21462-8e25-4f47-8c48-3c8e745e0732" status: 404 len: 246 microversion: 1.1 [pid: 7|app: 0|req: 499/989] 10.0.0.236 () {34 vars in 825 bytes} [Wed Jun 24 14:31:26 2026] DELETE /resource_providers/36c21462-8e25-4f47-8c48-3c8e745e0732 => generated 246 bytes in 13 msecs (HTTP/1.1 404) 6 headers in 231 bytes (1 switches on core 0)
2026-06-24 14:31:27.772 8 INFO placement.requestlog [None req-e9cb6b66-106e-4236-b0c2-1745b8ad96f9 5177dcf216e44ac2a769dc3e0840c3bb 352c077f8b574df5a89666a435e43d6d - - 23babc78c1634f95b27487dfe2f3be5a 23babc78c1634f95b27487dfe2f3be5a] 10.0.0.236 "GET /resource_providers/4babd12a-b53f-4b73-99d0-6f7a0d94bd6d/aggregates" status: 404 len: 235 microversion: 1.1 [pid: 8|app: 0|req: 491/990] 10.0.0.236 () {32 vars in 825 bytes} [Wed Jun 24 14:31:27 2026] GET /resource_providers/4babd12a-b53f-4b73-99d0-6f7a0d94bd6d/aggregates => generated 235 bytes in 15 msecs (HTTP/1.1 404) 5 headers in 202 bytes (1 switches on core 0)
2026-06-24 14:31:27.779 7 INFO placement.requestlog [None req-31a89cd5-7b74-4f78-ba31-40b0de82e36a 5177dcf216e44ac2a769dc3e0840c3bb 352c077f8b574df5a89666a435e43d6d - - 23babc78c1634f95b27487dfe2f3be5a 23babc78c1634f95b27487dfe2f3be5a] 10.0.0.236 "GET /resource_providers/4babd12a-b53f-4b73-99d0-6f7a0d94bd6d/aggregates" status: 404 len: 235 microversion: 1.1 [pid: 7|app: 0|req: 500/991] 10.0.0.236 () {32 vars in 825 bytes} [Wed Jun 24 14:31:27 2026] GET /resource_providers/4babd12a-b53f-4b73-99d0-6f7a0d94bd6d/aggregates => generated 235 bytes in 9 msecs (HTTP/1.1 404) 5 headers in 202 bytes (1 switches on core 0)
2026-06-24 14:31:27.789 8 INFO placement.requestlog [None req-927e5ea1-0b9c-464f-a688-5ab3afd6feac 5177dcf216e44ac2a769dc3e0840c3bb 352c077f8b574df5a89666a435e43d6d - - 23babc78c1634f95b27487dfe2f3be5a 23babc78c1634f95b27487dfe2f3be5a] 10.0.0.236 "DELETE /resource_providers/4babd12a-b53f-4b73-99d0-6f7a0d94bd6d" status: 404 len: 246 microversion: 1.1 [pid: 8|app: 0|req: 492/992] 10.0.0.236 () {34 vars in 825 bytes} [Wed Jun 24 14:31:27 2026] DELETE /resource_providers/4babd12a-b53f-4b73-99d0-6f7a0d94bd6d => generated 246 bytes in 11 msecs (HTTP/1.1 404) 6 headers in 231 bytes (1 switches on core 0)
2026-06-24 14:31:27.801 7 INFO placement.requestlog [None req-5688d2af-3142-4ac2-aa40-5c3074e8f17c 5177dcf216e44ac2a769dc3e0840c3bb 352c077f8b574df5a89666a435e43d6d - - 23babc78c1634f95b27487dfe2f3be5a 23babc78c1634f95b27487dfe2f3be5a] 10.0.0.236 "DELETE /resource_providers/4babd12a-b53f-4b73-99d0-6f7a0d94bd6d" status: 404 len: 246 microversion: 1.1 [pid: 7|app: 0|req: 501/993] 10.0.0.236 () {34 vars in 825 bytes} [Wed Jun 24 14:31:27 2026] DELETE /resource_providers/4babd12a-b53f-4b73-99d0-6f7a0d94bd6d => generated 246 bytes in 7 msecs (HTTP/1.1 404) 6 headers in 231 bytes (1 switches on core 0)
2026-06-24 14:31:28.303 8 INFO placement.requestlog [None req-44eb2f7f-4add-49f9-b08c-9f2e2c58b3d9 5177dcf216e44ac2a769dc3e0840c3bb 352c077f8b574df5a89666a435e43d6d - - 23babc78c1634f95b27487dfe2f3be5a 23babc78c1634f95b27487dfe2f3be5a] 10.0.0.236 "GET /resource_providers/19aef9cb-334d-4003-a577-440b8927aa33/aggregates" status: 404 len: 235 microversion: 1.1 [pid: 8|app: 0|req: 493/994] 10.0.0.236 () {32 vars in 825 bytes} [Wed Jun 24 14:31:28 2026] GET /resource_providers/19aef9cb-334d-4003-a577-440b8927aa33/aggregates => generated 235 bytes in 11 msecs (HTTP/1.1 404) 5 headers in 202 bytes (1 switches on core 0)
2026-06-24 14:31:28.315 7 INFO placement.requestlog [None req-57a7feee-5283-4129-8dad-1dd3b8500250 5177dcf216e44ac2a769dc3e0840c3bb 352c077f8b574df5a89666a435e43d6d - - 23babc78c1634f95b27487dfe2f3be5a 23babc78c1634f95b27487dfe2f3be5a] 10.0.0.236 "GET /resource_providers/19aef9cb-334d-4003-a577-440b8927aa33/aggregates" status: 404 len: 235 microversion: 1.1 [pid: 7|app: 0|req: 502/995] 10.0.0.236 () {32 vars in 825 bytes} [Wed Jun 24 14:31:28 2026] GET /resource_providers/19aef9cb-334d-4003-a577-440b8927aa33/aggregates => generated 235 bytes in 18 msecs (HTTP/1.1 404) 5 headers in 202 bytes (1 switches on core 0)
2026-06-24 14:31:28.317 8 INFO placement.requestlog [None req-df46ac42-f709-48f2-b440-8238cca68fd5 5177dcf216e44ac2a769dc3e0840c3bb 352c077f8b574df5a89666a435e43d6d - - 23babc78c1634f95b27487dfe2f3be5a 23babc78c1634f95b27487dfe2f3be5a] 10.0.0.236 "DELETE /resource_providers/19aef9cb-334d-4003-a577-440b8927aa33" status: 404 len: 246 microversion: 1.1 [pid: 8|app: 0|req: 494/996] 10.0.0.236 () {34 vars in 825 bytes} [Wed Jun 24 14:31:28 2026] DELETE /resource_providers/19aef9cb-334d-4003-a577-440b8927aa33 => generated 246 bytes in 8 msecs (HTTP/1.1 404) 6 headers in 231 bytes (1 switches on core 0)
2026-06-24 14:31:28.333 7 INFO placement.requestlog [None req-9a185f96-d1e8-47f8-a238-3685c4c20007 5177dcf216e44ac2a769dc3e0840c3bb 352c077f8b574df5a89666a435e43d6d - - 23babc78c1634f95b27487dfe2f3be5a 23babc78c1634f95b27487dfe2f3be5a] 10.0.0.236 "DELETE /resource_providers/19aef9cb-334d-4003-a577-440b8927aa33" status: 404 len: 246 microversion: 1.1 [pid: 7|app: 0|req: 503/997] 10.0.0.236 () {34 vars in 825 bytes} [Wed Jun 24 14:31:28 2026] DELETE /resource_providers/19aef9cb-334d-4003-a577-440b8927aa33 => generated 246 bytes in 13 msecs (HTTP/1.1 404) 6 headers in 231 bytes (1 switches on core 0)
2026-06-24 14:31:28.340 8 INFO placement.requestlog [None req-3c7887de-4150-4c99-a103-5d05598eddef 5177dcf216e44ac2a769dc3e0840c3bb 352c077f8b574df5a89666a435e43d6d - - 23babc78c1634f95b27487dfe2f3be5a 23babc78c1634f95b27487dfe2f3be5a] 10.0.0.236 "GET /resource_providers/9cc1cecb-65a5-41af-8f16-533476185b0d/aggregates" status: 404 len: 235 microversion: 1.1 [pid: 8|app: 0|req: 495/998] 10.0.0.236 () {32 vars in 825 bytes} [Wed Jun 24 14:31:28 2026] GET /resource_providers/9cc1cecb-65a5-41af-8f16-533476185b0d/aggregates => generated 235 bytes in 11 msecs (HTTP/1.1 404) 5 headers in 202 bytes (1 switches on core 0)
2026-06-24 14:31:28.349 7 INFO placement.requestlog [None req-21f68b48-89b6-4e86-bd02-3e064de8209d 5177dcf216e44ac2a769dc3e0840c3bb 352c077f8b574df5a89666a435e43d6d - - 23babc78c1634f95b27487dfe2f3be5a 23babc78c1634f95b27487dfe2f3be5a] 10.0.0.236 "GET /resource_providers/9cc1cecb-65a5-41af-8f16-533476185b0d/aggregates" status: 404 len: 235 microversion: 1.1 [pid: 7|app: 0|req: 504/999] 10.0.0.236 () {32 vars in 825 bytes} [Wed Jun 24 14:31:28 2026] GET /resource_providers/9cc1cecb-65a5-41af-8f16-533476185b0d/aggregates => generated 235 bytes in 9 msecs (HTTP/1.1 404) 5 headers in 202 bytes (1 switches on core 0)
2026-06-24 14:31:28.351 8 INFO placement.requestlog [None req-772d3bc2-624b-429e-a735-e0ba73f82c29 5177dcf216e44ac2a769dc3e0840c3bb 352c077f8b574df5a89666a435e43d6d - - 23babc78c1634f95b27487dfe2f3be5a 23babc78c1634f95b27487dfe2f3be5a] 10.0.0.236 "DELETE /resource_providers/9cc1cecb-65a5-41af-8f16-533476185b0d" status: 404 len: 246 microversion: 1.1 [pid: 8|app: 0|req: 496/1000] 10.0.0.236 () {34 vars in 825 bytes} [Wed Jun 24 14:31:28 2026] DELETE /resource_providers/9cc1cecb-65a5-41af-8f16-533476185b0d => generated 246 bytes in 7 msecs (HTTP/1.1 404) 6 headers in 231 bytes (1 switches on core 0)
2026-06-24 14:31:28.373 7 INFO placement.requestlog [None req-a795a90e-d149-41c2-bd0f-43044102a97e 5177dcf216e44ac2a769dc3e0840c3bb 352c077f8b574df5a89666a435e43d6d - - 23babc78c1634f95b27487dfe2f3be5a 23babc78c1634f95b27487dfe2f3be5a] 10.0.0.236 "DELETE /resource_providers/9cc1cecb-65a5-41af-8f16-533476185b0d" status: 404 len: 246 microversion: 1.1 [pid: 7|app: 0|req: 505/1001] 10.0.0.236 () {34 vars in 825 bytes} [Wed Jun 24 14:31:28 2026] DELETE /resource_providers/9cc1cecb-65a5-41af-8f16-533476185b0d => generated 246 bytes in 17 msecs (HTTP/1.1 404) 6 headers in 231 bytes (1 switches on core 0)
2026-06-24 14:31:29.481 8 INFO placement.requestlog [req-a0430fa6-deea-4047-adfb-59731deef5fd req-9851d720-f4d4-470a-b255-6d2ebf1c6b58 6cd3ca30512c4044b9cde79ce53f49df 352c077f8b574df5a89666a435e43d6d - - 23babc78c1634f95b27487dfe2f3be5a 23babc78c1634f95b27487dfe2f3be5a] 10.0.0.91 "GET /allocation_candidates?limit=1000&resources=DISK_GB%3A1%2CMEMORY_MB%3A512%2CVCPU%3A1&root_required=%21COMPUTE_STATUS_DISABLED" status: 200 len: 2147 microversion: 1.36 [pid: 8|app: 0|req: 497/1002] 10.0.0.91 () {34 vars in 1011 bytes} [Wed Jun 24 14:31:29 2026] GET /allocation_candidates?limit=1000&resources=DISK_GB%3A1%2CMEMORY_MB%3A512%2CVCPU%3A1&root_required=%21COMPUTE_STATUS_DISABLED => generated 2147 bytes in 57 msecs (HTTP/1.1 200) 8 headers in 297 bytes (1 switches on core 0)
2026-06-24 14:31:29.512 7 INFO placement.requestlog [req-a0430fa6-deea-4047-adfb-59731deef5fd req-a177b35f-c35e-43b1-be01-d290e44c58c6 6cd3ca30512c4044b9cde79ce53f49df 352c077f8b574df5a89666a435e43d6d - - 23babc78c1634f95b27487dfe2f3be5a 23babc78c1634f95b27487dfe2f3be5a] 10.0.0.91 "GET /allocations/bf363087-0b0b-4956-bd41-e173226c597f" status: 200 len: 19 microversion: 1.28 [pid: 7|app: 0|req: 506/1003] 10.0.0.91 () {34 vars in 860 bytes} [Wed Jun 24 14:31:29 2026] GET /allocations/bf363087-0b0b-4956-bd41-e173226c597f => generated 19 bytes in 15 msecs (HTTP/1.1 200) 8 headers in 295 bytes (1 switches on core 0)
2026-06-24 14:31:29.585 8 INFO placement.requestlog [req-a0430fa6-deea-4047-adfb-59731deef5fd req-6d917b2f-3b57-4e55-856b-70ad855b2b14 6cd3ca30512c4044b9cde79ce53f49df 352c077f8b574df5a89666a435e43d6d - - 23babc78c1634f95b27487dfe2f3be5a 23babc78c1634f95b27487dfe2f3be5a] 10.0.0.91 "PUT /allocations/bf363087-0b0b-4956-bd41-e173226c597f" status: 204 len: 0 microversion: 1.36 [pid: 8|app: 0|req: 498/1004] 10.0.0.91 () {38 vars in 913 bytes} [Wed Jun 24 14:31:29 2026] PUT /allocations/bf363087-0b0b-4956-bd41-e173226c597f => generated 0 bytes in 66 msecs (HTTP/1.1 204) 5 headers in 199 bytes (1 switches on core 0)
2026-06-24 14:31:29.812 7 INFO placement.requestlog [None req-a34b56bf-6210-4c8f-86dc-1333610b2e8e 5177dcf216e44ac2a769dc3e0840c3bb 352c077f8b574df5a89666a435e43d6d - - 23babc78c1634f95b27487dfe2f3be5a 23babc78c1634f95b27487dfe2f3be5a] 10.0.0.236 "GET /resource_providers/2b5d20ed-66cf-4ee6-838e-09dfa5ff99dc/aggregates" status: 404 len: 235 microversion: 1.1 [pid: 7|app: 0|req: 507/1005] 10.0.0.236 () {32 vars in 825 bytes} [Wed Jun 24 14:31:29 2026] GET /resource_providers/2b5d20ed-66cf-4ee6-838e-09dfa5ff99dc/aggregates => generated 235 bytes in 10 msecs (HTTP/1.1 404) 5 headers in 202 bytes (1 switches on core 0)
2026-06-24 14:31:29.824 8 INFO placement.requestlog [None req-8678cb5b-1b3d-4731-b20c-de2dc4859bea 5177dcf216e44ac2a769dc3e0840c3bb 352c077f8b574df5a89666a435e43d6d - - 23babc78c1634f95b27487dfe2f3be5a 23babc78c1634f95b27487dfe2f3be5a] 10.0.0.236 "GET /resource_providers/2b5d20ed-66cf-4ee6-838e-09dfa5ff99dc/aggregates" status: 404 len: 235 microversion: 1.1 [pid: 8|app: 0|req: 499/1006] 10.0.0.236 () {32 vars in 825 bytes} [Wed Jun 24 14:31:29 2026] GET /resource_providers/2b5d20ed-66cf-4ee6-838e-09dfa5ff99dc/aggregates => generated 235 bytes in 12 msecs (HTTP/1.1 404) 5 headers in 202 bytes (1 switches on core 0)
2026-06-24 14:31:29.832 7 INFO placement.requestlog [None req-1f767513-ca56-4db7-a844-cb51df37afdf 5177dcf216e44ac2a769dc3e0840c3bb 352c077f8b574df5a89666a435e43d6d - - 23babc78c1634f95b27487dfe2f3be5a 23babc78c1634f95b27487dfe2f3be5a] 10.0.0.236 "DELETE /resource_providers/2b5d20ed-66cf-4ee6-838e-09dfa5ff99dc" status: 404 len: 246 microversion: 1.1 [pid: 7|app: 0|req: 508/1007] 10.0.0.236 () {34 vars in 825 bytes} [Wed Jun 24 14:31:29 2026] DELETE /resource_providers/2b5d20ed-66cf-4ee6-838e-09dfa5ff99dc => generated 246 bytes in 12 msecs (HTTP/1.1 404) 6 headers in 231 bytes (1 switches on core 0)
2026-06-24 14:31:29.842 8 INFO placement.requestlog [None req-1abe3d0f-b022-46fb-9f83-7afdab883672 5177dcf216e44ac2a769dc3e0840c3bb 352c077f8b574df5a89666a435e43d6d - - 23babc78c1634f95b27487dfe2f3be5a 23babc78c1634f95b27487dfe2f3be5a] 10.0.0.236 "DELETE /resource_providers/2b5d20ed-66cf-4ee6-838e-09dfa5ff99dc" status: 404 len: 246 microversion: 1.1 [pid: 8|app: 0|req: 500/1008] 10.0.0.236 () {34 vars in 825 bytes} [Wed Jun 24 14:31:29 2026] DELETE /resource_providers/2b5d20ed-66cf-4ee6-838e-09dfa5ff99dc => generated 246 bytes in 10 msecs (HTTP/1.1 404) 6 headers in 231 bytes (1 switches on core 0)
2026-06-24 14:31:29.853 7 INFO placement.requestlog [req-a0430fa6-deea-4047-adfb-59731deef5fd req-62ddc309-c408-4293-91a0-db19cd45883b 6cd3ca30512c4044b9cde79ce53f49df 352c077f8b574df5a89666a435e43d6d - - 23babc78c1634f95b27487dfe2f3be5a 23babc78c1634f95b27487dfe2f3be5a] 199.19.213.65 "GET /allocations/bf363087-0b0b-4956-bd41-e173226c597f" status: 200 len: 258 microversion: 1.28 [pid: 7|app: 0|req: 509/1009] 199.19.213.65 () {34 vars in 862 bytes} [Wed Jun 24 14:31:29 2026] GET /allocations/bf363087-0b0b-4956-bd41-e173226c597f => generated 258 bytes in 13 msecs (HTTP/1.1 200) 8 headers in 296 bytes (1 switches on core 0)
2026-06-24 14:31:29.966 8 INFO placement.requestlog [req-a0430fa6-deea-4047-adfb-59731deef5fd req-40aa9395-e953-4a0c-9dc6-b80117be1397 6cd3ca30512c4044b9cde79ce53f49df 352c077f8b574df5a89666a435e43d6d - - 23babc78c1634f95b27487dfe2f3be5a 23babc78c1634f95b27487dfe2f3be5a] 199.19.213.65 "GET /resource_providers/b84adaf5-a93f-4aea-b4ee-190ee90330c4/allocations" status: 200 len: 153 microversion: 1.0 [pid: 8|app: 0|req: 501/1010] 199.19.213.65 () {32 vars in 856 bytes} [Wed Jun 24 14:31:29 2026] GET /resource_providers/b84adaf5-a93f-4aea-b4ee-190ee90330c4/allocations => generated 153 bytes in 19 msecs (HTTP/1.1 200) 6 headers in 224 bytes (1 switches on core 0)
2026-06-24 14:31:29.990 7 INFO placement.requestlog [req-a0430fa6-deea-4047-adfb-59731deef5fd req-1a480eb2-e463-4dc9-b68e-9e5b00812d5f 6cd3ca30512c4044b9cde79ce53f49df 352c077f8b574df5a89666a435e43d6d - - 23babc78c1634f95b27487dfe2f3be5a 23babc78c1634f95b27487dfe2f3be5a] 199.19.213.65 "GET /allocations/bf363087-0b0b-4956-bd41-e173226c597f" status: 200 len: 258 microversion: 1.28 [pid: 7|app: 0|req: 510/1011] 199.19.213.65 () {34 vars in 862 bytes} [Wed Jun 24 14:31:29 2026] GET /allocations/bf363087-0b0b-4956-bd41-e173226c597f => generated 258 bytes in 16 msecs (HTTP/1.1 200) 8 headers in 296 bytes (1 switches on core 0)
2026-06-24 14:31:30.311 8 INFO placement.requestlog [None req-942c6280-4c9e-4d8f-895b-6a59a8081eff - - - - - -] 10.0.0.105 "GET /" status: 200 len: 136 microversion: 1.0
2026-06-24 14:31:30.311 7 INFO placement.requestlog [None req-22c87784-9596-45ec-a569-202e76341093 - - - - - -] 10.0.0.105 "GET /" status: 200 len: 136 microversion: 1.0
2026-06-24 14:31:40.310 8 INFO placement.requestlog [None req-a38f5c74-0010-4c20-ba4c-46f62cc28396 - - - - - -] 10.0.0.105 "GET /" status: 200 len: 136 microversion: 1.0
2026-06-24 14:31:40.311 7 INFO placement.requestlog [None req-738da8a5-3039-4897-a29f-df00623c2c91 - - - - - -] 10.0.0.105 "GET /" status: 200 len: 136 microversion: 1.0
2026-06-24 14:31:50.311 8 INFO placement.requestlog [None req-3b8fcf4e-1bec-464f-9eb6-a813a39b00d4 - - - - - -] 10.0.0.105 "GET /" status: 200 len: 136 microversion: 1.0
2026-06-24 14:31:50.312 7 INFO placement.requestlog [None req-2e9950b0-c66d-422b-94b2-d12596998e2f - - - - - -] 10.0.0.105 "GET /" status: 200 len: 136 microversion: 1.0
2026-06-24 14:31:51.516 8 INFO placement.requestlog [None req-a044de6a-442f-49a3-89ff-c6c25ca1a35c 5177dcf216e44ac2a769dc3e0840c3bb 352c077f8b574df5a89666a435e43d6d - - 23babc78c1634f95b27487dfe2f3be5a 23babc78c1634f95b27487dfe2f3be5a] 10.0.0.236 "GET /resource_providers/74a7e680-d249-42eb-9653-6d9f31d23143/aggregates" status: 404 len: 235 microversion: 1.1
2026-06-24 14:31:51.516 7 INFO placement.requestlog [None req-16a3449b-8073-4cb0-9570-bb23d0d10510 5177dcf216e44ac2a769dc3e0840c3bb 352c077f8b574df5a89666a435e43d6d - - 23babc78c1634f95b27487dfe2f3be5a 23babc78c1634f95b27487dfe2f3be5a] 10.0.0.236 "GET /resource_providers/74a7e680-d249-42eb-9653-6d9f31d23143/aggregates" status: 404 len: 235 microversion: 1.1 [pid: 8|app: 0|req: 505/1018] 10.0.0.236 () {32 vars in 825 bytes} [Wed Jun 24 14:31:51 2026] GET /resource_providers/74a7e680-d249-42eb-9653-6d9f31d23143/aggregates => generated 235 bytes in 20 msecs (HTTP/1.1 404) 5 headers in 202 bytes (1 switches on core 0) [pid: 7|app: 0|req: 514/1019] 10.0.0.236 () {32 vars in 825 bytes} [Wed Jun 24 14:31:51 2026] GET /resource_providers/74a7e680-d249-42eb-9653-6d9f31d23143/aggregates => generated 235 bytes in 19 msecs (HTTP/1.1 404) 5 headers in 202 bytes (1 switches on core 0)
2026-06-24 14:31:51.550 8 INFO placement.requestlog [None req-4d5da79f-c5d3-46bc-958a-6f1b7a108b8e 5177dcf216e44ac2a769dc3e0840c3bb 352c077f8b574df5a89666a435e43d6d - - 23babc78c1634f95b27487dfe2f3be5a 23babc78c1634f95b27487dfe2f3be5a] 10.0.0.236 "DELETE /resource_providers/74a7e680-d249-42eb-9653-6d9f31d23143" status: 404 len: 246 microversion: 1.1 [pid: 8|app: 0|req: 506/1020] 10.0.0.236 () {34 vars in 825 bytes} [Wed Jun 24 14:31:51 2026] DELETE /resource_providers/74a7e680-d249-42eb-9653-6d9f31d23143 => generated 246 bytes in 14 msecs (HTTP/1.1 404) 6 headers in 231 bytes (1 switches on core 0)
2026-06-24 14:31:51.559 7 INFO placement.requestlog [None req-2ce87241-ddcf-49ad-b8bb-b7fdb157be5d 5177dcf216e44ac2a769dc3e0840c3bb 352c077f8b574df5a89666a435e43d6d - - 23babc78c1634f95b27487dfe2f3be5a 23babc78c1634f95b27487dfe2f3be5a] 10.0.0.236 "DELETE /resource_providers/74a7e680-d249-42eb-9653-6d9f31d23143" status: 404 len: 246 microversion: 1.1 [pid: 7|app: 0|req: 515/1021] 10.0.0.236 () {34 vars in 825 bytes} [Wed Jun 24 14:31:51 2026] DELETE /resource_providers/74a7e680-d249-42eb-9653-6d9f31d23143 => generated 246 bytes in 15 msecs (HTTP/1.1 404) 6 headers in 231 bytes (1 switches on core 0)
2026-06-24 14:31:54.830 8 INFO placement.requestlog [req-d214a165-42f9-4860-a203-745339351033 req-3ab91841-4c2f-4b7f-8d9a-e410bf8ad719 6cd3ca30512c4044b9cde79ce53f49df 352c077f8b574df5a89666a435e43d6d - - 23babc78c1634f95b27487dfe2f3be5a 23babc78c1634f95b27487dfe2f3be5a] 199.19.213.65 "GET /resource_providers/b84adaf5-a93f-4aea-b4ee-190ee90330c4/allocations" status: 200 len: 153 microversion: 1.0 [pid: 8|app: 0|req: 507/1022] 199.19.213.65 () {32 vars in 856 bytes} [Wed Jun 24 14:31:54 2026] GET /resource_providers/b84adaf5-a93f-4aea-b4ee-190ee90330c4/allocations => generated 153 bytes in 36 msecs (HTTP/1.1 200) 6 headers in 224 bytes (1 switches on core 0)
2026-06-24 14:31:54.866 7 INFO placement.requestlog [req-d214a165-42f9-4860-a203-745339351033 req-9fa0161a-3fa9-41e9-b98c-e0807febb195 6cd3ca30512c4044b9cde79ce53f49df 352c077f8b574df5a89666a435e43d6d - - 23babc78c1634f95b27487dfe2f3be5a 23babc78c1634f95b27487dfe2f3be5a] 199.19.213.65 "GET /allocations/bf363087-0b0b-4956-bd41-e173226c597f" status: 200 len: 258 microversion: 1.28 [pid: 7|app: 0|req: 516/1023] 199.19.213.65 () {34 vars in 862 bytes} [Wed Jun 24 14:31:54 2026] GET /allocations/bf363087-0b0b-4956-bd41-e173226c597f => generated 258 bytes in 20 msecs (HTTP/1.1 200) 8 headers in 296 bytes (1 switches on core 0)
2026-06-24 14:31:54.934 8 INFO placement.requestlog [req-d214a165-42f9-4860-a203-745339351033 req-dff28ed2-b1a9-4170-919d-0db6c5550ba5 6cd3ca30512c4044b9cde79ce53f49df 352c077f8b574df5a89666a435e43d6d - - 23babc78c1634f95b27487dfe2f3be5a 23babc78c1634f95b27487dfe2f3be5a] 199.19.213.65 "DELETE /allocations/bf363087-0b0b-4956-bd41-e173226c597f" status: 204 len: 0 microversion: 1.0 [pid: 8|app: 0|req: 508/1024] 199.19.213.65 () {34 vars in 840 bytes} [Wed Jun 24 14:31:54 2026] DELETE /allocations/bf363087-0b0b-4956-bd41-e173226c597f => generated 0 bytes in 19 msecs (HTTP/1.1 204) 5 headers in 198 bytes (1 switches on core 0)
2026-06-24 14:31:58.791 7 INFO placement.requestlog [None req-2436eddb-8f94-4639-955d-84848e3b7f19 5177dcf216e44ac2a769dc3e0840c3bb 352c077f8b574df5a89666a435e43d6d - - 23babc78c1634f95b27487dfe2f3be5a 23babc78c1634f95b27487dfe2f3be5a] 10.0.0.236 "GET /resource_providers/4f6c426b-ebcb-4b30-b90d-5ecc47760893/aggregates" status: 404 len: 235 microversion: 1.1 [pid: 7|app: 0|req: 517/1025] 10.0.0.236 () {32 vars in 825 bytes} [Wed Jun 24 14:31:58 2026] GET /resource_providers/4f6c426b-ebcb-4b30-b90d-5ecc47760893/aggregates => generated 235 bytes in 9 msecs (HTTP/1.1 404) 5 headers in 202 bytes (1 switches on core 0)
2026-06-24 14:31:58.802 8 INFO placement.requestlog [None req-72bd42d5-82a9-477c-ae83-c7ef6afadc34 5177dcf216e44ac2a769dc3e0840c3bb 352c077f8b574df5a89666a435e43d6d - - 23babc78c1634f95b27487dfe2f3be5a 23babc78c1634f95b27487dfe2f3be5a] 10.0.0.236 "GET /resource_providers/4f6c426b-ebcb-4b30-b90d-5ecc47760893/aggregates" status: 404 len: 235 microversion: 1.1 [pid: 8|app: 0|req: 509/1026] 10.0.0.236 () {32 vars in 825 bytes} [Wed Jun 24 14:31:58 2026] GET /resource_providers/4f6c426b-ebcb-4b30-b90d-5ecc47760893/aggregates => generated 235 bytes in 12 msecs (HTTP/1.1 404) 5 headers in 202 bytes (1 switches on core 0)
2026-06-24 14:31:58.808 7 INFO placement.requestlog [None req-e2fd02d3-395b-42a8-a393-fe1d71fbb2da 5177dcf216e44ac2a769dc3e0840c3bb 352c077f8b574df5a89666a435e43d6d - - 23babc78c1634f95b27487dfe2f3be5a 23babc78c1634f95b27487dfe2f3be5a] 10.0.0.236 "DELETE /resource_providers/4f6c426b-ebcb-4b30-b90d-5ecc47760893" status: 404 len: 246 microversion: 1.1 [pid: 7|app: 0|req: 518/1027] 10.0.0.236 () {34 vars in 825 bytes} [Wed Jun 24 14:31:58 2026] DELETE /resource_providers/4f6c426b-ebcb-4b30-b90d-5ecc47760893 => generated 246 bytes in 8 msecs (HTTP/1.1 404) 6 headers in 231 bytes (1 switches on core 0)
2026-06-24 14:31:58.829 8 INFO placement.requestlog [None req-b054c2e2-fe2c-425e-9c04-da814ed84ac3 5177dcf216e44ac2a769dc3e0840c3bb 352c077f8b574df5a89666a435e43d6d - - 23babc78c1634f95b27487dfe2f3be5a 23babc78c1634f95b27487dfe2f3be5a] 10.0.0.236 "DELETE /resource_providers/4f6c426b-ebcb-4b30-b90d-5ecc47760893" status: 404 len: 246 microversion: 1.1 [pid: 8|app: 0|req: 510/1028] 10.0.0.236 () {34 vars in 825 bytes} [Wed Jun 24 14:31:58 2026] DELETE /resource_providers/4f6c426b-ebcb-4b30-b90d-5ecc47760893 => generated 246 bytes in 12 msecs (HTTP/1.1 404) 6 headers in 231 bytes (1 switches on core 0)
2026-06-24 14:32:00.311 7 INFO placement.requestlog [None req-ecd08623-0f07-431c-b63a-c005252e1445 - - - - - -] 10.0.0.105 "GET /" status: 200 len: 136 microversion: 1.0
2026-06-24 14:32:00.311 8 INFO placement.requestlog [None req-ced901ce-dbad-4c8d-a807-7eb4fdbd0974 - - - - - -] 10.0.0.105 "GET /" status: 200 len: 136 microversion: 1.0
2026-06-24 14:32:01.026 7 INFO placement.requestlog [None req-eeeff971-1bad-4d43-aa8f-cc5b26b4e30f 5177dcf216e44ac2a769dc3e0840c3bb 352c077f8b574df5a89666a435e43d6d - - 23babc78c1634f95b27487dfe2f3be5a 23babc78c1634f95b27487dfe2f3be5a] 10.0.0.236 "GET /resource_providers/06c003ab-b63c-4dbc-b61f-a60e1fe4be13/aggregates" status: 404 len: 235 microversion: 1.1 [pid: 7|app: 0|req: 520/1031] 10.0.0.236 () {32 vars in 825 bytes} [Wed Jun 24 14:32:01 2026] GET /resource_providers/06c003ab-b63c-4dbc-b61f-a60e1fe4be13/aggregates => generated 235 bytes in 11 msecs (HTTP/1.1 404) 5 headers in 202 bytes (1 switches on core 0)
2026-06-24 14:32:01.031 8 INFO placement.requestlog [None req-2c062b87-3251-4f75-8e19-36d990cd5099 5177dcf216e44ac2a769dc3e0840c3bb 352c077f8b574df5a89666a435e43d6d - - 23babc78c1634f95b27487dfe2f3be5a 23babc78c1634f95b27487dfe2f3be5a] 10.0.0.236 "GET /resource_providers/06c003ab-b63c-4dbc-b61f-a60e1fe4be13/aggregates" status: 404 len: 235 microversion: 1.1 [pid: 8|app: 0|req: 512/1032] 10.0.0.236 () {32 vars in 825 bytes} [Wed Jun 24 14:32:01 2026] GET /resource_providers/06c003ab-b63c-4dbc-b61f-a60e1fe4be13/aggregates => generated 235 bytes in 16 msecs (HTTP/1.1 404) 5 headers in 202 bytes (1 switches on core 0)
2026-06-24 14:32:01.045 7 INFO placement.requestlog [None req-9c9a45eb-0e33-44e6-be68-b56eaecf5b7e 5177dcf216e44ac2a769dc3e0840c3bb 352c077f8b574df5a89666a435e43d6d - - 23babc78c1634f95b27487dfe2f3be5a 23babc78c1634f95b27487dfe2f3be5a] 10.0.0.236 "DELETE /resource_providers/06c003ab-b63c-4dbc-b61f-a60e1fe4be13" status: 404 len: 246 microversion: 1.1 [pid: 7|app: 0|req: 521/1033] 10.0.0.236 () {34 vars in 825 bytes} [Wed Jun 24 14:32:01 2026] DELETE /resource_providers/06c003ab-b63c-4dbc-b61f-a60e1fe4be13 => generated 246 bytes in 12 msecs (HTTP/1.1 404) 6 headers in 231 bytes (1 switches on core 0)
2026-06-24 14:32:01.053 8 INFO placement.requestlog [None req-b26b36ca-6cec-4bbd-953b-cf46fbfd1053 5177dcf216e44ac2a769dc3e0840c3bb 352c077f8b574df5a89666a435e43d6d - - 23babc78c1634f95b27487dfe2f3be5a 23babc78c1634f95b27487dfe2f3be5a] 10.0.0.236 "DELETE /resource_providers/06c003ab-b63c-4dbc-b61f-a60e1fe4be13" status: 404 len: 246 microversion: 1.1 [pid: 8|app: 0|req: 513/1034] 10.0.0.236 () {34 vars in 825 bytes} [Wed Jun 24 14:32:01 2026] DELETE /resource_providers/06c003ab-b63c-4dbc-b61f-a60e1fe4be13 => generated 246 bytes in 15 msecs (HTTP/1.1 404) 6 headers in 231 bytes (1 switches on core 0)
2026-06-24 14:32:09.166 7 INFO placement.requestlog [None req-e53b9e91-647a-4104-a0f3-a24ae2deab85 5177dcf216e44ac2a769dc3e0840c3bb 352c077f8b574df5a89666a435e43d6d - - 23babc78c1634f95b27487dfe2f3be5a 23babc78c1634f95b27487dfe2f3be5a] 10.0.0.236 "GET /resource_providers/8abdaedd-b968-4f78-9b18-8be1afa7430d/aggregates" status: 404 len: 235 microversion: 1.1 [pid: 7|app: 0|req: 522/1035] 10.0.0.236 () {32 vars in 825 bytes} [Wed Jun 24 14:32:09 2026] GET /resource_providers/8abdaedd-b968-4f78-9b18-8be1afa7430d/aggregates => generated 235 bytes in 10 msecs (HTTP/1.1 404) 5 headers in 202 bytes (1 switches on core 0)
2026-06-24 14:32:09.169 8 INFO placement.requestlog [None req-d37db6eb-5d41-465f-82f5-d3ec92182c52 5177dcf216e44ac2a769dc3e0840c3bb 352c077f8b574df5a89666a435e43d6d - - 23babc78c1634f95b27487dfe2f3be5a 23babc78c1634f95b27487dfe2f3be5a] 10.0.0.236 "GET /resource_providers/8abdaedd-b968-4f78-9b18-8be1afa7430d/aggregates" status: 404 len: 235 microversion: 1.1 [pid: 8|app: 0|req: 514/1036] 10.0.0.236 () {32 vars in 825 bytes} [Wed Jun 24 14:32:09 2026] GET /resource_providers/8abdaedd-b968-4f78-9b18-8be1afa7430d/aggregates => generated 235 bytes in 12 msecs (HTTP/1.1 404) 5 headers in 202 bytes (1 switches on core 0)
2026-06-24 14:32:09.189 8 INFO placement.requestlog [None req-3f43a4c3-1382-4937-8dde-374503fcf29e 5177dcf216e44ac2a769dc3e0840c3bb 352c077f8b574df5a89666a435e43d6d - - 23babc78c1634f95b27487dfe2f3be5a 23babc78c1634f95b27487dfe2f3be5a] 10.0.0.236 "DELETE /resource_providers/8abdaedd-b968-4f78-9b18-8be1afa7430d" status: 404 len: 246 microversion: 1.1 [pid: 8|app: 0|req: 515/1037] 10.0.0.236 () {34 vars in 825 bytes} [Wed Jun 24 14:32:09 2026] DELETE /resource_providers/8abdaedd-b968-4f78-9b18-8be1afa7430d => generated 246 bytes in 9 msecs (HTTP/1.1 404) 6 headers in 231 bytes (1 switches on core 0)
2026-06-24 14:32:09.190 7 INFO placement.requestlog [None req-9105bb92-aa12-4e0a-afcc-5784766b87f4 5177dcf216e44ac2a769dc3e0840c3bb 352c077f8b574df5a89666a435e43d6d - - 23babc78c1634f95b27487dfe2f3be5a 23babc78c1634f95b27487dfe2f3be5a] 10.0.0.236 "DELETE /resource_providers/8abdaedd-b968-4f78-9b18-8be1afa7430d" status: 404 len: 246 microversion: 1.1 [pid: 7|app: 0|req: 523/1038] 10.0.0.236 () {34 vars in 825 bytes} [Wed Jun 24 14:32:09 2026] DELETE /resource_providers/8abdaedd-b968-4f78-9b18-8be1afa7430d => generated 246 bytes in 11 msecs (HTTP/1.1 404) 6 headers in 231 bytes (1 switches on core 0)
2026-06-24 14:32:09.639 8 INFO placement.requestlog [None req-773d69c2-c5bc-46bd-bafa-e4b7aff77ffa 5177dcf216e44ac2a769dc3e0840c3bb 352c077f8b574df5a89666a435e43d6d - - 23babc78c1634f95b27487dfe2f3be5a 23babc78c1634f95b27487dfe2f3be5a] 10.0.0.236 "GET /resource_providers/660f17a1-66e1-4a1f-a188-bd0f22c143b0/aggregates" status: 404 len: 235 microversion: 1.1
2026-06-24 14:32:09.639 7 INFO placement.requestlog [None req-a30332e2-3f76-483b-9625-66bc96d39e18 5177dcf216e44ac2a769dc3e0840c3bb 352c077f8b574df5a89666a435e43d6d - - 23babc78c1634f95b27487dfe2f3be5a 23babc78c1634f95b27487dfe2f3be5a] 10.0.0.236 "GET /resource_providers/660f17a1-66e1-4a1f-a188-bd0f22c143b0/aggregates" status: 404 len: 235 microversion: 1.1 [pid: 8|app: 0|req: 516/1039] 10.0.0.236 () {32 vars in 825 bytes} [Wed Jun 24 14:32:09 2026] GET /resource_providers/660f17a1-66e1-4a1f-a188-bd0f22c143b0/aggregates => generated 235 bytes in 12 msecs (HTTP/1.1 404) 5 headers in 202 bytes (1 switches on core 0) [pid: 7|app: 0|req: 524/1040] 10.0.0.236 () {32 vars in 825 bytes} [Wed Jun 24 14:32:09 2026] GET /resource_providers/660f17a1-66e1-4a1f-a188-bd0f22c143b0/aggregates => generated 235 bytes in 12 msecs (HTTP/1.1 404) 5 headers in 202 bytes (1 switches on core 0)
2026-06-24 14:32:09.671 7 INFO placement.requestlog [None req-384004f5-594d-4417-abee-9a643bc4364e 5177dcf216e44ac2a769dc3e0840c3bb 352c077f8b574df5a89666a435e43d6d - - 23babc78c1634f95b27487dfe2f3be5a 23babc78c1634f95b27487dfe2f3be5a] 10.0.0.236 "DELETE /resource_providers/660f17a1-66e1-4a1f-a188-bd0f22c143b0" status: 404 len: 246 microversion: 1.1 [pid: 7|app: 0|req: 525/1041] 10.0.0.236 () {34 vars in 825 bytes} [Wed Jun 24 14:32:09 2026] DELETE /resource_providers/660f17a1-66e1-4a1f-a188-bd0f22c143b0 => generated 246 bytes in 11 msecs (HTTP/1.1 404) 6 headers in 231 bytes (1 switches on core 0)
2026-06-24 14:32:09.689 8 INFO placement.requestlog [None req-d5684d0b-4617-40ae-b719-85be96e28e35 5177dcf216e44ac2a769dc3e0840c3bb 352c077f8b574df5a89666a435e43d6d - - 23babc78c1634f95b27487dfe2f3be5a 23babc78c1634f95b27487dfe2f3be5a] 10.0.0.236 "DELETE /resource_providers/660f17a1-66e1-4a1f-a188-bd0f22c143b0" status: 404 len: 246 microversion: 1.1 [pid: 8|app: 0|req: 517/1042] 10.0.0.236 () {34 vars in 825 bytes} [Wed Jun 24 14:32:09 2026] DELETE /resource_providers/660f17a1-66e1-4a1f-a188-bd0f22c143b0 => generated 246 bytes in 29 msecs (HTTP/1.1 404) 6 headers in 231 bytes (1 switches on core 0)
2026-06-24 14:32:10.311 7 INFO placement.requestlog [None req-bf1acd08-07d4-4afd-a071-c9552e922c12 - - - - - -] 10.0.0.105 "GET /" status: 200 len: 136 microversion: 1.0
2026-06-24 14:32:10.311 8 INFO placement.requestlog [None req-d58be2ec-1b3a-471c-ad1d-d969ae75961e - - - - - -] 10.0.0.105 "GET /" status: 200 len: 136 microversion: 1.0
2026-06-24 14:32:11.212 7 INFO placement.requestlog [None req-0f162205-7a9b-4668-b3c4-84d96616f0e8 5177dcf216e44ac2a769dc3e0840c3bb 352c077f8b574df5a89666a435e43d6d - - 23babc78c1634f95b27487dfe2f3be5a 23babc78c1634f95b27487dfe2f3be5a] 10.0.0.236 "GET /resource_providers/ff376a69-2895-4f2e-882b-0040992b07e8/aggregates" status: 404 len: 235 microversion: 1.1 [pid: 7|app: 0|req: 527/1045] 10.0.0.236 () {32 vars in 825 bytes} [Wed Jun 24 14:32:11 2026] GET /resource_providers/ff376a69-2895-4f2e-882b-0040992b07e8/aggregates => generated 235 bytes in 10 msecs (HTTP/1.1 404) 5 headers in 202 bytes (1 switches on core 0)
2026-06-24 14:32:11.217 8 INFO placement.requestlog [None req-353ae371-64dd-4c8d-94a8-bc6f8e4d712c 5177dcf216e44ac2a769dc3e0840c3bb 352c077f8b574df5a89666a435e43d6d - - 23babc78c1634f95b27487dfe2f3be5a 23babc78c1634f95b27487dfe2f3be5a] 10.0.0.236 "GET /resource_providers/ff376a69-2895-4f2e-882b-0040992b07e8/aggregates" status: 404 len: 235 microversion: 1.1 [pid: 8|app: 0|req: 519/1046] 10.0.0.236 () {32 vars in 825 bytes} [Wed Jun 24 14:32:11 2026] GET /resource_providers/ff376a69-2895-4f2e-882b-0040992b07e8/aggregates => generated 235 bytes in 12 msecs (HTTP/1.1 404) 5 headers in 202 bytes (1 switches on core 0)
2026-06-24 14:32:11.234 8 INFO placement.requestlog [None req-d990ef1b-30c8-438e-b078-c7445b873974 5177dcf216e44ac2a769dc3e0840c3bb 352c077f8b574df5a89666a435e43d6d - - 23babc78c1634f95b27487dfe2f3be5a 23babc78c1634f95b27487dfe2f3be5a] 10.0.0.236 "DELETE /resource_providers/ff376a69-2895-4f2e-882b-0040992b07e8" status: 404 len: 246 microversion: 1.1 [pid: 8|app: 0|req: 520/1047] 10.0.0.236 () {34 vars in 825 bytes} [Wed Jun 24 14:32:11 2026] DELETE /resource_providers/ff376a69-2895-4f2e-882b-0040992b07e8 => generated 246 bytes in 9 msecs (HTTP/1.1 404) 6 headers in 231 bytes (1 switches on core 0)
2026-06-24 14:32:11.234 7 INFO placement.requestlog [None req-9021c4f0-2249-48ab-adc3-38997a6d446e 5177dcf216e44ac2a769dc3e0840c3bb 352c077f8b574df5a89666a435e43d6d - - 23babc78c1634f95b27487dfe2f3be5a 23babc78c1634f95b27487dfe2f3be5a] 10.0.0.236 "DELETE /resource_providers/ff376a69-2895-4f2e-882b-0040992b07e8" status: 404 len: 246 microversion: 1.1 [pid: 7|app: 0|req: 528/1048] 10.0.0.236 () {34 vars in 825 bytes} [Wed Jun 24 14:32:11 2026] DELETE /resource_providers/ff376a69-2895-4f2e-882b-0040992b07e8 => generated 246 bytes in 11 msecs (HTTP/1.1 404) 6 headers in 231 bytes (1 switches on core 0)
2026-06-24 14:32:11.246 8 INFO placement.requestlog [None req-8784a3b2-b1ea-4df9-b0d0-f51c3ad0ac25 5177dcf216e44ac2a769dc3e0840c3bb 352c077f8b574df5a89666a435e43d6d - - 23babc78c1634f95b27487dfe2f3be5a 23babc78c1634f95b27487dfe2f3be5a] 10.0.0.236 "GET /resource_providers/e45ee948-1de2-4b4a-b115-171349404660/aggregates" status: 404 len: 235 microversion: 1.1 [pid: 8|app: 0|req: 521/1049] 10.0.0.236 () {32 vars in 825 bytes} [Wed Jun 24 14:32:11 2026] GET /resource_providers/e45ee948-1de2-4b4a-b115-171349404660/aggregates => generated 235 bytes in 7 msecs (HTTP/1.1 404) 5 headers in 202 bytes (1 switches on core 0)
