2026-06-24 14:31:17.284 10 INFO neutron.db.segments_db [None req-44f9dd57-8048-480b-9250-d456ae5f1b79 d71de5739d464d7589d872865d544c67 634edbabe9fe446da7f5abf9333f8a0a - - default default] Added segment f0ad485d-ad5a-4a69-a0f6-08a2dc5eed26 of type geneve for network 2e15ded9-2199-413e-9627-cea7d81bdda9
2026-06-24 14:31:17.292 10 WARNING neutron.scheduler.dhcp_agent_scheduler [None req-52f070d1-dcbe-4ff2-afa9-a3d793d5d123 ce0dbd5fd4d1459584c4f270d59feb80 94034a93ca0d4cdaa13889186bd1609e - - default default] No more DHCP agents
2026-06-24 14:31:17.295 10 WARNING neutron.api.rpc.agentnotifiers.dhcp_rpc_agent_api [None req-52f070d1-dcbe-4ff2-afa9-a3d793d5d123 ce0dbd5fd4d1459584c4f270d59feb80 94034a93ca0d4cdaa13889186bd1609e - - default default] Unable to schedule network cb2f3f41-831d-42e0-9898-079066fed2f7: no agents available; will retry on subsequent port and subnet creation events.
2026-06-24 14:31:17.376 9 INFO neutron.wsgi [None req-5d2c2002-54fd-46e4-8659-4c2ee523ba2b 54df5559289f4752897dfb339cb6a5c1 cd2300b884d24dbdbb83612b9d0b7ed0 - - default default] 10.0.0.73 "DELETE /v2.0/networks/d54eb21b-f2c9-4022-ba7d-2a95557a699e HTTP/1.1" status: 204 len: 168 time: 0.3665993
2026-06-24 14:31:17.416 10 INFO neutron.wsgi [req-508c6824-efa1-4a79-ab96-fa7b2ee8dad1 req-06716631-5d84-4f95-95bc-f6ef791e9982 5177dcf216e44ac2a769dc3e0840c3bb 352c077f8b574df5a89666a435e43d6d - - 23babc78c1634f95b27487dfe2f3be5a 23babc78c1634f95b27487dfe2f3be5a] 10.0.0.64 "GET /v2.0/ports?device_id=12eb7e48-2cb6-4555-b669-17ec9c5e903a HTTP/1.1" status: 200 len: 1409 time: 0.0745988
2026-06-24 14:31:17.476 10 INFO neutron.db.ovn_revision_numbers_db [None req-52f070d1-dcbe-4ff2-afa9-a3d793d5d123 ce0dbd5fd4d1459584c4f270d59feb80 94034a93ca0d4cdaa13889186bd1609e - - default default] Successfully bumped revision number for resource a1e5a048-3128-483e-a552-beb9008cf4c0 (type: ports) to 1
2026-06-24 14:31:17.722 10 INFO neutron.wsgi [req-508c6824-efa1-4a79-ab96-fa7b2ee8dad1 req-87b9f862-3b7d-498c-8449-c0fb769613c3 5177dcf216e44ac2a769dc3e0840c3bb 352c077f8b574df5a89666a435e43d6d - - 23babc78c1634f95b27487dfe2f3be5a 23babc78c1634f95b27487dfe2f3be5a] 10.0.0.64 "GET /v2.0/security-groups?id=b7be77be-d8d4-41c7-88a8-8ca32e0dc79b&fields=id&fields=name HTTP/1.1" status: 200 len: 312 time: 0.2934685
2026-06-24 14:31:17.731 10 INFO neutron.wsgi [None req-52f070d1-dcbe-4ff2-afa9-a3d793d5d123 ce0dbd5fd4d1459584c4f270d59feb80 94034a93ca0d4cdaa13889186bd1609e - - default default] 10.0.0.73 "POST /v2.0/networks HTTP/1.1" status: 201 len: 943 time: 1.0377638
2026-06-24 14:31:17.746 10 INFO neutron.db.ovn_revision_numbers_db [None req-44f9dd57-8048-480b-9250-d456ae5f1b79 d71de5739d464d7589d872865d544c67 634edbabe9fe446da7f5abf9333f8a0a - - default default] Successfully bumped revision number for resource 2e15ded9-2199-413e-9627-cea7d81bdda9 (type: networks) to 1
2026-06-24 14:31:17.763 9 INFO neutron.wsgi [None req-c6158e0c-5f6b-4aba-96b9-bc35691d7712 54df5559289f4752897dfb339cb6a5c1 cd2300b884d24dbdbb83612b9d0b7ed0 - - default default] 10.0.0.73 "DELETE /v2.0/networks/0c22dc76-3a47-4c27-a20d-e5772df65f9d HTTP/1.1" status: 204 len: 168 time: 0.3828921
2026-06-24 14:31:17.985 10 WARNING neutron.scheduler.dhcp_agent_scheduler [None req-17b829bb-06cf-437c-89cd-82be612805ad ce0dbd5fd4d1459584c4f270d59feb80 94034a93ca0d4cdaa13889186bd1609e - - default default] No more DHCP agents
2026-06-24 14:31:17.992 10 WARNING neutron.api.rpc.agentnotifiers.dhcp_rpc_agent_api [None req-17b829bb-06cf-437c-89cd-82be612805ad ce0dbd5fd4d1459584c4f270d59feb80 94034a93ca0d4cdaa13889186bd1609e - - default default] Unable to schedule network cb2f3f41-831d-42e0-9898-079066fed2f7: no agents available; will retry on subsequent port and subnet creation events.
2026-06-24 14:31:17.996 10 WARNING neutron.scheduler.dhcp_agent_scheduler [None req-44f9dd57-8048-480b-9250-d456ae5f1b79 d71de5739d464d7589d872865d544c67 634edbabe9fe446da7f5abf9333f8a0a - - default default] No more DHCP agents
2026-06-24 14:31:17.998 10 WARNING neutron.api.rpc.agentnotifiers.dhcp_rpc_agent_api [None req-44f9dd57-8048-480b-9250-d456ae5f1b79 d71de5739d464d7589d872865d544c67 634edbabe9fe446da7f5abf9333f8a0a - - default default] Unable to schedule network 2e15ded9-2199-413e-9627-cea7d81bdda9: no agents available; will retry on subsequent port and subnet creation events.
2026-06-24 14:31:18.100 10 INFO neutron.db.ovn_revision_numbers_db [None req-44f9dd57-8048-480b-9250-d456ae5f1b79 d71de5739d464d7589d872865d544c67 634edbabe9fe446da7f5abf9333f8a0a - - default default] Successfully bumped revision number for resource 490a1f52-5ed3-4b96-abce-61a15fae269b (type: ports) to 1
2026-06-24 14:31:18.145 10 INFO neutron.wsgi [None req-44f9dd57-8048-480b-9250-d456ae5f1b79 d71de5739d464d7589d872865d544c67 634edbabe9fe446da7f5abf9333f8a0a - - default default] 10.0.0.73 "POST /v2.0/networks HTTP/1.1" status: 201 len: 831 time: 1.4639997
2026-06-24 14:31:18.173 9 INFO neutron.wsgi [None req-c11cd6fe-28e9-42a4-9927-d5d3d17ffd3e 54df5559289f4752897dfb339cb6a5c1 cd2300b884d24dbdbb83612b9d0b7ed0 - - default default] 10.0.0.73 "DELETE /v2.0/networks/33246e22-57a0-4656-b372-1feed3721c58 HTTP/1.1" status: 204 len: 168 time: 0.4021981
2026-06-24 14:31:18.525 10 WARNING neutron.scheduler.dhcp_agent_scheduler [None req-84904f6e-9310-4bc3-9512-4f26b5806acf d71de5739d464d7589d872865d544c67 634edbabe9fe446da7f5abf9333f8a0a - - default default] No more DHCP agents
2026-06-24 14:31:18.530 10 WARNING neutron.api.rpc.agentnotifiers.dhcp_rpc_agent_api [None req-84904f6e-9310-4bc3-9512-4f26b5806acf d71de5739d464d7589d872865d544c67 634edbabe9fe446da7f5abf9333f8a0a - - default default] Unable to schedule network 2e15ded9-2199-413e-9627-cea7d81bdda9: no agents available; will retry on subsequent port and subnet creation events.
2026-06-24 14:31:18.663 10 INFO neutron.db.ovn_revision_numbers_db [None req-84904f6e-9310-4bc3-9512-4f26b5806acf d71de5739d464d7589d872865d544c67 634edbabe9fe446da7f5abf9333f8a0a - - default default] Successfully bumped revision number for resource 1b3893da-2448-4e6b-9d04-581902975fa5 (type: ports) to 1
2026-06-24 14:31:18.666 10 INFO neutron.db.ovn_revision_numbers_db [None req-17b829bb-06cf-437c-89cd-82be612805ad ce0dbd5fd4d1459584c4f270d59feb80 94034a93ca0d4cdaa13889186bd1609e - - default default] Successfully bumped revision number for resource a1e5a048-3128-483e-a552-beb9008cf4c0 (type: ports) to 2
2026-06-24 14:31:18.702 10 INFO neutron.wsgi [None req-84904f6e-9310-4bc3-9512-4f26b5806acf d71de5739d464d7589d872865d544c67 634edbabe9fe446da7f5abf9333f8a0a - - default default] 10.0.0.73 "POST /v2.0/ports HTTP/1.1" status: 201 len: 942 time: 0.5465388
2026-06-24 14:31:18.711 10 INFO neutron.db.ovn_revision_numbers_db [None req-17b829bb-06cf-437c-89cd-82be612805ad ce0dbd5fd4d1459584c4f270d59feb80 94034a93ca0d4cdaa13889186bd1609e - - default default] Successfully bumped revision number for resource c78c0260-6673-4cc1-bdfa-751d99dcf39f (type: subnets) to 0
2026-06-24 14:31:18.727 10 INFO neutron.wsgi [None req-17b829bb-06cf-437c-89cd-82be612805ad ce0dbd5fd4d1459584c4f270d59feb80 94034a93ca0d4cdaa13889186bd1609e - - default default] 10.0.0.73 "POST /v2.0/subnets HTTP/1.1" status: 201 len: 863 time: 0.9908507 /var/lib/openstack/lib/python3.10/site-packages/pycadf/identifier.py:71: UserWarning: Invalid uuid: neutron. To ensure interoperability, identifiers should be a valid uuid. warnings.warn(('Invalid uuid: %s. To ensure interoperability, '
2026-06-24 14:31:18.809 9 INFO neutron.db.segments_db [None req-87779d3a-8276-499f-b892-f87549976808 d71de5739d464d7589d872865d544c67 634edbabe9fe446da7f5abf9333f8a0a - - default default] Added segment 36c21462-8e25-4f47-8c48-3c8e745e0732 of type geneve for network 6ff8cb9e-bc6f-4e22-8429-1ebbc06760ad
2026-06-24 14:31:18.958 9 INFO neutron.db.ovn_revision_numbers_db [None req-87779d3a-8276-499f-b892-f87549976808 d71de5739d464d7589d872865d544c67 634edbabe9fe446da7f5abf9333f8a0a - - default default] Successfully bumped revision number for resource 6ff8cb9e-bc6f-4e22-8429-1ebbc06760ad (type: networks) to 1
2026-06-24 14:31:19.007 9 INFO neutron.services.segments.plugin [-] Segment 28f73d72-bb10-4462-a817-df57a2ff50fc resource provider aggregate not found
2026-06-24 14:31:19.012 9 INFO neutron.services.segments.plugin [-] Segment 28f73d72-bb10-4462-a817-df57a2ff50fc resource provider aggregate not found
2026-06-24 14:31:19.025 9 INFO neutron.services.segments.plugin [-] Segment 28f73d72-bb10-4462-a817-df57a2ff50fc resource provider not found; error: Placement Client Error (4xx): {"errors": [{"status": 404, "title": "Not Found", "detail": "The resource could not be found.\n\n No resource provider with uuid 28f73d72-bb10-4462-a817-df57a2ff50fc found for delete ", "request_id": "req-f8dbc8b2-e131-46ea-9ee0-f6383b0a5552"}]}
2026-06-24 14:31:19.030 9 INFO neutron.services.segments.plugin [-] Segment 28f73d72-bb10-4462-a817-df57a2ff50fc resource provider not found; error: Placement Client Error (4xx): {"errors": [{"status": 404, "title": "Not Found", "detail": "The resource could not be found.\n\n No resource provider with uuid 28f73d72-bb10-4462-a817-df57a2ff50fc found for delete ", "request_id": "req-6f65aa06-8213-45fa-ad9a-1d417ecbc537"}]}
2026-06-24 14:31:19.043 9 INFO neutron.services.segments.plugin [-] Segment 0f8cf1cf-ba38-4870-81d5-497bd96e999f resource provider aggregate not found
2026-06-24 14:31:19.055 9 INFO neutron.services.segments.plugin [-] Segment 0f8cf1cf-ba38-4870-81d5-497bd96e999f resource provider not found; error: Placement Client Error (4xx): {"errors": [{"status": 404, "title": "Not Found", "detail": "The resource could not be found.\n\n No resource provider with uuid 0f8cf1cf-ba38-4870-81d5-497bd96e999f found for delete ", "request_id": "req-fd00e562-bab2-4915-9f87-b179cb615d09"}]}
2026-06-24 14:31:19.061 9 INFO neutron.services.segments.plugin [-] Segment 0f8cf1cf-ba38-4870-81d5-497bd96e999f resource provider aggregate not found
2026-06-24 14:31:19.089 9 INFO neutron.services.segments.plugin [-] Segment e68dbf4c-71fb-4291-b442-391f87931253 resource provider aggregate not found
2026-06-24 14:31:19.093 9 INFO neutron.services.segments.plugin [-] Segment 0f8cf1cf-ba38-4870-81d5-497bd96e999f resource provider not found; error: Placement Client Error (4xx): {"errors": [{"status": 404, "title": "Not Found", "detail": "The resource could not be found.\n\n No resource provider with uuid 0f8cf1cf-ba38-4870-81d5-497bd96e999f found for delete ", "request_id": "req-a29b1ca7-154b-4386-af12-f1069e9bc825"}]}
2026-06-24 14:31:19.110 9 INFO neutron.services.segments.plugin [-] Segment e68dbf4c-71fb-4291-b442-391f87931253 resource provider not found; error: Placement Client Error (4xx): {"errors": [{"status": 404, "title": "Not Found", "detail": "The resource could not be found.\n\n No resource provider with uuid e68dbf4c-71fb-4291-b442-391f87931253 found for delete ", "request_id": "req-1c248d33-3426-4883-829c-bc8ece6b65d2"}]}
2026-06-24 14:31:19.111 9 INFO neutron.services.segments.plugin [-] Segment e68dbf4c-71fb-4291-b442-391f87931253 resource provider aggregate not found
2026-06-24 14:31:19.129 9 INFO neutron.services.segments.plugin [-] Segment e68dbf4c-71fb-4291-b442-391f87931253 resource provider not found; error: Placement Client Error (4xx): {"errors": [{"status": 404, "title": "Not Found", "detail": "The resource could not be found.\n\n No resource provider with uuid e68dbf4c-71fb-4291-b442-391f87931253 found for delete ", "request_id": "req-d7466cae-1a61-4d9c-8d3f-a9acdfa6b660"}]}
2026-06-24 14:31:19.187 9 WARNING neutron.scheduler.dhcp_agent_scheduler [None req-87779d3a-8276-499f-b892-f87549976808 d71de5739d464d7589d872865d544c67 634edbabe9fe446da7f5abf9333f8a0a - - default default] No more DHCP agents
2026-06-24 14:31:19.190 9 WARNING neutron.api.rpc.agentnotifiers.dhcp_rpc_agent_api [None req-87779d3a-8276-499f-b892-f87549976808 d71de5739d464d7589d872865d544c67 634edbabe9fe446da7f5abf9333f8a0a - - default default] Unable to schedule network 6ff8cb9e-bc6f-4e22-8429-1ebbc06760ad: no agents available; will retry on subsequent port and subnet creation events.
2026-06-24 14:31:19.232 10 WARNING neutron.scheduler.dhcp_agent_scheduler [None req-c6776d39-2096-452e-8048-e3eb04aced8c ce0dbd5fd4d1459584c4f270d59feb80 94034a93ca0d4cdaa13889186bd1609e - - default default] No more DHCP agents
2026-06-24 14:31:19.243 10 WARNING neutron.api.rpc.agentnotifiers.dhcp_rpc_agent_api [None req-c6776d39-2096-452e-8048-e3eb04aced8c ce0dbd5fd4d1459584c4f270d59feb80 94034a93ca0d4cdaa13889186bd1609e - - default default] Unable to schedule network 011c5169-757f-47ed-846d-dba39a373d9c: no agents available; will retry on subsequent port and subnet creation events.
2026-06-24 14:31:19.270 9 INFO neutron.db.ovn_revision_numbers_db [None req-87779d3a-8276-499f-b892-f87549976808 d71de5739d464d7589d872865d544c67 634edbabe9fe446da7f5abf9333f8a0a - - default default] Successfully bumped revision number for resource eee9fc97-8710-4832-b63a-8983e85298b0 (type: ports) to 1
2026-06-24 14:31:19.293 9 INFO neutron.wsgi [None req-87779d3a-8276-499f-b892-f87549976808 d71de5739d464d7589d872865d544c67 634edbabe9fe446da7f5abf9333f8a0a - - default default] 10.0.0.73 "POST /v2.0/networks HTTP/1.1" status: 201 len: 831 time: 0.5846190
2026-06-24 14:31:19.305 10 INFO neutron.wsgi [None req-c051029f-ff5c-4f39-8dc4-5134caa2c616 ce0dbd5fd4d1459584c4f270d59feb80 94034a93ca0d4cdaa13889186bd1609e - - default default] 10.0.0.73 "GET /v2.0/security-groups?tenant_id=cd2300b884d24dbdbb83612b9d0b7ed0&name=default HTTP/1.1" status: 200 len: 2996 time: 0.2194862
2026-06-24 14:31:19.429 10 INFO neutron.db.ovn_revision_numbers_db [None req-c6776d39-2096-452e-8048-e3eb04aced8c ce0dbd5fd4d1459584c4f270d59feb80 94034a93ca0d4cdaa13889186bd1609e - - default default] Successfully bumped revision number for resource 2cbf2a49-83c5-47cf-bd5b-cb578422d6b4 (type: ports) to 1
2026-06-24 14:31:19.533 9 WARNING neutron.scheduler.dhcp_agent_scheduler [None req-c7abb852-3da9-4d21-aa8b-c63f3c3cbc2e d71de5739d464d7589d872865d544c67 634edbabe9fe446da7f5abf9333f8a0a - - default default] No more DHCP agents
2026-06-24 14:31:19.536 9 WARNING neutron.api.rpc.agentnotifiers.dhcp_rpc_agent_api [None req-c7abb852-3da9-4d21-aa8b-c63f3c3cbc2e d71de5739d464d7589d872865d544c67 634edbabe9fe446da7f5abf9333f8a0a - - default default] Unable to schedule network 6ff8cb9e-bc6f-4e22-8429-1ebbc06760ad: no agents available; will retry on subsequent port and subnet creation events.
2026-06-24 14:31:19.585 10 INFO neutron.wsgi [None req-14546449-ebbe-44a2-aa91-02f6f8f70578 ce0dbd5fd4d1459584c4f270d59feb80 94034a93ca0d4cdaa13889186bd1609e - - default default] 10.0.0.73 "DELETE /v2.0/security-groups/ec6fe969-4650-44de-8373-95ac1f4d9276 HTTP/1.1" status: 204 len: 168 time: 0.2737665
2026-06-24 14:31:19.628 9 INFO neutron.db.ovn_revision_numbers_db [None req-c7abb852-3da9-4d21-aa8b-c63f3c3cbc2e d71de5739d464d7589d872865d544c67 634edbabe9fe446da7f5abf9333f8a0a - - default default] Successfully bumped revision number for resource 1f329b7a-3bcb-4383-a922-c9b1c90597dd (type: ports) to 1
2026-06-24 14:31:19.653 9 INFO neutron.wsgi [None req-c7abb852-3da9-4d21-aa8b-c63f3c3cbc2e d71de5739d464d7589d872865d544c67 634edbabe9fe446da7f5abf9333f8a0a - - default default] 10.0.0.73 "POST /v2.0/ports HTTP/1.1" status: 201 len: 942 time: 0.3549643 /var/lib/openstack/lib/python3.10/site-packages/pycadf/identifier.py:71: UserWarning: Invalid uuid: neutron. To ensure interoperability, identifiers should be a valid uuid. warnings.warn(('Invalid uuid: %s. To ensure interoperability, '
2026-06-24 14:31:19.764 9 INFO neutron.db.segments_db [None req-11570c75-a459-46a9-b2a8-5d21b47aec81 d71de5739d464d7589d872865d544c67 634edbabe9fe446da7f5abf9333f8a0a - - default default] Added segment 19aef9cb-334d-4003-a577-440b8927aa33 of type geneve for network e4ad4f12-f391-4166-9516-37162c0ed966
2026-06-24 14:31:19.898 10 INFO neutron.db.ovn_revision_numbers_db [None req-b29515a4-c5b2-4d4b-99ec-7ffe948c6a74 ce0dbd5fd4d1459584c4f270d59feb80 94034a93ca0d4cdaa13889186bd1609e - - default default] Successfully bumped revision number for resource ed1c91cd-e127-4809-af7c-07da3d41af0a (type: security_groups) to 1
2026-06-24 14:31:19.910 9 INFO neutron.db.ovn_revision_numbers_db [None req-11570c75-a459-46a9-b2a8-5d21b47aec81 d71de5739d464d7589d872865d544c67 634edbabe9fe446da7f5abf9333f8a0a - - default default] Successfully bumped revision number for resource e4ad4f12-f391-4166-9516-37162c0ed966 (type: networks) to 1
2026-06-24 14:31:19.931 10 INFO neutron.db.ovn_revision_numbers_db [None req-b29515a4-c5b2-4d4b-99ec-7ffe948c6a74 ce0dbd5fd4d1459584c4f270d59feb80 94034a93ca0d4cdaa13889186bd1609e - - default default] Successfully bumped revision number for resource 146093be-ee6f-4a90-ad6f-7fc5b28bd358 (type: security_group_rules) to 0
2026-06-24 14:31:19.958 10 INFO neutron.db.ovn_revision_numbers_db [None req-b29515a4-c5b2-4d4b-99ec-7ffe948c6a74 ce0dbd5fd4d1459584c4f270d59feb80 94034a93ca0d4cdaa13889186bd1609e - - default default] Successfully bumped revision number for resource 22f0f7db-cc2a-4c05-ab17-423e00a202eb (type: security_group_rules) to 0
2026-06-24 14:31:19.983 10 INFO neutron.db.ovn_revision_numbers_db [None req-b29515a4-c5b2-4d4b-99ec-7ffe948c6a74 ce0dbd5fd4d1459584c4f270d59feb80 94034a93ca0d4cdaa13889186bd1609e - - default default] Successfully bumped revision number for resource faba0809-8a6d-401d-91ca-00ef21b3dd66 (type: security_group_rules) to 0
2026-06-24 14:31:20.016 10 INFO neutron.db.ovn_revision_numbers_db [None req-b29515a4-c5b2-4d4b-99ec-7ffe948c6a74 ce0dbd5fd4d1459584c4f270d59feb80 94034a93ca0d4cdaa13889186bd1609e - - default default] Successfully bumped revision number for resource fc6bbb16-c40b-425c-b5b4-31016e229524 (type: security_group_rules) to 0
2026-06-24 14:31:20.048 10 INFO neutron.wsgi [None req-b29515a4-c5b2-4d4b-99ec-7ffe948c6a74 ce0dbd5fd4d1459584c4f270d59feb80 94034a93ca0d4cdaa13889186bd1609e - - default default] 10.0.0.73 "GET /v2.0/security-groups?tenant_id=c454cce8a44d44e49af9cb526e43f12c&name=default HTTP/1.1" status: 200 len: 2996 time: 0.3472939
2026-06-24 14:31:20.082 10 INFO neutron.plugins.ml2.drivers.ovn.mech_driver.mech_driver [None req-ac57a7c9-0d92-48ff-9ff4-0b49438ca960 - - - - - -] OVN reports status up for port: 2cbf2a49-83c5-47cf-bd5b-cb578422d6b4
2026-06-24 14:31:20.102 9 WARNING neutron.scheduler.dhcp_agent_scheduler [None req-11570c75-a459-46a9-b2a8-5d21b47aec81 d71de5739d464d7589d872865d544c67 634edbabe9fe446da7f5abf9333f8a0a - - default default] No more DHCP agents
2026-06-24 14:31:20.104 9 WARNING neutron.api.rpc.agentnotifiers.dhcp_rpc_agent_api [None req-11570c75-a459-46a9-b2a8-5d21b47aec81 d71de5739d464d7589d872865d544c67 634edbabe9fe446da7f5abf9333f8a0a - - default default] Unable to schedule network e4ad4f12-f391-4166-9516-37162c0ed966: no agents available; will retry on subsequent port and subnet creation events.
2026-06-24 14:31:20.107 10 INFO neutron.plugins.ml2.drivers.ovn.mech_driver.ovsdb.ovsdb_monitor [None req-caeba5c8-2fac-47b1-a05b-32832ab15835 - - - - - -] Router 0e28a1bc-0b05-4ec2-b5ce-45a3a7b9c0d8 is bound to host instance
2026-06-24 14:31:20.118 10 INFO neutron.plugins.ml2.plugin [None req-ac57a7c9-0d92-48ff-9ff4-0b49438ca960 - - - - - -] Attempt 1 to provision port 2cbf2a49-83c5-47cf-bd5b-cb578422d6b4
2026-06-24 14:31:20.177 9 INFO neutron.wsgi [req-7b1ffe13-22b1-4e7d-a713-300e2f2c2347 req-5809bc76-52b9-4b0c-bb36-014510683c0f e76db575dff94ebc9a7315ff665d28d5 83a5ffef37fa4509917db28facb773b2 - - default default] 10.0.0.30 "GET /v2.0/ports?device_id=12eb7e48-2cb6-4555-b669-17ec9c5e903a HTTP/1.1" status: 200 len: 1170 time: 0.1260607
2026-06-24 14:31:20.193 10 INFO neutron.db.ovn_revision_numbers_db [None req-c6776d39-2096-452e-8048-e3eb04aced8c ce0dbd5fd4d1459584c4f270d59feb80 94034a93ca0d4cdaa13889186bd1609e - - default default] Successfully bumped revision number for resource 2cbf2a49-83c5-47cf-bd5b-cb578422d6b4 (type: router_ports) to 1
2026-06-24 14:31:20.210 9 INFO neutron.db.ovn_revision_numbers_db [None req-11570c75-a459-46a9-b2a8-5d21b47aec81 d71de5739d464d7589d872865d544c67 634edbabe9fe446da7f5abf9333f8a0a - - default default] Successfully bumped revision number for resource 592094c6-6c3c-4d5c-a9c2-e0e43385baba (type: ports) to 1
2026-06-24 14:31:20.227 9 INFO neutron.wsgi [req-7b1ffe13-22b1-4e7d-a713-300e2f2c2347 req-2682eca0-30b7-4c53-be55-4a5a1e117196 e76db575dff94ebc9a7315ff665d28d5 83a5ffef37fa4509917db28facb773b2 - - default default] 10.0.0.30 "GET /v2.0/security-groups?id=b7be77be-d8d4-41c7-88a8-8ca32e0dc79b&fields=id&fields=name HTTP/1.1" status: 200 len: 312 time: 0.0402901
2026-06-24 14:31:20.246 9 INFO neutron.wsgi [None req-11570c75-a459-46a9-b2a8-5d21b47aec81 d71de5739d464d7589d872865d544c67 634edbabe9fe446da7f5abf9333f8a0a - - default default] 10.0.0.73 "POST /v2.0/networks HTTP/1.1" status: 201 len: 830 time: 0.5891869
2026-06-24 14:31:20.512 9 WARNING neutron.scheduler.dhcp_agent_scheduler [None req-33556ed5-0ccd-46e9-abb4-0c29d9f2f70e d71de5739d464d7589d872865d544c67 634edbabe9fe446da7f5abf9333f8a0a - - default default] No more DHCP agents
2026-06-24 14:31:20.514 9 WARNING neutron.api.rpc.agentnotifiers.dhcp_rpc_agent_api [None req-33556ed5-0ccd-46e9-abb4-0c29d9f2f70e d71de5739d464d7589d872865d544c67 634edbabe9fe446da7f5abf9333f8a0a - - default default] Unable to schedule network e4ad4f12-f391-4166-9516-37162c0ed966: no agents available; will retry on subsequent port and subnet creation events.
2026-06-24 14:31:20.586 10 INFO neutron.db.ovn_revision_numbers_db [None req-c6776d39-2096-452e-8048-e3eb04aced8c ce0dbd5fd4d1459584c4f270d59feb80 94034a93ca0d4cdaa13889186bd1609e - - default default] Successfully bumped revision number for resource 0e28a1bc-0b05-4ec2-b5ce-45a3a7b9c0d8 (type: routers) to 2
2026-06-24 14:31:20.600 9 INFO neutron.db.ovn_revision_numbers_db [None req-33556ed5-0ccd-46e9-abb4-0c29d9f2f70e d71de5739d464d7589d872865d544c67 634edbabe9fe446da7f5abf9333f8a0a - - default default] Successfully bumped revision number for resource ded7301f-384e-448f-aa25-ce895c369705 (type: ports) to 1
2026-06-24 14:31:20.622 9 INFO neutron.wsgi [None req-33556ed5-0ccd-46e9-abb4-0c29d9f2f70e d71de5739d464d7589d872865d544c67 634edbabe9fe446da7f5abf9333f8a0a - - default default] 10.0.0.73 "POST /v2.0/ports HTTP/1.1" status: 201 len: 942 time: 0.3695993
2026-06-24 14:31:20.626 10 INFO neutron.wsgi [None req-c6776d39-2096-452e-8048-e3eb04aced8c ce0dbd5fd4d1459584c4f270d59feb80 94034a93ca0d4cdaa13889186bd1609e - - default default] 10.0.0.73 "POST /v2.0/routers HTTP/1.1" status: 201 len: 874 time: 1.8898520 /var/lib/openstack/lib/python3.10/site-packages/pycadf/identifier.py:71: UserWarning: Invalid uuid: neutron. To ensure interoperability, identifiers should be a valid uuid. warnings.warn(('Invalid uuid: %s. To ensure interoperability, '
2026-06-24 14:31:20.693 10 INFO neutron.wsgi [req-de2d2585-8aac-4de0-97bd-b244d1cff67d req-72845991-f5af-4cf8-9925-82732fbd6e6e e76db575dff94ebc9a7315ff665d28d5 83a5ffef37fa4509917db28facb773b2 - - default default] 199.19.213.65 "GET /v2.0/ports?device_id=12eb7e48-2cb6-4555-b669-17ec9c5e903a HTTP/1.1" status: 200 len: 1170 time: 0.2474065
2026-06-24 14:31:20.716 9 INFO neutron.db.segments_db [None req-1fc2c848-afcc-4c4d-9bcc-fb3471f7148e d71de5739d464d7589d872865d544c67 634edbabe9fe446da7f5abf9333f8a0a - - default default] Added segment 4babd12a-b53f-4b73-99d0-6f7a0d94bd6d of type geneve for network d3eda1b1-d6a3-4033-8791-abb82175f944
2026-06-24 14:31:20.855 9 INFO neutron.db.ovn_revision_numbers_db [None req-1fc2c848-afcc-4c4d-9bcc-fb3471f7148e d71de5739d464d7589d872865d544c67 634edbabe9fe446da7f5abf9333f8a0a - - default default] Successfully bumped revision number for resource d3eda1b1-d6a3-4033-8791-abb82175f944 (type: networks) to 1
2026-06-24 14:31:21.010 10 INFO neutron.wsgi [None req-942ac347-1255-48c4-8ccc-544671601d99 ce0dbd5fd4d1459584c4f270d59feb80 94034a93ca0d4cdaa13889186bd1609e - - default default] 10.0.0.73 "DELETE /v2.0/security-groups/ed1c91cd-e127-4809-af7c-07da3d41af0a HTTP/1.1" status: 204 len: 168 time: 0.9575641
2026-06-24 14:31:21.020 9 WARNING neutron.scheduler.dhcp_agent_scheduler [None req-1fc2c848-afcc-4c4d-9bcc-fb3471f7148e d71de5739d464d7589d872865d544c67 634edbabe9fe446da7f5abf9333f8a0a - - default default] No more DHCP agents
2026-06-24 14:31:21.022 9 WARNING neutron.api.rpc.agentnotifiers.dhcp_rpc_agent_api [None req-1fc2c848-afcc-4c4d-9bcc-fb3471f7148e d71de5739d464d7589d872865d544c67 634edbabe9fe446da7f5abf9333f8a0a - - default default] Unable to schedule network d3eda1b1-d6a3-4033-8791-abb82175f944: no agents available; will retry on subsequent port and subnet creation events.
2026-06-24 14:31:21.099 9 INFO neutron.db.ovn_revision_numbers_db [None req-1fc2c848-afcc-4c4d-9bcc-fb3471f7148e d71de5739d464d7589d872865d544c67 634edbabe9fe446da7f5abf9333f8a0a - - default default] Successfully bumped revision number for resource 4293780f-1ab6-4327-9f51-bdb173262857 (type: ports) to 1
2026-06-24 14:31:21.120 9 INFO neutron.wsgi [None req-1fc2c848-afcc-4c4d-9bcc-fb3471f7148e d71de5739d464d7589d872865d544c67 634edbabe9fe446da7f5abf9333f8a0a - - default default] 10.0.0.73 "POST /v2.0/networks HTTP/1.1" status: 201 len: 831 time: 0.4936361
2026-06-24 14:31:21.258 10 INFO neutron.db.l3_db [req-de2d2585-8aac-4de0-97bd-b244d1cff67d req-5161c8f0-78c0-43c1-8c51-d604e95c3229 e76db575dff94ebc9a7315ff665d28d5 83a5ffef37fa4509917db28facb773b2 - - default default] Floating IP 0193a8b7-c572-4e71-a902-82975d55797d disassociated. External IP: 10.96.250.211, port: 5a7fc383-8c8e-4c15-aa4c-8e9244381a6a. /var/lib/openstack/lib/python3.10/site-packages/pycadf/identifier.py:71: UserWarning: Invalid uuid: neutron. To ensure interoperability, identifiers should be a valid uuid. warnings.warn(('Invalid uuid: %s. To ensure interoperability, '
2026-06-24 14:31:21.501 10 INFO neutron.db.ovn_revision_numbers_db [None req-7750b77e-632e-4517-a73d-ab6a5ba74301 ce0dbd5fd4d1459584c4f270d59feb80 94034a93ca0d4cdaa13889186bd1609e - - default default] Successfully bumped revision number for resource d1213a63-be59-478f-895d-643c5ef1fb6d (type: security_groups) to 1
2026-06-24 14:31:21.526 10 INFO neutron.db.ovn_revision_numbers_db [None req-caeba5c8-2fac-47b1-a05b-32832ab15835 - - - - - -] Successfully bumped revision number for resource 2cbf2a49-83c5-47cf-bd5b-cb578422d6b4 (type: ports) to 1
2026-06-24 14:31:21.535 10 INFO neutron.db.ovn_revision_numbers_db [None req-7750b77e-632e-4517-a73d-ab6a5ba74301 ce0dbd5fd4d1459584c4f270d59feb80 94034a93ca0d4cdaa13889186bd1609e - - default default] Successfully bumped revision number for resource 016ae92f-4f27-4fd8-a1f2-36250a327b17 (type: security_group_rules) to 0
2026-06-24 14:31:21.571 9 INFO neutron.wsgi [req-deb4ea61-7241-4134-bb19-122192133e1e req-f2a0d4ad-325b-4112-9915-deed13347078 e76db575dff94ebc9a7315ff665d28d5 83a5ffef37fa4509917db28facb773b2 - - default default] 10.0.0.30 "GET /v2.0/ports?device_id=12eb7e48-2cb6-4555-b669-17ec9c5e903a HTTP/1.1" status: 200 len: 1170 time: 0.2713130
2026-06-24 14:31:21.572 9 WARNING neutron.scheduler.dhcp_agent_scheduler [None req-3e130683-dbb7-4cd3-a972-34cefacd2da4 d71de5739d464d7589d872865d544c67 634edbabe9fe446da7f5abf9333f8a0a - - default default] No more DHCP agents
2026-06-24 14:31:21.578 9 WARNING neutron.api.rpc.agentnotifiers.dhcp_rpc_agent_api [None req-3e130683-dbb7-4cd3-a972-34cefacd2da4 d71de5739d464d7589d872865d544c67 634edbabe9fe446da7f5abf9333f8a0a - - default default] Unable to schedule network d3eda1b1-d6a3-4033-8791-abb82175f944: no agents available; will retry on subsequent port and subnet creation events.
2026-06-24 14:31:21.583 10 INFO neutron.db.ovn_revision_numbers_db [None req-7750b77e-632e-4517-a73d-ab6a5ba74301 ce0dbd5fd4d1459584c4f270d59feb80 94034a93ca0d4cdaa13889186bd1609e - - default default] Successfully bumped revision number for resource 149b5438-a21e-4334-8efc-235bfdf3de01 (type: security_group_rules) to 0 /var/lib/openstack/lib/python3.10/site-packages/pycadf/identifier.py:71: UserWarning: Invalid uuid: neutron. To ensure interoperability, identifiers should be a valid uuid. warnings.warn(('Invalid uuid: %s. To ensure interoperability, '
2026-06-24 14:31:21.596 9 WARNING neutron.plugins.ml2.drivers.ovn.mech_driver.ovsdb.ovn_client [None req-0ba578fe-fc79-4022-9fdb-0a78a61d6748 - - - - - -] No hosting information found for port 6da17a41-3774-4843-ba02-c316379a711f: RuntimeError: No hosting information found for port 6da17a41-3774-4843-ba02-c316379a711f
2026-06-24 14:31:21.596 9 INFO neutron.plugins.ml2.drivers.ovn.mech_driver.mech_driver [None req-0ba578fe-fc79-4022-9fdb-0a78a61d6748 - - - - - -] OVN reports status down for port: 5a7fc383-8c8e-4c15-aa4c-8e9244381a6a
2026-06-24 14:31:21.614 10 WARNING neutron.scheduler.dhcp_agent_scheduler [None req-343b9230-68f0-4abb-8693-512c8700593a ce0dbd5fd4d1459584c4f270d59feb80 94034a93ca0d4cdaa13889186bd1609e - - default default] No more DHCP agents
2026-06-24 14:31:21.617 10 INFO neutron.db.ovn_revision_numbers_db [None req-7750b77e-632e-4517-a73d-ab6a5ba74301 ce0dbd5fd4d1459584c4f270d59feb80 94034a93ca0d4cdaa13889186bd1609e - - default default] Successfully bumped revision number for resource 23d08c4f-99a9-4234-b397-ab76fab5a6f2 (type: security_group_rules) to 0
2026-06-24 14:31:21.621 10 WARNING neutron.api.rpc.agentnotifiers.dhcp_rpc_agent_api [None req-343b9230-68f0-4abb-8693-512c8700593a ce0dbd5fd4d1459584c4f270d59feb80 94034a93ca0d4cdaa13889186bd1609e - - default default] Unable to schedule network cb2f3f41-831d-42e0-9898-079066fed2f7: no agents available; will retry on subsequent port and subnet creation events.
2026-06-24 14:31:21.635 10 INFO neutron.wsgi [req-de2d2585-8aac-4de0-97bd-b244d1cff67d req-5161c8f0-78c0-43c1-8c51-d604e95c3229 e76db575dff94ebc9a7315ff665d28d5 83a5ffef37fa4509917db28facb773b2 - - default default] 199.19.213.65 "DELETE /v2.0/ports/5a7fc383-8c8e-4c15-aa4c-8e9244381a6a HTTP/1.1" status: 204 len: 173 time: 0.9354515
2026-06-24 14:31:21.667 10 INFO neutron.db.ovn_revision_numbers_db [None req-7750b77e-632e-4517-a73d-ab6a5ba74301 ce0dbd5fd4d1459584c4f270d59feb80 94034a93ca0d4cdaa13889186bd1609e - - default default] Successfully bumped revision number for resource fef09df9-4345-448b-9d73-c13b20d4a64b (type: security_group_rules) to 0
2026-06-24 14:31:21.678 9 INFO neutron.wsgi [req-deb4ea61-7241-4134-bb19-122192133e1e req-32d6f4c1-0447-4a05-bd9d-64fba20d9be0 e76db575dff94ebc9a7315ff665d28d5 83a5ffef37fa4509917db28facb773b2 - - default default] 10.0.0.30 "GET /v2.0/security-groups?id=b7be77be-d8d4-41c7-88a8-8ca32e0dc79b&fields=id&fields=name HTTP/1.1" status: 200 len: 312 time: 0.1000159
2026-06-24 14:31:21.682 10 INFO neutron.notifiers.nova [-] Nova event matching ['req-7e183db8-8581-4275-93d1-ed576a276580'] response: {'server_uuid': '12eb7e48-2cb6-4555-b669-17ec9c5e903a', 'name': 'network-vif-deleted', 'tag': '5a7fc383-8c8e-4c15-aa4c-8e9244381a6a', 'status': 'completed', 'code': 200}
2026-06-24 14:31:21.714 10 INFO neutron.wsgi [None req-7750b77e-632e-4517-a73d-ab6a5ba74301 ce0dbd5fd4d1459584c4f270d59feb80 94034a93ca0d4cdaa13889186bd1609e - - default default] 10.0.0.73 "GET /v2.0/security-groups?tenant_id=2102821261d049bf934cdfb446844c40&name=default HTTP/1.1" status: 200 len: 2996 time: 0.5370173 /var/lib/openstack/lib/python3.10/site-packages/pycadf/identifier.py:71: UserWarning: Invalid uuid: neutron. To ensure interoperability, identifiers should be a valid uuid. warnings.warn(('Invalid uuid: %s. To ensure interoperability, '
2026-06-24 14:31:21.748 9 INFO neutron.db.ovn_revision_numbers_db [None req-3e130683-dbb7-4cd3-a972-34cefacd2da4 d71de5739d464d7589d872865d544c67 634edbabe9fe446da7f5abf9333f8a0a - - default default] Successfully bumped revision number for resource f8f468ad-5c4a-4517-9f8b-db7ba25668ce (type: ports) to 1
2026-06-24 14:31:21.786 9 INFO neutron.wsgi [None req-3e130683-dbb7-4cd3-a972-34cefacd2da4 d71de5739d464d7589d872865d544c67 634edbabe9fe446da7f5abf9333f8a0a - - default default] 10.0.0.73 "POST /v2.0/ports HTTP/1.1" status: 201 len: 942 time: 0.6618383
2026-06-24 14:31:21.898 9 INFO neutron.db.segments_db [None req-813206b1-cede-4836-8a17-9c6bcb6427dd d71de5739d464d7589d872865d544c67 634edbabe9fe446da7f5abf9333f8a0a - - default default] Added segment 9cc1cecb-65a5-41af-8f16-533476185b0d of type geneve for network 8b09bbc4-c837-489d-ae1d-28c08e7affd3
2026-06-24 14:31:21.982 9 INFO neutron.wsgi [None req-19663b83-5827-4157-badc-e97a74e79665 ce0dbd5fd4d1459584c4f270d59feb80 94034a93ca0d4cdaa13889186bd1609e - - default default] 10.0.0.73 "DELETE /v2.0/security-groups/d1213a63-be59-478f-895d-643c5ef1fb6d HTTP/1.1" status: 204 len: 168 time: 0.2611201
2026-06-24 14:31:22.051 9 INFO neutron.db.ovn_revision_numbers_db [None req-813206b1-cede-4836-8a17-9c6bcb6427dd d71de5739d464d7589d872865d544c67 634edbabe9fe446da7f5abf9333f8a0a - - default default] Successfully bumped revision number for resource 8b09bbc4-c837-489d-ae1d-28c08e7affd3 (type: networks) to 1
2026-06-24 14:31:22.142 10 INFO neutron.db.ovn_revision_numbers_db [None req-343b9230-68f0-4abb-8693-512c8700593a ce0dbd5fd4d1459584c4f270d59feb80 94034a93ca0d4cdaa13889186bd1609e - - default default] Successfully bumped revision number for resource dd6bbe0b-8632-4ae1-b28a-26dd1247d084 (type: ports) to 1
2026-06-24 14:31:22.216 10 INFO neutron.db.ovn_revision_numbers_db [None req-caeba5c8-2fac-47b1-a05b-32832ab15835 - - - - - -] Successfully bumped revision number for resource 2cbf2a49-83c5-47cf-bd5b-cb578422d6b4 (type: router_ports) to 3
2026-06-24 14:31:22.242 9 WARNING neutron.scheduler.dhcp_agent_scheduler [None req-813206b1-cede-4836-8a17-9c6bcb6427dd d71de5739d464d7589d872865d544c67 634edbabe9fe446da7f5abf9333f8a0a - - default default] No more DHCP agents
2026-06-24 14:31:22.244 9 WARNING neutron.api.rpc.agentnotifiers.dhcp_rpc_agent_api [None req-813206b1-cede-4836-8a17-9c6bcb6427dd d71de5739d464d7589d872865d544c67 634edbabe9fe446da7f5abf9333f8a0a - - default default] Unable to schedule network 8b09bbc4-c837-489d-ae1d-28c08e7affd3: no agents available; will retry on subsequent port and subnet creation events.
2026-06-24 14:31:22.318 9 INFO neutron.db.ovn_revision_numbers_db [None req-813206b1-cede-4836-8a17-9c6bcb6427dd d71de5739d464d7589d872865d544c67 634edbabe9fe446da7f5abf9333f8a0a - - default default] Successfully bumped revision number for resource 8808cb6b-dbb0-4913-a6d7-010bf177a818 (type: ports) to 1
2026-06-24 14:31:22.342 9 INFO neutron.wsgi [None req-813206b1-cede-4836-8a17-9c6bcb6427dd d71de5739d464d7589d872865d544c67 634edbabe9fe446da7f5abf9333f8a0a - - default default] 10.0.0.73 "POST /v2.0/networks HTTP/1.1" status: 201 len: 831 time: 0.5499344
2026-06-24 14:31:22.421 10 INFO neutron.db.ovn_revision_numbers_db [None req-caeba5c8-2fac-47b1-a05b-32832ab15835 - - - - - -] Successfully bumped revision number for resource 2cbf2a49-83c5-47cf-bd5b-cb578422d6b4 (type: ports) to 2
2026-06-24 14:31:22.591 9 WARNING neutron.scheduler.dhcp_agent_scheduler [None req-77864bf6-241c-4b5a-beb0-57ccb7ac0fec d71de5739d464d7589d872865d544c67 634edbabe9fe446da7f5abf9333f8a0a - - default default] No more DHCP agents
2026-06-24 14:31:22.595 9 WARNING neutron.api.rpc.agentnotifiers.dhcp_rpc_agent_api [None req-77864bf6-241c-4b5a-beb0-57ccb7ac0fec d71de5739d464d7589d872865d544c67 634edbabe9fe446da7f5abf9333f8a0a - - default default] Unable to schedule network 8b09bbc4-c837-489d-ae1d-28c08e7affd3: no agents available; will retry on subsequent port and subnet creation events.
2026-06-24 14:31:22.695 9 INFO neutron.db.ovn_revision_numbers_db [None req-77864bf6-241c-4b5a-beb0-57ccb7ac0fec d71de5739d464d7589d872865d544c67 634edbabe9fe446da7f5abf9333f8a0a - - default default] Successfully bumped revision number for resource f1ee8a5e-0562-49d3-8beb-7d95771b09d4 (type: ports) to 1
2026-06-24 14:31:22.725 9 INFO neutron.wsgi [None req-77864bf6-241c-4b5a-beb0-57ccb7ac0fec d71de5739d464d7589d872865d544c67 634edbabe9fe446da7f5abf9333f8a0a - - default default] 10.0.0.73 "POST /v2.0/ports HTTP/1.1" status: 201 len: 942 time: 0.3794079 /var/lib/openstack/lib/python3.10/site-packages/pycadf/identifier.py:71: UserWarning: Invalid uuid: neutron. To ensure interoperability, identifiers should be a valid uuid. warnings.warn(('Invalid uuid: %s. To ensure interoperability, '
2026-06-24 14:31:22.789 9 INFO neutron.wsgi [None req-be1f980f-bb69-47d9-9bd7-93631dfac53d d71de5739d464d7589d872865d544c67 634edbabe9fe446da7f5abf9333f8a0a - - default default] 10.0.0.73 "PUT /v2.0/ports/1b3893da-2448-4e6b-9d04-581902975fa5/tags HTTP/1.1" status: 200 len: 210 time: 0.0600815
2026-06-24 14:31:22.790 10 INFO neutron.db.ovn_revision_numbers_db [None req-343b9230-68f0-4abb-8693-512c8700593a ce0dbd5fd4d1459584c4f270d59feb80 94034a93ca0d4cdaa13889186bd1609e - - default default] Successfully bumped revision number for resource dd6bbe0b-8632-4ae1-b28a-26dd1247d084 (type: router_ports) to 1
2026-06-24 14:31:22.817 10 INFO neutron.db.ovn_revision_numbers_db [None req-caeba5c8-2fac-47b1-a05b-32832ab15835 - - - - - -] Successfully bumped revision number for resource 2cbf2a49-83c5-47cf-bd5b-cb578422d6b4 (type: ports) to 4
2026-06-24 14:31:22.849 9 INFO neutron.wsgi [None req-2f4c3732-24b5-4871-a9b5-d49d904f664c d71de5739d464d7589d872865d544c67 634edbabe9fe446da7f5abf9333f8a0a - - default default] 10.0.0.73 "PUT /v2.0/ports/1f329b7a-3bcb-4383-a922-c9b1c90597dd/tags HTTP/1.1" status: 200 len: 218 time: 0.0543427
2026-06-24 14:31:22.895 9 INFO neutron.wsgi [None req-88a1f58d-8cf7-4a8c-85cd-cccefbed8a4a d71de5739d464d7589d872865d544c67 634edbabe9fe446da7f5abf9333f8a0a - - default default] 10.0.0.73 "PUT /v2.0/ports/ded7301f-384e-448f-aa25-ce895c369705/tags HTTP/1.1" status: 200 len: 227 time: 0.0377922
2026-06-24 14:31:22.967 9 INFO neutron.wsgi [None req-2ed6e981-1745-46d4-92fb-8a83b364ecd7 e76db575dff94ebc9a7315ff665d28d5 83a5ffef37fa4509917db28facb773b2 - - default default] 10.0.0.73 "DELETE /v2.0/security-groups/b7be77be-d8d4-41c7-88a8-8ca32e0dc79b HTTP/1.1" status: 204 len: 168 time: 0.2131166
2026-06-24 14:31:22.970 9 INFO neutron.wsgi [None req-50c8fad8-8cbc-4b0b-8ecd-031746a4c320 d71de5739d464d7589d872865d544c67 634edbabe9fe446da7f5abf9333f8a0a - - default default] 10.0.0.73 "PUT /v2.0/ports/f8f468ad-5c4a-4517-9f8b-db7ba25668ce/tags HTTP/1.1" status: 200 len: 212 time: 0.0677171
2026-06-24 14:31:23.026 10 INFO neutron.db.ovn_revision_numbers_db [None req-343b9230-68f0-4abb-8693-512c8700593a ce0dbd5fd4d1459584c4f270d59feb80 94034a93ca0d4cdaa13889186bd1609e - - default default] Successfully bumped revision number for resource dd6bbe0b-8632-4ae1-b28a-26dd1247d084 (type: ports) to 1
2026-06-24 14:31:23.125 10 WARNING neutron.scheduler.dhcp_agent_scheduler [None req-343b9230-68f0-4abb-8693-512c8700593a ce0dbd5fd4d1459584c4f270d59feb80 94034a93ca0d4cdaa13889186bd1609e - - default default] No more DHCP agents
2026-06-24 14:31:23.129 10 WARNING neutron.api.rpc.agentnotifiers.dhcp_rpc_agent_api [None req-343b9230-68f0-4abb-8693-512c8700593a ce0dbd5fd4d1459584c4f270d59feb80 94034a93ca0d4cdaa13889186bd1609e - - default default] Unable to schedule network cb2f3f41-831d-42e0-9898-079066fed2f7: no agents available; will retry on subsequent port and subnet creation events.
2026-06-24 14:31:23.175 10 INFO neutron.plugins.ml2.drivers.ovn.mech_driver.mech_driver [None req-ac57a7c9-0d92-48ff-9ff4-0b49438ca960 - - - - - -] OVN reports status up for port: dd6bbe0b-8632-4ae1-b28a-26dd1247d084
2026-06-24 14:31:23.192 10 INFO neutron.db.ovn_revision_numbers_db [None req-caeba5c8-2fac-47b1-a05b-32832ab15835 - - - - - -] Successfully bumped revision number for resource 2cbf2a49-83c5-47cf-bd5b-cb578422d6b4 (type: router_ports) to 4
2026-06-24 14:31:23.194 9 INFO neutron.wsgi [None req-964ffd3a-26b5-4623-8f3b-1157606cf3b4 d71de5739d464d7589d872865d544c67 634edbabe9fe446da7f5abf9333f8a0a - - default default] 10.0.0.73 "GET /v2.0/ports?tags=red HTTP/1.1" status: 200 len: 2448 time: 0.2181740
2026-06-24 14:31:23.195 10 INFO neutron.plugins.ml2.plugin [None req-ac57a7c9-0d92-48ff-9ff4-0b49438ca960 - - - - - -] Attempt 1 to provision port dd6bbe0b-8632-4ae1-b28a-26dd1247d084
2026-06-24 14:31:23.272 9 INFO neutron.wsgi [None req-859443e7-6362-4e14-9cba-5b5dbd188c60 d71de5739d464d7589d872865d544c67 634edbabe9fe446da7f5abf9333f8a0a - - default default] 10.0.0.73 "GET /v2.0/ports?tags=red%2Cblue HTTP/1.1" status: 200 len: 1708 time: 0.0723670
2026-06-24 14:31:23.340 9 INFO neutron.wsgi [None req-33e2de53-3c4a-49b2-a20c-ac0d01d62b96 d71de5739d464d7589d872865d544c67 634edbabe9fe446da7f5abf9333f8a0a - - default default] 10.0.0.73 "GET /v2.0/ports?tags-any=blue HTTP/1.1" status: 200 len: 1708 time: 0.0601921
2026-06-24 14:31:23.394 9 INFO neutron.wsgi [None req-5bb6fdb8-30cb-4e75-a630-34c3cb852776 d71de5739d464d7589d872865d544c67 634edbabe9fe446da7f5abf9333f8a0a - - default default] 10.0.0.73 "GET /v2.0/ports?tags-any=red%2Cblue HTTP/1.1" status: 200 len: 2448 time: 0.0481088
2026-06-24 14:31:23.573 10 INFO neutron.db.ovn_revision_numbers_db [None req-ac57a7c9-0d92-48ff-9ff4-0b49438ca960 - - - - - -] Successfully bumped revision number for resource dd6bbe0b-8632-4ae1-b28a-26dd1247d084 (type: ports) to 2
2026-06-24 14:31:23.581 9 INFO neutron.wsgi [None req-6dc55ed0-5fa9-4081-b74e-cea5b1f47b2f d71de5739d464d7589d872865d544c67 634edbabe9fe446da7f5abf9333f8a0a - - default default] 10.0.0.73 "GET /v2.0/ports?not-tags=red HTTP/1.1" status: 200 len: 5463 time: 0.1813054
2026-06-24 14:31:23.586 9 INFO neutron.wsgi [None req-6c6b82f5-75cf-47d6-bf07-43e27565ccc9 e76db575dff94ebc9a7315ff665d28d5 83a5ffef37fa4509917db28facb773b2 - - default default] 10.0.0.73 "DELETE /v2.0/floatingips/0193a8b7-c572-4e71-a902-82975d55797d HTTP/1.1" status: 204 len: 168 time: 0.5805209
2026-06-24 14:31:23.670 9 INFO neutron.wsgi [None req-90f44f15-4585-42e6-852c-fc9976ba111c d71de5739d464d7589d872865d544c67 634edbabe9fe446da7f5abf9333f8a0a - - default default] 10.0.0.73 "GET /v2.0/ports?not-tags=red%2Cblue HTTP/1.1" status: 200 len: 6203 time: 0.0825605
2026-06-24 14:31:23.776 9 INFO neutron.wsgi [None req-4340763b-f77d-44f6-8ea1-db19158e6860 d71de5739d464d7589d872865d544c67 634edbabe9fe446da7f5abf9333f8a0a - - default default] 10.0.0.73 "GET /v2.0/ports?not-tags-any=blue HTTP/1.1" status: 200 len: 6203 time: 0.1024406
2026-06-24 14:31:23.831 9 INFO neutron.plugins.ml2.drivers.ovn.mech_driver.mech_driver [None req-0ba578fe-fc79-4022-9fdb-0a78a61d6748 - - - - - -] OVN reports status down for port: 79ae0698-7670-46a2-b8c6-6fb4f59d3254
2026-06-24 14:31:23.872 9 INFO neutron.wsgi [None req-546a1daa-ebb2-4253-a5f3-39f7d18d9f80 d71de5739d464d7589d872865d544c67 634edbabe9fe446da7f5abf9333f8a0a - - default default] 10.0.0.73 "GET /v2.0/ports?not-tags-any=red%2Cblue HTTP/1.1" status: 200 len: 5463 time: 0.0888515
2026-06-24 14:31:23.894 9 INFO neutron.wsgi [req-0bde8bc9-8f69-4f1a-b04e-73571836170b req-c16d54da-1695-457c-8f5b-d3feabcd5293 e76db575dff94ebc9a7315ff665d28d5 83a5ffef37fa4509917db28facb773b2 - - default default] 10.0.0.30 "GET /v2.0/ports?device_id=444c73c0-970e-4c92-bf8d-5c08fab06998 HTTP/1.1" status: 200 len: 1174 time: 0.1159585
2026-06-24 14:31:23.999 9 INFO neutron.wsgi [req-0bde8bc9-8f69-4f1a-b04e-73571836170b req-f4912535-6b60-4b91-b618-9d8344b523e0 e76db575dff94ebc9a7315ff665d28d5 83a5ffef37fa4509917db28facb773b2 - - default default] 10.0.0.30 "GET /v2.0/security-groups?id=39789889-ede3-44a4-892d-596d8681747b&fields=id&fields=name HTTP/1.1" status: 200 len: 313 time: 0.0920866
2026-06-24 14:31:24.040 10 INFO neutron.db.ovn_revision_numbers_db [None req-ac57a7c9-0d92-48ff-9ff4-0b49438ca960 - - - - - -] Successfully bumped revision number for resource dd6bbe0b-8632-4ae1-b28a-26dd1247d084 (type: router_ports) to 2
2026-06-24 14:31:24.087 9 INFO neutron.notifiers.nova [-] Nova event matching ['req-1fea8d7e-1e4c-46a2-85f9-b226c38bb95c'] response: {'server_uuid': '444c73c0-970e-4c92-bf8d-5c08fab06998', 'name': 'network-vif-unplugged', 'status': 'completed', 'tag': '79ae0698-7670-46a2-b8c6-6fb4f59d3254', 'code': 200}
2026-06-24 14:31:24.123 10 INFO neutron.wsgi [req-6867a1d8-f29b-459c-ae13-d41ec33fffcf req-be50a633-f737-4c7e-9e6e-2f92faccc6bc e76db575dff94ebc9a7315ff665d28d5 83a5ffef37fa4509917db28facb773b2 - - default default] 199.19.213.65 "GET /v2.0/ports?device_id=444c73c0-970e-4c92-bf8d-5c08fab06998 HTTP/1.1" status: 200 len: 1172 time: 0.0569527
2026-06-24 14:31:24.232 9 INFO neutron.wsgi [None req-2da2249c-34fa-4e81-b4a4-783c7432ef97 d71de5739d464d7589d872865d544c67 634edbabe9fe446da7f5abf9333f8a0a - - default default] 10.0.0.73 "DELETE /v2.0/ports/1b3893da-2448-4e6b-9d04-581902975fa5 HTTP/1.1" status: 204 len: 168 time: 0.3535783
2026-06-24 14:31:24.304 9 INFO neutron.db.ovn_revision_numbers_db [None req-0ba578fe-fc79-4022-9fdb-0a78a61d6748 - - - - - -] Successfully bumped revision number for resource 79ae0698-7670-46a2-b8c6-6fb4f59d3254 (type: ports) to 5
2026-06-24 14:31:24.361 10 INFO neutron.wsgi [None req-343b9230-68f0-4abb-8693-512c8700593a ce0dbd5fd4d1459584c4f270d59feb80 94034a93ca0d4cdaa13889186bd1609e - - default default] 10.0.0.73 "PUT /v2.0/routers/0e28a1bc-0b05-4ec2-b5ce-45a3a7b9c0d8/add_router_interface HTTP/1.1" status: 200 len: 503 time: 3.7291317
2026-06-24 14:31:24.470 10 INFO neutron.wsgi [req-6867a1d8-f29b-459c-ae13-d41ec33fffcf req-d95cee5c-142f-4efc-b79f-089bda82aace e76db575dff94ebc9a7315ff665d28d5 83a5ffef37fa4509917db28facb773b2 - - default default] 199.19.213.65 "DELETE /v2.0/ports/79ae0698-7670-46a2-b8c6-6fb4f59d3254 HTTP/1.1" status: 204 len: 173 time: 0.3390491
2026-06-24 14:31:24.514 10 INFO neutron.notifiers.nova [-] Nova event matching ['req-33b53fe2-314f-44c4-8407-10ad457467a5'] response: {'server_uuid': '444c73c0-970e-4c92-bf8d-5c08fab06998', 'name': 'network-vif-deleted', 'tag': '79ae0698-7670-46a2-b8c6-6fb4f59d3254', 'status': 'completed', 'code': 200}
2026-06-24 14:31:24.530 9 INFO neutron.wsgi [None req-6475ea32-5eb8-4d9a-a273-c408a07771db d71de5739d464d7589d872865d544c67 634edbabe9fe446da7f5abf9333f8a0a - - default default] 10.0.0.73 "DELETE /v2.0/ports/1f329b7a-3bcb-4383-a922-c9b1c90597dd HTTP/1.1" status: 204 len: 168 time: 0.2915354 /var/lib/openstack/lib/python3.10/site-packages/pycadf/identifier.py:71: UserWarning: Invalid uuid: neutron. To ensure interoperability, identifiers should be a valid uuid. warnings.warn(('Invalid uuid: %s. To ensure interoperability, '
2026-06-24 14:31:24.811 9 INFO neutron.wsgi [None req-d1fdc864-e547-4828-87ba-37c73eb4aea8 d71de5739d464d7589d872865d544c67 634edbabe9fe446da7f5abf9333f8a0a - - default default] 10.0.0.73 "DELETE /v2.0/ports/ded7301f-384e-448f-aa25-ce895c369705 HTTP/1.1" status: 204 len: 168 time: 0.2767360
2026-06-24 14:31:25.040 9 INFO neutron.wsgi [None req-b8abca93-46f3-47c3-aa53-3b48d78fdaad d71de5739d464d7589d872865d544c67 634edbabe9fe446da7f5abf9333f8a0a - - default default] 10.0.0.73 "DELETE /v2.0/ports/f8f468ad-5c4a-4517-9f8b-db7ba25668ce HTTP/1.1" status: 204 len: 168 time: 0.2239809
2026-06-24 14:31:25.203 10 INFO neutron.db.ovn_revision_numbers_db [None req-9794fd4a-e7af-4104-8253-2c508065ee0f 40b749b8d67741ed93f2a73c4f2a141b 6ab75bc126c84f7b938c161f6d22251a - - default default] Successfully bumped revision number for resource 3739405a-bcd6-46d1-88ed-851e59d2b2b1 (type: security_groups) to 1
2026-06-24 14:31:25.219 10 INFO neutron.db.ovn_revision_numbers_db [None req-9794fd4a-e7af-4104-8253-2c508065ee0f 40b749b8d67741ed93f2a73c4f2a141b 6ab75bc126c84f7b938c161f6d22251a - - default default] Successfully bumped revision number for resource 763f3063-a06a-4750-bc98-f48a65f9a5d4 (type: security_group_rules) to 0
2026-06-24 14:31:25.237 10 INFO neutron.db.ovn_revision_numbers_db [None req-9794fd4a-e7af-4104-8253-2c508065ee0f 40b749b8d67741ed93f2a73c4f2a141b 6ab75bc126c84f7b938c161f6d22251a - - default default] Successfully bumped revision number for resource 99e61645-e203-4153-8a1d-cc9e84b4e7e4 (type: security_group_rules) to 0
2026-06-24 14:31:25.255 10 INFO neutron.wsgi [None req-653bbd29-638f-4c50-a02a-51c14fc00b28 e76db575dff94ebc9a7315ff665d28d5 83a5ffef37fa4509917db28facb773b2 - - default default] 10.0.0.73 "DELETE /v2.0/security-groups/39789889-ede3-44a4-892d-596d8681747b HTTP/1.1" status: 204 len: 168 time: 0.1822999
2026-06-24 14:31:25.258 10 INFO neutron.wsgi [None req-9794fd4a-e7af-4104-8253-2c508065ee0f 40b749b8d67741ed93f2a73c4f2a141b 6ab75bc126c84f7b938c161f6d22251a - - default default] 10.0.0.73 "POST /v2.0/security-groups HTTP/1.1" status: 201 len: 1809 time: 0.2076433
2026-06-24 14:31:25.290 9 INFO neutron.wsgi [None req-cace4e80-3bcf-44a4-bdce-94d265145860 d71de5739d464d7589d872865d544c67 634edbabe9fe446da7f5abf9333f8a0a - - default default] 10.0.0.73 "DELETE /v2.0/ports/f1ee8a5e-0562-49d3-8beb-7d95771b09d4 HTTP/1.1" status: 204 len: 168 time: 0.2350864
2026-06-24 14:31:25.508 10 INFO neutron.db.ovn_revision_numbers_db [None req-ecc9342c-37c1-4f06-86d2-fbaa58a3e50e 40b749b8d67741ed93f2a73c4f2a141b 6ab75bc126c84f7b938c161f6d22251a - - default default] Successfully bumped revision number for resource 5d9d37d0-907f-4aaf-83e6-621486fd585a (type: security_group_rules) to 0
2026-06-24 14:31:25.552 10 INFO neutron.wsgi [None req-ecc9342c-37c1-4f06-86d2-fbaa58a3e50e 40b749b8d67741ed93f2a73c4f2a141b 6ab75bc126c84f7b938c161f6d22251a - - default default] 10.0.0.73 "POST /v2.0/security-group-rules HTTP/1.1" status: 201 len: 764 time: 0.2899814
2026-06-24 14:31:25.721 9 INFO neutron.services.segments.plugin [-] Segment f0ad485d-ad5a-4a69-a0f6-08a2dc5eed26 resource provider aggregate not found
2026-06-24 14:31:25.726 9 INFO neutron.services.segments.plugin [-] Segment f0ad485d-ad5a-4a69-a0f6-08a2dc5eed26 resource provider aggregate not found
