2026-06-24 14:35:13.314 9 INFO neutron.api.v2.resource [None req-bd6e9a88-e0de-4d6f-a6b2-098176194e88 2ebe641c2b454b2e8f8918a9aa7ca098 dbddf508c50540f3a436166a917a9604 - - default default] show failed (client error): The resource could not be found.
2026-06-24 14:35:13.317 9 INFO neutron.wsgi [None req-bd6e9a88-e0de-4d6f-a6b2-098176194e88 2ebe641c2b454b2e8f8918a9aa7ca098 dbddf508c50540f3a436166a917a9604 - - default default] 10.0.0.73 "GET /v2.0/security-group-rules/cc2744c5-bf20-4c0f-8147-3c82c67fc361 HTTP/1.1" status: 404 len: 356 time: 0.0120041
2026-06-24 14:35:13.465 9 INFO neutron.wsgi [None req-8b56c55c-e56e-4ce7-9302-9ebd1534c6cf 2ebe641c2b454b2e8f8918a9aa7ca098 dbddf508c50540f3a436166a917a9604 - - default default] 10.0.0.73 "DELETE /v2.0/security-group-rules/132d0cb3-f475-4504-b74a-84ddcad47767 HTTP/1.1" status: 204 len: 168 time: 0.1433089
2026-06-24 14:35:13.478 9 INFO neutron.api.v2.resource [None req-d3563908-6d6f-454e-9fa0-4a97adee4bee 2ebe641c2b454b2e8f8918a9aa7ca098 dbddf508c50540f3a436166a917a9604 - - default default] show failed (client error): The resource could not be found.
2026-06-24 14:35:13.480 9 INFO neutron.wsgi [None req-d3563908-6d6f-454e-9fa0-4a97adee4bee 2ebe641c2b454b2e8f8918a9aa7ca098 dbddf508c50540f3a436166a917a9604 - - default default] 10.0.0.73 "GET /v2.0/security-group-rules/132d0cb3-f475-4504-b74a-84ddcad47767 HTTP/1.1" status: 404 len: 356 time: 0.0096912
2026-06-24 14:35:13.606 9 INFO neutron.wsgi [None req-08abb335-2d58-4395-a412-aa882818f6c8 2ebe641c2b454b2e8f8918a9aa7ca098 dbddf508c50540f3a436166a917a9604 - - default default] 10.0.0.73 "DELETE /v2.0/security-group-rules/9a3a19e3-5134-422d-8ec2-97b437a8050f HTTP/1.1" status: 204 len: 168 time: 0.1227453
2026-06-24 14:35:13.617 9 INFO neutron.api.v2.resource [None req-b9b32d57-e913-4b8c-a98a-27c0406b2b7e 2ebe641c2b454b2e8f8918a9aa7ca098 dbddf508c50540f3a436166a917a9604 - - default default] show failed (client error): The resource could not be found.
2026-06-24 14:35:13.619 9 INFO neutron.wsgi [None req-b9b32d57-e913-4b8c-a98a-27c0406b2b7e 2ebe641c2b454b2e8f8918a9aa7ca098 dbddf508c50540f3a436166a917a9604 - - default default] 10.0.0.73 "GET /v2.0/security-group-rules/9a3a19e3-5134-422d-8ec2-97b437a8050f HTTP/1.1" status: 404 len: 356 time: 0.0083506
2026-06-24 14:35:13.784 9 INFO neutron.wsgi [None req-5ab7f7ba-b5ea-4acb-b037-eb840e471256 2ebe641c2b454b2e8f8918a9aa7ca098 dbddf508c50540f3a436166a917a9604 - - default default] 10.0.0.73 "DELETE /v2.0/security-group-rules/89bfe917-f3a4-4cb2-b645-f960064842d9 HTTP/1.1" status: 204 len: 168 time: 0.1614251
2026-06-24 14:35:13.803 9 INFO neutron.api.v2.resource [None req-9f9f05d2-6867-4742-b74f-e1f9be3faac4 2ebe641c2b454b2e8f8918a9aa7ca098 dbddf508c50540f3a436166a917a9604 - - default default] show failed (client error): The resource could not be found.
2026-06-24 14:35:13.805 9 INFO neutron.wsgi [None req-9f9f05d2-6867-4742-b74f-e1f9be3faac4 2ebe641c2b454b2e8f8918a9aa7ca098 dbddf508c50540f3a436166a917a9604 - - default default] 10.0.0.73 "GET /v2.0/security-group-rules/89bfe917-f3a4-4cb2-b645-f960064842d9 HTTP/1.1" status: 404 len: 356 time: 0.0146728
2026-06-24 14:35:13.928 10 INFO neutron.wsgi [None req-9378c316-3bdb-4c76-b710-3b3a95be0062 2ebe641c2b454b2e8f8918a9aa7ca098 dbddf508c50540f3a436166a917a9604 - - default default] 10.0.0.73 "DELETE /v2.0/security-group-rules/184a3dce-4f86-4c52-8080-15c498d54efc HTTP/1.1" status: 204 len: 168 time: 0.1156833
2026-06-24 14:35:13.940 10 INFO neutron.api.v2.resource [None req-ccc5fe80-9769-4631-96ae-400e4c2fa77a 2ebe641c2b454b2e8f8918a9aa7ca098 dbddf508c50540f3a436166a917a9604 - - default default] show failed (client error): The resource could not be found.
2026-06-24 14:35:13.942 10 INFO neutron.wsgi [None req-ccc5fe80-9769-4631-96ae-400e4c2fa77a 2ebe641c2b454b2e8f8918a9aa7ca098 dbddf508c50540f3a436166a917a9604 - - default default] 10.0.0.73 "GET /v2.0/security-group-rules/184a3dce-4f86-4c52-8080-15c498d54efc HTTP/1.1" status: 404 len: 356 time: 0.0094006
2026-06-24 14:35:14.068 10 INFO neutron.wsgi [None req-39820343-8f07-483b-8821-1c1cc2f14bc8 2ebe641c2b454b2e8f8918a9aa7ca098 dbddf508c50540f3a436166a917a9604 - - default default] 10.0.0.73 "DELETE /v2.0/security-group-rules/54d91e66-df63-4ea0-ac51-aa4ca9c05c8b HTTP/1.1" status: 204 len: 168 time: 0.1223893
2026-06-24 14:35:14.081 10 INFO neutron.api.v2.resource [None req-b923893e-9af1-4131-9828-90dcc2c55894 2ebe641c2b454b2e8f8918a9aa7ca098 dbddf508c50540f3a436166a917a9604 - - default default] show failed (client error): The resource could not be found.
2026-06-24 14:35:14.083 10 INFO neutron.wsgi [None req-b923893e-9af1-4131-9828-90dcc2c55894 2ebe641c2b454b2e8f8918a9aa7ca098 dbddf508c50540f3a436166a917a9604 - - default default] 10.0.0.73 "GET /v2.0/security-group-rules/54d91e66-df63-4ea0-ac51-aa4ca9c05c8b HTTP/1.1" status: 404 len: 356 time: 0.0097537
2026-06-24 14:35:14.220 10 INFO neutron.wsgi [None req-918010d9-5aa2-4f72-be02-61044a7ad587 2ebe641c2b454b2e8f8918a9aa7ca098 dbddf508c50540f3a436166a917a9604 - - default default] 10.0.0.73 "DELETE /v2.0/security-group-rules/015767ff-59c6-421c-8901-32618d72c0aa HTTP/1.1" status: 204 len: 168 time: 0.1326749
2026-06-24 14:35:14.247 9 INFO neutron.api.v2.resource [None req-1558069f-0546-42c5-8e15-543109965964 2ebe641c2b454b2e8f8918a9aa7ca098 dbddf508c50540f3a436166a917a9604 - - default default] show failed (client error): The resource could not be found.
2026-06-24 14:35:14.248 9 INFO neutron.wsgi [None req-1558069f-0546-42c5-8e15-543109965964 2ebe641c2b454b2e8f8918a9aa7ca098 dbddf508c50540f3a436166a917a9604 - - default default] 10.0.0.73 "GET /v2.0/security-group-rules/015767ff-59c6-421c-8901-32618d72c0aa HTTP/1.1" status: 404 len: 356 time: 0.0099933
2026-06-24 14:35:14.373 9 INFO neutron.wsgi [None req-e09d6784-2e19-4061-912e-5bcf9bac266f 2ebe641c2b454b2e8f8918a9aa7ca098 dbddf508c50540f3a436166a917a9604 - - default default] 10.0.0.73 "DELETE /v2.0/security-group-rules/4f7060e4-5fc7-4c5b-8f45-5e72d0f7d705 HTTP/1.1" status: 204 len: 168 time: 0.1157694
2026-06-24 14:35:14.386 9 INFO neutron.api.v2.resource [None req-228b59b9-dcc8-49a6-b082-9ee1a489dbb8 2ebe641c2b454b2e8f8918a9aa7ca098 dbddf508c50540f3a436166a917a9604 - - default default] show failed (client error): The resource could not be found.
2026-06-24 14:35:14.388 9 INFO neutron.wsgi [None req-228b59b9-dcc8-49a6-b082-9ee1a489dbb8 2ebe641c2b454b2e8f8918a9aa7ca098 dbddf508c50540f3a436166a917a9604 - - default default] 10.0.0.73 "GET /v2.0/security-group-rules/4f7060e4-5fc7-4c5b-8f45-5e72d0f7d705 HTTP/1.1" status: 404 len: 356 time: 0.0098221
2026-06-24 14:35:14.509 9 INFO neutron.wsgi [None req-d858e6ae-5ac4-46a0-9a0e-ff37b08a26a1 2ebe641c2b454b2e8f8918a9aa7ca098 dbddf508c50540f3a436166a917a9604 - - default default] 10.0.0.73 "DELETE /v2.0/security-groups/ae781c7e-faca-4139-af11-353f295ad808 HTTP/1.1" status: 204 len: 168 time: 0.1163242
2026-06-24 14:35:14.537 9 INFO neutron.api.v2.resource [None req-7fa0c89d-7152-40dc-9543-d59db295be43 2ebe641c2b454b2e8f8918a9aa7ca098 dbddf508c50540f3a436166a917a9604 - - default default] show failed (client error): The resource could not be found.
2026-06-24 14:35:14.539 9 INFO neutron.wsgi [None req-7fa0c89d-7152-40dc-9543-d59db295be43 2ebe641c2b454b2e8f8918a9aa7ca098 dbddf508c50540f3a436166a917a9604 - - default default] 10.0.0.73 "GET /v2.0/security-groups/ae781c7e-faca-4139-af11-353f295ad808 HTTP/1.1" status: 404 len: 347 time: 0.0240161
2026-06-24 14:35:15.757 9 INFO neutron.wsgi [None req-8f0e2471-9809-4d46-8a0b-c3e49f93827a 2ebe641c2b454b2e8f8918a9aa7ca098 dbddf508c50540f3a436166a917a9604 - - default default] 10.0.0.73 "PUT /v2.0/routers/e9411240-88b2-4acb-a0ef-7c99861baeb1/remove_router_interface HTTP/1.1" status: 200 len: 503 time: 1.1589510
2026-06-24 14:35:15.907 10 INFO neutron.api.v2.resource [None req-15fb9541-c251-4b72-bb1e-1dc202669949 2ebe641c2b454b2e8f8918a9aa7ca098 dbddf508c50540f3a436166a917a9604 - - default default] remove_router_interface failed (client error): The resource could not be found.
2026-06-24 14:35:15.908 10 INFO neutron.wsgi [None req-15fb9541-c251-4b72-bb1e-1dc202669949 2ebe641c2b454b2e8f8918a9aa7ca098 dbddf508c50540f3a436166a917a9604 - - default default] 10.0.0.73 "PUT /v2.0/routers/e9411240-88b2-4acb-a0ef-7c99861baeb1/remove_router_interface HTTP/1.1" status: 404 len: 399 time: 0.1454682
2026-06-24 14:35:16.866 10 INFO neutron.wsgi [None req-d16d2ff4-ac11-4cea-9e99-dfa3dccdd628 2ebe641c2b454b2e8f8918a9aa7ca098 dbddf508c50540f3a436166a917a9604 - - default default] 10.0.0.73 "PUT /v2.0/routers/e9411240-88b2-4acb-a0ef-7c99861baeb1/remove_router_interface HTTP/1.1" status: 200 len: 503 time: 0.9521632 /var/lib/openstack/lib/python3.10/site-packages/pycadf/identifier.py:71: UserWarning: Invalid uuid: neutron. To ensure interoperability, identifiers should be a valid uuid. warnings.warn(('Invalid uuid: %s. To ensure interoperability, '
2026-06-24 14:35:17.002 10 INFO neutron.api.v2.resource [None req-1de77a83-2bfb-4c65-8aea-39579514f670 2ebe641c2b454b2e8f8918a9aa7ca098 dbddf508c50540f3a436166a917a9604 - - default default] remove_router_interface failed (client error): The resource could not be found.
2026-06-24 14:35:17.003 10 INFO neutron.wsgi [None req-1de77a83-2bfb-4c65-8aea-39579514f670 2ebe641c2b454b2e8f8918a9aa7ca098 dbddf508c50540f3a436166a917a9604 - - default default] 10.0.0.73 "PUT /v2.0/routers/e9411240-88b2-4acb-a0ef-7c99861baeb1/remove_router_interface HTTP/1.1" status: 404 len: 399 time: 0.1299143
2026-06-24 14:35:18.104 10 INFO neutron.wsgi [None req-71042794-fa4a-45f0-a19d-c26ab7be817c 2ebe641c2b454b2e8f8918a9aa7ca098 dbddf508c50540f3a436166a917a9604 - - default default] 10.0.0.73 "PUT /v2.0/routers/e9411240-88b2-4acb-a0ef-7c99861baeb1/remove_router_interface HTTP/1.1" status: 200 len: 503 time: 1.0950797 /var/lib/openstack/lib/python3.10/site-packages/pycadf/identifier.py:71: UserWarning: Invalid uuid: neutron. To ensure interoperability, identifiers should be a valid uuid. warnings.warn(('Invalid uuid: %s. To ensure interoperability, '
2026-06-24 14:35:18.262 9 INFO neutron.api.v2.resource [None req-9df3a882-0b41-44c5-8d11-fef54c978371 2ebe641c2b454b2e8f8918a9aa7ca098 dbddf508c50540f3a436166a917a9604 - - default default] remove_router_interface failed (client error): The resource could not be found.
2026-06-24 14:35:18.263 9 INFO neutron.wsgi [None req-9df3a882-0b41-44c5-8d11-fef54c978371 2ebe641c2b454b2e8f8918a9aa7ca098 dbddf508c50540f3a436166a917a9604 - - default default] 10.0.0.73 "PUT /v2.0/routers/e9411240-88b2-4acb-a0ef-7c99861baeb1/remove_router_interface HTTP/1.1" status: 404 len: 399 time: 0.1523461
2026-06-24 14:35:18.940 9 INFO neutron.wsgi [None req-d65ba942-12be-4b64-bccf-57c9afefcfef 2ebe641c2b454b2e8f8918a9aa7ca098 dbddf508c50540f3a436166a917a9604 - - default default] 10.0.0.73 "DELETE /v2.0/routers/e9411240-88b2-4acb-a0ef-7c99861baeb1 HTTP/1.1" status: 204 len: 168 time: 0.6716805
2026-06-24 14:35:18.964 9 INFO neutron.api.v2.resource [None req-cb9dd8e4-bde9-4893-995b-3c5668dd13a7 2ebe641c2b454b2e8f8918a9aa7ca098 dbddf508c50540f3a436166a917a9604 - - default default] show failed (client error): The resource could not be found.
2026-06-24 14:35:18.966 9 INFO neutron.wsgi [None req-cb9dd8e4-bde9-4893-995b-3c5668dd13a7 2ebe641c2b454b2e8f8918a9aa7ca098 dbddf508c50540f3a436166a917a9604 - - default default] 10.0.0.73 "GET /v2.0/routers/e9411240-88b2-4acb-a0ef-7c99861baeb1 HTTP/1.1" status: 404 len: 336 time: 0.0213146
2026-06-24 14:35:19.145 9 INFO neutron.wsgi [None req-4adae307-5d95-41b1-b576-c7090fee7dd7 2ebe641c2b454b2e8f8918a9aa7ca098 dbddf508c50540f3a436166a917a9604 - - default default] 10.0.0.73 "DELETE /v2.0/subnets/17a59d2d-a9c5-43d1-ac2c-1a68c672dd9e HTTP/1.1" status: 204 len: 168 time: 0.1760964
2026-06-24 14:35:19.162 9 INFO neutron.pecan_wsgi.hooks.translation [None req-92d1befe-9898-46b0-9265-256fba1512f1 2ebe641c2b454b2e8f8918a9aa7ca098 dbddf508c50540f3a436166a917a9604 - - default default] GET failed (client error): The resource could not be found.
2026-06-24 14:35:19.163 9 INFO neutron.wsgi [None req-92d1befe-9898-46b0-9265-256fba1512f1 2ebe641c2b454b2e8f8918a9aa7ca098 dbddf508c50540f3a436166a917a9604 - - default default] 10.0.0.73 "GET /v2.0/subnets/17a59d2d-a9c5-43d1-ac2c-1a68c672dd9e HTTP/1.1" status: 404 len: 337 time: 0.0139811
2026-06-24 14:35:19.353 9 INFO neutron.wsgi [None req-5dd67220-2367-4b9d-a953-dfd41545a76f 2ebe641c2b454b2e8f8918a9aa7ca098 dbddf508c50540f3a436166a917a9604 - - default default] 10.0.0.73 "DELETE /v2.0/subnets/6b93e4af-6313-467f-afbd-286bebffbc23 HTTP/1.1" status: 204 len: 168 time: 0.1857028
2026-06-24 14:35:19.378 9 INFO neutron.pecan_wsgi.hooks.translation [None req-fa6eef51-de95-44c9-9c7e-ebb5d07faaf1 2ebe641c2b454b2e8f8918a9aa7ca098 dbddf508c50540f3a436166a917a9604 - - default default] GET failed (client error): The resource could not be found.
2026-06-24 14:35:19.381 9 INFO neutron.wsgi [None req-fa6eef51-de95-44c9-9c7e-ebb5d07faaf1 2ebe641c2b454b2e8f8918a9aa7ca098 dbddf508c50540f3a436166a917a9604 - - default default] 10.0.0.73 "GET /v2.0/subnets/6b93e4af-6313-467f-afbd-286bebffbc23 HTTP/1.1" status: 404 len: 337 time: 0.0225859
2026-06-24 14:35:19.794 9 INFO neutron.wsgi [None req-a8d687c5-21d3-40e4-bb0f-84da82994631 2ebe641c2b454b2e8f8918a9aa7ca098 dbddf508c50540f3a436166a917a9604 - - default default] 10.0.0.73 "DELETE /v2.0/networks/5f9b62cd-6430-41d5-a155-ee7efe8903a5 HTTP/1.1" status: 204 len: 168 time: 0.4077137
2026-06-24 14:35:19.813 9 INFO neutron.pecan_wsgi.hooks.translation [None req-d2afaaa8-d695-4212-ba54-aaa0d7bb57bf 2ebe641c2b454b2e8f8918a9aa7ca098 dbddf508c50540f3a436166a917a9604 - - default default] GET failed (client error): The resource could not be found.
2026-06-24 14:35:19.815 9 INFO neutron.wsgi [None req-d2afaaa8-d695-4212-ba54-aaa0d7bb57bf 2ebe641c2b454b2e8f8918a9aa7ca098 dbddf508c50540f3a436166a917a9604 - - default default] 10.0.0.73 "GET /v2.0/networks/5f9b62cd-6430-41d5-a155-ee7efe8903a5 HTTP/1.1" status: 404 len: 339 time: 0.0147789 /var/lib/openstack/lib/python3.10/site-packages/pycadf/identifier.py:71: UserWarning: Invalid uuid: neutron. To ensure interoperability, identifiers should be a valid uuid. warnings.warn(('Invalid uuid: %s. To ensure interoperability, '
2026-06-24 14:35:19.847 9 INFO neutron.services.segments.plugin [-] Segment 6e0b0034-17da-4cf1-84bb-04a696af12e9 resource provider aggregate not found
2026-06-24 14:35:19.855 9 INFO neutron.services.segments.plugin [-] Segment 6e0b0034-17da-4cf1-84bb-04a696af12e9 resource provider aggregate not found
2026-06-24 14:35:19.868 9 INFO neutron.services.segments.plugin [-] Segment 6e0b0034-17da-4cf1-84bb-04a696af12e9 resource provider not found; error: Placement Client Error (4xx): {"errors": [{"status": 404, "title": "Not Found", "detail": "The resource could not be found.\n\n No resource provider with uuid 6e0b0034-17da-4cf1-84bb-04a696af12e9 found for delete ", "request_id": "req-1fa498c8-e0b2-4214-865e-cd6cb994975b"}]}
2026-06-24 14:35:19.879 9 INFO neutron.services.segments.plugin [-] Segment 6e0b0034-17da-4cf1-84bb-04a696af12e9 resource provider not found; error: Placement Client Error (4xx): {"errors": [{"status": 404, "title": "Not Found", "detail": "The resource could not be found.\n\n No resource provider with uuid 6e0b0034-17da-4cf1-84bb-04a696af12e9 found for delete ", "request_id": "req-cc0dc5e8-a1e2-4551-b5b9-56de7fae8073"}]}
2026-06-24 14:35:20.038 10 INFO neutron.wsgi [None req-89aac395-8787-49e4-a1e4-f55145e02925 2ebe641c2b454b2e8f8918a9aa7ca098 dbddf508c50540f3a436166a917a9604 - - default default] 10.0.0.73 "DELETE /v2.0/subnets/e8f52838-187a-4dcb-8195-17426c664c97 HTTP/1.1" status: 204 len: 168 time: 0.2164209
2026-06-24 14:35:20.065 10 INFO neutron.pecan_wsgi.hooks.translation [None req-0df575f9-4516-47ab-887f-723b9fd48e44 2ebe641c2b454b2e8f8918a9aa7ca098 dbddf508c50540f3a436166a917a9604 - - default default] GET failed (client error): The resource could not be found.
2026-06-24 14:35:20.067 10 INFO neutron.wsgi [None req-0df575f9-4516-47ab-887f-723b9fd48e44 2ebe641c2b454b2e8f8918a9aa7ca098 dbddf508c50540f3a436166a917a9604 - - default default] 10.0.0.73 "GET /v2.0/subnets/e8f52838-187a-4dcb-8195-17426c664c97 HTTP/1.1" status: 404 len: 337 time: 0.0233886
2026-06-24 14:35:20.280 10 INFO neutron.wsgi [None req-81823dfe-0363-4b91-9aac-60eb57e7f59f 2ebe641c2b454b2e8f8918a9aa7ca098 dbddf508c50540f3a436166a917a9604 - - default default] 10.0.0.73 "DELETE /v2.0/subnets/3f8d9c47-4d90-4676-9af3-ed95b5432710 HTTP/1.1" status: 204 len: 168 time: 0.2085028
2026-06-24 14:35:20.301 10 INFO neutron.pecan_wsgi.hooks.translation [None req-e6587ba9-d3a9-4034-b587-09d2bd2dcdbe 2ebe641c2b454b2e8f8918a9aa7ca098 dbddf508c50540f3a436166a917a9604 - - default default] GET failed (client error): The resource could not be found.
2026-06-24 14:35:20.302 10 INFO neutron.wsgi [None req-e6587ba9-d3a9-4034-b587-09d2bd2dcdbe 2ebe641c2b454b2e8f8918a9aa7ca098 dbddf508c50540f3a436166a917a9604 - - default default] 10.0.0.73 "GET /v2.0/subnets/3f8d9c47-4d90-4676-9af3-ed95b5432710 HTTP/1.1" status: 404 len: 337 time: 0.0177140
2026-06-24 14:35:20.748 10 INFO neutron.wsgi [None req-7667ba47-81fd-4ab8-bd33-abddcab107dd 2ebe641c2b454b2e8f8918a9aa7ca098 dbddf508c50540f3a436166a917a9604 - - default default] 10.0.0.73 "DELETE /v2.0/networks/5e084393-962b-4a6c-ab39-6f740bfeeeb6 HTTP/1.1" status: 204 len: 168 time: 0.4403172
2026-06-24 14:35:20.762 10 INFO neutron.services.segments.plugin [-] Segment ad351ff0-5cf7-4392-bee4-4ef678dc54a3 resource provider aggregate not found
2026-06-24 14:35:20.772 9 INFO neutron.pecan_wsgi.hooks.translation [None req-5d008144-9984-44ce-8a2e-5719c6868618 2ebe641c2b454b2e8f8918a9aa7ca098 dbddf508c50540f3a436166a917a9604 - - default default] GET failed (client error): The resource could not be found.
2026-06-24 14:35:20.772 10 INFO neutron.services.segments.plugin [-] Segment ad351ff0-5cf7-4392-bee4-4ef678dc54a3 resource provider aggregate not found
2026-06-24 14:35:20.774 9 INFO neutron.wsgi [None req-5d008144-9984-44ce-8a2e-5719c6868618 2ebe641c2b454b2e8f8918a9aa7ca098 dbddf508c50540f3a436166a917a9604 - - default default] 10.0.0.73 "GET /v2.0/networks/5e084393-962b-4a6c-ab39-6f740bfeeeb6 HTTP/1.1" status: 404 len: 339 time: 0.0180340
2026-06-24 14:35:20.788 10 INFO neutron.services.segments.plugin [-] Segment ad351ff0-5cf7-4392-bee4-4ef678dc54a3 resource provider not found; error: Placement Client Error (4xx): {"errors": [{"status": 404, "title": "Not Found", "detail": "The resource could not be found.\n\n No resource provider with uuid ad351ff0-5cf7-4392-bee4-4ef678dc54a3 found for delete ", "request_id": "req-2934b29f-45fe-4898-875e-26ed3d5d82a8"}]}
2026-06-24 14:35:20.791 10 INFO neutron.services.segments.plugin [-] Segment ad351ff0-5cf7-4392-bee4-4ef678dc54a3 resource provider not found; error: Placement Client Error (4xx): {"errors": [{"status": 404, "title": "Not Found", "detail": "The resource could not be found.\n\n No resource provider with uuid ad351ff0-5cf7-4392-bee4-4ef678dc54a3 found for delete ", "request_id": "req-c24ba7e5-c380-4810-9d6f-ba7356bc517f"}]}
2026-06-24 14:35:20.967 9 INFO neutron.wsgi [None req-74033230-d2a5-467c-a855-16f04a686cea 2ebe641c2b454b2e8f8918a9aa7ca098 dbddf508c50540f3a436166a917a9604 - - default default] 10.0.0.73 "DELETE /v2.0/subnets/8bdf9853-67a3-483e-b9f2-345c7d87e7c6 HTTP/1.1" status: 204 len: 168 time: 0.1891911
2026-06-24 14:35:20.993 9 INFO neutron.pecan_wsgi.hooks.translation [None req-f5fa724b-e91f-435c-849b-417235ac733f 2ebe641c2b454b2e8f8918a9aa7ca098 dbddf508c50540f3a436166a917a9604 - - default default] GET failed (client error): The resource could not be found.
2026-06-24 14:35:20.994 9 INFO neutron.wsgi [None req-f5fa724b-e91f-435c-849b-417235ac733f 2ebe641c2b454b2e8f8918a9aa7ca098 dbddf508c50540f3a436166a917a9604 - - default default] 10.0.0.73 "GET /v2.0/subnets/8bdf9853-67a3-483e-b9f2-345c7d87e7c6 HTTP/1.1" status: 404 len: 337 time: 0.0215342
2026-06-24 14:35:21.216 9 INFO neutron.wsgi [None req-7c5e3e25-2514-489a-9897-e0eb7dad67b6 2ebe641c2b454b2e8f8918a9aa7ca098 dbddf508c50540f3a436166a917a9604 - - default default] 10.0.0.73 "DELETE /v2.0/subnets/33113e90-50b5-4b12-9923-862d7038a7f3 HTTP/1.1" status: 204 len: 168 time: 0.2172010
2026-06-24 14:35:21.244 9 INFO neutron.pecan_wsgi.hooks.translation [None req-27ce765d-9739-414a-9a4d-ed36fcf544ee 2ebe641c2b454b2e8f8918a9aa7ca098 dbddf508c50540f3a436166a917a9604 - - default default] GET failed (client error): The resource could not be found.
2026-06-24 14:35:21.247 9 INFO neutron.wsgi [None req-27ce765d-9739-414a-9a4d-ed36fcf544ee 2ebe641c2b454b2e8f8918a9aa7ca098 dbddf508c50540f3a436166a917a9604 - - default default] 10.0.0.73 "GET /v2.0/subnets/33113e90-50b5-4b12-9923-862d7038a7f3 HTTP/1.1" status: 404 len: 337 time: 0.0256584
2026-06-24 14:35:21.635 9 INFO neutron.wsgi [None req-b1f604ef-0776-4487-a7eb-3cc043ff8802 2ebe641c2b454b2e8f8918a9aa7ca098 dbddf508c50540f3a436166a917a9604 - - default default] 10.0.0.73 "DELETE /v2.0/networks/e99b26e7-e087-4e0a-aa6e-d2b964f93227 HTTP/1.1" status: 204 len: 168 time: 0.3827291
2026-06-24 14:35:21.665 10 INFO neutron.pecan_wsgi.hooks.translation [None req-5f81ab0b-8f28-4f17-8667-9afc793a9ffc 2ebe641c2b454b2e8f8918a9aa7ca098 dbddf508c50540f3a436166a917a9604 - - default default] GET failed (client error): The resource could not be found.
2026-06-24 14:35:21.667 10 INFO neutron.wsgi [None req-5f81ab0b-8f28-4f17-8667-9afc793a9ffc 2ebe641c2b454b2e8f8918a9aa7ca098 dbddf508c50540f3a436166a917a9604 - - default default] 10.0.0.73 "GET /v2.0/networks/e99b26e7-e087-4e0a-aa6e-d2b964f93227 HTTP/1.1" status: 404 len: 339 time: 0.0223320
2026-06-24 14:35:21.892 9 INFO neutron.services.segments.plugin [-] Segment 4c3e08f5-2ac1-4b76-9c82-466e6fbf50a3 resource provider aggregate not found
2026-06-24 14:35:21.900 9 INFO neutron.services.segments.plugin [-] Segment 4c3e08f5-2ac1-4b76-9c82-466e6fbf50a3 resource provider aggregate not found
2026-06-24 14:35:21.916 9 INFO neutron.services.segments.plugin [-] Segment 4c3e08f5-2ac1-4b76-9c82-466e6fbf50a3 resource provider not found; error: Placement Client Error (4xx): {"errors": [{"status": 404, "title": "Not Found", "detail": "The resource could not be found.\n\n No resource provider with uuid 4c3e08f5-2ac1-4b76-9c82-466e6fbf50a3 found for delete ", "request_id": "req-db594c57-4748-4e9f-a5fb-d712e0ce8362"}]}
2026-06-24 14:35:21.917 9 INFO neutron.services.segments.plugin [-] Segment 4c3e08f5-2ac1-4b76-9c82-466e6fbf50a3 resource provider not found; error: Placement Client Error (4xx): {"errors": [{"status": 404, "title": "Not Found", "detail": "The resource could not be found.\n\n No resource provider with uuid 4c3e08f5-2ac1-4b76-9c82-466e6fbf50a3 found for delete ", "request_id": "req-cfde4969-9a27-48bf-8b35-0de0cdb89a89"}]}
2026-06-24 14:35:24.073 9 INFO neutron.db.ovn_revision_numbers_db [None req-33e83ba1-bdef-4bda-9b59-eb1e8d14eef7 ce0dbd5fd4d1459584c4f270d59feb80 94034a93ca0d4cdaa13889186bd1609e - - default default] Successfully bumped revision number for resource 5a94a761-687c-491b-b4cf-b83b993933fc (type: security_groups) to 1
2026-06-24 14:35:24.089 9 INFO neutron.db.ovn_revision_numbers_db [None req-33e83ba1-bdef-4bda-9b59-eb1e8d14eef7 ce0dbd5fd4d1459584c4f270d59feb80 94034a93ca0d4cdaa13889186bd1609e - - default default] Successfully bumped revision number for resource 2037b728-70dd-4976-903f-175f9b706f31 (type: security_group_rules) to 0
2026-06-24 14:35:24.105 9 INFO neutron.db.ovn_revision_numbers_db [None req-33e83ba1-bdef-4bda-9b59-eb1e8d14eef7 ce0dbd5fd4d1459584c4f270d59feb80 94034a93ca0d4cdaa13889186bd1609e - - default default] Successfully bumped revision number for resource 28296455-c3d5-4369-835a-84c56544c337 (type: security_group_rules) to 0
2026-06-24 14:35:24.121 9 INFO neutron.db.ovn_revision_numbers_db [None req-33e83ba1-bdef-4bda-9b59-eb1e8d14eef7 ce0dbd5fd4d1459584c4f270d59feb80 94034a93ca0d4cdaa13889186bd1609e - - default default] Successfully bumped revision number for resource 59b79f9c-c189-4eba-a3eb-c8b50d9fb9ce (type: security_group_rules) to 0
2026-06-24 14:35:24.138 9 INFO neutron.db.ovn_revision_numbers_db [None req-33e83ba1-bdef-4bda-9b59-eb1e8d14eef7 ce0dbd5fd4d1459584c4f270d59feb80 94034a93ca0d4cdaa13889186bd1609e - - default default] Successfully bumped revision number for resource 5a5e48f9-ad84-4f53-a8ac-1da6b3acdee6 (type: security_group_rules) to 0
2026-06-24 14:35:24.161 9 INFO neutron.wsgi [None req-33e83ba1-bdef-4bda-9b59-eb1e8d14eef7 ce0dbd5fd4d1459584c4f270d59feb80 94034a93ca0d4cdaa13889186bd1609e - - default default] 10.0.0.73 "GET /v2.0/security-groups?tenant_id=1aee2dd789e840d8beebffe273148bab&name=default HTTP/1.1" status: 200 len: 3000 time: 0.3707652
2026-06-24 14:35:24.403 9 INFO neutron.wsgi [None req-2447da08-710e-471e-8738-b60b67b5d5f0 ce0dbd5fd4d1459584c4f270d59feb80 94034a93ca0d4cdaa13889186bd1609e - - default default] 10.0.0.73 "DELETE /v2.0/security-groups/5a94a761-687c-491b-b4cf-b83b993933fc HTTP/1.1" status: 204 len: 168 time: 0.2359328
2026-06-24 14:35:24.610 9 INFO neutron.db.ovn_revision_numbers_db [None req-c6d0d1b2-d07e-4c59-a727-4bae3fea45a6 ce0dbd5fd4d1459584c4f270d59feb80 94034a93ca0d4cdaa13889186bd1609e - - default default] Successfully bumped revision number for resource a03d0294-21f7-4862-8692-0a52a7e2994a (type: security_groups) to 1
2026-06-24 14:35:24.626 9 INFO neutron.db.ovn_revision_numbers_db [None req-c6d0d1b2-d07e-4c59-a727-4bae3fea45a6 ce0dbd5fd4d1459584c4f270d59feb80 94034a93ca0d4cdaa13889186bd1609e - - default default] Successfully bumped revision number for resource 228d743d-8934-45cf-87d9-3fe6a276de04 (type: security_group_rules) to 0
2026-06-24 14:35:24.643 9 INFO neutron.db.ovn_revision_numbers_db [None req-c6d0d1b2-d07e-4c59-a727-4bae3fea45a6 ce0dbd5fd4d1459584c4f270d59feb80 94034a93ca0d4cdaa13889186bd1609e - - default default] Successfully bumped revision number for resource 466cf980-dcc6-4dd9-9bbd-9e91602017a6 (type: security_group_rules) to 0
2026-06-24 14:35:24.661 9 INFO neutron.db.ovn_revision_numbers_db [None req-c6d0d1b2-d07e-4c59-a727-4bae3fea45a6 ce0dbd5fd4d1459584c4f270d59feb80 94034a93ca0d4cdaa13889186bd1609e - - default default] Successfully bumped revision number for resource 6651fef2-e046-477d-b255-8f976a23703d (type: security_group_rules) to 0
2026-06-24 14:35:24.679 9 INFO neutron.db.ovn_revision_numbers_db [None req-c6d0d1b2-d07e-4c59-a727-4bae3fea45a6 ce0dbd5fd4d1459584c4f270d59feb80 94034a93ca0d4cdaa13889186bd1609e - - default default] Successfully bumped revision number for resource c4923af9-80fc-48f1-a0d7-69d6e957825c (type: security_group_rules) to 0
2026-06-24 14:35:24.709 9 INFO neutron.wsgi [None req-c6d0d1b2-d07e-4c59-a727-4bae3fea45a6 ce0dbd5fd4d1459584c4f270d59feb80 94034a93ca0d4cdaa13889186bd1609e - - default default] 10.0.0.73 "GET /v2.0/security-groups?tenant_id=3694fa90121947b09d5c318134997367&name=default HTTP/1.1" status: 200 len: 3000 time: 0.2108688
2026-06-24 14:35:24.925 9 INFO neutron.wsgi [None req-8ba00e8c-cc7c-4960-871e-9467b1dfd321 ce0dbd5fd4d1459584c4f270d59feb80 94034a93ca0d4cdaa13889186bd1609e - - default default] 10.0.0.73 "DELETE /v2.0/security-groups/a03d0294-21f7-4862-8692-0a52a7e2994a HTTP/1.1" status: 204 len: 168 time: 0.2039640
2026-06-24 14:35:25.187 9 INFO neutron.db.ovn_revision_numbers_db [None req-2d6bd992-8b9c-4571-a981-5c0e7135581a ce0dbd5fd4d1459584c4f270d59feb80 94034a93ca0d4cdaa13889186bd1609e - - default default] Successfully bumped revision number for resource 8ec58d38-dc67-4e27-949f-02b7ec2e9c5b (type: security_groups) to 1
2026-06-24 14:35:25.199 9 INFO neutron.db.ovn_revision_numbers_db [None req-2d6bd992-8b9c-4571-a981-5c0e7135581a ce0dbd5fd4d1459584c4f270d59feb80 94034a93ca0d4cdaa13889186bd1609e - - default default] Successfully bumped revision number for resource 20c97897-2f33-4a67-aec8-57bd813c5364 (type: security_group_rules) to 0
2026-06-24 14:35:25.214 9 INFO neutron.db.ovn_revision_numbers_db [None req-2d6bd992-8b9c-4571-a981-5c0e7135581a ce0dbd5fd4d1459584c4f270d59feb80 94034a93ca0d4cdaa13889186bd1609e - - default default] Successfully bumped revision number for resource 392e8d7f-b6a5-4ec0-b8f4-a0ee4ec644ca (type: security_group_rules) to 0
2026-06-24 14:35:25.230 9 INFO neutron.db.ovn_revision_numbers_db [None req-2d6bd992-8b9c-4571-a981-5c0e7135581a ce0dbd5fd4d1459584c4f270d59feb80 94034a93ca0d4cdaa13889186bd1609e - - default default] Successfully bumped revision number for resource 4a118c64-d8ff-45ad-8a15-71da2d7c4d55 (type: security_group_rules) to 0
2026-06-24 14:35:25.243 9 INFO neutron.db.ovn_revision_numbers_db [None req-2d6bd992-8b9c-4571-a981-5c0e7135581a ce0dbd5fd4d1459584c4f270d59feb80 94034a93ca0d4cdaa13889186bd1609e - - default default] Successfully bumped revision number for resource 943dcdde-de27-4b91-9c24-db74d5b5f68a (type: security_group_rules) to 0
2026-06-24 14:35:25.268 9 INFO neutron.wsgi [None req-2d6bd992-8b9c-4571-a981-5c0e7135581a ce0dbd5fd4d1459584c4f270d59feb80 94034a93ca0d4cdaa13889186bd1609e - - default default] 10.0.0.73 "GET /v2.0/security-groups?tenant_id=87e76c0cb15242c5afa263de28c1b2c9&name=default HTTP/1.1" status: 200 len: 3000 time: 0.1758943
2026-06-24 14:35:25.460 9 INFO neutron.wsgi [None req-c17a7dbc-51ee-43d6-81c9-9dbfd05dfa3e ce0dbd5fd4d1459584c4f270d59feb80 94034a93ca0d4cdaa13889186bd1609e - - default default] 10.0.0.73 "DELETE /v2.0/security-groups/8ec58d38-dc67-4e27-949f-02b7ec2e9c5b HTTP/1.1" status: 204 len: 168 time: 0.1855245
2026-06-24 14:35:25.639 9 INFO neutron.wsgi [None req-1286e1b1-47f1-4397-9967-5b91954123f6 ce0dbd5fd4d1459584c4f270d59feb80 94034a93ca0d4cdaa13889186bd1609e - - default default] 10.0.0.73 "GET /v2.0/security-groups?tenant_id=dbddf508c50540f3a436166a917a9604&name=default HTTP/1.1" status: 200 len: 3000 time: 0.0340850
2026-06-24 14:35:25.869 9 INFO neutron.wsgi [None req-531719df-4025-4378-864d-6570cd81b60c ce0dbd5fd4d1459584c4f270d59feb80 94034a93ca0d4cdaa13889186bd1609e - - default default] 10.0.0.73 "DELETE /v2.0/security-groups/87993d9e-0513-40fa-97ba-6146e5bf2979 HTTP/1.1" status: 204 len: 168 time: 0.2261498
2026-06-24 14:35:26.146 10 INFO neutron.db.ovn_revision_numbers_db [None req-c63065aa-5229-4a96-90b1-3c9b2b454b74 ce0dbd5fd4d1459584c4f270d59feb80 94034a93ca0d4cdaa13889186bd1609e - - default default] Successfully bumped revision number for resource e5fe9a66-864c-41b7-8738-585e304364db (type: security_groups) to 1
2026-06-24 14:35:26.165 10 INFO neutron.db.ovn_revision_numbers_db [None req-c63065aa-5229-4a96-90b1-3c9b2b454b74 ce0dbd5fd4d1459584c4f270d59feb80 94034a93ca0d4cdaa13889186bd1609e - - default default] Successfully bumped revision number for resource 1df0184e-255a-404c-93dd-080cdd54b7f0 (type: security_group_rules) to 0
2026-06-24 14:35:26.180 10 INFO neutron.db.ovn_revision_numbers_db [None req-c63065aa-5229-4a96-90b1-3c9b2b454b74 ce0dbd5fd4d1459584c4f270d59feb80 94034a93ca0d4cdaa13889186bd1609e - - default default] Successfully bumped revision number for resource 22d73768-8d8a-40c5-ab88-c580b543a3ff (type: security_group_rules) to 0
2026-06-24 14:35:26.195 10 INFO neutron.db.ovn_revision_numbers_db [None req-c63065aa-5229-4a96-90b1-3c9b2b454b74 ce0dbd5fd4d1459584c4f270d59feb80 94034a93ca0d4cdaa13889186bd1609e - - default default] Successfully bumped revision number for resource 524e1306-17e2-41ec-8b6d-a488d7312cab (type: security_group_rules) to 0
2026-06-24 14:35:26.210 10 INFO neutron.db.ovn_revision_numbers_db [None req-c63065aa-5229-4a96-90b1-3c9b2b454b74 ce0dbd5fd4d1459584c4f270d59feb80 94034a93ca0d4cdaa13889186bd1609e - - default default] Successfully bumped revision number for resource 9fe1ea0f-e61c-473a-bd35-7519a9e57b58 (type: security_group_rules) to 0
2026-06-24 14:35:26.236 10 INFO neutron.wsgi [None req-c63065aa-5229-4a96-90b1-3c9b2b454b74 ce0dbd5fd4d1459584c4f270d59feb80 94034a93ca0d4cdaa13889186bd1609e - - default default] 10.0.0.73 "GET /v2.0/security-groups?tenant_id=c33dcdaf8ded46e8a7967e3aca8df664&name=default HTTP/1.1" status: 200 len: 3000 time: 0.2041733
2026-06-24 14:35:26.426 10 INFO neutron.wsgi [None req-cd066b18-b56d-4d1c-a93d-5e8499adaccd ce0dbd5fd4d1459584c4f270d59feb80 94034a93ca0d4cdaa13889186bd1609e - - default default] 10.0.0.73 "DELETE /v2.0/security-groups/e5fe9a66-864c-41b7-8738-585e304364db HTTP/1.1" status: 204 len: 168 time: 0.1840932
2026-06-24 14:35:26.671 10 INFO neutron.db.ovn_revision_numbers_db [None req-6135a9fc-d053-4436-bace-a9c8b2ad9d08 ce0dbd5fd4d1459584c4f270d59feb80 94034a93ca0d4cdaa13889186bd1609e - - default default] Successfully bumped revision number for resource dbe0d4be-8c26-4cf1-a264-acfbefc582a2 (type: security_groups) to 1
2026-06-24 14:35:26.687 10 INFO neutron.db.ovn_revision_numbers_db [None req-6135a9fc-d053-4436-bace-a9c8b2ad9d08 ce0dbd5fd4d1459584c4f270d59feb80 94034a93ca0d4cdaa13889186bd1609e - - default default] Successfully bumped revision number for resource 06ebe89c-d04a-4830-b4d3-72a5aff5c3a0 (type: security_group_rules) to 0
2026-06-24 14:35:26.711 10 INFO neutron.db.ovn_revision_numbers_db [None req-6135a9fc-d053-4436-bace-a9c8b2ad9d08 ce0dbd5fd4d1459584c4f270d59feb80 94034a93ca0d4cdaa13889186bd1609e - - default default] Successfully bumped revision number for resource 2a11de4f-36d2-4f0a-8746-97ccb0bd875e (type: security_group_rules) to 0
2026-06-24 14:35:26.730 10 INFO neutron.db.ovn_revision_numbers_db [None req-6135a9fc-d053-4436-bace-a9c8b2ad9d08 ce0dbd5fd4d1459584c4f270d59feb80 94034a93ca0d4cdaa13889186bd1609e - - default default] Successfully bumped revision number for resource 7d7205d3-2549-462d-a19d-aaf4388c23da (type: security_group_rules) to 0
2026-06-24 14:35:26.749 10 INFO neutron.db.ovn_revision_numbers_db [None req-6135a9fc-d053-4436-bace-a9c8b2ad9d08 ce0dbd5fd4d1459584c4f270d59feb80 94034a93ca0d4cdaa13889186bd1609e - - default default] Successfully bumped revision number for resource ab274a17-e0c1-48fb-b046-a1f04134c1b3 (type: security_group_rules) to 0
2026-06-24 14:35:26.791 10 INFO neutron.wsgi [None req-6135a9fc-d053-4436-bace-a9c8b2ad9d08 ce0dbd5fd4d1459584c4f270d59feb80 94034a93ca0d4cdaa13889186bd1609e - - default default] 10.0.0.73 "GET /v2.0/security-groups?tenant_id=1a10597d587b4d209457e9e4f1d5dc1f&name=default HTTP/1.1" status: 200 len: 3000 time: 0.2307405
2026-06-24 14:35:27.000 10 INFO neutron.wsgi [None req-4cddceda-5b0c-494f-992c-0df1fe5e5800 ce0dbd5fd4d1459584c4f270d59feb80 94034a93ca0d4cdaa13889186bd1609e - - default default] 10.0.0.73 "DELETE /v2.0/security-groups/dbe0d4be-8c26-4cf1-a264-acfbefc582a2 HTTP/1.1" status: 204 len: 168 time: 0.2047789
2026-06-24 14:35:27.261 9 INFO neutron.db.ovn_revision_numbers_db [None req-9db8159c-3af2-4abe-8b2f-8664fa6962b0 ce0dbd5fd4d1459584c4f270d59feb80 94034a93ca0d4cdaa13889186bd1609e - - default default] Successfully bumped revision number for resource 952e8b0b-6bd4-423f-b5e5-66a45524fa15 (type: security_groups) to 1
2026-06-24 14:35:27.272 9 INFO neutron.db.ovn_revision_numbers_db [None req-9db8159c-3af2-4abe-8b2f-8664fa6962b0 ce0dbd5fd4d1459584c4f270d59feb80 94034a93ca0d4cdaa13889186bd1609e - - default default] Successfully bumped revision number for resource 328802b9-ada8-4341-8142-f93d7253df1a (type: security_group_rules) to 0
2026-06-24 14:35:27.285 9 INFO neutron.db.ovn_revision_numbers_db [None req-9db8159c-3af2-4abe-8b2f-8664fa6962b0 ce0dbd5fd4d1459584c4f270d59feb80 94034a93ca0d4cdaa13889186bd1609e - - default default] Successfully bumped revision number for resource 4d0fe9b9-7d3d-4827-8bd4-aa7000574326 (type: security_group_rules) to 0
2026-06-24 14:35:27.300 9 INFO neutron.db.ovn_revision_numbers_db [None req-9db8159c-3af2-4abe-8b2f-8664fa6962b0 ce0dbd5fd4d1459584c4f270d59feb80 94034a93ca0d4cdaa13889186bd1609e - - default default] Successfully bumped revision number for resource 95e1fb99-bd61-49b0-952b-901c94122056 (type: security_group_rules) to 0
2026-06-24 14:35:27.312 9 INFO neutron.db.ovn_revision_numbers_db [None req-9db8159c-3af2-4abe-8b2f-8664fa6962b0 ce0dbd5fd4d1459584c4f270d59feb80 94034a93ca0d4cdaa13889186bd1609e - - default default] Successfully bumped revision number for resource 9ac86713-c0c5-4c12-b81f-361b96a76502 (type: security_group_rules) to 0
2026-06-24 14:35:27.337 9 INFO neutron.wsgi [None req-9db8159c-3af2-4abe-8b2f-8664fa6962b0 ce0dbd5fd4d1459584c4f270d59feb80 94034a93ca0d4cdaa13889186bd1609e - - default default] 10.0.0.73 "GET /v2.0/security-groups?tenant_id=036563eb050c4be682ae49a4f489ae5b&name=default HTTP/1.1" status: 200 len: 3000 time: 0.1833196
2026-06-24 14:35:27.543 9 INFO neutron.wsgi [None req-74d8b2a5-b9ec-49ee-a6e0-b68a395648ac ce0dbd5fd4d1459584c4f270d59feb80 94034a93ca0d4cdaa13889186bd1609e - - default default] 10.0.0.73 "DELETE /v2.0/security-groups/952e8b0b-6bd4-423f-b5e5-66a45524fa15 HTTP/1.1" status: 204 len: 168 time: 0.2004867
2026-06-24 14:35:28.159 9 INFO neutron.wsgi [-] 10.0.0.105 "GET / HTTP/1.1" status: 200 len: 247 time: 0.0025964
2026-06-24 14:35:28.159 10 INFO neutron.wsgi [-] 10.0.0.105 "GET / HTTP/1.1" status: 200 len: 247 time: 0.0021346
2026-06-24 14:35:30.406 10 INFO neutron.wsgi [None req-b07dbe5d-8583-486e-929d-1bc9dec00154 ce0dbd5fd4d1459584c4f270d59feb80 94034a93ca0d4cdaa13889186bd1609e - - default default] 10.0.0.73 "GET /v2.0/networks HTTP/1.1" status: 200 len: 2368 time: 0.2226148
2026-06-24 14:35:31.670 10 INFO neutron.wsgi [None req-f5394f5f-08e4-4541-8d17-e386d979cc70 ce0dbd5fd4d1459584c4f270d59feb80 94034a93ca0d4cdaa13889186bd1609e - - default default] 10.0.0.73 "GET /v2.0/floatingips HTTP/1.1" status: 200 len: 212 time: 0.0275719
2026-06-24 14:35:31.703 10 INFO neutron.wsgi [None req-f8f016bf-eed8-4bd3-ba5d-3186cf1fac96 ce0dbd5fd4d1459584c4f270d59feb80 94034a93ca0d4cdaa13889186bd1609e - - default default] 10.0.0.73 "GET /v2.0/routers HTTP/1.1" status: 200 len: 208 time: 0.0241942
2026-06-24 14:35:31.753 10 INFO neutron.wsgi [None req-1a33cad0-591b-493c-846f-c0488ec65186 ce0dbd5fd4d1459584c4f270d59feb80 94034a93ca0d4cdaa13889186bd1609e - - default default] 10.0.0.73 "GET /v2.0/ports HTTP/1.1" status: 200 len: 5366 time: 0.0414169
2026-06-24 14:35:31.807 10 INFO neutron.wsgi [None req-50614816-3dcc-4263-a825-46ffce4b2c6c ce0dbd5fd4d1459584c4f270d59feb80 94034a93ca0d4cdaa13889186bd1609e - - default default] 10.0.0.73 "GET /v2.0/subnets HTTP/1.1" status: 200 len: 1456 time: 0.0500169
2026-06-24 14:35:31.866 10 INFO neutron.wsgi [None req-a1600232-a468-4606-987e-d37b293d6ffe ce0dbd5fd4d1459584c4f270d59feb80 94034a93ca0d4cdaa13889186bd1609e - - default default] 10.0.0.63 "GET /v2.0/routers HTTP/1.1" status: 200 len: 189 time: 0.0646667
2026-06-24 14:35:31.892 10 INFO neutron.wsgi [None req-a63a9cd2-1cb7-478c-95f1-728ebe3910f9 ce0dbd5fd4d1459584c4f270d59feb80 94034a93ca0d4cdaa13889186bd1609e - - default default] 10.0.0.63 "GET /v2.0/agents?binary=ovn-controller HTTP/1.1" status: 200 len: 591 time: 0.0231631
2026-06-24 14:35:31.896 10 INFO neutron.wsgi [None req-32b1768b-6616-4f93-80a9-656fb80ad60d ce0dbd5fd4d1459584c4f270d59feb80 94034a93ca0d4cdaa13889186bd1609e - - default default] 10.0.0.73 "GET /v2.0/networks HTTP/1.1" status: 200 len: 2368 time: 0.0841663
2026-06-24 14:35:31.908 10 INFO neutron.wsgi [None req-8272162b-a205-4752-8457-d5b7dabb949e ce0dbd5fd4d1459584c4f270d59feb80 94034a93ca0d4cdaa13889186bd1609e - - default default] 10.0.0.63 "GET /v2.0/agents HTTP/1.1" status: 200 len: 997 time: 0.0152137
2026-06-24 14:35:31.942 10 INFO neutron.wsgi [None req-3d83d40b-d576-4c99-bbe8-d16c35db08db ce0dbd5fd4d1459584c4f270d59feb80 94034a93ca0d4cdaa13889186bd1609e - - default default] 10.0.0.63 "GET /v2.0/subnets HTTP/1.1" status: 200 len: 1437 time: 0.0319052
2026-06-24 14:35:31.955 10 INFO neutron.wsgi [None req-c3ba57fb-e958-4f5a-8260-eb6552f1465a ce0dbd5fd4d1459584c4f270d59feb80 94034a93ca0d4cdaa13889186bd1609e - - default default] 10.0.0.63 "GET /v2.0/subnetpools HTTP/1.1" status: 200 len: 193 time: 0.0114021
2026-06-24 14:35:31.959 9 INFO neutron.wsgi [None req-c32da385-dec4-406c-a05c-9a6a9474b282 ce0dbd5fd4d1459584c4f270d59feb80 94034a93ca0d4cdaa13889186bd1609e - - default default] 10.0.0.73 "GET /v2.0/security-groups HTTP/1.1" status: 200 len: 16818 time: 0.0570195
2026-06-24 14:35:31.978 9 INFO neutron.wsgi [None req-0237d242-1439-4e2f-b949-97f4735885cd ce0dbd5fd4d1459584c4f270d59feb80 94034a93ca0d4cdaa13889186bd1609e - - default default] 10.0.0.73 "GET /v2.0/subnetpools HTTP/1.1" status: 200 len: 212 time: 0.0132298
2026-06-24 14:35:32.018 10 INFO neutron.wsgi [None req-6bdb441c-23fd-4b42-b87f-0f791ff763ad ce0dbd5fd4d1459584c4f270d59feb80 94034a93ca0d4cdaa13889186bd1609e - - default default] 10.0.0.63 "GET /v2.0/networks HTTP/1.1" status: 200 len: 2349 time: 0.0622427
2026-06-24 14:35:32.055 10 INFO neutron.wsgi [None req-296545e4-ade2-45fd-9437-239d53a10b2b ce0dbd5fd4d1459584c4f270d59feb80 94034a93ca0d4cdaa13889186bd1609e - - default default] 10.0.0.63 "GET /v2.0/subnets HTTP/1.1" status: 200 len: 1437 time: 0.0343869
2026-06-24 14:35:32.069 10 INFO neutron.wsgi [None req-a17d0809-83df-4201-b863-cac7fff86dc0 ce0dbd5fd4d1459584c4f270d59feb80 94034a93ca0d4cdaa13889186bd1609e - - default default] 10.0.0.63 "GET /v2.0/network-ip-availabilities HTTP/1.1" status: 200 len: 1280 time: 0.0133901
2026-06-24 14:35:32.094 10 INFO neutron.wsgi [None req-5f0277f8-28ce-4737-aace-60d9e39b5f7d ce0dbd5fd4d1459584c4f270d59feb80 94034a93ca0d4cdaa13889186bd1609e - - default default] 10.0.0.63 "GET /v2.0/floatingips HTTP/1.1" status: 200 len: 193 time: 0.0233061
2026-06-24 14:35:32.151 10 INFO neutron.wsgi [None req-16e88781-e7f6-4cf3-ae69-90b43660013c ce0dbd5fd4d1459584c4f270d59feb80 94034a93ca0d4cdaa13889186bd1609e - - default default] 10.0.0.63 "GET /v2.0/security-groups HTTP/1.1" status: 200 len: 16799 time: 0.0556722
2026-06-24 14:35:32.195 10 INFO neutron.wsgi [None req-a848b4d2-6314-4f43-8d38-536c07af2094 ce0dbd5fd4d1459584c4f270d59feb80 94034a93ca0d4cdaa13889186bd1609e - - default default] 10.0.0.63 "GET /v2.0/ports HTTP/1.1" status: 200 len: 5347 time: 0.0372362
2026-06-24 14:35:43.157 10 INFO neutron.wsgi [-] 10.0.0.105 "GET / HTTP/1.1" status: 200 len: 247 time: 0.0018556
2026-06-24 14:35:43.159 9 INFO neutron.wsgi [-] 10.0.0.105 "GET / HTTP/1.1" status: 200 len: 247 time: 0.0037029
2026-06-24 14:35:58.158 10 INFO neutron.wsgi [-] 10.0.0.105 "GET / HTTP/1.1" status: 200 len: 247 time: 0.0020466
2026-06-24 14:35:58.160 10 INFO neutron.wsgi [-] 10.0.0.105 "GET / HTTP/1.1" status: 200 len: 247 time: 0.0013294
2026-06-24 14:36:13.157 9 INFO neutron.wsgi [-] 10.0.0.105 "GET / HTTP/1.1" status: 200 len: 247 time: 0.0020137
2026-06-24 14:36:13.158 10 INFO neutron.wsgi [-] 10.0.0.105 "GET / HTTP/1.1" status: 200 len: 247 time: 0.0029922
2026-06-24 14:36:28.156 10 INFO neutron.wsgi [-] 10.0.0.105 "GET / HTTP/1.1" status: 200 len: 247 time: 0.0016906
2026-06-24 14:36:28.157 9 INFO neutron.wsgi [-] 10.0.0.105 "GET / HTTP/1.1" status: 200 len: 247 time: 0.0017314
2026-06-24 14:36:30.702 15 INFO neutron.plugins.ml2.drivers.ovn.mech_driver.ovsdb.maintenance [None req-8ff87549-3436-4cf7-a7a2-65c9485afae9 - - - - - -] Maintenance task: Synchronization finished (took 1.28 seconds)
2026-06-24 14:36:31.874 10 INFO neutron.wsgi [None req-ebc0bba1-fdb0-4261-ae74-c0e58861bd9c ce0dbd5fd4d1459584c4f270d59feb80 94034a93ca0d4cdaa13889186bd1609e - - default default] 10.0.0.63 "GET /v2.0/subnets HTTP/1.1" status: 200 len: 1437 time: 0.0912228
2026-06-24 14:36:31.888 10 INFO neutron.wsgi [None req-d9d7d352-c8f7-47db-a802-6c4acb517b3d ce0dbd5fd4d1459584c4f270d59feb80 94034a93ca0d4cdaa13889186bd1609e - - default default] 10.0.0.63 "GET /v2.0/network-ip-availabilities HTTP/1.1" status: 200 len: 1280 time: 0.0115967
2026-06-24 14:36:31.938 10 INFO neutron.wsgi [None req-8739eb35-6b1b-4fa8-a2b3-cfa4c0bd1718 ce0dbd5fd4d1459584c4f270d59feb80 94034a93ca0d4cdaa13889186bd1609e - - default default] 10.0.0.63 "GET /v2.0/security-groups HTTP/1.1" status: 200 len: 16799 time: 0.0490124
2026-06-24 14:36:31.987 10 INFO neutron.wsgi [None req-5f382de7-955b-4459-94c0-43990eda14fc ce0dbd5fd4d1459584c4f270d59feb80 94034a93ca0d4cdaa13889186bd1609e - - default default] 10.0.0.63 "GET /v2.0/ports HTTP/1.1" status: 200 len: 5347 time: 0.0420580
2026-06-24 14:36:32.051 10 INFO neutron.wsgi [None req-c58bdf04-dc0e-4699-a89b-7e0533487671 ce0dbd5fd4d1459584c4f270d59feb80 94034a93ca0d4cdaa13889186bd1609e - - default default] 10.0.0.63 "GET /v2.0/agents HTTP/1.1" status: 200 len: 997 time: 0.0606017
2026-06-24 14:36:32.073 10 INFO neutron.wsgi [None req-0124e0da-d6c4-46c3-aadb-dfdedce53da1 ce0dbd5fd4d1459584c4f270d59feb80 94034a93ca0d4cdaa13889186bd1609e - - default default] 10.0.0.63 "GET /v2.0/routers HTTP/1.1" status: 200 len: 189 time: 0.0216806
2026-06-24 14:36:32.086 10 INFO neutron.wsgi [None req-8fbc2c11-d17c-4e89-b754-70a73f676f77 ce0dbd5fd4d1459584c4f270d59feb80 94034a93ca0d4cdaa13889186bd1609e - - default default] 10.0.0.63 "GET /v2.0/agents?binary=ovn-controller HTTP/1.1" status: 200 len: 591 time: 0.0118649
2026-06-24 14:36:32.121 10 INFO neutron.wsgi [None req-3ea64d1c-9f81-4974-a67f-731e13acbdd8 ce0dbd5fd4d1459584c4f270d59feb80 94034a93ca0d4cdaa13889186bd1609e - - default default] 10.0.0.63 "GET /v2.0/subnets HTTP/1.1" status: 200 len: 1437 time: 0.0334918
2026-06-24 14:36:32.132 10 INFO neutron.wsgi [None req-a534a841-3e9e-421e-9557-03857c34d359 ce0dbd5fd4d1459584c4f270d59feb80 94034a93ca0d4cdaa13889186bd1609e - - default default] 10.0.0.63 "GET /v2.0/subnetpools HTTP/1.1" status: 200 len: 193 time: 0.0095930
2026-06-24 14:36:32.151 10 INFO neutron.wsgi [None req-e3c07e75-b88e-4ce2-b3c3-83d07a39ca94 ce0dbd5fd4d1459584c4f270d59feb80 94034a93ca0d4cdaa13889186bd1609e - - default default] 10.0.0.63 "GET /v2.0/floatingips HTTP/1.1" status: 200 len: 193 time: 0.0183952
2026-06-24 14:36:32.229 10 INFO neutron.wsgi [None req-10ab58cf-2be2-4827-97cf-312d7642f75b ce0dbd5fd4d1459584c4f270d59feb80 94034a93ca0d4cdaa13889186bd1609e - - default default] 10.0.0.63 "GET /v2.0/networks HTTP/1.1" status: 200 len: 2349 time: 0.0779471
2026-06-24 14:36:43.158 10 INFO neutron.wsgi [-] 10.0.0.105 "GET / HTTP/1.1" status: 200 len: 247 time: 0.0021632
2026-06-24 14:36:43.160 10 INFO neutron.wsgi [-] 10.0.0.105 "GET / HTTP/1.1" status: 200 len: 247 time: 0.0016174
2026-06-24 14:36:58.157 10 INFO neutron.wsgi [-] 10.0.0.105 "GET / HTTP/1.1" status: 200 len: 247 time: 0.0018699
2026-06-24 14:36:58.157 9 INFO neutron.wsgi [-] 10.0.0.105 "GET / HTTP/1.1" status: 200 len: 247 time: 0.0018210
2026-06-24 14:37:13.159 10 INFO neutron.wsgi [-] 10.0.0.105 "GET / HTTP/1.1" status: 200 len: 247 time: 0.0020247
2026-06-24 14:37:13.161 10 INFO neutron.wsgi [-] 10.0.0.105 "GET / HTTP/1.1" status: 200 len: 247 time: 0.0016708
2026-06-24 14:37:28.156 10 INFO neutron.wsgi [-] 10.0.0.105 "GET / HTTP/1.1" status: 200 len: 247 time: 0.0015485
2026-06-24 14:37:28.158 9 INFO neutron.wsgi [-] 10.0.0.105 "GET / HTTP/1.1" status: 200 len: 247 time: 0.0033667
2026-06-24 14:37:31.889 10 INFO neutron.wsgi [None req-e514bd84-0d44-4138-92e0-00c81e51a971 ce0dbd5fd4d1459584c4f270d59feb80 94034a93ca0d4cdaa13889186bd1609e - - default default] 10.0.0.63 "GET /v2.0/routers HTTP/1.1" status: 200 len: 189 time: 0.0821867
2026-06-24 14:37:31.922 10 INFO neutron.wsgi [None req-539a1843-922f-4623-a75f-6b04d9e73c69 ce0dbd5fd4d1459584c4f270d59feb80 94034a93ca0d4cdaa13889186bd1609e - - default default] 10.0.0.63 "GET /v2.0/agents?binary=ovn-controller HTTP/1.1" status: 200 len: 591 time: 0.0326381
2026-06-24 14:37:31.981 10 INFO neutron.wsgi [None req-536ada06-e646-455e-a0af-5b5e0ebca758 ce0dbd5fd4d1459584c4f270d59feb80 94034a93ca0d4cdaa13889186bd1609e - - default default] 10.0.0.63 "GET /v2.0/networks HTTP/1.1" status: 200 len: 2349 time: 0.0570695
2026-06-24 14:37:32.031 10 INFO neutron.wsgi [None req-90adb334-ef0c-4ff5-ad52-c12896b0aa7c ce0dbd5fd4d1459584c4f270d59feb80 94034a93ca0d4cdaa13889186bd1609e - - default default] 10.0.0.63 "GET /v2.0/security-groups HTTP/1.1" status: 200 len: 16799 time: 0.0471539
2026-06-24 14:37:32.047 10 INFO neutron.wsgi [None req-5e795089-a731-4eea-bb20-620e6f1789a3 ce0dbd5fd4d1459584c4f270d59feb80 94034a93ca0d4cdaa13889186bd1609e - - default default] 10.0.0.63 "GET /v2.0/network-ip-availabilities HTTP/1.1" status: 200 len: 1280 time: 0.0114529
2026-06-24 14:37:32.082 10 INFO neutron.wsgi [None req-6e8eb002-b894-4caf-8f5a-806739694fb9 ce0dbd5fd4d1459584c4f270d59feb80 94034a93ca0d4cdaa13889186bd1609e - - default default] 10.0.0.63 "GET /v2.0/subnets HTTP/1.1" status: 200 len: 1437 time: 0.0346930
2026-06-24 14:37:32.125 10 INFO neutron.wsgi [None req-17e4e2f9-d3c9-4895-b064-06d199125e51 ce0dbd5fd4d1459584c4f270d59feb80 94034a93ca0d4cdaa13889186bd1609e - - default default] 10.0.0.63 "GET /v2.0/ports HTTP/1.1" status: 200 len: 5347 time: 0.0416303
2026-06-24 14:37:32.139 10 INFO neutron.wsgi [None req-39ecc4ab-b1b5-435f-a794-6e7e6496484b ce0dbd5fd4d1459584c4f270d59feb80 94034a93ca0d4cdaa13889186bd1609e - - default default] 10.0.0.63 "GET /v2.0/agents HTTP/1.1" status: 200 len: 997 time: 0.0113966
2026-06-24 14:37:32.162 10 INFO neutron.wsgi [None req-8fd07872-bfc1-416d-9ac6-ee18a27318cd ce0dbd5fd4d1459584c4f270d59feb80 94034a93ca0d4cdaa13889186bd1609e - - default default] 10.0.0.63 "GET /v2.0/floatingips HTTP/1.1" status: 200 len: 193 time: 0.0196917
2026-06-24 14:37:32.198 10 INFO neutron.wsgi [None req-794662e4-732a-4939-88d3-495d18605559 ce0dbd5fd4d1459584c4f270d59feb80 94034a93ca0d4cdaa13889186bd1609e - - default default] 10.0.0.63 "GET /v2.0/subnets HTTP/1.1" status: 200 len: 1437 time: 0.0351107
2026-06-24 14:37:32.207 10 INFO neutron.wsgi [None req-2ec232e1-eb93-4a1f-9a8c-03f87df3b4df ce0dbd5fd4d1459584c4f270d59feb80 94034a93ca0d4cdaa13889186bd1609e - - default default] 10.0.0.63 "GET /v2.0/subnetpools HTTP/1.1" status: 200 len: 193 time: 0.0089664
2026-06-24 14:37:43.157 9 INFO neutron.wsgi [-] 10.0.0.105 "GET / HTTP/1.1" status: 200 len: 247 time: 0.0019855
2026-06-24 14:37:43.159 9 INFO neutron.wsgi [-] 10.0.0.105 "GET / HTTP/1.1" status: 200 len: 247 time: 0.0011523
2026-06-24 14:37:58.158 10 INFO neutron.wsgi [-] 10.0.0.105 "GET / HTTP/1.1" status: 200 len: 247 time: 0.0021982
