2026-06-24 14:31:32.025 10 INFO neutron.wsgi [req-e82d2010-9e99-424c-8848-fda92281ce3e req-a7de4d79-7429-44ef-8019-18d697f684db 5177dcf216e44ac2a769dc3e0840c3bb 352c077f8b574df5a89666a435e43d6d - - 23babc78c1634f95b27487dfe2f3be5a 23babc78c1634f95b27487dfe2f3be5a] 199.19.213.65 "GET /v2.0/networks?id=b701a4de-4d29-4683-a80a-1a98cfce5a4f HTTP/1.1" status: 200 len: 971 time: 0.0811317
2026-06-24 14:31:32.079 10 INFO neutron.wsgi [req-e82d2010-9e99-424c-8848-fda92281ce3e req-c8ce1f21-3456-4164-a647-2ac1e5ce4df2 5177dcf216e44ac2a769dc3e0840c3bb 352c077f8b574df5a89666a435e43d6d - - 23babc78c1634f95b27487dfe2f3be5a 23babc78c1634f95b27487dfe2f3be5a] 199.19.213.65 "GET /v2.0/floatingips?fixed_ip_address=10.100.0.13&port_id=a9847142-d1c6-43fc-b4c3-01df9add332b HTTP/1.1" status: 200 len: 217 time: 0.0409734
2026-06-24 14:31:32.095 10 INFO neutron.wsgi [req-9ace30df-b756-4e68-9cfb-635d984ab8f6 req-a93b1117-25c3-432a-bec2-6dda24f28053 5177dcf216e44ac2a769dc3e0840c3bb 352c077f8b574df5a89666a435e43d6d - - 23babc78c1634f95b27487dfe2f3be5a 23babc78c1634f95b27487dfe2f3be5a] 199.19.213.65 "GET /v2.0/ports?device_id=bf363087-0b0b-4956-bd41-e173226c597f HTTP/1.1" status: 200 len: 1450 time: 0.0562630
2026-06-24 14:31:32.098 10 INFO neutron.wsgi [None req-13e11c5a-917e-4d74-823f-9487a73a8b5e ce0dbd5fd4d1459584c4f270d59feb80 94034a93ca0d4cdaa13889186bd1609e - - default default] 10.0.0.63 "GET /v2.0/subnets HTTP/1.1" status: 200 len: 2745 time: 0.0645342
2026-06-24 14:31:32.124 10 INFO neutron.wsgi [None req-e2801a97-daba-490f-bfaf-f71a62ef19c2 ce0dbd5fd4d1459584c4f270d59feb80 94034a93ca0d4cdaa13889186bd1609e - - default default] 10.0.0.63 "GET /v2.0/subnetpools HTTP/1.1" status: 200 len: 193 time: 0.0193009
2026-06-24 14:31:32.135 10 INFO neutron.wsgi [req-e82d2010-9e99-424c-8848-fda92281ce3e req-1894a23e-013e-43f0-9fc6-2799c767d32d 5177dcf216e44ac2a769dc3e0840c3bb 352c077f8b574df5a89666a435e43d6d - - 23babc78c1634f95b27487dfe2f3be5a 23babc78c1634f95b27487dfe2f3be5a] 199.19.213.65 "GET /v2.0/subnets?id=d9f9e9fb-f76e-4c9c-b421-c87ddcb00c28 HTTP/1.1" status: 200 len: 866 time: 0.0497563
2026-06-24 14:31:32.168 10 INFO neutron.wsgi [req-e82d2010-9e99-424c-8848-fda92281ce3e req-afe36457-b380-44e5-b174-37a903bdbdbe 5177dcf216e44ac2a769dc3e0840c3bb 352c077f8b574df5a89666a435e43d6d - - 23babc78c1634f95b27487dfe2f3be5a 23babc78c1634f95b27487dfe2f3be5a] 199.19.213.65 "GET /v2.0/ports?network_id=b701a4de-4d29-4683-a80a-1a98cfce5a4f&device_owner=network%3Adhcp HTTP/1.1" status: 200 len: 210 time: 0.0244000
2026-06-24 14:31:32.172 10 INFO neutron.wsgi [req-9ace30df-b756-4e68-9cfb-635d984ab8f6 req-a2bc5ea3-fba4-4cbd-8eb2-7e58a69c58f7 5177dcf216e44ac2a769dc3e0840c3bb 352c077f8b574df5a89666a435e43d6d - - 23babc78c1634f95b27487dfe2f3be5a 23babc78c1634f95b27487dfe2f3be5a] 199.19.213.65 "GET /v2.0/security-groups?id=3739405a-bcd6-46d1-88ed-851e59d2b2b1&id=a4209b16-ebac-4373-96e9-b9a7c6437baa&fields=id&fields=name HTTP/1.1" status: 200 len: 405 time: 0.0684121
2026-06-24 14:31:32.180 10 INFO neutron.wsgi [None req-9919bbc7-5981-4e95-aae8-644418be12db ce0dbd5fd4d1459584c4f270d59feb80 94034a93ca0d4cdaa13889186bd1609e - - default default] 10.0.0.63 "GET /v2.0/subnets HTTP/1.1" status: 200 len: 2745 time: 0.0547283
2026-06-24 14:31:32.249 10 INFO neutron.wsgi [None req-b25aacdf-441e-4865-897c-84ab1317eda2 ce0dbd5fd4d1459584c4f270d59feb80 94034a93ca0d4cdaa13889186bd1609e - - default default] 10.0.0.63 "GET /v2.0/ports HTTP/1.1" status: 200 len: 14031 time: 0.0668876
2026-06-24 14:31:32.279 9 INFO neutron.plugins.ml2.drivers.ovn.mech_driver.mech_driver [None req-0ba578fe-fc79-4022-9fdb-0a78a61d6748 - - - - - -] OVN reports status up for port: a9847142-d1c6-43fc-b4c3-01df9add332b
2026-06-24 14:31:32.300 9 INFO neutron.plugins.ml2.plugin [None req-0ba578fe-fc79-4022-9fdb-0a78a61d6748 - - - - - -] Attempt 1 to provision port a9847142-d1c6-43fc-b4c3-01df9add332b
2026-06-24 14:31:32.303 10 INFO neutron.wsgi [None req-56bd4ea6-f9e8-42df-bfff-2a8b6126dbfb ce0dbd5fd4d1459584c4f270d59feb80 94034a93ca0d4cdaa13889186bd1609e - - default default] 10.0.0.63 "GET /v2.0/floatingips HTTP/1.1" status: 200 len: 730 time: 0.0455782
2026-06-24 14:31:32.315 10 INFO neutron.wsgi [req-e82d2010-9e99-424c-8848-fda92281ce3e req-e80d83f7-6e57-4b2c-8b10-8abc43912714 5177dcf216e44ac2a769dc3e0840c3bb 352c077f8b574df5a89666a435e43d6d - - 23babc78c1634f95b27487dfe2f3be5a 23babc78c1634f95b27487dfe2f3be5a] 199.19.213.65 "GET /v2.0/networks/b701a4de-4d29-4683-a80a-1a98cfce5a4f?fields=segments HTTP/1.1" status: 200 len: 212 time: 0.1155119
2026-06-24 14:31:32.396 10 INFO neutron.wsgi [None req-faab0eec-ea02-4fd6-b612-2ff378ecb0d8 ce0dbd5fd4d1459584c4f270d59feb80 94034a93ca0d4cdaa13889186bd1609e - - default default] 10.0.0.63 "GET /v2.0/networks HTTP/1.1" status: 200 len: 3865 time: 0.0909204
2026-06-24 14:31:32.398 10 INFO neutron.wsgi [req-e82d2010-9e99-424c-8848-fda92281ce3e req-d6880dca-64fa-48ed-aaf0-51212f29f050 5177dcf216e44ac2a769dc3e0840c3bb 352c077f8b574df5a89666a435e43d6d - - 23babc78c1634f95b27487dfe2f3be5a 23babc78c1634f95b27487dfe2f3be5a] 199.19.213.65 "GET /v2.0/networks/b701a4de-4d29-4683-a80a-1a98cfce5a4f?fields=provider%3Aphysical_network&fields=provider%3Anetwork_type HTTP/1.1" status: 200 len: 277 time: 0.0782840
2026-06-24 14:31:32.446 9 INFO neutron.notifiers.nova [-] Nova event matching ['req-ddc685d5-9e61-42eb-8b51-bf5599cc89c5'] response: {'server_uuid': 'bf363087-0b0b-4956-bd41-e173226c597f', 'name': 'network-vif-plugged', 'status': 'completed', 'tag': 'a9847142-d1c6-43fc-b4c3-01df9add332b', 'code': 200}
2026-06-24 14:31:32.523 10 INFO neutron.wsgi [None req-36f6b2e4-d808-4283-ab1d-61da13555565 ce0dbd5fd4d1459584c4f270d59feb80 94034a93ca0d4cdaa13889186bd1609e - - default default] 10.0.0.63 "GET /v2.0/routers HTTP/1.1" status: 200 len: 1531 time: 0.1210725
2026-06-24 14:31:32.537 10 INFO neutron.wsgi [None req-a9f70d04-5b00-4b1d-9601-47631bc499ec ce0dbd5fd4d1459584c4f270d59feb80 94034a93ca0d4cdaa13889186bd1609e - - default default] 10.0.0.63 "GET /v2.0/agents?binary=ovn-controller HTTP/1.1" status: 200 len: 591 time: 0.0118752
2026-06-24 14:31:32.548 10 INFO neutron.wsgi [None req-b8ce27d7-6d16-445c-b958-563ca3a52115 ce0dbd5fd4d1459584c4f270d59feb80 94034a93ca0d4cdaa13889186bd1609e - - default default] 10.0.0.63 "GET /v2.0/agents HTTP/1.1" status: 200 len: 997 time: 0.0103602
2026-06-24 14:31:32.562 10 INFO neutron.wsgi [None req-7b57016a-7b3f-4490-8c4b-e321d023ff35 ce0dbd5fd4d1459584c4f270d59feb80 94034a93ca0d4cdaa13889186bd1609e - - default default] 10.0.0.63 "GET /v2.0/network-ip-availabilities HTTP/1.1" status: 200 len: 2224 time: 0.0135393
2026-06-24 14:31:32.613 9 INFO neutron.db.ovn_revision_numbers_db [None req-0ba578fe-fc79-4022-9fdb-0a78a61d6748 - - - - - -] Successfully bumped revision number for resource a9847142-d1c6-43fc-b4c3-01df9add332b (type: ports) to 4 /var/lib/openstack/lib/python3.10/site-packages/pycadf/identifier.py:71: UserWarning: Invalid uuid: neutron. To ensure interoperability, identifiers should be a valid uuid. warnings.warn(('Invalid uuid: %s. To ensure interoperability, '
2026-06-24 14:31:32.837 9 INFO neutron.wsgi [req-657b96b7-35c0-4514-9171-dc5a748cab03 req-8d1597b5-abb4-40ae-877a-2babe5587d0f 40b749b8d67741ed93f2a73c4f2a141b 6ab75bc126c84f7b938c161f6d22251a - - default default] 10.0.0.30 "GET /v2.0/ports?device_id=bf363087-0b0b-4956-bd41-e173226c597f HTTP/1.1" status: 200 len: 1214 time: 0.0428300
2026-06-24 14:31:32.892 9 INFO neutron.wsgi [req-657b96b7-35c0-4514-9171-dc5a748cab03 req-70b583f3-662f-446b-89db-d1d97a997a55 40b749b8d67741ed93f2a73c4f2a141b 6ab75bc126c84f7b938c161f6d22251a - - default default] 10.0.0.30 "GET /v2.0/security-groups?id=a4209b16-ebac-4373-96e9-b9a7c6437baa&id=3739405a-bcd6-46d1-88ed-851e59d2b2b1&fields=id&fields=name HTTP/1.1" status: 200 len: 405 time: 0.0484734
2026-06-24 14:31:33.359 9 INFO neutron.db.ovn_revision_numbers_db [None req-22e04c9a-c722-438f-8645-a57c5bea92e7 93bee8db5ddb401e883a1b20ccaf1c39 e0270f595a8e440db2635d168424a501 - - default default] Successfully bumped revision number for resource 2ee2a87d-d344-41e2-967f-47360af90b6f (type: routers) to 1
2026-06-24 14:31:33.376 9 INFO neutron.wsgi [None req-22e04c9a-c722-438f-8645-a57c5bea92e7 93bee8db5ddb401e883a1b20ccaf1c39 e0270f595a8e440db2635d168424a501 - - default default] 10.0.0.73 "POST /v2.0/routers HTTP/1.1" status: 201 len: 654 time: 0.3822286
2026-06-24 14:31:33.470 9 INFO neutron.wsgi [None req-b994b49d-88b9-40af-af46-6f48386dbc83 93bee8db5ddb401e883a1b20ccaf1c39 e0270f595a8e440db2635d168424a501 - - default default] 10.0.0.73 "PUT /v2.0/routers/2ee2a87d-d344-41e2-967f-47360af90b6f/tags HTTP/1.1" status: 200 len: 218 time: 0.0885165
2026-06-24 14:31:33.522 9 INFO neutron.wsgi [None req-cafe9566-472d-49a5-b183-9e18d63dbbf4 93bee8db5ddb401e883a1b20ccaf1c39 e0270f595a8e440db2635d168424a501 - - default default] 10.0.0.73 "GET /v2.0/routers/2ee2a87d-d344-41e2-967f-47360af90b6f/tags HTTP/1.1" status: 200 len: 218 time: 0.0471263
2026-06-24 14:31:33.590 9 INFO neutron.wsgi [None req-c17ec6bd-6468-4ef9-9b6e-2d9218bcbf38 93bee8db5ddb401e883a1b20ccaf1c39 e0270f595a8e440db2635d168424a501 - - default default] 10.0.0.73 "PUT /v2.0/routers/2ee2a87d-d344-41e2-967f-47360af90b6f/tags/green HTTP/1.1" status: 201 len: 201 time: 0.0640843
2026-06-24 14:31:33.641 9 INFO neutron.wsgi [None req-4975fb6c-a11a-45f7-a1c1-afa8e8bd2eab 93bee8db5ddb401e883a1b20ccaf1c39 e0270f595a8e440db2635d168424a501 - - default default] 10.0.0.73 "GET /v2.0/routers/2ee2a87d-d344-41e2-967f-47360af90b6f/tags HTTP/1.1" status: 200 len: 227 time: 0.0456173
2026-06-24 14:31:33.717 10 INFO neutron.wsgi [None req-72480011-c0a1-4574-ad6a-906a2c3108ba 93bee8db5ddb401e883a1b20ccaf1c39 e0270f595a8e440db2635d168424a501 - - default default] 10.0.0.73 "PUT /v2.0/routers/2ee2a87d-d344-41e2-967f-47360af90b6f/tags/red HTTP/1.1" status: 201 len: 201 time: 0.0713723
2026-06-24 14:31:33.777 9 INFO neutron.wsgi [None req-feca9bf6-474f-4bc5-a191-eeeab40d33f7 93bee8db5ddb401e883a1b20ccaf1c39 e0270f595a8e440db2635d168424a501 - - default default] 10.0.0.73 "GET /v2.0/routers/2ee2a87d-d344-41e2-967f-47360af90b6f/tags HTTP/1.1" status: 200 len: 227 time: 0.0525422
2026-06-24 14:31:33.849 9 INFO neutron.wsgi [None req-75e598c9-5d7c-40b5-8e20-75c1f50fe882 93bee8db5ddb401e883a1b20ccaf1c39 e0270f595a8e440db2635d168424a501 - - default default] 10.0.0.73 "PUT /v2.0/routers/2ee2a87d-d344-41e2-967f-47360af90b6f/tags/black.or.white HTTP/1.1" status: 201 len: 201 time: 0.0661442
2026-06-24 14:31:33.895 9 INFO neutron.wsgi [None req-1237dacf-21a1-490a-9515-6ddaf23aed35 93bee8db5ddb401e883a1b20ccaf1c39 e0270f595a8e440db2635d168424a501 - - default default] 10.0.0.73 "GET /v2.0/routers/2ee2a87d-d344-41e2-967f-47360af90b6f/tags HTTP/1.1" status: 200 len: 245 time: 0.0426798
2026-06-24 14:31:33.965 9 INFO neutron.wsgi [None req-6810e48f-8549-49d1-a9e3-103b500c4e01 93bee8db5ddb401e883a1b20ccaf1c39 e0270f595a8e440db2635d168424a501 - - default default] 10.0.0.73 "PUT /v2.0/routers/2ee2a87d-d344-41e2-967f-47360af90b6f/tags HTTP/1.1" status: 200 len: 230 time: 0.0645242
2026-06-24 14:31:34.008 9 INFO neutron.wsgi [req-977dc0c7-a8c2-44b2-824a-9e4e29f37f1b req-c73a434b-f401-478b-8554-3ee3b92453a3 40b749b8d67741ed93f2a73c4f2a141b 6ab75bc126c84f7b938c161f6d22251a - - default default] 10.0.0.30 "GET /v2.0/ports?device_id=bf363087-0b0b-4956-bd41-e173226c597f HTTP/1.1" status: 200 len: 1214 time: 0.0381298
2026-06-24 14:31:34.036 10 INFO neutron.wsgi [None req-e71b39da-ce8f-4a93-9320-38218d9e503e 93bee8db5ddb401e883a1b20ccaf1c39 e0270f595a8e440db2635d168424a501 - - default default] 10.0.0.73 "GET /v2.0/routers/2ee2a87d-d344-41e2-967f-47360af90b6f/tags HTTP/1.1" status: 200 len: 230 time: 0.0590594
2026-06-24 14:31:34.071 9 INFO neutron.wsgi [req-977dc0c7-a8c2-44b2-824a-9e4e29f37f1b req-19dc5040-d8d8-45ef-ad86-5a6a3b676c61 40b749b8d67741ed93f2a73c4f2a141b 6ab75bc126c84f7b938c161f6d22251a - - default default] 10.0.0.30 "GET /v2.0/security-groups?id=a4209b16-ebac-4373-96e9-b9a7c6437baa&id=3739405a-bcd6-46d1-88ed-851e59d2b2b1&fields=id&fields=name HTTP/1.1" status: 200 len: 405 time: 0.0552328
2026-06-24 14:31:34.086 9 INFO neutron.wsgi [None req-b40b7f77-1a76-4bea-81b5-8cc14b206c40 93bee8db5ddb401e883a1b20ccaf1c39 e0270f595a8e440db2635d168424a501 - - default default] 10.0.0.73 "GET /v2.0/routers/2ee2a87d-d344-41e2-967f-47360af90b6f/tags/red HTTP/1.1" status: 204 len: 168 time: 0.0438991
2026-06-24 14:31:34.150 9 INFO neutron.api.v2.resource [None req-e29ec145-7dca-4cd8-b6a9-0ac792e2caee 93bee8db5ddb401e883a1b20ccaf1c39 e0270f595a8e440db2635d168424a501 - - default default] show failed (client error): The resource could not be found.
2026-06-24 14:31:34.152 9 INFO neutron.wsgi [None req-e29ec145-7dca-4cd8-b6a9-0ac792e2caee 93bee8db5ddb401e883a1b20ccaf1c39 e0270f595a8e440db2635d168424a501 - - default default] 10.0.0.73 "GET /v2.0/routers/2ee2a87d-d344-41e2-967f-47360af90b6f/tags/green HTTP/1.1" status: 404 len: 299 time: 0.0488594
2026-06-24 14:31:34.233 10 INFO neutron.wsgi [None req-fe2a58dc-8b56-44d0-b8cd-2f5c7b1abfe5 93bee8db5ddb401e883a1b20ccaf1c39 e0270f595a8e440db2635d168424a501 - - default default] 10.0.0.73 "DELETE /v2.0/routers/2ee2a87d-d344-41e2-967f-47360af90b6f/tags/red HTTP/1.1" status: 204 len: 168 time: 0.0749223
2026-06-24 14:31:34.250 9 INFO neutron.wsgi [req-0ac5b17c-9949-41ba-800e-31c2ec48ac6a req-26215103-c760-45ae-82ee-28651cbcd9d3 40b749b8d67741ed93f2a73c4f2a141b 6ab75bc126c84f7b938c161f6d22251a - - default default] 10.0.0.30 "GET /v2.0/ports?device_id=bf363087-0b0b-4956-bd41-e173226c597f HTTP/1.1" status: 200 len: 1214 time: 0.0951996
2026-06-24 14:31:34.295 9 INFO neutron.wsgi [None req-a2113e91-48fa-4c07-bdce-19f2508cfa64 93bee8db5ddb401e883a1b20ccaf1c39 e0270f595a8e440db2635d168424a501 - - default default] 10.0.0.73 "GET /v2.0/routers/2ee2a87d-d344-41e2-967f-47360af90b6f/tags HTTP/1.1" status: 200 len: 223 time: 0.0566638
2026-06-24 14:31:34.362 10 INFO neutron.api.v2.resource [None req-54718ad4-7314-4444-a8f0-03458c166f78 93bee8db5ddb401e883a1b20ccaf1c39 e0270f595a8e440db2635d168424a501 - - default default] delete failed (client error): The resource could not be found.
2026-06-24 14:31:34.364 10 INFO neutron.wsgi [None req-54718ad4-7314-4444-a8f0-03458c166f78 93bee8db5ddb401e883a1b20ccaf1c39 e0270f595a8e440db2635d168424a501 - - default default] 10.0.0.73 "DELETE /v2.0/routers/2ee2a87d-d344-41e2-967f-47360af90b6f/tags/green HTTP/1.1" status: 404 len: 299 time: 0.0621445
2026-06-24 14:31:34.461 9 INFO neutron.wsgi [None req-291e9367-f05e-47dc-bebe-369c48322fa0 93bee8db5ddb401e883a1b20ccaf1c39 e0270f595a8e440db2635d168424a501 - - default default] 10.0.0.73 "DELETE /v2.0/routers/2ee2a87d-d344-41e2-967f-47360af90b6f/tags HTTP/1.1" status: 204 len: 168 time: 0.0901780
2026-06-24 14:31:34.488 9 INFO neutron.notifiers.nova [-] Nova event matching ['req-0d347f71-94a9-489e-8a87-eb54c6c21cfc'] response: {'server_uuid': 'bf363087-0b0b-4956-bd41-e173226c597f', 'name': 'network-vif-plugged', 'status': 'completed', 'tag': 'a9847142-d1c6-43fc-b4c3-01df9add332b', 'code': 200}
2026-06-24 14:31:34.525 10 INFO neutron.wsgi [None req-fe28622c-18b7-4ee9-aeed-5a5274fdffa6 93bee8db5ddb401e883a1b20ccaf1c39 e0270f595a8e440db2635d168424a501 - - default default] 10.0.0.73 "GET /v2.0/routers/2ee2a87d-d344-41e2-967f-47360af90b6f/tags HTTP/1.1" status: 200 len: 205 time: 0.0558128
2026-06-24 14:31:34.540 9 INFO neutron.db.l3_db [None req-7ae18ce4-cf29-4012-9b58-8e07dbdc99d3 40b749b8d67741ed93f2a73c4f2a141b 6ab75bc126c84f7b938c161f6d22251a - - default default] Floating IP 813156cc-fd77-4e61-8ba2-30b1ac6b374f associated. External IP: 10.96.250.211, port: a9847142-d1c6-43fc-b4c3-01df9add332b.
2026-06-24 14:31:34.756 9 INFO neutron.db.ovn_revision_numbers_db [None req-7ae18ce4-cf29-4012-9b58-8e07dbdc99d3 40b749b8d67741ed93f2a73c4f2a141b 6ab75bc126c84f7b938c161f6d22251a - - default default] Successfully bumped revision number for resource 813156cc-fd77-4e61-8ba2-30b1ac6b374f (type: floatingips) to 1
2026-06-24 14:31:34.827 10 INFO neutron.wsgi [None req-c90f8fda-cc21-447c-93ec-8c609f9225de 93bee8db5ddb401e883a1b20ccaf1c39 e0270f595a8e440db2635d168424a501 - - default default] 10.0.0.73 "GET /v2.0/routers/2ee2a87d-d344-41e2-967f-47360af90b6f HTTP/1.1" status: 200 len: 655 time: 0.2950263
2026-06-24 14:31:35.042 9 INFO neutron.db.ovn_revision_numbers_db [None req-7ae18ce4-cf29-4012-9b58-8e07dbdc99d3 40b749b8d67741ed93f2a73c4f2a141b 6ab75bc126c84f7b938c161f6d22251a - - default default] Successfully bumped revision number for resource 813156cc-fd77-4e61-8ba2-30b1ac6b374f (type: floatingips) to 2
2026-06-24 14:31:35.069 9 INFO neutron.wsgi [None req-7ae18ce4-cf29-4012-9b58-8e07dbdc99d3 40b749b8d67741ed93f2a73c4f2a141b 6ab75bc126c84f7b938c161f6d22251a - - default default] 10.0.0.73 "PUT /v2.0/floatingips/813156cc-fd77-4e61-8ba2-30b1ac6b374f HTTP/1.1" status: 200 len: 1050 time: 0.8062615
2026-06-24 14:31:35.241 10 INFO neutron.db.ovn_revision_numbers_db [None req-21ff1810-4b09-444f-bc99-e1e10a3885da 93bee8db5ddb401e883a1b20ccaf1c39 e0270f595a8e440db2635d168424a501 - - default default] Successfully bumped revision number for resource 2ee2a87d-d344-41e2-967f-47360af90b6f (type: routers) to 7
2026-06-24 14:31:35.244 10 INFO neutron.wsgi [None req-21ff1810-4b09-444f-bc99-e1e10a3885da 93bee8db5ddb401e883a1b20ccaf1c39 e0270f595a8e440db2635d168424a501 - - default default] 10.0.0.73 "PUT /v2.0/routers/2ee2a87d-d344-41e2-967f-47360af90b6f HTTP/1.1" status: 200 len: 655 time: 0.4135406 /var/lib/openstack/lib/python3.10/site-packages/pycadf/identifier.py:71: UserWarning: Invalid uuid: neutron. To ensure interoperability, identifiers should be a valid uuid. warnings.warn(('Invalid uuid: %s. To ensure interoperability, '
2026-06-24 14:31:35.269 10 INFO neutron.wsgi [None req-d035fad5-99f1-48f4-bb1f-e4395e66356c 93bee8db5ddb401e883a1b20ccaf1c39 e0270f595a8e440db2635d168424a501 - - default default] 10.0.0.73 "GET /v2.0/ports?device_id=2ee2a87d-d344-41e2-967f-47360af90b6f HTTP/1.1" status: 200 len: 205 time: 0.0199811
2026-06-24 14:31:35.318 9 INFO neutron.wsgi [None req-613c0078-cc22-49b7-a7f7-d38401bac327 f3afdfee7d6e4000bcf6431d2d485601 212c3390f32f43139daae59e9b5ec5c3 - - default default] 10.0.0.73 "POST /v2.0/subnetpools HTTP/1.1" status: 201 len: 715 time: 0.2615921
2026-06-24 14:31:35.378 9 INFO neutron.wsgi [None req-55b48ce2-3146-4685-b181-bca912125f9c f3afdfee7d6e4000bcf6431d2d485601 212c3390f32f43139daae59e9b5ec5c3 - - default default] 10.0.0.73 "POST /v2.0/subnetpools HTTP/1.1" status: 201 len: 715 time: 0.0517037
2026-06-24 14:31:35.437 9 INFO neutron.wsgi [None req-369f8b97-655b-410d-8e60-099d9969280f f3afdfee7d6e4000bcf6431d2d485601 212c3390f32f43139daae59e9b5ec5c3 - - default default] 10.0.0.73 "POST /v2.0/subnetpools HTTP/1.1" status: 201 len: 715 time: 0.0535765
2026-06-24 14:31:35.499 10 INFO neutron.wsgi [None req-e5b5c2ae-fe1a-442e-9b0a-39c53d606534 93bee8db5ddb401e883a1b20ccaf1c39 e0270f595a8e440db2635d168424a501 - - default default] 10.0.0.73 "DELETE /v2.0/routers/2ee2a87d-d344-41e2-967f-47360af90b6f HTTP/1.1" status: 204 len: 168 time: 0.2262194
2026-06-24 14:31:35.520 10 INFO neutron.wsgi [None req-a34ce57b-fae3-48cb-8cee-2609ebf64d89 f3afdfee7d6e4000bcf6431d2d485601 212c3390f32f43139daae59e9b5ec5c3 - - default default] 10.0.0.73 "POST /v2.0/subnetpools HTTP/1.1" status: 201 len: 715 time: 0.0771267
2026-06-24 14:31:35.572 10 INFO neutron.wsgi [None req-2f028848-6f0c-4bf1-ba8c-802ca5c5c6f4 f3afdfee7d6e4000bcf6431d2d485601 212c3390f32f43139daae59e9b5ec5c3 - - default default] 10.0.0.73 "POST /v2.0/subnetpools HTTP/1.1" status: 201 len: 715 time: 0.0468252
2026-06-24 14:31:35.605 10 INFO neutron.wsgi [None req-4847e39b-409a-46ba-8c69-8c89edd6d4bb f3afdfee7d6e4000bcf6431d2d485601 212c3390f32f43139daae59e9b5ec5c3 - - default default] 10.0.0.73 "PUT /v2.0/subnetpools/cc444690-b95e-4c46-82a5-d0225710a5ae/tags HTTP/1.1" status: 200 len: 210 time: 0.0290329
2026-06-24 14:31:35.632 10 INFO neutron.wsgi [None req-82c0f324-2382-4ef4-b2d5-5bcf74feccc0 f3afdfee7d6e4000bcf6431d2d485601 212c3390f32f43139daae59e9b5ec5c3 - - default default] 10.0.0.73 "PUT /v2.0/subnetpools/0bbbba29-8fc5-4916-83ca-2e7f16952ebd/tags HTTP/1.1" status: 200 len: 218 time: 0.0232182
2026-06-24 14:31:35.678 10 INFO neutron.wsgi [None req-05098a02-0e3f-4b69-9e3c-52bb724b649c f3afdfee7d6e4000bcf6431d2d485601 212c3390f32f43139daae59e9b5ec5c3 - - default default] 10.0.0.73 "PUT /v2.0/subnetpools/b1c83dbb-e88e-4b05-a67b-30de44dcbd9c/tags HTTP/1.1" status: 200 len: 227 time: 0.0416729
2026-06-24 14:31:35.719 10 INFO neutron.wsgi [None req-53dc00b9-bcd0-4d10-b3cf-dd235131ddc0 f3afdfee7d6e4000bcf6431d2d485601 212c3390f32f43139daae59e9b5ec5c3 - - default default] 10.0.0.73 "PUT /v2.0/subnetpools/6cad99a8-7650-4d0f-96a7-cd87986fac39/tags HTTP/1.1" status: 200 len: 212 time: 0.0353739
2026-06-24 14:31:35.752 10 INFO neutron.wsgi [None req-a93fb84c-e2ea-4765-b6d5-974f5a85d32a f3afdfee7d6e4000bcf6431d2d485601 212c3390f32f43139daae59e9b5ec5c3 - - default default] 10.0.0.73 "GET /v2.0/subnetpools?tags=red HTTP/1.1" status: 200 len: 1758 time: 0.0278516
2026-06-24 14:31:35.795 10 INFO neutron.wsgi [None req-645ba3d4-5d46-4b7b-8096-f2f147199bd5 f3afdfee7d6e4000bcf6431d2d485601 212c3390f32f43139daae59e9b5ec5c3 - - default default] 10.0.0.73 "GET /v2.0/subnetpools?tags=red%2Cblue HTTP/1.1" status: 200 len: 1251 time: 0.0348694
2026-06-24 14:31:35.829 9 INFO neutron.wsgi [None req-3ea69d95-6356-44f8-8c72-e93b3e6903d4 f3afdfee7d6e4000bcf6431d2d485601 212c3390f32f43139daae59e9b5ec5c3 - - default default] 10.0.0.73 "GET /v2.0/subnetpools?tags-any=blue HTTP/1.1" status: 200 len: 1251 time: 0.0293937
2026-06-24 14:31:35.860 9 INFO neutron.wsgi [None req-89aa01d8-41ad-44d8-990a-b2604c4d6f3d f3afdfee7d6e4000bcf6431d2d485601 212c3390f32f43139daae59e9b5ec5c3 - - default default] 10.0.0.73 "GET /v2.0/subnetpools?tags-any=red%2Cblue HTTP/1.1" status: 200 len: 1758 time: 0.0244818
2026-06-24 14:31:35.892 9 INFO neutron.wsgi [None req-691c8a9f-a3d5-4569-b2f1-f30c0b5cdeae f3afdfee7d6e4000bcf6431d2d485601 212c3390f32f43139daae59e9b5ec5c3 - - default default] 10.0.0.73 "GET /v2.0/subnetpools?not-tags=red HTTP/1.1" status: 200 len: 1223 time: 0.0278125
2026-06-24 14:31:35.921 9 INFO neutron.wsgi [None req-a82518b8-529c-43be-a76a-d055d3e22799 f3afdfee7d6e4000bcf6431d2d485601 212c3390f32f43139daae59e9b5ec5c3 - - default default] 10.0.0.73 "GET /v2.0/subnetpools?not-tags=red%2Cblue HTTP/1.1" status: 200 len: 1730 time: 0.0248916
2026-06-24 14:31:35.966 9 INFO neutron.wsgi [None req-01ba0bb2-5a75-426f-a2ec-6c1b3af0367e f3afdfee7d6e4000bcf6431d2d485601 212c3390f32f43139daae59e9b5ec5c3 - - default default] 10.0.0.73 "GET /v2.0/subnetpools?not-tags-any=blue HTTP/1.1" status: 200 len: 1730 time: 0.0400629
2026-06-24 14:31:36.005 10 INFO neutron.wsgi [None req-7884f2c5-56f9-416a-847a-79ef4ff74f67 f3afdfee7d6e4000bcf6431d2d485601 212c3390f32f43139daae59e9b5ec5c3 - - default default] 10.0.0.73 "GET /v2.0/subnetpools?not-tags-any=red%2Cblue HTTP/1.1" status: 200 len: 1223 time: 0.0327780
2026-06-24 14:31:36.063 10 INFO neutron.wsgi [None req-5a5524de-acf7-4416-a429-65d41d4433cf f3afdfee7d6e4000bcf6431d2d485601 212c3390f32f43139daae59e9b5ec5c3 - - default default] 10.0.0.73 "DELETE /v2.0/subnetpools/cc444690-b95e-4c46-82a5-d0225710a5ae HTTP/1.1" status: 204 len: 168 time: 0.0529106
2026-06-24 14:31:36.116 9 INFO neutron.db.ovn_revision_numbers_db [None req-f303a4b8-ed5f-4317-b170-461a1372ae27 6cc82f29383343888c639637b682af7d 27a7e87c51ca4370b9a72b0591877410 - - default default] Successfully bumped revision number for resource 8767226b-2648-4805-a672-9a5103909c08 (type: routers) to 1
2026-06-24 14:31:36.121 10 INFO neutron.wsgi [None req-676e1165-b7d6-42ba-8f26-51fc09c667b4 f3afdfee7d6e4000bcf6431d2d485601 212c3390f32f43139daae59e9b5ec5c3 - - default default] 10.0.0.73 "DELETE /v2.0/subnetpools/0bbbba29-8fc5-4916-83ca-2e7f16952ebd HTTP/1.1" status: 204 len: 168 time: 0.0526166
2026-06-24 14:31:36.136 9 INFO neutron.wsgi [None req-f303a4b8-ed5f-4317-b170-461a1372ae27 6cc82f29383343888c639637b682af7d 27a7e87c51ca4370b9a72b0591877410 - - default default] 10.0.0.73 "POST /v2.0/routers HTTP/1.1" status: 201 len: 654 time: 0.3432763
2026-06-24 14:31:36.216 9 INFO neutron.wsgi [None req-0d3501b6-e7f2-4255-8d67-fb74f85943b3 f3afdfee7d6e4000bcf6431d2d485601 212c3390f32f43139daae59e9b5ec5c3 - - default default] 10.0.0.73 "DELETE /v2.0/subnetpools/b1c83dbb-e88e-4b05-a67b-30de44dcbd9c HTTP/1.1" status: 204 len: 168 time: 0.0902371
2026-06-24 14:31:36.321 9 INFO neutron.wsgi [None req-1e5a35c1-3668-4e20-846a-985475b6fd6f f3afdfee7d6e4000bcf6431d2d485601 212c3390f32f43139daae59e9b5ec5c3 - - default default] 10.0.0.73 "DELETE /v2.0/subnetpools/6cad99a8-7650-4d0f-96a7-cd87986fac39 HTTP/1.1" status: 204 len: 168 time: 0.0997200
2026-06-24 14:31:36.334 9 INFO neutron.db.ovn_revision_numbers_db [None req-14839a5e-9599-453f-9dec-53ca5cecfb4b 6cc82f29383343888c639637b682af7d 27a7e87c51ca4370b9a72b0591877410 - - default default] Successfully bumped revision number for resource 9bb14c6e-ebd8-409e-a845-685158ae1bf7 (type: routers) to 1
2026-06-24 14:31:36.355 9 INFO neutron.wsgi [None req-14839a5e-9599-453f-9dec-53ca5cecfb4b 6cc82f29383343888c639637b682af7d 27a7e87c51ca4370b9a72b0591877410 - - default default] 10.0.0.73 "POST /v2.0/routers HTTP/1.1" status: 201 len: 654 time: 0.2138460
2026-06-24 14:31:36.384 9 INFO neutron.wsgi [None req-04d838c9-23fa-48d8-bfb1-a03567d03f04 f3afdfee7d6e4000bcf6431d2d485601 212c3390f32f43139daae59e9b5ec5c3 - - default default] 10.0.0.73 "DELETE /v2.0/subnetpools/2f63a0f0-e578-420b-8c0a-fd6a73172c3d HTTP/1.1" status: 204 len: 168 time: 0.0553975
2026-06-24 14:31:36.527 9 INFO neutron.notifiers.nova [-] Nova event matching ['req-7eb0dda6-8958-4a5c-8ebf-5d9d1b2338a1'] response: {'name': 'network-changed', 'server_uuid': 'bf363087-0b0b-4956-bd41-e173226c597f', 'tag': 'a9847142-d1c6-43fc-b4c3-01df9add332b', 'status': 'completed', 'code': 200}
2026-06-24 14:31:36.537 10 INFO neutron.db.ovn_revision_numbers_db [None req-861949a3-385a-4568-8c4a-62631753124e 6cc82f29383343888c639637b682af7d 27a7e87c51ca4370b9a72b0591877410 - - default default] Successfully bumped revision number for resource 64315e67-f0ec-4f06-b735-f90c350c5823 (type: routers) to 1
2026-06-24 14:31:36.564 10 INFO neutron.wsgi [None req-861949a3-385a-4568-8c4a-62631753124e 6cc82f29383343888c639637b682af7d 27a7e87c51ca4370b9a72b0591877410 - - default default] 10.0.0.73 "POST /v2.0/routers HTTP/1.1" status: 201 len: 654 time: 0.2031927
2026-06-24 14:31:36.584 10 INFO neutron.db.ovn_revision_numbers_db [None req-230e24ab-0fa2-4893-bc54-f8419cacd806 ce0dbd5fd4d1459584c4f270d59feb80 94034a93ca0d4cdaa13889186bd1609e - - default default] Successfully bumped revision number for resource 0f5fca60-aacb-463f-841a-b1dad7632e45 (type: security_groups) to 1
2026-06-24 14:31:36.587 10 INFO neutron.wsgi [req-9e79cd82-9fd6-4e1e-9111-05d3e2221c8f req-77b4f9df-515e-4979-ab34-3c065478b6c1 5177dcf216e44ac2a769dc3e0840c3bb 352c077f8b574df5a89666a435e43d6d - - 23babc78c1634f95b27487dfe2f3be5a 23babc78c1634f95b27487dfe2f3be5a] 199.19.213.65 "GET /v2.0/ports?tenant_id=6ab75bc126c84f7b938c161f6d22251a&device_id=bf363087-0b0b-4956-bd41-e173226c597f HTTP/1.1" status: 200 len: 1452 time: 0.0338235
2026-06-24 14:31:36.609 10 INFO neutron.db.ovn_revision_numbers_db [None req-230e24ab-0fa2-4893-bc54-f8419cacd806 ce0dbd5fd4d1459584c4f270d59feb80 94034a93ca0d4cdaa13889186bd1609e - - default default] Successfully bumped revision number for resource 14611b6e-46ab-4c22-a15c-d9cad352cb50 (type: security_group_rules) to 0
2026-06-24 14:31:36.635 10 INFO neutron.db.ovn_revision_numbers_db [None req-230e24ab-0fa2-4893-bc54-f8419cacd806 ce0dbd5fd4d1459584c4f270d59feb80 94034a93ca0d4cdaa13889186bd1609e - - default default] Successfully bumped revision number for resource 555e6b15-3c0b-4119-bea9-8e5d2a6b9755 (type: security_group_rules) to 0
2026-06-24 14:31:36.658 10 INFO neutron.db.ovn_revision_numbers_db [None req-230e24ab-0fa2-4893-bc54-f8419cacd806 ce0dbd5fd4d1459584c4f270d59feb80 94034a93ca0d4cdaa13889186bd1609e - - default default] Successfully bumped revision number for resource 9c3b2a81-8950-4583-98a8-38c0a7bac33a (type: security_group_rules) to 0
2026-06-24 14:31:36.664 10 INFO neutron.wsgi [req-9e79cd82-9fd6-4e1e-9111-05d3e2221c8f req-74372983-8be8-4a06-a664-b58c14349cc0 5177dcf216e44ac2a769dc3e0840c3bb 352c077f8b574df5a89666a435e43d6d - - 23babc78c1634f95b27487dfe2f3be5a 23babc78c1634f95b27487dfe2f3be5a] 199.19.213.65 "GET /v2.0/networks?id=b701a4de-4d29-4683-a80a-1a98cfce5a4f HTTP/1.1" status: 200 len: 971 time: 0.0682774
2026-06-24 14:31:36.679 10 INFO neutron.db.ovn_revision_numbers_db [None req-230e24ab-0fa2-4893-bc54-f8419cacd806 ce0dbd5fd4d1459584c4f270d59feb80 94034a93ca0d4cdaa13889186bd1609e - - default default] Successfully bumped revision number for resource c67d84ae-e180-4988-8814-ea37b1305b47 (type: security_group_rules) to 0
2026-06-24 14:31:36.721 10 INFO neutron.wsgi [None req-230e24ab-0fa2-4893-bc54-f8419cacd806 ce0dbd5fd4d1459584c4f270d59feb80 94034a93ca0d4cdaa13889186bd1609e - - default default] 10.0.0.73 "GET /v2.0/security-groups?tenant_id=6c35ad45d92a47d6b14755ed5807ceab&name=default HTTP/1.1" status: 200 len: 2996 time: 0.5377061
2026-06-24 14:31:36.727 9 INFO neutron.db.ovn_revision_numbers_db [None req-46cfd1f3-3ac7-4ef6-ada9-b3451897e228 6cc82f29383343888c639637b682af7d 27a7e87c51ca4370b9a72b0591877410 - - default default] Successfully bumped revision number for resource 53fb01a4-064d-4164-a3f3-0b7162c4ddef (type: routers) to 1
2026-06-24 14:31:36.729 10 INFO neutron.wsgi [req-9e79cd82-9fd6-4e1e-9111-05d3e2221c8f req-96247dfa-504e-49ea-85f5-d23235c257b1 5177dcf216e44ac2a769dc3e0840c3bb 352c077f8b574df5a89666a435e43d6d - - 23babc78c1634f95b27487dfe2f3be5a 23babc78c1634f95b27487dfe2f3be5a] 199.19.213.65 "GET /v2.0/floatingips?fixed_ip_address=10.100.0.13&port_id=a9847142-d1c6-43fc-b4c3-01df9add332b HTTP/1.1" status: 200 len: 1060 time: 0.0578246
2026-06-24 14:31:36.751 9 INFO neutron.wsgi [None req-46cfd1f3-3ac7-4ef6-ada9-b3451897e228 6cc82f29383343888c639637b682af7d 27a7e87c51ca4370b9a72b0591877410 - - default default] 10.0.0.73 "POST /v2.0/routers HTTP/1.1" status: 201 len: 654 time: 0.1802022
2026-06-24 14:31:36.771 10 INFO neutron.wsgi [req-9e79cd82-9fd6-4e1e-9111-05d3e2221c8f req-fad5c4d9-9f6c-4854-bde5-b3d8876e64df 5177dcf216e44ac2a769dc3e0840c3bb 352c077f8b574df5a89666a435e43d6d - - 23babc78c1634f95b27487dfe2f3be5a 23babc78c1634f95b27487dfe2f3be5a] 199.19.213.65 "GET /v2.0/subnets?id=d9f9e9fb-f76e-4c9c-b421-c87ddcb00c28 HTTP/1.1" status: 200 len: 866 time: 0.0346966
2026-06-24 14:31:36.799 10 INFO neutron.wsgi [req-9e79cd82-9fd6-4e1e-9111-05d3e2221c8f req-8e8d05fc-822d-4b11-ad46-68b4b7968fa8 5177dcf216e44ac2a769dc3e0840c3bb 352c077f8b574df5a89666a435e43d6d - - 23babc78c1634f95b27487dfe2f3be5a 23babc78c1634f95b27487dfe2f3be5a] 199.19.213.65 "GET /v2.0/ports?network_id=b701a4de-4d29-4683-a80a-1a98cfce5a4f&device_owner=network%3Adhcp HTTP/1.1" status: 200 len: 210 time: 0.0212345
2026-06-24 14:31:36.873 10 INFO neutron.wsgi [req-9e79cd82-9fd6-4e1e-9111-05d3e2221c8f req-342f10b5-d8ec-4198-93ef-b70abadf1075 5177dcf216e44ac2a769dc3e0840c3bb 352c077f8b574df5a89666a435e43d6d - - 23babc78c1634f95b27487dfe2f3be5a 23babc78c1634f95b27487dfe2f3be5a] 199.19.213.65 "GET /v2.0/networks/b701a4de-4d29-4683-a80a-1a98cfce5a4f?fields=segments HTTP/1.1" status: 200 len: 212 time: 0.0665610
2026-06-24 14:31:36.935 9 INFO neutron.db.ovn_revision_numbers_db [None req-2c9a015b-5316-4d9c-995a-1696db02914b 6cc82f29383343888c639637b682af7d 27a7e87c51ca4370b9a72b0591877410 - - default default] Successfully bumped revision number for resource 310e1f8d-7ac8-46fd-bc5c-38a63dd8d4bb (type: routers) to 1
2026-06-24 14:31:36.957 9 INFO neutron.wsgi [None req-2c9a015b-5316-4d9c-995a-1696db02914b 6cc82f29383343888c639637b682af7d 27a7e87c51ca4370b9a72b0591877410 - - default default] 10.0.0.73 "POST /v2.0/routers HTTP/1.1" status: 201 len: 654 time: 0.1991765
2026-06-24 14:31:36.970 10 INFO neutron.wsgi [req-9e79cd82-9fd6-4e1e-9111-05d3e2221c8f req-160d5c1a-673e-4291-8867-a32b199f6e92 5177dcf216e44ac2a769dc3e0840c3bb 352c077f8b574df5a89666a435e43d6d - - 23babc78c1634f95b27487dfe2f3be5a 23babc78c1634f95b27487dfe2f3be5a] 199.19.213.65 "GET /v2.0/networks/b701a4de-4d29-4683-a80a-1a98cfce5a4f?fields=provider%3Aphysical_network&fields=provider%3Anetwork_type HTTP/1.1" status: 200 len: 277 time: 0.0915539
2026-06-24 14:31:37.022 9 INFO neutron.wsgi [None req-3eea2faa-3e3f-4e8e-8454-1644048aac97 6cc82f29383343888c639637b682af7d 27a7e87c51ca4370b9a72b0591877410 - - default default] 10.0.0.73 "PUT /v2.0/routers/8767226b-2648-4805-a672-9a5103909c08/tags HTTP/1.1" status: 200 len: 210 time: 0.0591011
2026-06-24 14:31:37.029 10 INFO neutron.wsgi [None req-a1506ea1-6059-4792-8d33-3e0e4d94370a ce0dbd5fd4d1459584c4f270d59feb80 94034a93ca0d4cdaa13889186bd1609e - - default default] 10.0.0.73 "DELETE /v2.0/security-groups/0f5fca60-aacb-463f-841a-b1dad7632e45 HTTP/1.1" status: 204 len: 168 time: 0.2977951
2026-06-24 14:31:37.099 9 INFO neutron.wsgi [None req-e251cdb0-86c9-413a-97c2-230af2288bed 6cc82f29383343888c639637b682af7d 27a7e87c51ca4370b9a72b0591877410 - - default default] 10.0.0.73 "PUT /v2.0/routers/9bb14c6e-ebd8-409e-a845-685158ae1bf7/tags HTTP/1.1" status: 200 len: 218 time: 0.0699196
2026-06-24 14:31:37.180 10 INFO neutron.wsgi [None req-61285289-2fea-4f1b-9288-119f61a10a3f 6cc82f29383343888c639637b682af7d 27a7e87c51ca4370b9a72b0591877410 - - default default] 10.0.0.73 "PUT /v2.0/routers/64315e67-f0ec-4f06-b735-f90c350c5823/tags HTTP/1.1" status: 200 len: 227 time: 0.0698657
2026-06-24 14:31:37.241 10 INFO neutron.wsgi [None req-8bff313e-1a4e-4fd8-b1fc-2f740fa0da0b 6cc82f29383343888c639637b682af7d 27a7e87c51ca4370b9a72b0591877410 - - default default] 10.0.0.73 "PUT /v2.0/routers/53fb01a4-064d-4164-a3f3-0b7162c4ddef/tags HTTP/1.1" status: 200 len: 212 time: 0.0554242
2026-06-24 14:31:37.318 9 INFO neutron.db.ovn_revision_numbers_db [None req-b62c64d4-5690-49a7-a36c-802bf752db2b ce0dbd5fd4d1459584c4f270d59feb80 94034a93ca0d4cdaa13889186bd1609e - - default default] Successfully bumped revision number for resource 1883965c-b648-4fde-b36e-ec989c06ee63 (type: security_groups) to 1
2026-06-24 14:31:37.329 10 INFO neutron.wsgi [None req-5882f7b9-01a9-41dd-94cc-cf4245983831 6cc82f29383343888c639637b682af7d 27a7e87c51ca4370b9a72b0591877410 - - default default] 10.0.0.73 "GET /v2.0/routers?tags=red HTTP/1.1" status: 200 len: 1601 time: 0.0814683
2026-06-24 14:31:37.336 9 INFO neutron.db.ovn_revision_numbers_db [None req-b62c64d4-5690-49a7-a36c-802bf752db2b ce0dbd5fd4d1459584c4f270d59feb80 94034a93ca0d4cdaa13889186bd1609e - - default default] Successfully bumped revision number for resource 05980430-0717-473e-9583-ca817782507a (type: security_group_rules) to 0
2026-06-24 14:31:37.348 9 INFO neutron.db.ovn_revision_numbers_db [None req-b62c64d4-5690-49a7-a36c-802bf752db2b ce0dbd5fd4d1459584c4f270d59feb80 94034a93ca0d4cdaa13889186bd1609e - - default default] Successfully bumped revision number for resource 22243a7f-952c-414e-99d0-2ad30b095c52 (type: security_group_rules) to 0
2026-06-24 14:31:37.361 9 INFO neutron.db.ovn_revision_numbers_db [None req-b62c64d4-5690-49a7-a36c-802bf752db2b ce0dbd5fd4d1459584c4f270d59feb80 94034a93ca0d4cdaa13889186bd1609e - - default default] Successfully bumped revision number for resource 7bcf0f81-7b7d-462e-a3a9-3259ebcb0947 (type: security_group_rules) to 0
2026-06-24 14:31:37.374 9 INFO neutron.db.ovn_revision_numbers_db [None req-b62c64d4-5690-49a7-a36c-802bf752db2b ce0dbd5fd4d1459584c4f270d59feb80 94034a93ca0d4cdaa13889186bd1609e - - default default] Successfully bumped revision number for resource 80b60207-f284-40c4-8d71-87a66edd29b8 (type: security_group_rules) to 0
2026-06-24 14:31:37.395 10 INFO neutron.wsgi [None req-9b0561b4-49fe-486a-9e98-c91563318f48 6cc82f29383343888c639637b682af7d 27a7e87c51ca4370b9a72b0591877410 - - default default] 10.0.0.73 "GET /v2.0/routers?tags=red%2Cblue HTTP/1.1" status: 200 len: 1144 time: 0.0623283
2026-06-24 14:31:37.398 9 INFO neutron.wsgi [None req-b62c64d4-5690-49a7-a36c-802bf752db2b ce0dbd5fd4d1459584c4f270d59feb80 94034a93ca0d4cdaa13889186bd1609e - - default default] 10.0.0.73 "GET /v2.0/security-groups?tenant_id=e0270f595a8e440db2635d168424a501&name=default HTTP/1.1" status: 200 len: 2996 time: 0.1879365
2026-06-24 14:31:37.470 9 INFO neutron.wsgi [None req-28661ef2-3629-415f-ac96-b87a688955d9 6cc82f29383343888c639637b682af7d 27a7e87c51ca4370b9a72b0591877410 - - default default] 10.0.0.73 "GET /v2.0/routers?tags-any=blue HTTP/1.1" status: 200 len: 1144 time: 0.0696676
2026-06-24 14:31:37.546 10 INFO neutron.wsgi [None req-ae77a845-30b6-4c8b-b114-635554338794 6cc82f29383343888c639637b682af7d 27a7e87c51ca4370b9a72b0591877410 - - default default] 10.0.0.73 "GET /v2.0/routers?tags-any=red%2Cblue HTTP/1.1" status: 200 len: 1601 time: 0.0704901
2026-06-24 14:31:37.568 9 INFO neutron.db.ovn_revision_numbers_db [None req-f5163d79-9674-4fb0-aae7-52964a6d2d2a ce0dbd5fd4d1459584c4f270d59feb80 94034a93ca0d4cdaa13889186bd1609e - - default default] Successfully bumped revision number for resource 4e947cee-31b7-416c-b3fe-481f42687b67 (type: security_groups) to 1
2026-06-24 14:31:37.594 9 INFO neutron.db.ovn_revision_numbers_db [None req-f5163d79-9674-4fb0-aae7-52964a6d2d2a ce0dbd5fd4d1459584c4f270d59feb80 94034a93ca0d4cdaa13889186bd1609e - - default default] Successfully bumped revision number for resource 31c2da29-28f3-4be3-864d-9cbf2af3ef99 (type: security_group_rules) to 0
2026-06-24 14:31:37.611 9 INFO neutron.db.ovn_revision_numbers_db [None req-f5163d79-9674-4fb0-aae7-52964a6d2d2a ce0dbd5fd4d1459584c4f270d59feb80 94034a93ca0d4cdaa13889186bd1609e - - default default] Successfully bumped revision number for resource 7cf17c72-804b-4c41-84ed-4debac1b517f (type: security_group_rules) to 0
2026-06-24 14:31:37.627 9 INFO neutron.db.ovn_revision_numbers_db [None req-f5163d79-9674-4fb0-aae7-52964a6d2d2a ce0dbd5fd4d1459584c4f270d59feb80 94034a93ca0d4cdaa13889186bd1609e - - default default] Successfully bumped revision number for resource bdb42622-d577-4919-aeb5-8d9b2a20f144 (type: security_group_rules) to 0
2026-06-24 14:31:37.627 10 INFO neutron.wsgi [None req-fb2fcaed-e483-4219-ab96-d9f89548e50f 6cc82f29383343888c639637b682af7d 27a7e87c51ca4370b9a72b0591877410 - - default default] 10.0.0.73 "GET /v2.0/routers?not-tags=red HTTP/1.1" status: 200 len: 1116 time: 0.0765612
2026-06-24 14:31:37.642 9 INFO neutron.db.ovn_revision_numbers_db [None req-f5163d79-9674-4fb0-aae7-52964a6d2d2a ce0dbd5fd4d1459584c4f270d59feb80 94034a93ca0d4cdaa13889186bd1609e - - default default] Successfully bumped revision number for resource e7ea7659-774c-4635-82b4-c55260f2d0c7 (type: security_group_rules) to 0
2026-06-24 14:31:37.677 9 INFO neutron.wsgi [None req-f5163d79-9674-4fb0-aae7-52964a6d2d2a ce0dbd5fd4d1459584c4f270d59feb80 94034a93ca0d4cdaa13889186bd1609e - - default default] 10.0.0.73 "GET /v2.0/security-groups?tenant_id=c806b5059b634aee92d21696101a1380&name=default HTTP/1.1" status: 200 len: 2996 time: 0.3561373
2026-06-24 14:31:37.745 10 INFO neutron.wsgi [None req-58150df6-e63e-437e-8312-72f685adc1f6 6cc82f29383343888c639637b682af7d 27a7e87c51ca4370b9a72b0591877410 - - default default] 10.0.0.73 "GET /v2.0/routers?not-tags=red%2Cblue HTTP/1.1" status: 200 len: 1573 time: 0.1126692
2026-06-24 14:31:37.894 9 INFO neutron.wsgi [None req-3cca2d5d-f41c-473e-b72e-5db2e4f57e39 ce0dbd5fd4d1459584c4f270d59feb80 94034a93ca0d4cdaa13889186bd1609e - - default default] 10.0.0.73 "DELETE /v2.0/security-groups/4e947cee-31b7-416c-b3fe-481f42687b67 HTTP/1.1" status: 204 len: 168 time: 0.2104375
2026-06-24 14:31:38.086 10 INFO neutron.wsgi [None req-c6176bba-3675-4315-af72-7a927d3a8ec1 6cc82f29383343888c639637b682af7d 27a7e87c51ca4370b9a72b0591877410 - - default default] 10.0.0.73 "GET /v2.0/routers?not-tags-any=blue HTTP/1.1" status: 200 len: 1573 time: 0.3338528
2026-06-24 14:31:38.116 9 INFO neutron.db.ovn_revision_numbers_db [None req-deb8ebbf-b757-4b18-b5e6-bae7e855c2dc ce0dbd5fd4d1459584c4f270d59feb80 94034a93ca0d4cdaa13889186bd1609e - - default default] Successfully bumped revision number for resource a7b98a67-99f7-4d6b-b379-9d447146f9ad (type: security_groups) to 1
2026-06-24 14:31:38.132 9 INFO neutron.db.ovn_revision_numbers_db [None req-deb8ebbf-b757-4b18-b5e6-bae7e855c2dc ce0dbd5fd4d1459584c4f270d59feb80 94034a93ca0d4cdaa13889186bd1609e - - default default] Successfully bumped revision number for resource 383466d6-a347-4882-b7b6-0b75e6c8b307 (type: security_group_rules) to 0
2026-06-24 14:31:38.144 10 INFO neutron.wsgi [None req-6694bc8a-84f5-4d25-aeb9-1eb69b330b3e 6cc82f29383343888c639637b682af7d 27a7e87c51ca4370b9a72b0591877410 - - default default] 10.0.0.73 "GET /v2.0/routers?not-tags-any=red%2Cblue HTTP/1.1" status: 200 len: 1116 time: 0.0535574
2026-06-24 14:31:38.145 9 INFO neutron.db.ovn_revision_numbers_db [None req-deb8ebbf-b757-4b18-b5e6-bae7e855c2dc ce0dbd5fd4d1459584c4f270d59feb80 94034a93ca0d4cdaa13889186bd1609e - - default default] Successfully bumped revision number for resource 6e71ed6a-8504-4631-9e76-95b64761bbca (type: security_group_rules) to 0
2026-06-24 14:31:38.164 9 INFO neutron.db.ovn_revision_numbers_db [None req-deb8ebbf-b757-4b18-b5e6-bae7e855c2dc ce0dbd5fd4d1459584c4f270d59feb80 94034a93ca0d4cdaa13889186bd1609e - - default default] Successfully bumped revision number for resource c3d52b1c-031e-4f2e-9b13-de0bea937b5f (type: security_group_rules) to 0
2026-06-24 14:31:38.179 9 INFO neutron.db.ovn_revision_numbers_db [None req-deb8ebbf-b757-4b18-b5e6-bae7e855c2dc ce0dbd5fd4d1459584c4f270d59feb80 94034a93ca0d4cdaa13889186bd1609e - - default default] Successfully bumped revision number for resource e6fe8f26-a003-4594-b0c6-d56eb2ffa506 (type: security_group_rules) to 0
2026-06-24 14:31:38.196 10 INFO neutron.wsgi [None req-fa4c79db-7ebe-4bf2-b87a-f7fbedf97e40 6cc82f29383343888c639637b682af7d 27a7e87c51ca4370b9a72b0591877410 - - default default] 10.0.0.73 "GET /v2.0/routers/8767226b-2648-4805-a672-9a5103909c08 HTTP/1.1" status: 200 len: 660 time: 0.0450406
2026-06-24 14:31:38.203 9 INFO neutron.wsgi [None req-deb8ebbf-b757-4b18-b5e6-bae7e855c2dc ce0dbd5fd4d1459584c4f270d59feb80 94034a93ca0d4cdaa13889186bd1609e - - default default] 10.0.0.73 "GET /v2.0/security-groups?tenant_id=212c3390f32f43139daae59e9b5ec5c3&name=default HTTP/1.1" status: 200 len: 2996 time: 0.1903682
2026-06-24 14:31:38.230 10 INFO neutron.wsgi [None req-6d77bde6-bfaf-4323-ad94-dfddd1562c28 ce0dbd5fd4d1459584c4f270d59feb80 94034a93ca0d4cdaa13889186bd1609e - - default default] 10.0.0.73 "DELETE /v2.0/security-groups/1883965c-b648-4fde-b36e-ec989c06ee63 HTTP/1.1" status: 204 len: 168 time: 0.8278773
2026-06-24 14:31:38.425 9 INFO neutron.wsgi [None req-942f7268-9f09-4848-a2f9-01839f557c76 ce0dbd5fd4d1459584c4f270d59feb80 94034a93ca0d4cdaa13889186bd1609e - - default default] 10.0.0.73 "DELETE /v2.0/security-groups/a7b98a67-99f7-4d6b-b379-9d447146f9ad HTTP/1.1" status: 204 len: 168 time: 0.2172363
2026-06-24 14:31:38.635 10 INFO neutron.db.ovn_revision_numbers_db [None req-e35cb879-1945-49cf-b70d-dc4e85c7e7b6 6cc82f29383343888c639637b682af7d 27a7e87c51ca4370b9a72b0591877410 - - default default] Successfully bumped revision number for resource 8767226b-2648-4805-a672-9a5103909c08 (type: routers) to 2
2026-06-24 14:31:38.639 10 INFO neutron.wsgi [None req-e35cb879-1945-49cf-b70d-dc4e85c7e7b6 6cc82f29383343888c639637b682af7d 27a7e87c51ca4370b9a72b0591877410 - - default default] 10.0.0.73 "PUT /v2.0/routers/8767226b-2648-4805-a672-9a5103909c08 HTTP/1.1" status: 200 len: 660 time: 0.4382668
2026-06-24 14:31:38.675 10 INFO neutron.wsgi [None req-4d8dd6fb-df87-44c4-bcb2-21203fc39165 6cc82f29383343888c639637b682af7d 27a7e87c51ca4370b9a72b0591877410 - - default default] 10.0.0.73 "GET /v2.0/ports?device_id=8767226b-2648-4805-a672-9a5103909c08 HTTP/1.1" status: 200 len: 205 time: 0.0241077
2026-06-24 14:31:38.715 9 INFO neutron.db.ovn_revision_numbers_db [None req-8e1c4fb7-5c45-474e-a82e-2829d96585df ce0dbd5fd4d1459584c4f270d59feb80 94034a93ca0d4cdaa13889186bd1609e - - default default] Successfully bumped revision number for resource 1d7c0738-bbd1-4457-b48b-696342a36050 (type: security_groups) to 1
2026-06-24 14:31:38.731 9 INFO neutron.db.ovn_revision_numbers_db [None req-8e1c4fb7-5c45-474e-a82e-2829d96585df ce0dbd5fd4d1459584c4f270d59feb80 94034a93ca0d4cdaa13889186bd1609e - - default default] Successfully bumped revision number for resource 28d97ae5-689b-4621-8834-fe72f7226399 (type: security_group_rules) to 0
2026-06-24 14:31:38.747 9 INFO neutron.db.ovn_revision_numbers_db [None req-8e1c4fb7-5c45-474e-a82e-2829d96585df ce0dbd5fd4d1459584c4f270d59feb80 94034a93ca0d4cdaa13889186bd1609e - - default default] Successfully bumped revision number for resource 36595bbc-2c6b-41ee-986d-df56c4b7b938 (type: security_group_rules) to 0
2026-06-24 14:31:38.767 9 INFO neutron.db.ovn_revision_numbers_db [None req-8e1c4fb7-5c45-474e-a82e-2829d96585df ce0dbd5fd4d1459584c4f270d59feb80 94034a93ca0d4cdaa13889186bd1609e - - default default] Successfully bumped revision number for resource 435bc905-670d-45c9-acc8-6b6257691f18 (type: security_group_rules) to 0
2026-06-24 14:31:38.785 9 INFO neutron.db.ovn_revision_numbers_db [None req-8e1c4fb7-5c45-474e-a82e-2829d96585df ce0dbd5fd4d1459584c4f270d59feb80 94034a93ca0d4cdaa13889186bd1609e - - default default] Successfully bumped revision number for resource 5921e31e-0623-4daf-ae4f-d68c6faaa465 (type: security_group_rules) to 0
2026-06-24 14:31:38.807 9 INFO neutron.wsgi [None req-8e1c4fb7-5c45-474e-a82e-2829d96585df ce0dbd5fd4d1459584c4f270d59feb80 94034a93ca0d4cdaa13889186bd1609e - - default default] 10.0.0.73 "GET /v2.0/security-groups?tenant_id=3e13b45f78824b10abb3de70ebf34b49&name=default HTTP/1.1" status: 200 len: 2996 time: 0.2305326
2026-06-24 14:31:38.932 10 INFO neutron.wsgi [None req-396407ed-e2d3-4482-8194-73a0621dae41 6cc82f29383343888c639637b682af7d 27a7e87c51ca4370b9a72b0591877410 - - default default] 10.0.0.73 "DELETE /v2.0/routers/8767226b-2648-4805-a672-9a5103909c08 HTTP/1.1" status: 204 len: 168 time: 0.2504051
2026-06-24 14:31:38.984 10 INFO neutron.wsgi [None req-dc12d028-f325-4665-ae11-b45bf6b501d3 6cc82f29383343888c639637b682af7d 27a7e87c51ca4370b9a72b0591877410 - - default default] 10.0.0.73 "GET /v2.0/routers/9bb14c6e-ebd8-409e-a845-685158ae1bf7 HTTP/1.1" status: 200 len: 668 time: 0.0465279
2026-06-24 14:31:39.020 9 INFO neutron.wsgi [None req-a592ae8f-1b3f-4388-a412-b4abd7b05d66 ce0dbd5fd4d1459584c4f270d59feb80 94034a93ca0d4cdaa13889186bd1609e - - default default] 10.0.0.73 "DELETE /v2.0/security-groups/1d7c0738-bbd1-4457-b48b-696342a36050 HTTP/1.1" status: 204 len: 168 time: 0.2032940
2026-06-24 14:31:39.370 10 INFO neutron.db.ovn_revision_numbers_db [None req-a40a76fc-602d-41d7-9ec2-db3728b42480 6cc82f29383343888c639637b682af7d 27a7e87c51ca4370b9a72b0591877410 - - default default] Successfully bumped revision number for resource 9bb14c6e-ebd8-409e-a845-685158ae1bf7 (type: routers) to 2
2026-06-24 14:31:39.375 10 INFO neutron.wsgi [None req-a40a76fc-602d-41d7-9ec2-db3728b42480 6cc82f29383343888c639637b682af7d 27a7e87c51ca4370b9a72b0591877410 - - default default] 10.0.0.73 "PUT /v2.0/routers/9bb14c6e-ebd8-409e-a845-685158ae1bf7 HTTP/1.1" status: 200 len: 668 time: 0.3867319
2026-06-24 14:31:39.398 10 INFO neutron.wsgi [None req-27a83446-ad63-481f-9d2b-d76663504f61 6cc82f29383343888c639637b682af7d 27a7e87c51ca4370b9a72b0591877410 - - default default] 10.0.0.73 "GET /v2.0/ports?device_id=9bb14c6e-ebd8-409e-a845-685158ae1bf7 HTTP/1.1" status: 200 len: 205 time: 0.0180669
2026-06-24 14:31:39.616 10 INFO neutron.wsgi [None req-5effb9cc-1c12-4263-85a0-695346fe83a0 6cc82f29383343888c639637b682af7d 27a7e87c51ca4370b9a72b0591877410 - - default default] 10.0.0.73 "DELETE /v2.0/routers/9bb14c6e-ebd8-409e-a845-685158ae1bf7 HTTP/1.1" status: 204 len: 168 time: 0.2110977
2026-06-24 14:31:39.664 10 INFO neutron.wsgi [None req-4a296d6f-4e2c-4e98-bdaf-98cff7fca16f 6cc82f29383343888c639637b682af7d 27a7e87c51ca4370b9a72b0591877410 - - default default] 10.0.0.73 "GET /v2.0/routers/64315e67-f0ec-4f06-b735-f90c350c5823 HTTP/1.1" status: 200 len: 677 time: 0.0440023
2026-06-24 14:31:40.125 10 INFO neutron.db.ovn_revision_numbers_db [None req-d0d72605-e838-4d22-8620-27ca88786f9b 6cc82f29383343888c639637b682af7d 27a7e87c51ca4370b9a72b0591877410 - - default default] Successfully bumped revision number for resource 64315e67-f0ec-4f06-b735-f90c350c5823 (type: routers) to 2
2026-06-24 14:31:40.128 10 INFO neutron.wsgi [None req-d0d72605-e838-4d22-8620-27ca88786f9b 6cc82f29383343888c639637b682af7d 27a7e87c51ca4370b9a72b0591877410 - - default default] 10.0.0.73 "PUT /v2.0/routers/64315e67-f0ec-4f06-b735-f90c350c5823 HTTP/1.1" status: 200 len: 677 time: 0.4592292
2026-06-24 14:31:40.157 10 INFO neutron.wsgi [None req-5098a316-ea18-41b6-9e4a-99a672fb3d8e 6cc82f29383343888c639637b682af7d 27a7e87c51ca4370b9a72b0591877410 - - default default] 10.0.0.73 "GET /v2.0/ports?device_id=64315e67-f0ec-4f06-b735-f90c350c5823 HTTP/1.1" status: 200 len: 205 time: 0.0247054
2026-06-24 14:31:40.397 9 INFO neutron.wsgi [None req-9d528777-1a9e-4581-adb3-b29f4bef9c43 6cc82f29383343888c639637b682af7d 27a7e87c51ca4370b9a72b0591877410 - - default default] 10.0.0.73 "DELETE /v2.0/routers/64315e67-f0ec-4f06-b735-f90c350c5823 HTTP/1.1" status: 204 len: 168 time: 0.2293937
2026-06-24 14:31:40.460 9 INFO neutron.wsgi [None req-9f3b5233-5081-46b2-9ce6-664a6e6a00ed 6cc82f29383343888c639637b682af7d 27a7e87c51ca4370b9a72b0591877410 - - default default] 10.0.0.73 "GET /v2.0/routers/53fb01a4-064d-4164-a3f3-0b7162c4ddef HTTP/1.1" status: 200 len: 662 time: 0.0581706
