2026-06-24 14:30:59.739 10 INFO neutron.db.securitygroups_db [None req-508459c2-5be7-4562-a21f-99309e9aad79 e76db575dff94ebc9a7315ff665d28d5 83a5ffef37fa4509917db28facb773b2 - - default default] Project 83a5ffef37fa4509917db28facb773b2 added a security group rule with legacy IPv6 ICMP protocol name icmp, ipv6-icmp should be used instead. It was automatically converted.
2026-06-24 14:30:59.762 9 WARNING neutron.scheduler.dhcp_agent_scheduler [None req-fe56010d-8c28-42bc-ac81-4eae12613b72 8244a12342184f0b8ce155f87cda4d6d 93dd1d24c04e4b7c90b9b15bffcba878 - - default default] No more DHCP agents
2026-06-24 14:30:59.767 9 WARNING neutron.api.rpc.agentnotifiers.dhcp_rpc_agent_api [None req-fe56010d-8c28-42bc-ac81-4eae12613b72 8244a12342184f0b8ce155f87cda4d6d 93dd1d24c04e4b7c90b9b15bffcba878 - - default default] Unable to schedule network 011c5169-757f-47ed-846d-dba39a373d9c: no agents available; will retry on subsequent port and subnet creation events.
2026-06-24 14:30:59.850 10 INFO neutron.db.ovn_revision_numbers_db [None req-508459c2-5be7-4562-a21f-99309e9aad79 e76db575dff94ebc9a7315ff665d28d5 83a5ffef37fa4509917db28facb773b2 - - default default] Successfully bumped revision number for resource 8c4385a1-6a5e-4d6c-8ff1-ba204980c4f6 (type: security_group_rules) to 0
2026-06-24 14:30:59.881 10 INFO neutron.wsgi [None req-508459c2-5be7-4562-a21f-99309e9aad79 e76db575dff94ebc9a7315ff665d28d5 83a5ffef37fa4509917db28facb773b2 - - default default] 10.0.0.73 "POST /v2.0/security-group-rules HTTP/1.1" status: 201 len: 774 time: 0.1739213
2026-06-24 14:30:59.907 10 INFO neutron.db.securitygroups_db [None req-6214e02d-4c0d-491d-b28c-dffb42827afd e76db575dff94ebc9a7315ff665d28d5 83a5ffef37fa4509917db28facb773b2 - - default default] Project 83a5ffef37fa4509917db28facb773b2 added a security group rule with legacy IPv6 ICMP protocol name icmp, ipv6-icmp should be used instead. It was automatically converted.
2026-06-24 14:31:00.008 10 INFO neutron.db.ovn_revision_numbers_db [None req-6214e02d-4c0d-491d-b28c-dffb42827afd e76db575dff94ebc9a7315ff665d28d5 83a5ffef37fa4509917db28facb773b2 - - default default] Successfully bumped revision number for resource c832a36e-78c6-4042-8431-8dfe5fb88786 (type: security_group_rules) to 0
2026-06-24 14:31:00.031 10 INFO neutron.wsgi [None req-6214e02d-4c0d-491d-b28c-dffb42827afd e76db575dff94ebc9a7315ff665d28d5 83a5ffef37fa4509917db28facb773b2 - - default default] 10.0.0.73 "POST /v2.0/security-group-rules HTTP/1.1" status: 201 len: 773 time: 0.1448448
2026-06-24 14:31:00.089 9 INFO neutron.db.ovn_revision_numbers_db [None req-fe56010d-8c28-42bc-ac81-4eae12613b72 8244a12342184f0b8ce155f87cda4d6d 93dd1d24c04e4b7c90b9b15bffcba878 - - default default] Successfully bumped revision number for resource 11a77951-79d1-41e7-b633-ad1df4623bd0 (type: floatingips) to 0
2026-06-24 14:31:00.102 9 INFO neutron.wsgi [None req-fe56010d-8c28-42bc-ac81-4eae12613b72 8244a12342184f0b8ce155f87cda4d6d 93dd1d24c04e4b7c90b9b15bffcba878 - - default default] 10.0.0.73 "POST /v2.0/floatingips HTTP/1.1" status: 201 len: 751 time: 0.6747916
2026-06-24 14:31:00.165 9 INFO neutron.wsgi [None req-0815725c-ff37-404c-9d20-c94377a1299f 8244a12342184f0b8ce155f87cda4d6d 93dd1d24c04e4b7c90b9b15bffcba878 - - default default] 10.0.0.73 "PUT /v2.0/floatingips/1a513afd-e626-430a-9d95-2d9a074ed708/tags HTTP/1.1" status: 200 len: 210 time: 0.0560985
2026-06-24 14:31:00.204 9 INFO neutron.wsgi [None req-f1e936dc-489b-48a8-8b42-f96134e4d7a2 8244a12342184f0b8ce155f87cda4d6d 93dd1d24c04e4b7c90b9b15bffcba878 - - default default] 10.0.0.73 "PUT /v2.0/floatingips/9ba5c834-5d60-47b6-a8c4-e4041fe4f411/tags HTTP/1.1" status: 200 len: 218 time: 0.0339470
2026-06-24 14:31:00.245 9 INFO neutron.wsgi [None req-aac1dd85-24a0-44b2-9bcc-461dfd3f700c 8244a12342184f0b8ce155f87cda4d6d 93dd1d24c04e4b7c90b9b15bffcba878 - - default default] 10.0.0.73 "PUT /v2.0/floatingips/f667e53e-0d09-4f33-ac2f-5f57645b03c1/tags HTTP/1.1" status: 200 len: 227 time: 0.0359921
2026-06-24 14:31:00.296 9 INFO neutron.wsgi [None req-9f46c607-6d07-41da-8e0b-e96fe8b85cc1 8244a12342184f0b8ce155f87cda4d6d 93dd1d24c04e4b7c90b9b15bffcba878 - - default default] 10.0.0.73 "PUT /v2.0/floatingips/4e787618-1424-46f0-ad6b-d5df95608867/tags HTTP/1.1" status: 200 len: 212 time: 0.0472600
2026-06-24 14:31:00.341 9 INFO neutron.wsgi [None req-1ccced53-da3b-40a1-84ed-811614d48477 8244a12342184f0b8ce155f87cda4d6d 93dd1d24c04e4b7c90b9b15bffcba878 - - default default] 10.0.0.73 "GET /v2.0/floatingips?tags=red HTTP/1.1" status: 200 len: 1866 time: 0.0387895
2026-06-24 14:31:00.392 9 INFO neutron.wsgi [None req-97f84869-9790-4c37-979f-397f4318bd02 8244a12342184f0b8ce155f87cda4d6d 93dd1d24c04e4b7c90b9b15bffcba878 - - default default] 10.0.0.73 "GET /v2.0/floatingips?tags=red%2Cblue HTTP/1.1" status: 200 len: 1323 time: 0.0449955
2026-06-24 14:31:00.441 10 INFO neutron.wsgi [None req-70bf3462-8734-4639-9330-9f63e6209e96 8244a12342184f0b8ce155f87cda4d6d 93dd1d24c04e4b7c90b9b15bffcba878 - - default default] 10.0.0.73 "GET /v2.0/floatingips?tags-any=blue HTTP/1.1" status: 200 len: 1323 time: 0.0374510
2026-06-24 14:31:00.484 10 INFO neutron.wsgi [None req-e7bae29d-1bf3-4879-ad5e-70933395ebf6 8244a12342184f0b8ce155f87cda4d6d 93dd1d24c04e4b7c90b9b15bffcba878 - - default default] 10.0.0.73 "GET /v2.0/floatingips?tags-any=red%2Cblue HTTP/1.1" status: 200 len: 1866 time: 0.0376604
2026-06-24 14:31:00.530 10 INFO neutron.wsgi [None req-bdfec194-5c31-4d68-a239-314c13d055bc 8244a12342184f0b8ce155f87cda4d6d 93dd1d24c04e4b7c90b9b15bffcba878 - - default default] 10.0.0.73 "GET /v2.0/floatingips?not-tags=red HTTP/1.1" status: 200 len: 1295 time: 0.0360167
2026-06-24 14:31:00.582 10 INFO neutron.wsgi [None req-e233ff26-0462-43d2-9185-287d896ba3ae 8244a12342184f0b8ce155f87cda4d6d 93dd1d24c04e4b7c90b9b15bffcba878 - - default default] 10.0.0.73 "GET /v2.0/floatingips?not-tags=red%2Cblue HTTP/1.1" status: 200 len: 1838 time: 0.0448811
2026-06-24 14:31:00.632 10 INFO neutron.wsgi [None req-1904291e-2f44-476f-b6a2-0d2e275483aa 8244a12342184f0b8ce155f87cda4d6d 93dd1d24c04e4b7c90b9b15bffcba878 - - default default] 10.0.0.73 "GET /v2.0/floatingips?not-tags-any=blue HTTP/1.1" status: 200 len: 1838 time: 0.0443215
2026-06-24 14:31:00.689 9 INFO neutron.wsgi [None req-64811cd4-8e78-448d-9f80-b2401dca7890 8244a12342184f0b8ce155f87cda4d6d 93dd1d24c04e4b7c90b9b15bffcba878 - - default default] 10.0.0.73 "GET /v2.0/floatingips?not-tags-any=red%2Cblue HTTP/1.1" status: 200 len: 1295 time: 0.0526347
2026-06-24 14:31:00.740 9 INFO neutron.wsgi [None req-0de2b97a-f855-41b8-b9bd-75af9726251c e76db575dff94ebc9a7315ff665d28d5 83a5ffef37fa4509917db28facb773b2 - - default default] 10.0.0.73 "GET /v2.0/networks HTTP/1.1" status: 200 len: 1492 time: 0.3154721
2026-06-24 14:31:00.820 10 INFO neutron.db.ovn_revision_numbers_db [None req-ee60bd30-17ab-4cfa-844d-3decfc7c6857 c01f3b2ebe8a4cda897e6b51adcb40a0 24a2776d2ff74a66a90a5be3ae3efb1c - - default default] Successfully bumped revision number for resource e4e71b98-bab5-4cc0-a163-c4115fc34693 (type: security_groups) to 1
2026-06-24 14:31:00.848 10 INFO neutron.db.ovn_revision_numbers_db [None req-ee60bd30-17ab-4cfa-844d-3decfc7c6857 c01f3b2ebe8a4cda897e6b51adcb40a0 24a2776d2ff74a66a90a5be3ae3efb1c - - default default] Successfully bumped revision number for resource 1195c556-788f-4068-a12f-e1491331d703 (type: security_group_rules) to 0
2026-06-24 14:31:00.867 10 INFO neutron.db.ovn_revision_numbers_db [None req-ee60bd30-17ab-4cfa-844d-3decfc7c6857 c01f3b2ebe8a4cda897e6b51adcb40a0 24a2776d2ff74a66a90a5be3ae3efb1c - - default default] Successfully bumped revision number for resource 144163b7-ebe6-40d9-8ec5-7033a2cc90fc (type: security_group_rules) to 0
2026-06-24 14:31:00.868 9 INFO neutron.wsgi [req-184a567e-3462-4fc3-8ff5-a79dff7380bc req-0f84624a-8d1f-4bb3-8356-663e6a96a9ad e76db575dff94ebc9a7315ff665d28d5 83a5ffef37fa4509917db28facb773b2 - - default default] 10.0.0.30 "GET /v2.0/security-groups?name=tempest-secgroup-smoke-704770737&fields=id&tenant_id=83a5ffef37fa4509917db28facb773b2 HTTP/1.1" status: 200 len: 267 time: 0.0429869
2026-06-24 14:31:00.896 10 INFO neutron.db.ovn_revision_numbers_db [None req-ee60bd30-17ab-4cfa-844d-3decfc7c6857 c01f3b2ebe8a4cda897e6b51adcb40a0 24a2776d2ff74a66a90a5be3ae3efb1c - - default default] Successfully bumped revision number for resource 26a27cc2-249c-4436-ada8-1fee0fbcb10d (type: security_group_rules) to 0
2026-06-24 14:31:00.914 10 INFO neutron.db.ovn_revision_numbers_db [None req-ee60bd30-17ab-4cfa-844d-3decfc7c6857 c01f3b2ebe8a4cda897e6b51adcb40a0 24a2776d2ff74a66a90a5be3ae3efb1c - - default default] Successfully bumped revision number for resource 355f77c4-365a-4382-8bc1-ab1b795a3d50 (type: security_group_rules) to 0
2026-06-24 14:31:00.942 9 INFO neutron.wsgi [req-184a567e-3462-4fc3-8ff5-a79dff7380bc req-7c6c4aba-b0a0-4b17-a1de-7ee19cb6e883 e76db575dff94ebc9a7315ff665d28d5 83a5ffef37fa4509917db28facb773b2 - - default default] 10.0.0.30 "GET /v2.0/networks?id=6c6bbd95-b47b-424c-a3ca-6c13aa612076 HTTP/1.1" status: 200 len: 859 time: 0.0674055
2026-06-24 14:31:00.962 9 INFO neutron.wsgi [req-184a567e-3462-4fc3-8ff5-a79dff7380bc req-8a908241-63b5-4550-95be-c22fc1f3d66f e76db575dff94ebc9a7315ff665d28d5 83a5ffef37fa4509917db28facb773b2 - - default default] 10.0.0.30 "GET /v2.0/quotas/83a5ffef37fa4509917db28facb773b2 HTTP/1.1" status: 200 len: 386 time: 0.0105810
2026-06-24 14:31:00.978 10 INFO neutron.db.segments_db [None req-ee60bd30-17ab-4cfa-844d-3decfc7c6857 c01f3b2ebe8a4cda897e6b51adcb40a0 24a2776d2ff74a66a90a5be3ae3efb1c - - default default] Added segment ce398e10-c891-4b41-a8f2-c61bb395c4af of type geneve for network 8d9465fe-1ce2-4256-aada-5bc1bbd1fd23
2026-06-24 14:31:01.054 9 INFO neutron.wsgi [req-184a567e-3462-4fc3-8ff5-a79dff7380bc req-5375ef6d-fb61-4e2e-99ac-1aa0a82f9b62 e76db575dff94ebc9a7315ff665d28d5 83a5ffef37fa4509917db28facb773b2 - - default default] 10.0.0.30 "GET /v2.0/ports?tenant_id=83a5ffef37fa4509917db28facb773b2&fields=id HTTP/1.1" status: 200 len: 348 time: 0.0854445
2026-06-24 14:31:01.132 9 INFO neutron.wsgi [req-184a567e-3462-4fc3-8ff5-a79dff7380bc req-d1184486-ad70-42c8-b8df-1ff87708dc90 5177dcf216e44ac2a769dc3e0840c3bb 352c077f8b574df5a89666a435e43d6d - - 23babc78c1634f95b27487dfe2f3be5a 23babc78c1634f95b27487dfe2f3be5a] 10.0.0.30 "GET /v2.0/networks/6c6bbd95-b47b-424c-a3ca-6c13aa612076?fields=segments HTTP/1.1" status: 200 len: 212 time: 0.0661087
2026-06-24 14:31:01.137 10 INFO neutron.wsgi [None req-0d29a99e-8ed4-4998-a412-eb2d9b3c7407 8244a12342184f0b8ce155f87cda4d6d 93dd1d24c04e4b7c90b9b15bffcba878 - - default default] 10.0.0.73 "DELETE /v2.0/floatingips/1a513afd-e626-430a-9d95-2d9a074ed708 HTTP/1.1" status: 204 len: 168 time: 0.4407878
2026-06-24 14:31:01.186 10 INFO neutron.db.ovn_revision_numbers_db [None req-ee60bd30-17ab-4cfa-844d-3decfc7c6857 c01f3b2ebe8a4cda897e6b51adcb40a0 24a2776d2ff74a66a90a5be3ae3efb1c - - default default] Successfully bumped revision number for resource 8d9465fe-1ce2-4256-aada-5bc1bbd1fd23 (type: networks) to 1
2026-06-24 14:31:01.204 9 INFO neutron.wsgi [req-184a567e-3462-4fc3-8ff5-a79dff7380bc req-25f53631-e5cb-4645-b6e6-c749e19b3ffd 5177dcf216e44ac2a769dc3e0840c3bb 352c077f8b574df5a89666a435e43d6d - - 23babc78c1634f95b27487dfe2f3be5a 23babc78c1634f95b27487dfe2f3be5a] 10.0.0.30 "GET /v2.0/networks/6c6bbd95-b47b-424c-a3ca-6c13aa612076?fields=provider%3Aphysical_network&fields=provider%3Anetwork_type HTTP/1.1" status: 200 len: 277 time: 0.0642333
2026-06-24 14:31:01.353 9 INFO neutron.wsgi [req-75a6f6ba-11d9-4958-a6c6-3fb95b9d5b37 req-fef001cb-d3fb-48f6-b434-b5dd1a9b40ca e76db575dff94ebc9a7315ff665d28d5 83a5ffef37fa4509917db28facb773b2 - - default default] 10.0.0.30 "GET /v2.0/ports?device_id=12eb7e48-2cb6-4555-b669-17ec9c5e903a HTTP/1.1" status: 200 len: 210 time: 0.0225625
2026-06-24 14:31:01.440 10 WARNING neutron.scheduler.dhcp_agent_scheduler [None req-ee60bd30-17ab-4cfa-844d-3decfc7c6857 c01f3b2ebe8a4cda897e6b51adcb40a0 24a2776d2ff74a66a90a5be3ae3efb1c - - default default] No more DHCP agents
2026-06-24 14:31:01.444 10 WARNING neutron.api.rpc.agentnotifiers.dhcp_rpc_agent_api [None req-ee60bd30-17ab-4cfa-844d-3decfc7c6857 c01f3b2ebe8a4cda897e6b51adcb40a0 24a2776d2ff74a66a90a5be3ae3efb1c - - default default] Unable to schedule network 8d9465fe-1ce2-4256-aada-5bc1bbd1fd23: no agents available; will retry on subsequent port and subnet creation events.
2026-06-24 14:31:01.537 10 INFO neutron.db.ovn_revision_numbers_db [None req-ee60bd30-17ab-4cfa-844d-3decfc7c6857 c01f3b2ebe8a4cda897e6b51adcb40a0 24a2776d2ff74a66a90a5be3ae3efb1c - - default default] Successfully bumped revision number for resource 6f5f799f-2ab7-4a88-89be-f5c324a6b16e (type: ports) to 1
2026-06-24 14:31:01.578 10 INFO neutron.wsgi [None req-ee60bd30-17ab-4cfa-844d-3decfc7c6857 c01f3b2ebe8a4cda897e6b51adcb40a0 24a2776d2ff74a66a90a5be3ae3efb1c - - default default] 10.0.0.73 "POST /v2.0/networks HTTP/1.1" status: 201 len: 927 time: 0.9911125
2026-06-24 14:31:01.625 10 INFO neutron.wsgi [None req-861a4f7c-93bf-4380-ab2c-d2e2d4186b4e 8244a12342184f0b8ce155f87cda4d6d 93dd1d24c04e4b7c90b9b15bffcba878 - - default default] 10.0.0.73 "DELETE /v2.0/floatingips/9ba5c834-5d60-47b6-a8c4-e4041fe4f411 HTTP/1.1" status: 204 len: 168 time: 0.4816642
2026-06-24 14:31:02.019 9 WARNING neutron.scheduler.dhcp_agent_scheduler [None req-86018acc-81c0-4ad2-8f58-5f80164e54b4 c01f3b2ebe8a4cda897e6b51adcb40a0 24a2776d2ff74a66a90a5be3ae3efb1c - - default default] No more DHCP agents
2026-06-24 14:31:02.020 10 INFO neutron.wsgi [None req-0f1e10c9-ae29-4d88-8e53-61d55021620a f100a69a23d04a61854cfba5b82cd18c 277ae7f644b64137906d63e180b2103a - - default default] 10.0.0.206 "GET /v2.0/extensions HTTP/1.1" status: 200 len: 16525 time: 0.0539167
2026-06-24 14:31:02.023 9 WARNING neutron.api.rpc.agentnotifiers.dhcp_rpc_agent_api [None req-86018acc-81c0-4ad2-8f58-5f80164e54b4 c01f3b2ebe8a4cda897e6b51adcb40a0 24a2776d2ff74a66a90a5be3ae3efb1c - - default default] Unable to schedule network 8d9465fe-1ce2-4256-aada-5bc1bbd1fd23: no agents available; will retry on subsequent port and subnet creation events.
2026-06-24 14:31:02.044 10 INFO neutron.wsgi [None req-3b711f9b-85d4-4ccf-b332-ebfbbcf81b5d 8244a12342184f0b8ce155f87cda4d6d 93dd1d24c04e4b7c90b9b15bffcba878 - - default default] 10.0.0.73 "DELETE /v2.0/floatingips/f667e53e-0d09-4f33-ac2f-5f57645b03c1 HTTP/1.1" status: 204 len: 168 time: 0.4137077
2026-06-24 14:31:02.064 10 INFO neutron.wsgi [req-184a567e-3462-4fc3-8ff5-a79dff7380bc req-f51d5aa5-ca8f-430e-9ed0-a38bbedb3c51 e76db575dff94ebc9a7315ff665d28d5 83a5ffef37fa4509917db28facb773b2 - - default default] 199.19.213.65 "GET /v2.0/networks?id=6c6bbd95-b47b-424c-a3ca-6c13aa612076 HTTP/1.1" status: 200 len: 859 time: 0.0846171
2026-06-24 14:31:02.155 10 INFO neutron.wsgi [req-184a567e-3462-4fc3-8ff5-a79dff7380bc req-b7b0dd68-dc99-4b36-adc6-9b0a4e34ccdf e76db575dff94ebc9a7315ff665d28d5 83a5ffef37fa4509917db28facb773b2 - - default default] 199.19.213.65 "GET /v2.0/security-groups?fields=id&fields=name&tenant_id=83a5ffef37fa4509917db28facb773b2 HTTP/1.1" status: 200 len: 472 time: 0.0795386
2026-06-24 14:31:02.205 10 INFO neutron.wsgi [None req-5ee20191-15e7-4312-98bb-cc7b4261f223 f100a69a23d04a61854cfba5b82cd18c 277ae7f644b64137906d63e180b2103a - - default default] 10.0.0.206 "GET /v2.0/quotas/277ae7f644b64137906d63e180b2103a/details HTTP/1.1" status: 200 len: 756 time: 0.1695733
2026-06-24 14:31:02.472 9 INFO neutron.wsgi [req-c969b3f4-1a87-4384-a496-9103a48212a1 req-6c951c20-9fa0-4905-8e70-1ab2e6ecf9eb e76db575dff94ebc9a7315ff665d28d5 83a5ffef37fa4509917db28facb773b2 - - default default] 10.0.0.30 "GET /v2.0/ports?device_id=12eb7e48-2cb6-4555-b669-17ec9c5e903a HTTP/1.1" status: 200 len: 210 time: 0.0386097
2026-06-24 14:31:02.504 10 WARNING neutron.scheduler.dhcp_agent_scheduler [req-184a567e-3462-4fc3-8ff5-a79dff7380bc req-914f6935-d32f-4339-82ad-fea2c6f4fbd7 e76db575dff94ebc9a7315ff665d28d5 83a5ffef37fa4509917db28facb773b2 - - default default] No more DHCP agents
2026-06-24 14:31:02.508 10 WARNING neutron.api.rpc.agentnotifiers.dhcp_rpc_agent_api [req-184a567e-3462-4fc3-8ff5-a79dff7380bc req-914f6935-d32f-4339-82ad-fea2c6f4fbd7 e76db575dff94ebc9a7315ff665d28d5 83a5ffef37fa4509917db28facb773b2 - - default default] Unable to schedule network 6c6bbd95-b47b-424c-a3ca-6c13aa612076: no agents available; will retry on subsequent port and subnet creation events.
2026-06-24 14:31:02.614 9 INFO neutron.wsgi [None req-285ff027-89d8-4d46-8f9e-0f1955c56b85 8244a12342184f0b8ce155f87cda4d6d 93dd1d24c04e4b7c90b9b15bffcba878 - - default default] 10.0.0.73 "DELETE /v2.0/floatingips/4e787618-1424-46f0-ad6b-d5df95608867 HTTP/1.1" status: 204 len: 168 time: 0.5585024 /var/lib/openstack/lib/python3.10/site-packages/pycadf/identifier.py:71: UserWarning: Invalid uuid: neutron. To ensure interoperability, identifiers should be a valid uuid. warnings.warn(('Invalid uuid: %s. To ensure interoperability, '
2026-06-24 14:31:02.716 10 INFO neutron.db.ovn_revision_numbers_db [req-184a567e-3462-4fc3-8ff5-a79dff7380bc req-914f6935-d32f-4339-82ad-fea2c6f4fbd7 e76db575dff94ebc9a7315ff665d28d5 83a5ffef37fa4509917db28facb773b2 - - default default] Successfully bumped revision number for resource 5a7fc383-8c8e-4c15-aa4c-8e9244381a6a (type: ports) to 1
2026-06-24 14:31:02.744 9 INFO neutron.db.ovn_revision_numbers_db [None req-86018acc-81c0-4ad2-8f58-5f80164e54b4 c01f3b2ebe8a4cda897e6b51adcb40a0 24a2776d2ff74a66a90a5be3ae3efb1c - - default default] Successfully bumped revision number for resource 6f5f799f-2ab7-4a88-89be-f5c324a6b16e (type: ports) to 2
2026-06-24 14:31:02.757 10 INFO neutron.wsgi [req-184a567e-3462-4fc3-8ff5-a79dff7380bc req-914f6935-d32f-4339-82ad-fea2c6f4fbd7 e76db575dff94ebc9a7315ff665d28d5 83a5ffef37fa4509917db28facb773b2 - - default default] 199.19.213.65 "POST /v2.0/ports HTTP/1.1" status: 201 len: 1158 time: 0.5938616
2026-06-24 14:31:02.779 9 INFO neutron.db.ovn_revision_numbers_db [None req-86018acc-81c0-4ad2-8f58-5f80164e54b4 c01f3b2ebe8a4cda897e6b51adcb40a0 24a2776d2ff74a66a90a5be3ae3efb1c - - default default] Successfully bumped revision number for resource ccab1f08-8ac4-4d8a-a1db-582be9132620 (type: subnets) to 0
2026-06-24 14:31:02.795 9 INFO neutron.wsgi [None req-86018acc-81c0-4ad2-8f58-5f80164e54b4 c01f3b2ebe8a4cda897e6b51adcb40a0 24a2776d2ff74a66a90a5be3ae3efb1c - - default default] 10.0.0.73 "POST /v2.0/subnets HTTP/1.1" status: 201 len: 819 time: 1.2109964
2026-06-24 14:31:02.806 9 WARNING neutron.api.v2.base [None req-c9583f8c-7219-49d6-a1bf-fa3e7bfae042 c01f3b2ebe8a4cda897e6b51adcb40a0 24a2776d2ff74a66a90a5be3ae3efb1c - - default default] An exception happened while processing the request body. The exception message is [Invalid input for target_tenant. Reason: 'None' is not a valid string.].: webob.exc.HTTPBadRequest: Invalid input for target_tenant. Reason: 'None' is not a valid string.
2026-06-24 14:31:02.807 9 INFO neutron.api.v2.resource [None req-c9583f8c-7219-49d6-a1bf-fa3e7bfae042 c01f3b2ebe8a4cda897e6b51adcb40a0 24a2776d2ff74a66a90a5be3ae3efb1c - - default default] create failed (client error): Invalid input for target_tenant. Reason: 'None' is not a valid string.
2026-06-24 14:31:02.808 9 INFO neutron.wsgi [None req-c9583f8c-7219-49d6-a1bf-fa3e7bfae042 c01f3b2ebe8a4cda897e6b51adcb40a0 24a2776d2ff74a66a90a5be3ae3efb1c - - default default] 10.0.0.73 "POST /v2.0/rbac-policies HTTP/1.1" status: 400 len: 346 time: 0.0074530
2026-06-24 14:31:03.082 10 INFO neutron.wsgi [None req-9c91e35e-25c1-4561-a672-feefc7a05376 8244a12342184f0b8ce155f87cda4d6d 93dd1d24c04e4b7c90b9b15bffcba878 - - default default] 10.0.0.73 "DELETE /v2.0/floatingips/11a77951-79d1-41e7-b633-ad1df4623bd0 HTTP/1.1" status: 204 len: 168 time: 0.4622781
2026-06-24 14:31:03.258 10 INFO neutron.db.ovn_revision_numbers_db [req-184a567e-3462-4fc3-8ff5-a79dff7380bc req-4a0b6ea3-022d-4093-87f0-a64d46cfb661 5177dcf216e44ac2a769dc3e0840c3bb 352c077f8b574df5a89666a435e43d6d - - 23babc78c1634f95b27487dfe2f3be5a 23babc78c1634f95b27487dfe2f3be5a] Successfully bumped revision number for resource 5a7fc383-8c8e-4c15-aa4c-8e9244381a6a (type: ports) to 2
2026-06-24 14:31:03.392 9 INFO neutron.services.segments.plugin [-] Segment ce398e10-c891-4b41-a8f2-c61bb395c4af resource provider aggregate not found
2026-06-24 14:31:03.397 9 INFO neutron.services.segments.plugin [-] Segment ce398e10-c891-4b41-a8f2-c61bb395c4af resource provider aggregate not found
2026-06-24 14:31:03.425 9 INFO neutron.services.segments.plugin [-] Segment ce398e10-c891-4b41-a8f2-c61bb395c4af resource provider not found; error: Placement Client Error (4xx): {"errors": [{"status": 404, "title": "Not Found", "detail": "The resource could not be found.\n\n No resource provider with uuid ce398e10-c891-4b41-a8f2-c61bb395c4af found for delete ", "request_id": "req-e416dfac-0c01-4b45-84a5-51f8f73a6fc2"}]}
2026-06-24 14:31:03.430 9 INFO neutron.services.segments.plugin [-] Segment ce398e10-c891-4b41-a8f2-c61bb395c4af resource provider not found; error: Placement Client Error (4xx): {"errors": [{"status": 404, "title": "Not Found", "detail": "The resource could not be found.\n\n No resource provider with uuid ce398e10-c891-4b41-a8f2-c61bb395c4af found for delete ", "request_id": "req-8acd9f54-820e-4143-9698-4f022133f2db"}]}
2026-06-24 14:31:03.440 9 INFO neutron.wsgi [None req-37b6a6e8-0145-4cb3-b447-f83a9fcc425e c01f3b2ebe8a4cda897e6b51adcb40a0 24a2776d2ff74a66a90a5be3ae3efb1c - - default default] 10.0.0.73 "DELETE /v2.0/networks/8d9465fe-1ce2-4256-aada-5bc1bbd1fd23 HTTP/1.1" status: 204 len: 168 time: 0.6266375 /var/lib/openstack/lib/python3.10/site-packages/pycadf/identifier.py:71: UserWarning: Invalid uuid: neutron. To ensure interoperability, identifiers should be a valid uuid. warnings.warn(('Invalid uuid: %s. To ensure interoperability, '
2026-06-24 14:31:03.500 10 INFO neutron.db.ovn_revision_numbers_db [req-184a567e-3462-4fc3-8ff5-a79dff7380bc req-4a0b6ea3-022d-4093-87f0-a64d46cfb661 5177dcf216e44ac2a769dc3e0840c3bb 352c077f8b574df5a89666a435e43d6d - - 23babc78c1634f95b27487dfe2f3be5a 23babc78c1634f95b27487dfe2f3be5a] Successfully bumped revision number for resource 5a7fc383-8c8e-4c15-aa4c-8e9244381a6a (type: ports) to 2
2026-06-24 14:31:03.535 10 INFO neutron.wsgi [req-184a567e-3462-4fc3-8ff5-a79dff7380bc req-4a0b6ea3-022d-4093-87f0-a64d46cfb661 5177dcf216e44ac2a769dc3e0840c3bb 352c077f8b574df5a89666a435e43d6d - - 23babc78c1634f95b27487dfe2f3be5a 23babc78c1634f95b27487dfe2f3be5a] 199.19.213.65 "PUT /v2.0/ports/5a7fc383-8c8e-4c15-aa4c-8e9244381a6a HTTP/1.1" status: 200 len: 1376 time: 0.7635691
2026-06-24 14:31:03.568 10 INFO neutron.db.segments_db [None req-df157fd3-7763-4916-910f-f6abceaa7875 c01f3b2ebe8a4cda897e6b51adcb40a0 24a2776d2ff74a66a90a5be3ae3efb1c - - default default] Added segment 3777f1b2-b672-4787-a60f-1a05ec5e6a0e of type geneve for network 8f0b93e3-fe2e-496b-b6b5-1a9f1a1c64bc
2026-06-24 14:31:03.577 10 INFO neutron.notifiers.nova [-] Nova event matching ['req-72c02676-9bde-4884-a56d-e5c78eea16f1'] response: {'name': 'network-changed', 'server_uuid': '12eb7e48-2cb6-4555-b669-17ec9c5e903a', 'tag': '5a7fc383-8c8e-4c15-aa4c-8e9244381a6a', 'status': 'completed', 'code': 200}
2026-06-24 14:31:03.599 9 INFO neutron.wsgi [req-7ec5a14f-8abf-4394-a526-829dc7a0c23b req-1718af64-5532-4843-9704-63a552b3d018 e76db575dff94ebc9a7315ff665d28d5 83a5ffef37fa4509917db28facb773b2 - - default default] 10.0.0.30 "GET /v2.0/ports?device_id=12eb7e48-2cb6-4555-b669-17ec9c5e903a HTTP/1.1" status: 200 len: 1168 time: 0.0615416
2026-06-24 14:31:03.639 10 INFO neutron.wsgi [req-184a567e-3462-4fc3-8ff5-a79dff7380bc req-1e472f28-c0e4-4503-95eb-1d129329b8e1 5177dcf216e44ac2a769dc3e0840c3bb 352c077f8b574df5a89666a435e43d6d - - 23babc78c1634f95b27487dfe2f3be5a 23babc78c1634f95b27487dfe2f3be5a] 199.19.213.65 "GET /v2.0/ports?tenant_id=83a5ffef37fa4509917db28facb773b2&device_id=12eb7e48-2cb6-4555-b669-17ec9c5e903a HTTP/1.1" status: 200 len: 1407 time: 0.0647545
2026-06-24 14:31:03.650 9 INFO neutron.wsgi [req-7ec5a14f-8abf-4394-a526-829dc7a0c23b req-8acdf43f-de49-4779-97a1-c9f1db786b62 e76db575dff94ebc9a7315ff665d28d5 83a5ffef37fa4509917db28facb773b2 - - default default] 10.0.0.30 "GET /v2.0/security-groups?id=b7be77be-d8d4-41c7-88a8-8ca32e0dc79b&fields=id&fields=name HTTP/1.1" status: 200 len: 312 time: 0.0411034
2026-06-24 14:31:03.706 10 INFO neutron.wsgi [req-184a567e-3462-4fc3-8ff5-a79dff7380bc req-9106cbf1-7f62-4d80-9ad2-7064a7dd7981 5177dcf216e44ac2a769dc3e0840c3bb 352c077f8b574df5a89666a435e43d6d - - 23babc78c1634f95b27487dfe2f3be5a 23babc78c1634f95b27487dfe2f3be5a] 199.19.213.65 "GET /v2.0/floatingips?fixed_ip_address=10.100.0.5&port_id=5a7fc383-8c8e-4c15-aa4c-8e9244381a6a HTTP/1.1" status: 200 len: 217 time: 0.0590019
2026-06-24 14:31:03.780 10 INFO neutron.wsgi [req-184a567e-3462-4fc3-8ff5-a79dff7380bc req-fd1c2bbc-ab43-42df-8138-7c09a02f9a79 5177dcf216e44ac2a769dc3e0840c3bb 352c077f8b574df5a89666a435e43d6d - - 23babc78c1634f95b27487dfe2f3be5a 23babc78c1634f95b27487dfe2f3be5a] 199.19.213.65 "GET /v2.0/subnets?id=8cd3f3d5-5d28-40ed-b24d-35c10648b35f HTTP/1.1" status: 200 len: 853 time: 0.0650754
2026-06-24 14:31:03.820 10 INFO neutron.wsgi [req-184a567e-3462-4fc3-8ff5-a79dff7380bc req-8c90d2ee-7528-4058-a2af-9b08056a83d8 5177dcf216e44ac2a769dc3e0840c3bb 352c077f8b574df5a89666a435e43d6d - - 23babc78c1634f95b27487dfe2f3be5a 23babc78c1634f95b27487dfe2f3be5a] 199.19.213.65 "GET /v2.0/ports?network_id=6c6bbd95-b47b-424c-a3ca-6c13aa612076&device_owner=network%3Adhcp HTTP/1.1" status: 200 len: 210 time: 0.0323820
2026-06-24 14:31:03.826 10 INFO neutron.db.ovn_revision_numbers_db [None req-df157fd3-7763-4916-910f-f6abceaa7875 c01f3b2ebe8a4cda897e6b51adcb40a0 24a2776d2ff74a66a90a5be3ae3efb1c - - default default] Successfully bumped revision number for resource 8f0b93e3-fe2e-496b-b6b5-1a9f1a1c64bc (type: networks) to 1
2026-06-24 14:31:03.929 10 INFO neutron.wsgi [req-184a567e-3462-4fc3-8ff5-a79dff7380bc req-ec9906f0-3a98-43c0-a53a-3b5abee4ba37 5177dcf216e44ac2a769dc3e0840c3bb 352c077f8b574df5a89666a435e43d6d - - 23babc78c1634f95b27487dfe2f3be5a 23babc78c1634f95b27487dfe2f3be5a] 199.19.213.65 "GET /v2.0/networks/6c6bbd95-b47b-424c-a3ca-6c13aa612076?fields=segments HTTP/1.1" status: 200 len: 212 time: 0.1022520
2026-06-24 14:31:04.039 10 INFO neutron.wsgi [req-184a567e-3462-4fc3-8ff5-a79dff7380bc req-25b9005d-c6f5-4c5d-ab64-fb265f2b1f02 5177dcf216e44ac2a769dc3e0840c3bb 352c077f8b574df5a89666a435e43d6d - - 23babc78c1634f95b27487dfe2f3be5a 23babc78c1634f95b27487dfe2f3be5a] 199.19.213.65 "GET /v2.0/networks/6c6bbd95-b47b-424c-a3ca-6c13aa612076?fields=provider%3Aphysical_network&fields=provider%3Anetwork_type HTTP/1.1" status: 200 len: 277 time: 0.1030648
2026-06-24 14:31:04.075 10 WARNING neutron.scheduler.dhcp_agent_scheduler [None req-df157fd3-7763-4916-910f-f6abceaa7875 c01f3b2ebe8a4cda897e6b51adcb40a0 24a2776d2ff74a66a90a5be3ae3efb1c - - default default] No more DHCP agents
2026-06-24 14:31:04.078 10 WARNING neutron.api.rpc.agentnotifiers.dhcp_rpc_agent_api [None req-df157fd3-7763-4916-910f-f6abceaa7875 c01f3b2ebe8a4cda897e6b51adcb40a0 24a2776d2ff74a66a90a5be3ae3efb1c - - default default] Unable to schedule network 8f0b93e3-fe2e-496b-b6b5-1a9f1a1c64bc: no agents available; will retry on subsequent port and subnet creation events.
2026-06-24 14:31:04.150 10 INFO neutron.wsgi [req-27ec64d4-2c21-4a5e-baa3-68c520c42786 req-d0f40245-60ed-4a31-93c5-17a7c91c74aa 5177dcf216e44ac2a769dc3e0840c3bb 352c077f8b574df5a89666a435e43d6d - - 23babc78c1634f95b27487dfe2f3be5a 23babc78c1634f95b27487dfe2f3be5a] 199.19.213.65 "GET /v2.0/ports?tenant_id=83a5ffef37fa4509917db28facb773b2&device_id=12eb7e48-2cb6-4555-b669-17ec9c5e903a HTTP/1.1" status: 200 len: 1407 time: 0.0591748
2026-06-24 14:31:04.224 10 INFO neutron.db.ovn_revision_numbers_db [None req-df157fd3-7763-4916-910f-f6abceaa7875 c01f3b2ebe8a4cda897e6b51adcb40a0 24a2776d2ff74a66a90a5be3ae3efb1c - - default default] Successfully bumped revision number for resource 6748bc7e-ca7b-4526-b5df-e95c17c6b8fd (type: ports) to 1
2026-06-24 14:31:04.243 10 INFO neutron.wsgi [req-27ec64d4-2c21-4a5e-baa3-68c520c42786 req-2e9b7d40-1de6-41f5-97f5-d3975bf9e38a 5177dcf216e44ac2a769dc3e0840c3bb 352c077f8b574df5a89666a435e43d6d - - 23babc78c1634f95b27487dfe2f3be5a 23babc78c1634f95b27487dfe2f3be5a] 199.19.213.65 "GET /v2.0/networks?id=6c6bbd95-b47b-424c-a3ca-6c13aa612076 HTTP/1.1" status: 200 len: 958 time: 0.0865345
2026-06-24 14:31:04.261 9 INFO neutron.plugins.ml2.drivers.ovn.mech_driver.mech_driver [None req-0ba578fe-fc79-4022-9fdb-0a78a61d6748 - - - - - -] OVN reports status up for port: 5a7fc383-8c8e-4c15-aa4c-8e9244381a6a
2026-06-24 14:31:04.270 10 INFO neutron.wsgi [req-27ec64d4-2c21-4a5e-baa3-68c520c42786 req-7dfee101-557e-41f3-a251-4d0497b1ef5a 5177dcf216e44ac2a769dc3e0840c3bb 352c077f8b574df5a89666a435e43d6d - - 23babc78c1634f95b27487dfe2f3be5a 23babc78c1634f95b27487dfe2f3be5a] 199.19.213.65 "GET /v2.0/floatingips?fixed_ip_address=10.100.0.5&port_id=5a7fc383-8c8e-4c15-aa4c-8e9244381a6a HTTP/1.1" status: 200 len: 217 time: 0.0223687
2026-06-24 14:31:04.272 10 INFO neutron.wsgi [None req-df157fd3-7763-4916-910f-f6abceaa7875 c01f3b2ebe8a4cda897e6b51adcb40a0 24a2776d2ff74a66a90a5be3ae3efb1c - - default default] 10.0.0.73 "POST /v2.0/networks HTTP/1.1" status: 201 len: 928 time: 0.8231759
2026-06-24 14:31:04.290 9 INFO neutron.plugins.ml2.plugin [None req-0ba578fe-fc79-4022-9fdb-0a78a61d6748 - - - - - -] Attempt 1 to provision port 5a7fc383-8c8e-4c15-aa4c-8e9244381a6a
2026-06-24 14:31:04.415 9 INFO neutron.notifiers.nova [-] Nova event matching ['req-d7cd3dc8-9de3-4dc9-ba29-f75d2f5817ab'] response: {'server_uuid': '12eb7e48-2cb6-4555-b669-17ec9c5e903a', 'name': 'network-vif-plugged', 'status': 'completed', 'tag': '5a7fc383-8c8e-4c15-aa4c-8e9244381a6a', 'code': 200}
2026-06-24 14:31:04.557 9 INFO neutron.db.ovn_revision_numbers_db [None req-2a339253-d266-4b32-b8b5-af03e3d5b045 ce0dbd5fd4d1459584c4f270d59feb80 94034a93ca0d4cdaa13889186bd1609e - - default default] Successfully bumped revision number for resource 2f32cfca-71d9-491f-93de-bb010aa847fa (type: security_groups) to 1
2026-06-24 14:31:04.579 10 INFO neutron.wsgi [req-27ec64d4-2c21-4a5e-baa3-68c520c42786 req-cb623542-4afb-4701-915a-7931ee92efe0 5177dcf216e44ac2a769dc3e0840c3bb 352c077f8b574df5a89666a435e43d6d - - 23babc78c1634f95b27487dfe2f3be5a 23babc78c1634f95b27487dfe2f3be5a] 199.19.213.65 "GET /v2.0/subnets?id=8cd3f3d5-5d28-40ed-b24d-35c10648b35f HTTP/1.1" status: 200 len: 853 time: 0.3023949
2026-06-24 14:31:04.591 9 INFO neutron.db.ovn_revision_numbers_db [None req-2a339253-d266-4b32-b8b5-af03e3d5b045 ce0dbd5fd4d1459584c4f270d59feb80 94034a93ca0d4cdaa13889186bd1609e - - default default] Successfully bumped revision number for resource 026a87f5-684c-46b3-a830-7cc9d89eac36 (type: security_group_rules) to 0
2026-06-24 14:31:04.612 10 INFO neutron.wsgi [req-27ec64d4-2c21-4a5e-baa3-68c520c42786 req-31357ae1-5366-464c-8575-91f203c42c29 5177dcf216e44ac2a769dc3e0840c3bb 352c077f8b574df5a89666a435e43d6d - - 23babc78c1634f95b27487dfe2f3be5a 23babc78c1634f95b27487dfe2f3be5a] 199.19.213.65 "GET /v2.0/ports?network_id=6c6bbd95-b47b-424c-a3ca-6c13aa612076&device_owner=network%3Adhcp HTTP/1.1" status: 200 len: 210 time: 0.0280921
2026-06-24 14:31:04.612 9 INFO neutron.db.ovn_revision_numbers_db [None req-2a339253-d266-4b32-b8b5-af03e3d5b045 ce0dbd5fd4d1459584c4f270d59feb80 94034a93ca0d4cdaa13889186bd1609e - - default default] Successfully bumped revision number for resource 058bd882-7ffb-4b55-ae85-13b92b85dbfc (type: security_group_rules) to 0
2026-06-24 14:31:04.649 9 INFO neutron.db.ovn_revision_numbers_db [None req-2a339253-d266-4b32-b8b5-af03e3d5b045 ce0dbd5fd4d1459584c4f270d59feb80 94034a93ca0d4cdaa13889186bd1609e - - default default] Successfully bumped revision number for resource 2a227688-3311-45fd-9620-972a943b0c9b (type: security_group_rules) to 0
2026-06-24 14:31:04.663 9 INFO neutron.db.ovn_revision_numbers_db [None req-0ba578fe-fc79-4022-9fdb-0a78a61d6748 - - - - - -] Successfully bumped revision number for resource 5a7fc383-8c8e-4c15-aa4c-8e9244381a6a (type: ports) to 4
2026-06-24 14:31:04.667 9 INFO neutron.db.ovn_revision_numbers_db [None req-2a339253-d266-4b32-b8b5-af03e3d5b045 ce0dbd5fd4d1459584c4f270d59feb80 94034a93ca0d4cdaa13889186bd1609e - - default default] Successfully bumped revision number for resource 5a9c4931-9960-48ca-9029-4c8024f1258b (type: security_group_rules) to 0
2026-06-24 14:31:04.698 10 INFO neutron.wsgi [req-27ec64d4-2c21-4a5e-baa3-68c520c42786 req-18ee4658-7d16-4e5e-8023-babf016feb12 5177dcf216e44ac2a769dc3e0840c3bb 352c077f8b574df5a89666a435e43d6d - - 23babc78c1634f95b27487dfe2f3be5a 23babc78c1634f95b27487dfe2f3be5a] 199.19.213.65 "GET /v2.0/networks/6c6bbd95-b47b-424c-a3ca-6c13aa612076?fields=segments HTTP/1.1" status: 200 len: 212 time: 0.0760517
2026-06-24 14:31:04.726 9 INFO neutron.wsgi [None req-2a339253-d266-4b32-b8b5-af03e3d5b045 ce0dbd5fd4d1459584c4f270d59feb80 94034a93ca0d4cdaa13889186bd1609e - - default default] 10.0.0.73 "GET /v2.0/security-groups?tenant_id=93dd1d24c04e4b7c90b9b15bffcba878&name=default HTTP/1.1" status: 200 len: 2996 time: 0.6297743 /var/lib/openstack/lib/python3.10/site-packages/pycadf/identifier.py:71: UserWarning: Invalid uuid: neutron. To ensure interoperability, identifiers should be a valid uuid. warnings.warn(('Invalid uuid: %s. To ensure interoperability, '
2026-06-24 14:31:04.781 9 INFO neutron.wsgi [None req-4d04def2-cbbc-4c26-945d-3d96656149a2 f100a69a23d04a61854cfba5b82cd18c 277ae7f644b64137906d63e180b2103a - - default default] 10.0.0.206 "GET /v2.0/extensions HTTP/1.1" status: 200 len: 16525 time: 0.0056474
2026-06-24 14:31:04.785 9 INFO neutron.wsgi [req-8974e171-7d5e-40bd-a7ca-da6556964cc5 req-ba98d490-7436-4b9a-a071-0dc99cecf61e e76db575dff94ebc9a7315ff665d28d5 83a5ffef37fa4509917db28facb773b2 - - default default] 10.0.0.30 "GET /v2.0/ports?device_id=12eb7e48-2cb6-4555-b669-17ec9c5e903a HTTP/1.1" status: 200 len: 1170 time: 0.0448122
2026-06-24 14:31:04.822 10 INFO neutron.wsgi [req-27ec64d4-2c21-4a5e-baa3-68c520c42786 req-ed452090-e5d6-4773-992d-fa3ac266a086 5177dcf216e44ac2a769dc3e0840c3bb 352c077f8b574df5a89666a435e43d6d - - 23babc78c1634f95b27487dfe2f3be5a 23babc78c1634f95b27487dfe2f3be5a] 199.19.213.65 "GET /v2.0/networks/6c6bbd95-b47b-424c-a3ca-6c13aa612076?fields=provider%3Aphysical_network&fields=provider%3Anetwork_type HTTP/1.1" status: 200 len: 277 time: 0.1187830
2026-06-24 14:31:04.829 10 WARNING neutron.scheduler.dhcp_agent_scheduler [None req-31f39a43-5aef-41ab-85d0-e42390ab2034 c01f3b2ebe8a4cda897e6b51adcb40a0 24a2776d2ff74a66a90a5be3ae3efb1c - - default default] No more DHCP agents
2026-06-24 14:31:04.835 10 WARNING neutron.api.rpc.agentnotifiers.dhcp_rpc_agent_api [None req-31f39a43-5aef-41ab-85d0-e42390ab2034 c01f3b2ebe8a4cda897e6b51adcb40a0 24a2776d2ff74a66a90a5be3ae3efb1c - - default default] Unable to schedule network 8f0b93e3-fe2e-496b-b6b5-1a9f1a1c64bc: no agents available; will retry on subsequent port and subnet creation events.
2026-06-24 14:31:04.846 9 INFO neutron.wsgi [req-8974e171-7d5e-40bd-a7ca-da6556964cc5 req-cc28ee8e-9b5e-4dc9-8f10-5aa9dd44bdd4 e76db575dff94ebc9a7315ff665d28d5 83a5ffef37fa4509917db28facb773b2 - - default default] 10.0.0.30 "GET /v2.0/security-groups?id=b7be77be-d8d4-41c7-88a8-8ca32e0dc79b&fields=id&fields=name HTTP/1.1" status: 200 len: 312 time: 0.0500996
2026-06-24 14:31:04.898 9 INFO neutron.wsgi [None req-299e9ecc-564c-46a1-bf2a-c65cb943c3cb f100a69a23d04a61854cfba5b82cd18c 277ae7f644b64137906d63e180b2103a - - default default] 10.0.0.206 "GET /v2.0/quotas/277ae7f644b64137906d63e180b2103a/details HTTP/1.1" status: 200 len: 756 time: 0.1031840
2026-06-24 14:31:05.073 10 INFO neutron.wsgi [None req-6e1d1c0d-3067-49ec-8005-a390d6c91495 ce0dbd5fd4d1459584c4f270d59feb80 94034a93ca0d4cdaa13889186bd1609e - - default default] 10.0.0.73 "DELETE /v2.0/security-groups/2f32cfca-71d9-491f-93de-bb010aa847fa HTTP/1.1" status: 204 len: 168 time: 0.3395367
2026-06-24 14:31:05.390 10 INFO neutron.db.ovn_revision_numbers_db [None req-0d0b8814-38d4-41e4-bc54-d9198cf973a5 ce0dbd5fd4d1459584c4f270d59feb80 94034a93ca0d4cdaa13889186bd1609e - - default default] Successfully bumped revision number for resource 579d966a-3b3e-483f-b924-4e48e36288ff (type: security_groups) to 1
2026-06-24 14:31:05.434 10 INFO neutron.db.ovn_revision_numbers_db [None req-0d0b8814-38d4-41e4-bc54-d9198cf973a5 ce0dbd5fd4d1459584c4f270d59feb80 94034a93ca0d4cdaa13889186bd1609e - - default default] Successfully bumped revision number for resource 0a0e6dd9-8938-4a08-9627-1b5b7c9c4544 (type: security_group_rules) to 0
2026-06-24 14:31:05.455 10 INFO neutron.db.ovn_revision_numbers_db [None req-0d0b8814-38d4-41e4-bc54-d9198cf973a5 ce0dbd5fd4d1459584c4f270d59feb80 94034a93ca0d4cdaa13889186bd1609e - - default default] Successfully bumped revision number for resource a9a22844-53da-43b0-b9d8-ae703d0edb82 (type: security_group_rules) to 0
2026-06-24 14:31:05.456 10 INFO neutron.db.ovn_revision_numbers_db [None req-31f39a43-5aef-41ab-85d0-e42390ab2034 c01f3b2ebe8a4cda897e6b51adcb40a0 24a2776d2ff74a66a90a5be3ae3efb1c - - default default] Successfully bumped revision number for resource 6748bc7e-ca7b-4526-b5df-e95c17c6b8fd (type: ports) to 2
2026-06-24 14:31:05.487 10 INFO neutron.db.ovn_revision_numbers_db [None req-0d0b8814-38d4-41e4-bc54-d9198cf973a5 ce0dbd5fd4d1459584c4f270d59feb80 94034a93ca0d4cdaa13889186bd1609e - - default default] Successfully bumped revision number for resource c2d0f485-fddc-42d8-a7ab-7723d2e62d7a (type: security_group_rules) to 0
2026-06-24 14:31:05.497 10 INFO neutron.db.ovn_revision_numbers_db [None req-31f39a43-5aef-41ab-85d0-e42390ab2034 c01f3b2ebe8a4cda897e6b51adcb40a0 24a2776d2ff74a66a90a5be3ae3efb1c - - default default] Successfully bumped revision number for resource 52483d9a-60fc-4e66-82ea-4baba6234261 (type: subnets) to 0
2026-06-24 14:31:05.513 10 INFO neutron.db.ovn_revision_numbers_db [None req-0d0b8814-38d4-41e4-bc54-d9198cf973a5 ce0dbd5fd4d1459584c4f270d59feb80 94034a93ca0d4cdaa13889186bd1609e - - default default] Successfully bumped revision number for resource fb503e64-0770-4e4f-9386-879534efc5d3 (type: security_group_rules) to 0
2026-06-24 14:31:05.519 10 INFO neutron.wsgi [None req-31f39a43-5aef-41ab-85d0-e42390ab2034 c01f3b2ebe8a4cda897e6b51adcb40a0 24a2776d2ff74a66a90a5be3ae3efb1c - - default default] 10.0.0.73 "POST /v2.0/subnets HTTP/1.1" status: 201 len: 822 time: 1.2411299
2026-06-24 14:31:05.531 9 WARNING neutron.api.v2.base [None req-5946fafc-16c1-4922-a3af-766ed75286fb c01f3b2ebe8a4cda897e6b51adcb40a0 24a2776d2ff74a66a90a5be3ae3efb1c - - default default] An exception happened while processing the request body. The exception message is [Invalid input for target_tenant. Reason: '1234123412341234123412341234123412341234123412341234123412341234123412341234123412341234123412341234123412341234123412341234123412341234123412341234123412341234123412341234123412341234123412341234123412341234123412341234123412341234123412341234123412341234123412341234123412341234123412341234123412341234123412341234123412341234123412341234123412341234123412341234123412341234123412341234123412341234' exceeds maximum length of 255.].: webob.exc.HTTPBadRequest: Invalid input for target_tenant. Reason: '1234123412341234123412341234123412341234123412341234123412341234123412341234123412341234123412341234123412341234123412341234123412341234123412341234123412341234123412341234123412341234123412341234123412341234123412341234123412341234123412341234123412341234123412341234123412341234123412341234123412341234123412341234123412341234123412341234123412341234123412341234123412341234123412341234123412341234' exceeds maximum length of 255.
2026-06-24 14:31:05.531 9 INFO neutron.api.v2.resource [None req-5946fafc-16c1-4922-a3af-766ed75286fb c01f3b2ebe8a4cda897e6b51adcb40a0 24a2776d2ff74a66a90a5be3ae3efb1c - - default default] create failed (client error): Invalid input for target_tenant. Reason: '1234123412341234123412341234123412341234123412341234123412341234123412341234123412341234123412341234123412341234123412341234123412341234123412341234123412341234123412341234123412341234123412341234123412341234123412341234123412341234123412341234123412341234123412341234123412341234123412341234123412341234123412341234123412341234123412341234123412341234123412341234123412341234123412341234123412341234' exceeds maximum length of 255.
2026-06-24 14:31:05.533 9 INFO neutron.wsgi [None req-5946fafc-16c1-4922-a3af-766ed75286fb c01f3b2ebe8a4cda897e6b51adcb40a0 24a2776d2ff74a66a90a5be3ae3efb1c - - default default] 10.0.0.73 "POST /v2.0/rbac-policies HTTP/1.1" status: 400 len: 750 time: 0.0084548
2026-06-24 14:31:05.541 10 INFO neutron.wsgi [None req-0d0b8814-38d4-41e4-bc54-d9198cf973a5 ce0dbd5fd4d1459584c4f270d59feb80 94034a93ca0d4cdaa13889186bd1609e - - default default] 10.0.0.73 "GET /v2.0/security-groups?tenant_id=f9b3129c75ff4b69b505a15c92da5ef5&name=default HTTP/1.1" status: 200 len: 2996 time: 0.2863376
2026-06-24 14:31:05.760 10 INFO neutron.wsgi [None req-5c9e8946-ac5e-4472-8682-640ced102b86 ce0dbd5fd4d1459584c4f270d59feb80 94034a93ca0d4cdaa13889186bd1609e - - default default] 10.0.0.73 "DELETE /v2.0/security-groups/579d966a-3b3e-483f-b924-4e48e36288ff HTTP/1.1" status: 204 len: 168 time: 0.2105899
2026-06-24 14:31:05.975 9 INFO neutron.wsgi [req-9bd0f0e6-40bf-4d12-8a26-88a6e5d9d379 req-9e129b30-77be-419a-a7d7-51c93224481a e76db575dff94ebc9a7315ff665d28d5 83a5ffef37fa4509917db28facb773b2 - - default default] 10.0.0.30 "GET /v2.0/ports?device_id=12eb7e48-2cb6-4555-b669-17ec9c5e903a HTTP/1.1" status: 200 len: 1170 time: 0.0482292
2026-06-24 14:31:06.058 9 INFO neutron.wsgi [req-9bd0f0e6-40bf-4d12-8a26-88a6e5d9d379 req-8646298c-c9e7-42bc-9a3a-e426d7f27759 e76db575dff94ebc9a7315ff665d28d5 83a5ffef37fa4509917db28facb773b2 - - default default] 10.0.0.30 "GET /v2.0/security-groups?id=b7be77be-d8d4-41c7-88a8-8ca32e0dc79b&fields=id&fields=name HTTP/1.1" status: 200 len: 312 time: 0.0736566
2026-06-24 14:31:06.082 10 INFO neutron.db.ovn_revision_numbers_db [None req-a72a0966-aefa-4f96-95f9-d01e9ebcf092 ce0dbd5fd4d1459584c4f270d59feb80 94034a93ca0d4cdaa13889186bd1609e - - default default] Successfully bumped revision number for resource 00f0e752-7fb9-45c3-87cc-6f3b6d4f29bf (type: security_groups) to 1
2026-06-24 14:31:06.102 10 INFO neutron.db.ovn_revision_numbers_db [None req-a72a0966-aefa-4f96-95f9-d01e9ebcf092 ce0dbd5fd4d1459584c4f270d59feb80 94034a93ca0d4cdaa13889186bd1609e - - default default] Successfully bumped revision number for resource 3e1ce0de-f128-48b8-9250-d60825bbd05a (type: security_group_rules) to 0
2026-06-24 14:31:06.118 10 INFO neutron.db.ovn_revision_numbers_db [None req-a72a0966-aefa-4f96-95f9-d01e9ebcf092 ce0dbd5fd4d1459584c4f270d59feb80 94034a93ca0d4cdaa13889186bd1609e - - default default] Successfully bumped revision number for resource 5fbe7b6b-6c10-4034-959e-cfdfac35ec9f (type: security_group_rules) to 0
2026-06-24 14:31:06.134 10 INFO neutron.db.ovn_revision_numbers_db [None req-a72a0966-aefa-4f96-95f9-d01e9ebcf092 ce0dbd5fd4d1459584c4f270d59feb80 94034a93ca0d4cdaa13889186bd1609e - - default default] Successfully bumped revision number for resource 75a3ce86-2540-4357-a6e6-b68b330259e7 (type: security_group_rules) to 0
2026-06-24 14:31:06.153 10 INFO neutron.db.ovn_revision_numbers_db [None req-a72a0966-aefa-4f96-95f9-d01e9ebcf092 ce0dbd5fd4d1459584c4f270d59feb80 94034a93ca0d4cdaa13889186bd1609e - - default default] Successfully bumped revision number for resource c213f86e-a5f7-497c-b566-79fcd2fd8c59 (type: security_group_rules) to 0
2026-06-24 14:31:06.176 10 INFO neutron.wsgi [None req-a72a0966-aefa-4f96-95f9-d01e9ebcf092 ce0dbd5fd4d1459584c4f270d59feb80 94034a93ca0d4cdaa13889186bd1609e - - default default] 10.0.0.73 "GET /v2.0/security-groups?tenant_id=cbd8fb06c6494d829e193bf2955cfc4b&name=default HTTP/1.1" status: 200 len: 2996 time: 0.2089212
2026-06-24 14:31:06.194 9 INFO neutron.services.segments.plugin [-] Segment 3777f1b2-b672-4787-a60f-1a05ec5e6a0e resource provider aggregate not found
2026-06-24 14:31:06.208 9 INFO neutron.services.segments.plugin [-] Segment 3777f1b2-b672-4787-a60f-1a05ec5e6a0e resource provider aggregate not found
2026-06-24 14:31:06.241 9 INFO neutron.services.segments.plugin [-] Segment 3777f1b2-b672-4787-a60f-1a05ec5e6a0e resource provider not found; error: Placement Client Error (4xx): {"errors": [{"status": 404, "title": "Not Found", "detail": "The resource could not be found.\n\n No resource provider with uuid 3777f1b2-b672-4787-a60f-1a05ec5e6a0e found for delete ", "request_id": "req-07262df7-bf1f-4ff5-bd3a-b376e4846f83"}]}
2026-06-24 14:31:06.274 9 INFO neutron.wsgi [None req-c90321c8-59bb-422a-982c-331ad2a46016 c01f3b2ebe8a4cda897e6b51adcb40a0 24a2776d2ff74a66a90a5be3ae3efb1c - - default default] 10.0.0.73 "DELETE /v2.0/networks/8f0b93e3-fe2e-496b-b6b5-1a9f1a1c64bc HTTP/1.1" status: 204 len: 168 time: 0.7356834
2026-06-24 14:31:06.297 9 INFO neutron.wsgi [req-6867ac3f-e5ce-4ac1-ab51-69e68f2b3797 req-f9a1b333-ab00-43cd-822e-99af98bf2d26 e76db575dff94ebc9a7315ff665d28d5 83a5ffef37fa4509917db28facb773b2 - - default default] 10.0.0.30 "GET /v2.0/ports?device_id=12eb7e48-2cb6-4555-b669-17ec9c5e903a HTTP/1.1" status: 200 len: 1170 time: 0.1603556
2026-06-24 14:31:06.298 9 INFO neutron.services.segments.plugin [-] Segment 3777f1b2-b672-4787-a60f-1a05ec5e6a0e resource provider not found; error: Placement Client Error (4xx): {"errors": [{"status": 404, "title": "Not Found", "detail": "The resource could not be found.\n\n No resource provider with uuid 3777f1b2-b672-4787-a60f-1a05ec5e6a0e found for delete ", "request_id": "req-7d85b38b-7fa6-4156-a202-376f9776630c"}]}
2026-06-24 14:31:06.353 9 INFO neutron.wsgi [req-6867ac3f-e5ce-4ac1-ab51-69e68f2b3797 req-600c23c5-b8f3-495d-95ec-43d680e20790 e76db575dff94ebc9a7315ff665d28d5 83a5ffef37fa4509917db28facb773b2 - - default default] 10.0.0.30 "GET /v2.0/security-groups?id=b7be77be-d8d4-41c7-88a8-8ca32e0dc79b&fields=id&fields=name HTTP/1.1" status: 200 len: 312 time: 0.0517478
2026-06-24 14:31:06.372 10 INFO neutron.db.segments_db [None req-df75e0de-35e5-491d-beca-a8a30c7c0475 c01f3b2ebe8a4cda897e6b51adcb40a0 24a2776d2ff74a66a90a5be3ae3efb1c - - default default] Added segment 9c4b0d80-ad61-4255-9e61-6dab78905306 of type geneve for network bd8ec177-a17b-4190-9c4a-2d6a615cfd28
2026-06-24 14:31:06.417 10 INFO neutron.wsgi [None req-ace99a7a-f3ec-4c73-bbe1-e408d5ac47ef ce0dbd5fd4d1459584c4f270d59feb80 94034a93ca0d4cdaa13889186bd1609e - - default default] 10.0.0.73 "DELETE /v2.0/security-groups/00f0e752-7fb9-45c3-87cc-6f3b6d4f29bf HTTP/1.1" status: 204 len: 168 time: 0.2342410
2026-06-24 14:31:06.428 9 INFO neutron.wsgi [None req-5b97cf2a-60ab-4c6a-9a8e-79d956a64796 4d1a923fc3204417a4655fe7cf19c244 8e24a70ccb70471e8ccd4a989501f28b - - default default] 10.0.0.73 "GET /v2.0/ports?device_id=12eb7e48-2cb6-4555-b669-17ec9c5e903a HTTP/1.1" status: 200 len: 1404 time: 0.0474889
2026-06-24 14:31:06.463 9 INFO neutron.notifiers.nova [-] Nova event matching ['req-d2cbe0de-08d2-44a4-9ea4-2bbf0369a624'] response: {'server_uuid': '12eb7e48-2cb6-4555-b669-17ec9c5e903a', 'name': 'network-vif-plugged', 'status': 'completed', 'tag': '5a7fc383-8c8e-4c15-aa4c-8e9244381a6a', 'code': 200}
2026-06-24 14:31:06.520 10 INFO neutron.db.ovn_revision_numbers_db [None req-df75e0de-35e5-491d-beca-a8a30c7c0475 c01f3b2ebe8a4cda897e6b51adcb40a0 24a2776d2ff74a66a90a5be3ae3efb1c - - default default] Successfully bumped revision number for resource bd8ec177-a17b-4190-9c4a-2d6a615cfd28 (type: networks) to 1
2026-06-24 14:31:06.680 9 INFO neutron.db.l3_db [None req-b56deecc-e7fc-4f46-9eec-2304061c037f e76db575dff94ebc9a7315ff665d28d5 83a5ffef37fa4509917db28facb773b2 - - default default] Floating IP 0193a8b7-c572-4e71-a902-82975d55797d associated. External IP: 10.96.250.211, port: 5a7fc383-8c8e-4c15-aa4c-8e9244381a6a.
2026-06-24 14:31:06.791 10 WARNING neutron.scheduler.dhcp_agent_scheduler [None req-df75e0de-35e5-491d-beca-a8a30c7c0475 c01f3b2ebe8a4cda897e6b51adcb40a0 24a2776d2ff74a66a90a5be3ae3efb1c - - default default] No more DHCP agents
2026-06-24 14:31:06.792 10 WARNING neutron.api.rpc.agentnotifiers.dhcp_rpc_agent_api [None req-df75e0de-35e5-491d-beca-a8a30c7c0475 c01f3b2ebe8a4cda897e6b51adcb40a0 24a2776d2ff74a66a90a5be3ae3efb1c - - default default] Unable to schedule network bd8ec177-a17b-4190-9c4a-2d6a615cfd28: no agents available; will retry on subsequent port and subnet creation events.
2026-06-24 14:31:06.892 10 INFO neutron.db.ovn_revision_numbers_db [None req-df75e0de-35e5-491d-beca-a8a30c7c0475 c01f3b2ebe8a4cda897e6b51adcb40a0 24a2776d2ff74a66a90a5be3ae3efb1c - - default default] Successfully bumped revision number for resource 1bb299ac-e79c-45ba-83ed-db16dbd7e903 (type: ports) to 1
2026-06-24 14:31:06.915 9 INFO neutron.db.ovn_revision_numbers_db [None req-b56deecc-e7fc-4f46-9eec-2304061c037f e76db575dff94ebc9a7315ff665d28d5 83a5ffef37fa4509917db28facb773b2 - - default default] Successfully bumped revision number for resource 0193a8b7-c572-4e71-a902-82975d55797d (type: floatingips) to 4
2026-06-24 14:31:06.918 10 INFO neutron.wsgi [None req-df75e0de-35e5-491d-beca-a8a30c7c0475 c01f3b2ebe8a4cda897e6b51adcb40a0 24a2776d2ff74a66a90a5be3ae3efb1c - - default default] 10.0.0.73 "POST /v2.0/networks HTTP/1.1" status: 201 len: 929 time: 0.6346598
2026-06-24 14:31:07.071 9 INFO neutron.db.ovn_revision_numbers_db [None req-b56deecc-e7fc-4f46-9eec-2304061c037f e76db575dff94ebc9a7315ff665d28d5 83a5ffef37fa4509917db28facb773b2 - - default default] Successfully bumped revision number for resource 0193a8b7-c572-4e71-a902-82975d55797d (type: floatingips) to 5
