2026-06-24 14:31:07.099 9 INFO neutron.wsgi [None req-b56deecc-e7fc-4f46-9eec-2304061c037f e76db575dff94ebc9a7315ff665d28d5 83a5ffef37fa4509917db28facb773b2 - - default default] 10.0.0.73 "PUT /v2.0/floatingips/0193a8b7-c572-4e71-a902-82975d55797d HTTP/1.1" status: 200 len: 1049 time: 0.6657674 /var/lib/openstack/lib/python3.10/site-packages/pycadf/identifier.py:71: UserWarning: Invalid uuid: neutron. To ensure interoperability, identifiers should be a valid uuid. warnings.warn(('Invalid uuid: %s. To ensure interoperability, '
2026-06-24 14:31:07.152 9 INFO neutron.wsgi [None req-d33a6fcb-5f7f-479c-81be-eeb53d2614f5 e76db575dff94ebc9a7315ff665d28d5 83a5ffef37fa4509917db28facb773b2 - - default default] 10.0.0.73 "GET /v2.0/floatingips/0193a8b7-c572-4e71-a902-82975d55797d HTTP/1.1" status: 200 len: 1051 time: 0.0473413
2026-06-24 14:31:07.164 10 WARNING neutron.scheduler.dhcp_agent_scheduler [None req-a2d37ce8-d4b1-415c-a8f7-3a067b2ebe4c c01f3b2ebe8a4cda897e6b51adcb40a0 24a2776d2ff74a66a90a5be3ae3efb1c - - default default] No more DHCP agents
2026-06-24 14:31:07.165 10 WARNING neutron.api.rpc.agentnotifiers.dhcp_rpc_agent_api [None req-a2d37ce8-d4b1-415c-a8f7-3a067b2ebe4c c01f3b2ebe8a4cda897e6b51adcb40a0 24a2776d2ff74a66a90a5be3ae3efb1c - - default default] Unable to schedule network bd8ec177-a17b-4190-9c4a-2d6a615cfd28: no agents available; will retry on subsequent port and subnet creation events.
2026-06-24 14:31:07.624 10 INFO neutron.db.ovn_revision_numbers_db [None req-a2d37ce8-d4b1-415c-a8f7-3a067b2ebe4c c01f3b2ebe8a4cda897e6b51adcb40a0 24a2776d2ff74a66a90a5be3ae3efb1c - - default default] Successfully bumped revision number for resource 1bb299ac-e79c-45ba-83ed-db16dbd7e903 (type: ports) to 2
2026-06-24 14:31:07.654 10 INFO neutron.db.ovn_revision_numbers_db [None req-a2d37ce8-d4b1-415c-a8f7-3a067b2ebe4c c01f3b2ebe8a4cda897e6b51adcb40a0 24a2776d2ff74a66a90a5be3ae3efb1c - - default default] Successfully bumped revision number for resource 8a1ddfd4-5b21-4895-b4fe-a4780723c289 (type: subnets) to 0
2026-06-24 14:31:07.667 10 INFO neutron.wsgi [None req-a2d37ce8-d4b1-415c-a8f7-3a067b2ebe4c c01f3b2ebe8a4cda897e6b51adcb40a0 24a2776d2ff74a66a90a5be3ae3efb1c - - default default] 10.0.0.73 "POST /v2.0/subnets HTTP/1.1" status: 201 len: 822 time: 0.7371211
2026-06-24 14:31:07.813 9 INFO neutron.db.ovn_revision_numbers_db [None req-ced6bd46-e5b9-466a-a71f-11941122782b ce0dbd5fd4d1459584c4f270d59feb80 94034a93ca0d4cdaa13889186bd1609e - - default default] Successfully bumped revision number for resource 13d5c0e6-4542-45b2-b0bb-38ce9c70e3a4 (type: security_groups) to 1
2026-06-24 14:31:07.829 9 INFO neutron.db.ovn_revision_numbers_db [None req-ced6bd46-e5b9-466a-a71f-11941122782b ce0dbd5fd4d1459584c4f270d59feb80 94034a93ca0d4cdaa13889186bd1609e - - default default] Successfully bumped revision number for resource 116afa9c-476d-4043-8b4b-1ab0b91289a1 (type: security_group_rules) to 0
2026-06-24 14:31:07.843 9 INFO neutron.db.ovn_revision_numbers_db [None req-ced6bd46-e5b9-466a-a71f-11941122782b ce0dbd5fd4d1459584c4f270d59feb80 94034a93ca0d4cdaa13889186bd1609e - - default default] Successfully bumped revision number for resource 12a3e257-a201-479c-a555-cae3c8b05ba7 (type: security_group_rules) to 0
2026-06-24 14:31:07.861 9 INFO neutron.db.ovn_revision_numbers_db [None req-ced6bd46-e5b9-466a-a71f-11941122782b ce0dbd5fd4d1459584c4f270d59feb80 94034a93ca0d4cdaa13889186bd1609e - - default default] Successfully bumped revision number for resource ad2af3b3-41d8-4409-9937-27de55957e46 (type: security_group_rules) to 0
2026-06-24 14:31:07.874 9 INFO neutron.db.ovn_revision_numbers_db [None req-ced6bd46-e5b9-466a-a71f-11941122782b ce0dbd5fd4d1459584c4f270d59feb80 94034a93ca0d4cdaa13889186bd1609e - - default default] Successfully bumped revision number for resource fb09e7c8-6b4c-4436-8e11-b19c285b51bb (type: security_group_rules) to 0
2026-06-24 14:31:07.899 9 INFO neutron.wsgi [None req-ced6bd46-e5b9-466a-a71f-11941122782b ce0dbd5fd4d1459584c4f270d59feb80 94034a93ca0d4cdaa13889186bd1609e - - default default] 10.0.0.73 "GET /v2.0/security-groups?tenant_id=277ae7f644b64137906d63e180b2103a&name=default HTTP/1.1" status: 200 len: 2996 time: 0.3954222
2026-06-24 14:31:07.969 10 INFO neutron.wsgi [None req-a59f852a-601f-44fb-9a9e-63cf98cd3809 c01f3b2ebe8a4cda897e6b51adcb40a0 24a2776d2ff74a66a90a5be3ae3efb1c - - default default] 10.0.0.73 "POST /v2.0/rbac-policies HTTP/1.1" status: 201 len: 523 time: 0.2916570
2026-06-24 14:31:08.134 9 INFO neutron.wsgi [None req-5ff17e9d-5b7d-4bf6-8408-12657b361915 ce0dbd5fd4d1459584c4f270d59feb80 94034a93ca0d4cdaa13889186bd1609e - - default default] 10.0.0.73 "DELETE /v2.0/security-groups/13d5c0e6-4542-45b2-b0bb-38ce9c70e3a4 HTTP/1.1" status: 204 len: 168 time: 0.2295420
2026-06-24 14:31:08.507 9 INFO neutron.notifiers.nova [-] Nova event matching ['req-4b50db69-de5c-4d2e-8475-99fdb8a18dc0'] response: {'name': 'network-changed', 'server_uuid': '12eb7e48-2cb6-4555-b669-17ec9c5e903a', 'tag': '5a7fc383-8c8e-4c15-aa4c-8e9244381a6a', 'status': 'completed', 'code': 200}
2026-06-24 14:31:08.526 9 INFO neutron.wsgi [None req-5caff0d1-a477-4e89-8fc4-0b961e425168 62a634a3ef2645e482e2a9a994a0f29e 256f36867a004b87bf21b403a58570aa - - default default] 10.0.0.73 "GET /v2.0/networks/bd8ec177-a17b-4190-9c4a-2d6a615cfd28 HTTP/1.1" status: 200 len: 849 time: 0.1772971
2026-06-24 14:31:08.584 10 INFO neutron.wsgi [req-b8e74266-a9d7-4a20-be0f-5928a66e7cbd req-652cfa9d-372a-40ac-8736-00782bdc256a 5177dcf216e44ac2a769dc3e0840c3bb 352c077f8b574df5a89666a435e43d6d - - 23babc78c1634f95b27487dfe2f3be5a 23babc78c1634f95b27487dfe2f3be5a] 199.19.213.65 "GET /v2.0/ports?tenant_id=83a5ffef37fa4509917db28facb773b2&device_id=12eb7e48-2cb6-4555-b669-17ec9c5e903a HTTP/1.1" status: 200 len: 1409 time: 0.0548015
2026-06-24 14:31:08.667 10 INFO neutron.wsgi [req-b8e74266-a9d7-4a20-be0f-5928a66e7cbd req-ffedbecd-88c9-41de-bb31-6d8430b72bdf 5177dcf216e44ac2a769dc3e0840c3bb 352c077f8b574df5a89666a435e43d6d - - 23babc78c1634f95b27487dfe2f3be5a 23babc78c1634f95b27487dfe2f3be5a] 199.19.213.65 "GET /v2.0/networks?id=6c6bbd95-b47b-424c-a3ca-6c13aa612076 HTTP/1.1" status: 200 len: 958 time: 0.0752032
2026-06-24 14:31:08.727 10 INFO neutron.wsgi [req-b8e74266-a9d7-4a20-be0f-5928a66e7cbd req-2c462545-1693-4945-a97c-7924277949d9 5177dcf216e44ac2a769dc3e0840c3bb 352c077f8b574df5a89666a435e43d6d - - 23babc78c1634f95b27487dfe2f3be5a 23babc78c1634f95b27487dfe2f3be5a] 199.19.213.65 "GET /v2.0/floatingips?fixed_ip_address=10.100.0.5&port_id=5a7fc383-8c8e-4c15-aa4c-8e9244381a6a HTTP/1.1" status: 200 len: 1059 time: 0.0531650
2026-06-24 14:31:08.777 10 INFO neutron.wsgi [req-b8e74266-a9d7-4a20-be0f-5928a66e7cbd req-dcc1ab3b-e492-48a5-a5a0-29d1d83bf0f7 5177dcf216e44ac2a769dc3e0840c3bb 352c077f8b574df5a89666a435e43d6d - - 23babc78c1634f95b27487dfe2f3be5a 23babc78c1634f95b27487dfe2f3be5a] 199.19.213.65 "GET /v2.0/subnets?id=8cd3f3d5-5d28-40ed-b24d-35c10648b35f HTTP/1.1" status: 200 len: 853 time: 0.0420156
2026-06-24 14:31:08.806 10 INFO neutron.wsgi [req-b8e74266-a9d7-4a20-be0f-5928a66e7cbd req-ff5b67d5-1aac-4e8d-ac6e-00f891a4ca0a 5177dcf216e44ac2a769dc3e0840c3bb 352c077f8b574df5a89666a435e43d6d - - 23babc78c1634f95b27487dfe2f3be5a 23babc78c1634f95b27487dfe2f3be5a] 199.19.213.65 "GET /v2.0/ports?network_id=6c6bbd95-b47b-424c-a3ca-6c13aa612076&device_owner=network%3Adhcp HTTP/1.1" status: 200 len: 210 time: 0.0205014
2026-06-24 14:31:08.883 10 INFO neutron.wsgi [req-b8e74266-a9d7-4a20-be0f-5928a66e7cbd req-5195b433-a7fc-473a-a009-d107d016da12 5177dcf216e44ac2a769dc3e0840c3bb 352c077f8b574df5a89666a435e43d6d - - 23babc78c1634f95b27487dfe2f3be5a 23babc78c1634f95b27487dfe2f3be5a] 199.19.213.65 "GET /v2.0/networks/6c6bbd95-b47b-424c-a3ca-6c13aa612076?fields=segments HTTP/1.1" status: 200 len: 212 time: 0.0707908
2026-06-24 14:31:08.958 10 INFO neutron.wsgi [req-b8e74266-a9d7-4a20-be0f-5928a66e7cbd req-756a37de-fcb6-4869-8af2-6c48bbdf3bbd 5177dcf216e44ac2a769dc3e0840c3bb 352c077f8b574df5a89666a435e43d6d - - 23babc78c1634f95b27487dfe2f3be5a 23babc78c1634f95b27487dfe2f3be5a] 199.19.213.65 "GET /v2.0/networks/6c6bbd95-b47b-424c-a3ca-6c13aa612076?fields=provider%3Aphysical_network&fields=provider%3Anetwork_type HTTP/1.1" status: 200 len: 277 time: 0.0690913
2026-06-24 14:31:09.035 9 INFO neutron.pecan_wsgi.hooks.translation [None req-4b852a05-704b-40d3-999b-03ceed55ad32 051a05f56e6b4829ba98bd7db39b7e45 21da4e76ad06456cb2a3fc4283e924b7 - - default default] GET failed (client error): The resource could not be found.
2026-06-24 14:31:09.037 9 INFO neutron.wsgi [None req-4b852a05-704b-40d3-999b-03ceed55ad32 051a05f56e6b4829ba98bd7db39b7e45 21da4e76ad06456cb2a3fc4283e924b7 - - default default] 10.0.0.73 "GET /v2.0/networks/bd8ec177-a17b-4190-9c4a-2d6a615cfd28 HTTP/1.1" status: 404 len: 339 time: 0.1205924
2026-06-24 14:31:09.616 9 INFO neutron.services.segments.plugin [-] Segment 9c4b0d80-ad61-4255-9e61-6dab78905306 resource provider aggregate not found
2026-06-24 14:31:09.621 9 INFO neutron.services.segments.plugin [-] Segment 9c4b0d80-ad61-4255-9e61-6dab78905306 resource provider aggregate not found
2026-06-24 14:31:09.640 9 INFO neutron.services.segments.plugin [-] Segment 9c4b0d80-ad61-4255-9e61-6dab78905306 resource provider not found; error: Placement Client Error (4xx): {"errors": [{"status": 404, "title": "Not Found", "detail": "The resource could not be found.\n\n No resource provider with uuid 9c4b0d80-ad61-4255-9e61-6dab78905306 found for delete ", "request_id": "req-5024d5a1-89de-4225-9d20-9d1e7b735de8"}]}
2026-06-24 14:31:09.641 9 INFO neutron.services.segments.plugin [-] Segment 9c4b0d80-ad61-4255-9e61-6dab78905306 resource provider not found; error: Placement Client Error (4xx): {"errors": [{"status": 404, "title": "Not Found", "detail": "The resource could not be found.\n\n No resource provider with uuid 9c4b0d80-ad61-4255-9e61-6dab78905306 found for delete ", "request_id": "req-ecf8c650-0a6f-4a54-a102-33ae8b1d97b1"}]}
2026-06-24 14:31:09.670 9 INFO neutron.wsgi [None req-afc2e61e-a74c-4111-86cf-e6ab54f40d94 c01f3b2ebe8a4cda897e6b51adcb40a0 24a2776d2ff74a66a90a5be3ae3efb1c - - default default] 10.0.0.73 "DELETE /v2.0/networks/bd8ec177-a17b-4190-9c4a-2d6a615cfd28 HTTP/1.1" status: 204 len: 168 time: 0.6256530
2026-06-24 14:31:09.699 10 INFO neutron.pecan_wsgi.hooks.translation [None req-f065756e-b100-4883-84c6-c379212ab815 c01f3b2ebe8a4cda897e6b51adcb40a0 24a2776d2ff74a66a90a5be3ae3efb1c - - default default] DELETE failed (client error): The resource could not be found.
2026-06-24 14:31:09.703 10 INFO neutron.wsgi [None req-f065756e-b100-4883-84c6-c379212ab815 c01f3b2ebe8a4cda897e6b51adcb40a0 24a2776d2ff74a66a90a5be3ae3efb1c - - default default] 10.0.0.73 "DELETE /v2.0/subnets/ccab1f08-8ac4-4d8a-a1db-582be9132620 HTTP/1.1" status: 404 len: 337 time: 0.0237381
2026-06-24 14:31:09.735 10 INFO neutron.pecan_wsgi.hooks.translation [None req-cb094a0b-0db2-4d4e-94ef-64635f553417 c01f3b2ebe8a4cda897e6b51adcb40a0 24a2776d2ff74a66a90a5be3ae3efb1c - - default default] DELETE failed (client error): The resource could not be found.
2026-06-24 14:31:09.738 10 INFO neutron.wsgi [None req-cb094a0b-0db2-4d4e-94ef-64635f553417 c01f3b2ebe8a4cda897e6b51adcb40a0 24a2776d2ff74a66a90a5be3ae3efb1c - - default default] 10.0.0.73 "DELETE /v2.0/subnets/52483d9a-60fc-4e66-82ea-4baba6234261 HTTP/1.1" status: 404 len: 337 time: 0.0278499
2026-06-24 14:31:09.758 10 INFO neutron.pecan_wsgi.hooks.translation [None req-08906da7-84dd-4fcd-8e62-676ce24ac616 c01f3b2ebe8a4cda897e6b51adcb40a0 24a2776d2ff74a66a90a5be3ae3efb1c - - default default] DELETE failed (client error): The resource could not be found.
2026-06-24 14:31:09.761 10 INFO neutron.wsgi [None req-08906da7-84dd-4fcd-8e62-676ce24ac616 c01f3b2ebe8a4cda897e6b51adcb40a0 24a2776d2ff74a66a90a5be3ae3efb1c - - default default] 10.0.0.73 "DELETE /v2.0/subnets/8a1ddfd4-5b21-4895-b4fe-a4780723c289 HTTP/1.1" status: 404 len: 337 time: 0.0177610
2026-06-24 14:31:10.343 9 INFO neutron.db.ovn_revision_numbers_db [None req-709e7141-071b-4354-97a8-810787980624 ce0dbd5fd4d1459584c4f270d59feb80 94034a93ca0d4cdaa13889186bd1609e - - default default] Successfully bumped revision number for resource 150ad6f7-9c7f-4dc1-bef0-ddd8986788a3 (type: security_groups) to 1
2026-06-24 14:31:10.360 9 INFO neutron.db.ovn_revision_numbers_db [None req-709e7141-071b-4354-97a8-810787980624 ce0dbd5fd4d1459584c4f270d59feb80 94034a93ca0d4cdaa13889186bd1609e - - default default] Successfully bumped revision number for resource 447004b6-da3b-482b-8ae9-41b8cf4a3d8e (type: security_group_rules) to 0
2026-06-24 14:31:10.377 9 INFO neutron.db.ovn_revision_numbers_db [None req-709e7141-071b-4354-97a8-810787980624 ce0dbd5fd4d1459584c4f270d59feb80 94034a93ca0d4cdaa13889186bd1609e - - default default] Successfully bumped revision number for resource 46ee3303-11a3-474e-828c-b7a08467d106 (type: security_group_rules) to 0
2026-06-24 14:31:10.395 9 INFO neutron.db.ovn_revision_numbers_db [None req-709e7141-071b-4354-97a8-810787980624 ce0dbd5fd4d1459584c4f270d59feb80 94034a93ca0d4cdaa13889186bd1609e - - default default] Successfully bumped revision number for resource a8004687-ba3f-44e9-9266-b61de3301b68 (type: security_group_rules) to 0
2026-06-24 14:31:10.416 9 INFO neutron.db.ovn_revision_numbers_db [None req-709e7141-071b-4354-97a8-810787980624 ce0dbd5fd4d1459584c4f270d59feb80 94034a93ca0d4cdaa13889186bd1609e - - default default] Successfully bumped revision number for resource d463c0df-d9d1-4420-a0c6-9ac2e1da2ef0 (type: security_group_rules) to 0
2026-06-24 14:31:10.470 9 INFO neutron.db.segments_db [None req-709e7141-071b-4354-97a8-810787980624 ce0dbd5fd4d1459584c4f270d59feb80 94034a93ca0d4cdaa13889186bd1609e - - default default] Added segment 4f6c426b-ebcb-4b30-b90d-5ecc47760893 of type geneve for network b701a4de-4d29-4683-a80a-1a98cfce5a4f
2026-06-24 14:31:10.633 9 INFO neutron.db.ovn_revision_numbers_db [None req-709e7141-071b-4354-97a8-810787980624 ce0dbd5fd4d1459584c4f270d59feb80 94034a93ca0d4cdaa13889186bd1609e - - default default] Successfully bumped revision number for resource b701a4de-4d29-4683-a80a-1a98cfce5a4f (type: networks) to 1
2026-06-24 14:31:10.845 9 WARNING neutron.scheduler.dhcp_agent_scheduler [None req-709e7141-071b-4354-97a8-810787980624 ce0dbd5fd4d1459584c4f270d59feb80 94034a93ca0d4cdaa13889186bd1609e - - default default] No more DHCP agents
2026-06-24 14:31:10.847 9 WARNING neutron.api.rpc.agentnotifiers.dhcp_rpc_agent_api [None req-709e7141-071b-4354-97a8-810787980624 ce0dbd5fd4d1459584c4f270d59feb80 94034a93ca0d4cdaa13889186bd1609e - - default default] Unable to schedule network b701a4de-4d29-4683-a80a-1a98cfce5a4f: no agents available; will retry on subsequent port and subnet creation events.
2026-06-24 14:31:10.873 10 INFO neutron.db.ovn_revision_numbers_db [None req-8180c056-0b5e-4d29-a2b4-f77fa562c952 ce0dbd5fd4d1459584c4f270d59feb80 94034a93ca0d4cdaa13889186bd1609e - - default default] Successfully bumped revision number for resource 9cdacdf9-bc1e-4742-b3ff-e89393d91cef (type: security_groups) to 1
2026-06-24 14:31:10.892 10 INFO neutron.db.ovn_revision_numbers_db [None req-8180c056-0b5e-4d29-a2b4-f77fa562c952 ce0dbd5fd4d1459584c4f270d59feb80 94034a93ca0d4cdaa13889186bd1609e - - default default] Successfully bumped revision number for resource 3d5cd6a2-0238-4995-9540-128b537d410e (type: security_group_rules) to 0
2026-06-24 14:31:10.908 10 INFO neutron.db.ovn_revision_numbers_db [None req-8180c056-0b5e-4d29-a2b4-f77fa562c952 ce0dbd5fd4d1459584c4f270d59feb80 94034a93ca0d4cdaa13889186bd1609e - - default default] Successfully bumped revision number for resource 4f28afcf-4122-4bd0-acc9-e6da140e0ec0 (type: security_group_rules) to 0
2026-06-24 14:31:10.926 10 INFO neutron.db.ovn_revision_numbers_db [None req-8180c056-0b5e-4d29-a2b4-f77fa562c952 ce0dbd5fd4d1459584c4f270d59feb80 94034a93ca0d4cdaa13889186bd1609e - - default default] Successfully bumped revision number for resource 8b33e280-27aa-4261-ace7-8f16a5aa70cd (type: security_group_rules) to 0
2026-06-24 14:31:10.942 10 INFO neutron.db.ovn_revision_numbers_db [None req-8180c056-0b5e-4d29-a2b4-f77fa562c952 ce0dbd5fd4d1459584c4f270d59feb80 94034a93ca0d4cdaa13889186bd1609e - - default default] Successfully bumped revision number for resource efd34b53-6a31-42ce-a8c8-9140d1c9bfc6 (type: security_group_rules) to 0
2026-06-24 14:31:10.945 9 INFO neutron.db.ovn_revision_numbers_db [None req-709e7141-071b-4354-97a8-810787980624 ce0dbd5fd4d1459584c4f270d59feb80 94034a93ca0d4cdaa13889186bd1609e - - default default] Successfully bumped revision number for resource 29ebc9c1-1d16-48b9-a63a-e5a01ebd95a5 (type: ports) to 1
2026-06-24 14:31:10.965 10 INFO neutron.wsgi [None req-8180c056-0b5e-4d29-a2b4-f77fa562c952 ce0dbd5fd4d1459584c4f270d59feb80 94034a93ca0d4cdaa13889186bd1609e - - default default] 10.0.0.73 "GET /v2.0/security-groups?tenant_id=21da4e76ad06456cb2a3fc4283e924b7&name=default HTTP/1.1" status: 200 len: 2996 time: 0.4342966
2026-06-24 14:31:10.970 9 INFO neutron.wsgi [None req-709e7141-071b-4354-97a8-810787980624 ce0dbd5fd4d1459584c4f270d59feb80 94034a93ca0d4cdaa13889186bd1609e - - default default] 10.0.0.73 "POST /v2.0/networks HTTP/1.1" status: 201 len: 943 time: 0.9462347
2026-06-24 14:31:11.171 10 INFO neutron.wsgi [None req-9a24a8f5-04b5-4a07-8df5-6cb8baad69ac ce0dbd5fd4d1459584c4f270d59feb80 94034a93ca0d4cdaa13889186bd1609e - - default default] 10.0.0.73 "DELETE /v2.0/security-groups/9cdacdf9-bc1e-4742-b3ff-e89393d91cef HTTP/1.1" status: 204 len: 168 time: 0.2012391
2026-06-24 14:31:11.314 10 INFO neutron.wsgi [None req-0f55ba9c-68ca-417d-9028-a7823d2144f3 ce0dbd5fd4d1459584c4f270d59feb80 94034a93ca0d4cdaa13889186bd1609e - - default default] 10.0.0.73 "GET /v2.0/security-groups?tenant_id=24a2776d2ff74a66a90a5be3ae3efb1c&name=default HTTP/1.1" status: 200 len: 2996 time: 0.0397518
2026-06-24 14:31:11.366 9 WARNING neutron.scheduler.dhcp_agent_scheduler [None req-32bda722-0f5c-41ed-8a4e-38ad0d7ce921 ce0dbd5fd4d1459584c4f270d59feb80 94034a93ca0d4cdaa13889186bd1609e - - default default] No more DHCP agents
2026-06-24 14:31:11.370 9 WARNING neutron.api.rpc.agentnotifiers.dhcp_rpc_agent_api [None req-32bda722-0f5c-41ed-8a4e-38ad0d7ce921 ce0dbd5fd4d1459584c4f270d59feb80 94034a93ca0d4cdaa13889186bd1609e - - default default] Unable to schedule network b701a4de-4d29-4683-a80a-1a98cfce5a4f: no agents available; will retry on subsequent port and subnet creation events.
2026-06-24 14:31:11.507 10 INFO neutron.db.ovn_revision_numbers_db [None req-449d619c-41b6-4e1a-b80f-e9147e23fce2 54df5559289f4752897dfb339cb6a5c1 cd2300b884d24dbdbb83612b9d0b7ed0 - - default default] Successfully bumped revision number for resource ec6fe969-4650-44de-8373-95ac1f4d9276 (type: security_groups) to 1
2026-06-24 14:31:11.521 10 INFO neutron.wsgi [None req-56234269-76b4-4ff7-9b2b-dfa2e46a0b06 ce0dbd5fd4d1459584c4f270d59feb80 94034a93ca0d4cdaa13889186bd1609e - - default default] 10.0.0.73 "DELETE /v2.0/security-groups/e4e71b98-bab5-4cc0-a163-c4115fc34693 HTTP/1.1" status: 204 len: 168 time: 0.2023485
2026-06-24 14:31:11.525 10 INFO neutron.db.ovn_revision_numbers_db [None req-449d619c-41b6-4e1a-b80f-e9147e23fce2 54df5559289f4752897dfb339cb6a5c1 cd2300b884d24dbdbb83612b9d0b7ed0 - - default default] Successfully bumped revision number for resource 1c2f1d64-b6c4-4f18-99d3-0c4af89eeb86 (type: security_group_rules) to 0
2026-06-24 14:31:11.537 10 INFO neutron.db.ovn_revision_numbers_db [None req-449d619c-41b6-4e1a-b80f-e9147e23fce2 54df5559289f4752897dfb339cb6a5c1 cd2300b884d24dbdbb83612b9d0b7ed0 - - default default] Successfully bumped revision number for resource 5bd1bf74-40c7-41ab-850e-9eb844f12022 (type: security_group_rules) to 0
2026-06-24 14:31:11.551 10 INFO neutron.db.ovn_revision_numbers_db [None req-449d619c-41b6-4e1a-b80f-e9147e23fce2 54df5559289f4752897dfb339cb6a5c1 cd2300b884d24dbdbb83612b9d0b7ed0 - - default default] Successfully bumped revision number for resource 6263972b-dcf9-459f-aa4c-ba6ffb615a56 (type: security_group_rules) to 0
2026-06-24 14:31:11.565 10 INFO neutron.db.ovn_revision_numbers_db [None req-449d619c-41b6-4e1a-b80f-e9147e23fce2 54df5559289f4752897dfb339cb6a5c1 cd2300b884d24dbdbb83612b9d0b7ed0 - - default default] Successfully bumped revision number for resource ef827811-c9f3-4740-aaa3-3215b8e085e1 (type: security_group_rules) to 0
2026-06-24 14:31:11.612 10 INFO neutron.db.segments_db [None req-449d619c-41b6-4e1a-b80f-e9147e23fce2 54df5559289f4752897dfb339cb6a5c1 cd2300b884d24dbdbb83612b9d0b7ed0 - - default default] Added segment 54632492-3cc8-4c0b-97ca-406b025f1f4b of type geneve for network 82158832-47ef-468b-a105-56590c9d1358
2026-06-24 14:31:11.856 9 INFO neutron.db.ovn_revision_numbers_db [None req-32bda722-0f5c-41ed-8a4e-38ad0d7ce921 ce0dbd5fd4d1459584c4f270d59feb80 94034a93ca0d4cdaa13889186bd1609e - - default default] Successfully bumped revision number for resource 29ebc9c1-1d16-48b9-a63a-e5a01ebd95a5 (type: ports) to 2
2026-06-24 14:31:11.887 9 INFO neutron.db.ovn_revision_numbers_db [None req-32bda722-0f5c-41ed-8a4e-38ad0d7ce921 ce0dbd5fd4d1459584c4f270d59feb80 94034a93ca0d4cdaa13889186bd1609e - - default default] Successfully bumped revision number for resource d9f9e9fb-f76e-4c9c-b421-c87ddcb00c28 (type: subnets) to 0
2026-06-24 14:31:11.901 9 INFO neutron.wsgi [None req-32bda722-0f5c-41ed-8a4e-38ad0d7ce921 ce0dbd5fd4d1459584c4f270d59feb80 94034a93ca0d4cdaa13889186bd1609e - - default default] 10.0.0.73 "POST /v2.0/subnets HTTP/1.1" status: 201 len: 863 time: 0.9260213
2026-06-24 14:31:11.989 10 INFO neutron.db.ovn_revision_numbers_db [None req-449d619c-41b6-4e1a-b80f-e9147e23fce2 54df5559289f4752897dfb339cb6a5c1 cd2300b884d24dbdbb83612b9d0b7ed0 - - default default] Successfully bumped revision number for resource 82158832-47ef-468b-a105-56590c9d1358 (type: networks) to 1
2026-06-24 14:31:12.033 10 INFO neutron.db.ovn_revision_numbers_db [None req-a2a0dcf0-3916-44d3-b9b2-fe7402830746 ce0dbd5fd4d1459584c4f270d59feb80 94034a93ca0d4cdaa13889186bd1609e - - default default] Successfully bumped revision number for resource cb7a74e6-25df-47b4-9c30-b893b42c9c54 (type: security_groups) to 1
2026-06-24 14:31:12.064 10 INFO neutron.db.ovn_revision_numbers_db [None req-a2a0dcf0-3916-44d3-b9b2-fe7402830746 ce0dbd5fd4d1459584c4f270d59feb80 94034a93ca0d4cdaa13889186bd1609e - - default default] Successfully bumped revision number for resource 3b264e93-19ca-4631-b101-ed1f6ce4f16b (type: security_group_rules) to 0
2026-06-24 14:31:12.085 10 INFO neutron.db.ovn_revision_numbers_db [None req-a2a0dcf0-3916-44d3-b9b2-fe7402830746 ce0dbd5fd4d1459584c4f270d59feb80 94034a93ca0d4cdaa13889186bd1609e - - default default] Successfully bumped revision number for resource 84ea9d9f-ab9b-4e52-9921-cf8735f0fdc5 (type: security_group_rules) to 0
2026-06-24 14:31:12.108 10 INFO neutron.db.ovn_revision_numbers_db [None req-a2a0dcf0-3916-44d3-b9b2-fe7402830746 ce0dbd5fd4d1459584c4f270d59feb80 94034a93ca0d4cdaa13889186bd1609e - - default default] Successfully bumped revision number for resource e4fd72f4-92e3-4afc-9085-b5afc139bcb4 (type: security_group_rules) to 0
2026-06-24 14:31:12.136 10 INFO neutron.db.ovn_revision_numbers_db [None req-a2a0dcf0-3916-44d3-b9b2-fe7402830746 ce0dbd5fd4d1459584c4f270d59feb80 94034a93ca0d4cdaa13889186bd1609e - - default default] Successfully bumped revision number for resource f2e4951b-11a0-490f-8447-8fe1919af00f (type: security_group_rules) to 0
2026-06-24 14:31:12.163 10 INFO neutron.wsgi [None req-a2a0dcf0-3916-44d3-b9b2-fe7402830746 ce0dbd5fd4d1459584c4f270d59feb80 94034a93ca0d4cdaa13889186bd1609e - - default default] 10.0.0.73 "GET /v2.0/security-groups?tenant_id=256f36867a004b87bf21b403a58570aa&name=default HTTP/1.1" status: 200 len: 2996 time: 0.4986701
2026-06-24 14:31:12.185 10 WARNING neutron.scheduler.dhcp_agent_scheduler [None req-449d619c-41b6-4e1a-b80f-e9147e23fce2 54df5559289f4752897dfb339cb6a5c1 cd2300b884d24dbdbb83612b9d0b7ed0 - - default default] No more DHCP agents
2026-06-24 14:31:12.188 10 WARNING neutron.api.rpc.agentnotifiers.dhcp_rpc_agent_api [None req-449d619c-41b6-4e1a-b80f-e9147e23fce2 54df5559289f4752897dfb339cb6a5c1 cd2300b884d24dbdbb83612b9d0b7ed0 - - default default] Unable to schedule network 82158832-47ef-468b-a105-56590c9d1358: no agents available; will retry on subsequent port and subnet creation events.
2026-06-24 14:31:12.283 10 INFO neutron.db.ovn_revision_numbers_db [None req-449d619c-41b6-4e1a-b80f-e9147e23fce2 54df5559289f4752897dfb339cb6a5c1 cd2300b884d24dbdbb83612b9d0b7ed0 - - default default] Successfully bumped revision number for resource 6bb89c0d-90fe-43c1-a418-4667bb463361 (type: ports) to 1
2026-06-24 14:31:12.311 10 INFO neutron.wsgi [None req-449d619c-41b6-4e1a-b80f-e9147e23fce2 54df5559289f4752897dfb339cb6a5c1 cd2300b884d24dbdbb83612b9d0b7ed0 - - default default] 10.0.0.73 "POST /v2.0/networks HTTP/1.1" status: 201 len: 831 time: 1.0253887
2026-06-24 14:31:12.386 9 WARNING neutron.scheduler.dhcp_agent_scheduler [None req-50c24baf-7163-4b7d-9ae4-14fe0535896e ce0dbd5fd4d1459584c4f270d59feb80 94034a93ca0d4cdaa13889186bd1609e - - default default] No more DHCP agents
2026-06-24 14:31:12.390 9 WARNING neutron.api.rpc.agentnotifiers.dhcp_rpc_agent_api [None req-50c24baf-7163-4b7d-9ae4-14fe0535896e ce0dbd5fd4d1459584c4f270d59feb80 94034a93ca0d4cdaa13889186bd1609e - - default default] Unable to schedule network 011c5169-757f-47ed-846d-dba39a373d9c: no agents available; will retry on subsequent port and subnet creation events.
2026-06-24 14:31:12.420 10 INFO neutron.db.segments_db [None req-02cc95ca-5c4b-4eb7-a0d8-ed8b86217e1c 54df5559289f4752897dfb339cb6a5c1 cd2300b884d24dbdbb83612b9d0b7ed0 - - default default] Added segment cfff892e-ee58-47ca-8a18-c0619ee61476 of type geneve for network ca076a17-a184-4e11-b7ff-ba552e9a0a25
2026-06-24 14:31:12.484 9 INFO neutron.wsgi [None req-7cc5fbbb-19b2-49ea-b96a-4c95d79d2f75 ce0dbd5fd4d1459584c4f270d59feb80 94034a93ca0d4cdaa13889186bd1609e - - default default] 10.0.0.73 "DELETE /v2.0/security-groups/cb7a74e6-25df-47b4-9c30-b893b42c9c54 HTTP/1.1" status: 204 len: 168 time: 0.3163898
2026-06-24 14:31:12.580 9 INFO neutron.db.ovn_revision_numbers_db [None req-50c24baf-7163-4b7d-9ae4-14fe0535896e ce0dbd5fd4d1459584c4f270d59feb80 94034a93ca0d4cdaa13889186bd1609e - - default default] Successfully bumped revision number for resource b07328f2-ebcf-4100-b400-d6e65903321b (type: ports) to 1
2026-06-24 14:31:12.583 10 INFO neutron.db.ovn_revision_numbers_db [None req-02cc95ca-5c4b-4eb7-a0d8-ed8b86217e1c 54df5559289f4752897dfb339cb6a5c1 cd2300b884d24dbdbb83612b9d0b7ed0 - - default default] Successfully bumped revision number for resource ca076a17-a184-4e11-b7ff-ba552e9a0a25 (type: networks) to 1
2026-06-24 14:31:12.788 10 WARNING neutron.scheduler.dhcp_agent_scheduler [None req-02cc95ca-5c4b-4eb7-a0d8-ed8b86217e1c 54df5559289f4752897dfb339cb6a5c1 cd2300b884d24dbdbb83612b9d0b7ed0 - - default default] No more DHCP agents
2026-06-24 14:31:12.790 10 WARNING neutron.api.rpc.agentnotifiers.dhcp_rpc_agent_api [None req-02cc95ca-5c4b-4eb7-a0d8-ed8b86217e1c 54df5559289f4752897dfb339cb6a5c1 cd2300b884d24dbdbb83612b9d0b7ed0 - - default default] Unable to schedule network ca076a17-a184-4e11-b7ff-ba552e9a0a25: no agents available; will retry on subsequent port and subnet creation events.
2026-06-24 14:31:12.866 10 INFO neutron.db.ovn_revision_numbers_db [None req-02cc95ca-5c4b-4eb7-a0d8-ed8b86217e1c 54df5559289f4752897dfb339cb6a5c1 cd2300b884d24dbdbb83612b9d0b7ed0 - - default default] Successfully bumped revision number for resource 53fbf142-f796-4599-93e7-7b49fb0c1b57 (type: ports) to 1
2026-06-24 14:31:12.892 10 INFO neutron.wsgi [None req-02cc95ca-5c4b-4eb7-a0d8-ed8b86217e1c 54df5559289f4752897dfb339cb6a5c1 cd2300b884d24dbdbb83612b9d0b7ed0 - - default default] 10.0.0.73 "POST /v2.0/networks HTTP/1.1" status: 201 len: 831 time: 0.5741181
2026-06-24 14:31:12.980 10 INFO neutron.db.segments_db [None req-cca4886e-302f-4b2e-b95b-fd4d7e1b2836 54df5559289f4752897dfb339cb6a5c1 cd2300b884d24dbdbb83612b9d0b7ed0 - - default default] Added segment 28f73d72-bb10-4462-a817-df57a2ff50fc of type geneve for network d54eb21b-f2c9-4022-ba7d-2a95557a699e
2026-06-24 14:31:13.147 10 INFO neutron.db.ovn_revision_numbers_db [None req-cca4886e-302f-4b2e-b95b-fd4d7e1b2836 54df5559289f4752897dfb339cb6a5c1 cd2300b884d24dbdbb83612b9d0b7ed0 - - default default] Successfully bumped revision number for resource d54eb21b-f2c9-4022-ba7d-2a95557a699e (type: networks) to 1
2026-06-24 14:31:13.157 10 INFO neutron.wsgi [-] 10.0.0.105 "GET / HTTP/1.1" status: 200 len: 247 time: 0.0022459
2026-06-24 14:31:13.159 10 INFO neutron.wsgi [-] 10.0.0.105 "GET / HTTP/1.1" status: 200 len: 247 time: 0.0014040
2026-06-24 14:31:13.165 9 INFO neutron.plugins.ml2.drivers.ovn.mech_driver.mech_driver [None req-0ba578fe-fc79-4022-9fdb-0a78a61d6748 - - - - - -] OVN reports status up for port: b07328f2-ebcf-4100-b400-d6e65903321b
2026-06-24 14:31:13.183 10 INFO neutron.plugins.ml2.drivers.ovn.mech_driver.ovsdb.ovsdb_monitor [None req-caeba5c8-2fac-47b1-a05b-32832ab15835 - - - - - -] Router 4891fa34-4409-4b21-8317-c680729641b8 is bound to host instance
2026-06-24 14:31:13.183 9 INFO neutron.plugins.ml2.plugin [None req-0ba578fe-fc79-4022-9fdb-0a78a61d6748 - - - - - -] Attempt 1 to provision port b07328f2-ebcf-4100-b400-d6e65903321b
2026-06-24 14:31:13.209 9 INFO neutron.db.ovn_revision_numbers_db [None req-50c24baf-7163-4b7d-9ae4-14fe0535896e ce0dbd5fd4d1459584c4f270d59feb80 94034a93ca0d4cdaa13889186bd1609e - - default default] Successfully bumped revision number for resource b07328f2-ebcf-4100-b400-d6e65903321b (type: router_ports) to 1
2026-06-24 14:31:13.293 9 INFO neutron.db.ovn_revision_numbers_db [None req-50c24baf-7163-4b7d-9ae4-14fe0535896e ce0dbd5fd4d1459584c4f270d59feb80 94034a93ca0d4cdaa13889186bd1609e - - default default] Successfully bumped revision number for resource 4891fa34-4409-4b21-8317-c680729641b8 (type: routers) to 2
2026-06-24 14:31:13.304 9 INFO neutron.wsgi [None req-50c24baf-7163-4b7d-9ae4-14fe0535896e ce0dbd5fd4d1459584c4f270d59feb80 94034a93ca0d4cdaa13889186bd1609e - - default default] 10.0.0.73 "POST /v2.0/routers HTTP/1.1" status: 201 len: 874 time: 1.3993819
2026-06-24 14:31:13.448 10 WARNING neutron.scheduler.dhcp_agent_scheduler [None req-cca4886e-302f-4b2e-b95b-fd4d7e1b2836 54df5559289f4752897dfb339cb6a5c1 cd2300b884d24dbdbb83612b9d0b7ed0 - - default default] No more DHCP agents
2026-06-24 14:31:13.450 10 WARNING neutron.api.rpc.agentnotifiers.dhcp_rpc_agent_api [None req-cca4886e-302f-4b2e-b95b-fd4d7e1b2836 54df5559289f4752897dfb339cb6a5c1 cd2300b884d24dbdbb83612b9d0b7ed0 - - default default] Unable to schedule network d54eb21b-f2c9-4022-ba7d-2a95557a699e: no agents available; will retry on subsequent port and subnet creation events.
2026-06-24 14:31:13.554 10 INFO neutron.db.ovn_revision_numbers_db [None req-cca4886e-302f-4b2e-b95b-fd4d7e1b2836 54df5559289f4752897dfb339cb6a5c1 cd2300b884d24dbdbb83612b9d0b7ed0 - - default default] Successfully bumped revision number for resource 5ba72317-9e34-494d-a05b-5ea5155a528d (type: ports) to 1
2026-06-24 14:31:13.588 10 INFO neutron.wsgi [None req-cca4886e-302f-4b2e-b95b-fd4d7e1b2836 54df5559289f4752897dfb339cb6a5c1 cd2300b884d24dbdbb83612b9d0b7ed0 - - default default] 10.0.0.73 "POST /v2.0/networks HTTP/1.1" status: 201 len: 831 time: 0.6873112
2026-06-24 14:31:13.698 9 INFO neutron.db.segments_db [None req-3e8202e8-be12-49b8-86a0-1146acdd8c0f 54df5559289f4752897dfb339cb6a5c1 cd2300b884d24dbdbb83612b9d0b7ed0 - - default default] Added segment 0f8cf1cf-ba38-4870-81d5-497bd96e999f of type geneve for network 0c22dc76-3a47-4c27-a20d-e5772df65f9d
2026-06-24 14:31:13.801 9 WARNING neutron.scheduler.dhcp_agent_scheduler [None req-9b1c5e10-21ca-47fb-8cbb-da71d54ff5ea ce0dbd5fd4d1459584c4f270d59feb80 94034a93ca0d4cdaa13889186bd1609e - - default default] No more DHCP agents
2026-06-24 14:31:13.806 9 WARNING neutron.api.rpc.agentnotifiers.dhcp_rpc_agent_api [None req-9b1c5e10-21ca-47fb-8cbb-da71d54ff5ea ce0dbd5fd4d1459584c4f270d59feb80 94034a93ca0d4cdaa13889186bd1609e - - default default] Unable to schedule network b701a4de-4d29-4683-a80a-1a98cfce5a4f: no agents available; will retry on subsequent port and subnet creation events.
2026-06-24 14:31:13.829 10 INFO neutron.db.ovn_revision_numbers_db [None req-caeba5c8-2fac-47b1-a05b-32832ab15835 - - - - - -] Successfully bumped revision number for resource b07328f2-ebcf-4100-b400-d6e65903321b (type: ports) to 1
2026-06-24 14:31:13.926 9 INFO neutron.db.ovn_revision_numbers_db [None req-3e8202e8-be12-49b8-86a0-1146acdd8c0f 54df5559289f4752897dfb339cb6a5c1 cd2300b884d24dbdbb83612b9d0b7ed0 - - default default] Successfully bumped revision number for resource 0c22dc76-3a47-4c27-a20d-e5772df65f9d (type: networks) to 1
2026-06-24 14:31:14.079 9 INFO neutron.db.ovn_revision_numbers_db [None req-9b1c5e10-21ca-47fb-8cbb-da71d54ff5ea ce0dbd5fd4d1459584c4f270d59feb80 94034a93ca0d4cdaa13889186bd1609e - - default default] Successfully bumped revision number for resource 6da17a41-3774-4843-ba02-c316379a711f (type: ports) to 1
2026-06-24 14:31:14.094 10 INFO neutron.db.ovn_revision_numbers_db [None req-caeba5c8-2fac-47b1-a05b-32832ab15835 - - - - - -] Successfully bumped revision number for resource b07328f2-ebcf-4100-b400-d6e65903321b (type: router_ports) to 3
2026-06-24 14:31:14.154 9 WARNING neutron.scheduler.dhcp_agent_scheduler [None req-3e8202e8-be12-49b8-86a0-1146acdd8c0f 54df5559289f4752897dfb339cb6a5c1 cd2300b884d24dbdbb83612b9d0b7ed0 - - default default] No more DHCP agents
2026-06-24 14:31:14.157 9 WARNING neutron.api.rpc.agentnotifiers.dhcp_rpc_agent_api [None req-3e8202e8-be12-49b8-86a0-1146acdd8c0f 54df5559289f4752897dfb339cb6a5c1 cd2300b884d24dbdbb83612b9d0b7ed0 - - default default] Unable to schedule network 0c22dc76-3a47-4c27-a20d-e5772df65f9d: no agents available; will retry on subsequent port and subnet creation events.
2026-06-24 14:31:14.243 10 INFO neutron.db.ovn_revision_numbers_db [None req-caeba5c8-2fac-47b1-a05b-32832ab15835 - - - - - -] Successfully bumped revision number for resource b07328f2-ebcf-4100-b400-d6e65903321b (type: ports) to 2
2026-06-24 14:31:14.276 9 INFO neutron.db.ovn_revision_numbers_db [None req-3e8202e8-be12-49b8-86a0-1146acdd8c0f 54df5559289f4752897dfb339cb6a5c1 cd2300b884d24dbdbb83612b9d0b7ed0 - - default default] Successfully bumped revision number for resource 109a43d4-f014-4db6-baa7-d4d7150b68b9 (type: ports) to 1
2026-06-24 14:31:14.307 9 INFO neutron.wsgi [None req-3e8202e8-be12-49b8-86a0-1146acdd8c0f 54df5559289f4752897dfb339cb6a5c1 cd2300b884d24dbdbb83612b9d0b7ed0 - - default default] 10.0.0.73 "POST /v2.0/networks HTTP/1.1" status: 201 len: 830 time: 0.7140613
2026-06-24 14:31:14.424 10 INFO neutron.db.segments_db [None req-5ecdaad4-c1d4-4e5e-bbad-7e42ad7f5b52 54df5559289f4752897dfb339cb6a5c1 cd2300b884d24dbdbb83612b9d0b7ed0 - - default default] Added segment e68dbf4c-71fb-4291-b442-391f87931253 of type geneve for network 33246e22-57a0-4656-b372-1feed3721c58
2026-06-24 14:31:14.597 10 INFO neutron.db.ovn_revision_numbers_db [None req-5ecdaad4-c1d4-4e5e-bbad-7e42ad7f5b52 54df5559289f4752897dfb339cb6a5c1 cd2300b884d24dbdbb83612b9d0b7ed0 - - default default] Successfully bumped revision number for resource 33246e22-57a0-4656-b372-1feed3721c58 (type: networks) to 1
2026-06-24 14:31:14.600 10 INFO neutron.db.ovn_revision_numbers_db [None req-caeba5c8-2fac-47b1-a05b-32832ab15835 - - - - - -] Successfully bumped revision number for resource b07328f2-ebcf-4100-b400-d6e65903321b (type: ports) to 4
2026-06-24 14:31:14.605 9 INFO neutron.db.ovn_revision_numbers_db [None req-9b1c5e10-21ca-47fb-8cbb-da71d54ff5ea ce0dbd5fd4d1459584c4f270d59feb80 94034a93ca0d4cdaa13889186bd1609e - - default default] Successfully bumped revision number for resource 6da17a41-3774-4843-ba02-c316379a711f (type: router_ports) to 1
2026-06-24 14:31:14.959 9 INFO neutron.db.ovn_revision_numbers_db [None req-9b1c5e10-21ca-47fb-8cbb-da71d54ff5ea ce0dbd5fd4d1459584c4f270d59feb80 94034a93ca0d4cdaa13889186bd1609e - - default default] Successfully bumped revision number for resource 6da17a41-3774-4843-ba02-c316379a711f (type: ports) to 1
2026-06-24 14:31:15.029 10 WARNING neutron.scheduler.dhcp_agent_scheduler [None req-5ecdaad4-c1d4-4e5e-bbad-7e42ad7f5b52 54df5559289f4752897dfb339cb6a5c1 cd2300b884d24dbdbb83612b9d0b7ed0 - - default default] No more DHCP agents
2026-06-24 14:31:15.033 10 WARNING neutron.api.rpc.agentnotifiers.dhcp_rpc_agent_api [None req-5ecdaad4-c1d4-4e5e-bbad-7e42ad7f5b52 54df5559289f4752897dfb339cb6a5c1 cd2300b884d24dbdbb83612b9d0b7ed0 - - default default] Unable to schedule network 33246e22-57a0-4656-b372-1feed3721c58: no agents available; will retry on subsequent port and subnet creation events.
2026-06-24 14:31:15.040 9 WARNING neutron.scheduler.dhcp_agent_scheduler [None req-9b1c5e10-21ca-47fb-8cbb-da71d54ff5ea ce0dbd5fd4d1459584c4f270d59feb80 94034a93ca0d4cdaa13889186bd1609e - - default default] No more DHCP agents
2026-06-24 14:31:15.042 9 WARNING neutron.api.rpc.agentnotifiers.dhcp_rpc_agent_api [None req-9b1c5e10-21ca-47fb-8cbb-da71d54ff5ea ce0dbd5fd4d1459584c4f270d59feb80 94034a93ca0d4cdaa13889186bd1609e - - default default] Unable to schedule network b701a4de-4d29-4683-a80a-1a98cfce5a4f: no agents available; will retry on subsequent port and subnet creation events.
2026-06-24 14:31:15.131 10 INFO neutron.db.ovn_revision_numbers_db [None req-caeba5c8-2fac-47b1-a05b-32832ab15835 - - - - - -] Successfully bumped revision number for resource b07328f2-ebcf-4100-b400-d6e65903321b (type: router_ports) to 4
2026-06-24 14:31:15.134 10 INFO neutron.db.ovn_revision_numbers_db [None req-5ecdaad4-c1d4-4e5e-bbad-7e42ad7f5b52 54df5559289f4752897dfb339cb6a5c1 cd2300b884d24dbdbb83612b9d0b7ed0 - - default default] Successfully bumped revision number for resource 5b1959e8-c716-456b-a9a4-59781699889f (type: ports) to 1
2026-06-24 14:31:15.173 10 INFO neutron.wsgi [None req-5ecdaad4-c1d4-4e5e-bbad-7e42ad7f5b52 54df5559289f4752897dfb339cb6a5c1 cd2300b884d24dbdbb83612b9d0b7ed0 - - default default] 10.0.0.73 "POST /v2.0/networks HTTP/1.1" status: 201 len: 830 time: 0.8608129
2026-06-24 14:31:15.232 9 INFO neutron.wsgi [None req-26599e67-0542-464a-b307-cbca73c64844 54df5559289f4752897dfb339cb6a5c1 cd2300b884d24dbdbb83612b9d0b7ed0 - - default default] 10.0.0.73 "PUT /v2.0/networks/82158832-47ef-468b-a105-56590c9d1358/tags HTTP/1.1" status: 200 len: 210 time: 0.0527437
2026-06-24 14:31:15.296 10 INFO neutron.wsgi [None req-e3cd3baf-8ab9-4c79-afa5-d994f3989e0a 54df5559289f4752897dfb339cb6a5c1 cd2300b884d24dbdbb83612b9d0b7ed0 - - default default] 10.0.0.73 "PUT /v2.0/networks/ca076a17-a184-4e11-b7ff-ba552e9a0a25/tags HTTP/1.1" status: 200 len: 218 time: 0.0593295
2026-06-24 14:31:15.378 9 INFO neutron.wsgi [None req-ff71d409-9124-4aa0-ae0c-7de7b2ae0619 54df5559289f4752897dfb339cb6a5c1 cd2300b884d24dbdbb83612b9d0b7ed0 - - default default] 10.0.0.73 "PUT /v2.0/networks/d54eb21b-f2c9-4022-ba7d-2a95557a699e/tags HTTP/1.1" status: 200 len: 227 time: 0.0751827
2026-06-24 14:31:15.424 10 INFO neutron.wsgi [None req-6f0c3275-e0d3-4612-b7a8-9e8400267edc 54df5559289f4752897dfb339cb6a5c1 cd2300b884d24dbdbb83612b9d0b7ed0 - - default default] 10.0.0.73 "PUT /v2.0/networks/0c22dc76-3a47-4c27-a20d-e5772df65f9d/tags HTTP/1.1" status: 200 len: 212 time: 0.0400369
2026-06-24 14:31:15.512 10 INFO neutron.wsgi [None req-3fa4a3bf-6699-4dce-8937-43733b2b9eab 54df5559289f4752897dfb339cb6a5c1 cd2300b884d24dbdbb83612b9d0b7ed0 - - default default] 10.0.0.73 "GET /v2.0/networks?tags=red HTTP/1.1" status: 200 len: 2070 time: 0.0820920
2026-06-24 14:31:15.561 9 INFO neutron.plugins.ml2.drivers.ovn.mech_driver.mech_driver [None req-0ba578fe-fc79-4022-9fdb-0a78a61d6748 - - - - - -] OVN reports status up for port: 6da17a41-3774-4843-ba02-c316379a711f
2026-06-24 14:31:15.571 9 INFO neutron.plugins.ml2.plugin [None req-0ba578fe-fc79-4022-9fdb-0a78a61d6748 - - - - - -] Attempt 1 to provision port 6da17a41-3774-4843-ba02-c316379a711f
2026-06-24 14:31:15.594 10 INFO neutron.wsgi [None req-31d77f9a-7adf-4742-8e84-9e475b600a73 54df5559289f4752897dfb339cb6a5c1 cd2300b884d24dbdbb83612b9d0b7ed0 - - default default] 10.0.0.73 "GET /v2.0/networks?tags=red%2Cblue HTTP/1.1" status: 200 len: 1457 time: 0.0725746
2026-06-24 14:31:15.630 9 INFO neutron.db.ovn_revision_numbers_db [None req-9b1c5e10-21ca-47fb-8cbb-da71d54ff5ea ce0dbd5fd4d1459584c4f270d59feb80 94034a93ca0d4cdaa13889186bd1609e - - default default] Successfully bumped revision number for resource 6da17a41-3774-4843-ba02-c316379a711f (type: router_ports) to 1
2026-06-24 14:31:15.632 9 INFO neutron.wsgi [None req-9b1c5e10-21ca-47fb-8cbb-da71d54ff5ea ce0dbd5fd4d1459584c4f270d59feb80 94034a93ca0d4cdaa13889186bd1609e - - default default] 10.0.0.73 "PUT /v2.0/routers/4891fa34-4409-4b21-8317-c680729641b8/add_router_interface HTTP/1.1" status: 200 len: 503 time: 2.3233452
2026-06-24 14:31:15.675 10 INFO neutron.wsgi [None req-1a36df05-f2a8-4376-91ce-2c41ca4600a5 54df5559289f4752897dfb339cb6a5c1 cd2300b884d24dbdbb83612b9d0b7ed0 - - default default] 10.0.0.73 "GET /v2.0/networks?tags-any=blue HTTP/1.1" status: 200 len: 1457 time: 0.0772915
2026-06-24 14:31:15.743 10 INFO neutron.wsgi [None req-0d3e56ea-9f0c-4dae-8b02-5a2116acf0d8 54df5559289f4752897dfb339cb6a5c1 cd2300b884d24dbdbb83612b9d0b7ed0 - - default default] 10.0.0.73 "GET /v2.0/networks?tags-any=red%2Cblue HTTP/1.1" status: 200 len: 2070 time: 0.0619545
2026-06-24 14:31:15.859 10 INFO neutron.wsgi [None req-2d78169f-c52a-4437-9a7c-6cd0384df801 54df5559289f4752897dfb339cb6a5c1 cd2300b884d24dbdbb83612b9d0b7ed0 - - default default] 10.0.0.73 "GET /v2.0/networks?not-tags=red HTTP/1.1" status: 200 len: 2067 time: 0.1115661
2026-06-24 14:31:15.897 9 INFO neutron.db.ovn_revision_numbers_db [None req-0ba578fe-fc79-4022-9fdb-0a78a61d6748 - - - - - -] Successfully bumped revision number for resource 6da17a41-3774-4843-ba02-c316379a711f (type: ports) to 2
2026-06-24 14:31:15.976 10 INFO neutron.wsgi [None req-a9b0554e-5e37-4ccd-913b-133cbe6bf3a6 54df5559289f4752897dfb339cb6a5c1 cd2300b884d24dbdbb83612b9d0b7ed0 - - default default] 10.0.0.73 "GET /v2.0/networks?not-tags=red%2Cblue HTTP/1.1" status: 200 len: 2680 time: 0.1105385
2026-06-24 14:31:16.022 9 INFO neutron.db.ovn_revision_numbers_db [None req-0ba578fe-fc79-4022-9fdb-0a78a61d6748 - - - - - -] Successfully bumped revision number for resource 6da17a41-3774-4843-ba02-c316379a711f (type: router_ports) to 2
2026-06-24 14:31:16.089 10 INFO neutron.wsgi [None req-929a3790-d6d0-4f83-b0b6-9613e4143c66 54df5559289f4752897dfb339cb6a5c1 cd2300b884d24dbdbb83612b9d0b7ed0 - - default default] 10.0.0.73 "GET /v2.0/networks?not-tags-any=blue HTTP/1.1" status: 200 len: 2680 time: 0.1081877
2026-06-24 14:31:16.167 10 INFO neutron.wsgi [None req-2e53300f-fb2b-47fc-abea-522c6bb676d9 54df5559289f4752897dfb339cb6a5c1 cd2300b884d24dbdbb83612b9d0b7ed0 - - default default] 10.0.0.73 "GET /v2.0/networks?not-tags-any=red%2Cblue HTTP/1.1" status: 200 len: 2067 time: 0.0724554
2026-06-24 14:31:16.514 10 INFO neutron.services.segments.plugin [-] Segment 54632492-3cc8-4c0b-97ca-406b025f1f4b resource provider aggregate not found
2026-06-24 14:31:16.520 10 INFO neutron.services.segments.plugin [-] Segment 54632492-3cc8-4c0b-97ca-406b025f1f4b resource provider aggregate not found
2026-06-24 14:31:16.535 10 INFO neutron.services.segments.plugin [-] Segment 54632492-3cc8-4c0b-97ca-406b025f1f4b resource provider not found; error: Placement Client Error (4xx): {"errors": [{"status": 404, "title": "Not Found", "detail": "The resource could not be found.\n\n No resource provider with uuid 54632492-3cc8-4c0b-97ca-406b025f1f4b found for delete ", "request_id": "req-a63e21bf-58e4-4cea-84c4-bcf890f8bf8c"}]}
2026-06-24 14:31:16.536 10 INFO neutron.services.segments.plugin [-] Segment 54632492-3cc8-4c0b-97ca-406b025f1f4b resource provider not found; error: Placement Client Error (4xx): {"errors": [{"status": 404, "title": "Not Found", "detail": "The resource could not be found.\n\n No resource provider with uuid 54632492-3cc8-4c0b-97ca-406b025f1f4b found for delete ", "request_id": "req-881adbbe-d1c1-4c30-b5b8-5a477c96be7a"}]}
2026-06-24 14:31:16.562 10 INFO neutron.wsgi [None req-0db2ed5d-7c52-427a-872f-e72f1246ea13 54df5559289f4752897dfb339cb6a5c1 cd2300b884d24dbdbb83612b9d0b7ed0 - - default default] 10.0.0.73 "DELETE /v2.0/networks/82158832-47ef-468b-a105-56590c9d1358 HTTP/1.1" status: 204 len: 168 time: 0.3883405
2026-06-24 14:31:16.801 10 INFO neutron.db.ovn_revision_numbers_db [None req-52f070d1-dcbe-4ff2-afa9-a3d793d5d123 ce0dbd5fd4d1459584c4f270d59feb80 94034a93ca0d4cdaa13889186bd1609e - - default default] Successfully bumped revision number for resource f3103f3d-57e5-4d2a-ba3c-5789e198742f (type: security_groups) to 1
2026-06-24 14:31:16.812 10 INFO neutron.db.ovn_revision_numbers_db [None req-52f070d1-dcbe-4ff2-afa9-a3d793d5d123 ce0dbd5fd4d1459584c4f270d59feb80 94034a93ca0d4cdaa13889186bd1609e - - default default] Successfully bumped revision number for resource 44b9cd85-b509-468b-8e33-eacd325edc5f (type: security_group_rules) to 0
2026-06-24 14:31:16.824 10 INFO neutron.db.ovn_revision_numbers_db [None req-52f070d1-dcbe-4ff2-afa9-a3d793d5d123 ce0dbd5fd4d1459584c4f270d59feb80 94034a93ca0d4cdaa13889186bd1609e - - default default] Successfully bumped revision number for resource 886e28ad-9a24-419b-8979-773b541d0033 (type: security_group_rules) to 0
2026-06-24 14:31:16.836 10 INFO neutron.db.ovn_revision_numbers_db [None req-52f070d1-dcbe-4ff2-afa9-a3d793d5d123 ce0dbd5fd4d1459584c4f270d59feb80 94034a93ca0d4cdaa13889186bd1609e - - default default] Successfully bumped revision number for resource 8f254ae0-b76d-46ae-ae1c-2c76723da443 (type: security_group_rules) to 0
2026-06-24 14:31:16.848 10 INFO neutron.db.ovn_revision_numbers_db [None req-52f070d1-dcbe-4ff2-afa9-a3d793d5d123 ce0dbd5fd4d1459584c4f270d59feb80 94034a93ca0d4cdaa13889186bd1609e - - default default] Successfully bumped revision number for resource f1f2f62a-c1aa-48bb-82b8-c5f909743b0d (type: security_group_rules) to 0
2026-06-24 14:31:16.899 10 INFO neutron.db.segments_db [None req-52f070d1-dcbe-4ff2-afa9-a3d793d5d123 ce0dbd5fd4d1459584c4f270d59feb80 94034a93ca0d4cdaa13889186bd1609e - - default default] Added segment 06c003ab-b63c-4dbc-b61f-a60e1fe4be13 of type geneve for network cb2f3f41-831d-42e0-9898-079066fed2f7
2026-06-24 14:31:16.962 9 INFO neutron.services.segments.plugin [-] Segment cfff892e-ee58-47ca-8a18-c0619ee61476 resource provider aggregate not found
2026-06-24 14:31:16.968 9 INFO neutron.services.segments.plugin [-] Segment cfff892e-ee58-47ca-8a18-c0619ee61476 resource provider aggregate not found
2026-06-24 14:31:16.984 9 INFO neutron.services.segments.plugin [-] Segment cfff892e-ee58-47ca-8a18-c0619ee61476 resource provider not found; error: Placement Client Error (4xx): {"errors": [{"status": 404, "title": "Not Found", "detail": "The resource could not be found.\n\n No resource provider with uuid cfff892e-ee58-47ca-8a18-c0619ee61476 found for delete ", "request_id": "req-07ec791d-8642-4600-9ad4-c40c25a3dae2"}]}
2026-06-24 14:31:16.985 9 INFO neutron.services.segments.plugin [-] Segment cfff892e-ee58-47ca-8a18-c0619ee61476 resource provider not found; error: Placement Client Error (4xx): {"errors": [{"status": 404, "title": "Not Found", "detail": "The resource could not be found.\n\n No resource provider with uuid cfff892e-ee58-47ca-8a18-c0619ee61476 found for delete ", "request_id": "req-77f64c4d-f6da-4f28-9dbf-beeb7f392a2f"}]}
2026-06-24 14:31:17.004 9 INFO neutron.wsgi [None req-cf8c852c-2d2e-4a4f-8f0e-ab3d20cc0237 54df5559289f4752897dfb339cb6a5c1 cd2300b884d24dbdbb83612b9d0b7ed0 - - default default] 10.0.0.73 "DELETE /v2.0/networks/ca076a17-a184-4e11-b7ff-ba552e9a0a25 HTTP/1.1" status: 204 len: 168 time: 0.4374511
2026-06-24 14:31:17.098 10 INFO neutron.db.ovn_revision_numbers_db [None req-52f070d1-dcbe-4ff2-afa9-a3d793d5d123 ce0dbd5fd4d1459584c4f270d59feb80 94034a93ca0d4cdaa13889186bd1609e - - default default] Successfully bumped revision number for resource cb2f3f41-831d-42e0-9898-079066fed2f7 (type: networks) to 1
2026-06-24 14:31:17.143 10 INFO neutron.db.ovn_revision_numbers_db [None req-44f9dd57-8048-480b-9250-d456ae5f1b79 d71de5739d464d7589d872865d544c67 634edbabe9fe446da7f5abf9333f8a0a - - default default] Successfully bumped revision number for resource ff009e64-7a36-443d-8161-3d823a5d2e27 (type: security_groups) to 1
2026-06-24 14:31:17.163 10 INFO neutron.db.ovn_revision_numbers_db [None req-44f9dd57-8048-480b-9250-d456ae5f1b79 d71de5739d464d7589d872865d544c67 634edbabe9fe446da7f5abf9333f8a0a - - default default] Successfully bumped revision number for resource ca45fc7d-0f8b-4823-881a-a5c4e06b376b (type: security_group_rules) to 0
2026-06-24 14:31:17.183 10 INFO neutron.db.ovn_revision_numbers_db [None req-44f9dd57-8048-480b-9250-d456ae5f1b79 d71de5739d464d7589d872865d544c67 634edbabe9fe446da7f5abf9333f8a0a - - default default] Successfully bumped revision number for resource e1452302-ea02-4b7f-8f8f-ea2847a68e41 (type: security_group_rules) to 0
2026-06-24 14:31:17.210 10 INFO neutron.db.ovn_revision_numbers_db [None req-44f9dd57-8048-480b-9250-d456ae5f1b79 d71de5739d464d7589d872865d544c67 634edbabe9fe446da7f5abf9333f8a0a - - default default] Successfully bumped revision number for resource e6d972b0-de0f-4b85-b23e-89352b1f1d42 (type: security_group_rules) to 0
2026-06-24 14:31:17.231 10 INFO neutron.db.ovn_revision_numbers_db [None req-44f9dd57-8048-480b-9250-d456ae5f1b79 d71de5739d464d7589d872865d544c67 634edbabe9fe446da7f5abf9333f8a0a - - default default] Successfully bumped revision number for resource ebd5fbf4-d969-414f-9b66-3f7831ff1c54 (type: security_group_rules) to 0
