2026-06-24 14:28:57.438 9 INFO neutron.wsgi [req-88402d7b-a019-4792-acde-45fd1c91acf3 req-66295e24-8eeb-4c90-b4dd-26619640b7e9 db7cc7093c214b56afb49db3b3198536 b37e58670c634775baf20aaee3052075 - - default default] 10.0.0.30 "GET /v2.0/security-groups?id=21d3dd5a-3e56-4549-83e8-69e4bde71207&fields=id&fields=name HTTP/1.1" status: 200 len: 313 time: 0.0377269
2026-06-24 14:28:57.455 10 INFO neutron.notifiers.nova [-] Nova event matching ['req-1dd2b8da-d782-4265-8577-9ae2757f310e'] response: {'server_uuid': 'd80888cd-6981-4d5c-becf-bfc8057878ef', 'name': 'network-vif-deleted', 'tag': '7b14b8a4-e606-4e02-87db-ace6f92f86cf', 'status': 'completed', 'code': 200}
2026-06-24 14:28:57.455 10 INFO neutron.notifiers.nova [-] Nova event matching ['req-1dd2b8da-d782-4265-8577-9ae2757f310e'] response: {'server_uuid': 'd3b3fa42-9178-4614-b010-30f8e6220010', 'name': 'network-vif-unplugged', 'status': 'completed', 'tag': '6e253d89-2804-438b-9005-2cb857c1faa8', 'code': 200}
2026-06-24 14:28:57.455 10 INFO neutron.notifiers.nova [-] Nova event matching ['req-1dd2b8da-d782-4265-8577-9ae2757f310e'] response: {'server_uuid': 'd3b3fa42-9178-4614-b010-30f8e6220010', 'name': 'network-vif-plugged', 'status': 'completed', 'tag': '6e253d89-2804-438b-9005-2cb857c1faa8', 'code': 200}
2026-06-24 14:28:57.455 10 INFO neutron.notifiers.nova [-] Nova event matching ['req-1dd2b8da-d782-4265-8577-9ae2757f310e'] response: {'server_uuid': 'd3b3fa42-9178-4614-b010-30f8e6220010', 'name': 'network-vif-deleted', 'tag': '6e253d89-2804-438b-9005-2cb857c1faa8', 'status': 'completed', 'code': 200}
2026-06-24 14:28:57.803 10 INFO neutron.wsgi [req-bbde5cec-775d-4b11-aa36-e656466fc0e8 req-5835a2c8-61a3-4650-b33f-64a65dddca80 5177dcf216e44ac2a769dc3e0840c3bb 352c077f8b574df5a89666a435e43d6d - - 23babc78c1634f95b27487dfe2f3be5a 23babc78c1634f95b27487dfe2f3be5a] 199.19.213.65 "GET /v2.0/ports?tenant_id=b37e58670c634775baf20aaee3052075&device_id=e8d7f79e-c3f1-4361-bbb3-148bdc39912d HTTP/1.1" status: 200 len: 1409 time: 0.0475187
2026-06-24 14:28:57.864 10 INFO neutron.wsgi [req-bbde5cec-775d-4b11-aa36-e656466fc0e8 req-59fa4184-97a0-4ffe-a8b9-3e83b9e39526 5177dcf216e44ac2a769dc3e0840c3bb 352c077f8b574df5a89666a435e43d6d - - 23babc78c1634f95b27487dfe2f3be5a 23babc78c1634f95b27487dfe2f3be5a] 199.19.213.65 "GET /v2.0/networks?id=cee9254d-6d7a-48c8-a04b-6b4ef24e9db6 HTTP/1.1" status: 200 len: 972 time: 0.0562792
2026-06-24 14:28:57.885 9 INFO neutron.wsgi [req-3c7a8027-6151-401d-8d60-8eedfb405109 req-10bbe4ae-a3fd-4ca9-bbae-b33e7da992c8 db7cc7093c214b56afb49db3b3198536 b37e58670c634775baf20aaee3052075 - - default default] 10.0.0.30 "GET /v2.0/ports?device_id=e8d7f79e-c3f1-4361-bbb3-148bdc39912d HTTP/1.1" status: 200 len: 1170 time: 0.0510528
2026-06-24 14:28:57.907 10 INFO neutron.wsgi [req-bbde5cec-775d-4b11-aa36-e656466fc0e8 req-2325d356-c291-4e0f-bf87-a2aed105bf5e 5177dcf216e44ac2a769dc3e0840c3bb 352c077f8b574df5a89666a435e43d6d - - 23babc78c1634f95b27487dfe2f3be5a 23babc78c1634f95b27487dfe2f3be5a] 199.19.213.65 "GET /v2.0/floatingips?fixed_ip_address=10.100.0.9&port_id=f6655d6f-2755-4116-84d9-2c5525358802 HTTP/1.1" status: 200 len: 1059 time: 0.0381336
2026-06-24 14:28:57.927 9 INFO neutron.wsgi [req-032af1cf-2deb-4c2d-bcc7-6fe65579006f req-d0ac963f-297d-42b8-b53c-e0bae2c5756c b60043eabe8e4b389ffca1fd4d94652b 8f31e02ad3ef4d35b7695c008b326e4c - - default default] 10.0.0.30 "GET /v2.0/ports?device_id=b08d37fd-e4a2-4220-afc1-dc642bd8b748 HTTP/1.1" status: 200 len: 1174 time: 0.2891355
2026-06-24 14:28:57.946 10 INFO neutron.wsgi [req-bbde5cec-775d-4b11-aa36-e656466fc0e8 req-757397a3-9b25-406e-ad49-6097e76dba85 5177dcf216e44ac2a769dc3e0840c3bb 352c077f8b574df5a89666a435e43d6d - - 23babc78c1634f95b27487dfe2f3be5a 23babc78c1634f95b27487dfe2f3be5a] 199.19.213.65 "GET /v2.0/subnets?id=492f4ebc-40de-46b7-ae0c-ea6c7314f02f HTTP/1.1" status: 200 len: 868 time: 0.0318599
2026-06-24 14:28:57.961 9 INFO neutron.wsgi [req-3c7a8027-6151-401d-8d60-8eedfb405109 req-3ec7ba86-2a3a-4e8c-9dc7-0bfdb609507a db7cc7093c214b56afb49db3b3198536 b37e58670c634775baf20aaee3052075 - - default default] 10.0.0.30 "GET /v2.0/security-groups?id=21d3dd5a-3e56-4549-83e8-69e4bde71207&fields=id&fields=name HTTP/1.1" status: 200 len: 313 time: 0.0640385
2026-06-24 14:28:57.972 10 INFO neutron.wsgi [req-bbde5cec-775d-4b11-aa36-e656466fc0e8 req-164a6ca4-fecc-403e-8501-fc09b91841a8 5177dcf216e44ac2a769dc3e0840c3bb 352c077f8b574df5a89666a435e43d6d - - 23babc78c1634f95b27487dfe2f3be5a 23babc78c1634f95b27487dfe2f3be5a] 199.19.213.65 "GET /v2.0/ports?network_id=cee9254d-6d7a-48c8-a04b-6b4ef24e9db6&device_owner=network%3Adhcp HTTP/1.1" status: 200 len: 210 time: 0.0191371
2026-06-24 14:28:58.024 9 INFO neutron.wsgi [req-c6f82501-c6ba-49b3-847a-a9d5e8613655 req-093fad5a-ea4f-4e5b-8097-73afe0f6c20a b60043eabe8e4b389ffca1fd4d94652b 8f31e02ad3ef4d35b7695c008b326e4c - - default default] 10.0.0.30 "GET /v2.0/ports/ff203779-5c26-4333-89a2-54813fa84f6e HTTP/1.1" status: 200 len: 1171 time: 0.0392625
2026-06-24 14:28:58.053 10 INFO neutron.wsgi [req-bbde5cec-775d-4b11-aa36-e656466fc0e8 req-39c7021a-72b4-4234-a84f-22712d05755b 5177dcf216e44ac2a769dc3e0840c3bb 352c077f8b574df5a89666a435e43d6d - - 23babc78c1634f95b27487dfe2f3be5a 23babc78c1634f95b27487dfe2f3be5a] 199.19.213.65 "GET /v2.0/networks/cee9254d-6d7a-48c8-a04b-6b4ef24e9db6?fields=segments HTTP/1.1" status: 200 len: 212 time: 0.0746474
2026-06-24 14:28:58.136 10 INFO neutron.wsgi [req-bbde5cec-775d-4b11-aa36-e656466fc0e8 req-5d419000-d97f-4b4d-8ec6-1df99c2f9e3e 5177dcf216e44ac2a769dc3e0840c3bb 352c077f8b574df5a89666a435e43d6d - - 23babc78c1634f95b27487dfe2f3be5a 23babc78c1634f95b27487dfe2f3be5a] 199.19.213.65 "GET /v2.0/networks/cee9254d-6d7a-48c8-a04b-6b4ef24e9db6?fields=provider%3Aphysical_network&fields=provider%3Anetwork_type HTTP/1.1" status: 200 len: 277 time: 0.0729003
2026-06-24 14:28:58.157 10 INFO neutron.wsgi [-] 10.0.0.105 "GET / HTTP/1.1" status: 200 len: 247 time: 0.0018194
2026-06-24 14:28:58.158 9 INFO neutron.wsgi [-] 10.0.0.105 "GET / HTTP/1.1" status: 200 len: 247 time: 0.0013957
2026-06-24 14:28:58.168 10 INFO neutron.wsgi [None req-bd6a1eb7-f298-4ee4-b492-8361f5503958 328af4423de34bf88191aec70098719e a1b1d849d9624b618ed59cdd95ff8018 - - default default] 10.0.0.73 "DELETE /v2.0/security-groups/8356ce00-865d-4af0-b589-45c30f4f0d11 HTTP/1.1" status: 204 len: 168 time: 0.1713169
2026-06-24 14:28:58.195 10 INFO neutron.api.v2.resource [None req-a897dbfb-ba17-4c81-8550-466a196f76e5 328af4423de34bf88191aec70098719e a1b1d849d9624b618ed59cdd95ff8018 - - default default] show failed (client error): The resource could not be found.
2026-06-24 14:28:58.197 10 INFO neutron.wsgi [None req-a897dbfb-ba17-4c81-8550-466a196f76e5 328af4423de34bf88191aec70098719e a1b1d849d9624b618ed59cdd95ff8018 - - default default] 10.0.0.73 "GET /v2.0/security-groups/8356ce00-865d-4af0-b589-45c30f4f0d11 HTTP/1.1" status: 404 len: 347 time: 0.0206809
2026-06-24 14:28:58.231 10 INFO neutron.wsgi [req-62fbf340-cdfb-43fd-98bd-81f2631261e2 req-fd7bc563-dcc5-485c-8712-27960496ba23 b60043eabe8e4b389ffca1fd4d94652b 8f31e02ad3ef4d35b7695c008b326e4c - - default default] 199.19.213.65 "GET /v2.0/subnets?network_id=ca40442d-c8e6-4c75-aac6-a805871e6dc8 HTTP/1.1" status: 200 len: 859 time: 0.0489812
2026-06-24 14:28:58.350 10 INFO neutron.wsgi [req-62fbf340-cdfb-43fd-98bd-81f2631261e2 req-036d0bbd-123f-47b5-bcc8-b71536448ed7 b60043eabe8e4b389ffca1fd4d94652b 8f31e02ad3ef4d35b7695c008b326e4c - - default default] 199.19.213.65 "GET /v2.0/ports?device_id=b08d37fd-e4a2-4220-afc1-dc642bd8b748&device_owner=compute%3Anova&network_id=ca40442d-c8e6-4c75-aac6-a805871e6dc8 HTTP/1.1" status: 200 len: 1174 time: 0.1138923
2026-06-24 14:28:58.360 10 INFO neutron.plugins.ml2.drivers.ovn.mech_driver.mech_driver [None req-ac57a7c9-0d92-48ff-9ff4-0b49438ca960 - - - - - -] OVN reports status down for port: f6655d6f-2755-4116-84d9-2c5525358802
2026-06-24 14:28:58.600 9 INFO neutron.wsgi [None req-3328e3f1-9b15-4602-bd33-c2873c07cff2 ce0dbd5fd4d1459584c4f270d59feb80 94034a93ca0d4cdaa13889186bd1609e - - default default] 10.0.0.73 "PUT /v2.0/routers/ad8aaa9c-a0e6-4843-9ed7-e81ec891cb79/remove_router_interface HTTP/1.1" status: 200 len: 503 time: 1.6126869 /var/lib/openstack/lib/python3.10/site-packages/pycadf/identifier.py:71: UserWarning: Invalid uuid: neutron. To ensure interoperability, identifiers should be a valid uuid. warnings.warn(('Invalid uuid: %s. To ensure interoperability, '
2026-06-24 14:28:58.727 9 INFO neutron.wsgi [None req-18261e6b-ff34-4ee7-897a-7780a5657069 328af4423de34bf88191aec70098719e a1b1d849d9624b618ed59cdd95ff8018 - - default default] 10.0.0.73 "DELETE /v2.0/floatingips/6330b4ef-d906-49d5-89ea-6b61a79a98f9 HTTP/1.1" status: 204 len: 168 time: 0.5231373
2026-06-24 14:28:58.791 10 INFO neutron.db.ovn_revision_numbers_db [None req-ac57a7c9-0d92-48ff-9ff4-0b49438ca960 - - - - - -] Successfully bumped revision number for resource f6655d6f-2755-4116-84d9-2c5525358802 (type: ports) to 5
2026-06-24 14:28:58.961 10 INFO neutron.db.ovn_revision_numbers_db [req-62fbf340-cdfb-43fd-98bd-81f2631261e2 req-8a86dba7-d2e9-4ee7-b30d-1e178306c533 b60043eabe8e4b389ffca1fd4d94652b 8f31e02ad3ef4d35b7695c008b326e4c - - default default] Successfully bumped revision number for resource ff203779-5c26-4333-89a2-54813fa84f6e (type: ports) to 5
2026-06-24 14:28:58.988 10 INFO neutron.wsgi [req-62fbf340-cdfb-43fd-98bd-81f2631261e2 req-8a86dba7-d2e9-4ee7-b30d-1e178306c533 b60043eabe8e4b389ffca1fd4d94652b 8f31e02ad3ef4d35b7695c008b326e4c - - default default] 199.19.213.65 "PUT /v2.0/ports/ff203779-5c26-4333-89a2-54813fa84f6e HTTP/1.1" status: 200 len: 1349 time: 0.6292441
2026-06-24 14:28:58.998 10 INFO neutron.plugins.ml2.drivers.ovn.mech_driver.mech_driver [None req-ac57a7c9-0d92-48ff-9ff4-0b49438ca960 - - - - - -] OVN reports status up for port: f6655d6f-2755-4116-84d9-2c5525358802
2026-06-24 14:28:59.018 10 INFO neutron.plugins.ml2.plugin [None req-ac57a7c9-0d92-48ff-9ff4-0b49438ca960 - - - - - -] Attempt 1 to provision port f6655d6f-2755-4116-84d9-2c5525358802 /var/lib/openstack/lib/python3.10/site-packages/pycadf/identifier.py:71: UserWarning: Invalid uuid: neutron. To ensure interoperability, identifiers should be a valid uuid. warnings.warn(('Invalid uuid: %s. To ensure interoperability, '
2026-06-24 14:28:59.074 10 INFO neutron.wsgi [req-62fbf340-cdfb-43fd-98bd-81f2631261e2 req-0366bd68-5bc5-4343-a440-0327c61ba435 5177dcf216e44ac2a769dc3e0840c3bb 352c077f8b574df5a89666a435e43d6d - - 23babc78c1634f95b27487dfe2f3be5a 23babc78c1634f95b27487dfe2f3be5a] 199.19.213.65 "GET /v2.0/ports?tenant_id=8f31e02ad3ef4d35b7695c008b326e4c&device_id=b08d37fd-e4a2-4220-afc1-dc642bd8b748 HTTP/1.1" status: 200 len: 1590 time: 0.0495234
2026-06-24 14:28:59.083 9 INFO neutron.wsgi [req-a33a6176-2c66-4c8e-87d8-7511533bdc31 req-1e04009f-2bde-4535-b0b2-ad37bf5dcc06 db7cc7093c214b56afb49db3b3198536 b37e58670c634775baf20aaee3052075 - - default default] 10.0.0.30 "GET /v2.0/ports?device_id=e8d7f79e-c3f1-4361-bbb3-148bdc39912d HTTP/1.1" status: 200 len: 1168 time: 0.0529375
2026-06-24 14:28:59.189 9 INFO neutron.wsgi [req-a33a6176-2c66-4c8e-87d8-7511533bdc31 req-3d17bb5f-18ef-493c-a3e6-36d70781dbc7 db7cc7093c214b56afb49db3b3198536 b37e58670c634775baf20aaee3052075 - - default default] 10.0.0.30 "GET /v2.0/security-groups?id=21d3dd5a-3e56-4549-83e8-69e4bde71207&fields=id&fields=name HTTP/1.1" status: 200 len: 313 time: 0.0982864
2026-06-24 14:28:59.302 10 INFO neutron.wsgi [req-62fbf340-cdfb-43fd-98bd-81f2631261e2 req-0ee9b3d7-e01b-48c7-84a7-2402a65ee7be 5177dcf216e44ac2a769dc3e0840c3bb 352c077f8b574df5a89666a435e43d6d - - 23babc78c1634f95b27487dfe2f3be5a 23babc78c1634f95b27487dfe2f3be5a] 199.19.213.65 "GET /v2.0/networks?id=ca40442d-c8e6-4c75-aac6-a805871e6dc8 HTTP/1.1" status: 200 len: 982 time: 0.2224784
2026-06-24 14:28:59.362 10 INFO neutron.wsgi [req-62fbf340-cdfb-43fd-98bd-81f2631261e2 req-99e63b0a-48a6-444f-b057-c2bf2924face 5177dcf216e44ac2a769dc3e0840c3bb 352c077f8b574df5a89666a435e43d6d - - 23babc78c1634f95b27487dfe2f3be5a 23babc78c1634f95b27487dfe2f3be5a] 199.19.213.65 "GET /v2.0/floatingips?fixed_ip_address=10.100.0.13&port_id=ff203779-5c26-4333-89a2-54813fa84f6e HTTP/1.1" status: 200 len: 1060 time: 0.0499701
2026-06-24 14:28:59.397 10 INFO neutron.wsgi [req-62fbf340-cdfb-43fd-98bd-81f2631261e2 req-7705c54c-4ef1-4566-9483-026e4eb7e087 5177dcf216e44ac2a769dc3e0840c3bb 352c077f8b574df5a89666a435e43d6d - - 23babc78c1634f95b27487dfe2f3be5a 23babc78c1634f95b27487dfe2f3be5a] 199.19.213.65 "GET /v2.0/floatingips?fixed_ip_address=10.100.0.4&port_id=ff203779-5c26-4333-89a2-54813fa84f6e HTTP/1.1" status: 200 len: 217 time: 0.0279028
2026-06-24 14:28:59.441 10 INFO neutron.wsgi [req-62fbf340-cdfb-43fd-98bd-81f2631261e2 req-cd2710d4-8a20-4058-aad2-70486873d103 5177dcf216e44ac2a769dc3e0840c3bb 352c077f8b574df5a89666a435e43d6d - - 23babc78c1634f95b27487dfe2f3be5a 23babc78c1634f95b27487dfe2f3be5a] 199.19.213.65 "GET /v2.0/subnets?id=6faee4b0-8858-4b38-af7a-06be3a3bf2b4 HTTP/1.1" status: 200 len: 877 time: 0.0297594
2026-06-24 14:28:59.487 10 INFO neutron.wsgi [req-62fbf340-cdfb-43fd-98bd-81f2631261e2 req-c65b4e87-3735-45a5-95f3-b3b3a8a946fc 5177dcf216e44ac2a769dc3e0840c3bb 352c077f8b574df5a89666a435e43d6d - - 23babc78c1634f95b27487dfe2f3be5a 23babc78c1634f95b27487dfe2f3be5a] 199.19.213.65 "GET /v2.0/ports?network_id=ca40442d-c8e6-4c75-aac6-a805871e6dc8&device_owner=network%3Adhcp HTTP/1.1" status: 200 len: 210 time: 0.0381875
2026-06-24 14:28:59.511 10 INFO neutron.notifiers.nova [-] Nova event matching ['req-c23edd6a-7ef3-4119-b893-6480801bf42d'] response: {'server_uuid': 'e8d7f79e-c3f1-4361-bbb3-148bdc39912d', 'name': 'network-vif-unplugged', 'status': 'completed', 'tag': 'f6655d6f-2755-4116-84d9-2c5525358802', 'code': 200}
2026-06-24 14:28:59.511 10 INFO neutron.notifiers.nova [-] Nova event matching ['req-c23edd6a-7ef3-4119-b893-6480801bf42d'] response: {'server_uuid': 'e8d7f79e-c3f1-4361-bbb3-148bdc39912d', 'name': 'network-vif-plugged', 'status': 'completed', 'tag': 'f6655d6f-2755-4116-84d9-2c5525358802', 'code': 200}
2026-06-24 14:28:59.511 10 INFO neutron.notifiers.nova [-] Nova event matching ['req-c23edd6a-7ef3-4119-b893-6480801bf42d'] response: {'name': 'network-changed', 'server_uuid': 'b08d37fd-e4a2-4220-afc1-dc642bd8b748', 'tag': 'ff203779-5c26-4333-89a2-54813fa84f6e', 'status': 'completed', 'code': 200}
2026-06-24 14:28:59.511 10 INFO neutron.notifiers.nova [-] Nova event matching ['req-c23edd6a-7ef3-4119-b893-6480801bf42d'] response: {'server_uuid': 'e8d7f79e-c3f1-4361-bbb3-148bdc39912d', 'name': 'network-vif-plugged', 'status': 'completed', 'tag': 'f6655d6f-2755-4116-84d9-2c5525358802', 'code': 200}
2026-06-24 14:28:59.556 10 INFO neutron.db.ovn_revision_numbers_db [None req-ac57a7c9-0d92-48ff-9ff4-0b49438ca960 - - - - - -] Successfully bumped revision number for resource f6655d6f-2755-4116-84d9-2c5525358802 (type: ports) to 6
2026-06-24 14:28:59.565 10 INFO neutron.wsgi [req-62fbf340-cdfb-43fd-98bd-81f2631261e2 req-52e3a8e8-3d60-4440-a1e4-bbd0235532d2 5177dcf216e44ac2a769dc3e0840c3bb 352c077f8b574df5a89666a435e43d6d - - 23babc78c1634f95b27487dfe2f3be5a 23babc78c1634f95b27487dfe2f3be5a] 199.19.213.65 "GET /v2.0/networks/ca40442d-c8e6-4c75-aac6-a805871e6dc8?fields=segments HTTP/1.1" status: 200 len: 212 time: 0.0723951
2026-06-24 14:28:59.651 10 INFO neutron.wsgi [req-62fbf340-cdfb-43fd-98bd-81f2631261e2 req-f00609a8-6ebd-4e6e-af12-b50b67c7c362 5177dcf216e44ac2a769dc3e0840c3bb 352c077f8b574df5a89666a435e43d6d - - 23babc78c1634f95b27487dfe2f3be5a 23babc78c1634f95b27487dfe2f3be5a] 199.19.213.65 "GET /v2.0/networks/ca40442d-c8e6-4c75-aac6-a805871e6dc8?fields=provider%3Aphysical_network&fields=provider%3Anetwork_type HTTP/1.1" status: 200 len: 277 time: 0.0748067 /var/lib/openstack/lib/python3.10/site-packages/pycadf/identifier.py:71: UserWarning: Invalid uuid: neutron. To ensure interoperability, identifiers should be a valid uuid. warnings.warn(('Invalid uuid: %s. To ensure interoperability, '
2026-06-24 14:28:59.746 9 INFO neutron.wsgi [None req-234435db-5528-4227-8286-8ce97333bd0f ce0dbd5fd4d1459584c4f270d59feb80 94034a93ca0d4cdaa13889186bd1609e - - default default] 10.0.0.73 "DELETE /v2.0/routers/ad8aaa9c-a0e6-4843-9ed7-e81ec891cb79 HTTP/1.1" status: 204 len: 168 time: 1.1386054
2026-06-24 14:28:59.760 10 INFO neutron.wsgi [req-9a28913c-6bfd-4631-bf6e-0c9b5125662e req-4a7a274d-7d3a-4c92-86c7-a1c8684a6173 5177dcf216e44ac2a769dc3e0840c3bb 352c077f8b574df5a89666a435e43d6d - - 23babc78c1634f95b27487dfe2f3be5a 23babc78c1634f95b27487dfe2f3be5a] 199.19.213.65 "GET /v2.0/ports?tenant_id=8f31e02ad3ef4d35b7695c008b326e4c&device_id=b08d37fd-e4a2-4220-afc1-dc642bd8b748 HTTP/1.1" status: 200 len: 1590 time: 0.0403991
2026-06-24 14:28:59.843 10 INFO neutron.wsgi [req-9a28913c-6bfd-4631-bf6e-0c9b5125662e req-de1f5e1f-ed11-4da5-af8a-6c662371fc9b 5177dcf216e44ac2a769dc3e0840c3bb 352c077f8b574df5a89666a435e43d6d - - 23babc78c1634f95b27487dfe2f3be5a 23babc78c1634f95b27487dfe2f3be5a] 199.19.213.65 "GET /v2.0/networks?id=ca40442d-c8e6-4c75-aac6-a805871e6dc8 HTTP/1.1" status: 200 len: 982 time: 0.0779085
2026-06-24 14:28:59.904 10 INFO neutron.wsgi [req-9a28913c-6bfd-4631-bf6e-0c9b5125662e req-981b8632-d930-4ef9-b77a-073ec61a87c6 5177dcf216e44ac2a769dc3e0840c3bb 352c077f8b574df5a89666a435e43d6d - - 23babc78c1634f95b27487dfe2f3be5a 23babc78c1634f95b27487dfe2f3be5a] 199.19.213.65 "GET /v2.0/floatingips?fixed_ip_address=10.100.0.13&port_id=ff203779-5c26-4333-89a2-54813fa84f6e HTTP/1.1" status: 200 len: 1060 time: 0.0526938
2026-06-24 14:28:59.930 10 INFO neutron.wsgi [req-9a28913c-6bfd-4631-bf6e-0c9b5125662e req-3ef1bef3-3059-4343-8455-e20721db6d86 5177dcf216e44ac2a769dc3e0840c3bb 352c077f8b574df5a89666a435e43d6d - - 23babc78c1634f95b27487dfe2f3be5a 23babc78c1634f95b27487dfe2f3be5a] 199.19.213.65 "GET /v2.0/floatingips?fixed_ip_address=10.100.0.4&port_id=ff203779-5c26-4333-89a2-54813fa84f6e HTTP/1.1" status: 200 len: 217 time: 0.0202813
2026-06-24 14:28:59.974 10 INFO neutron.wsgi [req-9a28913c-6bfd-4631-bf6e-0c9b5125662e req-baf2914d-8a02-4e50-8399-03eae616995d 5177dcf216e44ac2a769dc3e0840c3bb 352c077f8b574df5a89666a435e43d6d - - 23babc78c1634f95b27487dfe2f3be5a 23babc78c1634f95b27487dfe2f3be5a] 199.19.213.65 "GET /v2.0/subnets?id=6faee4b0-8858-4b38-af7a-06be3a3bf2b4 HTTP/1.1" status: 200 len: 877 time: 0.0367088
2026-06-24 14:29:00.000 10 INFO neutron.wsgi [req-9a28913c-6bfd-4631-bf6e-0c9b5125662e req-c15e6d30-108a-4022-87d8-e0a7443d5933 5177dcf216e44ac2a769dc3e0840c3bb 352c077f8b574df5a89666a435e43d6d - - 23babc78c1634f95b27487dfe2f3be5a 23babc78c1634f95b27487dfe2f3be5a] 199.19.213.65 "GET /v2.0/ports?network_id=ca40442d-c8e6-4c75-aac6-a805871e6dc8&device_owner=network%3Adhcp HTTP/1.1" status: 200 len: 210 time: 0.0192356
2026-06-24 14:29:00.013 10 INFO neutron.wsgi [None req-e2f76dcd-e4d6-40c7-a454-d753f051e8e2 ce0dbd5fd4d1459584c4f270d59feb80 94034a93ca0d4cdaa13889186bd1609e - - default default] 10.0.0.73 "DELETE /v2.0/subnets/8a47cf87-b713-4005-90fe-495f20ca1b4a HTTP/1.1" status: 204 len: 168 time: 0.2596986
2026-06-24 14:29:00.085 10 INFO neutron.wsgi [req-9a28913c-6bfd-4631-bf6e-0c9b5125662e req-5fb547ba-b998-43c2-856d-75f58bd8670b 5177dcf216e44ac2a769dc3e0840c3bb 352c077f8b574df5a89666a435e43d6d - - 23babc78c1634f95b27487dfe2f3be5a 23babc78c1634f95b27487dfe2f3be5a] 199.19.213.65 "GET /v2.0/networks/ca40442d-c8e6-4c75-aac6-a805871e6dc8?fields=segments HTTP/1.1" status: 200 len: 212 time: 0.0743606
2026-06-24 14:29:00.173 10 INFO neutron.wsgi [req-9a28913c-6bfd-4631-bf6e-0c9b5125662e req-6a1936ff-171e-46e0-b6e8-c03bc79d78c5 5177dcf216e44ac2a769dc3e0840c3bb 352c077f8b574df5a89666a435e43d6d - - 23babc78c1634f95b27487dfe2f3be5a 23babc78c1634f95b27487dfe2f3be5a] 199.19.213.65 "GET /v2.0/networks/ca40442d-c8e6-4c75-aac6-a805871e6dc8?fields=provider%3Aphysical_network&fields=provider%3Anetwork_type HTTP/1.1" status: 200 len: 277 time: 0.0768120
2026-06-24 14:29:00.300 9 INFO neutron.wsgi [req-7e52d0b3-5fba-4680-a0f1-3de1cf63ec3c req-68f501dd-c7ca-4216-9879-e4f7ab0226bf db7cc7093c214b56afb49db3b3198536 b37e58670c634775baf20aaee3052075 - - default default] 10.0.0.30 "GET /v2.0/ports?device_id=e8d7f79e-c3f1-4361-bbb3-148bdc39912d HTTP/1.1" status: 200 len: 1170 time: 0.0391908 /var/lib/openstack/lib/python3.10/site-packages/pycadf/identifier.py:71: UserWarning: Invalid uuid: neutron. To ensure interoperability, identifiers should be a valid uuid. warnings.warn(('Invalid uuid: %s. To ensure interoperability, '
2026-06-24 14:29:00.355 9 INFO neutron.wsgi [None req-8009672d-e20f-4f14-a801-8abc71773323 ce0dbd5fd4d1459584c4f270d59feb80 94034a93ca0d4cdaa13889186bd1609e - - default default] 10.0.0.73 "PUT /v2.0/routers/8ce50aa7-2986-40b3-9dd2-368d4415b54e/remove_router_interface HTTP/1.1" status: 200 len: 503 time: 1.6230223
2026-06-24 14:29:00.365 10 INFO neutron.services.segments.plugin [-] Segment 7046f754-de0d-4e84-9ebc-6053ba92ac77 resource provider aggregate not found
2026-06-24 14:29:00.370 10 INFO neutron.services.segments.plugin [-] Segment 7046f754-de0d-4e84-9ebc-6053ba92ac77 resource provider aggregate not found
2026-06-24 14:29:00.386 10 INFO neutron.services.segments.plugin [-] Segment 7046f754-de0d-4e84-9ebc-6053ba92ac77 resource provider not found; error: Placement Client Error (4xx): {"errors": [{"status": 404, "title": "Not Found", "detail": "The resource could not be found.\n\n No resource provider with uuid 7046f754-de0d-4e84-9ebc-6053ba92ac77 found for delete ", "request_id": "req-c2673599-3d90-4927-b325-01d0e30f3d28"}]}
2026-06-24 14:29:00.386 10 INFO neutron.services.segments.plugin [-] Segment 7046f754-de0d-4e84-9ebc-6053ba92ac77 resource provider not found; error: Placement Client Error (4xx): {"errors": [{"status": 404, "title": "Not Found", "detail": "The resource could not be found.\n\n No resource provider with uuid 7046f754-de0d-4e84-9ebc-6053ba92ac77 found for delete ", "request_id": "req-24711dcc-bccb-4616-94a5-b0336388809e"}]}
2026-06-24 14:29:00.390 9 INFO neutron.wsgi [req-599c9e4a-c418-432a-b132-b78345cd5a5f req-cbdef153-c916-4109-9418-8e57ca7b2ed5 b60043eabe8e4b389ffca1fd4d94652b 8f31e02ad3ef4d35b7695c008b326e4c - - default default] 10.0.0.30 "GET /v2.0/ports?device_id=b08d37fd-e4a2-4220-afc1-dc642bd8b748 HTTP/1.1" status: 200 len: 1352 time: 0.0709422
2026-06-24 14:29:00.412 10 INFO neutron.wsgi [None req-2a41e9b9-7f84-4db1-9bd2-3fa777f3dc5f ce0dbd5fd4d1459584c4f270d59feb80 94034a93ca0d4cdaa13889186bd1609e - - default default] 10.0.0.73 "DELETE /v2.0/networks/dadef516-b331-47bc-a3cf-959edd84ccc1 HTTP/1.1" status: 204 len: 168 time: 0.3917277
2026-06-24 14:29:00.418 9 INFO neutron.wsgi [req-7e52d0b3-5fba-4680-a0f1-3de1cf63ec3c req-fb6d98a6-60d3-42fb-a50a-aeba9b3354f7 db7cc7093c214b56afb49db3b3198536 b37e58670c634775baf20aaee3052075 - - default default] 10.0.0.30 "GET /v2.0/security-groups?id=21d3dd5a-3e56-4549-83e8-69e4bde71207&fields=id&fields=name HTTP/1.1" status: 200 len: 313 time: 0.1000311
2026-06-24 14:29:00.448 9 INFO neutron.wsgi [req-599c9e4a-c418-432a-b132-b78345cd5a5f req-caaadef9-68d5-47e9-823c-f6ef0596ac15 b60043eabe8e4b389ffca1fd4d94652b 8f31e02ad3ef4d35b7695c008b326e4c - - default default] 10.0.0.30 "GET /v2.0/security-groups?id=5b79654a-d520-4c53-8f17-a4f9d8a2bf0d&fields=id&fields=name HTTP/1.1" status: 200 len: 313 time: 0.0509977
2026-06-24 14:29:00.594 10 INFO neutron.wsgi [req-488624da-270d-459b-9e20-c78022c396a7 req-301a608d-4044-4b75-a8e7-521700a3ed29 b60043eabe8e4b389ffca1fd4d94652b 8f31e02ad3ef4d35b7695c008b326e4c - - default default] 199.19.213.65 "GET /v2.0/ports?device_id=b08d37fd-e4a2-4220-afc1-dc642bd8b748&device_owner=compute%3Anova&fixed_ips=ip_address%3D10.100.0.4 HTTP/1.1" status: 200 len: 1352 time: 0.0616934
2026-06-24 14:29:00.602 10 INFO neutron.wsgi [None req-ca238e4d-4e73-4d08-a010-8a5dd1e00703 ce0dbd5fd4d1459584c4f270d59feb80 94034a93ca0d4cdaa13889186bd1609e - - default default] 10.0.0.73 "GET /v2.0/security-groups?tenant_id=a6143503af9449e9af29d6c2a2f47660&name=default HTTP/1.1" status: 200 len: 2996 time: 0.0715809
2026-06-24 14:29:00.903 10 INFO neutron.wsgi [None req-d7216dc1-52c5-48b4-83b3-2daab9dcd000 ce0dbd5fd4d1459584c4f270d59feb80 94034a93ca0d4cdaa13889186bd1609e - - default default] 10.0.0.73 "DELETE /v2.0/security-groups/9ec00040-24ac-405e-9e7e-a94a6c11a53c HTTP/1.1" status: 204 len: 168 time: 0.2949314
2026-06-24 14:29:01.090 10 INFO neutron.db.ovn_revision_numbers_db [req-488624da-270d-459b-9e20-c78022c396a7 req-395836e2-38b7-4730-861a-c4ad317e8d55 b60043eabe8e4b389ffca1fd4d94652b 8f31e02ad3ef4d35b7695c008b326e4c - - default default] Successfully bumped revision number for resource ff203779-5c26-4333-89a2-54813fa84f6e (type: ports) to 6
2026-06-24 14:29:01.091 9 INFO neutron.wsgi [None req-ee796058-57a7-4721-8ec1-2e84cf0f3015 ce0dbd5fd4d1459584c4f270d59feb80 94034a93ca0d4cdaa13889186bd1609e - - default default] 10.0.0.73 "DELETE /v2.0/routers/8ce50aa7-2986-40b3-9dd2-368d4415b54e HTTP/1.1" status: 204 len: 168 time: 0.7309620
2026-06-24 14:29:01.101 10 INFO neutron.wsgi [req-488624da-270d-459b-9e20-c78022c396a7 req-395836e2-38b7-4730-861a-c4ad317e8d55 b60043eabe8e4b389ffca1fd4d94652b 8f31e02ad3ef4d35b7695c008b326e4c - - default default] 199.19.213.65 "PUT /v2.0/ports/ff203779-5c26-4333-89a2-54813fa84f6e HTTP/1.1" status: 200 len: 1171 time: 0.5018160 /var/lib/openstack/lib/python3.10/site-packages/pycadf/identifier.py:71: UserWarning: Invalid uuid: neutron. To ensure interoperability, identifiers should be a valid uuid. warnings.warn(('Invalid uuid: %s. To ensure interoperability, '
2026-06-24 14:29:01.164 10 INFO neutron.wsgi [req-488624da-270d-459b-9e20-c78022c396a7 req-736416cd-e59c-4f92-a3eb-f8096862a6b9 5177dcf216e44ac2a769dc3e0840c3bb 352c077f8b574df5a89666a435e43d6d - - 23babc78c1634f95b27487dfe2f3be5a 23babc78c1634f95b27487dfe2f3be5a] 199.19.213.65 "GET /v2.0/ports?tenant_id=8f31e02ad3ef4d35b7695c008b326e4c&device_id=b08d37fd-e4a2-4220-afc1-dc642bd8b748 HTTP/1.1" status: 200 len: 1413 time: 0.0347548
2026-06-24 14:29:01.231 10 INFO neutron.wsgi [req-488624da-270d-459b-9e20-c78022c396a7 req-aa4791c9-15b9-4dbe-afbd-aeba7db05068 5177dcf216e44ac2a769dc3e0840c3bb 352c077f8b574df5a89666a435e43d6d - - 23babc78c1634f95b27487dfe2f3be5a 23babc78c1634f95b27487dfe2f3be5a] 199.19.213.65 "GET /v2.0/networks?id=ca40442d-c8e6-4c75-aac6-a805871e6dc8 HTTP/1.1" status: 200 len: 982 time: 0.0571694
2026-06-24 14:29:01.300 10 INFO neutron.wsgi [req-488624da-270d-459b-9e20-c78022c396a7 req-e92a2a74-8812-41f9-a7d2-b2e06739f524 5177dcf216e44ac2a769dc3e0840c3bb 352c077f8b574df5a89666a435e43d6d - - 23babc78c1634f95b27487dfe2f3be5a 23babc78c1634f95b27487dfe2f3be5a] 199.19.213.65 "GET /v2.0/floatingips?fixed_ip_address=10.100.0.13&port_id=ff203779-5c26-4333-89a2-54813fa84f6e HTTP/1.1" status: 200 len: 1060 time: 0.0520370
2026-06-24 14:29:01.332 9 INFO neutron.wsgi [None req-d1b43e6d-9161-4756-8511-9188488f7216 ce0dbd5fd4d1459584c4f270d59feb80 94034a93ca0d4cdaa13889186bd1609e - - default default] 10.0.0.73 "DELETE /v2.0/subnets/b85fd089-8146-457b-9235-47417ce6b5fa HTTP/1.1" status: 204 len: 168 time: 0.2310758
2026-06-24 14:29:01.348 10 INFO neutron.wsgi [req-488624da-270d-459b-9e20-c78022c396a7 req-9e230984-3c87-4165-bbae-3a8a43023460 5177dcf216e44ac2a769dc3e0840c3bb 352c077f8b574df5a89666a435e43d6d - - 23babc78c1634f95b27487dfe2f3be5a 23babc78c1634f95b27487dfe2f3be5a] 199.19.213.65 "GET /v2.0/subnets?id=6faee4b0-8858-4b38-af7a-06be3a3bf2b4 HTTP/1.1" status: 200 len: 877 time: 0.0431614
2026-06-24 14:29:01.376 10 INFO neutron.wsgi [req-488624da-270d-459b-9e20-c78022c396a7 req-6232fd1a-ebc5-421d-ad9f-040c5d68212b 5177dcf216e44ac2a769dc3e0840c3bb 352c077f8b574df5a89666a435e43d6d - - 23babc78c1634f95b27487dfe2f3be5a 23babc78c1634f95b27487dfe2f3be5a] 199.19.213.65 "GET /v2.0/ports?network_id=ca40442d-c8e6-4c75-aac6-a805871e6dc8&device_owner=network%3Adhcp HTTP/1.1" status: 200 len: 210 time: 0.0185654
2026-06-24 14:29:01.438 10 INFO neutron.wsgi [req-488624da-270d-459b-9e20-c78022c396a7 req-a1a58e72-f03f-444e-820e-1046605e2497 5177dcf216e44ac2a769dc3e0840c3bb 352c077f8b574df5a89666a435e43d6d - - 23babc78c1634f95b27487dfe2f3be5a 23babc78c1634f95b27487dfe2f3be5a] 199.19.213.65 "GET /v2.0/networks/ca40442d-c8e6-4c75-aac6-a805871e6dc8?fields=segments HTTP/1.1" status: 200 len: 212 time: 0.0535593
2026-06-24 14:29:01.501 10 INFO neutron.wsgi [req-488624da-270d-459b-9e20-c78022c396a7 req-72c339cf-c2a7-4c91-b628-4323de6214f1 5177dcf216e44ac2a769dc3e0840c3bb 352c077f8b574df5a89666a435e43d6d - - 23babc78c1634f95b27487dfe2f3be5a 23babc78c1634f95b27487dfe2f3be5a] 199.19.213.65 "GET /v2.0/networks/ca40442d-c8e6-4c75-aac6-a805871e6dc8?fields=provider%3Aphysical_network&fields=provider%3Anetwork_type HTTP/1.1" status: 200 len: 277 time: 0.0566089
2026-06-24 14:29:01.557 10 INFO neutron.notifiers.nova [-] Nova event matching ['req-2b3af95a-25a7-4d57-9374-a06bacfaaf70'] response: {'server_uuid': 'e8d7f79e-c3f1-4361-bbb3-148bdc39912d', 'name': 'network-vif-plugged', 'status': 'completed', 'tag': 'f6655d6f-2755-4116-84d9-2c5525358802', 'code': 200}
2026-06-24 14:29:01.558 10 INFO neutron.notifiers.nova [-] Nova event matching ['req-2b3af95a-25a7-4d57-9374-a06bacfaaf70'] response: {'name': 'network-changed', 'server_uuid': 'b08d37fd-e4a2-4220-afc1-dc642bd8b748', 'tag': 'ff203779-5c26-4333-89a2-54813fa84f6e', 'status': 'completed', 'code': 200}
2026-06-24 14:29:01.606 10 INFO neutron.wsgi [req-e236c05d-1a3c-43e0-96a5-e780c05875de req-a4bd7750-82ea-4169-8b17-3ce15552e726 5177dcf216e44ac2a769dc3e0840c3bb 352c077f8b574df5a89666a435e43d6d - - 23babc78c1634f95b27487dfe2f3be5a 23babc78c1634f95b27487dfe2f3be5a] 199.19.213.65 "GET /v2.0/ports?tenant_id=8f31e02ad3ef4d35b7695c008b326e4c&device_id=b08d37fd-e4a2-4220-afc1-dc642bd8b748 HTTP/1.1" status: 200 len: 1413 time: 0.0307946
2026-06-24 14:29:01.671 10 INFO neutron.wsgi [req-e236c05d-1a3c-43e0-96a5-e780c05875de req-8d3133c9-8413-4504-80fe-79863bc63aed 5177dcf216e44ac2a769dc3e0840c3bb 352c077f8b574df5a89666a435e43d6d - - 23babc78c1634f95b27487dfe2f3be5a 23babc78c1634f95b27487dfe2f3be5a] 199.19.213.65 "GET /v2.0/networks?id=ca40442d-c8e6-4c75-aac6-a805871e6dc8 HTTP/1.1" status: 200 len: 982 time: 0.0570526
2026-06-24 14:29:01.702 9 INFO neutron.services.segments.plugin [-] Segment 05242f28-0e16-4da6-96e8-895afcfd04e4 resource provider aggregate not found
2026-06-24 14:29:01.709 9 INFO neutron.services.segments.plugin [-] Segment 05242f28-0e16-4da6-96e8-895afcfd04e4 resource provider aggregate not found
2026-06-24 14:29:01.723 10 INFO neutron.wsgi [req-e236c05d-1a3c-43e0-96a5-e780c05875de req-602b46fb-2924-46df-991a-06f942175f1e 5177dcf216e44ac2a769dc3e0840c3bb 352c077f8b574df5a89666a435e43d6d - - 23babc78c1634f95b27487dfe2f3be5a 23babc78c1634f95b27487dfe2f3be5a] 199.19.213.65 "GET /v2.0/floatingips?fixed_ip_address=10.100.0.13&port_id=ff203779-5c26-4333-89a2-54813fa84f6e HTTP/1.1" status: 200 len: 1060 time: 0.0439937
2026-06-24 14:29:01.729 9 INFO neutron.services.segments.plugin [-] Segment 05242f28-0e16-4da6-96e8-895afcfd04e4 resource provider not found; error: Placement Client Error (4xx): {"errors": [{"status": 404, "title": "Not Found", "detail": "The resource could not be found.\n\n No resource provider with uuid 05242f28-0e16-4da6-96e8-895afcfd04e4 found for delete ", "request_id": "req-21d8499c-948e-4144-b736-281a1c516a60"}]}
2026-06-24 14:29:01.737 9 INFO neutron.services.segments.plugin [-] Segment 05242f28-0e16-4da6-96e8-895afcfd04e4 resource provider not found; error: Placement Client Error (4xx): {"errors": [{"status": 404, "title": "Not Found", "detail": "The resource could not be found.\n\n No resource provider with uuid 05242f28-0e16-4da6-96e8-895afcfd04e4 found for delete ", "request_id": "req-0f42399a-068b-4ca2-a7ed-5a5b3d1386c9"}]}
2026-06-24 14:29:01.761 9 INFO neutron.wsgi [None req-006b4290-8873-4a40-918a-a724fc99b54e ce0dbd5fd4d1459584c4f270d59feb80 94034a93ca0d4cdaa13889186bd1609e - - default default] 10.0.0.73 "DELETE /v2.0/networks/e8091368-d776-4426-afd5-e70bd3d067a8 HTTP/1.1" status: 204 len: 168 time: 0.4239836
2026-06-24 14:29:01.768 10 INFO neutron.wsgi [req-e236c05d-1a3c-43e0-96a5-e780c05875de req-cf0ca4c5-c989-47d0-bff5-dba91538e498 5177dcf216e44ac2a769dc3e0840c3bb 352c077f8b574df5a89666a435e43d6d - - 23babc78c1634f95b27487dfe2f3be5a 23babc78c1634f95b27487dfe2f3be5a] 199.19.213.65 "GET /v2.0/subnets?id=6faee4b0-8858-4b38-af7a-06be3a3bf2b4 HTTP/1.1" status: 200 len: 877 time: 0.0390418
2026-06-24 14:29:01.795 10 INFO neutron.wsgi [req-e236c05d-1a3c-43e0-96a5-e780c05875de req-9dcee5b5-8b2e-4342-bdc7-1c37e3341a2b 5177dcf216e44ac2a769dc3e0840c3bb 352c077f8b574df5a89666a435e43d6d - - 23babc78c1634f95b27487dfe2f3be5a 23babc78c1634f95b27487dfe2f3be5a] 199.19.213.65 "GET /v2.0/ports?network_id=ca40442d-c8e6-4c75-aac6-a805871e6dc8&device_owner=network%3Adhcp HTTP/1.1" status: 200 len: 210 time: 0.0221422
2026-06-24 14:29:01.826 9 INFO neutron.wsgi [req-a38b7651-c1b6-45d0-b3e1-4b2271535e85 req-ff8d4ac5-2289-43e1-9b17-45cb2db74470 b60043eabe8e4b389ffca1fd4d94652b 8f31e02ad3ef4d35b7695c008b326e4c - - default default] 10.0.0.30 "GET /v2.0/ports?device_id=b08d37fd-e4a2-4220-afc1-dc642bd8b748 HTTP/1.1" status: 200 len: 1174 time: 0.0454473
2026-06-24 14:29:01.847 10 INFO neutron.plugins.ml2.drivers.ovn.mech_driver.mech_driver [None req-ac57a7c9-0d92-48ff-9ff4-0b49438ca960 - - - - - -] OVN reports status down for port: ff203779-5c26-4333-89a2-54813fa84f6e
2026-06-24 14:29:01.872 9 INFO neutron.wsgi [req-a38b7651-c1b6-45d0-b3e1-4b2271535e85 req-bf89bb20-a125-4988-ab7b-a8852ad51375 b60043eabe8e4b389ffca1fd4d94652b 8f31e02ad3ef4d35b7695c008b326e4c - - default default] 10.0.0.30 "GET /v2.0/security-groups?id=5b79654a-d520-4c53-8f17-a4f9d8a2bf0d&fields=id&fields=name HTTP/1.1" status: 200 len: 313 time: 0.0403299
2026-06-24 14:29:01.884 10 INFO neutron.wsgi [req-e236c05d-1a3c-43e0-96a5-e780c05875de req-405b6c5a-0666-4af8-a9da-7e45110928f5 5177dcf216e44ac2a769dc3e0840c3bb 352c077f8b574df5a89666a435e43d6d - - 23babc78c1634f95b27487dfe2f3be5a 23babc78c1634f95b27487dfe2f3be5a] 199.19.213.65 "GET /v2.0/networks/ca40442d-c8e6-4c75-aac6-a805871e6dc8?fields=segments HTTP/1.1" status: 200 len: 212 time: 0.0840275
2026-06-24 14:29:01.979 10 INFO neutron.wsgi [None req-5a7f8d3e-f2ad-4218-ad71-05546be6d2ba ce0dbd5fd4d1459584c4f270d59feb80 94034a93ca0d4cdaa13889186bd1609e - - default default] 10.0.0.73 "GET /v2.0/security-groups?tenant_id=a1b1d849d9624b618ed59cdd95ff8018&name=default HTTP/1.1" status: 200 len: 2996 time: 0.0674348
2026-06-24 14:29:01.981 10 INFO neutron.wsgi [req-e236c05d-1a3c-43e0-96a5-e780c05875de req-5eb443a0-b42f-43b8-92d4-06a300b2d6f5 5177dcf216e44ac2a769dc3e0840c3bb 352c077f8b574df5a89666a435e43d6d - - 23babc78c1634f95b27487dfe2f3be5a 23babc78c1634f95b27487dfe2f3be5a] 199.19.213.65 "GET /v2.0/networks/ca40442d-c8e6-4c75-aac6-a805871e6dc8?fields=provider%3Aphysical_network&fields=provider%3Anetwork_type HTTP/1.1" status: 200 len: 277 time: 0.0902081
2026-06-24 14:29:02.140 10 INFO neutron.wsgi [req-4e7bd173-f3d3-4052-ae44-3028fa9a4853 req-ebce3512-9bbe-4d79-951c-59e4838864a4 b60043eabe8e4b389ffca1fd4d94652b 8f31e02ad3ef4d35b7695c008b326e4c - - default default] 199.19.213.65 "GET /v2.0/ports?device_id=b08d37fd-e4a2-4220-afc1-dc642bd8b748 HTTP/1.1" status: 200 len: 1172 time: 0.0396445
2026-06-24 14:29:02.200 10 INFO neutron.db.ovn_revision_numbers_db [None req-ac57a7c9-0d92-48ff-9ff4-0b49438ca960 - - - - - -] Successfully bumped revision number for resource ff203779-5c26-4333-89a2-54813fa84f6e (type: ports) to 7
2026-06-24 14:29:02.202 9 INFO neutron.wsgi [None req-002133a9-6044-4d42-bf6e-2839856c162b ce0dbd5fd4d1459584c4f270d59feb80 94034a93ca0d4cdaa13889186bd1609e - - default default] 10.0.0.73 "DELETE /v2.0/security-groups/b28cad8c-e7fb-4637-89fd-3cf915666cc8 HTTP/1.1" status: 204 len: 168 time: 0.2184081
2026-06-24 14:29:02.658 10 INFO neutron.db.l3_db [req-4e7bd173-f3d3-4052-ae44-3028fa9a4853 req-2d409cee-30f3-497d-a90b-ed8de4aabdf2 b60043eabe8e4b389ffca1fd4d94652b 8f31e02ad3ef4d35b7695c008b326e4c - - default default] Floating IP 5a43fe3c-b9c1-4991-85ec-96befa807a98 disassociated. External IP: 10.96.250.218, port: ff203779-5c26-4333-89a2-54813fa84f6e.
2026-06-24 14:29:02.855 10 INFO neutron.wsgi [req-4e7bd173-f3d3-4052-ae44-3028fa9a4853 req-2d409cee-30f3-497d-a90b-ed8de4aabdf2 b60043eabe8e4b389ffca1fd4d94652b 8f31e02ad3ef4d35b7695c008b326e4c - - default default] 199.19.213.65 "DELETE /v2.0/ports/ff203779-5c26-4333-89a2-54813fa84f6e HTTP/1.1" status: 204 len: 173 time: 0.7097907 /var/lib/openstack/lib/python3.10/site-packages/pycadf/identifier.py:71: UserWarning: Invalid uuid: neutron. To ensure interoperability, identifiers should be a valid uuid. warnings.warn(('Invalid uuid: %s. To ensure interoperability, '
2026-06-24 14:29:02.992 9 INFO neutron.wsgi [req-013a83f9-f70f-4994-85b1-caca21c9f78c req-e3a11a52-8e09-4e93-9910-b356e5718ede b60043eabe8e4b389ffca1fd4d94652b 8f31e02ad3ef4d35b7695c008b326e4c - - default default] 10.0.0.30 "GET /v2.0/ports?device_id=b08d37fd-e4a2-4220-afc1-dc642bd8b748 HTTP/1.1" status: 200 len: 210 time: 0.0257416
2026-06-24 14:29:03.042 9 INFO neutron.db.ovn_revision_numbers_db [None req-b943682c-0aa8-46c5-b951-1ab38b8cd82a ce0dbd5fd4d1459584c4f270d59feb80 94034a93ca0d4cdaa13889186bd1609e - - default default] Successfully bumped revision number for resource ba812c8f-123a-4e3f-b66c-d77689d5fd59 (type: security_groups) to 1
2026-06-24 14:29:03.063 9 INFO neutron.db.ovn_revision_numbers_db [None req-b943682c-0aa8-46c5-b951-1ab38b8cd82a ce0dbd5fd4d1459584c4f270d59feb80 94034a93ca0d4cdaa13889186bd1609e - - default default] Successfully bumped revision number for resource 3d3eb085-2050-457f-b084-af241728f751 (type: security_group_rules) to 0
2026-06-24 14:29:03.079 9 INFO neutron.db.ovn_revision_numbers_db [None req-b943682c-0aa8-46c5-b951-1ab38b8cd82a ce0dbd5fd4d1459584c4f270d59feb80 94034a93ca0d4cdaa13889186bd1609e - - default default] Successfully bumped revision number for resource 6d815fc8-b341-40f1-8989-2e58191e182f (type: security_group_rules) to 0
2026-06-24 14:29:03.096 9 INFO neutron.db.ovn_revision_numbers_db [None req-b943682c-0aa8-46c5-b951-1ab38b8cd82a ce0dbd5fd4d1459584c4f270d59feb80 94034a93ca0d4cdaa13889186bd1609e - - default default] Successfully bumped revision number for resource d1c4b33e-a6a5-4b3e-9752-fd775ff201b0 (type: security_group_rules) to 0
2026-06-24 14:29:03.111 9 INFO neutron.db.ovn_revision_numbers_db [None req-b943682c-0aa8-46c5-b951-1ab38b8cd82a ce0dbd5fd4d1459584c4f270d59feb80 94034a93ca0d4cdaa13889186bd1609e - - default default] Successfully bumped revision number for resource fd1864b0-3e83-4219-86e9-44d6e0e1f0ab (type: security_group_rules) to 0
2026-06-24 14:29:03.164 9 INFO neutron.db.segments_db [None req-b943682c-0aa8-46c5-b951-1ab38b8cd82a ce0dbd5fd4d1459584c4f270d59feb80 94034a93ca0d4cdaa13889186bd1609e - - default default] Added segment b9a6f329-1680-4333-9c9c-1d2a152d8ae8 of type geneve for network fda69c23-ab3e-4548-a8ee-fd0879e0b7a4
2026-06-24 14:29:03.329 9 INFO neutron.db.ovn_revision_numbers_db [None req-b943682c-0aa8-46c5-b951-1ab38b8cd82a ce0dbd5fd4d1459584c4f270d59feb80 94034a93ca0d4cdaa13889186bd1609e - - default default] Successfully bumped revision number for resource fda69c23-ab3e-4548-a8ee-fd0879e0b7a4 (type: networks) to 1
2026-06-24 14:29:03.490 9 WARNING neutron.scheduler.dhcp_agent_scheduler [None req-b943682c-0aa8-46c5-b951-1ab38b8cd82a ce0dbd5fd4d1459584c4f270d59feb80 94034a93ca0d4cdaa13889186bd1609e - - default default] No more DHCP agents
2026-06-24 14:29:03.492 9 WARNING neutron.api.rpc.agentnotifiers.dhcp_rpc_agent_api [None req-b943682c-0aa8-46c5-b951-1ab38b8cd82a ce0dbd5fd4d1459584c4f270d59feb80 94034a93ca0d4cdaa13889186bd1609e - - default default] Unable to schedule network fda69c23-ab3e-4548-a8ee-fd0879e0b7a4: no agents available; will retry on subsequent port and subnet creation events.
2026-06-24 14:29:03.586 9 INFO neutron.db.ovn_revision_numbers_db [None req-b943682c-0aa8-46c5-b951-1ab38b8cd82a ce0dbd5fd4d1459584c4f270d59feb80 94034a93ca0d4cdaa13889186bd1609e - - default default] Successfully bumped revision number for resource 96992ac2-ac17-41a8-beb9-d979486956fd (type: ports) to 1
2026-06-24 14:29:03.593 10 INFO neutron.notifiers.nova [-] Nova event matching ['req-b2899fcc-1fd8-401a-85d9-b14eb16d8528'] response: {'server_uuid': 'b08d37fd-e4a2-4220-afc1-dc642bd8b748', 'name': 'network-vif-unplugged', 'status': 'completed', 'tag': 'ff203779-5c26-4333-89a2-54813fa84f6e', 'code': 200}
2026-06-24 14:29:03.593 10 INFO neutron.notifiers.nova [-] Nova event matching ['req-b2899fcc-1fd8-401a-85d9-b14eb16d8528'] response: {'server_uuid': 'b08d37fd-e4a2-4220-afc1-dc642bd8b748', 'name': 'network-vif-plugged', 'status': 'completed', 'tag': 'ff203779-5c26-4333-89a2-54813fa84f6e', 'code': 200}
2026-06-24 14:29:03.594 10 INFO neutron.notifiers.nova [-] Nova event matching ['req-b2899fcc-1fd8-401a-85d9-b14eb16d8528'] response: {'server_uuid': 'b08d37fd-e4a2-4220-afc1-dc642bd8b748', 'name': 'network-vif-deleted', 'tag': 'ff203779-5c26-4333-89a2-54813fa84f6e', 'status': 'completed', 'code': 200}
2026-06-24 14:29:03.608 9 INFO neutron.wsgi [None req-b943682c-0aa8-46c5-b951-1ab38b8cd82a ce0dbd5fd4d1459584c4f270d59feb80 94034a93ca0d4cdaa13889186bd1609e - - default default] 10.0.0.73 "POST /v2.0/networks HTTP/1.1" status: 201 len: 947 time: 0.8546460
2026-06-24 14:29:03.803 9 WARNING neutron.scheduler.dhcp_agent_scheduler [None req-9ecdcbee-a441-4fba-bb10-ccae6d8d975c ce0dbd5fd4d1459584c4f270d59feb80 94034a93ca0d4cdaa13889186bd1609e - - default default] No more DHCP agents
2026-06-24 14:29:03.805 9 WARNING neutron.api.rpc.agentnotifiers.dhcp_rpc_agent_api [None req-9ecdcbee-a441-4fba-bb10-ccae6d8d975c ce0dbd5fd4d1459584c4f270d59feb80 94034a93ca0d4cdaa13889186bd1609e - - default default] Unable to schedule network fda69c23-ab3e-4548-a8ee-fd0879e0b7a4: no agents available; will retry on subsequent port and subnet creation events. /var/lib/openstack/lib/python3.10/site-packages/pycadf/identifier.py:71: UserWarning: Invalid uuid: neutron. To ensure interoperability, identifiers should be a valid uuid. warnings.warn(('Invalid uuid: %s. To ensure interoperability, '
2026-06-24 14:29:04.201 10 INFO neutron.wsgi [None req-d80c1e5c-bf05-4101-bd3a-3d5cf7b002fe b60043eabe8e4b389ffca1fd4d94652b 8f31e02ad3ef4d35b7695c008b326e4c - - default default] 10.0.0.73 "DELETE /v2.0/security-groups/5b79654a-d520-4c53-8f17-a4f9d8a2bf0d HTTP/1.1" status: 204 len: 168 time: 0.1221871
2026-06-24 14:29:04.218 10 INFO neutron.api.v2.resource [None req-edea133d-952b-41b0-bcb2-eb4f840f5ba2 b60043eabe8e4b389ffca1fd4d94652b 8f31e02ad3ef4d35b7695c008b326e4c - - default default] show failed (client error): The resource could not be found.
2026-06-24 14:29:04.219 10 INFO neutron.wsgi [None req-edea133d-952b-41b0-bcb2-eb4f840f5ba2 b60043eabe8e4b389ffca1fd4d94652b 8f31e02ad3ef4d35b7695c008b326e4c - - default default] 10.0.0.73 "GET /v2.0/security-groups/5b79654a-d520-4c53-8f17-a4f9d8a2bf0d HTTP/1.1" status: 404 len: 347 time: 0.0132973
2026-06-24 14:29:04.243 9 INFO neutron.db.ovn_revision_numbers_db [None req-9ecdcbee-a441-4fba-bb10-ccae6d8d975c ce0dbd5fd4d1459584c4f270d59feb80 94034a93ca0d4cdaa13889186bd1609e - - default default] Successfully bumped revision number for resource 96992ac2-ac17-41a8-beb9-d979486956fd (type: ports) to 2
2026-06-24 14:29:04.281 9 INFO neutron.db.ovn_revision_numbers_db [None req-9ecdcbee-a441-4fba-bb10-ccae6d8d975c ce0dbd5fd4d1459584c4f270d59feb80 94034a93ca0d4cdaa13889186bd1609e - - default default] Successfully bumped revision number for resource e64ceb00-f336-4ab0-b3e9-1123ae7fd442 (type: subnets) to 0
2026-06-24 14:29:04.297 9 INFO neutron.wsgi [None req-9ecdcbee-a441-4fba-bb10-ccae6d8d975c ce0dbd5fd4d1459584c4f270d59feb80 94034a93ca0d4cdaa13889186bd1609e - - default default] 10.0.0.73 "POST /v2.0/subnets HTTP/1.1" status: 201 len: 867 time: 0.6850538
2026-06-24 14:29:04.551 10 INFO neutron.wsgi [None req-16ea1ad0-6f5c-4653-a98a-db8797cccfee b60043eabe8e4b389ffca1fd4d94652b 8f31e02ad3ef4d35b7695c008b326e4c - - default default] 10.0.0.73 "DELETE /v2.0/floatingips/5a43fe3c-b9c1-4991-85ec-96befa807a98 HTTP/1.1" status: 204 len: 168 time: 0.3252070
2026-06-24 14:29:04.782 9 WARNING neutron.scheduler.dhcp_agent_scheduler [None req-3ad5bcdf-75be-4505-8fd6-3301a7c64ff1 ce0dbd5fd4d1459584c4f270d59feb80 94034a93ca0d4cdaa13889186bd1609e - - default default] No more DHCP agents
2026-06-24 14:29:04.785 9 WARNING neutron.api.rpc.agentnotifiers.dhcp_rpc_agent_api [None req-3ad5bcdf-75be-4505-8fd6-3301a7c64ff1 ce0dbd5fd4d1459584c4f270d59feb80 94034a93ca0d4cdaa13889186bd1609e - - default default] Unable to schedule network 011c5169-757f-47ed-846d-dba39a373d9c: no agents available; will retry on subsequent port and subnet creation events.
2026-06-24 14:29:04.936 9 INFO neutron.db.ovn_revision_numbers_db [None req-3ad5bcdf-75be-4505-8fd6-3301a7c64ff1 ce0dbd5fd4d1459584c4f270d59feb80 94034a93ca0d4cdaa13889186bd1609e - - default default] Successfully bumped revision number for resource a43840d9-e460-4a80-a1b5-f3dff3172d8c (type: ports) to 1
2026-06-24 14:29:05.644 10 INFO neutron.plugins.ml2.drivers.ovn.mech_driver.mech_driver [None req-ac57a7c9-0d92-48ff-9ff4-0b49438ca960 - - - - - -] OVN reports status up for port: a43840d9-e460-4a80-a1b5-f3dff3172d8c
2026-06-24 14:29:05.652 9 INFO neutron.plugins.ml2.drivers.ovn.mech_driver.ovsdb.ovsdb_monitor [None req-be6997cc-e2e9-4252-983b-059ebd55fb50 - - - - - -] Router df300e67-3240-4337-b991-46de2f46a9ba is bound to host instance
2026-06-24 14:29:05.655 10 INFO neutron.plugins.ml2.plugin [None req-ac57a7c9-0d92-48ff-9ff4-0b49438ca960 - - - - - -] Attempt 1 to provision port a43840d9-e460-4a80-a1b5-f3dff3172d8c
2026-06-24 14:29:05.695 9 INFO neutron.db.ovn_revision_numbers_db [None req-3ad5bcdf-75be-4505-8fd6-3301a7c64ff1 ce0dbd5fd4d1459584c4f270d59feb80 94034a93ca0d4cdaa13889186bd1609e - - default default] Successfully bumped revision number for resource a43840d9-e460-4a80-a1b5-f3dff3172d8c (type: router_ports) to 1
2026-06-24 14:29:05.808 9 INFO neutron.db.ovn_revision_numbers_db [None req-3ad5bcdf-75be-4505-8fd6-3301a7c64ff1 ce0dbd5fd4d1459584c4f270d59feb80 94034a93ca0d4cdaa13889186bd1609e - - default default] Successfully bumped revision number for resource df300e67-3240-4337-b991-46de2f46a9ba (type: routers) to 2
2026-06-24 14:29:05.824 9 INFO neutron.wsgi [None req-3ad5bcdf-75be-4505-8fd6-3301a7c64ff1 ce0dbd5fd4d1459584c4f270d59feb80 94034a93ca0d4cdaa13889186bd1609e - - default default] 10.0.0.73 "POST /v2.0/routers HTTP/1.1" status: 201 len: 878 time: 1.5225222
2026-06-24 14:29:05.853 10 INFO neutron.wsgi [None req-bd216d28-f006-47f8-9e5f-e9995b5b1a8e ce0dbd5fd4d1459584c4f270d59feb80 94034a93ca0d4cdaa13889186bd1609e - - default default] 10.0.0.73 "PUT /v2.0/routers/930f7283-bded-479b-81ec-cea00cc1e890/remove_router_interface HTTP/1.1" status: 200 len: 503 time: 1.2268772 /var/lib/openstack/lib/python3.10/site-packages/pycadf/identifier.py:71: UserWarning: Invalid uuid: neutron. To ensure interoperability, identifiers should be a valid uuid. warnings.warn(('Invalid uuid: %s. To ensure interoperability, '
2026-06-24 14:29:06.428 9 INFO neutron.db.ovn_revision_numbers_db [None req-9fa9e0ba-e634-494a-bdba-143f4fc35ac8 ce0dbd5fd4d1459584c4f270d59feb80 94034a93ca0d4cdaa13889186bd1609e - - default default] Successfully bumped revision number for resource 6cd95f15-c7f3-4cab-b645-04fecfdc8774 (type: security_groups) to 1
2026-06-24 14:29:06.449 10 INFO neutron.wsgi [None req-008b0c5b-620f-48b5-b1ec-2caf819ef09d ce0dbd5fd4d1459584c4f270d59feb80 94034a93ca0d4cdaa13889186bd1609e - - default default] 10.0.0.73 "DELETE /v2.0/routers/930f7283-bded-479b-81ec-cea00cc1e890 HTTP/1.1" status: 204 len: 168 time: 0.5899398
2026-06-24 14:29:06.464 9 INFO neutron.db.ovn_revision_numbers_db [None req-9fa9e0ba-e634-494a-bdba-143f4fc35ac8 ce0dbd5fd4d1459584c4f270d59feb80 94034a93ca0d4cdaa13889186bd1609e - - default default] Successfully bumped revision number for resource 431d2772-450d-4450-be36-23198c14b5ad (type: security_group_rules) to 0
2026-06-24 14:29:06.466 9 INFO neutron.db.ovn_revision_numbers_db [None req-be6997cc-e2e9-4252-983b-059ebd55fb50 - - - - - -] Successfully bumped revision number for resource a43840d9-e460-4a80-a1b5-f3dff3172d8c (type: ports) to 1
2026-06-24 14:29:06.468 9 WARNING neutron.scheduler.dhcp_agent_scheduler [None req-d2b5ed56-c1c6-4667-a19e-bea885d447c5 ce0dbd5fd4d1459584c4f270d59feb80 94034a93ca0d4cdaa13889186bd1609e - - default default] No more DHCP agents
2026-06-24 14:29:06.473 9 WARNING neutron.api.rpc.agentnotifiers.dhcp_rpc_agent_api [None req-d2b5ed56-c1c6-4667-a19e-bea885d447c5 ce0dbd5fd4d1459584c4f270d59feb80 94034a93ca0d4cdaa13889186bd1609e - - default default] Unable to schedule network fda69c23-ab3e-4548-a8ee-fd0879e0b7a4: no agents available; will retry on subsequent port and subnet creation events.
2026-06-24 14:29:06.487 9 INFO neutron.db.ovn_revision_numbers_db [None req-9fa9e0ba-e634-494a-bdba-143f4fc35ac8 ce0dbd5fd4d1459584c4f270d59feb80 94034a93ca0d4cdaa13889186bd1609e - - default default] Successfully bumped revision number for resource 52f346e0-95dd-4cc8-bbd3-1cd6bf12e5a5 (type: security_group_rules) to 0
2026-06-24 14:29:06.510 9 INFO neutron.db.ovn_revision_numbers_db [None req-9fa9e0ba-e634-494a-bdba-143f4fc35ac8 ce0dbd5fd4d1459584c4f270d59feb80 94034a93ca0d4cdaa13889186bd1609e - - default default] Successfully bumped revision number for resource b9175868-cc25-4f6f-bf81-f9ffac90e293 (type: security_group_rules) to 0
2026-06-24 14:29:06.541 9 INFO neutron.db.ovn_revision_numbers_db [None req-9fa9e0ba-e634-494a-bdba-143f4fc35ac8 ce0dbd5fd4d1459584c4f270d59feb80 94034a93ca0d4cdaa13889186bd1609e - - default default] Successfully bumped revision number for resource ee077655-116a-45da-8fc7-381a6c032b69 (type: security_group_rules) to 0
