2026-06-24 14:24:23.736 9 INFO neutron.wsgi [None req-525bf593-5055-4609-a3e9-6a3c371426dc ce0dbd5fd4d1459584c4f270d59feb80 94034a93ca0d4cdaa13889186bd1609e - - default default] 199.19.213.65,10.0.0.105 "GET /v2.0/networks HTTP/1.1" status: 200 len: 2349 time: 0.1359580
2026-06-24 14:24:24.863 9 INFO neutron.wsgi [None req-f9a5592c-4abe-408f-8a62-51fc6fc93024 ce0dbd5fd4d1459584c4f270d59feb80 94034a93ca0d4cdaa13889186bd1609e - - default default] 199.19.213.65,10.0.0.105 "GET /v2.0/subnets HTTP/1.1" status: 200 len: 1437 time: 0.0843942
2026-06-24 14:24:24.934 9 INFO neutron.wsgi [None req-84f99cec-4cf5-447a-83bd-87063e3d0db4 ce0dbd5fd4d1459584c4f270d59feb80 94034a93ca0d4cdaa13889186bd1609e - - default default] 199.19.213.65,10.0.0.105 "GET /v2.0/networks HTTP/1.1" status: 200 len: 2349 time: 0.0640781
2026-06-24 14:24:28.158 9 INFO neutron.wsgi [-] 10.0.0.105 "GET / HTTP/1.1" status: 200 len: 247 time: 0.0026426
2026-06-24 14:24:28.162 9 INFO neutron.wsgi [-] 10.0.0.105 "GET / HTTP/1.1" status: 200 len: 247 time: 0.0022745
2026-06-24 14:24:31.844 10 INFO neutron.wsgi [None req-b545daf2-dec4-411a-8616-aaadf99da76c ce0dbd5fd4d1459584c4f270d59feb80 94034a93ca0d4cdaa13889186bd1609e - - default default] 10.0.0.63 "GET /v2.0/agents HTTP/1.1" status: 200 len: 997 time: 0.0656986
2026-06-24 14:24:31.867 10 INFO neutron.wsgi [None req-451410d1-486d-44c4-b505-2e197dc196f5 ce0dbd5fd4d1459584c4f270d59feb80 94034a93ca0d4cdaa13889186bd1609e - - default default] 10.0.0.63 "GET /v2.0/routers HTTP/1.1" status: 200 len: 189 time: 0.0220969
2026-06-24 14:24:31.876 10 INFO neutron.wsgi [None req-98cf93e7-89d7-430a-ab79-93b9d2ad90be ce0dbd5fd4d1459584c4f270d59feb80 94034a93ca0d4cdaa13889186bd1609e - - default default] 10.0.0.63 "GET /v2.0/agents?binary=ovn-controller HTTP/1.1" status: 200 len: 591 time: 0.0082648
2026-06-24 14:24:31.887 10 INFO neutron.wsgi [None req-68bb0e59-7794-454e-b311-90ccf8c929f5 ce0dbd5fd4d1459584c4f270d59feb80 94034a93ca0d4cdaa13889186bd1609e - - default default] 10.0.0.63 "GET /v2.0/network-ip-availabilities HTTP/1.1" status: 200 len: 1280 time: 0.0098870
2026-06-24 14:24:31.920 10 INFO neutron.wsgi [None req-c9c2aba9-2b06-4ff3-badb-36e6ab410ac0 ce0dbd5fd4d1459584c4f270d59feb80 94034a93ca0d4cdaa13889186bd1609e - - default default] 10.0.0.63 "GET /v2.0/subnets HTTP/1.1" status: 200 len: 1437 time: 0.0326431
2026-06-24 14:24:31.947 10 INFO neutron.wsgi [None req-1dd4f102-1180-4782-a5a0-77f3095cc77e ce0dbd5fd4d1459584c4f270d59feb80 94034a93ca0d4cdaa13889186bd1609e - - default default] 10.0.0.63 "GET /v2.0/subnetpools HTTP/1.1" status: 200 len: 193 time: 0.0249286
2026-06-24 14:24:31.983 10 INFO neutron.wsgi [None req-ef82d40e-3972-43da-b3b3-1ec957539ee7 ce0dbd5fd4d1459584c4f270d59feb80 94034a93ca0d4cdaa13889186bd1609e - - default default] 10.0.0.63 "GET /v2.0/subnets HTTP/1.1" status: 200 len: 1437 time: 0.0360937
2026-06-24 14:24:32.016 10 INFO neutron.wsgi [None req-cb88798a-a43c-4181-8d04-2e31c2e842a6 ce0dbd5fd4d1459584c4f270d59feb80 94034a93ca0d4cdaa13889186bd1609e - - default default] 10.0.0.63 "GET /v2.0/ports HTTP/1.1" status: 200 len: 5347 time: 0.0313561
2026-06-24 14:24:32.041 10 INFO neutron.wsgi [None req-560d3d50-abec-4ea7-9f3a-871cc398359b ce0dbd5fd4d1459584c4f270d59feb80 94034a93ca0d4cdaa13889186bd1609e - - default default] 10.0.0.63 "GET /v2.0/floatingips HTTP/1.1" status: 200 len: 193 time: 0.0193260
2026-06-24 14:24:32.096 10 INFO neutron.wsgi [None req-68879811-c7f8-49e1-863f-cef63557fab2 ce0dbd5fd4d1459584c4f270d59feb80 94034a93ca0d4cdaa13889186bd1609e - - default default] 10.0.0.63 "GET /v2.0/networks HTTP/1.1" status: 200 len: 2349 time: 0.0547721
2026-06-24 14:24:32.145 10 INFO neutron.wsgi [None req-d8b9a900-438d-4369-aa37-62ba8576583f ce0dbd5fd4d1459584c4f270d59feb80 94034a93ca0d4cdaa13889186bd1609e - - default default] 10.0.0.63 "GET /v2.0/security-groups HTTP/1.1" status: 200 len: 16799 time: 0.0464735
2026-06-24 14:24:43.158 10 INFO neutron.wsgi [-] 10.0.0.105 "GET / HTTP/1.1" status: 200 len: 247 time: 0.0026033
2026-06-24 14:24:43.161 10 INFO neutron.wsgi [-] 10.0.0.105 "GET / HTTP/1.1" status: 200 len: 247 time: 0.0017159
2026-06-24 14:24:58.158 9 INFO neutron.wsgi [-] 10.0.0.105 "GET / HTTP/1.1" status: 200 len: 247 time: 0.0022604
2026-06-24 14:24:58.158 10 INFO neutron.wsgi [-] 10.0.0.105 "GET / HTTP/1.1" status: 200 len: 247 time: 0.0024760
2026-06-24 14:25:01.015 9 INFO neutron.wsgi [None req-617a9c9d-4faf-4f2f-b02d-b6a1e9a1a2c2 ce0dbd5fd4d1459584c4f270d59feb80 94034a93ca0d4cdaa13889186bd1609e - - default default] 199.19.213.65,10.0.0.105 "GET /v2.0/networks HTTP/1.1" status: 200 len: 2349 time: 0.1778200
2026-06-24 14:25:01.963 10 INFO neutron.wsgi [None req-ca7faf62-0d0b-4a0e-a802-5f3d69adc396 ce0dbd5fd4d1459584c4f270d59feb80 94034a93ca0d4cdaa13889186bd1609e - - default default] 199.19.213.65,10.0.0.105 "GET /v2.0/subnets HTTP/1.1" status: 200 len: 1437 time: 0.0765059
2026-06-24 14:25:02.029 10 INFO neutron.wsgi [None req-700bbfcf-cea8-497d-b7d8-4d9700288062 ce0dbd5fd4d1459584c4f270d59feb80 94034a93ca0d4cdaa13889186bd1609e - - default default] 199.19.213.65,10.0.0.105 "GET /v2.0/networks HTTP/1.1" status: 200 len: 2349 time: 0.0579369
2026-06-24 14:25:03.133 10 INFO neutron.wsgi [None req-0a0b55d8-d4ac-401c-bb9a-912fb748f390 ce0dbd5fd4d1459584c4f270d59feb80 94034a93ca0d4cdaa13889186bd1609e - - default default] 199.19.213.65,10.0.0.105 "GET /v2.0/security-groups?tenant_id=94034a93ca0d4cdaa13889186bd1609e HTTP/1.1" status: 200 len: 10157 time: 0.0794888
2026-06-24 14:25:04.367 9 INFO neutron.wsgi [None req-9e718488-4d73-428a-908d-86f16b0492ba ce0dbd5fd4d1459584c4f270d59feb80 94034a93ca0d4cdaa13889186bd1609e - - default default] 199.19.213.65,10.0.0.105 "GET /v2.0/security-groups?tenant_id=94034a93ca0d4cdaa13889186bd1609e HTTP/1.1" status: 200 len: 10157 time: 0.1228251
2026-06-24 14:25:05.231 9 INFO neutron.wsgi [None req-2d9d53ce-5c6d-4561-9fc6-b282aaded4de ce0dbd5fd4d1459584c4f270d59feb80 94034a93ca0d4cdaa13889186bd1609e - - default default] 199.19.213.65,10.0.0.105 "GET /v2.0/security-groups?tenant_id=94034a93ca0d4cdaa13889186bd1609e HTTP/1.1" status: 200 len: 10157 time: 0.0897808
2026-06-24 14:25:06.098 9 INFO neutron.wsgi [None req-7f2215d2-d783-4bc4-8181-a115d9be4904 ce0dbd5fd4d1459584c4f270d59feb80 94034a93ca0d4cdaa13889186bd1609e - - default default] 199.19.213.65,10.0.0.105 "GET /v2.0/security-groups?tenant_id=94034a93ca0d4cdaa13889186bd1609e HTTP/1.1" status: 200 len: 10157 time: 0.0854056
2026-06-24 14:25:06.951 9 INFO neutron.wsgi [None req-293b008b-42b0-4331-aa69-8aea92a45c4c ce0dbd5fd4d1459584c4f270d59feb80 94034a93ca0d4cdaa13889186bd1609e - - default default] 199.19.213.65,10.0.0.105 "GET /v2.0/security-groups?tenant_id=94034a93ca0d4cdaa13889186bd1609e HTTP/1.1" status: 200 len: 10157 time: 0.0860050
2026-06-24 14:25:07.835 9 INFO neutron.wsgi [None req-0159e143-e5cf-4053-a19f-5d03ef4a003e ce0dbd5fd4d1459584c4f270d59feb80 94034a93ca0d4cdaa13889186bd1609e - - default default] 199.19.213.65,10.0.0.105 "GET /v2.0/security-groups?tenant_id=94034a93ca0d4cdaa13889186bd1609e HTTP/1.1" status: 200 len: 10157 time: 0.0971572
2026-06-24 14:25:09.097 9 INFO neutron.wsgi [None req-d117c477-a050-42f5-8e54-9851aa4c902b ce0dbd5fd4d1459584c4f270d59feb80 94034a93ca0d4cdaa13889186bd1609e - - default default] 199.19.213.65,10.0.0.105 "GET /v2.0/security-groups HTTP/1.1" status: 200 len: 16799 time: 0.0901928
2026-06-24 14:25:09.139 9 INFO neutron.wsgi [None req-8d72f19b-bce6-4e62-abcb-0d0df20e8e08 ce0dbd5fd4d1459584c4f270d59feb80 94034a93ca0d4cdaa13889186bd1609e - - default default] 199.19.213.65,10.0.0.105 "GET /v2.0/ports HTTP/1.1" status: 200 len: 5347 time: 0.0324900
2026-06-24 14:25:13.158 10 INFO neutron.wsgi [-] 10.0.0.105 "GET / HTTP/1.1" status: 200 len: 247 time: 0.0019174
2026-06-24 14:25:13.159 9 INFO neutron.wsgi [-] 10.0.0.105 "GET / HTTP/1.1" status: 200 len: 247 time: 0.0026927
2026-06-24 14:25:15.639 10 INFO neutron.pecan_wsgi.hooks.translation [None req-37f25d16-d5a3-44d5-8a27-9cb97c513fe5 ce0dbd5fd4d1459584c4f270d59feb80 94034a93ca0d4cdaa13889186bd1609e - - default default] GET failed (client error): The resource could not be found.
2026-06-24 14:25:15.642 10 INFO neutron.wsgi [None req-37f25d16-d5a3-44d5-8a27-9cb97c513fe5 ce0dbd5fd4d1459584c4f270d59feb80 94034a93ca0d4cdaa13889186bd1609e - - default default] 199.19.213.65,10.0.0.105 "GET /v2.0/ports/octavia-health-manager-port-instance HTTP/1.1" status: 404 len: 314 time: 0.0598223
2026-06-24 14:25:15.694 10 INFO neutron.wsgi [None req-c022202f-2aa8-46f0-a28b-da350a9a4822 ce0dbd5fd4d1459584c4f270d59feb80 94034a93ca0d4cdaa13889186bd1609e - - default default] 199.19.213.65,10.0.0.105 "GET /v2.0/ports?name=octavia-health-manager-port-instance HTTP/1.1" status: 200 len: 1395 time: 0.0466287
2026-06-24 14:25:17.196 10 INFO neutron.wsgi [None req-05e35a37-6a3b-449e-b180-205c5899fb5b ce0dbd5fd4d1459584c4f270d59feb80 94034a93ca0d4cdaa13889186bd1609e - - default default] 199.19.213.65,10.0.0.105 "GET /v2.0/ports HTTP/1.1" status: 200 len: 5347 time: 0.0675578
2026-06-24 14:25:18.268 9 INFO neutron.wsgi [None req-6a80296b-5bf8-4c4e-a139-e86277357f00 ce0dbd5fd4d1459584c4f270d59feb80 94034a93ca0d4cdaa13889186bd1609e - - default default] 199.19.213.65,10.0.0.105 "GET /v2.0/security-groups?tenant_id=94034a93ca0d4cdaa13889186bd1609e HTTP/1.1" status: 200 len: 10157 time: 0.1177819
2026-06-24 14:25:19.195 9 INFO neutron.wsgi [None req-831697dd-60ad-4235-ba4d-0dcbe970e2e9 ce0dbd5fd4d1459584c4f270d59feb80 94034a93ca0d4cdaa13889186bd1609e - - default default] 199.19.213.65,10.0.0.105 "GET /v2.0/security-groups?tenant_id=94034a93ca0d4cdaa13889186bd1609e HTTP/1.1" status: 200 len: 10157 time: 0.0747101
2026-06-24 14:25:20.314 10 INFO neutron.wsgi [None req-0e7131bf-7485-40e1-b460-645ed3da9291 ce0dbd5fd4d1459584c4f270d59feb80 94034a93ca0d4cdaa13889186bd1609e - - default default] 199.19.213.65,10.0.0.105 "GET /v2.0/security-groups?tenant_id=94034a93ca0d4cdaa13889186bd1609e HTTP/1.1" status: 200 len: 10157 time: 0.0796161
2026-06-24 14:25:28.158 10 INFO neutron.wsgi [-] 10.0.0.105 "GET / HTTP/1.1" status: 200 len: 247 time: 0.0016975
2026-06-24 14:25:28.159 9 INFO neutron.wsgi [-] 10.0.0.105 "GET / HTTP/1.1" status: 200 len: 247 time: 0.0034306
2026-06-24 14:25:31.045 10 INFO neutron.wsgi [None req-c84810fb-9930-471a-805e-9124c1589265 ce0dbd5fd4d1459584c4f270d59feb80 94034a93ca0d4cdaa13889186bd1609e - - default default] 199.19.213.65,10.0.0.105 "GET /v2.0/quotas/94034a93ca0d4cdaa13889186bd1609e HTTP/1.1" status: 200 len: 361 time: 0.0112641
2026-06-24 14:25:31.853 10 INFO neutron.wsgi [None req-bc825be6-b849-4975-92f6-8feaac4b2297 ce0dbd5fd4d1459584c4f270d59feb80 94034a93ca0d4cdaa13889186bd1609e - - default default] 10.0.0.63 "GET /v2.0/agents HTTP/1.1" status: 200 len: 997 time: 0.0702314
2026-06-24 14:25:31.874 10 INFO neutron.wsgi [None req-c51a2302-062f-401b-b98b-b0b4e403ab75 ce0dbd5fd4d1459584c4f270d59feb80 94034a93ca0d4cdaa13889186bd1609e - - default default] 10.0.0.63 "GET /v2.0/floatingips HTTP/1.1" status: 200 len: 193 time: 0.0205791
2026-06-24 14:25:31.942 10 INFO neutron.wsgi [None req-1977dbe8-916f-45e8-9f8f-9711cb9d5fdd ce0dbd5fd4d1459584c4f270d59feb80 94034a93ca0d4cdaa13889186bd1609e - - default default] 10.0.0.63 "GET /v2.0/networks HTTP/1.1" status: 200 len: 2349 time: 0.0672824
2026-06-24 14:25:31.982 10 INFO neutron.wsgi [None req-3b4169a4-1e9e-470b-b262-ca3aa6d2b99e ce0dbd5fd4d1459584c4f270d59feb80 94034a93ca0d4cdaa13889186bd1609e - - default default] 10.0.0.63 "GET /v2.0/subnets HTTP/1.1" status: 200 len: 1437 time: 0.0362124
2026-06-24 14:25:31.992 10 INFO neutron.wsgi [None req-14089c27-9325-4982-8d4a-acb6b07f0752 ce0dbd5fd4d1459584c4f270d59feb80 94034a93ca0d4cdaa13889186bd1609e - - default default] 10.0.0.63 "GET /v2.0/network-ip-availabilities HTTP/1.1" status: 200 len: 1280 time: 0.0084167
2026-06-24 14:25:32.020 10 INFO neutron.wsgi [None req-79f2c9f1-2711-4332-91d6-4b8bc8fb7eef ce0dbd5fd4d1459584c4f270d59feb80 94034a93ca0d4cdaa13889186bd1609e - - default default] 10.0.0.63 "GET /v2.0/ports HTTP/1.1" status: 200 len: 5347 time: 0.0275199
2026-06-24 14:25:32.049 10 INFO neutron.wsgi [None req-aae61b97-3081-48a0-b58f-992f681e1e56 ce0dbd5fd4d1459584c4f270d59feb80 94034a93ca0d4cdaa13889186bd1609e - - default default] 10.0.0.63 "GET /v2.0/routers HTTP/1.1" status: 200 len: 189 time: 0.0245388
2026-06-24 14:25:32.060 10 INFO neutron.wsgi [None req-042c0b27-44f1-4898-beb3-28637e8a4ada ce0dbd5fd4d1459584c4f270d59feb80 94034a93ca0d4cdaa13889186bd1609e - - default default] 10.0.0.63 "GET /v2.0/agents?binary=ovn-controller HTTP/1.1" status: 200 len: 591 time: 0.0104973
2026-06-24 14:25:32.091 10 INFO neutron.wsgi [None req-ff79c9d4-d00f-43d8-b4d3-7b457f4ebc49 ce0dbd5fd4d1459584c4f270d59feb80 94034a93ca0d4cdaa13889186bd1609e - - default default] 10.0.0.63 "GET /v2.0/subnets HTTP/1.1" status: 200 len: 1437 time: 0.0302832
2026-06-24 14:25:32.100 10 INFO neutron.wsgi [None req-a97f6676-19ff-4b18-9986-02192e9eb79f ce0dbd5fd4d1459584c4f270d59feb80 94034a93ca0d4cdaa13889186bd1609e - - default default] 10.0.0.63 "GET /v2.0/subnetpools HTTP/1.1" status: 200 len: 193 time: 0.0081220
2026-06-24 14:25:32.144 10 INFO neutron.wsgi [None req-28bb24fe-8a79-4710-a5b5-f751277453e6 ce0dbd5fd4d1459584c4f270d59feb80 94034a93ca0d4cdaa13889186bd1609e - - default default] 10.0.0.63 "GET /v2.0/security-groups HTTP/1.1" status: 200 len: 16799 time: 0.0430803
2026-06-24 14:25:43.158 10 INFO neutron.wsgi [-] 10.0.0.105 "GET / HTTP/1.1" status: 200 len: 247 time: 0.0022831
2026-06-24 14:25:43.158 9 INFO neutron.wsgi [-] 10.0.0.105 "GET / HTTP/1.1" status: 200 len: 247 time: 0.0022812
2026-06-24 14:25:58.157 9 INFO neutron.wsgi [-] 10.0.0.105 "GET / HTTP/1.1" status: 200 len: 247 time: 0.0025630
2026-06-24 14:25:58.159 9 INFO neutron.wsgi [-] 10.0.0.105 "GET / HTTP/1.1" status: 200 len: 247 time: 0.0011740
2026-06-24 14:26:13.157 10 INFO neutron.wsgi [-] 10.0.0.105 "GET / HTTP/1.1" status: 200 len: 247 time: 0.0017586
2026-06-24 14:26:13.157 9 INFO neutron.wsgi [-] 10.0.0.105 "GET / HTTP/1.1" status: 200 len: 247 time: 0.0018258
2026-06-24 14:26:21.146 9 INFO neutron.wsgi [None req-85cbd092-7fbe-4c15-a870-3926e5a9a33f ce0dbd5fd4d1459584c4f270d59feb80 94034a93ca0d4cdaa13889186bd1609e - - default default] 199.19.213.65,10.0.0.105 "GET /v2.0/security-groups?tenant_id=352c077f8b574df5a89666a435e43d6d HTTP/1.1" status: 200 len: 6838 time: 0.0829151
2026-06-24 14:26:22.156 9 INFO neutron.wsgi [None req-b55d4de7-7d2b-4525-a138-b6f0aaf27ed3 ce0dbd5fd4d1459584c4f270d59feb80 94034a93ca0d4cdaa13889186bd1609e - - default default] 199.19.213.65,10.0.0.105 "GET /v2.0/security-groups?tenant_id=352c077f8b574df5a89666a435e43d6d HTTP/1.1" status: 200 len: 6838 time: 0.0959735
2026-06-24 14:26:23.002 9 INFO neutron.wsgi [None req-5657c15e-e314-431c-90f6-e493845381e4 ce0dbd5fd4d1459584c4f270d59feb80 94034a93ca0d4cdaa13889186bd1609e - - default default] 199.19.213.65,10.0.0.105 "GET /v2.0/security-groups?tenant_id=352c077f8b574df5a89666a435e43d6d HTTP/1.1" status: 200 len: 6838 time: 0.0823350
2026-06-24 14:26:23.926 10 INFO neutron.wsgi [None req-63e6410e-3a95-4c05-a126-349d65f11bf3 ce0dbd5fd4d1459584c4f270d59feb80 94034a93ca0d4cdaa13889186bd1609e - - default default] 199.19.213.65,10.0.0.105 "GET /v2.0/security-groups?tenant_id=352c077f8b574df5a89666a435e43d6d HTTP/1.1" status: 200 len: 6838 time: 0.0921447
2026-06-24 14:26:24.933 9 INFO neutron.wsgi [None req-a691ff0b-62fc-471b-a56a-2cad5d8ff185 ce0dbd5fd4d1459584c4f270d59feb80 94034a93ca0d4cdaa13889186bd1609e - - default default] 199.19.213.65,10.0.0.105 "GET /v2.0/security-groups?tenant_id=352c077f8b574df5a89666a435e43d6d HTTP/1.1" status: 200 len: 6838 time: 0.0820479
2026-06-24 14:26:28.158 9 INFO neutron.wsgi [-] 10.0.0.105 "GET / HTTP/1.1" status: 200 len: 247 time: 0.0022399
2026-06-24 14:26:28.159 10 INFO neutron.wsgi [-] 10.0.0.105 "GET / HTTP/1.1" status: 200 len: 247 time: 0.0030868
2026-06-24 14:26:31.858 10 INFO neutron.wsgi [None req-56a51f4d-9e92-4581-808c-b02c9a65bff3 ce0dbd5fd4d1459584c4f270d59feb80 94034a93ca0d4cdaa13889186bd1609e - - default default] 10.0.0.63 "GET /v2.0/floatingips HTTP/1.1" status: 200 len: 193 time: 0.0697443
2026-06-24 14:26:31.890 10 INFO neutron.wsgi [None req-e342ae53-c6ec-406a-aa69-b742a55f07a7 ce0dbd5fd4d1459584c4f270d59feb80 94034a93ca0d4cdaa13889186bd1609e - - default default] 10.0.0.63 "GET /v2.0/subnets HTTP/1.1" status: 200 len: 1437 time: 0.0318010
2026-06-24 14:26:31.930 10 INFO neutron.wsgi [None req-91fe4b03-876c-4b73-96a9-8f068ff22dcf ce0dbd5fd4d1459584c4f270d59feb80 94034a93ca0d4cdaa13889186bd1609e - - default default] 10.0.0.63 "GET /v2.0/security-groups HTTP/1.1" status: 200 len: 16799 time: 0.0382247
2026-06-24 14:26:31.967 10 INFO neutron.wsgi [None req-2caa0160-527b-43d9-8180-577d7b6bed9a ce0dbd5fd4d1459584c4f270d59feb80 94034a93ca0d4cdaa13889186bd1609e - - default default] 199.19.213.65,10.0.0.105 "GET /v2.0/quotas/352c077f8b574df5a89666a435e43d6d HTTP/1.1" status: 200 len: 361 time: 0.0209482
2026-06-24 14:26:31.983 10 INFO neutron.wsgi [None req-89e278b0-2bd6-489f-8f99-81c8d89133b9 ce0dbd5fd4d1459584c4f270d59feb80 94034a93ca0d4cdaa13889186bd1609e - - default default] 10.0.0.63 "GET /v2.0/agents HTTP/1.1" status: 200 len: 997 time: 0.0466871
2026-06-24 14:26:32.013 10 INFO neutron.wsgi [None req-cc4a0a33-e6df-45a7-bc02-b4d0d8e632ba ce0dbd5fd4d1459584c4f270d59feb80 94034a93ca0d4cdaa13889186bd1609e - - default default] 10.0.0.63 "GET /v2.0/ports HTTP/1.1" status: 200 len: 5347 time: 0.0284350
2026-06-24 14:26:32.084 10 INFO neutron.wsgi [None req-ebb504df-e6a9-4ede-b5fd-0104fc5931b3 ce0dbd5fd4d1459584c4f270d59feb80 94034a93ca0d4cdaa13889186bd1609e - - default default] 10.0.0.63 "GET /v2.0/routers HTTP/1.1" status: 200 len: 189 time: 0.0672133
2026-06-24 14:26:32.093 10 INFO neutron.wsgi [None req-f5c2a307-0e06-41ba-b962-d59828c409ab ce0dbd5fd4d1459584c4f270d59feb80 94034a93ca0d4cdaa13889186bd1609e - - default default] 10.0.0.63 "GET /v2.0/agents?binary=ovn-controller HTTP/1.1" status: 200 len: 591 time: 0.0089538
2026-06-24 14:26:32.105 10 INFO neutron.wsgi [None req-dd33f5c2-d729-4a32-bdb7-c9af42244885 ce0dbd5fd4d1459584c4f270d59feb80 94034a93ca0d4cdaa13889186bd1609e - - default default] 10.0.0.63 "GET /v2.0/network-ip-availabilities HTTP/1.1" status: 200 len: 1280 time: 0.0110016
2026-06-24 14:26:32.138 10 INFO neutron.wsgi [None req-b562607e-d40d-4035-a12a-7ca9cf5094e8 ce0dbd5fd4d1459584c4f270d59feb80 94034a93ca0d4cdaa13889186bd1609e - - default default] 10.0.0.63 "GET /v2.0/subnets HTTP/1.1" status: 200 len: 1437 time: 0.0314026
2026-06-24 14:26:32.146 10 INFO neutron.wsgi [None req-3396f735-c94e-42bd-ab96-2647220aba56 ce0dbd5fd4d1459584c4f270d59feb80 94034a93ca0d4cdaa13889186bd1609e - - default default] 10.0.0.63 "GET /v2.0/subnetpools HTTP/1.1" status: 200 len: 193 time: 0.0074506
2026-06-24 14:26:32.209 10 INFO neutron.wsgi [None req-ff89c599-c442-46d6-afc7-8a37899dbdd1 ce0dbd5fd4d1459584c4f270d59feb80 94034a93ca0d4cdaa13889186bd1609e - - default default] 10.0.0.63 "GET /v2.0/networks HTTP/1.1" status: 200 len: 2349 time: 0.0614717
2026-06-24 14:26:43.158 9 INFO neutron.wsgi [-] 10.0.0.105 "GET / HTTP/1.1" status: 200 len: 247 time: 0.0024519
2026-06-24 14:26:43.159 10 INFO neutron.wsgi [-] 10.0.0.105 "GET / HTTP/1.1" status: 200 len: 247 time: 0.0029109
2026-06-24 14:26:58.158 10 INFO neutron.wsgi [-] 10.0.0.105 "GET / HTTP/1.1" status: 200 len: 247 time: 0.0021596
2026-06-24 14:26:58.160 9 INFO neutron.wsgi [-] 10.0.0.105 "GET / HTTP/1.1" status: 200 len: 247 time: 0.0044727
2026-06-24 14:27:13.158 9 INFO neutron.wsgi [-] 10.0.0.105 "GET / HTTP/1.1" status: 200 len: 247 time: 0.0016637
2026-06-24 14:27:13.158 10 INFO neutron.wsgi [-] 10.0.0.105 "GET / HTTP/1.1" status: 200 len: 247 time: 0.0027382
2026-06-24 14:27:24.921 10 INFO neutron.wsgi [None req-ce29157b-cb8e-4263-8426-cb56a19cbf58 ce0dbd5fd4d1459584c4f270d59feb80 94034a93ca0d4cdaa13889186bd1609e - - default default] 199.19.213.65,10.0.0.105 "GET /v2.0/networks HTTP/1.1" status: 200 len: 2349 time: 0.0954933
2026-06-24 14:27:28.157 10 INFO neutron.wsgi [-] 10.0.0.105 "GET / HTTP/1.1" status: 200 len: 247 time: 0.0017695
2026-06-24 14:27:28.158 9 INFO neutron.wsgi [-] 10.0.0.105 "GET / HTTP/1.1" status: 200 len: 247 time: 0.0026007
2026-06-24 14:27:31.961 10 INFO neutron.wsgi [None req-e9413c56-b329-40b5-9ebc-8fe6b73a1ee7 ce0dbd5fd4d1459584c4f270d59feb80 94034a93ca0d4cdaa13889186bd1609e - - default default] 10.0.0.63 "GET /v2.0/security-groups HTTP/1.1" status: 200 len: 16799 time: 0.1192615
2026-06-24 14:27:31.997 10 INFO neutron.wsgi [None req-fd466fc8-9d1a-4b88-87b5-fe038f1cf17a ce0dbd5fd4d1459584c4f270d59feb80 94034a93ca0d4cdaa13889186bd1609e - - default default] 10.0.0.63 "GET /v2.0/ports HTTP/1.1" status: 200 len: 5347 time: 0.0280704
2026-06-24 14:27:32.010 10 INFO neutron.wsgi [None req-dfc4149d-c3f7-4ff4-853b-e9d1e01e4bb9 ce0dbd5fd4d1459584c4f270d59feb80 94034a93ca0d4cdaa13889186bd1609e - - default default] 10.0.0.63 "GET /v2.0/network-ip-availabilities HTTP/1.1" status: 200 len: 1280 time: 0.0090261
2026-06-24 14:27:32.071 10 INFO neutron.wsgi [None req-069de4bd-2f8f-4483-aa33-02bc776466db ce0dbd5fd4d1459584c4f270d59feb80 94034a93ca0d4cdaa13889186bd1609e - - default default] 10.0.0.63 "GET /v2.0/networks HTTP/1.1" status: 200 len: 2349 time: 0.0601296
2026-06-24 14:27:32.095 10 INFO neutron.wsgi [None req-35b4d519-5d8a-4401-ae54-6e7a01290fe4 ce0dbd5fd4d1459584c4f270d59feb80 94034a93ca0d4cdaa13889186bd1609e - - default default] 10.0.0.63 "GET /v2.0/routers HTTP/1.1" status: 200 len: 189 time: 0.0220070
2026-06-24 14:27:32.139 10 INFO neutron.wsgi [None req-72ede160-5c7a-4ab8-a911-4d8d8cf26458 ce0dbd5fd4d1459584c4f270d59feb80 94034a93ca0d4cdaa13889186bd1609e - - default default] 10.0.0.63 "GET /v2.0/agents?binary=ovn-controller HTTP/1.1" status: 200 len: 591 time: 0.0431917
2026-06-24 14:27:32.150 10 INFO neutron.wsgi [None req-ae4d922c-09da-4f97-a6b9-fdd034889f49 ce0dbd5fd4d1459584c4f270d59feb80 94034a93ca0d4cdaa13889186bd1609e - - default default] 10.0.0.63 "GET /v2.0/agents HTTP/1.1" status: 200 len: 997 time: 0.0092349
2026-06-24 14:27:32.177 10 INFO neutron.wsgi [None req-15baa905-9cc5-43dc-a742-9fa6753ac247 ce0dbd5fd4d1459584c4f270d59feb80 94034a93ca0d4cdaa13889186bd1609e - - default default] 10.0.0.63 "GET /v2.0/subnets HTTP/1.1" status: 200 len: 1437 time: 0.0264602
2026-06-24 14:27:32.207 10 INFO neutron.wsgi [None req-7f7759ab-030a-49c4-a649-415406ac6cee ce0dbd5fd4d1459584c4f270d59feb80 94034a93ca0d4cdaa13889186bd1609e - - default default] 10.0.0.63 "GET /v2.0/subnets HTTP/1.1" status: 200 len: 1437 time: 0.0282845
2026-06-24 14:27:32.224 10 INFO neutron.wsgi [None req-ff2b57fe-b1f5-4dae-9d4d-0f724b9dcfc2 ce0dbd5fd4d1459584c4f270d59feb80 94034a93ca0d4cdaa13889186bd1609e - - default default] 10.0.0.63 "GET /v2.0/subnetpools HTTP/1.1" status: 200 len: 193 time: 0.0128100
2026-06-24 14:27:32.243 10 INFO neutron.wsgi [None req-c3fdc0c0-5d29-4a36-94dc-a7ccd14833a4 ce0dbd5fd4d1459584c4f270d59feb80 94034a93ca0d4cdaa13889186bd1609e - - default default] 10.0.0.63 "GET /v2.0/floatingips HTTP/1.1" status: 200 len: 193 time: 0.0186863
2026-06-24 14:27:43.158 10 INFO neutron.wsgi [-] 10.0.0.105 "GET / HTTP/1.1" status: 200 len: 247 time: 0.0017483
2026-06-24 14:27:43.158 9 INFO neutron.wsgi [-] 10.0.0.105 "GET / HTTP/1.1" status: 200 len: 247 time: 0.0023904
2026-06-24 14:27:58.157 9 INFO neutron.wsgi [-] 10.0.0.105 "GET / HTTP/1.1" status: 200 len: 247 time: 0.0016425
2026-06-24 14:27:58.158 10 INFO neutron.wsgi [-] 10.0.0.105 "GET / HTTP/1.1" status: 200 len: 247 time: 0.0024247
2026-06-24 14:28:04.131 9 INFO neutron.wsgi [None req-00ec2a34-ae29-4070-b734-9a960dce1ac1 ce0dbd5fd4d1459584c4f270d59feb80 94034a93ca0d4cdaa13889186bd1609e - - default default] 10.0.0.73 "GET /v2.0/networks HTTP/1.1" status: 200 len: 2368 time: 0.2357855
2026-06-24 14:28:05.289 9 INFO neutron.wsgi [None req-99af6067-324c-40de-92ad-3a9bd97480f8 ce0dbd5fd4d1459584c4f270d59feb80 94034a93ca0d4cdaa13889186bd1609e - - default default] 10.0.0.73 "GET /v2.0/floatingips HTTP/1.1" status: 200 len: 212 time: 0.0442884
2026-06-24 14:28:05.326 9 INFO neutron.wsgi [None req-c8c571cb-2ac1-4ed2-9151-c55243125b8d ce0dbd5fd4d1459584c4f270d59feb80 94034a93ca0d4cdaa13889186bd1609e - - default default] 10.0.0.73 "GET /v2.0/routers HTTP/1.1" status: 200 len: 208 time: 0.0307655
2026-06-24 14:28:05.427 9 INFO neutron.wsgi [None req-a35b73e9-6e14-4038-b806-beb985c6e0ec ce0dbd5fd4d1459584c4f270d59feb80 94034a93ca0d4cdaa13889186bd1609e - - default default] 10.0.0.73 "GET /v2.0/ports HTTP/1.1" status: 200 len: 5366 time: 0.0940838
2026-06-24 14:28:05.458 9 INFO neutron.wsgi [None req-8b9ea50b-1b17-4927-8d30-88be3ecf7f40 ce0dbd5fd4d1459584c4f270d59feb80 94034a93ca0d4cdaa13889186bd1609e - - default default] 10.0.0.73 "GET /v2.0/subnets HTTP/1.1" status: 200 len: 1456 time: 0.0256803
2026-06-24 14:28:05.525 9 INFO neutron.wsgi [None req-cf205142-2e1c-487a-83f2-19fbe9bbb280 ce0dbd5fd4d1459584c4f270d59feb80 94034a93ca0d4cdaa13889186bd1609e - - default default] 10.0.0.73 "GET /v2.0/networks HTTP/1.1" status: 200 len: 2368 time: 0.0597401
2026-06-24 14:28:05.574 9 INFO neutron.wsgi [None req-fa4772a3-6f12-4d05-96ba-6a5218a88aab ce0dbd5fd4d1459584c4f270d59feb80 94034a93ca0d4cdaa13889186bd1609e - - default default] 10.0.0.73 "GET /v2.0/security-groups HTTP/1.1" status: 200 len: 16818 time: 0.0443356
2026-06-24 14:28:05.592 9 INFO neutron.wsgi [None req-4e8231ea-8ff0-434e-a62d-1ba030ca119e ce0dbd5fd4d1459584c4f270d59feb80 94034a93ca0d4cdaa13889186bd1609e - - default default] 10.0.0.73 "GET /v2.0/subnetpools HTTP/1.1" status: 200 len: 212 time: 0.0130782
2026-06-24 14:28:13.158 9 INFO neutron.wsgi [-] 10.0.0.105 "GET / HTTP/1.1" status: 200 len: 247 time: 0.0020561
2026-06-24 14:28:13.160 9 INFO neutron.wsgi [-] 10.0.0.105 "GET / HTTP/1.1" status: 200 len: 247 time: 0.0014741
2026-06-24 14:28:16.833 10 INFO neutron.db.ovn_revision_numbers_db [None req-d75b59bc-06c8-400a-af1e-699ef43c7c91 ce0dbd5fd4d1459584c4f270d59feb80 94034a93ca0d4cdaa13889186bd1609e - - default default] Successfully bumped revision number for resource 52ed3b50-3cfc-426b-a2bf-b2d7dd1c662c (type: security_groups) to 1
2026-06-24 14:28:16.836 9 INFO neutron.db.ovn_revision_numbers_db [None req-61c672a5-83d1-4ca2-87da-0a42a7b01e36 ce0dbd5fd4d1459584c4f270d59feb80 94034a93ca0d4cdaa13889186bd1609e - - default default] Successfully bumped revision number for resource 40baff5f-2d64-44af-af05-8074ac8f6fd8 (type: security_groups) to 1
2026-06-24 14:28:16.847 9 INFO neutron.db.ovn_revision_numbers_db [None req-0370b337-bb37-4e58-8508-ef9e5ff4021c ce0dbd5fd4d1459584c4f270d59feb80 94034a93ca0d4cdaa13889186bd1609e - - default default] Successfully bumped revision number for resource b1af0257-6b2b-4711-ae10-05faab0d29ec (type: security_groups) to 1
2026-06-24 14:28:16.851 10 INFO neutron.db.ovn_revision_numbers_db [None req-d75b59bc-06c8-400a-af1e-699ef43c7c91 ce0dbd5fd4d1459584c4f270d59feb80 94034a93ca0d4cdaa13889186bd1609e - - default default] Successfully bumped revision number for resource ae8bb16e-6269-450a-8499-7e704de1dd45 (type: security_group_rules) to 0
2026-06-24 14:28:16.855 9 INFO neutron.db.ovn_revision_numbers_db [None req-61c672a5-83d1-4ca2-87da-0a42a7b01e36 ce0dbd5fd4d1459584c4f270d59feb80 94034a93ca0d4cdaa13889186bd1609e - - default default] Successfully bumped revision number for resource 3c53e779-ffe0-447f-b1d0-f421c6e7f64f (type: security_group_rules) to 0
2026-06-24 14:28:16.867 9 INFO neutron.db.ovn_revision_numbers_db [None req-0370b337-bb37-4e58-8508-ef9e5ff4021c ce0dbd5fd4d1459584c4f270d59feb80 94034a93ca0d4cdaa13889186bd1609e - - default default] Successfully bumped revision number for resource 26cfc752-d8e6-404b-811e-007128f2fe5c (type: security_group_rules) to 0
2026-06-24 14:28:16.869 10 INFO neutron.db.ovn_revision_numbers_db [None req-d75b59bc-06c8-400a-af1e-699ef43c7c91 ce0dbd5fd4d1459584c4f270d59feb80 94034a93ca0d4cdaa13889186bd1609e - - default default] Successfully bumped revision number for resource cf2cef58-7cdb-4b00-8bf4-1c09bd66fa23 (type: security_group_rules) to 0
2026-06-24 14:28:16.873 9 INFO neutron.db.ovn_revision_numbers_db [None req-61c672a5-83d1-4ca2-87da-0a42a7b01e36 ce0dbd5fd4d1459584c4f270d59feb80 94034a93ca0d4cdaa13889186bd1609e - - default default] Successfully bumped revision number for resource 4e5fa277-7cb5-4053-a315-98b36e02e948 (type: security_group_rules) to 0
2026-06-24 14:28:16.886 9 INFO neutron.db.ovn_revision_numbers_db [None req-0370b337-bb37-4e58-8508-ef9e5ff4021c ce0dbd5fd4d1459584c4f270d59feb80 94034a93ca0d4cdaa13889186bd1609e - - default default] Successfully bumped revision number for resource 34485bef-7a54-4a19-a5d7-224c724f1375 (type: security_group_rules) to 0
2026-06-24 14:28:16.892 9 INFO neutron.db.ovn_revision_numbers_db [None req-61c672a5-83d1-4ca2-87da-0a42a7b01e36 ce0dbd5fd4d1459584c4f270d59feb80 94034a93ca0d4cdaa13889186bd1609e - - default default] Successfully bumped revision number for resource 80c14c33-00b7-4fbd-aabf-0c7c89d3470b (type: security_group_rules) to 0
2026-06-24 14:28:16.896 10 INFO neutron.db.ovn_revision_numbers_db [None req-d75b59bc-06c8-400a-af1e-699ef43c7c91 ce0dbd5fd4d1459584c4f270d59feb80 94034a93ca0d4cdaa13889186bd1609e - - default default] Successfully bumped revision number for resource db3e26c4-730f-4699-8b39-fe4aef2fc7d0 (type: security_group_rules) to 0
2026-06-24 14:28:16.913 10 INFO neutron.db.ovn_revision_numbers_db [None req-d75b59bc-06c8-400a-af1e-699ef43c7c91 ce0dbd5fd4d1459584c4f270d59feb80 94034a93ca0d4cdaa13889186bd1609e - - default default] Successfully bumped revision number for resource e03d8a27-db1e-4ac1-8362-637abc62905b (type: security_group_rules) to 0
2026-06-24 14:28:16.915 9 INFO neutron.db.ovn_revision_numbers_db [None req-0370b337-bb37-4e58-8508-ef9e5ff4021c ce0dbd5fd4d1459584c4f270d59feb80 94034a93ca0d4cdaa13889186bd1609e - - default default] Successfully bumped revision number for resource 4bd57186-c70a-4068-a7e7-8c41cbf90ba2 (type: security_group_rules) to 0
2026-06-24 14:28:16.922 9 INFO neutron.db.ovn_revision_numbers_db [None req-61c672a5-83d1-4ca2-87da-0a42a7b01e36 ce0dbd5fd4d1459584c4f270d59feb80 94034a93ca0d4cdaa13889186bd1609e - - default default] Successfully bumped revision number for resource cdfb6e09-259d-4f5c-8e6a-872910726172 (type: security_group_rules) to 0
2026-06-24 14:28:16.939 9 INFO neutron.db.ovn_revision_numbers_db [None req-0370b337-bb37-4e58-8508-ef9e5ff4021c ce0dbd5fd4d1459584c4f270d59feb80 94034a93ca0d4cdaa13889186bd1609e - - default default] Successfully bumped revision number for resource 5adb948e-1cfb-41e7-9b8c-7ff3a6f2b8c4 (type: security_group_rules) to 0
2026-06-24 14:28:16.984 10 INFO neutron.db.segments_db [None req-d75b59bc-06c8-400a-af1e-699ef43c7c91 ce0dbd5fd4d1459584c4f270d59feb80 94034a93ca0d4cdaa13889186bd1609e - - default default] Added segment 9d6a811b-cfd1-4100-866f-4dfcf23bd657 of type geneve for network cee9254d-6d7a-48c8-a04b-6b4ef24e9db6
2026-06-24 14:28:17.002 9 INFO neutron.db.segments_db [None req-61c672a5-83d1-4ca2-87da-0a42a7b01e36 ce0dbd5fd4d1459584c4f270d59feb80 94034a93ca0d4cdaa13889186bd1609e - - default default] Added segment 8d04aa99-286e-4877-89da-a937081035d8 of type geneve for network ca40442d-c8e6-4c75-aac6-a805871e6dc8
2026-06-24 14:28:17.025 9 INFO neutron.db.segments_db [None req-0370b337-bb37-4e58-8508-ef9e5ff4021c ce0dbd5fd4d1459584c4f270d59feb80 94034a93ca0d4cdaa13889186bd1609e - - default default] Added segment e073f5e2-2321-4e32-bd27-703238621c95 of type geneve for network 96b4b507-baf2-46ce-a687-7942fa067907
2026-06-24 14:28:17.127 10 INFO neutron.db.ovn_revision_numbers_db [None req-d75b59bc-06c8-400a-af1e-699ef43c7c91 ce0dbd5fd4d1459584c4f270d59feb80 94034a93ca0d4cdaa13889186bd1609e - - default default] Successfully bumped revision number for resource cee9254d-6d7a-48c8-a04b-6b4ef24e9db6 (type: networks) to 1
2026-06-24 14:28:17.200 9 INFO neutron.db.ovn_revision_numbers_db [None req-61c672a5-83d1-4ca2-87da-0a42a7b01e36 ce0dbd5fd4d1459584c4f270d59feb80 94034a93ca0d4cdaa13889186bd1609e - - default default] Successfully bumped revision number for resource ca40442d-c8e6-4c75-aac6-a805871e6dc8 (type: networks) to 1
2026-06-24 14:28:17.229 9 INFO neutron.db.ovn_revision_numbers_db [None req-0370b337-bb37-4e58-8508-ef9e5ff4021c ce0dbd5fd4d1459584c4f270d59feb80 94034a93ca0d4cdaa13889186bd1609e - - default default] Successfully bumped revision number for resource 96b4b507-baf2-46ce-a687-7942fa067907 (type: networks) to 1
2026-06-24 14:28:17.308 10 WARNING neutron.scheduler.dhcp_agent_scheduler [None req-d75b59bc-06c8-400a-af1e-699ef43c7c91 ce0dbd5fd4d1459584c4f270d59feb80 94034a93ca0d4cdaa13889186bd1609e - - default default] No more DHCP agents
2026-06-24 14:28:17.311 10 WARNING neutron.api.rpc.agentnotifiers.dhcp_rpc_agent_api [None req-d75b59bc-06c8-400a-af1e-699ef43c7c91 ce0dbd5fd4d1459584c4f270d59feb80 94034a93ca0d4cdaa13889186bd1609e - - default default] Unable to schedule network cee9254d-6d7a-48c8-a04b-6b4ef24e9db6: no agents available; will retry on subsequent port and subnet creation events.
2026-06-24 14:28:17.391 10 INFO neutron.db.ovn_revision_numbers_db [None req-d75b59bc-06c8-400a-af1e-699ef43c7c91 ce0dbd5fd4d1459584c4f270d59feb80 94034a93ca0d4cdaa13889186bd1609e - - default default] Successfully bumped revision number for resource 111d773a-af0d-48a2-861f-16a3be7fd8ef (type: ports) to 1
2026-06-24 14:28:17.411 10 INFO neutron.wsgi [None req-d75b59bc-06c8-400a-af1e-699ef43c7c91 ce0dbd5fd4d1459584c4f270d59feb80 94034a93ca0d4cdaa13889186bd1609e - - default default] 10.0.0.73 "POST /v2.0/networks HTTP/1.1" status: 201 len: 944 time: 0.7753944
2026-06-24 14:28:17.435 9 WARNING neutron.scheduler.dhcp_agent_scheduler [None req-61c672a5-83d1-4ca2-87da-0a42a7b01e36 ce0dbd5fd4d1459584c4f270d59feb80 94034a93ca0d4cdaa13889186bd1609e - - default default] No more DHCP agents
2026-06-24 14:28:17.437 9 WARNING neutron.api.rpc.agentnotifiers.dhcp_rpc_agent_api [None req-61c672a5-83d1-4ca2-87da-0a42a7b01e36 ce0dbd5fd4d1459584c4f270d59feb80 94034a93ca0d4cdaa13889186bd1609e - - default default] Unable to schedule network ca40442d-c8e6-4c75-aac6-a805871e6dc8: no agents available; will retry on subsequent port and subnet creation events.
2026-06-24 14:28:17.477 9 WARNING neutron.scheduler.dhcp_agent_scheduler [None req-0370b337-bb37-4e58-8508-ef9e5ff4021c ce0dbd5fd4d1459584c4f270d59feb80 94034a93ca0d4cdaa13889186bd1609e - - default default] No more DHCP agents
2026-06-24 14:28:17.483 9 WARNING neutron.api.rpc.agentnotifiers.dhcp_rpc_agent_api [None req-0370b337-bb37-4e58-8508-ef9e5ff4021c ce0dbd5fd4d1459584c4f270d59feb80 94034a93ca0d4cdaa13889186bd1609e - - default default] Unable to schedule network 96b4b507-baf2-46ce-a687-7942fa067907: no agents available; will retry on subsequent port and subnet creation events.
2026-06-24 14:28:17.545 9 INFO neutron.db.ovn_revision_numbers_db [None req-61c672a5-83d1-4ca2-87da-0a42a7b01e36 ce0dbd5fd4d1459584c4f270d59feb80 94034a93ca0d4cdaa13889186bd1609e - - default default] Successfully bumped revision number for resource 9b009b80-c198-4d43-81fc-b4e6aa7685e3 (type: ports) to 1
2026-06-24 14:28:17.567 9 INFO neutron.wsgi [None req-61c672a5-83d1-4ca2-87da-0a42a7b01e36 ce0dbd5fd4d1459584c4f270d59feb80 94034a93ca0d4cdaa13889186bd1609e - - default default] 10.0.0.73 "POST /v2.0/networks HTTP/1.1" status: 201 len: 954 time: 0.9566922
2026-06-24 14:28:17.576 9 INFO neutron.db.ovn_revision_numbers_db [None req-0370b337-bb37-4e58-8508-ef9e5ff4021c ce0dbd5fd4d1459584c4f270d59feb80 94034a93ca0d4cdaa13889186bd1609e - - default default] Successfully bumped revision number for resource 645d3f9f-56fe-4b55-94d1-efb0227afefc (type: ports) to 1
2026-06-24 14:28:17.593 9 INFO neutron.wsgi [None req-0370b337-bb37-4e58-8508-ef9e5ff4021c ce0dbd5fd4d1459584c4f270d59feb80 94034a93ca0d4cdaa13889186bd1609e - - default default] 10.0.0.73 "POST /v2.0/networks HTTP/1.1" status: 201 len: 951 time: 1.1251724
2026-06-24 14:28:17.642 10 WARNING neutron.scheduler.dhcp_agent_scheduler [None req-9a97e731-fca1-4a22-be43-b1eb8eeb14b2 ce0dbd5fd4d1459584c4f270d59feb80 94034a93ca0d4cdaa13889186bd1609e - - default default] No more DHCP agents
2026-06-24 14:28:17.653 10 WARNING neutron.api.rpc.agentnotifiers.dhcp_rpc_agent_api [None req-9a97e731-fca1-4a22-be43-b1eb8eeb14b2 ce0dbd5fd4d1459584c4f270d59feb80 94034a93ca0d4cdaa13889186bd1609e - - default default] Unable to schedule network cee9254d-6d7a-48c8-a04b-6b4ef24e9db6: no agents available; will retry on subsequent port and subnet creation events.
2026-06-24 14:28:17.727 9 WARNING neutron.scheduler.dhcp_agent_scheduler [None req-f1e46612-1815-4b6f-b9e6-f4aa4e688b36 ce0dbd5fd4d1459584c4f270d59feb80 94034a93ca0d4cdaa13889186bd1609e - - default default] No more DHCP agents
2026-06-24 14:28:17.729 9 WARNING neutron.api.rpc.agentnotifiers.dhcp_rpc_agent_api [None req-f1e46612-1815-4b6f-b9e6-f4aa4e688b36 ce0dbd5fd4d1459584c4f270d59feb80 94034a93ca0d4cdaa13889186bd1609e - - default default] Unable to schedule network ca40442d-c8e6-4c75-aac6-a805871e6dc8: no agents available; will retry on subsequent port and subnet creation events.
2026-06-24 14:28:17.978 10 WARNING neutron.scheduler.dhcp_agent_scheduler [None req-a49bab30-527b-4898-8c4f-10ae3ad65927 ce0dbd5fd4d1459584c4f270d59feb80 94034a93ca0d4cdaa13889186bd1609e - - default default] No more DHCP agents
2026-06-24 14:28:17.983 10 WARNING neutron.api.rpc.agentnotifiers.dhcp_rpc_agent_api [None req-a49bab30-527b-4898-8c4f-10ae3ad65927 ce0dbd5fd4d1459584c4f270d59feb80 94034a93ca0d4cdaa13889186bd1609e - - default default] Unable to schedule network 96b4b507-baf2-46ce-a687-7942fa067907: no agents available; will retry on subsequent port and subnet creation events.
2026-06-24 14:28:18.028 10 INFO neutron.db.ovn_revision_numbers_db [None req-c6d148be-b9b6-4a95-bd42-24d27932bdc0 ce0dbd5fd4d1459584c4f270d59feb80 94034a93ca0d4cdaa13889186bd1609e - - default default] Successfully bumped revision number for resource 99fa2509-b145-4546-bedc-a8d9144fe560 (type: security_groups) to 1
2026-06-24 14:28:18.051 10 INFO neutron.db.ovn_revision_numbers_db [None req-c6d148be-b9b6-4a95-bd42-24d27932bdc0 ce0dbd5fd4d1459584c4f270d59feb80 94034a93ca0d4cdaa13889186bd1609e - - default default] Successfully bumped revision number for resource 00b585a5-aa22-4cd8-87f7-c71462a52f7f (type: security_group_rules) to 0
2026-06-24 14:28:18.082 10 INFO neutron.db.ovn_revision_numbers_db [None req-c6d148be-b9b6-4a95-bd42-24d27932bdc0 ce0dbd5fd4d1459584c4f270d59feb80 94034a93ca0d4cdaa13889186bd1609e - - default default] Successfully bumped revision number for resource 1b05fecc-59f0-415f-b5fe-c598af88710b (type: security_group_rules) to 0
2026-06-24 14:28:18.137 10 INFO neutron.db.ovn_revision_numbers_db [None req-c6d148be-b9b6-4a95-bd42-24d27932bdc0 ce0dbd5fd4d1459584c4f270d59feb80 94034a93ca0d4cdaa13889186bd1609e - - default default] Successfully bumped revision number for resource 732be1c9-d743-4d1e-83d5-23aa1de00c04 (type: security_group_rules) to 0
2026-06-24 14:28:18.170 10 INFO neutron.db.ovn_revision_numbers_db [None req-c6d148be-b9b6-4a95-bd42-24d27932bdc0 ce0dbd5fd4d1459584c4f270d59feb80 94034a93ca0d4cdaa13889186bd1609e - - default default] Successfully bumped revision number for resource d644df37-c6e9-4305-9cc7-7cc799fc75d5 (type: security_group_rules) to 0
2026-06-24 14:28:18.231 10 INFO neutron.wsgi [None req-c6d148be-b9b6-4a95-bd42-24d27932bdc0 ce0dbd5fd4d1459584c4f270d59feb80 94034a93ca0d4cdaa13889186bd1609e - - default default] 10.0.0.73 "GET /v2.0/security-groups?tenant_id=1d04525742a24156b68374e5d91bcd28&name=default HTTP/1.1" status: 200 len: 2992 time: 0.6792097
2026-06-24 14:28:18.286 9 INFO neutron.db.ovn_revision_numbers_db [None req-f1e46612-1815-4b6f-b9e6-f4aa4e688b36 ce0dbd5fd4d1459584c4f270d59feb80 94034a93ca0d4cdaa13889186bd1609e - - default default] Successfully bumped revision number for resource 9b009b80-c198-4d43-81fc-b4e6aa7685e3 (type: ports) to 2
2026-06-24 14:28:18.329 9 INFO neutron.db.ovn_revision_numbers_db [None req-f1e46612-1815-4b6f-b9e6-f4aa4e688b36 ce0dbd5fd4d1459584c4f270d59feb80 94034a93ca0d4cdaa13889186bd1609e - - default default] Successfully bumped revision number for resource 6faee4b0-8858-4b38-af7a-06be3a3bf2b4 (type: subnets) to 0
2026-06-24 14:28:18.345 9 INFO neutron.wsgi [None req-f1e46612-1815-4b6f-b9e6-f4aa4e688b36 ce0dbd5fd4d1459584c4f270d59feb80 94034a93ca0d4cdaa13889186bd1609e - - default default] 10.0.0.73 "POST /v2.0/subnets HTTP/1.1" status: 201 len: 874 time: 0.7743027
2026-06-24 14:28:18.590 10 INFO neutron.db.ovn_revision_numbers_db [None req-9a97e731-fca1-4a22-be43-b1eb8eeb14b2 ce0dbd5fd4d1459584c4f270d59feb80 94034a93ca0d4cdaa13889186bd1609e - - default default] Successfully bumped revision number for resource 111d773a-af0d-48a2-861f-16a3be7fd8ef (type: ports) to 2
2026-06-24 14:28:18.604 9 INFO neutron.wsgi [None req-95978885-2138-447c-ac11-94e86c21b426 ce0dbd5fd4d1459584c4f270d59feb80 94034a93ca0d4cdaa13889186bd1609e - - default default] 10.0.0.73 "DELETE /v2.0/security-groups/99fa2509-b145-4546-bedc-a8d9144fe560 HTTP/1.1" status: 204 len: 168 time: 0.3656199
2026-06-24 14:28:18.652 10 INFO neutron.db.ovn_revision_numbers_db [None req-9a97e731-fca1-4a22-be43-b1eb8eeb14b2 ce0dbd5fd4d1459584c4f270d59feb80 94034a93ca0d4cdaa13889186bd1609e - - default default] Successfully bumped revision number for resource 492f4ebc-40de-46b7-ae0c-ea6c7314f02f (type: subnets) to 0
2026-06-24 14:28:18.678 10 INFO neutron.wsgi [None req-9a97e731-fca1-4a22-be43-b1eb8eeb14b2 ce0dbd5fd4d1459584c4f270d59feb80 94034a93ca0d4cdaa13889186bd1609e - - default default] 10.0.0.73 "POST /v2.0/subnets HTTP/1.1" status: 201 len: 865 time: 1.2607589
2026-06-24 14:28:18.679 10 INFO neutron.db.ovn_revision_numbers_db [None req-a49bab30-527b-4898-8c4f-10ae3ad65927 ce0dbd5fd4d1459584c4f270d59feb80 94034a93ca0d4cdaa13889186bd1609e - - default default] Successfully bumped revision number for resource 645d3f9f-56fe-4b55-94d1-efb0227afefc (type: ports) to 2
2026-06-24 14:28:18.718 10 INFO neutron.db.ovn_revision_numbers_db [None req-a49bab30-527b-4898-8c4f-10ae3ad65927 ce0dbd5fd4d1459584c4f270d59feb80 94034a93ca0d4cdaa13889186bd1609e - - default default] Successfully bumped revision number for resource 977cd8e5-8386-436b-83fb-546d77bab23e (type: subnets) to 0
2026-06-24 14:28:18.766 10 INFO neutron.wsgi [None req-a49bab30-527b-4898-8c4f-10ae3ad65927 ce0dbd5fd4d1459584c4f270d59feb80 94034a93ca0d4cdaa13889186bd1609e - - default default] 10.0.0.73 "POST /v2.0/subnets HTTP/1.1" status: 201 len: 871 time: 1.1651371
2026-06-24 14:28:18.933 9 WARNING neutron.scheduler.dhcp_agent_scheduler [None req-fc9d27e2-eb9d-4b4d-a3ef-4675216a8586 ce0dbd5fd4d1459584c4f270d59feb80 94034a93ca0d4cdaa13889186bd1609e - - default default] No more DHCP agents
2026-06-24 14:28:18.938 9 WARNING neutron.api.rpc.agentnotifiers.dhcp_rpc_agent_api [None req-fc9d27e2-eb9d-4b4d-a3ef-4675216a8586 ce0dbd5fd4d1459584c4f270d59feb80 94034a93ca0d4cdaa13889186bd1609e - - default default] Unable to schedule network 011c5169-757f-47ed-846d-dba39a373d9c: no agents available; will retry on subsequent port and subnet creation events.
2026-06-24 14:28:19.202 9 INFO neutron.db.ovn_revision_numbers_db [None req-fc9d27e2-eb9d-4b4d-a3ef-4675216a8586 ce0dbd5fd4d1459584c4f270d59feb80 94034a93ca0d4cdaa13889186bd1609e - - default default] Successfully bumped revision number for resource 0e147b07-d15f-4f58-947a-ee1a8288c3b8 (type: ports) to 1
2026-06-24 14:28:19.216 10 WARNING neutron.scheduler.dhcp_agent_scheduler [None req-e5e4bb19-daa3-43b8-a6cf-3445198f0b79 ce0dbd5fd4d1459584c4f270d59feb80 94034a93ca0d4cdaa13889186bd1609e - - default default] No more DHCP agents
2026-06-24 14:28:19.218 10 WARNING neutron.api.rpc.agentnotifiers.dhcp_rpc_agent_api [None req-e5e4bb19-daa3-43b8-a6cf-3445198f0b79 ce0dbd5fd4d1459584c4f270d59feb80 94034a93ca0d4cdaa13889186bd1609e - - default default] Unable to schedule network 011c5169-757f-47ed-846d-dba39a373d9c: no agents available; will retry on subsequent port and subnet creation events.
2026-06-24 14:28:19.371 10 INFO neutron.db.ovn_revision_numbers_db [None req-e5e4bb19-daa3-43b8-a6cf-3445198f0b79 ce0dbd5fd4d1459584c4f270d59feb80 94034a93ca0d4cdaa13889186bd1609e - - default default] Successfully bumped revision number for resource d849342b-95df-45ea-9f20-b6fe4d866c8d (type: ports) to 1
2026-06-24 14:28:19.493 9 WARNING neutron.scheduler.dhcp_agent_scheduler [None req-b69eeab3-81e7-4b33-a61c-e53e899840bd ce0dbd5fd4d1459584c4f270d59feb80 94034a93ca0d4cdaa13889186bd1609e - - default default] No more DHCP agents
2026-06-24 14:28:19.495 9 WARNING neutron.api.rpc.agentnotifiers.dhcp_rpc_agent_api [None req-b69eeab3-81e7-4b33-a61c-e53e899840bd ce0dbd5fd4d1459584c4f270d59feb80 94034a93ca0d4cdaa13889186bd1609e - - default default] Unable to schedule network 011c5169-757f-47ed-846d-dba39a373d9c: no agents available; will retry on subsequent port and subnet creation events.
2026-06-24 14:28:19.574 9 INFO neutron.plugins.ml2.drivers.ovn.mech_driver.ovsdb.extensions.qos [None req-fc9d27e2-eb9d-4b4d-a3ef-4675216a8586 ce0dbd5fd4d1459584c4f270d59feb80 94034a93ca0d4cdaa13889186bd1609e - - default default] Starting OVNClientQosExtension
2026-06-24 14:28:19.648 10 INFO neutron.plugins.ml2.drivers.ovn.mech_driver.ovsdb.extensions.qos [None req-e5e4bb19-daa3-43b8-a6cf-3445198f0b79 ce0dbd5fd4d1459584c4f270d59feb80 94034a93ca0d4cdaa13889186bd1609e - - default default] Starting OVNClientQosExtension
2026-06-24 14:28:19.688 9 INFO neutron.db.ovn_revision_numbers_db [None req-b69eeab3-81e7-4b33-a61c-e53e899840bd ce0dbd5fd4d1459584c4f270d59feb80 94034a93ca0d4cdaa13889186bd1609e - - default default] Successfully bumped revision number for resource a51bc152-6055-4b33-b061-3303155d1d39 (type: ports) to 1
2026-06-24 14:28:20.102 10 INFO neutron.db.ovn_revision_numbers_db [None req-e5e4bb19-daa3-43b8-a6cf-3445198f0b79 ce0dbd5fd4d1459584c4f270d59feb80 94034a93ca0d4cdaa13889186bd1609e - - default default] Successfully bumped revision number for resource d849342b-95df-45ea-9f20-b6fe4d866c8d (type: router_ports) to 1
2026-06-24 14:28:20.104 9 INFO neutron.plugins.ml2.drivers.ovn.mech_driver.ovsdb.ovsdb_monitor [-] Router 6cf0975a-8687-436d-9f5b-e080f025b6dc is bound to host instance
2026-06-24 14:28:20.109 9 INFO neutron.plugins.ml2.drivers.ovn.mech_driver.mech_driver [None req-0ba578fe-fc79-4022-9fdb-0a78a61d6748 - - - - - -] OVN reports status up for port: d849342b-95df-45ea-9f20-b6fe4d866c8d
2026-06-24 14:28:20.151 9 INFO neutron.plugins.ml2.plugin [None req-0ba578fe-fc79-4022-9fdb-0a78a61d6748 - - - - - -] Attempt 1 to provision port d849342b-95df-45ea-9f20-b6fe4d866c8d
2026-06-24 14:28:20.170 10 INFO neutron.db.ovn_revision_numbers_db [None req-e5e4bb19-daa3-43b8-a6cf-3445198f0b79 ce0dbd5fd4d1459584c4f270d59feb80 94034a93ca0d4cdaa13889186bd1609e - - default default] Successfully bumped revision number for resource 6cf0975a-8687-436d-9f5b-e080f025b6dc (type: routers) to 2
2026-06-24 14:28:20.186 10 INFO neutron.wsgi [None req-e5e4bb19-daa3-43b8-a6cf-3445198f0b79 ce0dbd5fd4d1459584c4f270d59feb80 94034a93ca0d4cdaa13889186bd1609e - - default default] 10.0.0.73 "POST /v2.0/routers HTTP/1.1" status: 201 len: 876 time: 1.5008731
2026-06-24 14:28:20.273 10 INFO neutron.plugins.ml2.drivers.ovn.mech_driver.ovsdb.ovsdb_monitor [-] Router 930f7283-bded-479b-81ec-cea00cc1e890 is bound to host instance
2026-06-24 14:28:20.352 9 INFO neutron.db.ovn_revision_numbers_db [None req-fc9d27e2-eb9d-4b4d-a3ef-4675216a8586 ce0dbd5fd4d1459584c4f270d59feb80 94034a93ca0d4cdaa13889186bd1609e - - default default] Successfully bumped revision number for resource 0e147b07-d15f-4f58-947a-ee1a8288c3b8 (type: router_ports) to 1
2026-06-24 14:28:20.496 9 INFO neutron.db.ovn_revision_numbers_db [None req-fc9d27e2-eb9d-4b4d-a3ef-4675216a8586 ce0dbd5fd4d1459584c4f270d59feb80 94034a93ca0d4cdaa13889186bd1609e - - default default] Successfully bumped revision number for resource 930f7283-bded-479b-81ec-cea00cc1e890 (type: routers) to 2
2026-06-24 14:28:20.532 9 INFO neutron.wsgi [None req-fc9d27e2-eb9d-4b4d-a3ef-4675216a8586 ce0dbd5fd4d1459584c4f270d59feb80 94034a93ca0d4cdaa13889186bd1609e - - default default] 10.0.0.73 "POST /v2.0/routers HTTP/1.1" status: 201 len: 885 time: 2.1797609
2026-06-24 14:28:20.810 9 INFO neutron.db.ovn_revision_numbers_db [None req-b69eeab3-81e7-4b33-a61c-e53e899840bd ce0dbd5fd4d1459584c4f270d59feb80 94034a93ca0d4cdaa13889186bd1609e - - default default] Successfully bumped revision number for resource a51bc152-6055-4b33-b061-3303155d1d39 (type: router_ports) to 1
2026-06-24 14:28:20.873 10 INFO neutron.db.ovn_revision_numbers_db [None req-cec70de5-86c5-4816-bedf-9ed52b2c06cd ce0dbd5fd4d1459584c4f270d59feb80 94034a93ca0d4cdaa13889186bd1609e - - default default] Successfully bumped revision number for resource 7c167b54-7b59-4f46-9b6d-5e94c3e79571 (type: security_groups) to 1
2026-06-24 14:28:20.928 10 INFO neutron.db.ovn_revision_numbers_db [None req-cec70de5-86c5-4816-bedf-9ed52b2c06cd ce0dbd5fd4d1459584c4f270d59feb80 94034a93ca0d4cdaa13889186bd1609e - - default default] Successfully bumped revision number for resource 00a69694-5fef-450a-a928-9edb434cb8ed (type: security_group_rules) to 0
2026-06-24 14:28:20.973 10 INFO neutron.db.ovn_revision_numbers_db [None req-cec70de5-86c5-4816-bedf-9ed52b2c06cd ce0dbd5fd4d1459584c4f270d59feb80 94034a93ca0d4cdaa13889186bd1609e - - default default] Successfully bumped revision number for resource ac58dd27-2eeb-4c3f-bfe2-70df3109c143 (type: security_group_rules) to 0
2026-06-24 14:28:21.010 9 INFO neutron.db.ovn_revision_numbers_db [None req-b69eeab3-81e7-4b33-a61c-e53e899840bd ce0dbd5fd4d1459584c4f270d59feb80 94034a93ca0d4cdaa13889186bd1609e - - default default] Successfully bumped revision number for resource c9bf7003-0d8f-49b3-9aa7-7bc31e81644e (type: routers) to 2
