2026-06-24 14:32:35.741 9 INFO neutron.db.ovn_revision_numbers_db [None req-75ae7075-0b9b-49b7-a515-fca123b14955 22c914c675414d5fb1e7f3698805d922 76d5982f2ff745e2a0caf7effa169667 - - default default] Successfully bumped revision number for resource 9f30a714-9a1e-48e9-9f3c-f525b1d70390 (type: security_group_rules) to 0
2026-06-24 14:32:35.771 9 INFO neutron.db.ovn_revision_numbers_db [None req-75ae7075-0b9b-49b7-a515-fca123b14955 22c914c675414d5fb1e7f3698805d922 76d5982f2ff745e2a0caf7effa169667 - - default default] Successfully bumped revision number for resource e37ba9a9-b23a-4527-8379-fc06d6fd6c3f (type: security_group_rules) to 0
2026-06-24 14:32:35.793 9 INFO neutron.db.ovn_revision_numbers_db [None req-75ae7075-0b9b-49b7-a515-fca123b14955 22c914c675414d5fb1e7f3698805d922 76d5982f2ff745e2a0caf7effa169667 - - default default] Successfully bumped revision number for resource f16c3b97-ebe7-4f4e-9496-b6b6017f11aa (type: security_group_rules) to 0
2026-06-24 14:32:35.857 9 INFO neutron.db.segments_db [None req-75ae7075-0b9b-49b7-a515-fca123b14955 22c914c675414d5fb1e7f3698805d922 76d5982f2ff745e2a0caf7effa169667 - - default default] Added segment 3ec8bcff-9065-4844-a5ba-8028942c2cd4 of type geneve for network fd3e1acb-9f89-4af4-b535-15bf31cab058
2026-06-24 14:32:36.040 9 INFO neutron.db.ovn_revision_numbers_db [None req-75ae7075-0b9b-49b7-a515-fca123b14955 22c914c675414d5fb1e7f3698805d922 76d5982f2ff745e2a0caf7effa169667 - - default default] Successfully bumped revision number for resource fd3e1acb-9f89-4af4-b535-15bf31cab058 (type: networks) to 1
2026-06-24 14:32:36.152 9 INFO neutron.services.segments.plugin [-] Segment 5c38cac2-4530-46e9-94e5-c68d80cf2b87 resource provider aggregate not found
2026-06-24 14:32:36.157 9 INFO neutron.services.segments.plugin [-] Segment 5c38cac2-4530-46e9-94e5-c68d80cf2b87 resource provider aggregate not found
2026-06-24 14:32:36.188 9 INFO neutron.services.segments.plugin [-] Segment 5c38cac2-4530-46e9-94e5-c68d80cf2b87 resource provider not found; error: Placement Client Error (4xx): {"errors": [{"status": 404, "title": "Not Found", "detail": "The resource could not be found.\n\n No resource provider with uuid 5c38cac2-4530-46e9-94e5-c68d80cf2b87 found for delete ", "request_id": "req-df862c2d-d4cb-4540-8b36-b5fcb5f340e1"}]}
2026-06-24 14:32:36.189 9 INFO neutron.services.segments.plugin [-] Segment 5c38cac2-4530-46e9-94e5-c68d80cf2b87 resource provider not found; error: Placement Client Error (4xx): {"errors": [{"status": 404, "title": "Not Found", "detail": "The resource could not be found.\n\n No resource provider with uuid 5c38cac2-4530-46e9-94e5-c68d80cf2b87 found for delete ", "request_id": "req-ba8fb6c8-a896-4f1f-8a53-804ad05cf79f"}]}
2026-06-24 14:32:36.228 9 INFO neutron.wsgi [None req-79270ac1-05c8-4b6f-85ec-04a759cfe03b d1878baa18024682975143563bea4b97 b08403c2c371482781e42ba8dd522398 - - default default] 10.0.0.73 "DELETE /v2.0/networks/b2ebbe87-0b26-421e-bc5f-9c73bdc2e6e4 HTTP/1.1" status: 204 len: 168 time: 0.5864940
2026-06-24 14:32:36.272 9 WARNING neutron.scheduler.dhcp_agent_scheduler [None req-75ae7075-0b9b-49b7-a515-fca123b14955 22c914c675414d5fb1e7f3698805d922 76d5982f2ff745e2a0caf7effa169667 - - default default] No more DHCP agents
2026-06-24 14:32:36.274 9 WARNING neutron.api.rpc.agentnotifiers.dhcp_rpc_agent_api [None req-75ae7075-0b9b-49b7-a515-fca123b14955 22c914c675414d5fb1e7f3698805d922 76d5982f2ff745e2a0caf7effa169667 - - default default] Unable to schedule network fd3e1acb-9f89-4af4-b535-15bf31cab058: no agents available; will retry on subsequent port and subnet creation events.
2026-06-24 14:32:36.357 9 INFO neutron.db.ovn_revision_numbers_db [None req-75ae7075-0b9b-49b7-a515-fca123b14955 22c914c675414d5fb1e7f3698805d922 76d5982f2ff745e2a0caf7effa169667 - - default default] Successfully bumped revision number for resource c98f6f58-5214-490e-999b-52b739c40201 (type: ports) to 1
2026-06-24 14:32:36.379 9 INFO neutron.wsgi [None req-75ae7075-0b9b-49b7-a515-fca123b14955 22c914c675414d5fb1e7f3698805d922 76d5982f2ff745e2a0caf7effa169667 - - default default] 10.0.0.73 "POST /v2.0/networks HTTP/1.1" status: 201 len: 830 time: 1.1240463
2026-06-24 14:32:36.438 10 INFO neutron.notifiers.nova [-] Nova event matching ['req-a6d0eb40-134b-4677-b63d-55e2fbf9eb16'] response: {'server_uuid': 'ff2f8c51-4cb6-4002-b7b4-fd0d9c79de77', 'name': 'network-vif-plugged', 'status': 'completed', 'tag': '4537a15f-66d7-474e-9c1b-e37c9fe2792e', 'code': 200}
2026-06-24 14:32:36.438 10 INFO neutron.notifiers.nova [-] Nova event matching ['req-a6d0eb40-134b-4677-b63d-55e2fbf9eb16'] response: {'server_uuid': 'ff2f8c51-4cb6-4002-b7b4-fd0d9c79de77', 'name': 'network-vif-plugged', 'status': 'completed', 'tag': '4537a15f-66d7-474e-9c1b-e37c9fe2792e', 'code': 200}
2026-06-24 14:32:36.493 9 INFO neutron.db.segments_db [None req-68374aab-82be-4330-9da9-f6238e2da580 22c914c675414d5fb1e7f3698805d922 76d5982f2ff745e2a0caf7effa169667 - - default default] Added segment 7d8f3044-5edc-41f1-af2e-994b3dd23861 of type geneve for network 2acd19e4-1351-4a4f-8d28-9ad018c70606
2026-06-24 14:32:36.639 9 INFO neutron.db.ovn_revision_numbers_db [None req-68374aab-82be-4330-9da9-f6238e2da580 22c914c675414d5fb1e7f3698805d922 76d5982f2ff745e2a0caf7effa169667 - - default default] Successfully bumped revision number for resource 2acd19e4-1351-4a4f-8d28-9ad018c70606 (type: networks) to 1
2026-06-24 14:32:36.855 9 WARNING neutron.scheduler.dhcp_agent_scheduler [None req-68374aab-82be-4330-9da9-f6238e2da580 22c914c675414d5fb1e7f3698805d922 76d5982f2ff745e2a0caf7effa169667 - - default default] No more DHCP agents
2026-06-24 14:32:36.857 9 WARNING neutron.api.rpc.agentnotifiers.dhcp_rpc_agent_api [None req-68374aab-82be-4330-9da9-f6238e2da580 22c914c675414d5fb1e7f3698805d922 76d5982f2ff745e2a0caf7effa169667 - - default default] Unable to schedule network 2acd19e4-1351-4a4f-8d28-9ad018c70606: no agents available; will retry on subsequent port and subnet creation events.
2026-06-24 14:32:36.959 9 INFO neutron.db.ovn_revision_numbers_db [None req-68374aab-82be-4330-9da9-f6238e2da580 22c914c675414d5fb1e7f3698805d922 76d5982f2ff745e2a0caf7effa169667 - - default default] Successfully bumped revision number for resource 3d42445a-d89b-48fd-ab2f-750f45f0e279 (type: ports) to 1
2026-06-24 14:32:36.986 9 INFO neutron.wsgi [None req-68374aab-82be-4330-9da9-f6238e2da580 22c914c675414d5fb1e7f3698805d922 76d5982f2ff745e2a0caf7effa169667 - - default default] 10.0.0.73 "POST /v2.0/networks HTTP/1.1" status: 201 len: 830 time: 0.6007528
2026-06-24 14:32:37.038 9 INFO neutron.wsgi [None req-21f908e7-8b83-4fc0-b6b1-f53fedd55ad9 22c914c675414d5fb1e7f3698805d922 76d5982f2ff745e2a0caf7effa169667 - - default default] 10.0.0.73 "PUT /v2.0/networks/fd3e1acb-9f89-4af4-b535-15bf31cab058/tags HTTP/1.1" status: 200 len: 218 time: 0.0486362 /var/lib/openstack/lib/python3.10/site-packages/pycadf/identifier.py:71: UserWarning: Invalid uuid: neutron. To ensure interoperability, identifiers should be a valid uuid. warnings.warn(('Invalid uuid: %s. To ensure interoperability, '
2026-06-24 14:32:37.092 10 INFO neutron.wsgi [None req-c79dd6a8-8d6b-474b-83a9-c06994b5dda9 22c914c675414d5fb1e7f3698805d922 76d5982f2ff745e2a0caf7effa169667 - - default default] 10.0.0.73 "GET /v2.0/networks/fd3e1acb-9f89-4af4-b535-15bf31cab058/tags HTTP/1.1" status: 200 len: 218 time: 0.0485742
2026-06-24 14:32:37.146 10 INFO neutron.wsgi [None req-ed8fa15d-ac5d-45e8-913f-904eb2f79d66 22c914c675414d5fb1e7f3698805d922 76d5982f2ff745e2a0caf7effa169667 - - default default] 10.0.0.73 "PUT /v2.0/networks/2acd19e4-1351-4a4f-8d28-9ad018c70606/tags HTTP/1.1" status: 200 len: 210 time: 0.0447412
2026-06-24 14:32:37.186 10 INFO neutron.wsgi [None req-9506076e-a4b5-4465-aa29-f4f908a582a4 22c914c675414d5fb1e7f3698805d922 76d5982f2ff745e2a0caf7effa169667 - - default default] 10.0.0.73 "GET /v2.0/networks/2acd19e4-1351-4a4f-8d28-9ad018c70606/tags HTTP/1.1" status: 200 len: 210 time: 0.0342300
2026-06-24 14:32:37.229 10 INFO neutron.wsgi [None req-2b8ac373-a244-46ff-8413-b20c089e8245 22c914c675414d5fb1e7f3698805d922 76d5982f2ff745e2a0caf7effa169667 - - default default] 10.0.0.73 "PUT /v2.0/networks/2acd19e4-1351-4a4f-8d28-9ad018c70606/tags HTTP/1.1" status: 200 len: 205 time: 0.0370946
2026-06-24 14:32:37.277 10 INFO neutron.wsgi [None req-0cc79658-1216-4461-a551-90c5ff76f0d9 22c914c675414d5fb1e7f3698805d922 76d5982f2ff745e2a0caf7effa169667 - - default default] 10.0.0.73 "GET /v2.0/networks/2acd19e4-1351-4a4f-8d28-9ad018c70606/tags HTTP/1.1" status: 200 len: 205 time: 0.0424449
2026-06-24 14:32:37.329 10 INFO neutron.wsgi [None req-a16c0c20-41c4-49cb-8d85-71ca488e3183 22c914c675414d5fb1e7f3698805d922 76d5982f2ff745e2a0caf7effa169667 - - default default] 10.0.0.73 "GET /v2.0/networks/fd3e1acb-9f89-4af4-b535-15bf31cab058/tags HTTP/1.1" status: 200 len: 218 time: 0.0441797
2026-06-24 14:32:37.539 9 INFO neutron.wsgi [req-5ae66310-7063-4c53-853e-f661a1e6aedf req-b4a4a861-706f-4a89-a6f2-8d826ef6dd5b 2ebe641c2b454b2e8f8918a9aa7ca098 dbddf508c50540f3a436166a917a9604 - - default default] 10.0.0.30 "GET /v2.0/ports?device_id=ff2f8c51-4cb6-4002-b7b4-fd0d9c79de77 HTTP/1.1" status: 200 len: 1400 time: 0.3516862
2026-06-24 14:32:37.582 9 INFO neutron.db.ovn_revision_numbers_db [None req-a6755df1-b8f7-400c-90c0-598359ea7261 ce0dbd5fd4d1459584c4f270d59feb80 94034a93ca0d4cdaa13889186bd1609e - - default default] Successfully bumped revision number for resource 7a3a805e-040d-4cb0-95c8-1f497d3d2d0f (type: security_groups) to 1
2026-06-24 14:32:37.593 9 INFO neutron.wsgi [req-5ae66310-7063-4c53-853e-f661a1e6aedf req-e75c6701-9a0a-4424-95f4-271ad4eeb4a2 2ebe641c2b454b2e8f8918a9aa7ca098 dbddf508c50540f3a436166a917a9604 - - default default] 10.0.0.30 "GET /v2.0/security-groups?id=ae781c7e-faca-4139-af11-353f295ad808&fields=id&fields=name HTTP/1.1" status: 200 len: 311 time: 0.0460651
2026-06-24 14:32:37.598 9 INFO neutron.db.ovn_revision_numbers_db [None req-a6755df1-b8f7-400c-90c0-598359ea7261 ce0dbd5fd4d1459584c4f270d59feb80 94034a93ca0d4cdaa13889186bd1609e - - default default] Successfully bumped revision number for resource 347cf275-75e0-4741-8563-1b59adf62302 (type: security_group_rules) to 0
2026-06-24 14:32:37.613 9 INFO neutron.db.ovn_revision_numbers_db [None req-a6755df1-b8f7-400c-90c0-598359ea7261 ce0dbd5fd4d1459584c4f270d59feb80 94034a93ca0d4cdaa13889186bd1609e - - default default] Successfully bumped revision number for resource 68e14ef7-d09a-42d3-870c-766fd379f27c (type: security_group_rules) to 0
2026-06-24 14:32:37.640 9 INFO neutron.db.ovn_revision_numbers_db [None req-a6755df1-b8f7-400c-90c0-598359ea7261 ce0dbd5fd4d1459584c4f270d59feb80 94034a93ca0d4cdaa13889186bd1609e - - default default] Successfully bumped revision number for resource 6c2eeaf5-76ca-4135-b53e-4726bf553127 (type: security_group_rules) to 0
2026-06-24 14:32:37.657 9 INFO neutron.wsgi [None req-bbec9d49-7ba7-4cf4-827d-331790862e29 2ebe641c2b454b2e8f8918a9aa7ca098 dbddf508c50540f3a436166a917a9604 - - default default] 10.0.0.73 "GET /v2.0/ports?network_id=5f9b62cd-6430-41d5-a155-ee7efe8903a5&mac_address=fa%3A16%3A3e%3A8f%3A43%3Aaa HTTP/1.1" status: 200 len: 1395 time: 0.0390372
2026-06-24 14:32:37.663 9 INFO neutron.db.ovn_revision_numbers_db [None req-a6755df1-b8f7-400c-90c0-598359ea7261 ce0dbd5fd4d1459584c4f270d59feb80 94034a93ca0d4cdaa13889186bd1609e - - default default] Successfully bumped revision number for resource 7ebebab2-4335-42a5-897b-cc199c4a425e (type: security_group_rules) to 0
2026-06-24 14:32:37.690 9 INFO neutron.wsgi [None req-a6755df1-b8f7-400c-90c0-598359ea7261 ce0dbd5fd4d1459584c4f270d59feb80 94034a93ca0d4cdaa13889186bd1609e - - default default] 10.0.0.73 "GET /v2.0/security-groups?tenant_id=3bb347a29a1a43ee90ac0979dce4ebfe&name=default HTTP/1.1" status: 200 len: 3000 time: 0.6430080
2026-06-24 14:32:37.756 10 INFO neutron.services.segments.plugin [-] Segment 3ec8bcff-9065-4844-a5ba-8028942c2cd4 resource provider aggregate not found
2026-06-24 14:32:37.761 10 INFO neutron.services.segments.plugin [-] Segment 3ec8bcff-9065-4844-a5ba-8028942c2cd4 resource provider aggregate not found
2026-06-24 14:32:37.788 10 INFO neutron.services.segments.plugin [-] Segment 3ec8bcff-9065-4844-a5ba-8028942c2cd4 resource provider not found; error: Placement Client Error (4xx): {"errors": [{"status": 404, "title": "Not Found", "detail": "The resource could not be found.\n\n No resource provider with uuid 3ec8bcff-9065-4844-a5ba-8028942c2cd4 found for delete ", "request_id": "req-c87dece3-efb0-4fea-b784-7ed964ad25ec"}]}
2026-06-24 14:32:37.790 10 INFO neutron.services.segments.plugin [-] Segment 3ec8bcff-9065-4844-a5ba-8028942c2cd4 resource provider not found; error: Placement Client Error (4xx): {"errors": [{"status": 404, "title": "Not Found", "detail": "The resource could not be found.\n\n No resource provider with uuid 3ec8bcff-9065-4844-a5ba-8028942c2cd4 found for delete ", "request_id": "req-cf067c0c-0b06-48b7-81bf-68bc54d445ca"}]}
2026-06-24 14:32:37.835 10 INFO neutron.wsgi [None req-82510b48-6ed1-40bf-b9d2-2a5a8ad1e6fd 22c914c675414d5fb1e7f3698805d922 76d5982f2ff745e2a0caf7effa169667 - - default default] 10.0.0.73 "DELETE /v2.0/networks/fd3e1acb-9f89-4af4-b535-15bf31cab058 HTTP/1.1" status: 204 len: 168 time: 0.4852691
2026-06-24 14:32:37.898 9 INFO neutron.wsgi [None req-9d5d76ef-2e09-4964-ac44-1095ac024fcc ce0dbd5fd4d1459584c4f270d59feb80 94034a93ca0d4cdaa13889186bd1609e - - default default] 10.0.0.73 "DELETE /v2.0/security-groups/7a3a805e-040d-4cb0-95c8-1f497d3d2d0f HTTP/1.1" status: 204 len: 168 time: 0.2019923
2026-06-24 14:32:38.024 9 INFO neutron.wsgi [None req-2f147f13-9961-4fb7-b2dc-d5cb1d3b7497 ce0dbd5fd4d1459584c4f270d59feb80 94034a93ca0d4cdaa13889186bd1609e - - default default] 10.0.0.73 "GET /v2.0/security-groups?tenant_id=b08403c2c371482781e42ba8dd522398&name=default HTTP/1.1" status: 200 len: 3000 time: 0.0313380
2026-06-24 14:32:38.088 10 WARNING neutron.scheduler.dhcp_agent_scheduler [None req-35ffea05-c610-42c5-accb-91dc7b6e89ac 2ebe641c2b454b2e8f8918a9aa7ca098 dbddf508c50540f3a436166a917a9604 - - default default] No more DHCP agents
2026-06-24 14:32:38.091 10 WARNING neutron.api.rpc.agentnotifiers.dhcp_rpc_agent_api [None req-35ffea05-c610-42c5-accb-91dc7b6e89ac 2ebe641c2b454b2e8f8918a9aa7ca098 dbddf508c50540f3a436166a917a9604 - - default default] Unable to schedule network 011c5169-757f-47ed-846d-dba39a373d9c: no agents available; will retry on subsequent port and subnet creation events.
2026-06-24 14:32:38.213 9 INFO neutron.wsgi [None req-eb004f3f-7423-4488-859b-e10fb7318200 ce0dbd5fd4d1459584c4f270d59feb80 94034a93ca0d4cdaa13889186bd1609e - - default default] 10.0.0.73 "DELETE /v2.0/security-groups/6ca66a63-440d-4039-96e9-3c849d991ad2 HTTP/1.1" status: 204 len: 168 time: 0.1818604
2026-06-24 14:32:38.408 10 INFO neutron.wsgi [None req-f8f169ce-a515-4e2c-9b3d-0cfc8764955f 22c914c675414d5fb1e7f3698805d922 76d5982f2ff745e2a0caf7effa169667 - - default default] 10.0.0.73 "DELETE /v2.0/networks/2acd19e4-1351-4a4f-8d28-9ad018c70606 HTTP/1.1" status: 204 len: 168 time: 0.5680065
2026-06-24 14:32:38.626 10 INFO neutron.db.l3_db [None req-35ffea05-c610-42c5-accb-91dc7b6e89ac 2ebe641c2b454b2e8f8918a9aa7ca098 dbddf508c50540f3a436166a917a9604 - - default default] Floating IP c3bc147c-8df2-4b79-a91b-cea818268c8e associated. External IP: 10.96.250.202, port: 4537a15f-66d7-474e-9c1b-e37c9fe2792e.
2026-06-24 14:32:38.892 10 INFO neutron.db.ovn_revision_numbers_db [None req-35ffea05-c610-42c5-accb-91dc7b6e89ac 2ebe641c2b454b2e8f8918a9aa7ca098 dbddf508c50540f3a436166a917a9604 - - default default] Successfully bumped revision number for resource c3bc147c-8df2-4b79-a91b-cea818268c8e (type: floatingips) to 0
2026-06-24 14:32:39.013 10 INFO neutron.db.ovn_revision_numbers_db [None req-35ffea05-c610-42c5-accb-91dc7b6e89ac 2ebe641c2b454b2e8f8918a9aa7ca098 dbddf508c50540f3a436166a917a9604 - - default default] Successfully bumped revision number for resource c3bc147c-8df2-4b79-a91b-cea818268c8e (type: floatingips) to 1
2026-06-24 14:32:39.048 10 INFO neutron.wsgi [None req-35ffea05-c610-42c5-accb-91dc7b6e89ac 2ebe641c2b454b2e8f8918a9aa7ca098 dbddf508c50540f3a436166a917a9604 - - default default] 10.0.0.73 "POST /v2.0/floatingips HTTP/1.1" status: 201 len: 1054 time: 1.3824503
2026-06-24 14:32:39.076 10 INFO neutron.notifiers.nova [-] Nova event matching ['req-adeb1b30-a51a-42cf-845d-978c280842ae'] response: {'name': 'network-changed', 'server_uuid': 'ff2f8c51-4cb6-4002-b7b4-fd0d9c79de77', 'tag': '4537a15f-66d7-474e-9c1b-e37c9fe2792e', 'status': 'completed', 'code': 200}
2026-06-24 14:32:39.128 10 INFO neutron.wsgi [req-4400ba42-fa6d-4152-b5ea-ad8149de1a06 req-53e395fe-2c1e-445f-8d88-e3024fad8b38 5177dcf216e44ac2a769dc3e0840c3bb 352c077f8b574df5a89666a435e43d6d - - 23babc78c1634f95b27487dfe2f3be5a 23babc78c1634f95b27487dfe2f3be5a] 199.19.213.65 "GET /v2.0/ports?tenant_id=dbddf508c50540f3a436166a917a9604&device_id=ff2f8c51-4cb6-4002-b7b4-fd0d9c79de77 HTTP/1.1" status: 200 len: 1638 time: 0.0328755
2026-06-24 14:32:39.210 10 INFO neutron.wsgi [req-4400ba42-fa6d-4152-b5ea-ad8149de1a06 req-a4904845-c505-4019-b723-e6392a8604ab 5177dcf216e44ac2a769dc3e0840c3bb 352c077f8b574df5a89666a435e43d6d - - 23babc78c1634f95b27487dfe2f3be5a 23babc78c1634f95b27487dfe2f3be5a] 199.19.213.65 "GET /v2.0/networks?id=5f9b62cd-6430-41d5-a155-ee7efe8903a5 HTTP/1.1" status: 200 len: 1003 time: 0.0757565
2026-06-24 14:32:39.252 10 INFO neutron.wsgi [req-4400ba42-fa6d-4152-b5ea-ad8149de1a06 req-c2dbdd01-fb37-4573-86ce-144189251635 5177dcf216e44ac2a769dc3e0840c3bb 352c077f8b574df5a89666a435e43d6d - - 23babc78c1634f95b27487dfe2f3be5a 23babc78c1634f95b27487dfe2f3be5a] 199.19.213.65 "GET /v2.0/floatingips?fixed_ip_address=10.2.2.241&port_id=4537a15f-66d7-474e-9c1b-e37c9fe2792e HTTP/1.1" status: 200 len: 1059 time: 0.0367634
2026-06-24 14:32:39.281 10 INFO neutron.wsgi [req-4400ba42-fa6d-4152-b5ea-ad8149de1a06 req-a4ee1ae1-f4be-4d34-b9ea-0d698c8a019c 5177dcf216e44ac2a769dc3e0840c3bb 352c077f8b574df5a89666a435e43d6d - - 23babc78c1634f95b27487dfe2f3be5a 23babc78c1634f95b27487dfe2f3be5a] 199.19.213.65 "GET /v2.0/floatingips?fixed_ip_address=fd77%3A1457%3A4cf0%3A26a8%3A%3A4d&port_id=4537a15f-66d7-474e-9c1b-e37c9fe2792e HTTP/1.1" status: 200 len: 217 time: 0.0243258
2026-06-24 14:32:39.322 10 INFO neutron.wsgi [req-4400ba42-fa6d-4152-b5ea-ad8149de1a06 req-82a01475-4c3b-4be4-b980-c9bd5c9ec09b 5177dcf216e44ac2a769dc3e0840c3bb 352c077f8b574df5a89666a435e43d6d - - 23babc78c1634f95b27487dfe2f3be5a 23babc78c1634f95b27487dfe2f3be5a] 199.19.213.65 "GET /v2.0/subnets?id=17a59d2d-a9c5-43d1-ac2c-1a68c672dd9e&id=6b93e4af-6313-467f-afbd-286bebffbc23 HTTP/1.1" status: 200 len: 1565 time: 0.0339689
2026-06-24 14:32:39.348 10 INFO neutron.wsgi [req-4400ba42-fa6d-4152-b5ea-ad8149de1a06 req-cdfc2a35-4efb-4d1f-9676-62f7605d9a7a 5177dcf216e44ac2a769dc3e0840c3bb 352c077f8b574df5a89666a435e43d6d - - 23babc78c1634f95b27487dfe2f3be5a 23babc78c1634f95b27487dfe2f3be5a] 199.19.213.65 "GET /v2.0/ports?network_id=5f9b62cd-6430-41d5-a155-ee7efe8903a5&device_owner=network%3Adhcp HTTP/1.1" status: 200 len: 210 time: 0.0189855
2026-06-24 14:32:39.373 10 INFO neutron.wsgi [req-4400ba42-fa6d-4152-b5ea-ad8149de1a06 req-4bd5a275-285b-474b-965c-5673b79095f9 5177dcf216e44ac2a769dc3e0840c3bb 352c077f8b574df5a89666a435e43d6d - - 23babc78c1634f95b27487dfe2f3be5a 23babc78c1634f95b27487dfe2f3be5a] 199.19.213.65 "GET /v2.0/ports?network_id=5f9b62cd-6430-41d5-a155-ee7efe8903a5&device_owner=network%3Adhcp HTTP/1.1" status: 200 len: 210 time: 0.0180011 /var/lib/openstack/lib/python3.10/site-packages/pycadf/identifier.py:71: UserWarning: Invalid uuid: neutron. To ensure interoperability, identifiers should be a valid uuid. warnings.warn(('Invalid uuid: %s. To ensure interoperability, '
2026-06-24 14:32:39.419 9 INFO neutron.wsgi [None req-d735c064-e913-4c73-9155-74450aae402b ce0dbd5fd4d1459584c4f270d59feb80 94034a93ca0d4cdaa13889186bd1609e - - default default] 10.0.0.73 "GET /v2.0/security-groups?tenant_id=76d5982f2ff745e2a0caf7effa169667&name=default HTTP/1.1" status: 200 len: 3000 time: 0.2117887
2026-06-24 14:32:39.438 10 INFO neutron.wsgi [req-4400ba42-fa6d-4152-b5ea-ad8149de1a06 req-cdff1e41-a7ca-4118-a1c7-f1acac60e235 5177dcf216e44ac2a769dc3e0840c3bb 352c077f8b574df5a89666a435e43d6d - - 23babc78c1634f95b27487dfe2f3be5a 23babc78c1634f95b27487dfe2f3be5a] 199.19.213.65 "GET /v2.0/networks/5f9b62cd-6430-41d5-a155-ee7efe8903a5?fields=segments HTTP/1.1" status: 200 len: 212 time: 0.0579329
2026-06-24 14:32:39.512 10 INFO neutron.wsgi [req-4400ba42-fa6d-4152-b5ea-ad8149de1a06 req-25b8fd82-4739-4c19-8765-c9a9aeea67b4 5177dcf216e44ac2a769dc3e0840c3bb 352c077f8b574df5a89666a435e43d6d - - 23babc78c1634f95b27487dfe2f3be5a 23babc78c1634f95b27487dfe2f3be5a] 199.19.213.65 "GET /v2.0/networks/5f9b62cd-6430-41d5-a155-ee7efe8903a5?fields=provider%3Aphysical_network&fields=provider%3Anetwork_type HTTP/1.1" status: 200 len: 277 time: 0.0555570
2026-06-24 14:32:39.624 9 INFO neutron.wsgi [None req-d5c00431-ebce-4b71-acf2-7649d61cc729 ce0dbd5fd4d1459584c4f270d59feb80 94034a93ca0d4cdaa13889186bd1609e - - default default] 10.0.0.73 "DELETE /v2.0/security-groups/21d435b6-81a6-46ca-8b45-993cadbd9ac8 HTTP/1.1" status: 204 len: 168 time: 0.2001867
2026-06-24 14:32:39.813 10 INFO neutron.services.segments.plugin [-] Segment 7d8f3044-5edc-41f1-af2e-994b3dd23861 resource provider aggregate not found
2026-06-24 14:32:39.818 10 INFO neutron.services.segments.plugin [-] Segment 7d8f3044-5edc-41f1-af2e-994b3dd23861 resource provider aggregate not found
2026-06-24 14:32:39.831 10 INFO neutron.services.segments.plugin [-] Segment 7d8f3044-5edc-41f1-af2e-994b3dd23861 resource provider not found; error: Placement Client Error (4xx): {"errors": [{"status": 404, "title": "Not Found", "detail": "The resource could not be found.\n\n No resource provider with uuid 7d8f3044-5edc-41f1-af2e-994b3dd23861 found for delete ", "request_id": "req-14f9dae1-7893-4573-b116-2c9aad01f5b9"}]}
2026-06-24 14:32:39.833 10 INFO neutron.services.segments.plugin [-] Segment 7d8f3044-5edc-41f1-af2e-994b3dd23861 resource provider not found; error: Placement Client Error (4xx): {"errors": [{"status": 404, "title": "Not Found", "detail": "The resource could not be found.\n\n No resource provider with uuid 7d8f3044-5edc-41f1-af2e-994b3dd23861 found for delete ", "request_id": "req-d1f1fe00-6176-4392-bd2f-0e836dfa8198"}]}
2026-06-24 14:32:39.858 9 INFO neutron.db.ovn_revision_numbers_db [None req-3de181a7-83bc-4991-bc23-729467d72722 ce0dbd5fd4d1459584c4f270d59feb80 94034a93ca0d4cdaa13889186bd1609e - - default default] Successfully bumped revision number for resource c1ff0b59-8e72-4acf-a4e0-ce36e8a1e945 (type: security_groups) to 1
2026-06-24 14:32:39.872 9 INFO neutron.db.ovn_revision_numbers_db [None req-3de181a7-83bc-4991-bc23-729467d72722 ce0dbd5fd4d1459584c4f270d59feb80 94034a93ca0d4cdaa13889186bd1609e - - default default] Successfully bumped revision number for resource 153f6597-0c15-436e-8b1c-f0018bd00e6d (type: security_group_rules) to 0
2026-06-24 14:32:39.888 9 INFO neutron.db.ovn_revision_numbers_db [None req-3de181a7-83bc-4991-bc23-729467d72722 ce0dbd5fd4d1459584c4f270d59feb80 94034a93ca0d4cdaa13889186bd1609e - - default default] Successfully bumped revision number for resource 96fb53c4-ad64-471e-90f7-bc3436e9872b (type: security_group_rules) to 0
2026-06-24 14:32:39.903 9 INFO neutron.db.ovn_revision_numbers_db [None req-3de181a7-83bc-4991-bc23-729467d72722 ce0dbd5fd4d1459584c4f270d59feb80 94034a93ca0d4cdaa13889186bd1609e - - default default] Successfully bumped revision number for resource f20b96b3-a8ac-4ec2-908c-008d444dcee4 (type: security_group_rules) to 0
2026-06-24 14:32:39.918 9 INFO neutron.db.ovn_revision_numbers_db [None req-3de181a7-83bc-4991-bc23-729467d72722 ce0dbd5fd4d1459584c4f270d59feb80 94034a93ca0d4cdaa13889186bd1609e - - default default] Successfully bumped revision number for resource f9e44494-d988-494c-8601-a124ec6643b0 (type: security_group_rules) to 0
2026-06-24 14:32:39.945 9 INFO neutron.wsgi [None req-3de181a7-83bc-4991-bc23-729467d72722 ce0dbd5fd4d1459584c4f270d59feb80 94034a93ca0d4cdaa13889186bd1609e - - default default] 10.0.0.73 "GET /v2.0/security-groups?tenant_id=60c84e712377422b8badac9ee6f784df&name=default HTTP/1.1" status: 200 len: 3000 time: 0.2015698
2026-06-24 14:32:40.164 9 INFO neutron.wsgi [None req-f4e49d55-6ba0-4dc3-a195-20541e62e93b ce0dbd5fd4d1459584c4f270d59feb80 94034a93ca0d4cdaa13889186bd1609e - - default default] 10.0.0.73 "DELETE /v2.0/security-groups/c1ff0b59-8e72-4acf-a4e0-ce36e8a1e945 HTTP/1.1" status: 204 len: 168 time: 0.2117031
2026-06-24 14:32:41.090 9 INFO neutron.wsgi [req-e5608a50-46c3-4ecf-b4b5-6d9b38daa928 req-6facbfda-dc60-4325-b044-d264e44cc8b8 5177dcf216e44ac2a769dc3e0840c3bb 352c077f8b574df5a89666a435e43d6d - - 23babc78c1634f95b27487dfe2f3be5a 23babc78c1634f95b27487dfe2f3be5a] 10.0.0.64 "GET /v2.0/ports?device_id=f8963696-9a3c-48f5-969f-e350dfe8688c HTTP/1.1" status: 200 len: 1638 time: 0.0327494
2026-06-24 14:32:41.138 9 INFO neutron.wsgi [req-e5608a50-46c3-4ecf-b4b5-6d9b38daa928 req-1707232a-5bbc-432d-bee3-646030e8e888 5177dcf216e44ac2a769dc3e0840c3bb 352c077f8b574df5a89666a435e43d6d - - 23babc78c1634f95b27487dfe2f3be5a 23babc78c1634f95b27487dfe2f3be5a] 10.0.0.64 "GET /v2.0/security-groups?id=ae781c7e-faca-4139-af11-353f295ad808&fields=id&fields=name HTTP/1.1" status: 200 len: 311 time: 0.0390749
2026-06-24 14:32:43.158 10 INFO neutron.wsgi [-] 10.0.0.105 "GET / HTTP/1.1" status: 200 len: 247 time: 0.0028896
2026-06-24 14:32:43.158 9 INFO neutron.wsgi [-] 10.0.0.105 "GET / HTTP/1.1" status: 200 len: 247 time: 0.0027213
2026-06-24 14:32:46.855 9 INFO neutron.wsgi [req-184b4ed1-9a09-441b-b7c9-9d5fb930840c req-0dc7fa7e-ffac-4ec4-aa6f-c819b0cf9dd9 5177dcf216e44ac2a769dc3e0840c3bb 352c077f8b574df5a89666a435e43d6d - - 23babc78c1634f95b27487dfe2f3be5a 23babc78c1634f95b27487dfe2f3be5a] 10.0.0.64 "GET /v2.0/ports?device_id=ff2f8c51-4cb6-4002-b7b4-fd0d9c79de77 HTTP/1.1" status: 200 len: 1638 time: 0.0358522
2026-06-24 14:32:46.900 9 INFO neutron.wsgi [req-184b4ed1-9a09-441b-b7c9-9d5fb930840c req-3205fcb5-5661-49b6-b8a3-0f370d8afdd7 5177dcf216e44ac2a769dc3e0840c3bb 352c077f8b574df5a89666a435e43d6d - - 23babc78c1634f95b27487dfe2f3be5a 23babc78c1634f95b27487dfe2f3be5a] 10.0.0.64 "GET /v2.0/security-groups?id=ae781c7e-faca-4139-af11-353f295ad808&fields=id&fields=name HTTP/1.1" status: 200 len: 311 time: 0.0387242
2026-06-24 14:32:51.641 10 INFO neutron.wsgi [None req-cd5e709a-d476-4f47-8d80-14b7644438ed 47c7bf3e7a85416b8fbf29c5e871e695 3694fa90121947b09d5c318134997367 - - default default] 10.0.0.73 "GET /v2.0/subnets/33113e90-50b5-4b12-9923-862d7038a7f3 HTTP/1.1" status: 200 len: 845 time: 0.0319059
2026-06-24 14:32:52.365 9 INFO neutron.wsgi [None req-69a22e2d-59f1-4107-8c62-7680ff8794b2 ce0dbd5fd4d1459584c4f270d59feb80 94034a93ca0d4cdaa13889186bd1609e - - default default] 10.0.0.181 "GET /v2.0/extensions/security-group HTTP/1.1" status: 200 len: 369 time: 0.1855593
2026-06-24 14:32:52.381 9 INFO neutron.wsgi [None req-c1634ed2-d554-439a-97eb-f5b8c3bc0d0b ce0dbd5fd4d1459584c4f270d59feb80 94034a93ca0d4cdaa13889186bd1609e - - default default] 10.0.0.181 "GET /v2.0/extensions/dns-integration HTTP/1.1" status: 200 len: 371 time: 0.0072088
2026-06-24 14:32:52.394 9 INFO neutron.wsgi [None req-b71c2bf7-d419-459c-9049-1ad81aed457a ce0dbd5fd4d1459584c4f270d59feb80 94034a93ca0d4cdaa13889186bd1609e - - default default] 10.0.0.181 "GET /v2.0/extensions/qos HTTP/1.1" status: 200 len: 365 time: 0.0051084
2026-06-24 14:32:52.408 9 INFO neutron.wsgi [None req-6efa96bb-a8e2-4be8-b885-52d2215f2570 ce0dbd5fd4d1459584c4f270d59feb80 94034a93ca0d4cdaa13889186bd1609e - - default default] 10.0.0.181 "GET /v2.0/extensions/allowed-address-pairs HTTP/1.1" status: 200 len: 383 time: 0.0089185
2026-06-24 14:32:52.918 10 INFO neutron.wsgi [-] 10.0.0.181 "GET / HTTP/1.1" status: 200 len: 284 time: 0.0024664
2026-06-24 14:32:52.966 10 INFO neutron.wsgi [None req-794826e2-76b1-40ad-9935-1b48f30673a8 2ebe641c2b454b2e8f8918a9aa7ca098 dbddf508c50540f3a436166a917a9604 - - default default] 10.0.0.181 "GET /v2.0/subnets/33113e90-50b5-4b12-9923-862d7038a7f3 HTTP/1.1" status: 200 len: 832 time: 0.0437164
2026-06-24 14:32:52.983 9 INFO neutron.wsgi [None req-cbbe0e4e-317d-4496-ae1e-9297afdcf5b5 ce0dbd5fd4d1459584c4f270d59feb80 94034a93ca0d4cdaa13889186bd1609e - - default default] 10.0.0.181 "GET /v2.0/extensions/security-group HTTP/1.1" status: 200 len: 369 time: 0.0086434
2026-06-24 14:32:52.992 9 INFO neutron.wsgi [None req-65a936b0-fab1-410a-a660-1ef91ec96b42 ce0dbd5fd4d1459584c4f270d59feb80 94034a93ca0d4cdaa13889186bd1609e - - default default] 10.0.0.181 "GET /v2.0/extensions/dns-integration HTTP/1.1" status: 200 len: 371 time: 0.0044138
2026-06-24 14:32:53.001 9 INFO neutron.wsgi [None req-f6ebe60c-9ac1-4dc2-a51d-ff6cf93e1a9d ce0dbd5fd4d1459584c4f270d59feb80 94034a93ca0d4cdaa13889186bd1609e - - default default] 10.0.0.181 "GET /v2.0/extensions/qos HTTP/1.1" status: 200 len: 365 time: 0.0041749
2026-06-24 14:32:53.010 9 INFO neutron.wsgi [None req-6f8fbd54-ec52-4c0a-ae40-b5c55c2ac9a2 ce0dbd5fd4d1459584c4f270d59feb80 94034a93ca0d4cdaa13889186bd1609e - - default default] 10.0.0.181 "GET /v2.0/extensions/allowed-address-pairs HTTP/1.1" status: 200 len: 383 time: 0.0047197
2026-06-24 14:32:53.044 9 INFO neutron.wsgi [None req-9635ef69-3779-407f-9b03-d58404e059a0 ce0dbd5fd4d1459584c4f270d59feb80 94034a93ca0d4cdaa13889186bd1609e - - default default] 10.0.0.181 "GET /v2.0/subnets/33113e90-50b5-4b12-9923-862d7038a7f3 HTTP/1.1" status: 200 len: 850 time: 0.0276606
2026-06-24 14:32:53.243 9 INFO neutron.wsgi [None req-057b2da4-df12-42b4-804f-7db6d9b8ea66 ce0dbd5fd4d1459584c4f270d59feb80 94034a93ca0d4cdaa13889186bd1609e - - default default] 10.0.0.181 "GET /v2.0/extensions/security-group HTTP/1.1" status: 200 len: 369 time: 0.0064628
2026-06-24 14:32:53.253 9 INFO neutron.wsgi [None req-472c6b13-9e57-4f90-8970-130bdb38ca13 ce0dbd5fd4d1459584c4f270d59feb80 94034a93ca0d4cdaa13889186bd1609e - - default default] 10.0.0.181 "GET /v2.0/extensions/dns-integration HTTP/1.1" status: 200 len: 371 time: 0.0054336
2026-06-24 14:32:53.261 9 INFO neutron.wsgi [None req-f567f4a2-2643-4af4-812e-23f7951ef893 ce0dbd5fd4d1459584c4f270d59feb80 94034a93ca0d4cdaa13889186bd1609e - - default default] 10.0.0.181 "GET /v2.0/extensions/qos HTTP/1.1" status: 200 len: 365 time: 0.0040858
2026-06-24 14:32:53.271 9 INFO neutron.wsgi [None req-9c86222d-41ab-42ad-af7b-e476ef7ef4d0 ce0dbd5fd4d1459584c4f270d59feb80 94034a93ca0d4cdaa13889186bd1609e - - default default] 10.0.0.181 "GET /v2.0/extensions/allowed-address-pairs HTTP/1.1" status: 200 len: 383 time: 0.0043857
2026-06-24 14:32:53.339 9 INFO neutron.wsgi [None req-36f77b28-c0ce-4cdd-abd3-313dca68868c ce0dbd5fd4d1459584c4f270d59feb80 94034a93ca0d4cdaa13889186bd1609e - - default default] 10.0.0.181 "GET /v2.0/networks/e99b26e7-e087-4e0a-aa6e-d2b964f93227 HTTP/1.1" status: 200 len: 1001 time: 0.0612020
2026-06-24 14:32:53.352 9 INFO neutron.wsgi [None req-8a889783-23b5-4053-a3dc-61f01628671e ce0dbd5fd4d1459584c4f270d59feb80 94034a93ca0d4cdaa13889186bd1609e - - default default] 10.0.0.181 "GET /v2.0/extensions/project-id HTTP/1.1" status: 200 len: 403 time: 0.0046246
2026-06-24 14:32:53.687 9 WARNING neutron.scheduler.dhcp_agent_scheduler [None req-9a973977-3370-4703-9804-ff2065bc8c2b ce0dbd5fd4d1459584c4f270d59feb80 94034a93ca0d4cdaa13889186bd1609e - - default default] No more DHCP agents
2026-06-24 14:32:53.690 9 WARNING neutron.api.rpc.agentnotifiers.dhcp_rpc_agent_api [None req-9a973977-3370-4703-9804-ff2065bc8c2b ce0dbd5fd4d1459584c4f270d59feb80 94034a93ca0d4cdaa13889186bd1609e - - default default] Unable to schedule network e99b26e7-e087-4e0a-aa6e-d2b964f93227: no agents available; will retry on subsequent port and subnet creation events.
2026-06-24 14:32:53.893 9 INFO neutron.db.ovn_revision_numbers_db [None req-9a973977-3370-4703-9804-ff2065bc8c2b ce0dbd5fd4d1459584c4f270d59feb80 94034a93ca0d4cdaa13889186bd1609e - - default default] Successfully bumped revision number for resource c2f94a49-97de-4156-809a-40334dae0383 (type: ports) to 1
2026-06-24 14:32:53.915 9 INFO neutron.wsgi [None req-9a973977-3370-4703-9804-ff2065bc8c2b ce0dbd5fd4d1459584c4f270d59feb80 94034a93ca0d4cdaa13889186bd1609e - - default default] 10.0.0.181 "POST /v2.0/ports HTTP/1.1" status: 201 len: 1337 time: 0.5594645 /var/lib/openstack/lib/python3.10/site-packages/pycadf/identifier.py:71: UserWarning: Invalid uuid: neutron. To ensure interoperability, identifiers should be a valid uuid. warnings.warn(('Invalid uuid: %s. To ensure interoperability, '
2026-06-24 14:32:55.389 9 INFO neutron.wsgi [None req-7df5c77d-aaee-4c32-b84b-cbb58f374220 ce0dbd5fd4d1459584c4f270d59feb80 94034a93ca0d4cdaa13889186bd1609e - - default default] 199.19.213.65 "GET /v2.0/extensions/security-group HTTP/1.1" status: 200 len: 369 time: 0.0614433
2026-06-24 14:32:55.404 9 INFO neutron.wsgi [None req-a6fd526a-2c37-442e-ace0-5ef210917eb2 ce0dbd5fd4d1459584c4f270d59feb80 94034a93ca0d4cdaa13889186bd1609e - - default default] 199.19.213.65 "GET /v2.0/extensions/dns-integration HTTP/1.1" status: 200 len: 371 time: 0.0067940
2026-06-24 14:32:55.413 9 INFO neutron.wsgi [None req-f6b64817-2e20-45a8-8fb9-fb0ca2b8fd1d ce0dbd5fd4d1459584c4f270d59feb80 94034a93ca0d4cdaa13889186bd1609e - - default default] 199.19.213.65 "GET /v2.0/extensions/qos HTTP/1.1" status: 200 len: 365 time: 0.0044055
2026-06-24 14:32:55.424 9 INFO neutron.wsgi [None req-554047f4-1089-440b-9ee0-3080581cfe67 ce0dbd5fd4d1459584c4f270d59feb80 94034a93ca0d4cdaa13889186bd1609e - - default default] 199.19.213.65 "GET /v2.0/extensions/allowed-address-pairs HTTP/1.1" status: 200 len: 383 time: 0.0056965
2026-06-24 14:32:55.459 9 INFO neutron.wsgi [None req-efa901d8-e603-4a3e-9e44-21be14fee3c3 ce0dbd5fd4d1459584c4f270d59feb80 94034a93ca0d4cdaa13889186bd1609e - - default default] 199.19.213.65 "GET /v2.0/ports/c2f94a49-97de-4156-809a-40334dae0383 HTTP/1.1" status: 200 len: 1332 time: 0.0296266
2026-06-24 14:32:55.560 9 INFO neutron.wsgi [None req-3982c21d-55d8-4c28-bb21-19c0d9bf4869 ce0dbd5fd4d1459584c4f270d59feb80 94034a93ca0d4cdaa13889186bd1609e - - default default] 199.19.213.65 "GET /v2.0/extensions/security-group HTTP/1.1" status: 200 len: 369 time: 0.0079403
2026-06-24 14:32:55.570 9 INFO neutron.wsgi [None req-1f527980-f480-471c-9d76-55107430d488 ce0dbd5fd4d1459584c4f270d59feb80 94034a93ca0d4cdaa13889186bd1609e - - default default] 199.19.213.65 "GET /v2.0/extensions/dns-integration HTTP/1.1" status: 200 len: 371 time: 0.0044265
2026-06-24 14:32:55.578 9 INFO neutron.wsgi [None req-dc7e941e-e528-476e-8050-58893a41003e ce0dbd5fd4d1459584c4f270d59feb80 94034a93ca0d4cdaa13889186bd1609e - - default default] 199.19.213.65 "GET /v2.0/extensions/qos HTTP/1.1" status: 200 len: 365 time: 0.0049455
2026-06-24 14:32:55.588 9 INFO neutron.wsgi [None req-6334f351-dfd7-4305-813f-60ac2853ae47 ce0dbd5fd4d1459584c4f270d59feb80 94034a93ca0d4cdaa13889186bd1609e - - default default] 199.19.213.65 "GET /v2.0/extensions/allowed-address-pairs HTTP/1.1" status: 200 len: 383 time: 0.0049837
2026-06-24 14:32:55.617 9 INFO neutron.wsgi [None req-2f710021-33eb-4754-b9a4-cd4a2cbede3d ce0dbd5fd4d1459584c4f270d59feb80 94034a93ca0d4cdaa13889186bd1609e - - default default] 199.19.213.65 "GET /v2.0/security-groups?name=lb-045f5859-0bb5-4577-b70d-60fc71c438fd HTTP/1.1" status: 200 len: 221 time: 0.0242746
2026-06-24 14:32:55.763 9 INFO neutron.db.ovn_revision_numbers_db [None req-52093855-5840-48e5-b667-61079f5f311b ce0dbd5fd4d1459584c4f270d59feb80 94034a93ca0d4cdaa13889186bd1609e - - default default] Successfully bumped revision number for resource 898c1226-2f6b-41b5-ae8b-0523af7ec436 (type: security_groups) to 1
2026-06-24 14:32:55.782 9 INFO neutron.db.ovn_revision_numbers_db [None req-52093855-5840-48e5-b667-61079f5f311b ce0dbd5fd4d1459584c4f270d59feb80 94034a93ca0d4cdaa13889186bd1609e - - default default] Successfully bumped revision number for resource 550ff99a-b4da-4a92-9fc3-7cf97cd8282e (type: security_group_rules) to 0
2026-06-24 14:32:55.797 9 INFO neutron.db.ovn_revision_numbers_db [None req-52093855-5840-48e5-b667-61079f5f311b ce0dbd5fd4d1459584c4f270d59feb80 94034a93ca0d4cdaa13889186bd1609e - - default default] Successfully bumped revision number for resource 7404bcb7-f10c-47cc-987f-d5c13aa285fd (type: security_group_rules) to 0
2026-06-24 14:32:55.815 9 INFO neutron.wsgi [None req-52093855-5840-48e5-b667-61079f5f311b ce0dbd5fd4d1459584c4f270d59feb80 94034a93ca0d4cdaa13889186bd1609e - - default default] 199.19.213.65 "POST /v2.0/security-groups HTTP/1.1" status: 201 len: 1779 time: 0.1875334
2026-06-24 14:32:55.853 9 INFO neutron.wsgi [None req-e293187f-69c8-4f7b-be54-29cfb7e72727 ce0dbd5fd4d1459584c4f270d59feb80 94034a93ca0d4cdaa13889186bd1609e - - default default] 199.19.213.65 "GET /v2.0/security-group-rules?security_group_id=898c1226-2f6b-41b5-ae8b-0523af7ec436 HTTP/1.1" status: 200 len: 1318 time: 0.0325837
2026-06-24 14:32:56.212 9 INFO neutron.db.ovn_revision_numbers_db [None req-82bbffb8-8a70-43ba-b4b3-adecd2db9d9b ce0dbd5fd4d1459584c4f270d59feb80 94034a93ca0d4cdaa13889186bd1609e - - default default] Successfully bumped revision number for resource c2f94a49-97de-4156-809a-40334dae0383 (type: ports) to 2
2026-06-24 14:32:56.220 9 INFO neutron.wsgi [None req-82bbffb8-8a70-43ba-b4b3-adecd2db9d9b ce0dbd5fd4d1459584c4f270d59feb80 94034a93ca0d4cdaa13889186bd1609e - - default default] 199.19.213.65 "PUT /v2.0/ports/c2f94a49-97de-4156-809a-40334dae0383 HTTP/1.1" status: 200 len: 1332 time: 0.3584042 /var/lib/openstack/lib/python3.10/site-packages/pycadf/identifier.py:71: UserWarning: Invalid uuid: neutron. To ensure interoperability, identifiers should be a valid uuid. warnings.warn(('Invalid uuid: %s. To ensure interoperability, '
2026-06-24 14:32:56.240 9 INFO neutron.wsgi [None req-891f6899-b53c-459c-b2be-9f8c841d2ab3 ce0dbd5fd4d1459584c4f270d59feb80 94034a93ca0d4cdaa13889186bd1609e - - default default] 199.19.213.65 "GET /v2.0/extensions/security-group HTTP/1.1" status: 200 len: 369 time: 0.0070291
2026-06-24 14:32:56.248 9 INFO neutron.wsgi [None req-9dcb0807-2c2d-47ca-9926-26b09a97f12c ce0dbd5fd4d1459584c4f270d59feb80 94034a93ca0d4cdaa13889186bd1609e - - default default] 199.19.213.65 "GET /v2.0/extensions/dns-integration HTTP/1.1" status: 200 len: 371 time: 0.0038989
2026-06-24 14:32:56.257 9 INFO neutron.wsgi [None req-9615fb99-7453-497d-8ce6-075386599efb ce0dbd5fd4d1459584c4f270d59feb80 94034a93ca0d4cdaa13889186bd1609e - - default default] 199.19.213.65 "GET /v2.0/extensions/qos HTTP/1.1" status: 200 len: 365 time: 0.0038676
2026-06-24 14:32:56.269 9 INFO neutron.wsgi [None req-d01af11b-1490-446b-a0bc-c0145a21d27e ce0dbd5fd4d1459584c4f270d59feb80 94034a93ca0d4cdaa13889186bd1609e - - default default] 199.19.213.65 "GET /v2.0/extensions/allowed-address-pairs HTTP/1.1" status: 200 len: 383 time: 0.0071714
2026-06-24 14:32:56.309 9 INFO neutron.wsgi [None req-c5c887c0-e64f-40e7-928c-1a94e60876c5 ce0dbd5fd4d1459584c4f270d59feb80 94034a93ca0d4cdaa13889186bd1609e - - default default] 199.19.213.65 "GET /v2.0/subnets/33113e90-50b5-4b12-9923-862d7038a7f3 HTTP/1.1" status: 200 len: 850 time: 0.0341127
2026-06-24 14:32:58.156 9 INFO neutron.wsgi [-] 10.0.0.105 "GET / HTTP/1.1" status: 200 len: 247 time: 0.0015862
2026-06-24 14:32:58.158 10 INFO neutron.wsgi [-] 10.0.0.105 "GET / HTTP/1.1" status: 200 len: 247 time: 0.0029044
2026-06-24 14:33:03.695 9 INFO neutron.wsgi [req-9c55c781-9c69-4b8f-ae0f-e60a82756f5f req-cc7dc256-7b97-471f-8adc-cad7ad26d392 ce0dbd5fd4d1459584c4f270d59feb80 94034a93ca0d4cdaa13889186bd1609e - - default default] 10.0.0.30 "GET /v2.0/security-groups?id=539035a9-68ae-4d7d-bc88-467c8bf7830c&fields=id HTTP/1.1" status: 200 len: 267 time: 0.0440533
2026-06-24 14:33:03.772 9 INFO neutron.wsgi [req-9c55c781-9c69-4b8f-ae0f-e60a82756f5f req-1cdddbe7-239e-4e89-8202-af9bb689e706 ce0dbd5fd4d1459584c4f270d59feb80 94034a93ca0d4cdaa13889186bd1609e - - default default] 10.0.0.30 "GET /v2.0/networks?id=e5dfa8ed-e3b7-4193-8e8b-cd1ac79c6bdd HTTP/1.1" status: 200 len: 936 time: 0.0714478
2026-06-24 14:33:03.797 9 INFO neutron.wsgi [req-9c55c781-9c69-4b8f-ae0f-e60a82756f5f req-e748ce94-73f5-43ca-9afa-28cf6a890d7b ce0dbd5fd4d1459584c4f270d59feb80 94034a93ca0d4cdaa13889186bd1609e - - default default] 10.0.0.30 "GET /v2.0/quotas/94034a93ca0d4cdaa13889186bd1609e HTTP/1.1" status: 200 len: 385 time: 0.0142407
2026-06-24 14:33:03.864 9 INFO neutron.wsgi [req-9c55c781-9c69-4b8f-ae0f-e60a82756f5f req-a5ab898d-f07b-4578-98fc-72455ca76dcf ce0dbd5fd4d1459584c4f270d59feb80 94034a93ca0d4cdaa13889186bd1609e - - default default] 10.0.0.30 "GET /v2.0/ports?tenant_id=94034a93ca0d4cdaa13889186bd1609e&fields=id HTTP/1.1" status: 200 len: 348 time: 0.0594981
2026-06-24 14:33:03.941 9 INFO neutron.wsgi [req-9c55c781-9c69-4b8f-ae0f-e60a82756f5f req-7ac60021-d91a-4f31-abad-11083c37f341 5177dcf216e44ac2a769dc3e0840c3bb 352c077f8b574df5a89666a435e43d6d - - 23babc78c1634f95b27487dfe2f3be5a 23babc78c1634f95b27487dfe2f3be5a] 10.0.0.30 "GET /v2.0/networks/e5dfa8ed-e3b7-4193-8e8b-cd1ac79c6bdd?fields=segments HTTP/1.1" status: 200 len: 212 time: 0.0638626
2026-06-24 14:33:04.014 9 INFO neutron.wsgi [req-9c55c781-9c69-4b8f-ae0f-e60a82756f5f req-8c34f88c-916f-4a6b-8c78-68c31a072fe5 5177dcf216e44ac2a769dc3e0840c3bb 352c077f8b574df5a89666a435e43d6d - - 23babc78c1634f95b27487dfe2f3be5a 23babc78c1634f95b27487dfe2f3be5a] 10.0.0.30 "GET /v2.0/networks/e5dfa8ed-e3b7-4193-8e8b-cd1ac79c6bdd?fields=provider%3Aphysical_network&fields=provider%3Anetwork_type HTTP/1.1" status: 200 len: 277 time: 0.0643330
2026-06-24 14:33:04.341 9 INFO neutron.wsgi [req-19a8117e-7f4e-4b47-89dc-511a12e03077 req-f8a71505-89be-4596-b91d-1abd8958c94a ce0dbd5fd4d1459584c4f270d59feb80 94034a93ca0d4cdaa13889186bd1609e - - default default] 10.0.0.30 "GET /v2.0/ports?device_id=bf5271fe-090d-4566-be17-fc11341162f4 HTTP/1.1" status: 200 len: 210 time: 0.0227413
2026-06-24 14:33:04.414 9 INFO neutron.wsgi [req-0e88b713-a4d6-4399-bf68-ad39a790ea68 req-a8a7ce95-1273-4956-8bec-9eea0c833919 ce0dbd5fd4d1459584c4f270d59feb80 94034a93ca0d4cdaa13889186bd1609e - - default default] 10.0.0.30 "GET /v2.0/ports?device_id=bf5271fe-090d-4566-be17-fc11341162f4 HTTP/1.1" status: 200 len: 210 time: 0.0222461
2026-06-24 14:33:05.134 10 INFO neutron.wsgi [req-9c55c781-9c69-4b8f-ae0f-e60a82756f5f req-e1f0a41b-1f3f-4dbc-8fb9-4ef2af976d47 ce0dbd5fd4d1459584c4f270d59feb80 94034a93ca0d4cdaa13889186bd1609e - - default default] 199.19.213.65 "GET /v2.0/networks?id=e5dfa8ed-e3b7-4193-8e8b-cd1ac79c6bdd HTTP/1.1" status: 200 len: 936 time: 0.0800686
2026-06-24 14:33:05.209 10 INFO neutron.wsgi [req-9c55c781-9c69-4b8f-ae0f-e60a82756f5f req-0f2c5cb2-c746-47bb-b1e8-cf2add8517fd ce0dbd5fd4d1459584c4f270d59feb80 94034a93ca0d4cdaa13889186bd1609e - - default default] 199.19.213.65 "GET /v2.0/security-groups?fields=id&fields=name&tenant_id=94034a93ca0d4cdaa13889186bd1609e HTTP/1.1" status: 200 len: 542 time: 0.0560298
2026-06-24 14:33:05.454 10 WARNING neutron.scheduler.dhcp_agent_scheduler [req-9c55c781-9c69-4b8f-ae0f-e60a82756f5f req-8cd43e87-e28c-4ca0-9cbf-cc01c36d7815 ce0dbd5fd4d1459584c4f270d59feb80 94034a93ca0d4cdaa13889186bd1609e - - default default] No more DHCP agents
2026-06-24 14:33:05.456 10 WARNING neutron.api.rpc.agentnotifiers.dhcp_rpc_agent_api [req-9c55c781-9c69-4b8f-ae0f-e60a82756f5f req-8cd43e87-e28c-4ca0-9cbf-cc01c36d7815 ce0dbd5fd4d1459584c4f270d59feb80 94034a93ca0d4cdaa13889186bd1609e - - default default] Unable to schedule network e5dfa8ed-e3b7-4193-8e8b-cd1ac79c6bdd: no agents available; will retry on subsequent port and subnet creation events.
2026-06-24 14:33:05.619 10 INFO neutron.db.ovn_revision_numbers_db [req-9c55c781-9c69-4b8f-ae0f-e60a82756f5f req-8cd43e87-e28c-4ca0-9cbf-cc01c36d7815 ce0dbd5fd4d1459584c4f270d59feb80 94034a93ca0d4cdaa13889186bd1609e - - default default] Successfully bumped revision number for resource 343b214f-38d7-4996-b319-da7a53031bd0 (type: ports) to 1
2026-06-24 14:33:05.640 10 INFO neutron.wsgi [req-9c55c781-9c69-4b8f-ae0f-e60a82756f5f req-8cd43e87-e28c-4ca0-9cbf-cc01c36d7815 ce0dbd5fd4d1459584c4f270d59feb80 94034a93ca0d4cdaa13889186bd1609e - - default default] 199.19.213.65 "POST /v2.0/ports HTTP/1.1" status: 201 len: 1287 time: 0.4260955 /var/lib/openstack/lib/python3.10/site-packages/pycadf/identifier.py:71: UserWarning: Invalid uuid: neutron. To ensure interoperability, identifiers should be a valid uuid. warnings.warn(('Invalid uuid: %s. To ensure interoperability, '
2026-06-24 14:33:06.320 10 INFO neutron.db.ovn_revision_numbers_db [req-9c55c781-9c69-4b8f-ae0f-e60a82756f5f req-2945e170-dd84-4ebc-a209-58556b23fb53 5177dcf216e44ac2a769dc3e0840c3bb 352c077f8b574df5a89666a435e43d6d - - 23babc78c1634f95b27487dfe2f3be5a 23babc78c1634f95b27487dfe2f3be5a] Successfully bumped revision number for resource 343b214f-38d7-4996-b319-da7a53031bd0 (type: ports) to 2
2026-06-24 14:33:06.525 10 INFO neutron.db.ovn_revision_numbers_db [req-9c55c781-9c69-4b8f-ae0f-e60a82756f5f req-2945e170-dd84-4ebc-a209-58556b23fb53 5177dcf216e44ac2a769dc3e0840c3bb 352c077f8b574df5a89666a435e43d6d - - 23babc78c1634f95b27487dfe2f3be5a 23babc78c1634f95b27487dfe2f3be5a] Successfully bumped revision number for resource 343b214f-38d7-4996-b319-da7a53031bd0 (type: ports) to 2
2026-06-24 14:33:06.542 10 INFO neutron.wsgi [req-9c55c781-9c69-4b8f-ae0f-e60a82756f5f req-2945e170-dd84-4ebc-a209-58556b23fb53 5177dcf216e44ac2a769dc3e0840c3bb 352c077f8b574df5a89666a435e43d6d - - 23babc78c1634f95b27487dfe2f3be5a 23babc78c1634f95b27487dfe2f3be5a] 199.19.213.65 "PUT /v2.0/ports/343b214f-38d7-4996-b319-da7a53031bd0 HTTP/1.1" status: 200 len: 1384 time: 0.8897471 /var/lib/openstack/lib/python3.10/site-packages/pycadf/identifier.py:71: UserWarning: Invalid uuid: neutron. To ensure interoperability, identifiers should be a valid uuid. warnings.warn(('Invalid uuid: %s. To ensure interoperability, '
2026-06-24 14:33:06.585 10 INFO neutron.notifiers.nova [-] Nova event matching ['req-54728d0e-db22-4190-83f8-a885b433bc47'] response: {'name': 'network-changed', 'server_uuid': 'bf5271fe-090d-4566-be17-fc11341162f4', 'tag': '343b214f-38d7-4996-b319-da7a53031bd0', 'status': 'completed', 'code': 200}
2026-06-24 14:33:06.590 9 INFO neutron.wsgi [req-ba60f8bb-f4d6-43ff-8a9f-247edf68c9b7 req-1fb2c910-95a1-4ffe-a343-2373d2c6e45b ce0dbd5fd4d1459584c4f270d59feb80 94034a93ca0d4cdaa13889186bd1609e - - default default] 10.0.0.30 "GET /v2.0/ports?device_id=bf5271fe-090d-4566-be17-fc11341162f4 HTTP/1.1" status: 200 len: 1415 time: 0.0329278
2026-06-24 14:33:06.609 10 INFO neutron.wsgi [req-9c55c781-9c69-4b8f-ae0f-e60a82756f5f req-adadad5a-7ae2-488e-b523-6a99944e0429 5177dcf216e44ac2a769dc3e0840c3bb 352c077f8b574df5a89666a435e43d6d - - 23babc78c1634f95b27487dfe2f3be5a 23babc78c1634f95b27487dfe2f3be5a] 199.19.213.65 "GET /v2.0/ports?tenant_id=94034a93ca0d4cdaa13889186bd1609e&device_id=bf5271fe-090d-4566-be17-fc11341162f4 HTTP/1.1" status: 200 len: 1415 time: 0.0351768
2026-06-24 14:33:06.630 9 INFO neutron.wsgi [req-ba60f8bb-f4d6-43ff-8a9f-247edf68c9b7 req-d7a550af-0c78-4f73-b152-d0ef733d21a6 ce0dbd5fd4d1459584c4f270d59feb80 94034a93ca0d4cdaa13889186bd1609e - - default default] 10.0.0.30 "GET /v2.0/security-groups?id=539035a9-68ae-4d7d-bc88-467c8bf7830c&fields=id&fields=name HTTP/1.1" status: 200 len: 294 time: 0.0339303
2026-06-24 14:33:06.639 10 INFO neutron.wsgi [req-9c55c781-9c69-4b8f-ae0f-e60a82756f5f req-400e68cf-9886-4fca-9e8a-ae3633a212e7 5177dcf216e44ac2a769dc3e0840c3bb 352c077f8b574df5a89666a435e43d6d - - 23babc78c1634f95b27487dfe2f3be5a 23babc78c1634f95b27487dfe2f3be5a] 199.19.213.65 "GET /v2.0/floatingips?fixed_ip_address=172.24.2.177&port_id=343b214f-38d7-4996-b319-da7a53031bd0 HTTP/1.1" status: 200 len: 217 time: 0.0240858
2026-06-24 14:33:06.685 10 INFO neutron.wsgi [req-9c55c781-9c69-4b8f-ae0f-e60a82756f5f req-16f89294-93e6-489a-93ff-a662861b2ada 5177dcf216e44ac2a769dc3e0840c3bb 352c077f8b574df5a89666a435e43d6d - - 23babc78c1634f95b27487dfe2f3be5a 23babc78c1634f95b27487dfe2f3be5a] 199.19.213.65 "GET /v2.0/subnets?id=3519488d-e1bd-44ca-851c-9ce0848c3a20 HTTP/1.1" status: 200 len: 829 time: 0.0354643
2026-06-24 14:33:06.721 10 INFO neutron.wsgi [req-9c55c781-9c69-4b8f-ae0f-e60a82756f5f req-44af2641-ebe2-4a2f-af12-b24f34cc0ced 5177dcf216e44ac2a769dc3e0840c3bb 352c077f8b574df5a89666a435e43d6d - - 23babc78c1634f95b27487dfe2f3be5a 23babc78c1634f95b27487dfe2f3be5a] 199.19.213.65 "GET /v2.0/ports?network_id=e5dfa8ed-e3b7-4193-8e8b-cd1ac79c6bdd&device_owner=network%3Adhcp HTTP/1.1" status: 200 len: 210 time: 0.0303323
2026-06-24 14:33:06.760 9 INFO neutron.wsgi [req-b14b8c22-b7db-4288-bc09-59bf6cfd81ea req-741fddc4-bc1b-4f08-aab2-4dc5acdb39cd ce0dbd5fd4d1459584c4f270d59feb80 94034a93ca0d4cdaa13889186bd1609e - - default default] 10.0.0.30 "GET /v2.0/ports?device_id=bf5271fe-090d-4566-be17-fc11341162f4 HTTP/1.1" status: 200 len: 1415 time: 0.0470967
2026-06-24 14:33:06.797 10 INFO neutron.wsgi [req-9c55c781-9c69-4b8f-ae0f-e60a82756f5f req-2e2e3573-7fd2-4f27-bff5-6cd2c0413cfd 5177dcf216e44ac2a769dc3e0840c3bb 352c077f8b574df5a89666a435e43d6d - - 23babc78c1634f95b27487dfe2f3be5a 23babc78c1634f95b27487dfe2f3be5a] 199.19.213.65 "GET /v2.0/networks/e5dfa8ed-e3b7-4193-8e8b-cd1ac79c6bdd?fields=segments HTTP/1.1" status: 200 len: 212 time: 0.0696149
2026-06-24 14:33:06.871 10 INFO neutron.wsgi [req-9c55c781-9c69-4b8f-ae0f-e60a82756f5f req-1a3f6c04-d21a-4230-9663-23aecdba3f7b 5177dcf216e44ac2a769dc3e0840c3bb 352c077f8b574df5a89666a435e43d6d - - 23babc78c1634f95b27487dfe2f3be5a 23babc78c1634f95b27487dfe2f3be5a] 199.19.213.65 "GET /v2.0/networks/e5dfa8ed-e3b7-4193-8e8b-cd1ac79c6bdd?fields=provider%3Aphysical_network&fields=provider%3Anetwork_type HTTP/1.1" status: 200 len: 277 time: 0.0689881
