2026-06-24 14:31:41.083 9 INFO neutron.db.ovn_revision_numbers_db [None req-b3590185-1f07-4870-9991-a23405ac9c2c 6cc82f29383343888c639637b682af7d 27a7e87c51ca4370b9a72b0591877410 - - default default] Successfully bumped revision number for resource 53fb01a4-064d-4164-a3f3-0b7162c4ddef (type: routers) to 2
2026-06-24 14:31:41.086 9 INFO neutron.wsgi [None req-b3590185-1f07-4870-9991-a23405ac9c2c 6cc82f29383343888c639637b682af7d 27a7e87c51ca4370b9a72b0591877410 - - default default] 10.0.0.73 "PUT /v2.0/routers/53fb01a4-064d-4164-a3f3-0b7162c4ddef HTTP/1.1" status: 200 len: 662 time: 0.6197796
2026-06-24 14:31:41.115 9 INFO neutron.wsgi [None req-17068e19-c051-46ba-8b94-3a909464b7f4 6cc82f29383343888c639637b682af7d 27a7e87c51ca4370b9a72b0591877410 - - default default] 10.0.0.73 "GET /v2.0/ports?device_id=53fb01a4-064d-4164-a3f3-0b7162c4ddef HTTP/1.1" status: 200 len: 205 time: 0.0193419
2026-06-24 14:31:41.312 9 INFO neutron.wsgi [None req-9cbf1015-1372-4896-b304-89e268665f88 6cc82f29383343888c639637b682af7d 27a7e87c51ca4370b9a72b0591877410 - - default default] 10.0.0.73 "DELETE /v2.0/routers/53fb01a4-064d-4164-a3f3-0b7162c4ddef HTTP/1.1" status: 204 len: 168 time: 0.1899755
2026-06-24 14:31:41.368 9 INFO neutron.wsgi [None req-d7e08f7a-103c-4350-afa3-95ddb4c87b5c 6cc82f29383343888c639637b682af7d 27a7e87c51ca4370b9a72b0591877410 - - default default] 10.0.0.73 "GET /v2.0/routers/310e1f8d-7ac8-46fd-bc5c-38a63dd8d4bb HTTP/1.1" status: 200 len: 655 time: 0.0494375
2026-06-24 14:31:41.754 9 INFO neutron.wsgi [None req-acb6f9c6-1848-4ae0-93f7-23ebd77430a2 6cc82f29383343888c639637b682af7d 27a7e87c51ca4370b9a72b0591877410 - - default default] 10.0.0.73 "PUT /v2.0/routers/310e1f8d-7ac8-46fd-bc5c-38a63dd8d4bb HTTP/1.1" status: 200 len: 655 time: 0.3819358
2026-06-24 14:31:41.784 9 INFO neutron.wsgi [None req-7dece60d-6952-49ff-ba7c-d1d58b3a8c33 6cc82f29383343888c639637b682af7d 27a7e87c51ca4370b9a72b0591877410 - - default default] 10.0.0.73 "GET /v2.0/ports?device_id=310e1f8d-7ac8-46fd-bc5c-38a63dd8d4bb HTTP/1.1" status: 200 len: 205 time: 0.0244231
2026-06-24 14:31:41.969 10 INFO neutron.db.ovn_revision_numbers_db [None req-0c43271d-4c07-4882-967a-06433d42b17b 26af1c9b619241d1acc9737326803cdc 7d92ed23351c4f02961fdb06ce934dcb - - default default] Successfully bumped revision number for resource 051130f4-cb46-4764-a8e4-d5717ab1f182 (type: security_groups) to 1
2026-06-24 14:31:41.985 10 INFO neutron.db.ovn_revision_numbers_db [None req-0c43271d-4c07-4882-967a-06433d42b17b 26af1c9b619241d1acc9737326803cdc 7d92ed23351c4f02961fdb06ce934dcb - - default default] Successfully bumped revision number for resource 4d590543-8702-46ec-837f-3a346eb3f001 (type: security_group_rules) to 0
2026-06-24 14:31:41.990 9 INFO neutron.wsgi [None req-620e598f-7f4b-4323-8196-3a0218456f0d 6cc82f29383343888c639637b682af7d 27a7e87c51ca4370b9a72b0591877410 - - default default] 10.0.0.73 "DELETE /v2.0/routers/310e1f8d-7ac8-46fd-bc5c-38a63dd8d4bb HTTP/1.1" status: 204 len: 168 time: 0.2017016
2026-06-24 14:31:41.999 10 INFO neutron.db.ovn_revision_numbers_db [None req-0c43271d-4c07-4882-967a-06433d42b17b 26af1c9b619241d1acc9737326803cdc 7d92ed23351c4f02961fdb06ce934dcb - - default default] Successfully bumped revision number for resource 7aa9ede6-edc7-4c3f-86fc-412a896fedd0 (type: security_group_rules) to 0
2026-06-24 14:31:42.013 10 INFO neutron.db.ovn_revision_numbers_db [None req-0c43271d-4c07-4882-967a-06433d42b17b 26af1c9b619241d1acc9737326803cdc 7d92ed23351c4f02961fdb06ce934dcb - - default default] Successfully bumped revision number for resource a204e668-4014-4c27-8d2e-4c2297bf1b04 (type: security_group_rules) to 0
2026-06-24 14:31:42.024 10 INFO neutron.db.ovn_revision_numbers_db [None req-0c43271d-4c07-4882-967a-06433d42b17b 26af1c9b619241d1acc9737326803cdc 7d92ed23351c4f02961fdb06ce934dcb - - default default] Successfully bumped revision number for resource fac20fdf-1949-41bc-910f-efff515ae10e (type: security_group_rules) to 0
2026-06-24 14:31:42.104 10 INFO neutron.db.ovn_revision_numbers_db [None req-0c43271d-4c07-4882-967a-06433d42b17b 26af1c9b619241d1acc9737326803cdc 7d92ed23351c4f02961fdb06ce934dcb - - default default] Successfully bumped revision number for resource 5841e320-8dd8-43f6-ac8f-c3aca76b8008 (type: security_groups) to 1
2026-06-24 14:31:42.120 10 INFO neutron.db.ovn_revision_numbers_db [None req-0c43271d-4c07-4882-967a-06433d42b17b 26af1c9b619241d1acc9737326803cdc 7d92ed23351c4f02961fdb06ce934dcb - - default default] Successfully bumped revision number for resource 75b78136-0e98-4af7-8991-4f79b855065d (type: security_group_rules) to 0
2026-06-24 14:31:42.134 10 INFO neutron.db.ovn_revision_numbers_db [None req-0c43271d-4c07-4882-967a-06433d42b17b 26af1c9b619241d1acc9737326803cdc 7d92ed23351c4f02961fdb06ce934dcb - - default default] Successfully bumped revision number for resource e04609d2-cdb4-430a-9aa5-eaf0ab9da43b (type: security_group_rules) to 0
2026-06-24 14:31:42.154 10 INFO neutron.wsgi [None req-0c43271d-4c07-4882-967a-06433d42b17b 26af1c9b619241d1acc9737326803cdc 7d92ed23351c4f02961fdb06ce934dcb - - default default] 10.0.0.73 "POST /v2.0/security-groups HTTP/1.1" status: 201 len: 1737 time: 0.5615888
2026-06-24 14:31:42.192 10 INFO neutron.wsgi [None req-82baaeb5-611a-4514-bdea-0a45f6df13e8 26af1c9b619241d1acc9737326803cdc 7d92ed23351c4f02961fdb06ce934dcb - - default default] 10.0.0.73 "PUT /v2.0/security-groups/5841e320-8dd8-43f6-ac8f-c3aca76b8008/tags HTTP/1.1" status: 200 len: 218 time: 0.0315411
2026-06-24 14:31:42.214 10 INFO neutron.wsgi [None req-53decaa1-474b-481e-ac41-858983364e5a 26af1c9b619241d1acc9737326803cdc 7d92ed23351c4f02961fdb06ce934dcb - - default default] 10.0.0.73 "GET /v2.0/security-groups/5841e320-8dd8-43f6-ac8f-c3aca76b8008/tags HTTP/1.1" status: 200 len: 218 time: 0.0172637
2026-06-24 14:31:42.245 10 INFO neutron.wsgi [None req-6e806dd7-fb53-475e-9726-a904b76e2e60 26af1c9b619241d1acc9737326803cdc 7d92ed23351c4f02961fdb06ce934dcb - - default default] 10.0.0.73 "PUT /v2.0/security-groups/5841e320-8dd8-43f6-ac8f-c3aca76b8008/tags/green HTTP/1.1" status: 201 len: 201 time: 0.0258257
2026-06-24 14:31:42.272 10 INFO neutron.wsgi [None req-01478cb8-bee0-4d72-8bf6-e2139007491a 26af1c9b619241d1acc9737326803cdc 7d92ed23351c4f02961fdb06ce934dcb - - default default] 10.0.0.73 "GET /v2.0/security-groups/5841e320-8dd8-43f6-ac8f-c3aca76b8008/tags HTTP/1.1" status: 200 len: 227 time: 0.0213411
2026-06-24 14:31:42.295 10 INFO neutron.wsgi [None req-54dafadd-b716-49be-9014-908b505123ef 26af1c9b619241d1acc9737326803cdc 7d92ed23351c4f02961fdb06ce934dcb - - default default] 10.0.0.73 "PUT /v2.0/security-groups/5841e320-8dd8-43f6-ac8f-c3aca76b8008/tags/red HTTP/1.1" status: 201 len: 201 time: 0.0187962
2026-06-24 14:31:42.320 10 INFO neutron.wsgi [None req-e96c4e6b-e37e-4c14-82ee-91a65d87e399 26af1c9b619241d1acc9737326803cdc 7d92ed23351c4f02961fdb06ce934dcb - - default default] 10.0.0.73 "GET /v2.0/security-groups/5841e320-8dd8-43f6-ac8f-c3aca76b8008/tags HTTP/1.1" status: 200 len: 227 time: 0.0204418
2026-06-24 14:31:42.357 9 INFO neutron.wsgi [None req-d7108e38-53f2-46e5-a4f2-be8554073e27 26af1c9b619241d1acc9737326803cdc 7d92ed23351c4f02961fdb06ce934dcb - - default default] 10.0.0.73 "PUT /v2.0/security-groups/5841e320-8dd8-43f6-ac8f-c3aca76b8008/tags/black.or.white HTTP/1.1" status: 201 len: 201 time: 0.0328588
2026-06-24 14:31:42.387 9 INFO neutron.wsgi [None req-7859bf95-5007-4c03-91e7-c9ba24017219 26af1c9b619241d1acc9737326803cdc 7d92ed23351c4f02961fdb06ce934dcb - - default default] 10.0.0.73 "GET /v2.0/security-groups/5841e320-8dd8-43f6-ac8f-c3aca76b8008/tags HTTP/1.1" status: 200 len: 245 time: 0.0246170
2026-06-24 14:31:42.427 9 INFO neutron.wsgi [None req-2732db5a-d656-41e0-90d3-219f22001c51 26af1c9b619241d1acc9737326803cdc 7d92ed23351c4f02961fdb06ce934dcb - - default default] 10.0.0.73 "PUT /v2.0/security-groups/5841e320-8dd8-43f6-ac8f-c3aca76b8008/tags HTTP/1.1" status: 200 len: 230 time: 0.0336511
2026-06-24 14:31:42.454 10 INFO neutron.wsgi [None req-bcfef967-3339-4432-aeb7-d440d0f69198 26af1c9b619241d1acc9737326803cdc 7d92ed23351c4f02961fdb06ce934dcb - - default default] 10.0.0.73 "GET /v2.0/security-groups/5841e320-8dd8-43f6-ac8f-c3aca76b8008/tags HTTP/1.1" status: 200 len: 230 time: 0.0213275
2026-06-24 14:31:42.476 10 INFO neutron.wsgi [None req-a95bdb58-c362-4ec0-81c2-c0a35caac2f2 26af1c9b619241d1acc9737326803cdc 7d92ed23351c4f02961fdb06ce934dcb - - default default] 10.0.0.73 "GET /v2.0/security-groups/5841e320-8dd8-43f6-ac8f-c3aca76b8008/tags/red HTTP/1.1" status: 204 len: 168 time: 0.0178418
2026-06-24 14:31:42.502 10 INFO neutron.api.v2.resource [None req-68d05e05-3637-406d-911a-9a140994f45d 26af1c9b619241d1acc9737326803cdc 7d92ed23351c4f02961fdb06ce934dcb - - default default] show failed (client error): The resource could not be found.
2026-06-24 14:31:42.503 10 INFO neutron.wsgi [None req-68d05e05-3637-406d-911a-9a140994f45d 26af1c9b619241d1acc9737326803cdc 7d92ed23351c4f02961fdb06ce934dcb - - default default] 10.0.0.73 "GET /v2.0/security-groups/5841e320-8dd8-43f6-ac8f-c3aca76b8008/tags/green HTTP/1.1" status: 404 len: 299 time: 0.0226254
2026-06-24 14:31:42.532 10 INFO neutron.wsgi [None req-eead1e1b-5e00-4d48-a0f5-a044e2833e7a 26af1c9b619241d1acc9737326803cdc 7d92ed23351c4f02961fdb06ce934dcb - - default default] 10.0.0.73 "DELETE /v2.0/security-groups/5841e320-8dd8-43f6-ac8f-c3aca76b8008/tags/red HTTP/1.1" status: 204 len: 168 time: 0.0250421
2026-06-24 14:31:42.551 10 INFO neutron.wsgi [None req-def7edf7-0d4e-43d3-b32e-7f783a233e6a 26af1c9b619241d1acc9737326803cdc 7d92ed23351c4f02961fdb06ce934dcb - - default default] 10.0.0.73 "GET /v2.0/security-groups/5841e320-8dd8-43f6-ac8f-c3aca76b8008/tags HTTP/1.1" status: 200 len: 223 time: 0.0143299
2026-06-24 14:31:42.576 10 INFO neutron.api.v2.resource [None req-5f5307d8-64b2-4648-8aed-e9358f46f94d 26af1c9b619241d1acc9737326803cdc 7d92ed23351c4f02961fdb06ce934dcb - - default default] delete failed (client error): The resource could not be found.
2026-06-24 14:31:42.578 10 INFO neutron.wsgi [None req-5f5307d8-64b2-4648-8aed-e9358f46f94d 26af1c9b619241d1acc9737326803cdc 7d92ed23351c4f02961fdb06ce934dcb - - default default] 10.0.0.73 "DELETE /v2.0/security-groups/5841e320-8dd8-43f6-ac8f-c3aca76b8008/tags/green HTTP/1.1" status: 404 len: 299 time: 0.0220637
2026-06-24 14:31:42.625 10 INFO neutron.wsgi [None req-2385b012-beb6-493d-8269-db2cea5d36ce 26af1c9b619241d1acc9737326803cdc 7d92ed23351c4f02961fdb06ce934dcb - - default default] 10.0.0.73 "DELETE /v2.0/security-groups/5841e320-8dd8-43f6-ac8f-c3aca76b8008/tags HTTP/1.1" status: 204 len: 168 time: 0.0419142
2026-06-24 14:31:42.648 10 INFO neutron.wsgi [None req-baab1dab-3630-4931-bfd4-e94730699de2 26af1c9b619241d1acc9737326803cdc 7d92ed23351c4f02961fdb06ce934dcb - - default default] 10.0.0.73 "GET /v2.0/security-groups/5841e320-8dd8-43f6-ac8f-c3aca76b8008/tags HTTP/1.1" status: 200 len: 205 time: 0.0185335
2026-06-24 14:31:42.731 9 WARNING neutron.scheduler.dhcp_agent_scheduler [None req-f565fde1-d125-4f78-b8d1-a425109b022f f5fa526fd5214ee6bcda480efdf6ff59 d063b41319fb4e7e9e97b429deb3db9c - - default default] No more DHCP agents
2026-06-24 14:31:42.736 9 WARNING neutron.api.rpc.agentnotifiers.dhcp_rpc_agent_api [None req-f565fde1-d125-4f78-b8d1-a425109b022f f5fa526fd5214ee6bcda480efdf6ff59 d063b41319fb4e7e9e97b429deb3db9c - - default default] Unable to schedule network 011c5169-757f-47ed-846d-dba39a373d9c: no agents available; will retry on subsequent port and subnet creation events.
2026-06-24 14:31:42.759 10 INFO neutron.wsgi [None req-a9d02e84-424e-4f29-a8fe-7d47f9484fda 26af1c9b619241d1acc9737326803cdc 7d92ed23351c4f02961fdb06ce934dcb - - default default] 10.0.0.73 "DELETE /v2.0/security-groups/5841e320-8dd8-43f6-ac8f-c3aca76b8008 HTTP/1.1" status: 204 len: 168 time: 0.1033449
2026-06-24 14:31:43.109 9 INFO neutron.db.ovn_revision_numbers_db [None req-f565fde1-d125-4f78-b8d1-a425109b022f f5fa526fd5214ee6bcda480efdf6ff59 d063b41319fb4e7e9e97b429deb3db9c - - default default] Successfully bumped revision number for resource b8fbace4-0e24-4fb0-ab61-e88618ba9a31 (type: floatingips) to 0
2026-06-24 14:31:43.111 10 INFO neutron.db.ovn_revision_numbers_db [None req-5ab9acda-7c89-495f-9673-c57d07266f42 ce0dbd5fd4d1459584c4f270d59feb80 94034a93ca0d4cdaa13889186bd1609e - - default default] Successfully bumped revision number for resource a15061d5-c86e-4538-b5e8-c2d123ceca1f (type: security_groups) to 1
2026-06-24 14:31:43.128 9 INFO neutron.wsgi [None req-f565fde1-d125-4f78-b8d1-a425109b022f f5fa526fd5214ee6bcda480efdf6ff59 d063b41319fb4e7e9e97b429deb3db9c - - default default] 10.0.0.73 "POST /v2.0/floatingips HTTP/1.1" status: 201 len: 751 time: 0.8183711
2026-06-24 14:31:43.131 10 INFO neutron.db.ovn_revision_numbers_db [None req-5ab9acda-7c89-495f-9673-c57d07266f42 ce0dbd5fd4d1459584c4f270d59feb80 94034a93ca0d4cdaa13889186bd1609e - - default default] Successfully bumped revision number for resource 39dcfc91-c80d-43bb-b9eb-2641b787bdb3 (type: security_group_rules) to 0
2026-06-24 14:31:43.157 10 INFO neutron.wsgi [-] 10.0.0.105 "GET / HTTP/1.1" status: 200 len: 247 time: 0.0015829
2026-06-24 14:31:43.168 9 INFO neutron.wsgi [None req-a35addf2-6d65-4db9-af1b-d4163187a5b3 f5fa526fd5214ee6bcda480efdf6ff59 d063b41319fb4e7e9e97b429deb3db9c - - default default] 10.0.0.73 "PUT /v2.0/floatingips/b8fbace4-0e24-4fb0-ab61-e88618ba9a31/tags HTTP/1.1" status: 200 len: 218 time: 0.0355144
2026-06-24 14:31:43.199 9 INFO neutron.wsgi [None req-1d1af59c-ee1a-4ccc-9720-899c395c7586 f5fa526fd5214ee6bcda480efdf6ff59 d063b41319fb4e7e9e97b429deb3db9c - - default default] 10.0.0.73 "GET /v2.0/floatingips/b8fbace4-0e24-4fb0-ab61-e88618ba9a31/tags HTTP/1.1" status: 200 len: 218 time: 0.0254636
2026-06-24 14:31:43.243 9 INFO neutron.wsgi [None req-93eaa9d0-a34c-4509-8075-648178981cc8 f5fa526fd5214ee6bcda480efdf6ff59 d063b41319fb4e7e9e97b429deb3db9c - - default default] 10.0.0.73 "PUT /v2.0/floatingips/b8fbace4-0e24-4fb0-ab61-e88618ba9a31/tags/green HTTP/1.1" status: 201 len: 201 time: 0.0387533
2026-06-24 14:31:43.272 9 INFO neutron.wsgi [None req-28c1c7ce-6d53-4335-974b-983a42205417 f5fa526fd5214ee6bcda480efdf6ff59 d063b41319fb4e7e9e97b429deb3db9c - - default default] 10.0.0.73 "GET /v2.0/floatingips/b8fbace4-0e24-4fb0-ab61-e88618ba9a31/tags HTTP/1.1" status: 200 len: 227 time: 0.0253541
2026-06-24 14:31:43.300 9 INFO neutron.wsgi [None req-8a1609c3-bf46-4ef3-9da0-50e35cf62328 f5fa526fd5214ee6bcda480efdf6ff59 d063b41319fb4e7e9e97b429deb3db9c - - default default] 10.0.0.73 "PUT /v2.0/floatingips/b8fbace4-0e24-4fb0-ab61-e88618ba9a31/tags/red HTTP/1.1" status: 201 len: 201 time: 0.0231116
2026-06-24 14:31:43.327 9 INFO neutron.wsgi [None req-4c693733-98c4-4a1b-bf8d-ab72632b8be3 f5fa526fd5214ee6bcda480efdf6ff59 d063b41319fb4e7e9e97b429deb3db9c - - default default] 10.0.0.73 "GET /v2.0/floatingips/b8fbace4-0e24-4fb0-ab61-e88618ba9a31/tags HTTP/1.1" status: 200 len: 227 time: 0.0232589
2026-06-24 14:31:43.369 9 INFO neutron.wsgi [None req-5f04042d-3024-46c3-80b5-96c1e3b85ece f5fa526fd5214ee6bcda480efdf6ff59 d063b41319fb4e7e9e97b429deb3db9c - - default default] 10.0.0.73 "PUT /v2.0/floatingips/b8fbace4-0e24-4fb0-ab61-e88618ba9a31/tags/black.or.white HTTP/1.1" status: 201 len: 201 time: 0.0372701
2026-06-24 14:31:43.396 9 INFO neutron.wsgi [None req-25a9901a-f405-432c-be5f-a18c8b4df555 f5fa526fd5214ee6bcda480efdf6ff59 d063b41319fb4e7e9e97b429deb3db9c - - default default] 10.0.0.73 "GET /v2.0/floatingips/b8fbace4-0e24-4fb0-ab61-e88618ba9a31/tags HTTP/1.1" status: 200 len: 245 time: 0.0241182
2026-06-24 14:31:43.436 9 INFO neutron.wsgi [None req-83880102-8503-4cc1-9198-62d2b514b7c0 f5fa526fd5214ee6bcda480efdf6ff59 d063b41319fb4e7e9e97b429deb3db9c - - default default] 10.0.0.73 "PUT /v2.0/floatingips/b8fbace4-0e24-4fb0-ab61-e88618ba9a31/tags HTTP/1.1" status: 200 len: 230 time: 0.0346155
2026-06-24 14:31:43.463 9 INFO neutron.wsgi [None req-15e31492-8992-4096-a7a4-cac2d21915a3 f5fa526fd5214ee6bcda480efdf6ff59 d063b41319fb4e7e9e97b429deb3db9c - - default default] 10.0.0.73 "GET /v2.0/floatingips/b8fbace4-0e24-4fb0-ab61-e88618ba9a31/tags HTTP/1.1" status: 200 len: 230 time: 0.0216470
2026-06-24 14:31:43.464 10 INFO neutron.wsgi [-] 10.0.0.105 "GET / HTTP/1.1" status: 200 len: 247 time: 0.3068941
2026-06-24 14:31:43.470 10 INFO neutron.db.ovn_revision_numbers_db [None req-5ab9acda-7c89-495f-9673-c57d07266f42 ce0dbd5fd4d1459584c4f270d59feb80 94034a93ca0d4cdaa13889186bd1609e - - default default] Successfully bumped revision number for resource 66d16413-b8b4-4599-9976-7e61f45aac5b (type: security_group_rules) to 0
2026-06-24 14:31:43.484 10 INFO neutron.db.ovn_revision_numbers_db [None req-5ab9acda-7c89-495f-9673-c57d07266f42 ce0dbd5fd4d1459584c4f270d59feb80 94034a93ca0d4cdaa13889186bd1609e - - default default] Successfully bumped revision number for resource 7bb36e26-56b6-4d5e-86bd-cd0d9fcc0ae0 (type: security_group_rules) to 0
2026-06-24 14:31:43.491 9 INFO neutron.wsgi [None req-570a13ed-0c03-4679-859b-6f857df6fbe9 f5fa526fd5214ee6bcda480efdf6ff59 d063b41319fb4e7e9e97b429deb3db9c - - default default] 10.0.0.73 "GET /v2.0/floatingips/b8fbace4-0e24-4fb0-ab61-e88618ba9a31/tags/red HTTP/1.1" status: 204 len: 168 time: 0.0230262
2026-06-24 14:31:43.505 10 INFO neutron.db.ovn_revision_numbers_db [None req-5ab9acda-7c89-495f-9673-c57d07266f42 ce0dbd5fd4d1459584c4f270d59feb80 94034a93ca0d4cdaa13889186bd1609e - - default default] Successfully bumped revision number for resource 7f044670-3177-4170-ae3a-7d1e1dfe3598 (type: security_group_rules) to 0
2026-06-24 14:31:43.520 9 INFO neutron.api.v2.resource [None req-7645990c-aa66-446d-b6dd-85b975a56aad f5fa526fd5214ee6bcda480efdf6ff59 d063b41319fb4e7e9e97b429deb3db9c - - default default] show failed (client error): The resource could not be found.
2026-06-24 14:31:43.521 9 INFO neutron.wsgi [None req-7645990c-aa66-446d-b6dd-85b975a56aad f5fa526fd5214ee6bcda480efdf6ff59 d063b41319fb4e7e9e97b429deb3db9c - - default default] 10.0.0.73 "GET /v2.0/floatingips/b8fbace4-0e24-4fb0-ab61-e88618ba9a31/tags/green HTTP/1.1" status: 404 len: 299 time: 0.0256712
2026-06-24 14:31:43.529 10 INFO neutron.wsgi [None req-5ab9acda-7c89-495f-9673-c57d07266f42 ce0dbd5fd4d1459584c4f270d59feb80 94034a93ca0d4cdaa13889186bd1609e - - default default] 10.0.0.73 "GET /v2.0/security-groups?tenant_id=c46aa57e030a4394b320b6f489f5f2a7&name=default HTTP/1.1" status: 200 len: 2996 time: 0.6804044
2026-06-24 14:31:43.572 10 INFO neutron.wsgi [None req-e325fe20-ae10-4c44-926a-61f9eb6f36fe f5fa526fd5214ee6bcda480efdf6ff59 d063b41319fb4e7e9e97b429deb3db9c - - default default] 10.0.0.73 "DELETE /v2.0/floatingips/b8fbace4-0e24-4fb0-ab61-e88618ba9a31/tags/red HTTP/1.1" status: 204 len: 168 time: 0.0454683
2026-06-24 14:31:43.603 10 INFO neutron.wsgi [None req-17ed4d81-8fb0-4981-9d17-199adef3ca8c f5fa526fd5214ee6bcda480efdf6ff59 d063b41319fb4e7e9e97b429deb3db9c - - default default] 10.0.0.73 "GET /v2.0/floatingips/b8fbace4-0e24-4fb0-ab61-e88618ba9a31/tags HTTP/1.1" status: 200 len: 223 time: 0.0276906
2026-06-24 14:31:43.640 9 INFO neutron.api.v2.resource [None req-5a74b398-82dc-4519-b714-44c4a4286a4c f5fa526fd5214ee6bcda480efdf6ff59 d063b41319fb4e7e9e97b429deb3db9c - - default default] delete failed (client error): The resource could not be found.
2026-06-24 14:31:43.642 9 INFO neutron.wsgi [None req-5a74b398-82dc-4519-b714-44c4a4286a4c f5fa526fd5214ee6bcda480efdf6ff59 d063b41319fb4e7e9e97b429deb3db9c - - default default] 10.0.0.73 "DELETE /v2.0/floatingips/b8fbace4-0e24-4fb0-ab61-e88618ba9a31/tags/green HTTP/1.1" status: 404 len: 299 time: 0.0335958
2026-06-24 14:31:43.726 10 INFO neutron.wsgi [None req-4e028ac9-cb23-4f24-b8f0-e6f7fce52314 f5fa526fd5214ee6bcda480efdf6ff59 d063b41319fb4e7e9e97b429deb3db9c - - default default] 10.0.0.73 "DELETE /v2.0/floatingips/b8fbace4-0e24-4fb0-ab61-e88618ba9a31/tags HTTP/1.1" status: 204 len: 168 time: 0.0746150
2026-06-24 14:31:43.757 9 INFO neutron.wsgi [None req-e32dcec5-6019-43b3-88fd-c653392faac2 f5fa526fd5214ee6bcda480efdf6ff59 d063b41319fb4e7e9e97b429deb3db9c - - default default] 10.0.0.73 "GET /v2.0/floatingips/b8fbace4-0e24-4fb0-ab61-e88618ba9a31/tags HTTP/1.1" status: 200 len: 205 time: 0.0250206
2026-06-24 14:31:43.779 9 INFO neutron.wsgi [None req-ff4b8207-c7ea-4d91-b6c7-c19d55458c67 ce0dbd5fd4d1459584c4f270d59feb80 94034a93ca0d4cdaa13889186bd1609e - - default default] 10.0.0.73 "DELETE /v2.0/security-groups/a15061d5-c86e-4538-b5e8-c2d123ceca1f HTTP/1.1" status: 204 len: 168 time: 0.2461152
2026-06-24 14:31:43.825 10 INFO neutron.db.ovn_revision_numbers_db [None req-e1b5022e-2cfd-47d5-bd29-dd28a4b3f311 ce0dbd5fd4d1459584c4f270d59feb80 94034a93ca0d4cdaa13889186bd1609e - - default default] Successfully bumped revision number for resource 664fcf78-2c94-4523-b56a-01b9915983a7 (type: security_groups) to 1
2026-06-24 14:31:43.844 10 INFO neutron.db.ovn_revision_numbers_db [None req-e1b5022e-2cfd-47d5-bd29-dd28a4b3f311 ce0dbd5fd4d1459584c4f270d59feb80 94034a93ca0d4cdaa13889186bd1609e - - default default] Successfully bumped revision number for resource 70099c35-5fef-4dc2-b385-bf4fdbed45c5 (type: security_group_rules) to 0
2026-06-24 14:31:43.871 10 INFO neutron.db.ovn_revision_numbers_db [None req-e1b5022e-2cfd-47d5-bd29-dd28a4b3f311 ce0dbd5fd4d1459584c4f270d59feb80 94034a93ca0d4cdaa13889186bd1609e - - default default] Successfully bumped revision number for resource 700a7b38-f733-4320-b198-f1cbad803588 (type: security_group_rules) to 0
2026-06-24 14:31:43.901 10 INFO neutron.db.ovn_revision_numbers_db [None req-e1b5022e-2cfd-47d5-bd29-dd28a4b3f311 ce0dbd5fd4d1459584c4f270d59feb80 94034a93ca0d4cdaa13889186bd1609e - - default default] Successfully bumped revision number for resource e0664546-94e9-42e2-af25-97ff9b24a334 (type: security_group_rules) to 0
2026-06-24 14:31:43.914 10 INFO neutron.db.ovn_revision_numbers_db [None req-e1b5022e-2cfd-47d5-bd29-dd28a4b3f311 ce0dbd5fd4d1459584c4f270d59feb80 94034a93ca0d4cdaa13889186bd1609e - - default default] Successfully bumped revision number for resource ea2f5d50-60c2-4e83-a56d-d92cf1f4f5b3 (type: security_group_rules) to 0
2026-06-24 14:31:43.943 10 INFO neutron.wsgi [None req-e1b5022e-2cfd-47d5-bd29-dd28a4b3f311 ce0dbd5fd4d1459584c4f270d59feb80 94034a93ca0d4cdaa13889186bd1609e - - default default] 10.0.0.73 "GET /v2.0/security-groups?tenant_id=83844b9926a3435db2bcc85a51d80662&name=default HTTP/1.1" status: 200 len: 2996 time: 0.4448891
2026-06-24 14:31:44.070 10 INFO neutron.db.ovn_revision_numbers_db [None req-e305bc74-dbe8-4318-92e9-66af224c5edb ce0dbd5fd4d1459584c4f270d59feb80 94034a93ca0d4cdaa13889186bd1609e - - default default] Successfully bumped revision number for resource e93ccfc1-ee1c-48b6-90d4-c11f828a303e (type: security_groups) to 1
2026-06-24 14:31:44.087 10 INFO neutron.db.ovn_revision_numbers_db [None req-e305bc74-dbe8-4318-92e9-66af224c5edb ce0dbd5fd4d1459584c4f270d59feb80 94034a93ca0d4cdaa13889186bd1609e - - default default] Successfully bumped revision number for resource 75345cd2-f165-4d64-ba86-6d04a707814d (type: security_group_rules) to 0
2026-06-24 14:31:44.106 10 INFO neutron.db.ovn_revision_numbers_db [None req-e305bc74-dbe8-4318-92e9-66af224c5edb ce0dbd5fd4d1459584c4f270d59feb80 94034a93ca0d4cdaa13889186bd1609e - - default default] Successfully bumped revision number for resource 7bb84082-4972-46db-b3ee-9b4b53b8ff02 (type: security_group_rules) to 0
2026-06-24 14:31:44.122 10 INFO neutron.db.ovn_revision_numbers_db [None req-e305bc74-dbe8-4318-92e9-66af224c5edb ce0dbd5fd4d1459584c4f270d59feb80 94034a93ca0d4cdaa13889186bd1609e - - default default] Successfully bumped revision number for resource babb155a-036d-49ed-bc01-66f310da0044 (type: security_group_rules) to 0
2026-06-24 14:31:44.140 10 INFO neutron.db.ovn_revision_numbers_db [None req-e305bc74-dbe8-4318-92e9-66af224c5edb ce0dbd5fd4d1459584c4f270d59feb80 94034a93ca0d4cdaa13889186bd1609e - - default default] Successfully bumped revision number for resource bd2ab5fa-146b-47c7-9a1a-0e8027dd54c1 (type: security_group_rules) to 0
2026-06-24 14:31:44.177 10 INFO neutron.wsgi [None req-e305bc74-dbe8-4318-92e9-66af224c5edb ce0dbd5fd4d1459584c4f270d59feb80 94034a93ca0d4cdaa13889186bd1609e - - default default] 10.0.0.73 "GET /v2.0/security-groups?tenant_id=07994ea7b4434df9ae02e4d2dee3fbe6&name=default HTTP/1.1" status: 200 len: 2996 time: 0.2989490
2026-06-24 14:31:44.205 10 INFO neutron.wsgi [None req-f304b648-ba5d-44a8-bfe9-a6144acedb8a ce0dbd5fd4d1459584c4f270d59feb80 94034a93ca0d4cdaa13889186bd1609e - - default default] 10.0.0.73 "DELETE /v2.0/security-groups/664fcf78-2c94-4523-b56a-01b9915983a7 HTTP/1.1" status: 204 len: 168 time: 0.2552221
2026-06-24 14:31:44.294 9 INFO neutron.wsgi [None req-c2b8c9ec-325d-4044-a9ce-717ea84039a3 f5fa526fd5214ee6bcda480efdf6ff59 d063b41319fb4e7e9e97b429deb3db9c - - default default] 10.0.0.73 "DELETE /v2.0/floatingips/b8fbace4-0e24-4fb0-ab61-e88618ba9a31 HTTP/1.1" status: 204 len: 168 time: 0.5284753
2026-06-24 14:31:44.416 10 INFO neutron.wsgi [None req-d1eabdac-fd4b-4dc1-87cb-064dd3101c42 ce0dbd5fd4d1459584c4f270d59feb80 94034a93ca0d4cdaa13889186bd1609e - - default default] 10.0.0.73 "DELETE /v2.0/security-groups/e93ccfc1-ee1c-48b6-90d4-c11f828a303e HTTP/1.1" status: 204 len: 168 time: 0.2283740
2026-06-24 14:31:44.420 10 INFO neutron.wsgi [None req-4793c249-b922-4c4b-bcda-28a7bcfa8659 ce0dbd5fd4d1459584c4f270d59feb80 94034a93ca0d4cdaa13889186bd1609e - - default default] 10.0.0.73 "GET /v2.0/security-groups?tenant_id=7d92ed23351c4f02961fdb06ce934dcb&name=default HTTP/1.1" status: 200 len: 2996 time: 0.0669518
2026-06-24 14:31:44.629 10 INFO neutron.wsgi [None req-5c70005b-dc49-4bb3-aa5f-83665a0eb9f5 ce0dbd5fd4d1459584c4f270d59feb80 94034a93ca0d4cdaa13889186bd1609e - - default default] 10.0.0.73 "DELETE /v2.0/security-groups/051130f4-cb46-4764-a8e4-d5717ab1f182 HTTP/1.1" status: 204 len: 168 time: 0.2033322
2026-06-24 14:31:44.703 10 INFO neutron.db.ovn_revision_numbers_db [None req-60d91878-92ff-4df3-8744-ebdf83286949 ce0dbd5fd4d1459584c4f270d59feb80 94034a93ca0d4cdaa13889186bd1609e - - default default] Successfully bumped revision number for resource 632309d0-814a-4fe3-b609-696b504c0fe2 (type: security_groups) to 1
2026-06-24 14:31:44.721 10 INFO neutron.db.ovn_revision_numbers_db [None req-60d91878-92ff-4df3-8744-ebdf83286949 ce0dbd5fd4d1459584c4f270d59feb80 94034a93ca0d4cdaa13889186bd1609e - - default default] Successfully bumped revision number for resource 0bf0ee7b-d2c2-4519-8a5c-40c1d70128e5 (type: security_group_rules) to 0
2026-06-24 14:31:44.757 10 INFO neutron.db.ovn_revision_numbers_db [None req-60d91878-92ff-4df3-8744-ebdf83286949 ce0dbd5fd4d1459584c4f270d59feb80 94034a93ca0d4cdaa13889186bd1609e - - default default] Successfully bumped revision number for resource 2b4b3545-9169-40f9-b1f4-db353bc305df (type: security_group_rules) to 0
2026-06-24 14:31:44.773 10 INFO neutron.db.ovn_revision_numbers_db [None req-60d91878-92ff-4df3-8744-ebdf83286949 ce0dbd5fd4d1459584c4f270d59feb80 94034a93ca0d4cdaa13889186bd1609e - - default default] Successfully bumped revision number for resource 464dbbdb-2f58-4f7d-aefd-8c470239f33a (type: security_group_rules) to 0
2026-06-24 14:31:44.786 10 INFO neutron.db.ovn_revision_numbers_db [None req-60d91878-92ff-4df3-8744-ebdf83286949 ce0dbd5fd4d1459584c4f270d59feb80 94034a93ca0d4cdaa13889186bd1609e - - default default] Successfully bumped revision number for resource 56d25d37-fbac-4172-b017-913465d96538 (type: security_group_rules) to 0
2026-06-24 14:31:44.811 10 INFO neutron.wsgi [None req-60d91878-92ff-4df3-8744-ebdf83286949 ce0dbd5fd4d1459584c4f270d59feb80 94034a93ca0d4cdaa13889186bd1609e - - default default] 10.0.0.73 "GET /v2.0/security-groups?tenant_id=27a7e87c51ca4370b9a72b0591877410&name=default HTTP/1.1" status: 200 len: 2996 time: 0.2574909
2026-06-24 14:31:45.001 9 INFO neutron.wsgi [None req-c2e6606b-da63-4840-bd71-47f23854316a ce0dbd5fd4d1459584c4f270d59feb80 94034a93ca0d4cdaa13889186bd1609e - - default default] 10.0.0.73 "DELETE /v2.0/security-groups/632309d0-814a-4fe3-b609-696b504c0fe2 HTTP/1.1" status: 204 len: 168 time: 0.1849208
2026-06-24 14:31:45.251 10 INFO neutron.db.ovn_revision_numbers_db [None req-595d7b43-a5a2-4e7d-85b1-d75c40723679 ce0dbd5fd4d1459584c4f270d59feb80 94034a93ca0d4cdaa13889186bd1609e - - default default] Successfully bumped revision number for resource 661f05d8-10ba-4c75-9c4a-b9a89c171391 (type: security_groups) to 1
2026-06-24 14:31:45.267 10 INFO neutron.db.ovn_revision_numbers_db [None req-595d7b43-a5a2-4e7d-85b1-d75c40723679 ce0dbd5fd4d1459584c4f270d59feb80 94034a93ca0d4cdaa13889186bd1609e - - default default] Successfully bumped revision number for resource 0d4ee2ef-1905-4a89-ae58-41b083666f87 (type: security_group_rules) to 0
2026-06-24 14:31:45.282 10 INFO neutron.db.ovn_revision_numbers_db [None req-595d7b43-a5a2-4e7d-85b1-d75c40723679 ce0dbd5fd4d1459584c4f270d59feb80 94034a93ca0d4cdaa13889186bd1609e - - default default] Successfully bumped revision number for resource 7af0a93e-8f9d-4cdc-baad-424bb691c1cc (type: security_group_rules) to 0
2026-06-24 14:31:45.298 10 INFO neutron.db.ovn_revision_numbers_db [None req-595d7b43-a5a2-4e7d-85b1-d75c40723679 ce0dbd5fd4d1459584c4f270d59feb80 94034a93ca0d4cdaa13889186bd1609e - - default default] Successfully bumped revision number for resource 87de1d6d-5523-4184-bfa0-a0855e39e2db (type: security_group_rules) to 0
2026-06-24 14:31:45.311 10 INFO neutron.db.ovn_revision_numbers_db [None req-595d7b43-a5a2-4e7d-85b1-d75c40723679 ce0dbd5fd4d1459584c4f270d59feb80 94034a93ca0d4cdaa13889186bd1609e - - default default] Successfully bumped revision number for resource ca4a5b59-abe2-43f6-9087-55767bc23f4a (type: security_group_rules) to 0
2026-06-24 14:31:45.337 10 INFO neutron.wsgi [None req-595d7b43-a5a2-4e7d-85b1-d75c40723679 ce0dbd5fd4d1459584c4f270d59feb80 94034a93ca0d4cdaa13889186bd1609e - - default default] 10.0.0.73 "GET /v2.0/security-groups?tenant_id=d063b41319fb4e7e9e97b429deb3db9c&name=default HTTP/1.1" status: 200 len: 2996 time: 0.3800366
2026-06-24 14:31:45.526 10 INFO neutron.wsgi [None req-06c62aad-544c-4b43-929b-829341c4406d ce0dbd5fd4d1459584c4f270d59feb80 94034a93ca0d4cdaa13889186bd1609e - - default default] 10.0.0.73 "DELETE /v2.0/security-groups/661f05d8-10ba-4c75-9c4a-b9a89c171391 HTTP/1.1" status: 204 len: 168 time: 0.1842115
2026-06-24 14:31:45.790 10 INFO neutron.db.ovn_revision_numbers_db [None req-d94c84dd-24ce-4db3-9897-c820d04b221b ce0dbd5fd4d1459584c4f270d59feb80 94034a93ca0d4cdaa13889186bd1609e - - default default] Successfully bumped revision number for resource 0050042a-671c-4c51-bdad-7efc0944b86a (type: security_groups) to 1
2026-06-24 14:31:45.803 10 INFO neutron.db.ovn_revision_numbers_db [None req-d94c84dd-24ce-4db3-9897-c820d04b221b ce0dbd5fd4d1459584c4f270d59feb80 94034a93ca0d4cdaa13889186bd1609e - - default default] Successfully bumped revision number for resource 1e8ca5d8-889e-4445-bb09-74994ff9cc12 (type: security_group_rules) to 0
2026-06-24 14:31:45.815 10 INFO neutron.db.ovn_revision_numbers_db [None req-d94c84dd-24ce-4db3-9897-c820d04b221b ce0dbd5fd4d1459584c4f270d59feb80 94034a93ca0d4cdaa13889186bd1609e - - default default] Successfully bumped revision number for resource 88112853-f013-45e5-a193-7c0606594da3 (type: security_group_rules) to 0
2026-06-24 14:31:45.828 10 INFO neutron.db.ovn_revision_numbers_db [None req-d94c84dd-24ce-4db3-9897-c820d04b221b ce0dbd5fd4d1459584c4f270d59feb80 94034a93ca0d4cdaa13889186bd1609e - - default default] Successfully bumped revision number for resource d6ffd791-199a-4263-8dad-038f23f36c07 (type: security_group_rules) to 0
2026-06-24 14:31:45.841 10 INFO neutron.db.ovn_revision_numbers_db [None req-d94c84dd-24ce-4db3-9897-c820d04b221b ce0dbd5fd4d1459584c4f270d59feb80 94034a93ca0d4cdaa13889186bd1609e - - default default] Successfully bumped revision number for resource e8227e64-12f7-4915-893e-a946e400931a (type: security_group_rules) to 0
2026-06-24 14:31:45.863 10 INFO neutron.wsgi [None req-d94c84dd-24ce-4db3-9897-c820d04b221b ce0dbd5fd4d1459584c4f270d59feb80 94034a93ca0d4cdaa13889186bd1609e - - default default] 10.0.0.73 "GET /v2.0/security-groups?tenant_id=876512597f74408993958a83369ff521&name=default HTTP/1.1" status: 200 len: 2996 time: 0.1787200
2026-06-24 14:31:46.050 10 INFO neutron.wsgi [None req-b21f4400-b74d-4527-a006-ec21534b1ade ce0dbd5fd4d1459584c4f270d59feb80 94034a93ca0d4cdaa13889186bd1609e - - default default] 10.0.0.73 "DELETE /v2.0/security-groups/0050042a-671c-4c51-bdad-7efc0944b86a HTTP/1.1" status: 204 len: 168 time: 0.1810997
2026-06-24 14:31:48.077 9 INFO neutron.wsgi [None req-655154ae-e99f-458b-b4b1-e8ad9ec7ce5c c30b67975a3546c0aa64fbc3450036a8 c978e6aee05b483b933c034db184d4c1 - - default default] 10.0.0.73 "POST /v2.0/subnetpools HTTP/1.1" status: 201 len: 715 time: 0.2749317
2026-06-24 14:31:48.115 9 INFO neutron.wsgi [None req-5380a087-8bf8-4ba1-b0f1-1e50e55b9a74 c30b67975a3546c0aa64fbc3450036a8 c978e6aee05b483b933c034db184d4c1 - - default default] 10.0.0.73 "PUT /v2.0/subnetpools/bbfd6a77-bdd6-46ec-b527-f784d1d26a5d/tags HTTP/1.1" status: 200 len: 218 time: 0.0314803
2026-06-24 14:31:48.135 9 INFO neutron.wsgi [None req-45ffa94e-6fc9-4845-a295-88c7a70271c0 c30b67975a3546c0aa64fbc3450036a8 c978e6aee05b483b933c034db184d4c1 - - default default] 10.0.0.73 "GET /v2.0/subnetpools/bbfd6a77-bdd6-46ec-b527-f784d1d26a5d/tags HTTP/1.1" status: 200 len: 218 time: 0.0156078
2026-06-24 14:31:48.248 9 INFO neutron.wsgi [None req-a10aadd8-1940-433b-9d5d-0871cd61d69f c30b67975a3546c0aa64fbc3450036a8 c978e6aee05b483b933c034db184d4c1 - - default default] 10.0.0.73 "PUT /v2.0/subnetpools/bbfd6a77-bdd6-46ec-b527-f784d1d26a5d/tags/green HTTP/1.1" status: 201 len: 201 time: 0.1092119
2026-06-24 14:31:48.279 9 INFO neutron.wsgi [None req-43a4ae93-534d-4efa-9ce0-3b4b03a40065 c30b67975a3546c0aa64fbc3450036a8 c978e6aee05b483b933c034db184d4c1 - - default default] 10.0.0.73 "GET /v2.0/subnetpools/bbfd6a77-bdd6-46ec-b527-f784d1d26a5d/tags HTTP/1.1" status: 200 len: 227 time: 0.0261912
2026-06-24 14:31:48.306 9 INFO neutron.wsgi [None req-9f649dca-6ff0-4fca-9e14-35b4d7f2da52 c30b67975a3546c0aa64fbc3450036a8 c978e6aee05b483b933c034db184d4c1 - - default default] 10.0.0.73 "PUT /v2.0/subnetpools/bbfd6a77-bdd6-46ec-b527-f784d1d26a5d/tags/red HTTP/1.1" status: 201 len: 201 time: 0.0221159
2026-06-24 14:31:48.332 9 INFO neutron.wsgi [None req-2e1fbbed-bc6e-4803-8ddf-bb4bf0168b08 c30b67975a3546c0aa64fbc3450036a8 c978e6aee05b483b933c034db184d4c1 - - default default] 10.0.0.73 "GET /v2.0/subnetpools/bbfd6a77-bdd6-46ec-b527-f784d1d26a5d/tags HTTP/1.1" status: 200 len: 227 time: 0.0203998
2026-06-24 14:31:48.376 9 INFO neutron.wsgi [None req-191d39c9-01dd-4c03-851e-04cd21c7117f c30b67975a3546c0aa64fbc3450036a8 c978e6aee05b483b933c034db184d4c1 - - default default] 10.0.0.73 "PUT /v2.0/subnetpools/bbfd6a77-bdd6-46ec-b527-f784d1d26a5d/tags/black.or.white HTTP/1.1" status: 201 len: 201 time: 0.0381863
2026-06-24 14:31:48.402 9 INFO neutron.wsgi [None req-7de7270d-ef27-40f4-9eed-7c843553a8b2 c30b67975a3546c0aa64fbc3450036a8 c978e6aee05b483b933c034db184d4c1 - - default default] 10.0.0.73 "GET /v2.0/subnetpools/bbfd6a77-bdd6-46ec-b527-f784d1d26a5d/tags HTTP/1.1" status: 200 len: 245 time: 0.0218718
2026-06-24 14:31:48.444 9 INFO neutron.wsgi [None req-e6bca8b4-5016-4a5a-acae-5d24be7e4d49 c30b67975a3546c0aa64fbc3450036a8 c978e6aee05b483b933c034db184d4c1 - - default default] 10.0.0.73 "PUT /v2.0/subnetpools/bbfd6a77-bdd6-46ec-b527-f784d1d26a5d/tags HTTP/1.1" status: 200 len: 230 time: 0.0377605
2026-06-24 14:31:48.469 9 INFO neutron.wsgi [None req-3a3f52f6-0365-4732-86e0-0c2c6e8f1a8d c30b67975a3546c0aa64fbc3450036a8 c978e6aee05b483b933c034db184d4c1 - - default default] 10.0.0.73 "GET /v2.0/subnetpools/bbfd6a77-bdd6-46ec-b527-f784d1d26a5d/tags HTTP/1.1" status: 200 len: 230 time: 0.0205045
2026-06-24 14:31:48.502 9 INFO neutron.wsgi [None req-1c27a3d0-3416-402d-828c-068250299624 c30b67975a3546c0aa64fbc3450036a8 c978e6aee05b483b933c034db184d4c1 - - default default] 10.0.0.73 "GET /v2.0/subnetpools/bbfd6a77-bdd6-46ec-b527-f784d1d26a5d/tags/red HTTP/1.1" status: 204 len: 168 time: 0.0220315
2026-06-24 14:31:48.528 9 INFO neutron.api.v2.resource [None req-dddc0898-bcf9-4123-8f89-b681eec0e402 c30b67975a3546c0aa64fbc3450036a8 c978e6aee05b483b933c034db184d4c1 - - default default] show failed (client error): The resource could not be found.
2026-06-24 14:31:48.530 9 INFO neutron.wsgi [None req-dddc0898-bcf9-4123-8f89-b681eec0e402 c30b67975a3546c0aa64fbc3450036a8 c978e6aee05b483b933c034db184d4c1 - - default default] 10.0.0.73 "GET /v2.0/subnetpools/bbfd6a77-bdd6-46ec-b527-f784d1d26a5d/tags/green HTTP/1.1" status: 404 len: 299 time: 0.0233960
2026-06-24 14:31:48.572 9 INFO neutron.wsgi [None req-5c431c8a-43d1-4f6b-ae5d-25dd15dfae2b c30b67975a3546c0aa64fbc3450036a8 c978e6aee05b483b933c034db184d4c1 - - default default] 10.0.0.73 "DELETE /v2.0/subnetpools/bbfd6a77-bdd6-46ec-b527-f784d1d26a5d/tags/red HTTP/1.1" status: 204 len: 168 time: 0.0379605
2026-06-24 14:31:48.599 9 INFO neutron.wsgi [None req-9973b835-4c21-4973-9e77-524ab00d630e c30b67975a3546c0aa64fbc3450036a8 c978e6aee05b483b933c034db184d4c1 - - default default] 10.0.0.73 "GET /v2.0/subnetpools/bbfd6a77-bdd6-46ec-b527-f784d1d26a5d/tags HTTP/1.1" status: 200 len: 223 time: 0.0234447
2026-06-24 14:31:48.626 9 INFO neutron.api.v2.resource [None req-95f91ffa-ecc4-4414-8e62-312704372023 c30b67975a3546c0aa64fbc3450036a8 c978e6aee05b483b933c034db184d4c1 - - default default] delete failed (client error): The resource could not be found.
2026-06-24 14:31:48.627 9 INFO neutron.wsgi [None req-95f91ffa-ecc4-4414-8e62-312704372023 c30b67975a3546c0aa64fbc3450036a8 c978e6aee05b483b933c034db184d4c1 - - default default] 10.0.0.73 "DELETE /v2.0/subnetpools/bbfd6a77-bdd6-46ec-b527-f784d1d26a5d/tags/green HTTP/1.1" status: 404 len: 299 time: 0.0236278
2026-06-24 14:31:48.661 9 INFO neutron.wsgi [None req-9c689998-a7c9-425f-a4b9-c4d82df77a60 c30b67975a3546c0aa64fbc3450036a8 c978e6aee05b483b933c034db184d4c1 - - default default] 10.0.0.73 "DELETE /v2.0/subnetpools/bbfd6a77-bdd6-46ec-b527-f784d1d26a5d/tags HTTP/1.1" status: 204 len: 168 time: 0.0291467
2026-06-24 14:31:48.685 9 INFO neutron.wsgi [None req-4ab9547d-4040-4d2f-9848-e7b807bd12b4 c30b67975a3546c0aa64fbc3450036a8 c978e6aee05b483b933c034db184d4c1 - - default default] 10.0.0.73 "GET /v2.0/subnetpools/bbfd6a77-bdd6-46ec-b527-f784d1d26a5d/tags HTTP/1.1" status: 200 len: 205 time: 0.0176933
2026-06-24 14:31:48.755 9 INFO neutron.wsgi [None req-a0e362f1-a16a-4ffe-83f7-b1b374991ff0 c30b67975a3546c0aa64fbc3450036a8 c978e6aee05b483b933c034db184d4c1 - - default default] 10.0.0.73 "DELETE /v2.0/subnetpools/bbfd6a77-bdd6-46ec-b527-f784d1d26a5d HTTP/1.1" status: 204 len: 168 time: 0.0594952
2026-06-24 14:31:49.513 9 INFO neutron.db.ovn_revision_numbers_db [None req-ea12514b-14c5-4372-82a7-19afa6987c88 36b831ed504448f690c74fcc2a0b8c11 d20e47ab458b478aa9b035b5d0ac4e0d - - default default] Successfully bumped revision number for resource e7f2a3ff-683a-48b8-8aeb-2a2c112f2654 (type: security_groups) to 1
2026-06-24 14:31:49.517 9 INFO neutron.db.ovn_revision_numbers_db [None req-2c85c1d9-68d9-4865-b13c-d68352655b97 3a03c2bdb46a45afa315c879369d7d52 6176dbff950c45008716bf3dcaa0720b - - default default] Successfully bumped revision number for resource 8f9f533e-b315-4294-bd9e-94202ef4815c (type: security_groups) to 1
2026-06-24 14:31:49.530 9 INFO neutron.db.ovn_revision_numbers_db [None req-ea12514b-14c5-4372-82a7-19afa6987c88 36b831ed504448f690c74fcc2a0b8c11 d20e47ab458b478aa9b035b5d0ac4e0d - - default default] Successfully bumped revision number for resource 694c54e0-1a6c-4220-9ad3-3b75e2d7995a (type: security_group_rules) to 0
2026-06-24 14:31:49.534 9 INFO neutron.db.ovn_revision_numbers_db [None req-2c85c1d9-68d9-4865-b13c-d68352655b97 3a03c2bdb46a45afa315c879369d7d52 6176dbff950c45008716bf3dcaa0720b - - default default] Successfully bumped revision number for resource 0c515b1e-62fa-47bb-8627-cac59a0e6233 (type: security_group_rules) to 0
2026-06-24 14:31:49.546 9 INFO neutron.db.ovn_revision_numbers_db [None req-ea12514b-14c5-4372-82a7-19afa6987c88 36b831ed504448f690c74fcc2a0b8c11 d20e47ab458b478aa9b035b5d0ac4e0d - - default default] Successfully bumped revision number for resource 99bcb2a6-3140-4c2b-b80b-f3f85cf2ab1a (type: security_group_rules) to 0
2026-06-24 14:31:49.553 9 INFO neutron.db.ovn_revision_numbers_db [None req-2c85c1d9-68d9-4865-b13c-d68352655b97 3a03c2bdb46a45afa315c879369d7d52 6176dbff950c45008716bf3dcaa0720b - - default default] Successfully bumped revision number for resource 2cd4f313-3586-482a-ae25-5012dd1235d4 (type: security_group_rules) to 0
2026-06-24 14:31:49.558 9 INFO neutron.db.ovn_revision_numbers_db [None req-ea12514b-14c5-4372-82a7-19afa6987c88 36b831ed504448f690c74fcc2a0b8c11 d20e47ab458b478aa9b035b5d0ac4e0d - - default default] Successfully bumped revision number for resource c7741eaf-da24-49ed-81df-57233a0db44e (type: security_group_rules) to 0
2026-06-24 14:31:49.567 10 INFO neutron.db.ovn_revision_numbers_db [None req-ccc9a1a5-a703-448c-98d3-db20da832a0f ce0dbd5fd4d1459584c4f270d59feb80 94034a93ca0d4cdaa13889186bd1609e - - default default] Successfully bumped revision number for resource 44b2b3ad-dd65-446b-af5c-34c93306b905 (type: security_groups) to 1
2026-06-24 14:31:49.568 9 INFO neutron.db.ovn_revision_numbers_db [None req-2c85c1d9-68d9-4865-b13c-d68352655b97 3a03c2bdb46a45afa315c879369d7d52 6176dbff950c45008716bf3dcaa0720b - - default default] Successfully bumped revision number for resource f2c4c516-1668-4d80-88e6-0fcc73ff5693 (type: security_group_rules) to 0
2026-06-24 14:31:49.571 9 INFO neutron.db.ovn_revision_numbers_db [None req-ea12514b-14c5-4372-82a7-19afa6987c88 36b831ed504448f690c74fcc2a0b8c11 d20e47ab458b478aa9b035b5d0ac4e0d - - default default] Successfully bumped revision number for resource d6e8be1b-671e-4dc6-a1da-c21bbe9af6c7 (type: security_group_rules) to 0
2026-06-24 14:31:49.582 10 INFO neutron.db.ovn_revision_numbers_db [None req-ccc9a1a5-a703-448c-98d3-db20da832a0f ce0dbd5fd4d1459584c4f270d59feb80 94034a93ca0d4cdaa13889186bd1609e - - default default] Successfully bumped revision number for resource 14545845-0c74-4535-9a94-feadd1434a1f (type: security_group_rules) to 0
2026-06-24 14:31:49.589 9 INFO neutron.db.ovn_revision_numbers_db [None req-2c85c1d9-68d9-4865-b13c-d68352655b97 3a03c2bdb46a45afa315c879369d7d52 6176dbff950c45008716bf3dcaa0720b - - default default] Successfully bumped revision number for resource fcde7a5e-bc15-46bf-b837-f285d1cd19f4 (type: security_group_rules) to 0
2026-06-24 14:31:49.597 10 INFO neutron.db.ovn_revision_numbers_db [None req-ccc9a1a5-a703-448c-98d3-db20da832a0f ce0dbd5fd4d1459584c4f270d59feb80 94034a93ca0d4cdaa13889186bd1609e - - default default] Successfully bumped revision number for resource 18ac7443-900d-4a7a-b2aa-16af23c671f1 (type: security_group_rules) to 0
2026-06-24 14:31:49.612 10 INFO neutron.db.ovn_revision_numbers_db [None req-ccc9a1a5-a703-448c-98d3-db20da832a0f ce0dbd5fd4d1459584c4f270d59feb80 94034a93ca0d4cdaa13889186bd1609e - - default default] Successfully bumped revision number for resource 46ba4272-0d6c-4ee1-b990-a62b93bb830d (type: security_group_rules) to 0
2026-06-24 14:31:49.625 10 INFO neutron.db.ovn_revision_numbers_db [None req-ccc9a1a5-a703-448c-98d3-db20da832a0f ce0dbd5fd4d1459584c4f270d59feb80 94034a93ca0d4cdaa13889186bd1609e - - default default] Successfully bumped revision number for resource 80c8d677-8dde-42b9-a63a-ea2638f29d0b (type: security_group_rules) to 0
2026-06-24 14:31:49.639 9 INFO neutron.db.segments_db [None req-2c85c1d9-68d9-4865-b13c-d68352655b97 3a03c2bdb46a45afa315c879369d7d52 6176dbff950c45008716bf3dcaa0720b - - default default] Added segment 74a7e680-d249-42eb-9653-6d9f31d23143 of type geneve for network 73e349ae-a266-4f3f-b931-54e39c6931ac
2026-06-24 14:31:49.657 10 INFO neutron.wsgi [None req-ccc9a1a5-a703-448c-98d3-db20da832a0f ce0dbd5fd4d1459584c4f270d59feb80 94034a93ca0d4cdaa13889186bd1609e - - default default] 10.0.0.73 "GET /v2.0/security-groups?tenant_id=6874d4c0bc8542a38496cfa03a2c4a03&name=default HTTP/1.1" status: 200 len: 2996 time: 0.2543230
2026-06-24 14:31:49.670 9 INFO neutron.db.ovn_revision_numbers_db [None req-ea12514b-14c5-4372-82a7-19afa6987c88 36b831ed504448f690c74fcc2a0b8c11 d20e47ab458b478aa9b035b5d0ac4e0d - - default default] Successfully bumped revision number for resource ec8fb14c-9f6b-45a2-8e2c-0e2beb184eea (type: security_groups) to 1
2026-06-24 14:31:49.703 9 INFO neutron.db.ovn_revision_numbers_db [None req-ea12514b-14c5-4372-82a7-19afa6987c88 36b831ed504448f690c74fcc2a0b8c11 d20e47ab458b478aa9b035b5d0ac4e0d - - default default] Successfully bumped revision number for resource d945ad88-8a86-4dee-aeab-9e2a52f82e58 (type: security_group_rules) to 0
2026-06-24 14:31:49.732 9 INFO neutron.db.ovn_revision_numbers_db [None req-ea12514b-14c5-4372-82a7-19afa6987c88 36b831ed504448f690c74fcc2a0b8c11 d20e47ab458b478aa9b035b5d0ac4e0d - - default default] Successfully bumped revision number for resource e3fee691-38e9-4cd2-a698-5ed913d3b6dc (type: security_group_rules) to 0
2026-06-24 14:31:49.766 9 INFO neutron.wsgi [None req-ea12514b-14c5-4372-82a7-19afa6987c88 36b831ed504448f690c74fcc2a0b8c11 d20e47ab458b478aa9b035b5d0ac4e0d - - default default] 10.0.0.73 "POST /v2.0/security-groups HTTP/1.1" status: 201 len: 1737 time: 0.5030429
2026-06-24 14:31:49.838 9 INFO neutron.db.ovn_revision_numbers_db [None req-2c85c1d9-68d9-4865-b13c-d68352655b97 3a03c2bdb46a45afa315c879369d7d52 6176dbff950c45008716bf3dcaa0720b - - default default] Successfully bumped revision number for resource 73e349ae-a266-4f3f-b931-54e39c6931ac (type: networks) to 1
2026-06-24 14:31:49.907 10 INFO neutron.db.ovn_revision_numbers_db [None req-a7b48fda-cc1f-4178-b130-ef26f5292a46 36b831ed504448f690c74fcc2a0b8c11 d20e47ab458b478aa9b035b5d0ac4e0d - - default default] Successfully bumped revision number for resource 8b85571c-c306-417a-9f85-0ed4f688a19f (type: security_groups) to 1
2026-06-24 14:31:49.914 10 INFO neutron.wsgi [None req-18f0afbb-2d88-41bd-aad3-5b26930a6e9e ce0dbd5fd4d1459584c4f270d59feb80 94034a93ca0d4cdaa13889186bd1609e - - default default] 10.0.0.73 "DELETE /v2.0/security-groups/44b2b3ad-dd65-446b-af5c-34c93306b905 HTTP/1.1" status: 204 len: 168 time: 0.2530451
2026-06-24 14:31:49.926 10 INFO neutron.db.ovn_revision_numbers_db [None req-a7b48fda-cc1f-4178-b130-ef26f5292a46 36b831ed504448f690c74fcc2a0b8c11 d20e47ab458b478aa9b035b5d0ac4e0d - - default default] Successfully bumped revision number for resource 0f23e864-340d-47a4-9c1b-8270a1e528db (type: security_group_rules) to 0
2026-06-24 14:31:49.940 10 INFO neutron.db.ovn_revision_numbers_db [None req-a7b48fda-cc1f-4178-b130-ef26f5292a46 36b831ed504448f690c74fcc2a0b8c11 d20e47ab458b478aa9b035b5d0ac4e0d - - default default] Successfully bumped revision number for resource bb282201-2a9d-496c-9322-055c3434640b (type: security_group_rules) to 0
2026-06-24 14:31:49.962 10 INFO neutron.wsgi [None req-a7b48fda-cc1f-4178-b130-ef26f5292a46 36b831ed504448f690c74fcc2a0b8c11 d20e47ab458b478aa9b035b5d0ac4e0d - - default default] 10.0.0.73 "POST /v2.0/security-groups HTTP/1.1" status: 201 len: 1737 time: 0.1879008
2026-06-24 14:31:50.011 9 WARNING neutron.scheduler.dhcp_agent_scheduler [None req-2c85c1d9-68d9-4865-b13c-d68352655b97 3a03c2bdb46a45afa315c879369d7d52 6176dbff950c45008716bf3dcaa0720b - - default default] No more DHCP agents
2026-06-24 14:31:50.013 9 WARNING neutron.api.rpc.agentnotifiers.dhcp_rpc_agent_api [None req-2c85c1d9-68d9-4865-b13c-d68352655b97 3a03c2bdb46a45afa315c879369d7d52 6176dbff950c45008716bf3dcaa0720b - - default default] Unable to schedule network 73e349ae-a266-4f3f-b931-54e39c6931ac: no agents available; will retry on subsequent port and subnet creation events.
2026-06-24 14:31:50.081 10 INFO neutron.db.ovn_revision_numbers_db [None req-5d346fe4-6df6-4c97-8af4-83becf8771f9 36b831ed504448f690c74fcc2a0b8c11 d20e47ab458b478aa9b035b5d0ac4e0d - - default default] Successfully bumped revision number for resource 041bbf94-8723-484f-b726-75fb2b8e6327 (type: security_groups) to 1
2026-06-24 14:31:50.094 9 INFO neutron.db.ovn_revision_numbers_db [None req-2c85c1d9-68d9-4865-b13c-d68352655b97 3a03c2bdb46a45afa315c879369d7d52 6176dbff950c45008716bf3dcaa0720b - - default default] Successfully bumped revision number for resource cb1d16d9-49ea-44e5-baaf-b1fd37a3d527 (type: ports) to 1
2026-06-24 14:31:50.099 10 INFO neutron.db.ovn_revision_numbers_db [None req-5d346fe4-6df6-4c97-8af4-83becf8771f9 36b831ed504448f690c74fcc2a0b8c11 d20e47ab458b478aa9b035b5d0ac4e0d - - default default] Successfully bumped revision number for resource a75c087b-7b7b-4794-b38b-483c21cc995b (type: security_group_rules) to 0
2026-06-24 14:31:50.113 10 INFO neutron.db.ovn_revision_numbers_db [None req-5d346fe4-6df6-4c97-8af4-83becf8771f9 36b831ed504448f690c74fcc2a0b8c11 d20e47ab458b478aa9b035b5d0ac4e0d - - default default] Successfully bumped revision number for resource f9e2c021-65c1-46a2-9d21-047ca361979f (type: security_group_rules) to 0
2026-06-24 14:31:50.114 9 INFO neutron.wsgi [None req-2c85c1d9-68d9-4865-b13c-d68352655b97 3a03c2bdb46a45afa315c879369d7d52 6176dbff950c45008716bf3dcaa0720b - - default default] 10.0.0.73 "POST /v2.0/networks HTTP/1.1" status: 201 len: 831 time: 0.8645401
2026-06-24 14:31:50.143 10 INFO neutron.wsgi [None req-5d346fe4-6df6-4c97-8af4-83becf8771f9 36b831ed504448f690c74fcc2a0b8c11 d20e47ab458b478aa9b035b5d0ac4e0d - - default default] 10.0.0.73 "POST /v2.0/security-groups HTTP/1.1" status: 201 len: 1737 time: 0.1747999
2026-06-24 14:31:50.166 10 INFO neutron.db.ovn_revision_numbers_db [None req-8def740e-17c5-434b-99a3-1490636fe82a ce0dbd5fd4d1459584c4f270d59feb80 94034a93ca0d4cdaa13889186bd1609e - - default default] Successfully bumped revision number for resource b61683f3-aac8-4d0f-a1cd-e04f39899a12 (type: security_groups) to 1
