Apr 02 13:02:33.800114 np0000162947 neutron-periodic-workers[103931]: DEBUG cotyledon.oslo_config_glue [-] ml2.tunnelled_network_rp_name = rp_tunnelled {{(pid=103931) log_opt_values /opt/stack/data/venv/lib/python3.12/site-packages/oslo_config/cfg.py:3006}}
Apr 02 13:02:33.800163 np0000162947 neutron-periodic-workers[103931]: DEBUG cotyledon.oslo_config_glue [-] ml2.type_drivers = ['local', 'flat', 'vlan', 'geneve'] {{(pid=103931) log_opt_values /opt/stack/data/venv/lib/python3.12/site-packages/oslo_config/cfg.py:3006}}
Apr 02 13:02:33.800304 np0000162947 neutron-periodic-workers[103931]: DEBUG cotyledon.oslo_config_glue [-] ml2_type_flat.flat_networks = ['public'] {{(pid=103931) log_opt_values /opt/stack/data/venv/lib/python3.12/site-packages/oslo_config/cfg.py:3006}}
Apr 02 13:02:33.800367 np0000162947 neutron-periodic-workers[103931]: DEBUG cotyledon.oslo_config_glue [-] ml2_type_geneve.max_header_size = 38 {{(pid=103931) log_opt_values /opt/stack/data/venv/lib/python3.12/site-packages/oslo_config/cfg.py:3006}}
Apr 02 13:02:33.800408 np0000162947 neutron-periodic-workers[103931]: DEBUG cotyledon.oslo_config_glue [-] ml2_type_geneve.vni_ranges = ['1:65536'] {{(pid=103931) log_opt_values /opt/stack/data/venv/lib/python3.12/site-packages/oslo_config/cfg.py:3006}}
Apr 02 13:02:33.800477 np0000162947 neutron-periodic-workers[103931]: DEBUG cotyledon.oslo_config_glue [-] ml2_type_vlan.network_vlan_ranges = ['public'] {{(pid=103931) log_opt_values /opt/stack/data/venv/lib/python3.12/site-packages/oslo_config/cfg.py:3006}}
Apr 02 13:02:33.800548 np0000162947 neutron-periodic-workers[103931]: DEBUG cotyledon.oslo_config_glue [-] network_log.burst_limit = 25 {{(pid=103931) log_opt_values /opt/stack/data/venv/lib/python3.12/site-packages/oslo_config/cfg.py:3006}}
Apr 02 13:02:33.800592 np0000162947 neutron-periodic-workers[103931]: DEBUG cotyledon.oslo_config_glue [-] network_log.local_output_log_base = None {{(pid=103931) log_opt_values /opt/stack/data/venv/lib/python3.12/site-packages/oslo_config/cfg.py:3006}}
Apr 02 13:02:33.800635 np0000162947 neutron-periodic-workers[103931]: DEBUG cotyledon.oslo_config_glue [-] network_log.rate_limit = 100 {{(pid=103931) log_opt_values /opt/stack/data/venv/lib/python3.12/site-packages/oslo_config/cfg.py:3006}}
Apr 02 13:02:33.800686 np0000162947 neutron-periodic-workers[103931]: DEBUG cotyledon.oslo_config_glue [-] database.asyncio_connection = **** {{(pid=103931) log_opt_values /opt/stack/data/venv/lib/python3.12/site-packages/oslo_config/cfg.py:3006}}
Apr 02 13:02:33.800729 np0000162947 neutron-periodic-workers[103931]: DEBUG cotyledon.oslo_config_glue [-] database.asyncio_slave_connection = **** {{(pid=103931) log_opt_values /opt/stack/data/venv/lib/python3.12/site-packages/oslo_config/cfg.py:3006}}
Apr 02 13:02:33.800800 np0000162947 neutron-periodic-workers[103931]: DEBUG cotyledon.oslo_config_glue [-] database.backend = sqlalchemy {{(pid=103931) log_opt_values /opt/stack/data/venv/lib/python3.12/site-packages/oslo_config/cfg.py:3006}}
Apr 02 13:02:33.800859 np0000162947 neutron-periodic-workers[103931]: DEBUG cotyledon.oslo_config_glue [-] database.connection = **** {{(pid=103931) log_opt_values /opt/stack/data/venv/lib/python3.12/site-packages/oslo_config/cfg.py:3006}}
Apr 02 13:02:33.800908 np0000162947 neutron-periodic-workers[103931]: DEBUG cotyledon.oslo_config_glue [-] database.connection_debug = 0 {{(pid=103931) log_opt_values /opt/stack/data/venv/lib/python3.12/site-packages/oslo_config/cfg.py:3006}}
Apr 02 13:02:33.800953 np0000162947 neutron-periodic-workers[103931]: DEBUG cotyledon.oslo_config_glue [-] database.connection_parameters = {{(pid=103931) log_opt_values /opt/stack/data/venv/lib/python3.12/site-packages/oslo_config/cfg.py:3006}}
Apr 02 13:02:33.800991 np0000162947 neutron-periodic-workers[103931]: DEBUG cotyledon.oslo_config_glue [-] database.connection_recycle_time = 3600 {{(pid=103931) log_opt_values /opt/stack/data/venv/lib/python3.12/site-packages/oslo_config/cfg.py:3006}}
Apr 02 13:02:33.801031 np0000162947 neutron-periodic-workers[103931]: DEBUG cotyledon.oslo_config_glue [-] database.connection_trace = False {{(pid=103931) log_opt_values /opt/stack/data/venv/lib/python3.12/site-packages/oslo_config/cfg.py:3006}}
Apr 02 13:02:33.801071 np0000162947 neutron-periodic-workers[103931]: DEBUG cotyledon.oslo_config_glue [-] database.db_inc_retry_interval = True {{(pid=103931) log_opt_values /opt/stack/data/venv/lib/python3.12/site-packages/oslo_config/cfg.py:3006}}
Apr 02 13:02:33.801138 np0000162947 neutron-periodic-workers[103931]: DEBUG cotyledon.oslo_config_glue [-] database.db_max_retries = 20 {{(pid=103931) log_opt_values /opt/stack/data/venv/lib/python3.12/site-packages/oslo_config/cfg.py:3006}}
Apr 02 13:02:33.801191 np0000162947 neutron-periodic-workers[103931]: DEBUG cotyledon.oslo_config_glue [-] database.db_max_retry_interval = 10 {{(pid=103931) log_opt_values /opt/stack/data/venv/lib/python3.12/site-packages/oslo_config/cfg.py:3006}}
Apr 02 13:02:33.801231 np0000162947 neutron-periodic-workers[103931]: DEBUG cotyledon.oslo_config_glue [-] database.db_retry_interval = 1 {{(pid=103931) log_opt_values /opt/stack/data/venv/lib/python3.12/site-packages/oslo_config/cfg.py:3006}}
Apr 02 13:02:33.801272 np0000162947 neutron-periodic-workers[103931]: DEBUG cotyledon.oslo_config_glue [-] database.max_overflow = 50 {{(pid=103931) log_opt_values /opt/stack/data/venv/lib/python3.12/site-packages/oslo_config/cfg.py:3006}}
Apr 02 13:02:33.801309 np0000162947 neutron-periodic-workers[103931]: DEBUG cotyledon.oslo_config_glue [-] database.max_pool_size = 5 {{(pid=103931) log_opt_values /opt/stack/data/venv/lib/python3.12/site-packages/oslo_config/cfg.py:3006}}
Apr 02 13:02:33.801345 np0000162947 neutron-periodic-workers[103931]: DEBUG cotyledon.oslo_config_glue [-] database.max_retries = 10 {{(pid=103931) log_opt_values /opt/stack/data/venv/lib/python3.12/site-packages/oslo_config/cfg.py:3006}}
Apr 02 13:02:33.801383 np0000162947 neutron-periodic-workers[103931]: DEBUG cotyledon.oslo_config_glue [-] database.mysql_sql_mode = TRADITIONAL {{(pid=103931) log_opt_values /opt/stack/data/venv/lib/python3.12/site-packages/oslo_config/cfg.py:3006}}
Apr 02 13:02:33.801424 np0000162947 neutron-periodic-workers[103931]: DEBUG cotyledon.oslo_config_glue [-] database.mysql_wsrep_sync_wait = None {{(pid=103931) log_opt_values /opt/stack/data/venv/lib/python3.12/site-packages/oslo_config/cfg.py:3006}}
Apr 02 13:02:33.801493 np0000162947 neutron-periodic-workers[103931]: DEBUG cotyledon.oslo_config_glue [-] database.pool_timeout = None {{(pid=103931) log_opt_values /opt/stack/data/venv/lib/python3.12/site-packages/oslo_config/cfg.py:3006}}
Apr 02 13:02:33.801548 np0000162947 neutron-periodic-workers[103931]: DEBUG cotyledon.oslo_config_glue [-] database.retry_interval = 10 {{(pid=103931) log_opt_values /opt/stack/data/venv/lib/python3.12/site-packages/oslo_config/cfg.py:3006}}
Apr 02 13:02:33.801587 np0000162947 neutron-periodic-workers[103931]: DEBUG cotyledon.oslo_config_glue [-] database.slave_connection = **** {{(pid=103931) log_opt_values /opt/stack/data/venv/lib/python3.12/site-packages/oslo_config/cfg.py:3006}}
Apr 02 13:02:33.801649 np0000162947 neutron-periodic-workers[103931]: DEBUG cotyledon.oslo_config_glue [-] database.sqlite_synchronous = True {{(pid=103931) log_opt_values /opt/stack/data/venv/lib/python3.12/site-packages/oslo_config/cfg.py:3006}}
Apr 02 13:02:33.801708 np0000162947 neutron-periodic-workers[103931]: DEBUG cotyledon.oslo_config_glue [-] database.synchronous_reader = True {{(pid=103931) log_opt_values /opt/stack/data/venv/lib/python3.12/site-packages/oslo_config/cfg.py:3006}}
Apr 02 13:02:33.801753 np0000162947 neutron-periodic-workers[103931]: DEBUG cotyledon.oslo_config_glue [-] database.use_db_reconnect = False {{(pid=103931) log_opt_values /opt/stack/data/venv/lib/python3.12/site-packages/oslo_config/cfg.py:3006}}
Apr 02 13:02:33.801829 np0000162947 neutron-periodic-workers[103931]: DEBUG cotyledon.oslo_config_glue [-] ovn.bfd_min_rx = 1000 {{(pid=103931) log_opt_values /opt/stack/data/venv/lib/python3.12/site-packages/oslo_config/cfg.py:3006}}
Apr 02 13:02:33.801876 np0000162947 neutron-periodic-workers[103931]: DEBUG cotyledon.oslo_config_glue [-] ovn.bfd_min_tx = 100 {{(pid=103931) log_opt_values /opt/stack/data/venv/lib/python3.12/site-packages/oslo_config/cfg.py:3006}}
Apr 02 13:02:33.801916 np0000162947 neutron-periodic-workers[103931]: DEBUG cotyledon.oslo_config_glue [-] ovn.bfd_mult = 3 {{(pid=103931) log_opt_values /opt/stack/data/venv/lib/python3.12/site-packages/oslo_config/cfg.py:3006}}
Apr 02 13:02:33.801955 np0000162947 neutron-periodic-workers[103931]: DEBUG cotyledon.oslo_config_glue [-] ovn.broadcast_arps_to_all_routers = True {{(pid=103931) log_opt_values /opt/stack/data/venv/lib/python3.12/site-packages/oslo_config/cfg.py:3006}}
Apr 02 13:02:33.802003 np0000162947 neutron-periodic-workers[103931]: DEBUG cotyledon.oslo_config_glue [-] ovn.dhcp_default_lease_time = 43200 {{(pid=103931) log_opt_values /opt/stack/data/venv/lib/python3.12/site-packages/oslo_config/cfg.py:3006}}
Apr 02 13:02:33.802080 np0000162947 neutron-periodic-workers[103931]: DEBUG cotyledon.oslo_config_glue [-] ovn.disable_ovn_dhcp_for_baremetal_ports = False {{(pid=103931) log_opt_values /opt/stack/data/venv/lib/python3.12/site-packages/oslo_config/cfg.py:3006}}
Apr 02 13:02:33.802080 np0000162947 neutron-periodic-workers[103931]: DEBUG cotyledon.oslo_config_glue [-] ovn.dns_records_ovn_owned = False {{(pid=103931) log_opt_values /opt/stack/data/venv/lib/python3.12/site-packages/oslo_config/cfg.py:3006}}
Apr 02 13:02:33.802183 np0000162947 neutron-periodic-workers[103931]: DEBUG cotyledon.oslo_config_glue [-] ovn.dns_servers = [] {{(pid=103931) log_opt_values /opt/stack/data/venv/lib/python3.12/site-packages/oslo_config/cfg.py:3006}}
Apr 02 13:02:33.802183 np0000162947 neutron-periodic-workers[103931]: DEBUG cotyledon.oslo_config_glue [-] ovn.enable_distributed_floating_ip = False {{(pid=103931) log_opt_values /opt/stack/data/venv/lib/python3.12/site-packages/oslo_config/cfg.py:3006}}
Apr 02 13:02:33.802251 np0000162947 neutron-periodic-workers[103931]: DEBUG cotyledon.oslo_config_glue [-] ovn.fdb_age_threshold = 300 {{(pid=103931) log_opt_values /opt/stack/data/venv/lib/python3.12/site-packages/oslo_config/cfg.py:3006}}
Apr 02 13:02:33.802303 np0000162947 neutron-periodic-workers[103931]: DEBUG cotyledon.oslo_config_glue [-] ovn.ha_failover_strategy = normal {{(pid=103931) log_opt_values /opt/stack/data/venv/lib/python3.12/site-packages/oslo_config/cfg.py:3006}}
Apr 02 13:02:33.802303 np0000162947 neutron-periodic-workers[103931]: DEBUG cotyledon.oslo_config_glue [-] ovn.live_migration_activation_strategy = rarp {{(pid=103931) log_opt_values /opt/stack/data/venv/lib/python3.12/site-packages/oslo_config/cfg.py:3006}}
Apr 02 13:02:33.802369 np0000162947 neutron-periodic-workers[103931]: DEBUG cotyledon.oslo_config_glue [-] ovn.localnet_learn_fdb = False {{(pid=103931) log_opt_values /opt/stack/data/venv/lib/python3.12/site-packages/oslo_config/cfg.py:3006}}
Apr 02 13:02:33.802401 np0000162947 neutron-periodic-workers[103931]: DEBUG cotyledon.oslo_config_glue [-] ovn.mac_binding_age_threshold = 300 {{(pid=103931) log_opt_values /opt/stack/data/venv/lib/python3.12/site-packages/oslo_config/cfg.py:3006}}
Apr 02 13:02:33.802439 np0000162947 neutron-periodic-workers[103931]: DEBUG cotyledon.oslo_config_glue [-] ovn.neutron_sync_mode = log {{(pid=103931) log_opt_values /opt/stack/data/venv/lib/python3.12/site-packages/oslo_config/cfg.py:3006}}
Apr 02 13:02:33.802471 np0000162947 neutron-periodic-workers[103931]: DEBUG cotyledon.oslo_config_glue [-] ovn.ovn_dhcp4_global_options = {} {{(pid=103931) log_opt_values /opt/stack/data/venv/lib/python3.12/site-packages/oslo_config/cfg.py:3006}}
Apr 02 13:02:33.802525 np0000162947 neutron-periodic-workers[103931]: DEBUG cotyledon.oslo_config_glue [-] ovn.ovn_dhcp6_global_options = {} {{(pid=103931) log_opt_values /opt/stack/data/venv/lib/python3.12/site-packages/oslo_config/cfg.py:3006}}
Apr 02 13:02:33.802560 np0000162947 neutron-periodic-workers[103931]: DEBUG cotyledon.oslo_config_glue [-] ovn.ovn_l3_scheduler = leastloaded {{(pid=103931) log_opt_values /opt/stack/data/venv/lib/python3.12/site-packages/oslo_config/cfg.py:3006}}
Apr 02 13:02:33.802597 np0000162947 neutron-periodic-workers[103931]: DEBUG cotyledon.oslo_config_glue [-] ovn.ovn_metadata_enabled = True {{(pid=103931) log_opt_values /opt/stack/data/venv/lib/python3.12/site-packages/oslo_config/cfg.py:3006}}
Apr 02 13:02:33.802654 np0000162947 neutron-periodic-workers[103931]: DEBUG cotyledon.oslo_config_glue [-] ovn.ovn_nb_ca_cert = /opt/stack/data/CA/int-ca/ca-chain.pem {{(pid=103931) log_opt_values /opt/stack/data/venv/lib/python3.12/site-packages/oslo_config/cfg.py:3006}}
Apr 02 13:02:33.802711 np0000162947 neutron-periodic-workers[103931]: DEBUG cotyledon.oslo_config_glue [-] ovn.ovn_nb_certificate = /opt/stack/data/CA/int-ca/devstack-cert.crt {{(pid=103931) log_opt_values /opt/stack/data/venv/lib/python3.12/site-packages/oslo_config/cfg.py:3006}}
Apr 02 13:02:33.802764 np0000162947 neutron-periodic-workers[103931]: DEBUG cotyledon.oslo_config_glue [-] ovn.ovn_nb_connection = ['ssl:199.204.45.113:6641'] {{(pid=103931) log_opt_values /opt/stack/data/venv/lib/python3.12/site-packages/oslo_config/cfg.py:3006}}
Apr 02 13:02:33.802817 np0000162947 neutron-periodic-workers[103931]: DEBUG cotyledon.oslo_config_glue [-] ovn.ovn_nb_private_key = /opt/stack/data/CA/int-ca/private/devstack-cert.key {{(pid=103931) log_opt_values /opt/stack/data/venv/lib/python3.12/site-packages/oslo_config/cfg.py:3006}}
Apr 02 13:02:33.802852 np0000162947 neutron-periodic-workers[103931]: DEBUG cotyledon.oslo_config_glue [-] ovn.ovn_router_indirect_snat = False {{(pid=103931) log_opt_values /opt/stack/data/venv/lib/python3.12/site-packages/oslo_config/cfg.py:3006}}
Apr 02 13:02:33.802908 np0000162947 neutron-periodic-workers[103931]: DEBUG cotyledon.oslo_config_glue [-] ovn.ovn_sb_ca_cert = /opt/stack/data/CA/int-ca/ca-chain.pem {{(pid=103931) log_opt_values /opt/stack/data/venv/lib/python3.12/site-packages/oslo_config/cfg.py:3006}}
Apr 02 13:02:33.802944 np0000162947 neutron-periodic-workers[103931]: DEBUG cotyledon.oslo_config_glue [-] ovn.ovn_sb_certificate = /opt/stack/data/CA/int-ca/devstack-cert.crt {{(pid=103931) log_opt_values /opt/stack/data/venv/lib/python3.12/site-packages/oslo_config/cfg.py:3006}}
Apr 02 13:02:33.802977 np0000162947 neutron-periodic-workers[103931]: DEBUG cotyledon.oslo_config_glue [-] ovn.ovn_sb_connection = ['ssl:199.204.45.113:6642'] {{(pid=103931) log_opt_values /opt/stack/data/venv/lib/python3.12/site-packages/oslo_config/cfg.py:3006}}
Apr 02 13:02:33.803028 np0000162947 neutron-periodic-workers[103931]: DEBUG cotyledon.oslo_config_glue [-] ovn.ovn_sb_private_key = /opt/stack/data/CA/int-ca/private/devstack-cert.key {{(pid=103931) log_opt_values /opt/stack/data/venv/lib/python3.12/site-packages/oslo_config/cfg.py:3006}}
Apr 02 13:02:33.803068 np0000162947 neutron-periodic-workers[103931]: DEBUG cotyledon.oslo_config_glue [-] ovn.ovs_create_tap = False {{(pid=103931) log_opt_values /opt/stack/data/venv/lib/python3.12/site-packages/oslo_config/cfg.py:3006}}
Apr 02 13:02:33.803140 np0000162947 neutron-periodic-workers[103931]: DEBUG cotyledon.oslo_config_glue [-] ovn.ovsdb_connection_timeout = 180 {{(pid=103931) log_opt_values /opt/stack/data/venv/lib/python3.12/site-packages/oslo_config/cfg.py:3006}}
Apr 02 13:02:33.803178 np0000162947 neutron-periodic-workers[103931]: DEBUG cotyledon.oslo_config_glue [-] ovn.ovsdb_log_level = INFO {{(pid=103931) log_opt_values /opt/stack/data/venv/lib/python3.12/site-packages/oslo_config/cfg.py:3006}}
Apr 02 13:02:33.803247 np0000162947 neutron-periodic-workers[103931]: DEBUG cotyledon.oslo_config_glue [-] ovn.ovsdb_probe_interval = 60000 {{(pid=103931) log_opt_values /opt/stack/data/venv/lib/python3.12/site-packages/oslo_config/cfg.py:3006}}
Apr 02 13:02:33.803317 np0000162947 neutron-periodic-workers[103931]: DEBUG cotyledon.oslo_config_glue [-] ovn.ovsdb_retry_max_interval = 180 {{(pid=103931) log_opt_values /opt/stack/data/venv/lib/python3.12/site-packages/oslo_config/cfg.py:3006}}
Apr 02 13:02:33.803364 np0000162947 neutron-periodic-workers[103931]: DEBUG cotyledon.oslo_config_glue [-] ovn.stateless_nat_enabled = False {{(pid=103931) log_opt_values /opt/stack/data/venv/lib/python3.12/site-packages/oslo_config/cfg.py:3006}}
Apr 02 13:02:33.803427 np0000162947 neutron-periodic-workers[103931]: DEBUG cotyledon.oslo_config_glue [-] ovn.vhost_sock_dir = /var/run/openvswitch {{(pid=103931) log_opt_values /opt/stack/data/venv/lib/python3.12/site-packages/oslo_config/cfg.py:3006}}
Apr 02 13:02:33.803494 np0000162947 neutron-periodic-workers[103931]: DEBUG cotyledon.oslo_config_glue [-] OVS.bridge_mac_table_size = 50000 {{(pid=103931) log_opt_values /opt/stack/data/venv/lib/python3.12/site-packages/oslo_config/cfg.py:3006}}
Apr 02 13:02:33.803549 np0000162947 neutron-periodic-workers[103931]: DEBUG cotyledon.oslo_config_glue [-] OVS.igmp_flood = False {{(pid=103931) log_opt_values /opt/stack/data/venv/lib/python3.12/site-packages/oslo_config/cfg.py:3006}}
Apr 02 13:02:33.803589 np0000162947 neutron-periodic-workers[103931]: DEBUG cotyledon.oslo_config_glue [-] OVS.igmp_flood_reports = True {{(pid=103931) log_opt_values /opt/stack/data/venv/lib/python3.12/site-packages/oslo_config/cfg.py:3006}}
Apr 02 13:02:33.803688 np0000162947 neutron-periodic-workers[103931]: DEBUG cotyledon.oslo_config_glue [-] OVS.igmp_flood_unregistered = False {{(pid=103931) log_opt_values /opt/stack/data/venv/lib/python3.12/site-packages/oslo_config/cfg.py:3006}}
Apr 02 13:02:33.803754 np0000162947 neutron-periodic-workers[103931]: DEBUG cotyledon.oslo_config_glue [-] OVS.igmp_snooping_enable = False {{(pid=103931) log_opt_values /opt/stack/data/venv/lib/python3.12/site-packages/oslo_config/cfg.py:3006}}
Apr 02 13:02:33.803797 np0000162947 neutron-periodic-workers[103931]: DEBUG cotyledon.oslo_config_glue [-] OVS.ovsdb_timeout = 10 {{(pid=103931) log_opt_values /opt/stack/data/venv/lib/python3.12/site-packages/oslo_config/cfg.py:3006}}
Apr 02 13:02:33.803864 np0000162947 neutron-periodic-workers[103931]: DEBUG cotyledon.oslo_config_glue [-] ovn_nb_global.fdb_removal_limit = 0 {{(pid=103931) log_opt_values /opt/stack/data/venv/lib/python3.12/site-packages/oslo_config/cfg.py:3006}}
Apr 02 13:02:33.803908 np0000162947 neutron-periodic-workers[103931]: DEBUG cotyledon.oslo_config_glue [-] ovn_nb_global.ignore_lsp_down = False {{(pid=103931) log_opt_values /opt/stack/data/venv/lib/python3.12/site-packages/oslo_config/cfg.py:3006}}
Apr 02 13:02:33.803948 np0000162947 neutron-periodic-workers[103931]: DEBUG cotyledon.oslo_config_glue [-] ovn_nb_global.mac_binding_removal_limit = 0 {{(pid=103931) log_opt_values /opt/stack/data/venv/lib/python3.12/site-packages/oslo_config/cfg.py:3006}}
Apr 02 13:02:33.803988 np0000162947 neutron-periodic-workers[103931]: DEBUG cotyledon.oslo_config_glue [-] ******************************************************************************** {{(pid=103931) log_opt_values /opt/stack/data/venv/lib/python3.12/site-packages/oslo_config/cfg.py:3013}}
Apr 02 13:02:33.804204 np0000162947 neutron-periodic-workers[103931]: DEBUG cotyledon._service_worker [-] Run service ServiceWrapper(0) [103931] {{(pid=103931) wait_forever /opt/stack/data/venv/lib/python3.12/site-packages/cotyledon/_service_worker.py:218}}
Apr 02 13:02:43.394243 np0000162947 neutron-periodic-workers[103184]: DEBUG dbcounter [-] [103184] Writing DB stats neutron:SELECT=4 {{(pid=103184) stat_writer /opt/stack/data/venv/lib/python3.12/site-packages/dbcounter.py:115}}
Apr 02 13:03:18.746862 np0000162947 neutron-periodic-workers[103897]: DEBUG oslo_db.sqlalchemy.engines [None req-53d68924-18ef-4ff2-b644-ad8746ee4f19 None None] Parent process 103184 forked (103897) with an open database connection, which is being discarded and recreated. {{(pid=103897) checkout /opt/stack/data/venv/lib/python3.12/site-packages/oslo_db/sqlalchemy/engines.py:402}}
Apr 02 13:03:18.755936 np0000162947 neutron-periodic-workers[103897]: DEBUG dbcounter [-] [103897] Writer thread running {{(pid=103897) stat_writer /opt/stack/data/venv/lib/python3.12/site-packages/dbcounter.py:102}}
Apr 02 13:03:18.766203 np0000162947 neutron-periodic-workers[103897]: DEBUG oslo.service.backend._threading.loopingcall [None req-53d68924-18ef-4ff2-b644-ad8746ee4f19 None None] Fixed interval looping call 'neutron.plugins.ml2.plugin.DhcpAgentSchedulerDbMixin.remove_networks_from_down_agents' sleeping for 36.97 seconds {{(pid=103897) _run_loop /opt/stack/data/venv/lib/python3.12/site-packages/oslo_service/backend/_threading/loopingcall.py:125}}
Apr 02 13:03:28.765520 np0000162947 neutron-periodic-workers[103897]: DEBUG dbcounter [-] [103897] Writing DB stats neutron:SELECT=3 {{(pid=103897) stat_writer /opt/stack/data/venv/lib/python3.12/site-packages/dbcounter.py:115}}
Apr 02 13:03:39.782746 np0000162947 neutron-periodic-workers[103909]: DEBUG dbcounter [-] [103909] Writer thread running {{(pid=103909) stat_writer /opt/stack/data/venv/lib/python3.12/site-packages/dbcounter.py:102}}
Apr 02 13:03:39.787262 np0000162947 neutron-periodic-workers[103909]: DEBUG neutron.db.agents_db [None req-ac90397c-bea4-40a3-8764-9c66aeb95757 None None] Agent healthcheck: found 0 active agents {{(pid=103909) agent_health_check /opt/stack/neutron/neutron/db/agents_db.py:317}}
Apr 02 13:03:39.787506 np0000162947 neutron-periodic-workers[103909]: DEBUG oslo.service.backend._threading.loopingcall [None req-ac90397c-bea4-40a3-8764-9c66aeb95757 None None] Fixed interval looping call 'neutron.plugins.ml2.plugin.AgentDbMixin.agent_health_check' sleeping for 36.98 seconds {{(pid=103909) _run_loop /opt/stack/data/venv/lib/python3.12/site-packages/oslo_service/backend/_threading/loopingcall.py:125}}
Apr 02 13:03:49.783623 np0000162947 neutron-periodic-workers[103909]: DEBUG dbcounter [-] [103909] Writing DB stats neutron:SELECT=1 {{(pid=103909) stat_writer /opt/stack/data/venv/lib/python3.12/site-packages/dbcounter.py:115}}
Apr 02 13:03:55.747752 np0000162947 neutron-periodic-workers[103897]: DEBUG oslo.service.backend._threading.loopingcall [None req-53d68924-18ef-4ff2-b644-ad8746ee4f19 None None] Fixed interval looping call 'neutron.plugins.ml2.plugin.DhcpAgentSchedulerDbMixin.remove_networks_from_down_agents' sleeping for 36.99 seconds {{(pid=103897) _run_loop /opt/stack/data/venv/lib/python3.12/site-packages/oslo_service/backend/_threading/loopingcall.py:125}}
Apr 02 13:04:05.745967 np0000162947 neutron-periodic-workers[103897]: DEBUG dbcounter [-] [103897] Writing DB stats neutron:SELECT=3 {{(pid=103897) stat_writer /opt/stack/data/venv/lib/python3.12/site-packages/dbcounter.py:115}}
Apr 02 13:04:16.773555 np0000162947 neutron-periodic-workers[103909]: DEBUG neutron.db.agents_db [None req-ac90397c-bea4-40a3-8764-9c66aeb95757 None None] Agent healthcheck: found 0 active agents {{(pid=103909) agent_health_check /opt/stack/neutron/neutron/db/agents_db.py:317}}
Apr 02 13:04:16.774399 np0000162947 neutron-periodic-workers[103909]: DEBUG oslo.service.backend._threading.loopingcall [None req-ac90397c-bea4-40a3-8764-9c66aeb95757 None None] Fixed interval looping call 'neutron.plugins.ml2.plugin.AgentDbMixin.agent_health_check' sleeping for 36.99 seconds {{(pid=103909) _run_loop /opt/stack/data/venv/lib/python3.12/site-packages/oslo_service/backend/_threading/loopingcall.py:125}}
Apr 02 13:04:17.841082 np0000162947 neutron-periodic-workers[103931]: DEBUG dbcounter [-] [103931] Writer thread running {{(pid=103931) stat_writer /opt/stack/data/venv/lib/python3.12/site-packages/dbcounter.py:102}}
Apr 02 13:04:17.850599 np0000162947 neutron-periodic-workers[103931]: DEBUG oslo.service.backend._threading.loopingcall [None req-e3ee8ed4-44c9-499d-83b0-c91bfcde63d6 None None] Fixed interval looping call 'neutron.services.ovn_l3.plugin.L3_NAT_dbonly_mixin._clean_garbage' sleeping for 299.96 seconds {{(pid=103931) _run_loop /opt/stack/data/venv/lib/python3.12/site-packages/oslo_service/backend/_threading/loopingcall.py:125}}
Apr 02 13:04:26.771894 np0000162947 neutron-periodic-workers[103909]: DEBUG dbcounter [-] [103909] Writing DB stats neutron:SELECT=1 {{(pid=103909) stat_writer /opt/stack/data/venv/lib/python3.12/site-packages/dbcounter.py:115}}
Apr 02 13:04:27.842635 np0000162947 neutron-periodic-workers[103931]: DEBUG dbcounter [-] [103931] Writing DB stats neutron:SELECT=1 {{(pid=103931) stat_writer /opt/stack/data/venv/lib/python3.12/site-packages/dbcounter.py:115}}
Apr 02 13:04:32.768195 np0000162947 neutron-periodic-workers[103897]: DEBUG oslo.service.backend._threading.loopingcall [None req-53d68924-18ef-4ff2-b644-ad8746ee4f19 None None] Fixed interval looping call 'neutron.plugins.ml2.plugin.DhcpAgentSchedulerDbMixin.remove_networks_from_down_agents' sleeping for 36.98 seconds {{(pid=103897) _run_loop /opt/stack/data/venv/lib/python3.12/site-packages/oslo_service/backend/_threading/loopingcall.py:125}}
Apr 02 13:04:33.799487 np0000162947 neutron-periodic-workers[103920]: DEBUG dbcounter [-] [103920] Writer thread running {{(pid=103920) stat_writer /opt/stack/data/venv/lib/python3.12/site-packages/dbcounter.py:102}}
Apr 02 13:04:33.802922 np0000162947 neutron-periodic-workers[103920]: DEBUG oslo.service.backend._threading.loopingcall [None req-2ca8bbcf-39a2-44bf-ba15-0f48406aff82 None None] Fixed interval looping call 'neutron.db.quota.driver_nolock.DbQuotaNoLockDriver._remove_expired_reservations' sleeping for 119.98 seconds {{(pid=103920) _run_loop /opt/stack/data/venv/lib/python3.12/site-packages/oslo_service/backend/_threading/loopingcall.py:125}}
Apr 02 13:04:42.767359 np0000162947 neutron-periodic-workers[103897]: DEBUG dbcounter [-] [103897] Writing DB stats neutron:SELECT=3 {{(pid=103897) stat_writer /opt/stack/data/venv/lib/python3.12/site-packages/dbcounter.py:115}}
Apr 02 13:04:43.800824 np0000162947 neutron-periodic-workers[103920]: DEBUG dbcounter [-] [103920] Writing DB stats neutron:DELETE=1 {{(pid=103920) stat_writer /opt/stack/data/venv/lib/python3.12/site-packages/dbcounter.py:115}}
Apr 02 13:04:53.771067 np0000162947 neutron-periodic-workers[103909]: DEBUG neutron.db.agents_db [None req-ac90397c-bea4-40a3-8764-9c66aeb95757 None None] Agent healthcheck: found 0 active agents {{(pid=103909) agent_health_check /opt/stack/neutron/neutron/db/agents_db.py:317}}
Apr 02 13:04:53.771588 np0000162947 neutron-periodic-workers[103909]: DEBUG oslo.service.backend._threading.loopingcall [None req-ac90397c-bea4-40a3-8764-9c66aeb95757 None None] Fixed interval looping call 'neutron.plugins.ml2.plugin.AgentDbMixin.agent_health_check' sleeping for 36.99 seconds {{(pid=103909) _run_loop /opt/stack/data/venv/lib/python3.12/site-packages/oslo_service/backend/_threading/loopingcall.py:125}}
Apr 02 13:05:03.767678 np0000162947 neutron-periodic-workers[103909]: DEBUG dbcounter [-] [103909] Writing DB stats neutron:SELECT=1 {{(pid=103909) stat_writer /opt/stack/data/venv/lib/python3.12/site-packages/dbcounter.py:115}}
Apr 02 13:05:09.758433 np0000162947 neutron-periodic-workers[103897]: DEBUG oslo.service.backend._threading.loopingcall [None req-53d68924-18ef-4ff2-b644-ad8746ee4f19 None None] Fixed interval looping call 'neutron.plugins.ml2.plugin.DhcpAgentSchedulerDbMixin.remove_networks_from_down_agents' sleeping for 36.99 seconds {{(pid=103897) _run_loop /opt/stack/data/venv/lib/python3.12/site-packages/oslo_service/backend/_threading/loopingcall.py:125}}
Apr 02 13:05:19.756994 np0000162947 neutron-periodic-workers[103897]: DEBUG dbcounter [-] [103897] Writing DB stats neutron:SELECT=3 {{(pid=103897) stat_writer /opt/stack/data/venv/lib/python3.12/site-packages/dbcounter.py:115}}
Apr 02 13:05:30.767703 np0000162947 neutron-periodic-workers[103909]: DEBUG neutron.db.agents_db [None req-ac90397c-bea4-40a3-8764-9c66aeb95757 None None] Agent healthcheck: found 0 active agents {{(pid=103909) agent_health_check /opt/stack/neutron/neutron/db/agents_db.py:317}}
Apr 02 13:05:30.767703 np0000162947 neutron-periodic-workers[103909]: DEBUG oslo.service.backend._threading.loopingcall [None req-ac90397c-bea4-40a3-8764-9c66aeb95757 None None] Fixed interval looping call 'neutron.plugins.ml2.plugin.AgentDbMixin.agent_health_check' sleeping for 36.99 seconds {{(pid=103909) _run_loop /opt/stack/data/venv/lib/python3.12/site-packages/oslo_service/backend/_threading/loopingcall.py:125}}
Apr 02 13:05:40.765300 np0000162947 neutron-periodic-workers[103909]: DEBUG dbcounter [-] [103909] Writing DB stats neutron:SELECT=1 {{(pid=103909) stat_writer /opt/stack/data/venv/lib/python3.12/site-packages/dbcounter.py:115}}
Apr 02 13:05:46.756530 np0000162947 neutron-periodic-workers[103897]: DEBUG oslo.service.backend._threading.loopingcall [None req-53d68924-18ef-4ff2-b644-ad8746ee4f19 None None] Fixed interval looping call 'neutron.plugins.ml2.plugin.DhcpAgentSchedulerDbMixin.remove_networks_from_down_agents' sleeping for 36.99 seconds {{(pid=103897) _run_loop /opt/stack/data/venv/lib/python3.12/site-packages/oslo_service/backend/_threading/loopingcall.py:125}}
Apr 02 13:05:56.755422 np0000162947 neutron-periodic-workers[103897]: DEBUG dbcounter [-] [103897] Writing DB stats neutron:SELECT=3 {{(pid=103897) stat_writer /opt/stack/data/venv/lib/python3.12/site-packages/dbcounter.py:115}}
Apr 02 13:06:07.763903 np0000162947 neutron-periodic-workers[103909]: DEBUG neutron.db.agents_db [None req-ac90397c-bea4-40a3-8764-9c66aeb95757 None None] Agent healthcheck: found 0 active agents {{(pid=103909) agent_health_check /opt/stack/neutron/neutron/db/agents_db.py:317}}
Apr 02 13:06:07.764732 np0000162947 neutron-periodic-workers[103909]: DEBUG oslo.service.backend._threading.loopingcall [None req-ac90397c-bea4-40a3-8764-9c66aeb95757 None None] Fixed interval looping call 'neutron.plugins.ml2.plugin.AgentDbMixin.agent_health_check' sleeping for 36.99 seconds {{(pid=103909) _run_loop /opt/stack/data/venv/lib/python3.12/site-packages/oslo_service/backend/_threading/loopingcall.py:125}}
Apr 02 13:06:17.762141 np0000162947 neutron-periodic-workers[103909]: DEBUG dbcounter [-] [103909] Writing DB stats neutron:SELECT=1 {{(pid=103909) stat_writer /opt/stack/data/venv/lib/python3.12/site-packages/dbcounter.py:115}}
Apr 02 13:06:23.754067 np0000162947 neutron-periodic-workers[103897]: DEBUG oslo.service.backend._threading.loopingcall [None req-53d68924-18ef-4ff2-b644-ad8746ee4f19 None None] Fixed interval looping call 'neutron.plugins.ml2.plugin.DhcpAgentSchedulerDbMixin.remove_networks_from_down_agents' sleeping for 36.99 seconds {{(pid=103897) _run_loop /opt/stack/data/venv/lib/python3.12/site-packages/oslo_service/backend/_threading/loopingcall.py:125}}
Apr 02 13:06:33.753037 np0000162947 neutron-periodic-workers[103897]: DEBUG dbcounter [-] [103897] Writing DB stats neutron:SELECT=3 {{(pid=103897) stat_writer /opt/stack/data/venv/lib/python3.12/site-packages/dbcounter.py:115}}
Apr 02 13:06:33.789071 np0000162947 neutron-periodic-workers[103920]: DEBUG oslo.service.backend._threading.loopingcall [None req-2ca8bbcf-39a2-44bf-ba15-0f48406aff82 None None] Fixed interval looping call 'neutron.db.quota.driver_nolock.DbQuotaNoLockDriver._remove_expired_reservations' sleeping for 119.99 seconds {{(pid=103920) _run_loop /opt/stack/data/venv/lib/python3.12/site-packages/oslo_service/backend/_threading/loopingcall.py:125}}
Apr 02 13:06:43.787665 np0000162947 neutron-periodic-workers[103920]: DEBUG dbcounter [-] [103920] Writing DB stats neutron:DELETE=1 {{(pid=103920) stat_writer /opt/stack/data/venv/lib/python3.12/site-packages/dbcounter.py:115}}
Apr 02 13:06:44.761309 np0000162947 neutron-periodic-workers[103909]: DEBUG neutron.db.agents_db [None req-ac90397c-bea4-40a3-8764-9c66aeb95757 None None] Agent healthcheck: found 0 active agents {{(pid=103909) agent_health_check /opt/stack/neutron/neutron/db/agents_db.py:317}}
Apr 02 13:06:44.762448 np0000162947 neutron-periodic-workers[103909]: DEBUG oslo.service.backend._threading.loopingcall [None req-ac90397c-bea4-40a3-8764-9c66aeb95757 None None] Fixed interval looping call 'neutron.plugins.ml2.plugin.AgentDbMixin.agent_health_check' sleeping for 36.99 seconds {{(pid=103909) _run_loop /opt/stack/data/venv/lib/python3.12/site-packages/oslo_service/backend/_threading/loopingcall.py:125}}
Apr 02 13:06:54.758380 np0000162947 neutron-periodic-workers[103909]: DEBUG dbcounter [-] [103909] Writing DB stats neutron:SELECT=1 {{(pid=103909) stat_writer /opt/stack/data/venv/lib/python3.12/site-packages/dbcounter.py:115}}
Apr 02 13:07:00.754852 np0000162947 neutron-periodic-workers[103897]: DEBUG oslo.service.backend._threading.loopingcall [None req-53d68924-18ef-4ff2-b644-ad8746ee4f19 None None] Fixed interval looping call 'neutron.plugins.ml2.plugin.DhcpAgentSchedulerDbMixin.remove_networks_from_down_agents' sleeping for 36.99 seconds {{(pid=103897) _run_loop /opt/stack/data/venv/lib/python3.12/site-packages/oslo_service/backend/_threading/loopingcall.py:125}}
Apr 02 13:07:10.754138 np0000162947 neutron-periodic-workers[103897]: DEBUG dbcounter [-] [103897] Writing DB stats neutron:SELECT=3 {{(pid=103897) stat_writer /opt/stack/data/venv/lib/python3.12/site-packages/dbcounter.py:115}}
Apr 02 13:07:21.757216 np0000162947 neutron-periodic-workers[103909]: DEBUG neutron.db.agents_db [None req-ac90397c-bea4-40a3-8764-9c66aeb95757 None None] Agent healthcheck: found 0 active agents {{(pid=103909) agent_health_check /opt/stack/neutron/neutron/db/agents_db.py:317}}
Apr 02 13:07:21.758217 np0000162947 neutron-periodic-workers[103909]: DEBUG oslo.service.backend._threading.loopingcall [None req-ac90397c-bea4-40a3-8764-9c66aeb95757 None None] Fixed interval looping call 'neutron.plugins.ml2.plugin.AgentDbMixin.agent_health_check' sleeping for 36.99 seconds {{(pid=103909) _run_loop /opt/stack/data/venv/lib/python3.12/site-packages/oslo_service/backend/_threading/loopingcall.py:125}}
Apr 02 13:07:31.755572 np0000162947 neutron-periodic-workers[103909]: DEBUG dbcounter [-] [103909] Writing DB stats neutron:SELECT=1 {{(pid=103909) stat_writer /opt/stack/data/venv/lib/python3.12/site-packages/dbcounter.py:115}}
Apr 02 13:07:37.757999 np0000162947 neutron-periodic-workers[103897]: DEBUG oslo.service.backend._threading.loopingcall [None req-53d68924-18ef-4ff2-b644-ad8746ee4f19 None None] Fixed interval looping call 'neutron.plugins.ml2.plugin.DhcpAgentSchedulerDbMixin.remove_networks_from_down_agents' sleeping for 36.99 seconds {{(pid=103897) _run_loop /opt/stack/data/venv/lib/python3.12/site-packages/oslo_service/backend/_threading/loopingcall.py:125}}
Apr 02 13:07:47.756533 np0000162947 neutron-periodic-workers[103897]: DEBUG dbcounter [-] [103897] Writing DB stats neutron:SELECT=3 {{(pid=103897) stat_writer /opt/stack/data/venv/lib/python3.12/site-packages/dbcounter.py:115}}
Apr 02 13:07:58.753277 np0000162947 neutron-periodic-workers[103909]: DEBUG neutron.db.agents_db [None req-ac90397c-bea4-40a3-8764-9c66aeb95757 None None] Agent healthcheck: found 0 active agents {{(pid=103909) agent_health_check /opt/stack/neutron/neutron/db/agents_db.py:317}}
Apr 02 13:07:58.753828 np0000162947 neutron-periodic-workers[103909]: DEBUG oslo.service.backend._threading.loopingcall [None req-ac90397c-bea4-40a3-8764-9c66aeb95757 None None] Fixed interval looping call 'neutron.plugins.ml2.plugin.AgentDbMixin.agent_health_check' sleeping for 36.99 seconds {{(pid=103909) _run_loop /opt/stack/data/venv/lib/python3.12/site-packages/oslo_service/backend/_threading/loopingcall.py:125}}
Apr 02 13:08:08.752655 np0000162947 neutron-periodic-workers[103909]: DEBUG dbcounter [-] [103909] Writing DB stats neutron:SELECT=1 {{(pid=103909) stat_writer /opt/stack/data/venv/lib/python3.12/site-packages/dbcounter.py:115}}
Apr 02 13:08:14.762609 np0000162947 neutron-periodic-workers[103897]: DEBUG oslo.service.backend._threading.loopingcall [None req-53d68924-18ef-4ff2-b644-ad8746ee4f19 None None] Fixed interval looping call 'neutron.plugins.ml2.plugin.DhcpAgentSchedulerDbMixin.remove_networks_from_down_agents' sleeping for 36.99 seconds {{(pid=103897) _run_loop /opt/stack/data/venv/lib/python3.12/site-packages/oslo_service/backend/_threading/loopingcall.py:125}}
Apr 02 13:08:24.761173 np0000162947 neutron-periodic-workers[103897]: DEBUG dbcounter [-] [103897] Writing DB stats neutron:SELECT=3 {{(pid=103897) stat_writer /opt/stack/data/venv/lib/python3.12/site-packages/dbcounter.py:115}}
Apr 02 13:08:33.783379 np0000162947 neutron-periodic-workers[103920]: DEBUG oslo.service.backend._threading.loopingcall [None req-2ca8bbcf-39a2-44bf-ba15-0f48406aff82 None None] Fixed interval looping call 'neutron.db.quota.driver_nolock.DbQuotaNoLockDriver._remove_expired_reservations' sleeping for 120.00 seconds {{(pid=103920) _run_loop /opt/stack/data/venv/lib/python3.12/site-packages/oslo_service/backend/_threading/loopingcall.py:125}}
Apr 02 13:08:35.751381 np0000162947 neutron-periodic-workers[103909]: DEBUG neutron.db.agents_db [None req-ac90397c-bea4-40a3-8764-9c66aeb95757 None None] Agent healthcheck: found 0 active agents {{(pid=103909) agent_health_check /opt/stack/neutron/neutron/db/agents_db.py:317}}
Apr 02 13:08:35.752216 np0000162947 neutron-periodic-workers[103909]: DEBUG oslo.service.backend._threading.loopingcall [None req-ac90397c-bea4-40a3-8764-9c66aeb95757 None None] Fixed interval looping call 'neutron.plugins.ml2.plugin.AgentDbMixin.agent_health_check' sleeping for 36.99 seconds {{(pid=103909) _run_loop /opt/stack/data/venv/lib/python3.12/site-packages/oslo_service/backend/_threading/loopingcall.py:125}}
Apr 02 13:08:43.782265 np0000162947 neutron-periodic-workers[103920]: DEBUG dbcounter [-] [103920] Writing DB stats neutron:DELETE=1 {{(pid=103920) stat_writer /opt/stack/data/venv/lib/python3.12/site-packages/dbcounter.py:115}}
Apr 02 13:08:45.749281 np0000162947 neutron-periodic-workers[103909]: DEBUG dbcounter [-] [103909] Writing DB stats neutron:SELECT=1 {{(pid=103909) stat_writer /opt/stack/data/venv/lib/python3.12/site-packages/dbcounter.py:115}}
Apr 02 13:08:51.760339 np0000162947 neutron-periodic-workers[103897]: DEBUG oslo.service.backend._threading.loopingcall [None req-53d68924-18ef-4ff2-b644-ad8746ee4f19 None None] Fixed interval looping call 'neutron.plugins.ml2.plugin.DhcpAgentSchedulerDbMixin.remove_networks_from_down_agents' sleeping for 36.99 seconds {{(pid=103897) _run_loop /opt/stack/data/venv/lib/python3.12/site-packages/oslo_service/backend/_threading/loopingcall.py:125}}
Apr 02 13:09:01.759390 np0000162947 neutron-periodic-workers[103897]: DEBUG dbcounter [-] [103897] Writing DB stats neutron:SELECT=3 {{(pid=103897) stat_writer /opt/stack/data/venv/lib/python3.12/site-packages/dbcounter.py:115}}
Apr 02 13:09:12.746958 np0000162947 neutron-periodic-workers[103909]: DEBUG neutron.db.agents_db [None req-ac90397c-bea4-40a3-8764-9c66aeb95757 None None] Agent healthcheck: found 0 active agents {{(pid=103909) agent_health_check /opt/stack/neutron/neutron/db/agents_db.py:317}}
Apr 02 13:09:12.746958 np0000162947 neutron-periodic-workers[103909]: DEBUG oslo.service.backend._threading.loopingcall [None req-ac90397c-bea4-40a3-8764-9c66aeb95757 None None] Fixed interval looping call 'neutron.plugins.ml2.plugin.AgentDbMixin.agent_health_check' sleeping for 36.99 seconds {{(pid=103909) _run_loop /opt/stack/data/venv/lib/python3.12/site-packages/oslo_service/backend/_threading/loopingcall.py:125}}
Apr 02 13:09:17.822124 np0000162947 neutron-periodic-workers[103931]: DEBUG oslo.service.backend._threading.loopingcall [None req-e3ee8ed4-44c9-499d-83b0-c91bfcde63d6 None None] Fixed interval looping call 'neutron.services.ovn_l3.plugin.L3_NAT_dbonly_mixin._clean_garbage' sleeping for 299.99 seconds {{(pid=103931) _run_loop /opt/stack/data/venv/lib/python3.12/site-packages/oslo_service/backend/_threading/loopingcall.py:125}}
Apr 02 13:09:22.744765 np0000162947 neutron-periodic-workers[103909]: DEBUG dbcounter [-] [103909] Writing DB stats neutron:SELECT=1 {{(pid=103909) stat_writer /opt/stack/data/venv/lib/python3.12/site-packages/dbcounter.py:115}}
Apr 02 13:09:27.815019 np0000162947 neutron-periodic-workers[103931]: DEBUG dbcounter [-] [103931] Writing DB stats neutron:SELECT=1 {{(pid=103931) stat_writer /opt/stack/data/venv/lib/python3.12/site-packages/dbcounter.py:115}}
Apr 02 13:09:28.761034 np0000162947 neutron-periodic-workers[103897]: DEBUG oslo.service.backend._threading.loopingcall [None req-53d68924-18ef-4ff2-b644-ad8746ee4f19 None None] Fixed interval looping call 'neutron.plugins.ml2.plugin.DhcpAgentSchedulerDbMixin.remove_networks_from_down_agents' sleeping for 36.99 seconds {{(pid=103897) _run_loop /opt/stack/data/venv/lib/python3.12/site-packages/oslo_service/backend/_threading/loopingcall.py:125}}
Apr 02 13:09:38.759403 np0000162947 neutron-periodic-workers[103897]: DEBUG dbcounter [-] [103897] Writing DB stats neutron:SELECT=3 {{(pid=103897) stat_writer /opt/stack/data/venv/lib/python3.12/site-packages/dbcounter.py:115}}
Apr 02 13:09:49.744043 np0000162947 neutron-periodic-workers[103909]: DEBUG neutron.db.agents_db [None req-ac90397c-bea4-40a3-8764-9c66aeb95757 None None] Agent healthcheck: found 0 active agents {{(pid=103909) agent_health_check /opt/stack/neutron/neutron/db/agents_db.py:317}}
Apr 02 13:09:49.744697 np0000162947 neutron-periodic-workers[103909]: DEBUG oslo.service.backend._threading.loopingcall [None req-ac90397c-bea4-40a3-8764-9c66aeb95757 None None] Fixed interval looping call 'neutron.plugins.ml2.plugin.AgentDbMixin.agent_health_check' sleeping for 36.99 seconds {{(pid=103909) _run_loop /opt/stack/data/venv/lib/python3.12/site-packages/oslo_service/backend/_threading/loopingcall.py:125}}
Apr 02 13:09:59.741754 np0000162947 neutron-periodic-workers[103909]: DEBUG dbcounter [-] [103909] Writing DB stats neutron:SELECT=1 {{(pid=103909) stat_writer /opt/stack/data/venv/lib/python3.12/site-packages/dbcounter.py:115}}
Apr 02 13:10:05.759909 np0000162947 neutron-periodic-workers[103897]: DEBUG oslo.service.backend._threading.loopingcall [None req-53d68924-18ef-4ff2-b644-ad8746ee4f19 None None] Fixed interval looping call 'neutron.plugins.ml2.plugin.DhcpAgentSchedulerDbMixin.remove_networks_from_down_agents' sleeping for 36.99 seconds {{(pid=103897) _run_loop /opt/stack/data/venv/lib/python3.12/site-packages/oslo_service/backend/_threading/loopingcall.py:125}}
Apr 02 13:10:15.759316 np0000162947 neutron-periodic-workers[103897]: DEBUG dbcounter [-] [103897] Writing DB stats neutron:SELECT=3 {{(pid=103897) stat_writer /opt/stack/data/venv/lib/python3.12/site-packages/dbcounter.py:115}}
Apr 02 13:10:26.742025 np0000162947 neutron-periodic-workers[103909]: DEBUG neutron.db.agents_db [None req-ac90397c-bea4-40a3-8764-9c66aeb95757 None None] Agent healthcheck: found 0 active agents {{(pid=103909) agent_health_check /opt/stack/neutron/neutron/db/agents_db.py:317}}
Apr 02 13:10:26.742854 np0000162947 neutron-periodic-workers[103909]: DEBUG oslo.service.backend._threading.loopingcall [None req-ac90397c-bea4-40a3-8764-9c66aeb95757 None None] Fixed interval looping call 'neutron.plugins.ml2.plugin.AgentDbMixin.agent_health_check' sleeping for 36.99 seconds {{(pid=103909) _run_loop /opt/stack/data/venv/lib/python3.12/site-packages/oslo_service/backend/_threading/loopingcall.py:125}}
Apr 02 13:10:33.786782 np0000162947 neutron-periodic-workers[103920]: DEBUG oslo.service.backend._threading.loopingcall [None req-2ca8bbcf-39a2-44bf-ba15-0f48406aff82 None None] Fixed interval looping call 'neutron.db.quota.driver_nolock.DbQuotaNoLockDriver._remove_expired_reservations' sleeping for 120.00 seconds {{(pid=103920) _run_loop /opt/stack/data/venv/lib/python3.12/site-packages/oslo_service/backend/_threading/loopingcall.py:125}}
Apr 02 13:10:36.739086 np0000162947 neutron-periodic-workers[103909]: DEBUG dbcounter [-] [103909] Writing DB stats neutron:SELECT=1 {{(pid=103909) stat_writer /opt/stack/data/venv/lib/python3.12/site-packages/dbcounter.py:115}}
Apr 02 13:10:42.759701 np0000162947 neutron-periodic-workers[103897]: DEBUG oslo.service.backend._threading.loopingcall [None req-53d68924-18ef-4ff2-b644-ad8746ee4f19 None None] Fixed interval looping call 'neutron.plugins.ml2.plugin.DhcpAgentSchedulerDbMixin.remove_networks_from_down_agents' sleeping for 36.99 seconds {{(pid=103897) _run_loop /opt/stack/data/venv/lib/python3.12/site-packages/oslo_service/backend/_threading/loopingcall.py:125}}
Apr 02 13:10:43.786302 np0000162947 neutron-periodic-workers[103920]: DEBUG dbcounter [-] [103920] Writing DB stats neutron:DELETE=1 {{(pid=103920) stat_writer /opt/stack/data/venv/lib/python3.12/site-packages/dbcounter.py:115}}
Apr 02 13:10:52.758801 np0000162947 neutron-periodic-workers[103897]: DEBUG dbcounter [-] [103897] Writing DB stats neutron:SELECT=3 {{(pid=103897) stat_writer /opt/stack/data/venv/lib/python3.12/site-packages/dbcounter.py:115}}
Apr 02 13:11:03.737858 np0000162947 neutron-periodic-workers[103909]: DEBUG neutron.db.agents_db [None req-ac90397c-bea4-40a3-8764-9c66aeb95757 None None] Agent healthcheck: found 0 active agents {{(pid=103909) agent_health_check /opt/stack/neutron/neutron/db/agents_db.py:317}}
Apr 02 13:11:03.738853 np0000162947 neutron-periodic-workers[103909]: DEBUG oslo.service.backend._threading.loopingcall [None req-ac90397c-bea4-40a3-8764-9c66aeb95757 None None] Fixed interval looping call 'neutron.plugins.ml2.plugin.AgentDbMixin.agent_health_check' sleeping for 36.99 seconds {{(pid=103909) _run_loop /opt/stack/data/venv/lib/python3.12/site-packages/oslo_service/backend/_threading/loopingcall.py:125}}
Apr 02 13:11:13.737264 np0000162947 neutron-periodic-workers[103909]: DEBUG dbcounter [-] [103909] Writing DB stats neutron:SELECT=1 {{(pid=103909) stat_writer /opt/stack/data/venv/lib/python3.12/site-packages/dbcounter.py:115}}
Apr 02 13:11:19.768891 np0000162947 neutron-periodic-workers[103897]: DEBUG oslo.service.backend._threading.loopingcall [None req-53d68924-18ef-4ff2-b644-ad8746ee4f19 None None] Fixed interval looping call 'neutron.plugins.ml2.plugin.DhcpAgentSchedulerDbMixin.remove_networks_from_down_agents' sleeping for 36.99 seconds {{(pid=103897) _run_loop /opt/stack/data/venv/lib/python3.12/site-packages/oslo_service/backend/_threading/loopingcall.py:125}}
Apr 02 13:11:29.768711 np0000162947 neutron-periodic-workers[103897]: DEBUG dbcounter [-] [103897] Writing DB stats neutron:SELECT=3 {{(pid=103897) stat_writer /opt/stack/data/venv/lib/python3.12/site-packages/dbcounter.py:115}}
Apr 02 13:11:40.733170 np0000162947 neutron-periodic-workers[103909]: DEBUG neutron.db.agents_db [None req-ac90397c-bea4-40a3-8764-9c66aeb95757 None None] Agent healthcheck: found 0 active agents {{(pid=103909) agent_health_check /opt/stack/neutron/neutron/db/agents_db.py:317}}
Apr 02 13:11:40.733814 np0000162947 neutron-periodic-workers[103909]: DEBUG oslo.service.backend._threading.loopingcall [None req-ac90397c-bea4-40a3-8764-9c66aeb95757 None None] Fixed interval looping call 'neutron.plugins.ml2.plugin.AgentDbMixin.agent_health_check' sleeping for 36.99 seconds {{(pid=103909) _run_loop /opt/stack/data/venv/lib/python3.12/site-packages/oslo_service/backend/_threading/loopingcall.py:125}}
Apr 02 13:11:50.731844 np0000162947 neutron-periodic-workers[103909]: DEBUG dbcounter [-] [103909] Writing DB stats neutron:SELECT=1 {{(pid=103909) stat_writer /opt/stack/data/venv/lib/python3.12/site-packages/dbcounter.py:115}}
Apr 02 13:11:56.770994 np0000162947 neutron-periodic-workers[103897]: DEBUG oslo.service.backend._threading.loopingcall [None req-53d68924-18ef-4ff2-b644-ad8746ee4f19 None None] Fixed interval looping call 'neutron.plugins.ml2.plugin.DhcpAgentSchedulerDbMixin.remove_networks_from_down_agents' sleeping for 36.99 seconds {{(pid=103897) _run_loop /opt/stack/data/venv/lib/python3.12/site-packages/oslo_service/backend/_threading/loopingcall.py:125}}
Apr 02 13:12:06.769152 np0000162947 neutron-periodic-workers[103897]: DEBUG dbcounter [-] [103897] Writing DB stats neutron:SELECT=3 {{(pid=103897) stat_writer /opt/stack/data/venv/lib/python3.12/site-packages/dbcounter.py:115}}
Apr 02 13:12:17.728564 np0000162947 neutron-periodic-workers[103909]: DEBUG neutron.db.agents_db [None req-ac90397c-bea4-40a3-8764-9c66aeb95757 None None] Agent healthcheck: found 0 active agents {{(pid=103909) agent_health_check /opt/stack/neutron/neutron/db/agents_db.py:317}}
Apr 02 13:12:17.729154 np0000162947 neutron-periodic-workers[103909]: DEBUG oslo.service.backend._threading.loopingcall [None req-ac90397c-bea4-40a3-8764-9c66aeb95757 None None] Fixed interval looping call 'neutron.plugins.ml2.plugin.AgentDbMixin.agent_health_check' sleeping for 36.99 seconds {{(pid=103909) _run_loop /opt/stack/data/venv/lib/python3.12/site-packages/oslo_service/backend/_threading/loopingcall.py:125}}
Apr 02 13:12:27.727134 np0000162947 neutron-periodic-workers[103909]: DEBUG dbcounter [-] [103909] Writing DB stats neutron:SELECT=1 {{(pid=103909) stat_writer /opt/stack/data/venv/lib/python3.12/site-packages/dbcounter.py:115}}
Apr 02 13:12:33.770677 np0000162947 neutron-periodic-workers[103897]: DEBUG oslo.service.backend._threading.loopingcall [None req-53d68924-18ef-4ff2-b644-ad8746ee4f19 None None] Fixed interval looping call 'neutron.plugins.ml2.plugin.DhcpAgentSchedulerDbMixin.remove_networks_from_down_agents' sleeping for 36.99 seconds {{(pid=103897) _run_loop /opt/stack/data/venv/lib/python3.12/site-packages/oslo_service/backend/_threading/loopingcall.py:125}}
