Apr 02 13:03:08.138662 np0000162947 systemd[1]: Starting devstack@n-api-meta.service - Devstack devstack@n-api-meta.service...
Apr 02 13:03:08.148388 np0000162947 devstack@n-api-meta.service[107275]: [uWSGI] getting INI configuration from /etc/nova/nova-metadata-uwsgi.ini
Apr 02 13:03:08.149082 np0000162947 devstack@n-api-meta.service[107275]: open("./http_plugin.so"): No such file or directory [core/utils.c line 3709]
Apr 02 13:03:08.149082 np0000162947 devstack@n-api-meta.service[107275]: !!! UNABLE to load uWSGI plugin: ./http_plugin.so: cannot open shared object file: No such file or directory !!!
Apr 02 13:03:08.149082 np0000162947 devstack@n-api-meta.service[107275]: open("./python3_plugin.so"): No such file or directory [core/utils.c line 3709]
Apr 02 13:03:08.149082 np0000162947 devstack@n-api-meta.service[107275]: !!! UNABLE to load uWSGI plugin: ./python3_plugin.so: cannot open shared object file: No such file or directory !!!
Apr 02 13:03:08.149082 np0000162947 devstack@n-api-meta.service[107275]: *** Starting uWSGI 2.0.31 (64bit) on [Thu Apr 2 13:03:08 2026] ***
Apr 02 13:03:08.149082 np0000162947 devstack@n-api-meta.service[107275]: compiled with version: 13.3.0 on 02 April 2026 12:52:51
Apr 02 13:03:08.149082 np0000162947 devstack@n-api-meta.service[107275]: os: Linux-6.8.0-107-generic #107-Ubuntu SMP PREEMPT_DYNAMIC Fri Mar 13 19:51:50 UTC 2026
Apr 02 13:03:08.149082 np0000162947 devstack@n-api-meta.service[107275]: nodename: np0000162947
Apr 02 13:03:08.149082 np0000162947 devstack@n-api-meta.service[107275]: machine: x86_64
Apr 02 13:03:08.149082 np0000162947 devstack@n-api-meta.service[107275]: clock source: unix
Apr 02 13:03:08.149082 np0000162947 devstack@n-api-meta.service[107275]: pcre jit disabled
Apr 02 13:03:08.149082 np0000162947 devstack@n-api-meta.service[107275]: detected number of CPU cores: 16
Apr 02 13:03:08.149082 np0000162947 devstack@n-api-meta.service[107275]: current working directory: /
Apr 02 13:03:08.149082 np0000162947 devstack@n-api-meta.service[107275]: detected binary path: /opt/stack/data/venv/bin/uwsgi
Apr 02 13:03:08.149082 np0000162947 devstack@n-api-meta.service[107275]: your processes number limit is 256917
Apr 02 13:03:08.149082 np0000162947 devstack@n-api-meta.service[107275]: your memory page size is 4096 bytes
Apr 02 13:03:08.149082 np0000162947 devstack@n-api-meta.service[107275]: detected max file descriptor number: 2048
Apr 02 13:03:08.149082 np0000162947 devstack@n-api-meta.service[107275]: lock engine: pthread robust mutexes
Apr 02 13:03:08.149082 np0000162947 devstack@n-api-meta.service[107275]: thunder lock: enabled
Apr 02 13:03:08.149082 np0000162947 devstack@n-api-meta.service[107275]: uWSGI http bound on 0.0.0.0:8775 fd 5
Apr 02 13:03:08.149082 np0000162947 devstack@n-api-meta.service[107275]: uwsgi socket 0 bound to TCP address 127.0.0.1:32775 (port auto-assigned) fd 4
Apr 02 13:03:08.149082 np0000162947 devstack@n-api-meta.service[107275]: Python version: 3.12.3 (main, Mar 3 2026, 12:15:18) [GCC 13.3.0]
Apr 02 13:03:08.149082 np0000162947 devstack@n-api-meta.service[107275]: PEP 405 virtualenv detected: /opt/stack/data/venv
Apr 02 13:03:08.149082 np0000162947 devstack@n-api-meta.service[107275]: Set PythonHome to /opt/stack/data/venv
Apr 02 13:03:08.183604 np0000162947 devstack@n-api-meta.service[107275]: Python main interpreter initialized at 0x7807c90a3668
Apr 02 13:03:08.183604 np0000162947 devstack@n-api-meta.service[107275]: python threads support enabled
Apr 02 13:03:08.183604 np0000162947 devstack@n-api-meta.service[107275]: your server socket listen backlog is limited to 100 connections
Apr 02 13:03:08.183604 np0000162947 devstack@n-api-meta.service[107275]: your mercy for graceful operations on workers is 80 seconds
Apr 02 13:03:08.184187 np0000162947 devstack@n-api-meta.service[107275]: mapped 671795 bytes (656 KB) for 4 cores
Apr 02 13:03:08.184319 np0000162947 devstack@n-api-meta.service[107275]: *** Operational MODE: preforking ***
Apr 02 13:03:08.184537 np0000162947 devstack@n-api-meta.service[107275]: *** uWSGI is running in multiple interpreter mode ***
Apr 02 13:03:08.184537 np0000162947 devstack@n-api-meta.service[107275]: spawned uWSGI master process (pid: 107275)
Apr 02 13:03:08.184688 np0000162947 systemd[1]: Started devstack@n-api-meta.service - Devstack devstack@n-api-meta.service.
Apr 02 13:03:08.185180 np0000162947 devstack@n-api-meta.service[107275]: spawned uWSGI worker 1 (pid: 107276, cores: 1)
Apr 02 13:03:08.185667 np0000162947 devstack@n-api-meta.service[107275]: spawned uWSGI worker 2 (pid: 107277, cores: 1)
Apr 02 13:03:08.186219 np0000162947 devstack@n-api-meta.service[107275]: spawned uWSGI worker 3 (pid: 107278, cores: 1)
Apr 02 13:03:08.186744 np0000162947 devstack@n-api-meta.service[107275]: spawned uWSGI worker 4 (pid: 107279, cores: 1)
Apr 02 13:03:08.187261 np0000162947 devstack@n-api-meta.service[107275]: spawned uWSGI http 1 (pid: 107280)
Apr 02 13:03:08.187261 np0000162947 devstack@n-api-meta.service[107275]: running "unix_signal:15 gracefully_kill_them_all" (master-start)...
Apr 02 13:03:08.534923 np0000162947 devstack@n-api-meta.service[107277]: Service is starting with native threading. This is currently experimental. Do not use it in production without first testing it in pre-production.
Apr 02 13:03:08.544113 np0000162947 devstack@n-api-meta.service[107276]: Service is starting with native threading. This is currently experimental. Do not use it in production without first testing it in pre-production.
Apr 02 13:03:08.545210 np0000162947 devstack@n-api-meta.service[107278]: Service is starting with native threading. This is currently experimental. Do not use it in production without first testing it in pre-production.
Apr 02 13:03:08.557207 np0000162947 devstack@n-api-meta.service[107279]: Service is starting with native threading. This is currently experimental. Do not use it in production without first testing it in pre-production.
Apr 02 13:03:09.960624 np0000162947 devstack@n-api-meta.service[107277]: INFO dbcounter [None req-cf4de037-47eb-48f9-95f3-811f6e75ddef None None] Registered counter for database nova_api
Apr 02 13:03:09.978926 np0000162947 devstack@n-api-meta.service[107277]: DEBUG oslo_db.sqlalchemy.engines [None req-cf4de037-47eb-48f9-95f3-811f6e75ddef None None] MySQL server mode set to STRICT_TRANS_TABLES,STRICT_ALL_TABLES,NO_ZERO_IN_DATE,NO_ZERO_DATE,ERROR_FOR_DIVISION_BY_ZERO,TRADITIONAL,NO_ENGINE_SUBSTITUTION {{(pid=107277) _check_effective_sql_mode /opt/stack/data/venv/lib/python3.12/site-packages/oslo_db/sqlalchemy/engines.py:325}}
Apr 02 13:03:09.998009 np0000162947 devstack@n-api-meta.service[107276]: INFO dbcounter [None req-5e843f40-6952-42b5-9c43-d3217cc14a0c None None] Registered counter for database nova_api
Apr 02 13:03:10.009343 np0000162947 devstack@n-api-meta.service[107278]: INFO dbcounter [None req-745742cd-43c5-4547-91f1-1ca6728be47b None None] Registered counter for database nova_api
Apr 02 13:03:10.012365 np0000162947 devstack@n-api-meta.service[107277]: DEBUG dbcounter [-] [107277] Writer thread running {{(pid=107277) stat_writer /opt/stack/data/venv/lib/python3.12/site-packages/dbcounter.py:102}}
Apr 02 13:03:10.015369 np0000162947 devstack@n-api-meta.service[107277]: DEBUG nova.context [None req-cf4de037-47eb-48f9-95f3-811f6e75ddef None None] Found 2 cells: 00000000-0000-0000-0000-000000000000(cell0),a7add841-73eb-43b2-bfda-7eeb2e0f912b(cell1) {{(pid=107277) load_cells /opt/stack/nova/nova/context.py:509}}
Apr 02 13:03:10.015619 np0000162947 devstack@n-api-meta.service[107277]: INFO nova.utils [None req-cf4de037-47eb-48f9-95f3-811f6e75ddef None None] The cell worker thread pool MainProcess.cell_worker is initialized
Apr 02 13:03:10.016747 np0000162947 devstack@n-api-meta.service[107276]: DEBUG oslo_db.sqlalchemy.engines [None req-5e843f40-6952-42b5-9c43-d3217cc14a0c None None] MySQL server mode set to STRICT_TRANS_TABLES,STRICT_ALL_TABLES,NO_ZERO_IN_DATE,NO_ZERO_DATE,ERROR_FOR_DIVISION_BY_ZERO,TRADITIONAL,NO_ENGINE_SUBSTITUTION {{(pid=107276) _check_effective_sql_mode /opt/stack/data/venv/lib/python3.12/site-packages/oslo_db/sqlalchemy/engines.py:325}}
Apr 02 13:03:10.017634 np0000162947 devstack@n-api-meta.service[107277]: DEBUG oslo_concurrency.lockutils [None req-cf4de037-47eb-48f9-95f3-811f6e75ddef None None] Acquiring lock "00000000-0000-0000-0000-000000000000" by "nova.context.set_target_cell..get_or_set_cached_cell_and_set_connections" {{(pid=107277) inner /opt/stack/data/venv/lib/python3.12/site-packages/oslo_concurrency/lockutils.py:506}}
Apr 02 13:03:10.017822 np0000162947 devstack@n-api-meta.service[107277]: DEBUG oslo_concurrency.lockutils [None req-cf4de037-47eb-48f9-95f3-811f6e75ddef None None] Lock "00000000-0000-0000-0000-000000000000" acquired by "nova.context.set_target_cell..get_or_set_cached_cell_and_set_connections" :: waited 0.000s {{(pid=107277) inner /opt/stack/data/venv/lib/python3.12/site-packages/oslo_concurrency/lockutils.py:519}}
Apr 02 13:03:10.018210 np0000162947 devstack@n-api-meta.service[107277]: DEBUG oslo_concurrency.lockutils [None req-cf4de037-47eb-48f9-95f3-811f6e75ddef None None] Lock "00000000-0000-0000-0000-000000000000" "released" by "nova.context.set_target_cell..get_or_set_cached_cell_and_set_connections" :: held 0.000s {{(pid=107277) inner /opt/stack/data/venv/lib/python3.12/site-packages/oslo_concurrency/lockutils.py:538}}
Apr 02 13:03:10.019115 np0000162947 devstack@n-api-meta.service[107277]: DEBUG oslo_concurrency.lockutils [None req-cf4de037-47eb-48f9-95f3-811f6e75ddef None None] Acquiring lock "a7add841-73eb-43b2-bfda-7eeb2e0f912b" by "nova.context.set_target_cell..get_or_set_cached_cell_and_set_connections" {{(pid=107277) inner /opt/stack/data/venv/lib/python3.12/site-packages/oslo_concurrency/lockutils.py:506}}
Apr 02 13:03:10.019319 np0000162947 devstack@n-api-meta.service[107277]: DEBUG oslo_concurrency.lockutils [None req-cf4de037-47eb-48f9-95f3-811f6e75ddef None None] Lock "a7add841-73eb-43b2-bfda-7eeb2e0f912b" acquired by "nova.context.set_target_cell..get_or_set_cached_cell_and_set_connections" :: waited 0.000s {{(pid=107277) inner /opt/stack/data/venv/lib/python3.12/site-packages/oslo_concurrency/lockutils.py:519}}
Apr 02 13:03:10.020630 np0000162947 devstack@n-api-meta.service[107277]: DEBUG oslo_concurrency.lockutils [None req-cf4de037-47eb-48f9-95f3-811f6e75ddef None None] Lock "a7add841-73eb-43b2-bfda-7eeb2e0f912b" "released" by "nova.context.set_target_cell..get_or_set_cached_cell_and_set_connections" :: held 0.001s {{(pid=107277) inner /opt/stack/data/venv/lib/python3.12/site-packages/oslo_concurrency/lockutils.py:538}}
Apr 02 13:03:10.024016 np0000162947 devstack@n-api-meta.service[107277]: INFO dbcounter [None req-cf4de037-47eb-48f9-95f3-811f6e75ddef None None] Registered counter for database nova_cell0
Apr 02 13:03:10.029330 np0000162947 devstack@n-api-meta.service[107278]: DEBUG oslo_db.sqlalchemy.engines [None req-745742cd-43c5-4547-91f1-1ca6728be47b None None] MySQL server mode set to STRICT_TRANS_TABLES,STRICT_ALL_TABLES,NO_ZERO_IN_DATE,NO_ZERO_DATE,ERROR_FOR_DIVISION_BY_ZERO,TRADITIONAL,NO_ENGINE_SUBSTITUTION {{(pid=107278) _check_effective_sql_mode /opt/stack/data/venv/lib/python3.12/site-packages/oslo_db/sqlalchemy/engines.py:325}}
Apr 02 13:03:10.029570 np0000162947 devstack@n-api-meta.service[107277]: INFO dbcounter [None req-cf4de037-47eb-48f9-95f3-811f6e75ddef None None] Registered counter for database nova_cell1
Apr 02 13:03:10.037205 np0000162947 devstack@n-api-meta.service[107277]: DEBUG oslo_db.sqlalchemy.engines [None req-cf4de037-47eb-48f9-95f3-811f6e75ddef None None] MySQL server mode set to STRICT_TRANS_TABLES,STRICT_ALL_TABLES,NO_ZERO_IN_DATE,NO_ZERO_DATE,ERROR_FOR_DIVISION_BY_ZERO,TRADITIONAL,NO_ENGINE_SUBSTITUTION {{(pid=107277) _check_effective_sql_mode /opt/stack/data/venv/lib/python3.12/site-packages/oslo_db/sqlalchemy/engines.py:325}}
Apr 02 13:03:10.052044 np0000162947 devstack@n-api-meta.service[107276]: DEBUG dbcounter [-] [107276] Writer thread running {{(pid=107276) stat_writer /opt/stack/data/venv/lib/python3.12/site-packages/dbcounter.py:102}}
Apr 02 13:03:10.053595 np0000162947 devstack@n-api-meta.service[107279]: INFO dbcounter [None req-4c2cbf66-8acf-450f-8fab-ea4b723b9870 None None] Registered counter for database nova_api
Apr 02 13:03:10.054258 np0000162947 devstack@n-api-meta.service[107276]: DEBUG nova.context [None req-5e843f40-6952-42b5-9c43-d3217cc14a0c None None] Found 2 cells: 00000000-0000-0000-0000-000000000000(cell0),a7add841-73eb-43b2-bfda-7eeb2e0f912b(cell1) {{(pid=107276) load_cells /opt/stack/nova/nova/context.py:509}}
Apr 02 13:03:10.054386 np0000162947 devstack@n-api-meta.service[107277]: DEBUG oslo_db.sqlalchemy.engines [None req-cf4de037-47eb-48f9-95f3-811f6e75ddef None None] MySQL server mode set to STRICT_TRANS_TABLES,STRICT_ALL_TABLES,NO_ZERO_IN_DATE,NO_ZERO_DATE,ERROR_FOR_DIVISION_BY_ZERO,TRADITIONAL,NO_ENGINE_SUBSTITUTION {{(pid=107277) _check_effective_sql_mode /opt/stack/data/venv/lib/python3.12/site-packages/oslo_db/sqlalchemy/engines.py:325}}
Apr 02 13:03:10.054508 np0000162947 devstack@n-api-meta.service[107276]: INFO nova.utils [None req-5e843f40-6952-42b5-9c43-d3217cc14a0c None None] The cell worker thread pool MainProcess.cell_worker is initialized
Apr 02 13:03:10.057131 np0000162947 devstack@n-api-meta.service[107276]: DEBUG oslo_concurrency.lockutils [None req-5e843f40-6952-42b5-9c43-d3217cc14a0c None None] Acquiring lock "00000000-0000-0000-0000-000000000000" by "nova.context.set_target_cell..get_or_set_cached_cell_and_set_connections" {{(pid=107276) inner /opt/stack/data/venv/lib/python3.12/site-packages/oslo_concurrency/lockutils.py:506}}
Apr 02 13:03:10.057131 np0000162947 devstack@n-api-meta.service[107276]: DEBUG oslo_concurrency.lockutils [None req-5e843f40-6952-42b5-9c43-d3217cc14a0c None None] Lock "00000000-0000-0000-0000-000000000000" acquired by "nova.context.set_target_cell..get_or_set_cached_cell_and_set_connections" :: waited 0.000s {{(pid=107276) inner /opt/stack/data/venv/lib/python3.12/site-packages/oslo_concurrency/lockutils.py:519}}
Apr 02 13:03:10.057131 np0000162947 devstack@n-api-meta.service[107276]: DEBUG oslo_concurrency.lockutils [None req-5e843f40-6952-42b5-9c43-d3217cc14a0c None None] Lock "00000000-0000-0000-0000-000000000000" "released" by "nova.context.set_target_cell..get_or_set_cached_cell_and_set_connections" :: held 0.000s {{(pid=107276) inner /opt/stack/data/venv/lib/python3.12/site-packages/oslo_concurrency/lockutils.py:538}}
Apr 02 13:03:10.057754 np0000162947 devstack@n-api-meta.service[107276]: DEBUG oslo_concurrency.lockutils [None req-5e843f40-6952-42b5-9c43-d3217cc14a0c None None] Acquiring lock "a7add841-73eb-43b2-bfda-7eeb2e0f912b" by "nova.context.set_target_cell..get_or_set_cached_cell_and_set_connections" {{(pid=107276) inner /opt/stack/data/venv/lib/python3.12/site-packages/oslo_concurrency/lockutils.py:506}}
Apr 02 13:03:10.057906 np0000162947 devstack@n-api-meta.service[107276]: DEBUG oslo_concurrency.lockutils [None req-5e843f40-6952-42b5-9c43-d3217cc14a0c None None] Lock "a7add841-73eb-43b2-bfda-7eeb2e0f912b" acquired by "nova.context.set_target_cell..get_or_set_cached_cell_and_set_connections" :: waited 0.000s {{(pid=107276) inner /opt/stack/data/venv/lib/python3.12/site-packages/oslo_concurrency/lockutils.py:519}}
Apr 02 13:03:10.059115 np0000162947 devstack@n-api-meta.service[107276]: DEBUG oslo_concurrency.lockutils [None req-5e843f40-6952-42b5-9c43-d3217cc14a0c None None] Lock "a7add841-73eb-43b2-bfda-7eeb2e0f912b" "released" by "nova.context.set_target_cell..get_or_set_cached_cell_and_set_connections" :: held 0.001s {{(pid=107276) inner /opt/stack/data/venv/lib/python3.12/site-packages/oslo_concurrency/lockutils.py:538}}
Apr 02 13:03:10.062405 np0000162947 devstack@n-api-meta.service[107276]: INFO dbcounter [None req-5e843f40-6952-42b5-9c43-d3217cc14a0c None None] Registered counter for database nova_cell0
Apr 02 13:03:10.066629 np0000162947 devstack@n-api-meta.service[107278]: DEBUG dbcounter [-] [107278] Writer thread running {{(pid=107278) stat_writer /opt/stack/data/venv/lib/python3.12/site-packages/dbcounter.py:102}}
Apr 02 13:03:10.068395 np0000162947 devstack@n-api-meta.service[107276]: INFO dbcounter [None req-5e843f40-6952-42b5-9c43-d3217cc14a0c None None] Registered counter for database nova_cell1
Apr 02 13:03:10.069405 np0000162947 devstack@n-api-meta.service[107278]: DEBUG nova.context [None req-745742cd-43c5-4547-91f1-1ca6728be47b None None] Found 2 cells: 00000000-0000-0000-0000-000000000000(cell0),a7add841-73eb-43b2-bfda-7eeb2e0f912b(cell1) {{(pid=107278) load_cells /opt/stack/nova/nova/context.py:509}}
Apr 02 13:03:10.069633 np0000162947 devstack@n-api-meta.service[107278]: INFO nova.utils [None req-745742cd-43c5-4547-91f1-1ca6728be47b None None] The cell worker thread pool MainProcess.cell_worker is initialized
Apr 02 13:03:10.071540 np0000162947 devstack@n-api-meta.service[107279]: DEBUG oslo_db.sqlalchemy.engines [None req-4c2cbf66-8acf-450f-8fab-ea4b723b9870 None None] MySQL server mode set to STRICT_TRANS_TABLES,STRICT_ALL_TABLES,NO_ZERO_IN_DATE,NO_ZERO_DATE,ERROR_FOR_DIVISION_BY_ZERO,TRADITIONAL,NO_ENGINE_SUBSTITUTION {{(pid=107279) _check_effective_sql_mode /opt/stack/data/venv/lib/python3.12/site-packages/oslo_db/sqlalchemy/engines.py:325}}
Apr 02 13:03:10.071724 np0000162947 devstack@n-api-meta.service[107278]: DEBUG oslo_concurrency.lockutils [None req-745742cd-43c5-4547-91f1-1ca6728be47b None None] Acquiring lock "00000000-0000-0000-0000-000000000000" by "nova.context.set_target_cell..get_or_set_cached_cell_and_set_connections" {{(pid=107278) inner /opt/stack/data/venv/lib/python3.12/site-packages/oslo_concurrency/lockutils.py:506}}
Apr 02 13:03:10.071724 np0000162947 devstack@n-api-meta.service[107278]: DEBUG oslo_concurrency.lockutils [None req-745742cd-43c5-4547-91f1-1ca6728be47b None None] Lock "00000000-0000-0000-0000-000000000000" acquired by "nova.context.set_target_cell..get_or_set_cached_cell_and_set_connections" :: waited 0.000s {{(pid=107278) inner /opt/stack/data/venv/lib/python3.12/site-packages/oslo_concurrency/lockutils.py:519}}
Apr 02 13:03:10.073992 np0000162947 devstack@n-api-meta.service[107278]: DEBUG oslo_concurrency.lockutils [None req-745742cd-43c5-4547-91f1-1ca6728be47b None None] Lock "00000000-0000-0000-0000-000000000000" "released" by "nova.context.set_target_cell..get_or_set_cached_cell_and_set_connections" :: held 0.000s {{(pid=107278) inner /opt/stack/data/venv/lib/python3.12/site-packages/oslo_concurrency/lockutils.py:538}}
Apr 02 13:03:10.073992 np0000162947 devstack@n-api-meta.service[107278]: DEBUG oslo_concurrency.lockutils [None req-745742cd-43c5-4547-91f1-1ca6728be47b None None] Acquiring lock "a7add841-73eb-43b2-bfda-7eeb2e0f912b" by "nova.context.set_target_cell..get_or_set_cached_cell_and_set_connections" {{(pid=107278) inner /opt/stack/data/venv/lib/python3.12/site-packages/oslo_concurrency/lockutils.py:506}}
Apr 02 13:03:10.073992 np0000162947 devstack@n-api-meta.service[107278]: DEBUG oslo_concurrency.lockutils [None req-745742cd-43c5-4547-91f1-1ca6728be47b None None] Lock "a7add841-73eb-43b2-bfda-7eeb2e0f912b" acquired by "nova.context.set_target_cell..get_or_set_cached_cell_and_set_connections" :: waited 0.000s {{(pid=107278) inner /opt/stack/data/venv/lib/python3.12/site-packages/oslo_concurrency/lockutils.py:519}}
Apr 02 13:03:10.076822 np0000162947 devstack@n-api-meta.service[107278]: INFO dbcounter [None req-745742cd-43c5-4547-91f1-1ca6728be47b None None] Registered counter for database nova_cell0
Apr 02 13:03:10.078664 np0000162947 devstack@n-api-meta.service[107278]: DEBUG oslo_concurrency.lockutils [None req-745742cd-43c5-4547-91f1-1ca6728be47b None None] Lock "a7add841-73eb-43b2-bfda-7eeb2e0f912b" "released" by "nova.context.set_target_cell..get_or_set_cached_cell_and_set_connections" :: held 0.003s {{(pid=107278) inner /opt/stack/data/venv/lib/python3.12/site-packages/oslo_concurrency/lockutils.py:538}}
Apr 02 13:03:10.083137 np0000162947 devstack@n-api-meta.service[107276]: DEBUG oslo_db.sqlalchemy.engines [None req-5e843f40-6952-42b5-9c43-d3217cc14a0c None None] MySQL server mode set to STRICT_TRANS_TABLES,STRICT_ALL_TABLES,NO_ZERO_IN_DATE,NO_ZERO_DATE,ERROR_FOR_DIVISION_BY_ZERO,TRADITIONAL,NO_ENGINE_SUBSTITUTION {{(pid=107276) _check_effective_sql_mode /opt/stack/data/venv/lib/python3.12/site-packages/oslo_db/sqlalchemy/engines.py:325}}
Apr 02 13:03:10.083216 np0000162947 devstack@n-api-meta.service[107278]: INFO dbcounter [None req-745742cd-43c5-4547-91f1-1ca6728be47b None None] Registered counter for database nova_cell1
Apr 02 13:03:10.089022 np0000162947 devstack@n-api-meta.service[107276]: DEBUG oslo_db.sqlalchemy.engines [None req-5e843f40-6952-42b5-9c43-d3217cc14a0c None None] MySQL server mode set to STRICT_TRANS_TABLES,STRICT_ALL_TABLES,NO_ZERO_IN_DATE,NO_ZERO_DATE,ERROR_FOR_DIVISION_BY_ZERO,TRADITIONAL,NO_ENGINE_SUBSTITUTION {{(pid=107276) _check_effective_sql_mode /opt/stack/data/venv/lib/python3.12/site-packages/oslo_db/sqlalchemy/engines.py:325}}
Apr 02 13:03:10.091154 np0000162947 devstack@n-api-meta.service[107278]: DEBUG oslo_db.sqlalchemy.engines [None req-745742cd-43c5-4547-91f1-1ca6728be47b None None] MySQL server mode set to STRICT_TRANS_TABLES,STRICT_ALL_TABLES,NO_ZERO_IN_DATE,NO_ZERO_DATE,ERROR_FOR_DIVISION_BY_ZERO,TRADITIONAL,NO_ENGINE_SUBSTITUTION {{(pid=107278) _check_effective_sql_mode /opt/stack/data/venv/lib/python3.12/site-packages/oslo_db/sqlalchemy/engines.py:325}}
Apr 02 13:03:10.097059 np0000162947 devstack@n-api-meta.service[107278]: DEBUG oslo_db.sqlalchemy.engines [None req-745742cd-43c5-4547-91f1-1ca6728be47b None None] MySQL server mode set to STRICT_TRANS_TABLES,STRICT_ALL_TABLES,NO_ZERO_IN_DATE,NO_ZERO_DATE,ERROR_FOR_DIVISION_BY_ZERO,TRADITIONAL,NO_ENGINE_SUBSTITUTION {{(pid=107278) _check_effective_sql_mode /opt/stack/data/venv/lib/python3.12/site-packages/oslo_db/sqlalchemy/engines.py:325}}
Apr 02 13:03:10.106830 np0000162947 devstack@n-api-meta.service[107279]: DEBUG dbcounter [-] [107279] Writer thread running {{(pid=107279) stat_writer /opt/stack/data/venv/lib/python3.12/site-packages/dbcounter.py:102}}
Apr 02 13:03:10.109491 np0000162947 devstack@n-api-meta.service[107279]: DEBUG nova.context [None req-4c2cbf66-8acf-450f-8fab-ea4b723b9870 None None] Found 2 cells: 00000000-0000-0000-0000-000000000000(cell0),a7add841-73eb-43b2-bfda-7eeb2e0f912b(cell1) {{(pid=107279) load_cells /opt/stack/nova/nova/context.py:509}}
Apr 02 13:03:10.109723 np0000162947 devstack@n-api-meta.service[107279]: INFO nova.utils [None req-4c2cbf66-8acf-450f-8fab-ea4b723b9870 None None] The cell worker thread pool MainProcess.cell_worker is initialized
Apr 02 13:03:10.111473 np0000162947 devstack@n-api-meta.service[107279]: DEBUG oslo_concurrency.lockutils [None req-4c2cbf66-8acf-450f-8fab-ea4b723b9870 None None] Acquiring lock "00000000-0000-0000-0000-000000000000" by "nova.context.set_target_cell..get_or_set_cached_cell_and_set_connections" {{(pid=107279) inner /opt/stack/data/venv/lib/python3.12/site-packages/oslo_concurrency/lockutils.py:506}}
Apr 02 13:03:10.111806 np0000162947 devstack@n-api-meta.service[107279]: DEBUG oslo_concurrency.lockutils [None req-4c2cbf66-8acf-450f-8fab-ea4b723b9870 None None] Lock "00000000-0000-0000-0000-000000000000" acquired by "nova.context.set_target_cell..get_or_set_cached_cell_and_set_connections" :: waited 0.000s {{(pid=107279) inner /opt/stack/data/venv/lib/python3.12/site-packages/oslo_concurrency/lockutils.py:519}}
Apr 02 13:03:10.112053 np0000162947 devstack@n-api-meta.service[107279]: DEBUG oslo_concurrency.lockutils [None req-4c2cbf66-8acf-450f-8fab-ea4b723b9870 None None] Lock "00000000-0000-0000-0000-000000000000" "released" by "nova.context.set_target_cell..get_or_set_cached_cell_and_set_connections" :: held 0.000s {{(pid=107279) inner /opt/stack/data/venv/lib/python3.12/site-packages/oslo_concurrency/lockutils.py:538}}
Apr 02 13:03:10.112791 np0000162947 devstack@n-api-meta.service[107279]: DEBUG oslo_concurrency.lockutils [None req-4c2cbf66-8acf-450f-8fab-ea4b723b9870 None None] Acquiring lock "a7add841-73eb-43b2-bfda-7eeb2e0f912b" by "nova.context.set_target_cell..get_or_set_cached_cell_and_set_connections" {{(pid=107279) inner /opt/stack/data/venv/lib/python3.12/site-packages/oslo_concurrency/lockutils.py:506}}
Apr 02 13:03:10.112949 np0000162947 devstack@n-api-meta.service[107279]: DEBUG oslo_concurrency.lockutils [None req-4c2cbf66-8acf-450f-8fab-ea4b723b9870 None None] Lock "a7add841-73eb-43b2-bfda-7eeb2e0f912b" acquired by "nova.context.set_target_cell..get_or_set_cached_cell_and_set_connections" :: waited 0.000s {{(pid=107279) inner /opt/stack/data/venv/lib/python3.12/site-packages/oslo_concurrency/lockutils.py:519}}
Apr 02 13:03:10.113746 np0000162947 devstack@n-api-meta.service[107279]: DEBUG oslo_concurrency.lockutils [None req-4c2cbf66-8acf-450f-8fab-ea4b723b9870 None None] Lock "a7add841-73eb-43b2-bfda-7eeb2e0f912b" "released" by "nova.context.set_target_cell..get_or_set_cached_cell_and_set_connections" :: held 0.001s {{(pid=107279) inner /opt/stack/data/venv/lib/python3.12/site-packages/oslo_concurrency/lockutils.py:538}}
Apr 02 13:03:10.118151 np0000162947 devstack@n-api-meta.service[107279]: INFO dbcounter [None req-4c2cbf66-8acf-450f-8fab-ea4b723b9870 None None] Registered counter for database nova_cell0
Apr 02 13:03:10.124849 np0000162947 devstack@n-api-meta.service[107279]: INFO dbcounter [None req-4c2cbf66-8acf-450f-8fab-ea4b723b9870 None None] Registered counter for database nova_cell1
Apr 02 13:03:10.132014 np0000162947 devstack@n-api-meta.service[107277]: DEBUG dbcounter [-] [107277] Writer thread running {{(pid=107277) stat_writer /opt/stack/data/venv/lib/python3.12/site-packages/dbcounter.py:102}}
Apr 02 13:03:10.135992 np0000162947 devstack@n-api-meta.service[107279]: DEBUG oslo_db.sqlalchemy.engines [None req-4c2cbf66-8acf-450f-8fab-ea4b723b9870 None None] MySQL server mode set to STRICT_TRANS_TABLES,STRICT_ALL_TABLES,NO_ZERO_IN_DATE,NO_ZERO_DATE,ERROR_FOR_DIVISION_BY_ZERO,TRADITIONAL,NO_ENGINE_SUBSTITUTION {{(pid=107279) _check_effective_sql_mode /opt/stack/data/venv/lib/python3.12/site-packages/oslo_db/sqlalchemy/engines.py:325}}
Apr 02 13:03:10.139942 np0000162947 devstack@n-api-meta.service[107279]: DEBUG oslo_db.sqlalchemy.engines [None req-4c2cbf66-8acf-450f-8fab-ea4b723b9870 None None] MySQL server mode set to STRICT_TRANS_TABLES,STRICT_ALL_TABLES,NO_ZERO_IN_DATE,NO_ZERO_DATE,ERROR_FOR_DIVISION_BY_ZERO,TRADITIONAL,NO_ENGINE_SUBSTITUTION {{(pid=107279) _check_effective_sql_mode /opt/stack/data/venv/lib/python3.12/site-packages/oslo_db/sqlalchemy/engines.py:325}}
Apr 02 13:03:10.141864 np0000162947 devstack@n-api-meta.service[107277]: DEBUG dbcounter [-] [107277] Writer thread running {{(pid=107277) stat_writer /opt/stack/data/venv/lib/python3.12/site-packages/dbcounter.py:102}}
Apr 02 13:03:10.146652 np0000162947 devstack@n-api-meta.service[107277]: INFO dbcounter [None req-cf4de037-47eb-48f9-95f3-811f6e75ddef None None] Registered counter for database nova_cell0
Apr 02 13:03:10.157948 np0000162947 devstack@n-api-meta.service[107277]: DEBUG oslo_db.sqlalchemy.engines [None req-cf4de037-47eb-48f9-95f3-811f6e75ddef None None] MySQL server mode set to STRICT_TRANS_TABLES,STRICT_ALL_TABLES,NO_ZERO_IN_DATE,NO_ZERO_DATE,ERROR_FOR_DIVISION_BY_ZERO,TRADITIONAL,NO_ENGINE_SUBSTITUTION {{(pid=107277) _check_effective_sql_mode /opt/stack/data/venv/lib/python3.12/site-packages/oslo_db/sqlalchemy/engines.py:325}}
Apr 02 13:03:10.168122 np0000162947 devstack@n-api-meta.service[107277]: DEBUG dbcounter [-] [107277] Writer thread running {{(pid=107277) stat_writer /opt/stack/data/venv/lib/python3.12/site-packages/dbcounter.py:102}}
Apr 02 13:03:10.186692 np0000162947 devstack@n-api-meta.service[107276]: DEBUG dbcounter [-] [107276] Writer thread running {{(pid=107276) stat_writer /opt/stack/data/venv/lib/python3.12/site-packages/dbcounter.py:102}}
Apr 02 13:03:10.189177 np0000162947 devstack@n-api-meta.service[107276]: DEBUG dbcounter [-] [107276] Writer thread running {{(pid=107276) stat_writer /opt/stack/data/venv/lib/python3.12/site-packages/dbcounter.py:102}}
Apr 02 13:03:10.195495 np0000162947 devstack@n-api-meta.service[107278]: DEBUG dbcounter [-] [107278] Writer thread running {{(pid=107278) stat_writer /opt/stack/data/venv/lib/python3.12/site-packages/dbcounter.py:102}}
Apr 02 13:03:10.197841 np0000162947 devstack@n-api-meta.service[107278]: DEBUG dbcounter [-] [107278] Writer thread running {{(pid=107278) stat_writer /opt/stack/data/venv/lib/python3.12/site-packages/dbcounter.py:102}}
Apr 02 13:03:10.199884 np0000162947 devstack@n-api-meta.service[107276]: INFO dbcounter [None req-5e843f40-6952-42b5-9c43-d3217cc14a0c None None] Registered counter for database nova_cell0
Apr 02 13:03:10.202475 np0000162947 devstack@n-api-meta.service[107278]: INFO dbcounter [None req-745742cd-43c5-4547-91f1-1ca6728be47b None None] Registered counter for database nova_cell0
Apr 02 13:03:10.209145 np0000162947 devstack@n-api-meta.service[107276]: DEBUG oslo_db.sqlalchemy.engines [None req-5e843f40-6952-42b5-9c43-d3217cc14a0c None None] MySQL server mode set to STRICT_TRANS_TABLES,STRICT_ALL_TABLES,NO_ZERO_IN_DATE,NO_ZERO_DATE,ERROR_FOR_DIVISION_BY_ZERO,TRADITIONAL,NO_ENGINE_SUBSTITUTION {{(pid=107276) _check_effective_sql_mode /opt/stack/data/venv/lib/python3.12/site-packages/oslo_db/sqlalchemy/engines.py:325}}
Apr 02 13:03:10.213137 np0000162947 devstack@n-api-meta.service[107278]: DEBUG oslo_db.sqlalchemy.engines [None req-745742cd-43c5-4547-91f1-1ca6728be47b None None] MySQL server mode set to STRICT_TRANS_TABLES,STRICT_ALL_TABLES,NO_ZERO_IN_DATE,NO_ZERO_DATE,ERROR_FOR_DIVISION_BY_ZERO,TRADITIONAL,NO_ENGINE_SUBSTITUTION {{(pid=107278) _check_effective_sql_mode /opt/stack/data/venv/lib/python3.12/site-packages/oslo_db/sqlalchemy/engines.py:325}}
Apr 02 13:03:10.218376 np0000162947 devstack@n-api-meta.service[107276]: DEBUG dbcounter [-] [107276] Writer thread running {{(pid=107276) stat_writer /opt/stack/data/venv/lib/python3.12/site-packages/dbcounter.py:102}}
Apr 02 13:03:10.224976 np0000162947 devstack@n-api-meta.service[107278]: DEBUG dbcounter [-] [107278] Writer thread running {{(pid=107278) stat_writer /opt/stack/data/venv/lib/python3.12/site-packages/dbcounter.py:102}}
Apr 02 13:03:10.226552 np0000162947 devstack@n-api-meta.service[107277]: WARNING nova.api.metadata.handler [None req-cf4de037-47eb-48f9-95f3-811f6e75ddef None None] metadata_proxy_shared_secret is not configured, the metadata information returned by the proxy cannot be trusted
Apr 02 13:03:10.229103 np0000162947 devstack@n-api-meta.service[107277]: DEBUG nova.api.openstack.wsgi_app [None req-cf4de037-47eb-48f9-95f3-811f6e75ddef None None] ******************************************************************************** {{(pid=107277) log_opt_values /opt/stack/data/venv/lib/python3.12/site-packages/oslo_config/cfg.py:2979}}
Apr 02 13:03:10.230116 np0000162947 devstack@n-api-meta.service[107277]: DEBUG nova.api.openstack.wsgi_app [None req-cf4de037-47eb-48f9-95f3-811f6e75ddef None None] Configuration options gathered from: {{(pid=107277) log_opt_values /opt/stack/data/venv/lib/python3.12/site-packages/oslo_config/cfg.py:2980}}
Apr 02 13:03:10.230116 np0000162947 devstack@n-api-meta.service[107277]: DEBUG nova.api.openstack.wsgi_app [None req-cf4de037-47eb-48f9-95f3-811f6e75ddef None None] command line args: [] {{(pid=107277) log_opt_values /opt/stack/data/venv/lib/python3.12/site-packages/oslo_config/cfg.py:2981}}
Apr 02 13:03:10.230116 np0000162947 devstack@n-api-meta.service[107277]: DEBUG nova.api.openstack.wsgi_app [None req-cf4de037-47eb-48f9-95f3-811f6e75ddef None None] config files: ['/etc/nova/api-paste.ini', '/etc/nova/nova.conf'] {{(pid=107277) log_opt_values /opt/stack/data/venv/lib/python3.12/site-packages/oslo_config/cfg.py:2982}}
Apr 02 13:03:10.230116 np0000162947 devstack@n-api-meta.service[107277]: DEBUG nova.api.openstack.wsgi_app [None req-cf4de037-47eb-48f9-95f3-811f6e75ddef None None] ================================================================================ {{(pid=107277) log_opt_values /opt/stack/data/venv/lib/python3.12/site-packages/oslo_config/cfg.py:2987}}
Apr 02 13:03:10.230116 np0000162947 devstack@n-api-meta.service[107277]: DEBUG nova.api.openstack.wsgi_app [None req-cf4de037-47eb-48f9-95f3-811f6e75ddef None None] allow_resize_to_same_host = True {{(pid=107277) log_opt_values /opt/stack/data/venv/lib/python3.12/site-packages/oslo_config/cfg.py:2995}}
Apr 02 13:03:10.230116 np0000162947 devstack@n-api-meta.service[107277]: DEBUG nova.api.openstack.wsgi_app [None req-cf4de037-47eb-48f9-95f3-811f6e75ddef None None] arq_binding_timeout = 300 {{(pid=107277) log_opt_values /opt/stack/data/venv/lib/python3.12/site-packages/oslo_config/cfg.py:2995}}
Apr 02 13:03:10.230116 np0000162947 devstack@n-api-meta.service[107277]: DEBUG nova.api.openstack.wsgi_app [None req-cf4de037-47eb-48f9-95f3-811f6e75ddef None None] block_device_allocate_retries = 60 {{(pid=107277) log_opt_values /opt/stack/data/venv/lib/python3.12/site-packages/oslo_config/cfg.py:2995}}
Apr 02 13:03:10.230322 np0000162947 devstack@n-api-meta.service[107277]: DEBUG nova.api.openstack.wsgi_app [None req-cf4de037-47eb-48f9-95f3-811f6e75ddef None None] block_device_allocate_retries_interval = 3 {{(pid=107277) log_opt_values /opt/stack/data/venv/lib/python3.12/site-packages/oslo_config/cfg.py:2995}}
Apr 02 13:03:10.230393 np0000162947 devstack@n-api-meta.service[107277]: DEBUG nova.api.openstack.wsgi_app [None req-cf4de037-47eb-48f9-95f3-811f6e75ddef None None] cell_worker_thread_pool_size = 5 {{(pid=107277) log_opt_values /opt/stack/data/venv/lib/python3.12/site-packages/oslo_config/cfg.py:2995}}
Apr 02 13:03:10.230531 np0000162947 devstack@n-api-meta.service[107277]: DEBUG nova.api.openstack.wsgi_app [None req-cf4de037-47eb-48f9-95f3-811f6e75ddef None None] cert = self.pem {{(pid=107277) log_opt_values /opt/stack/data/venv/lib/python3.12/site-packages/oslo_config/cfg.py:2995}}
Apr 02 13:03:10.230770 np0000162947 devstack@n-api-meta.service[107277]: DEBUG nova.api.openstack.wsgi_app [None req-cf4de037-47eb-48f9-95f3-811f6e75ddef None None] compute_driver = libvirt.LibvirtDriver {{(pid=107277) log_opt_values /opt/stack/data/venv/lib/python3.12/site-packages/oslo_config/cfg.py:2995}}
Apr 02 13:03:10.230904 np0000162947 devstack@n-api-meta.service[107277]: DEBUG nova.api.openstack.wsgi_app [None req-cf4de037-47eb-48f9-95f3-811f6e75ddef None None] compute_monitors = [] {{(pid=107277) log_opt_values /opt/stack/data/venv/lib/python3.12/site-packages/oslo_config/cfg.py:2995}}
Apr 02 13:03:10.231038 np0000162947 devstack@n-api-meta.service[107277]: DEBUG nova.api.openstack.wsgi_app [None req-cf4de037-47eb-48f9-95f3-811f6e75ddef None None] config_dir = [] {{(pid=107277) log_opt_values /opt/stack/data/venv/lib/python3.12/site-packages/oslo_config/cfg.py:2995}}
Apr 02 13:03:10.231192 np0000162947 devstack@n-api-meta.service[107277]: DEBUG nova.api.openstack.wsgi_app [None req-cf4de037-47eb-48f9-95f3-811f6e75ddef None None] config_drive_format = iso9660 {{(pid=107277) log_opt_values /opt/stack/data/venv/lib/python3.12/site-packages/oslo_config/cfg.py:2995}}
Apr 02 13:03:10.231303 np0000162947 devstack@n-api-meta.service[107277]: DEBUG nova.api.openstack.wsgi_app [None req-cf4de037-47eb-48f9-95f3-811f6e75ddef None None] config_file = ['/etc/nova/api-paste.ini', '/etc/nova/nova.conf'] {{(pid=107277) log_opt_values /opt/stack/data/venv/lib/python3.12/site-packages/oslo_config/cfg.py:2995}}
Apr 02 13:03:10.231450 np0000162947 devstack@n-api-meta.service[107277]: DEBUG nova.api.openstack.wsgi_app [None req-cf4de037-47eb-48f9-95f3-811f6e75ddef None None] config_source = [] {{(pid=107277) log_opt_values /opt/stack/data/venv/lib/python3.12/site-packages/oslo_config/cfg.py:2995}}
Apr 02 13:03:10.231585 np0000162947 devstack@n-api-meta.service[107277]: DEBUG nova.api.openstack.wsgi_app [None req-cf4de037-47eb-48f9-95f3-811f6e75ddef None None] console_host = np0000162947 {{(pid=107277) log_opt_values /opt/stack/data/venv/lib/python3.12/site-packages/oslo_config/cfg.py:2995}}
Apr 02 13:03:10.231738 np0000162947 devstack@n-api-meta.service[107277]: DEBUG nova.api.openstack.wsgi_app [None req-cf4de037-47eb-48f9-95f3-811f6e75ddef None None] control_exchange = nova {{(pid=107277) log_opt_values /opt/stack/data/venv/lib/python3.12/site-packages/oslo_config/cfg.py:2995}}
Apr 02 13:03:10.232425 np0000162947 devstack@n-api-meta.service[107277]: DEBUG nova.api.openstack.wsgi_app [None req-cf4de037-47eb-48f9-95f3-811f6e75ddef None None] cpu_allocation_ratio = None {{(pid=107277) log_opt_values /opt/stack/data/venv/lib/python3.12/site-packages/oslo_config/cfg.py:2995}}
Apr 02 13:03:10.232555 np0000162947 devstack@n-api-meta.service[107277]: DEBUG nova.api.openstack.wsgi_app [None req-cf4de037-47eb-48f9-95f3-811f6e75ddef None None] daemon = False {{(pid=107277) log_opt_values /opt/stack/data/venv/lib/python3.12/site-packages/oslo_config/cfg.py:2995}}
Apr 02 13:03:10.232688 np0000162947 devstack@n-api-meta.service[107277]: DEBUG nova.api.openstack.wsgi_app [None req-cf4de037-47eb-48f9-95f3-811f6e75ddef None None] debug = True {{(pid=107277) log_opt_values /opt/stack/data/venv/lib/python3.12/site-packages/oslo_config/cfg.py:2995}}
Apr 02 13:03:10.232817 np0000162947 devstack@n-api-meta.service[107277]: DEBUG nova.api.openstack.wsgi_app [None req-cf4de037-47eb-48f9-95f3-811f6e75ddef None None] default_access_ip_network_name = None {{(pid=107277) log_opt_values /opt/stack/data/venv/lib/python3.12/site-packages/oslo_config/cfg.py:2995}}
Apr 02 13:03:10.232949 np0000162947 devstack@n-api-meta.service[107277]: DEBUG nova.api.openstack.wsgi_app [None req-cf4de037-47eb-48f9-95f3-811f6e75ddef None None] default_availability_zone = nova {{(pid=107277) log_opt_values /opt/stack/data/venv/lib/python3.12/site-packages/oslo_config/cfg.py:2995}}
Apr 02 13:03:10.233078 np0000162947 devstack@n-api-meta.service[107277]: DEBUG nova.api.openstack.wsgi_app [None req-cf4de037-47eb-48f9-95f3-811f6e75ddef None None] default_ephemeral_format = ext4 {{(pid=107277) log_opt_values /opt/stack/data/venv/lib/python3.12/site-packages/oslo_config/cfg.py:2995}}
Apr 02 13:03:10.233231 np0000162947 devstack@n-api-meta.service[107277]: DEBUG nova.api.openstack.wsgi_app [None req-cf4de037-47eb-48f9-95f3-811f6e75ddef None None] default_green_pool_size = 1000 {{(pid=107277) log_opt_values /opt/stack/data/venv/lib/python3.12/site-packages/oslo_config/cfg.py:2995}}
Apr 02 13:03:10.233441 np0000162947 devstack@n-api-meta.service[107277]: DEBUG nova.api.openstack.wsgi_app [None req-cf4de037-47eb-48f9-95f3-811f6e75ddef None None] default_log_levels = ['amqp=WARN', 'boto=WARN', 'sqlalchemy=WARN', 'suds=INFO', 'oslo.messaging=INFO', 'oslo_messaging=INFO', 'iso8601=WARN', 'requests.packages.urllib3.connectionpool=WARN', 'urllib3.connectionpool=WARN', 'websocket=WARN', 'requests.packages.urllib3.util.retry=WARN', 'urllib3.util.retry=WARN', 'keystonemiddleware=WARN', 'routes.middleware=WARN', 'stevedore=WARN', 'taskflow=WARN', 'keystoneauth=WARN', 'oslo.cache=INFO', 'oslo_policy=INFO', 'dogpile.core.dogpile=INFO', 'glanceclient=WARN', 'oslo.privsep.daemon=INFO'] {{(pid=107277) log_opt_values /opt/stack/data/venv/lib/python3.12/site-packages/oslo_config/cfg.py:2995}}
Apr 02 13:03:10.233567 np0000162947 devstack@n-api-meta.service[107277]: DEBUG nova.api.openstack.wsgi_app [None req-cf4de037-47eb-48f9-95f3-811f6e75ddef None None] default_schedule_zone = None {{(pid=107277) log_opt_values /opt/stack/data/venv/lib/python3.12/site-packages/oslo_config/cfg.py:2995}}
Apr 02 13:03:10.233696 np0000162947 devstack@n-api-meta.service[107277]: DEBUG nova.api.openstack.wsgi_app [None req-cf4de037-47eb-48f9-95f3-811f6e75ddef None None] default_thread_pool_size = 10 {{(pid=107277) log_opt_values /opt/stack/data/venv/lib/python3.12/site-packages/oslo_config/cfg.py:2995}}
Apr 02 13:03:10.233822 np0000162947 devstack@n-api-meta.service[107277]: DEBUG nova.api.openstack.wsgi_app [None req-cf4de037-47eb-48f9-95f3-811f6e75ddef None None] disk_allocation_ratio = None {{(pid=107277) log_opt_values /opt/stack/data/venv/lib/python3.12/site-packages/oslo_config/cfg.py:2995}}
Apr 02 13:03:10.233947 np0000162947 devstack@n-api-meta.service[107277]: DEBUG nova.api.openstack.wsgi_app [None req-cf4de037-47eb-48f9-95f3-811f6e75ddef None None] enable_new_services = True {{(pid=107277) log_opt_values /opt/stack/data/venv/lib/python3.12/site-packages/oslo_config/cfg.py:2995}}
Apr 02 13:03:10.234073 np0000162947 devstack@n-api-meta.service[107277]: DEBUG nova.api.openstack.wsgi_app [None req-cf4de037-47eb-48f9-95f3-811f6e75ddef None None] flat_injected = False {{(pid=107277) log_opt_values /opt/stack/data/venv/lib/python3.12/site-packages/oslo_config/cfg.py:2995}}
Apr 02 13:03:10.234220 np0000162947 devstack@n-api-meta.service[107277]: DEBUG nova.api.openstack.wsgi_app [None req-cf4de037-47eb-48f9-95f3-811f6e75ddef None None] force_config_drive = False {{(pid=107277) log_opt_values /opt/stack/data/venv/lib/python3.12/site-packages/oslo_config/cfg.py:2995}}
Apr 02 13:03:10.234345 np0000162947 devstack@n-api-meta.service[107277]: DEBUG nova.api.openstack.wsgi_app [None req-cf4de037-47eb-48f9-95f3-811f6e75ddef None None] force_raw_images = True {{(pid=107277) log_opt_values /opt/stack/data/venv/lib/python3.12/site-packages/oslo_config/cfg.py:2995}}
Apr 02 13:03:10.234485 np0000162947 devstack@n-api-meta.service[107277]: DEBUG nova.api.openstack.wsgi_app [None req-cf4de037-47eb-48f9-95f3-811f6e75ddef None None] graceful_shutdown_timeout = 5 {{(pid=107277) log_opt_values /opt/stack/data/venv/lib/python3.12/site-packages/oslo_config/cfg.py:2995}}
Apr 02 13:03:10.234613 np0000162947 devstack@n-api-meta.service[107277]: DEBUG nova.api.openstack.wsgi_app [None req-cf4de037-47eb-48f9-95f3-811f6e75ddef None None] heal_instance_info_cache_interval = -1 {{(pid=107277) log_opt_values /opt/stack/data/venv/lib/python3.12/site-packages/oslo_config/cfg.py:2995}}
Apr 02 13:03:10.234797 np0000162947 devstack@n-api-meta.service[107277]: DEBUG nova.api.openstack.wsgi_app [None req-cf4de037-47eb-48f9-95f3-811f6e75ddef None None] host = np0000162947 {{(pid=107277) log_opt_values /opt/stack/data/venv/lib/python3.12/site-packages/oslo_config/cfg.py:2995}}
Apr 02 13:03:10.234980 np0000162947 devstack@n-api-meta.service[107277]: DEBUG nova.api.openstack.wsgi_app [None req-cf4de037-47eb-48f9-95f3-811f6e75ddef None None] initial_cpu_allocation_ratio = 4.0 {{(pid=107277) log_opt_values /opt/stack/data/venv/lib/python3.12/site-packages/oslo_config/cfg.py:2995}}
Apr 02 13:03:10.235129 np0000162947 devstack@n-api-meta.service[107277]: DEBUG nova.api.openstack.wsgi_app [None req-cf4de037-47eb-48f9-95f3-811f6e75ddef None None] initial_disk_allocation_ratio = 1.0 {{(pid=107277) log_opt_values /opt/stack/data/venv/lib/python3.12/site-packages/oslo_config/cfg.py:2995}}
Apr 02 13:03:10.235291 np0000162947 devstack@n-api-meta.service[107277]: DEBUG nova.api.openstack.wsgi_app [None req-cf4de037-47eb-48f9-95f3-811f6e75ddef None None] initial_ram_allocation_ratio = 1.0 {{(pid=107277) log_opt_values /opt/stack/data/venv/lib/python3.12/site-packages/oslo_config/cfg.py:2995}}
Apr 02 13:03:10.235657 np0000162947 devstack@n-api-meta.service[107277]: DEBUG nova.api.openstack.wsgi_app [None req-cf4de037-47eb-48f9-95f3-811f6e75ddef None None] injected_network_template = /opt/stack/nova/nova/virt/interfaces.template {{(pid=107277) log_opt_values /opt/stack/data/venv/lib/python3.12/site-packages/oslo_config/cfg.py:2995}}
Apr 02 13:03:10.235787 np0000162947 devstack@n-api-meta.service[107277]: DEBUG nova.api.openstack.wsgi_app [None req-cf4de037-47eb-48f9-95f3-811f6e75ddef None None] instance_build_timeout = 0 {{(pid=107277) log_opt_values /opt/stack/data/venv/lib/python3.12/site-packages/oslo_config/cfg.py:2995}}
Apr 02 13:03:10.235918 np0000162947 devstack@n-api-meta.service[107277]: DEBUG nova.api.openstack.wsgi_app [None req-cf4de037-47eb-48f9-95f3-811f6e75ddef None None] instance_delete_interval = 300 {{(pid=107277) log_opt_values /opt/stack/data/venv/lib/python3.12/site-packages/oslo_config/cfg.py:2995}}
Apr 02 13:03:10.236189 np0000162947 devstack@n-api-meta.service[107277]: DEBUG nova.api.openstack.wsgi_app [None req-cf4de037-47eb-48f9-95f3-811f6e75ddef None None] instance_format = [instance: %(uuid)s] {{(pid=107277) log_opt_values /opt/stack/data/venv/lib/python3.12/site-packages/oslo_config/cfg.py:2995}}
Apr 02 13:03:10.236326 np0000162947 devstack@n-api-meta.service[107277]: DEBUG nova.api.openstack.wsgi_app [None req-cf4de037-47eb-48f9-95f3-811f6e75ddef None None] instance_name_template = instance-%08x {{(pid=107277) log_opt_values /opt/stack/data/venv/lib/python3.12/site-packages/oslo_config/cfg.py:2995}}
Apr 02 13:03:10.236455 np0000162947 devstack@n-api-meta.service[107277]: DEBUG nova.api.openstack.wsgi_app [None req-cf4de037-47eb-48f9-95f3-811f6e75ddef None None] instance_usage_audit = False {{(pid=107277) log_opt_values /opt/stack/data/venv/lib/python3.12/site-packages/oslo_config/cfg.py:2995}}
Apr 02 13:03:10.236591 np0000162947 devstack@n-api-meta.service[107277]: DEBUG nova.api.openstack.wsgi_app [None req-cf4de037-47eb-48f9-95f3-811f6e75ddef None None] instance_usage_audit_period = month {{(pid=107277) log_opt_values /opt/stack/data/venv/lib/python3.12/site-packages/oslo_config/cfg.py:2995}}
Apr 02 13:03:10.236724 np0000162947 devstack@n-api-meta.service[107277]: DEBUG nova.api.openstack.wsgi_app [None req-cf4de037-47eb-48f9-95f3-811f6e75ddef None None] instance_uuid_format = [instance: %(uuid)s] {{(pid=107277) log_opt_values /opt/stack/data/venv/lib/python3.12/site-packages/oslo_config/cfg.py:2995}}
Apr 02 13:03:10.236856 np0000162947 devstack@n-api-meta.service[107277]: DEBUG nova.api.openstack.wsgi_app [None req-cf4de037-47eb-48f9-95f3-811f6e75ddef None None] instances_path = /opt/stack/data/nova/instances {{(pid=107277) log_opt_values /opt/stack/data/venv/lib/python3.12/site-packages/oslo_config/cfg.py:2995}}
Apr 02 13:03:10.236987 np0000162947 devstack@n-api-meta.service[107277]: DEBUG nova.api.openstack.wsgi_app [None req-cf4de037-47eb-48f9-95f3-811f6e75ddef None None] internal_service_availability_zone = internal {{(pid=107277) log_opt_values /opt/stack/data/venv/lib/python3.12/site-packages/oslo_config/cfg.py:2995}}
Apr 02 13:03:10.237171 np0000162947 devstack@n-api-meta.service[107277]: DEBUG nova.api.openstack.wsgi_app [None req-cf4de037-47eb-48f9-95f3-811f6e75ddef None None] key = None {{(pid=107277) log_opt_values /opt/stack/data/venv/lib/python3.12/site-packages/oslo_config/cfg.py:2995}}
Apr 02 13:03:10.237303 np0000162947 devstack@n-api-meta.service[107277]: DEBUG nova.api.openstack.wsgi_app [None req-cf4de037-47eb-48f9-95f3-811f6e75ddef None None] live_migration_retry_count = 30 {{(pid=107277) log_opt_values /opt/stack/data/venv/lib/python3.12/site-packages/oslo_config/cfg.py:2995}}
Apr 02 13:03:10.237437 np0000162947 devstack@n-api-meta.service[107277]: DEBUG nova.api.openstack.wsgi_app [None req-cf4de037-47eb-48f9-95f3-811f6e75ddef None None] log_color = False {{(pid=107277) log_opt_values /opt/stack/data/venv/lib/python3.12/site-packages/oslo_config/cfg.py:2995}}
Apr 02 13:03:10.237577 np0000162947 devstack@n-api-meta.service[107277]: DEBUG nova.api.openstack.wsgi_app [None req-cf4de037-47eb-48f9-95f3-811f6e75ddef None None] log_config_append = None {{(pid=107277) log_opt_values /opt/stack/data/venv/lib/python3.12/site-packages/oslo_config/cfg.py:2995}}
Apr 02 13:03:10.237712 np0000162947 devstack@n-api-meta.service[107277]: DEBUG nova.api.openstack.wsgi_app [None req-cf4de037-47eb-48f9-95f3-811f6e75ddef None None] log_date_format = %Y-%m-%d %H:%M:%S {{(pid=107277) log_opt_values /opt/stack/data/venv/lib/python3.12/site-packages/oslo_config/cfg.py:2995}}
Apr 02 13:03:10.237841 np0000162947 devstack@n-api-meta.service[107277]: DEBUG nova.api.openstack.wsgi_app [None req-cf4de037-47eb-48f9-95f3-811f6e75ddef None None] log_dir = None {{(pid=107277) log_opt_values /opt/stack/data/venv/lib/python3.12/site-packages/oslo_config/cfg.py:2995}}
Apr 02 13:03:10.237972 np0000162947 devstack@n-api-meta.service[107277]: DEBUG nova.api.openstack.wsgi_app [None req-cf4de037-47eb-48f9-95f3-811f6e75ddef None None] log_file = None {{(pid=107277) log_opt_values /opt/stack/data/venv/lib/python3.12/site-packages/oslo_config/cfg.py:2995}}
Apr 02 13:03:10.238074 np0000162947 devstack@n-api-meta.service[107277]: DEBUG nova.api.openstack.wsgi_app [None req-cf4de037-47eb-48f9-95f3-811f6e75ddef None None] log_options = True {{(pid=107277) log_opt_values /opt/stack/data/venv/lib/python3.12/site-packages/oslo_config/cfg.py:2995}}
Apr 02 13:03:10.238221 np0000162947 devstack@n-api-meta.service[107277]: DEBUG nova.api.openstack.wsgi_app [None req-cf4de037-47eb-48f9-95f3-811f6e75ddef None None] log_rotate_interval = 1 {{(pid=107277) log_opt_values /opt/stack/data/venv/lib/python3.12/site-packages/oslo_config/cfg.py:2995}}
Apr 02 13:03:10.238358 np0000162947 devstack@n-api-meta.service[107277]: DEBUG nova.api.openstack.wsgi_app [None req-cf4de037-47eb-48f9-95f3-811f6e75ddef None None] log_rotate_interval_type = days {{(pid=107277) log_opt_values /opt/stack/data/venv/lib/python3.12/site-packages/oslo_config/cfg.py:2995}}
Apr 02 13:03:10.238488 np0000162947 devstack@n-api-meta.service[107277]: DEBUG nova.api.openstack.wsgi_app [None req-cf4de037-47eb-48f9-95f3-811f6e75ddef None None] log_rotation_type = none {{(pid=107277) log_opt_values /opt/stack/data/venv/lib/python3.12/site-packages/oslo_config/cfg.py:2995}}
