Apr 10 18:46:01.403839 np0000164917 devstack@neutron-api.service[104642]: DEBUG ovsdbapp.backend.ovs_idl [None req-06e22f6b-0213-4543-b09b-6a9ea61c46e1 None None] Created schema index Chassis_Template_Var.chassis {{(pid=104642) autocreate_indices /opt/stack/data/venv/lib/python3.12/site-packages/ovsdbapp/backend/ovs_idl/__init__.py:106}}
Apr 10 18:46:01.404091 np0000164917 devstack@neutron-api.service[104642]: DEBUG ovsdbapp.backend.ovs_idl [None req-06e22f6b-0213-4543-b09b-6a9ea61c46e1 None None] Created schema index Logical_Router_Port.name {{(pid=104642) autocreate_indices /opt/stack/data/venv/lib/python3.12/site-packages/ovsdbapp/backend/ovs_idl/__init__.py:106}}
Apr 10 18:46:01.404091 np0000164917 devstack@neutron-api.service[104642]: DEBUG ovsdbapp.backend.ovs_idl [None req-06e22f6b-0213-4543-b09b-6a9ea61c46e1 None None] Created schema index Port_Group.name {{(pid=104642) autocreate_indices /opt/stack/data/venv/lib/python3.12/site-packages/ovsdbapp/backend/ovs_idl/__init__.py:106}}
Apr 10 18:46:01.404233 np0000164917 devstack@neutron-api.service[104642]: DEBUG ovsdbapp.backend.ovs_idl [None req-06e22f6b-0213-4543-b09b-6a9ea61c46e1 None None] Created schema index Logical_Switch_Port.name {{(pid=104642) autocreate_indices /opt/stack/data/venv/lib/python3.12/site-packages/ovsdbapp/backend/ovs_idl/__init__.py:106}}
Apr 10 18:46:01.406295 np0000164917 devstack@neutron-api.service[104642]: INFO ovsdbapp.backend.ovs_idl.vlog [None req-06e22f6b-0213-4543-b09b-6a9ea61c46e1 None None] ssl:199.204.45.141:6641: connecting...
Apr 10 18:46:01.407133 np0000164917 devstack@neutron-api.service[104641]: DEBUG ovsdbapp.backend.ovs_idl [None req-0d1931c9-14ad-4c10-a8b2-aa6d256def5f None None] Created lookup_table index Chassis.name {{(pid=104641) autocreate_indices /opt/stack/data/venv/lib/python3.12/site-packages/ovsdbapp/backend/ovs_idl/__init__.py:87}}
Apr 10 18:46:01.407311 np0000164917 devstack@neutron-api.service[104641]: DEBUG ovsdbapp.backend.ovs_idl [None req-0d1931c9-14ad-4c10-a8b2-aa6d256def5f None None] Created lookup_table index Port_Binding.logical_port {{(pid=104641) autocreate_indices /opt/stack/data/venv/lib/python3.12/site-packages/ovsdbapp/backend/ovs_idl/__init__.py:87}}
Apr 10 18:46:01.407311 np0000164917 devstack@neutron-api.service[104641]: DEBUG ovsdbapp.backend.ovs_idl [None req-0d1931c9-14ad-4c10-a8b2-aa6d256def5f None None] Created schema index Chassis_Private.name {{(pid=104641) autocreate_indices /opt/stack/data/venv/lib/python3.12/site-packages/ovsdbapp/backend/ovs_idl/__init__.py:106}}
Apr 10 18:46:01.407544 np0000164917 devstack@neutron-api.service[104641]: DEBUG ovsdbapp.backend.ovs_idl [None req-0d1931c9-14ad-4c10-a8b2-aa6d256def5f None None] Created schema index Datapath_Binding.tunnel_key {{(pid=104641) autocreate_indices /opt/stack/data/venv/lib/python3.12/site-packages/ovsdbapp/backend/ovs_idl/__init__.py:106}}
Apr 10 18:46:01.409379 np0000164917 devstack@neutron-api.service[104641]: INFO ovsdbapp.backend.ovs_idl.vlog [None req-0d1931c9-14ad-4c10-a8b2-aa6d256def5f None None] ssl:199.204.45.141:6642: connecting...
Apr 10 18:46:01.412576 np0000164917 devstack@neutron-api.service[104642]: INFO ovsdbapp.backend.ovs_idl.vlog [None req-06e22f6b-0213-4543-b09b-6a9ea61c46e1 None None] ssl:199.204.45.141:6641: connected
Apr 10 18:46:01.413976 np0000164917 devstack@neutron-api.service[104641]: INFO ovsdbapp.backend.ovs_idl.vlog [None req-0d1931c9-14ad-4c10-a8b2-aa6d256def5f None None] ssl:199.204.45.141:6642: connected
Apr 10 18:46:01.423563 np0000164917 devstack@neutron-api.service[104639]: DEBUG ovsdbapp.backend.ovs_idl [None req-4fbf1581-2824-4df5-91df-a983a03a518f None None] Created lookup_table index Chassis.name {{(pid=104639) autocreate_indices /opt/stack/data/venv/lib/python3.12/site-packages/ovsdbapp/backend/ovs_idl/__init__.py:87}}
Apr 10 18:46:01.423681 np0000164917 devstack@neutron-api.service[104639]: DEBUG ovsdbapp.backend.ovs_idl [None req-4fbf1581-2824-4df5-91df-a983a03a518f None None] Created lookup_table index Port_Binding.logical_port {{(pid=104639) autocreate_indices /opt/stack/data/venv/lib/python3.12/site-packages/ovsdbapp/backend/ovs_idl/__init__.py:87}}
Apr 10 18:46:01.423792 np0000164917 devstack@neutron-api.service[104639]: DEBUG ovsdbapp.backend.ovs_idl [None req-4fbf1581-2824-4df5-91df-a983a03a518f None None] Created schema index Chassis_Private.name {{(pid=104639) autocreate_indices /opt/stack/data/venv/lib/python3.12/site-packages/ovsdbapp/backend/ovs_idl/__init__.py:106}}
Apr 10 18:46:01.423867 np0000164917 devstack@neutron-api.service[104639]: DEBUG ovsdbapp.backend.ovs_idl [None req-4fbf1581-2824-4df5-91df-a983a03a518f None None] Created schema index Datapath_Binding.tunnel_key {{(pid=104639) autocreate_indices /opt/stack/data/venv/lib/python3.12/site-packages/ovsdbapp/backend/ovs_idl/__init__.py:106}}
Apr 10 18:46:01.425617 np0000164917 devstack@neutron-api.service[104639]: INFO ovsdbapp.backend.ovs_idl.vlog [None req-4fbf1581-2824-4df5-91df-a983a03a518f None None] ssl:199.204.45.141:6642: connecting...
Apr 10 18:46:01.430750 np0000164917 devstack@neutron-api.service[104639]: INFO ovsdbapp.backend.ovs_idl.vlog [None req-4fbf1581-2824-4df5-91df-a983a03a518f None None] ssl:199.204.45.141:6642: connected
Apr 10 18:46:01.442959 np0000164917 devstack@neutron-api.service[104641]: DEBUG neutron.common.ovn.hash_ring_manager [None req-0d1931c9-14ad-4c10-a8b2-aa6d256def5f None None] Allow caching, nodes 4>=4 {{(pid=104641) _wait_startup_before_caching /opt/stack/neutron/neutron/common/ovn/hash_ring_manager.py:65}}
Apr 10 18:46:01.446539 np0000164917 devstack@neutron-api.service[104641]: DEBUG neutron.common.ovn.hash_ring_manager [None req-0d1931c9-14ad-4c10-a8b2-aa6d256def5f None None] Hash Ring loaded. 4 active nodes. 0 offline nodes {{(pid=104641) _load_hash_ring /opt/stack/neutron/neutron/common/ovn/hash_ring_manager.py:102}}
Apr 10 18:46:01.446734 np0000164917 devstack@neutron-api.service[104641]: DEBUG neutron.plugins.ml2.drivers.ovn.mech_driver.ovsdb.ovsdb_monitor [None req-0d1931c9-14ad-4c10-a8b2-aa6d256def5f None None] ChassisAgentWriteEvent : Matched Chassis_Private, create, None None {{(pid=104641) matches /opt/stack/neutron/neutron/plugins/ml2/drivers/ovn/mech_driver/ovsdb/ovsdb_monitor.py:64}}
Apr 10 18:46:01.446957 np0000164917 devstack@neutron-api.service[104641]: DEBUG neutron.plugins.ml2.drivers.ovn.mech_driver.ovsdb.ovsdb_monitor [None req-0d1931c9-14ad-4c10-a8b2-aa6d256def5f None None] ChassisOVNAgentWriteEvent : Matched Chassis_Private, create, None None {{(pid=104641) matches /opt/stack/neutron/neutron/plugins/ml2/drivers/ovn/mech_driver/ovsdb/ovsdb_monitor.py:64}}
Apr 10 18:46:01.448079 np0000164917 devstack@neutron-api.service[104642]: DEBUG neutron.common.ovn.hash_ring_manager [None req-06e22f6b-0213-4543-b09b-6a9ea61c46e1 None None] Allow caching, nodes 4>=4 {{(pid=104642) _wait_startup_before_caching /opt/stack/neutron/neutron/common/ovn/hash_ring_manager.py:65}}
Apr 10 18:46:01.449280 np0000164917 devstack@neutron-api.service[104641]: INFO neutron.plugins.ml2.drivers.ovn.mech_driver.mech_driver [None req-0d1931c9-14ad-4c10-a8b2-aa6d256def5f None None] WorkerService process has finished the post initialization
Apr 10 18:46:01.450815 np0000164917 devstack@neutron-api.service[104641]: WSGI app 0 (mountpoint='') ready in 7 seconds on interpreter 0x7536e0ca3668 pid: 104641 (default app)
Apr 10 18:46:01.454456 np0000164917 devstack@neutron-api.service[104642]: DEBUG neutron.common.ovn.hash_ring_manager [None req-06e22f6b-0213-4543-b09b-6a9ea61c46e1 None None] Hash Ring loaded. 4 active nodes. 0 offline nodes {{(pid=104642) _load_hash_ring /opt/stack/neutron/neutron/common/ovn/hash_ring_manager.py:102}}
Apr 10 18:46:01.455438 np0000164917 devstack@neutron-api.service[104642]: INFO neutron.plugins.ml2.drivers.ovn.mech_driver.ovsdb.impl_idl_ovn [None req-06e22f6b-0213-4543-b09b-6a9ea61c46e1 None None] Getting OvsdbSbOvnIdl for WorkerService with retry
Apr 10 18:46:01.456183 np0000164917 devstack@neutron-api.service[104639]: DEBUG neutron.common.ovn.hash_ring_manager [None req-4fbf1581-2824-4df5-91df-a983a03a518f None None] Allow caching, nodes 4>=4 {{(pid=104639) _wait_startup_before_caching /opt/stack/neutron/neutron/common/ovn/hash_ring_manager.py:65}}
Apr 10 18:46:01.460458 np0000164917 devstack@neutron-api.service[104639]: DEBUG neutron.common.ovn.hash_ring_manager [None req-4fbf1581-2824-4df5-91df-a983a03a518f None None] Hash Ring loaded. 4 active nodes. 0 offline nodes {{(pid=104639) _load_hash_ring /opt/stack/neutron/neutron/common/ovn/hash_ring_manager.py:102}}
Apr 10 18:46:01.460458 np0000164917 devstack@neutron-api.service[104639]: DEBUG neutron.plugins.ml2.drivers.ovn.mech_driver.ovsdb.ovsdb_monitor [None req-4fbf1581-2824-4df5-91df-a983a03a518f None None] ChassisAgentWriteEvent : Matched Chassis_Private, create, None None {{(pid=104639) matches /opt/stack/neutron/neutron/plugins/ml2/drivers/ovn/mech_driver/ovsdb/ovsdb_monitor.py:64}}
Apr 10 18:46:01.460762 np0000164917 devstack@neutron-api.service[104639]: DEBUG neutron.plugins.ml2.drivers.ovn.mech_driver.ovsdb.ovsdb_monitor [None req-4fbf1581-2824-4df5-91df-a983a03a518f None None] ChassisOVNAgentWriteEvent : Matched Chassis_Private, create, None None {{(pid=104639) matches /opt/stack/neutron/neutron/plugins/ml2/drivers/ovn/mech_driver/ovsdb/ovsdb_monitor.py:64}}
Apr 10 18:46:01.461088 np0000164917 devstack@neutron-api.service[104639]: DEBUG neutron.plugins.ml2.drivers.ovn.mech_driver.ovsdb.ovsdb_monitor [None req-4fbf1581-2824-4df5-91df-a983a03a518f None None] Hash Ring: Node a17360a133e75a25b3bfde5ce72c9d54 (host: np0000164917) handling event "create" for row 8c8053ae-5f15-4869-85a0-7ecf5e0f91f0 (table: Chassis_Private) {{(pid=104639) notify /opt/stack/neutron/neutron/plugins/ml2/drivers/ovn/mech_driver/ovsdb/ovsdb_monitor.py:912}}
Apr 10 18:46:01.461088 np0000164917 devstack@neutron-api.service[104639]: DEBUG neutron.plugins.ml2.drivers.ovn.mech_driver.ovsdb.ovsdb_monitor [None req-4fbf1581-2824-4df5-91df-a983a03a518f None None] Hash Ring: Node a17360a133e75a25b3bfde5ce72c9d54 (host: np0000164917) handling event "create" for row c449b0a7-b597-4436-9e4e-404b5879ea66 (table: Encap) {{(pid=104639) notify /opt/stack/neutron/neutron/plugins/ml2/drivers/ovn/mech_driver/ovsdb/ovsdb_monitor.py:912}}
Apr 10 18:46:01.463343 np0000164917 devstack@neutron-api.service[104639]: INFO neutron.plugins.ml2.drivers.ovn.mech_driver.mech_driver [None req-4fbf1581-2824-4df5-91df-a983a03a518f None None] WorkerService process has finished the post initialization
Apr 10 18:46:01.464790 np0000164917 devstack@neutron-api.service[104639]: WSGI app 0 (mountpoint='') ready in 7 seconds on interpreter 0x7536e0ca3668 pid: 104639 (default app)
Apr 10 18:46:01.484226 np0000164917 devstack@neutron-api.service[104642]: DEBUG ovsdbapp.backend.ovs_idl [None req-06e22f6b-0213-4543-b09b-6a9ea61c46e1 None None] Created lookup_table index Chassis.name {{(pid=104642) autocreate_indices /opt/stack/data/venv/lib/python3.12/site-packages/ovsdbapp/backend/ovs_idl/__init__.py:87}}
Apr 10 18:46:01.484371 np0000164917 devstack@neutron-api.service[104642]: DEBUG ovsdbapp.backend.ovs_idl [None req-06e22f6b-0213-4543-b09b-6a9ea61c46e1 None None] Created lookup_table index Port_Binding.logical_port {{(pid=104642) autocreate_indices /opt/stack/data/venv/lib/python3.12/site-packages/ovsdbapp/backend/ovs_idl/__init__.py:87}}
Apr 10 18:46:01.484429 np0000164917 devstack@neutron-api.service[104642]: DEBUG ovsdbapp.backend.ovs_idl [None req-06e22f6b-0213-4543-b09b-6a9ea61c46e1 None None] Created schema index Chassis_Private.name {{(pid=104642) autocreate_indices /opt/stack/data/venv/lib/python3.12/site-packages/ovsdbapp/backend/ovs_idl/__init__.py:106}}
Apr 10 18:46:01.484478 np0000164917 devstack@neutron-api.service[104642]: DEBUG ovsdbapp.backend.ovs_idl [None req-06e22f6b-0213-4543-b09b-6a9ea61c46e1 None None] Created schema index Datapath_Binding.tunnel_key {{(pid=104642) autocreate_indices /opt/stack/data/venv/lib/python3.12/site-packages/ovsdbapp/backend/ovs_idl/__init__.py:106}}
Apr 10 18:46:01.486502 np0000164917 devstack@neutron-api.service[104642]: INFO ovsdbapp.backend.ovs_idl.vlog [None req-06e22f6b-0213-4543-b09b-6a9ea61c46e1 None None] ssl:199.204.45.141:6642: connecting...
Apr 10 18:46:01.491753 np0000164917 devstack@neutron-api.service[104642]: INFO ovsdbapp.backend.ovs_idl.vlog [None req-06e22f6b-0213-4543-b09b-6a9ea61c46e1 None None] ssl:199.204.45.141:6642: connected
Apr 10 18:46:01.517813 np0000164917 devstack@neutron-api.service[104642]: DEBUG neutron.common.ovn.hash_ring_manager [None req-06e22f6b-0213-4543-b09b-6a9ea61c46e1 None None] Allow caching, nodes 4>=4 {{(pid=104642) _wait_startup_before_caching /opt/stack/neutron/neutron/common/ovn/hash_ring_manager.py:65}}
Apr 10 18:46:01.520794 np0000164917 devstack@neutron-api.service[104642]: DEBUG neutron.common.ovn.hash_ring_manager [None req-06e22f6b-0213-4543-b09b-6a9ea61c46e1 None None] Hash Ring loaded. 4 active nodes. 0 offline nodes {{(pid=104642) _load_hash_ring /opt/stack/neutron/neutron/common/ovn/hash_ring_manager.py:102}}
Apr 10 18:46:01.521019 np0000164917 devstack@neutron-api.service[104642]: DEBUG neutron.plugins.ml2.drivers.ovn.mech_driver.ovsdb.ovsdb_monitor [None req-06e22f6b-0213-4543-b09b-6a9ea61c46e1 None None] ChassisOVNAgentWriteEvent : Matched Chassis_Private, create, None None {{(pid=104642) matches /opt/stack/neutron/neutron/plugins/ml2/drivers/ovn/mech_driver/ovsdb/ovsdb_monitor.py:64}}
Apr 10 18:46:01.521092 np0000164917 devstack@neutron-api.service[104642]: DEBUG neutron.plugins.ml2.drivers.ovn.mech_driver.ovsdb.ovsdb_monitor [None req-06e22f6b-0213-4543-b09b-6a9ea61c46e1 None None] ChassisAgentWriteEvent : Matched Chassis_Private, create, None None {{(pid=104642) matches /opt/stack/neutron/neutron/plugins/ml2/drivers/ovn/mech_driver/ovsdb/ovsdb_monitor.py:64}}
Apr 10 18:46:01.523572 np0000164917 devstack@neutron-api.service[104642]: INFO neutron.plugins.ml2.drivers.ovn.mech_driver.mech_driver [None req-06e22f6b-0213-4543-b09b-6a9ea61c46e1 None None] WorkerService process has finished the post initialization
Apr 10 18:46:01.524710 np0000164917 devstack@neutron-api.service[104642]: WSGI app 0 (mountpoint='') ready in 7 seconds on interpreter 0x7536e0ca3668 pid: 104642 (default app)
Apr 10 18:46:03.677786 np0000164917 devstack@neutron-api.service[104639]: DEBUG neutron.plugins.ml2.drivers.ovn.mech_driver.ovsdb.ovsdb_monitor [-] Hash Ring: Node a17360a133e75a25b3bfde5ce72c9d54 (host: np0000164917) handling event "update" for row a828377f-c1ee-421c-81ff-435b3ba8a15e (table: Connection) {{(pid=104639) notify /opt/stack/neutron/neutron/plugins/ml2/drivers/ovn/mech_driver/ovsdb/ovsdb_monitor.py:912}}
Apr 10 18:46:03.685204 np0000164917 devstack@neutron-api.service[104640]: DEBUG neutron.common.ovn.hash_ring_manager [-] Allow caching, nodes 4>=4 {{(pid=104640) _wait_startup_before_caching /opt/stack/neutron/neutron/common/ovn/hash_ring_manager.py:65}}
Apr 10 18:46:03.685448 np0000164917 devstack@neutron-api.service[104640]: DEBUG neutron.plugins.ml2.drivers.ovn.mech_driver.ovsdb.ovsdb_monitor [-] Hash Ring: Node 84f2bada6742510fa8e9796d803d5c19 (host: np0000164917) handling event "update" for row a828377f-c1ee-421c-81ff-435b3ba8a15e (table: Connection) {{(pid=104640) notify /opt/stack/neutron/neutron/plugins/ml2/drivers/ovn/mech_driver/ovsdb/ovsdb_monitor.py:912}}
Apr 10 18:46:06.179637 np0000164917 devstack@neutron-api.service[104640]: DEBUG neutron.plugins.ml2.drivers.ovn.mech_driver.ovsdb.ovsdb_monitor [-] Hash Ring: Node 84f2bada6742510fa8e9796d803d5c19 (host: np0000164917) handling event "update" for row a828377f-c1ee-421c-81ff-435b3ba8a15e (table: Connection) {{(pid=104640) notify /opt/stack/neutron/neutron/plugins/ml2/drivers/ovn/mech_driver/ovsdb/ovsdb_monitor.py:912}}
Apr 10 18:46:06.180070 np0000164917 devstack@neutron-api.service[104639]: DEBUG neutron.plugins.ml2.drivers.ovn.mech_driver.ovsdb.ovsdb_monitor [-] Hash Ring: Node a17360a133e75a25b3bfde5ce72c9d54 (host: np0000164917) handling event "update" for row a828377f-c1ee-421c-81ff-435b3ba8a15e (table: Connection) {{(pid=104639) notify /opt/stack/neutron/neutron/plugins/ml2/drivers/ovn/mech_driver/ovsdb/ovsdb_monitor.py:912}}
Apr 10 18:46:07.228373 np0000164917 devstack@neutron-api.service[104640]: DEBUG neutron.api.wsgi [None req-8f46eadf-5115-42c9-999f-64a03750ed8d admin admin] Missing Content-Type {{(pid=104640) get_content_type /opt/stack/neutron/neutron/api/wsgi.py:85}}
Apr 10 18:46:07.229040 np0000164917 devstack@neutron-api.service[104640]: DEBUG neutron.api.wsgi [None req-8f46eadf-5115-42c9-999f-64a03750ed8d admin admin] https://199.204.45.141/networking/v2.0/extensions returned with HTTP 200 {{(pid=104640) __call__ /opt/stack/neutron/neutron/api/wsgi.py:545}}
Apr 10 18:46:07.229216 np0000164917 devstack@neutron-api.service[104640]: [pid: 104640|app: 0|req: 2/2] 199.204.45.141 () {64 vars in 1323 bytes} [Fri Apr 10 18:46:06 2026] GET /networking/v2.0/extensions => generated 15208 bytes in 408 msecs (HTTP/1.1 200) 4 headers in 159 bytes (1 switches on core 0)
Apr 10 18:46:07.613900 np0000164917 devstack@neutron-api.service[104641]: DEBUG neutron.api.v2.base [None req-0946dc9a-f0b9-42e8-9bec-aad548450b83 admin admin] Request body: {'subnetpool': {'shared': True, 'default_prefixlen': 26, 'is_default': True, 'name': 'shared-default-subnetpool-v4', 'prefixes': ['10.1.0.0/20']}} {{(pid=104641) prepare_request_body /opt/stack/neutron/neutron/api/v2/base.py:729}}
Apr 10 18:46:07.812984 np0000164917 devstack@neutron-api.service[104641]: DEBUG neutron.policy [None req-0946dc9a-f0b9-42e8-9bec-aad548450b83 admin admin] Loaded default policies from ['neutron'] under neutron.policies entry points {{(pid=104641) register_rules /opt/stack/neutron/neutron/policy.py:65}}
Apr 10 18:46:07.976422 np0000164917 devstack@neutron-api.service[104641]: DEBUG neutron_lib.callbacks.manager [None req-0946dc9a-f0b9-42e8-9bec-aad548450b83 admin admin] Publish callbacks ['neutron.objects.securitygroup.RbacNeutronDbObjectMixin.validate_rbac_policy_change-3059666628874', 'neutron.objects.address_group.RbacNeutronDbObjectMixin.validate_rbac_policy_change-3059666720713', 'neutron.objects.network.RbacNeutronDbObjectMixin.validate_rbac_policy_change-3059666585452', 'neutron.objects.qos.policy.RbacNeutronDbObjectMixin.validate_rbac_policy_change-3059666600514', 'neutron.objects.subnetpool.RbacNeutronDbObjectMixin.validate_rbac_policy_change-3059666604290', 'neutron.objects.address_scope.RbacNeutronDbObjectMixin.validate_rbac_policy_change-3059666604259', 'neutron.plugins.ml2.plugin.External_net_db_mixin._process_ext_policy_create-105537', 'neutron.plugins.ml2.plugin.NeutronDbPluginV2.validate_network_rbac_policy_change-119025'] for rbac-policy (None), before_create {{(pid=104641) _notify_loop /opt/stack/data/venv/lib/python3.12/site-packages/neutron_lib/callbacks/manager.py:184}}
Apr 10 18:46:08.025949 np0000164917 devstack@neutron-api.service[104641]: DEBUG neutron_lib.callbacks.manager [None req-0946dc9a-f0b9-42e8-9bec-aad548450b83 admin admin] Publish callbacks [] for subnetpool (None), before_response {{(pid=104641) _notify_loop /opt/stack/data/venv/lib/python3.12/site-packages/neutron_lib/callbacks/manager.py:184}}
Apr 10 18:46:08.026412 np0000164917 devstack@neutron-api.service[104641]: [pid: 104641|app: 0|req: 1/3] 199.204.45.141 () {68 vars in 1367 bytes} [Fri Apr 10 18:46:07 2026] POST /networking/v2.0/subnetpools => generated 533 bytes in 516 msecs (HTTP/1.1 201) 4 headers in 162 bytes (1 switches on core 0)
Apr 10 18:46:08.335063 np0000164917 devstack@neutron-api.service[104639]: DEBUG neutron.api.v2.base [None req-9211d63e-fdd8-4791-90c0-42d6fa959cca admin admin] Request body: {'subnetpool': {'shared': True, 'default_prefixlen': 64, 'is_default': True, 'name': 'shared-default-subnetpool-v6', 'prefixes': ['fd7e:c671:08f9::/56']}} {{(pid=104639) prepare_request_body /opt/stack/neutron/neutron/api/v2/base.py:729}}
Apr 10 18:46:08.502241 np0000164917 devstack@neutron-api.service[104639]: DEBUG neutron.policy [None req-9211d63e-fdd8-4791-90c0-42d6fa959cca admin admin] Loaded default policies from ['neutron'] under neutron.policies entry points {{(pid=104639) register_rules /opt/stack/neutron/neutron/policy.py:65}}
Apr 10 18:46:08.639642 np0000164917 devstack@neutron-api.service[104639]: DEBUG neutron_lib.callbacks.manager [None req-9211d63e-fdd8-4791-90c0-42d6fa959cca admin admin] Publish callbacks ['neutron.objects.securitygroup.RbacNeutronDbObjectMixin.validate_rbac_policy_change-3059666544310', 'neutron.objects.address_group.RbacNeutronDbObjectMixin.validate_rbac_policy_change-3059666647930', 'neutron.objects.network.RbacNeutronDbObjectMixin.validate_rbac_policy_change-3059666633715', 'neutron.objects.qos.policy.RbacNeutronDbObjectMixin.validate_rbac_policy_change-3059666595850', 'neutron.objects.subnetpool.RbacNeutronDbObjectMixin.validate_rbac_policy_change-3059666613222', 'neutron.objects.address_scope.RbacNeutronDbObjectMixin.validate_rbac_policy_change-3059666613595', 'neutron.plugins.ml2.plugin.External_net_db_mixin._process_ext_policy_create-122839', 'neutron.plugins.ml2.plugin.NeutronDbPluginV2.validate_network_rbac_policy_change-123635'] for rbac-policy (None), before_create {{(pid=104639) _notify_loop /opt/stack/data/venv/lib/python3.12/site-packages/neutron_lib/callbacks/manager.py:184}}
Apr 10 18:46:08.689260 np0000164917 devstack@neutron-api.service[104639]: DEBUG neutron_lib.callbacks.manager [None req-9211d63e-fdd8-4791-90c0-42d6fa959cca admin admin] Publish callbacks [] for subnetpool (None), before_response {{(pid=104639) _notify_loop /opt/stack/data/venv/lib/python3.12/site-packages/neutron_lib/callbacks/manager.py:184}}
Apr 10 18:46:08.689920 np0000164917 devstack@neutron-api.service[104639]: [pid: 104639|app: 0|req: 1/4] 199.204.45.141 () {68 vars in 1367 bytes} [Fri Apr 10 18:46:08 2026] POST /networking/v2.0/subnetpools => generated 542 bytes in 456 msecs (HTTP/1.1 201) 4 headers in 162 bytes (1 switches on core 0)
Apr 10 18:46:09.075072 np0000164917 devstack@neutron-api.service[104642]: DEBUG neutron.api.v2.base [None req-c2201ca0-7bb7-4aa7-8396-dedfafb16b9b admin admin] Request body: {'network': {'admin_state_up': True, 'name': 'private'}} {{(pid=104642) prepare_request_body /opt/stack/neutron/neutron/api/v2/base.py:729}}
Apr 10 18:46:09.102524 np0000164917 devstack@neutron-api.service[104642]: DEBUG neutron.pecan_wsgi.hooks.quota_enforcement [None req-c2201ca0-7bb7-4aa7-8396-dedfafb16b9b admin admin] Made reservation on behalf of 2577415f3dff48e7ae22899a73defb14 for: {'network': 1} {{(pid=104642) before /opt/stack/neutron/neutron/pecan_wsgi/hooks/quota_enforcement.py:66}}
Apr 10 18:46:09.276155 np0000164917 devstack@neutron-api.service[104642]: DEBUG neutron.policy [None req-c2201ca0-7bb7-4aa7-8396-dedfafb16b9b admin admin] Loaded default policies from ['neutron'] under neutron.policies entry points {{(pid=104642) register_rules /opt/stack/neutron/neutron/policy.py:65}}
Apr 10 18:46:09.379656 np0000164917 devstack@neutron-api.service[104642]: DEBUG neutron_lib.callbacks.manager [None req-c2201ca0-7bb7-4aa7-8396-dedfafb16b9b admin admin] Publish callbacks ['neutron.plugins.ml2.plugin.SecurityGroupDbMixin._ensure_default_security_group_handler-220855'] for network (None), before_create {{(pid=104642) _notify_loop /opt/stack/data/venv/lib/python3.12/site-packages/neutron_lib/callbacks/manager.py:184}}
Apr 10 18:46:09.399775 np0000164917 devstack@neutron-api.service[104642]: DEBUG neutron_lib.callbacks.manager [None req-c2201ca0-7bb7-4aa7-8396-dedfafb16b9b admin admin] Publish callbacks [] for security_group (None), before_create {{(pid=104642) _notify_loop /opt/stack/data/venv/lib/python3.12/site-packages/neutron_lib/callbacks/manager.py:184}}
Apr 10 18:46:09.484818 np0000164917 devstack@neutron-api.service[104642]: DEBUG neutron_lib.callbacks.manager [None req-c2201ca0-7bb7-4aa7-8396-dedfafb16b9b admin admin] Publish callbacks ['neutron.plugins.ml2.drivers.ovn.mech_driver.mech_driver.OVNMechanismDriver._create_security_group_precommit-298325'] for security_group (260c33fa-5b9c-4fb5-9892-11b4116c6314), precommit_create {{(pid=104642) _notify_loop /opt/stack/data/venv/lib/python3.12/site-packages/neutron_lib/callbacks/manager.py:184}}
Apr 10 18:46:09.485155 np0000164917 devstack@neutron-api.service[104642]: DEBUG neutron.db.ovn_revision_numbers_db [None req-c2201ca0-7bb7-4aa7-8396-dedfafb16b9b admin admin] create_initial_revision uuid=260c33fa-5b9c-4fb5-9892-11b4116c6314, type=security_groups, rev=-1 {{(pid=104642) create_initial_revision /opt/stack/neutron/neutron/db/ovn_revision_numbers_db.py:98}}
Apr 10 18:46:09.486971 np0000164917 devstack@neutron-api.service[104642]: DEBUG neutron.db.ovn_revision_numbers_db [None req-c2201ca0-7bb7-4aa7-8396-dedfafb16b9b admin admin] create_initial_revision uuid=56ff5370-5061-412c-9cfc-eec80eb2e677, type=security_group_rules, rev=-1 {{(pid=104642) create_initial_revision /opt/stack/neutron/neutron/db/ovn_revision_numbers_db.py:98}}
Apr 10 18:46:09.488084 np0000164917 devstack@neutron-api.service[104642]: DEBUG neutron.db.ovn_revision_numbers_db [None req-c2201ca0-7bb7-4aa7-8396-dedfafb16b9b admin admin] create_initial_revision uuid=83ed153d-00de-4728-b679-e4f153bfcff8, type=security_group_rules, rev=-1 {{(pid=104642) create_initial_revision /opt/stack/neutron/neutron/db/ovn_revision_numbers_db.py:98}}
Apr 10 18:46:09.488921 np0000164917 devstack@neutron-api.service[104642]: DEBUG neutron.db.ovn_revision_numbers_db [None req-c2201ca0-7bb7-4aa7-8396-dedfafb16b9b admin admin] create_initial_revision uuid=98d55a45-456f-4ad1-ad41-b42edc7f80cd, type=security_group_rules, rev=-1 {{(pid=104642) create_initial_revision /opt/stack/neutron/neutron/db/ovn_revision_numbers_db.py:98}}
Apr 10 18:46:09.489761 np0000164917 devstack@neutron-api.service[104642]: DEBUG neutron.db.ovn_revision_numbers_db [None req-c2201ca0-7bb7-4aa7-8396-dedfafb16b9b admin admin] create_initial_revision uuid=d8e51c00-21da-4a93-bb9a-409bdcf5fb65, type=security_group_rules, rev=-1 {{(pid=104642) create_initial_revision /opt/stack/neutron/neutron/db/ovn_revision_numbers_db.py:98}}
Apr 10 18:46:09.495914 np0000164917 devstack@neutron-api.service[104642]: DEBUG neutron_lib.callbacks.manager [None req-c2201ca0-7bb7-4aa7-8396-dedfafb16b9b admin admin] Publish callbacks ['neutron.plugins.ml2.drivers.ovn.mech_driver.mech_driver.OVNMechanismDriver._create_security_group-298335', 'neutron.plugins.ml2.ovo_rpc._ObjectChangeHandler.handle_event-1179229'] for security_group (260c33fa-5b9c-4fb5-9892-11b4116c6314), after_create {{(pid=104642) _notify_loop /opt/stack/data/venv/lib/python3.12/site-packages/neutron_lib/callbacks/manager.py:184}}
Apr 10 18:46:09.496142 np0000164917 devstack@neutron-api.service[104642]: INFO neutron.plugins.ml2.drivers.ovn.mech_driver.ovsdb.extensions.qos [None req-c2201ca0-7bb7-4aa7-8396-dedfafb16b9b admin admin] Starting OVNClientQosExtension
Apr 10 18:46:09.496312 np0000164917 devstack@neutron-api.service[104642]: INFO neutron.plugins.ml2.drivers.ovn.mech_driver.ovsdb.extensions.placement [None req-c2201ca0-7bb7-4aa7-8396-dedfafb16b9b admin admin] Starting OVNClientPlacementExtension
Apr 10 18:46:09.497246 np0000164917 devstack@neutron-api.service[104642]: DEBUG ovsdbapp.backend.ovs_idl.transaction [-] Running txn n=1 command(idx=0): PgAddCommand(_result=None, name=pg_260c33fa_5b9c_4fb5_9892_11b4116c6314, may_exist=False, columns={'acls': [], 'external_ids': {'neutron:security_group_id': '260c33fa-5b9c-4fb5-9892-11b4116c6314'}}) {{(pid=104642) do_commit /opt/stack/data/venv/lib/python3.12/site-packages/ovsdbapp/backend/ovs_idl/transaction.py:89}}
Apr 10 18:46:09.500893 np0000164917 devstack@neutron-api.service[104642]: DEBUG ovsdbapp.backend.ovs_idl.transaction [-] Running txn n=1 command(idx=1): PgAclAddCommand(_result=None, entity=pg_260c33fa_5b9c_4fb5_9892_11b4116c6314, direction=from-lport, priority=1002, match=inport == @pg_260c33fa_5b9c_4fb5_9892_11b4116c6314 && ip4, action=allow-related, log=False, may_exist=True, severity=[], name=[], meter=[], external_ids={'neutron:security_group_rule_id': '56ff5370-5061-412c-9cfc-eec80eb2e677'}) {{(pid=104642) do_commit /opt/stack/data/venv/lib/python3.12/site-packages/ovsdbapp/backend/ovs_idl/transaction.py:89}}
Apr 10 18:46:09.501286 np0000164917 devstack@neutron-api.service[104642]: DEBUG ovsdbapp.backend.ovs_idl.transaction [-] Running txn n=1 command(idx=2): PgAclAddCommand(_result=None, entity=pg_260c33fa_5b9c_4fb5_9892_11b4116c6314, direction=from-lport, priority=1002, match=inport == @pg_260c33fa_5b9c_4fb5_9892_11b4116c6314 && ip6, action=allow-related, log=False, may_exist=True, severity=[], name=[], meter=[], external_ids={'neutron:security_group_rule_id': '83ed153d-00de-4728-b679-e4f153bfcff8'}) {{(pid=104642) do_commit /opt/stack/data/venv/lib/python3.12/site-packages/ovsdbapp/backend/ovs_idl/transaction.py:89}}
Apr 10 18:46:09.501596 np0000164917 devstack@neutron-api.service[104642]: DEBUG ovsdbapp.backend.ovs_idl.transaction [-] Running txn n=1 command(idx=3): PgAclAddCommand(_result=None, entity=pg_260c33fa_5b9c_4fb5_9892_11b4116c6314, direction=to-lport, priority=1002, match=outport == @pg_260c33fa_5b9c_4fb5_9892_11b4116c6314 && ip6 && ip6.src == $pg_260c33fa_5b9c_4fb5_9892_11b4116c6314_ip6, action=allow-related, log=False, may_exist=True, severity=[], name=[], meter=[], external_ids={'neutron:security_group_rule_id': '98d55a45-456f-4ad1-ad41-b42edc7f80cd'}) {{(pid=104642) do_commit /opt/stack/data/venv/lib/python3.12/site-packages/ovsdbapp/backend/ovs_idl/transaction.py:89}}
Apr 10 18:46:09.501883 np0000164917 devstack@neutron-api.service[104642]: DEBUG ovsdbapp.backend.ovs_idl.transaction [-] Running txn n=1 command(idx=4): PgAclAddCommand(_result=None, entity=pg_260c33fa_5b9c_4fb5_9892_11b4116c6314, direction=to-lport, priority=1002, match=outport == @pg_260c33fa_5b9c_4fb5_9892_11b4116c6314 && ip4 && ip4.src == $pg_260c33fa_5b9c_4fb5_9892_11b4116c6314_ip4, action=allow-related, log=False, may_exist=True, severity=[], name=[], meter=[], external_ids={'neutron:security_group_rule_id': 'd8e51c00-21da-4a93-bb9a-409bdcf5fb65'}) {{(pid=104642) do_commit /opt/stack/data/venv/lib/python3.12/site-packages/ovsdbapp/backend/ovs_idl/transaction.py:89}}
Apr 10 18:46:09.507686 np0000164917 devstack@neutron-api.service[104642]: DEBUG neutron.plugins.ml2.drivers.ovn.mech_driver.ovsdb.ovsdb_monitor [-] Hash Ring: Node fe293e36a9e05c829e6df3bbc0c3d7da (host: np0000164917) handling event "create" for row 3d36c462-8715-4587-8f5d-79f327d97321 (table: ACL) {{(pid=104642) notify /opt/stack/neutron/neutron/plugins/ml2/drivers/ovn/mech_driver/ovsdb/ovsdb_monitor.py:912}}
Apr 10 18:46:09.507784 np0000164917 devstack@neutron-api.service[104639]: DEBUG neutron.plugins.ml2.drivers.ovn.mech_driver.ovsdb.ovsdb_monitor [-] Hash Ring: Node a17360a133e75a25b3bfde5ce72c9d54 (host: np0000164917) handling event "create" for row 6ac8f14a-9b3e-406f-89e9-34e6115c9c35 (table: ACL) {{(pid=104639) notify /opt/stack/neutron/neutron/plugins/ml2/drivers/ovn/mech_driver/ovsdb/ovsdb_monitor.py:912}}
Apr 10 18:46:09.508454 np0000164917 devstack@neutron-api.service[104640]: DEBUG neutron.plugins.ml2.drivers.ovn.mech_driver.ovsdb.ovsdb_monitor [-] Hash Ring: Node 84f2bada6742510fa8e9796d803d5c19 (host: np0000164917) handling event "create" for row 3d36c462-8715-4587-8f5d-79f327d97321 (table: ACL) {{(pid=104640) notify /opt/stack/neutron/neutron/plugins/ml2/drivers/ovn/mech_driver/ovsdb/ovsdb_monitor.py:912}}
Apr 10 18:46:09.508454 np0000164917 devstack@neutron-api.service[104640]: DEBUG neutron.plugins.ml2.drivers.ovn.mech_driver.ovsdb.ovsdb_monitor [-] Hash Ring: Node 84f2bada6742510fa8e9796d803d5c19 (host: np0000164917) handling event "create" for row 6ac8f14a-9b3e-406f-89e9-34e6115c9c35 (table: ACL) {{(pid=104640) notify /opt/stack/neutron/neutron/plugins/ml2/drivers/ovn/mech_driver/ovsdb/ovsdb_monitor.py:912}}
Apr 10 18:46:09.508454 np0000164917 devstack@neutron-api.service[104640]: DEBUG neutron.plugins.ml2.drivers.ovn.mech_driver.ovsdb.ovsdb_monitor [-] Hash Ring: Node 84f2bada6742510fa8e9796d803d5c19 (host: np0000164917) handling event "create" for row e0694d51-267a-4ad8-9c7f-2102ab697c4a (table: ACL) {{(pid=104640) notify /opt/stack/neutron/neutron/plugins/ml2/drivers/ovn/mech_driver/ovsdb/ovsdb_monitor.py:912}}
Apr 10 18:46:09.508454 np0000164917 devstack@neutron-api.service[104640]: DEBUG neutron.plugins.ml2.drivers.ovn.mech_driver.ovsdb.ovsdb_monitor [-] Hash Ring: Node 84f2bada6742510fa8e9796d803d5c19 (host: np0000164917) handling event "create" for row f4ffb59e-efd8-428f-83f3-8b8df31a093c (table: ACL) {{(pid=104640) notify /opt/stack/neutron/neutron/plugins/ml2/drivers/ovn/mech_driver/ovsdb/ovsdb_monitor.py:912}}
Apr 10 18:46:09.508963 np0000164917 devstack@neutron-api.service[104640]: DEBUG neutron.plugins.ml2.drivers.ovn.mech_driver.ovsdb.ovsdb_monitor [-] Hash Ring: Node 84f2bada6742510fa8e9796d803d5c19 (host: np0000164917) handling event "create" for row ff21b79b-6b51-4646-b15f-8b00549eef4b (table: Port_Group) {{(pid=104640) notify /opt/stack/neutron/neutron/plugins/ml2/drivers/ovn/mech_driver/ovsdb/ovsdb_monitor.py:912}}
Apr 10 18:46:09.509763 np0000164917 devstack@neutron-api.service[104641]: DEBUG neutron.plugins.ml2.drivers.ovn.mech_driver.ovsdb.ovsdb_monitor [-] Hash Ring: Node 0c5fa588733a5674b32fa7d49ab0f7d5 (host: np0000164917) handling event "create" for row f4ffb59e-efd8-428f-83f3-8b8df31a093c (table: ACL) {{(pid=104641) notify /opt/stack/neutron/neutron/plugins/ml2/drivers/ovn/mech_driver/ovsdb/ovsdb_monitor.py:912}}
Apr 10 18:46:09.531288 np0000164917 devstack@neutron-api.service[104642]: INFO neutron.db.ovn_revision_numbers_db [None req-c2201ca0-7bb7-4aa7-8396-dedfafb16b9b admin admin] Successfully bumped revision number for resource 260c33fa-5b9c-4fb5-9892-11b4116c6314 (type: security_groups) to 1
Apr 10 18:46:09.547662 np0000164917 devstack@neutron-api.service[104642]: INFO neutron.db.ovn_revision_numbers_db [None req-c2201ca0-7bb7-4aa7-8396-dedfafb16b9b admin admin] Successfully bumped revision number for resource 56ff5370-5061-412c-9cfc-eec80eb2e677 (type: security_group_rules) to 0
Apr 10 18:46:09.560579 np0000164917 devstack@neutron-api.service[104642]: INFO neutron.db.ovn_revision_numbers_db [None req-c2201ca0-7bb7-4aa7-8396-dedfafb16b9b admin admin] Successfully bumped revision number for resource 83ed153d-00de-4728-b679-e4f153bfcff8 (type: security_group_rules) to 0
Apr 10 18:46:09.572824 np0000164917 devstack@neutron-api.service[104642]: INFO neutron.db.ovn_revision_numbers_db [None req-c2201ca0-7bb7-4aa7-8396-dedfafb16b9b admin admin] Successfully bumped revision number for resource 98d55a45-456f-4ad1-ad41-b42edc7f80cd (type: security_group_rules) to 0
Apr 10 18:46:09.584785 np0000164917 devstack@neutron-api.service[104642]: INFO neutron.db.ovn_revision_numbers_db [None req-c2201ca0-7bb7-4aa7-8396-dedfafb16b9b admin admin] Successfully bumped revision number for resource d8e51c00-21da-4a93-bb9a-409bdcf5fb65 (type: security_group_rules) to 0
Apr 10 18:46:09.607127 np0000164917 devstack@neutron-api.service[104642]: DEBUG neutron.api.rpc.handlers.resources_rpc [None req-c2201ca0-7bb7-4aa7-8396-dedfafb16b9b admin admin] Pushing event updated for resources: {'SecurityGroup': ['ID=260c33fa-5b9c-4fb5-9892-11b4116c6314,revision_number=1']} {{(pid=104642) push /opt/stack/neutron/neutron/api/rpc/handlers/resources_rpc.py:237}}
Apr 10 18:46:09.614760 np0000164917 devstack@neutron-api.service[104642]: DEBUG ovsdbapp.backend.ovs_idl.transaction [-] Running txn n=1 command(idx=0): CheckLivenessCommand(_result=None) {{(pid=104642) do_commit /opt/stack/data/venv/lib/python3.12/site-packages/ovsdbapp/backend/ovs_idl/transaction.py:89}}
Apr 10 18:46:09.617869 np0000164917 devstack@neutron-api.service[104640]: DEBUG neutron.plugins.ml2.drivers.ovn.mech_driver.ovsdb.ovsdb_monitor [-] Hash Ring: Node 84f2bada6742510fa8e9796d803d5c19 (host: np0000164917) handling event "update" for row b381b5cd-a711-406b-a78b-f8f88f5a71c7 (table: NB_Global) {{(pid=104640) notify /opt/stack/neutron/neutron/plugins/ml2/drivers/ovn/mech_driver/ovsdb/ovsdb_monitor.py:912}}
Apr 10 18:46:09.618940 np0000164917 devstack@neutron-api.service[104640]: DEBUG neutron.plugins.ml2.drivers.ovn.mech_driver.ovsdb.ovsdb_monitor [-] Hash Ring: Node 84f2bada6742510fa8e9796d803d5c19 (host: np0000164917) handling event "update" for row b381b5cd-a711-406b-a78b-f8f88f5a71c7 (table: NB_Global) {{(pid=104640) notify /opt/stack/neutron/neutron/plugins/ml2/drivers/ovn/mech_driver/ovsdb/ovsdb_monitor.py:912}}
Apr 10 18:46:09.620445 np0000164917 devstack@neutron-api.service[104640]: DEBUG neutron.plugins.ml2.drivers.ovn.mech_driver.ovsdb.ovsdb_monitor [-] Hash Ring: Node 84f2bada6742510fa8e9796d803d5c19 (host: np0000164917) handling event "update" for row b381b5cd-a711-406b-a78b-f8f88f5a71c7 (table: NB_Global) {{(pid=104640) notify /opt/stack/neutron/neutron/plugins/ml2/drivers/ovn/mech_driver/ovsdb/ovsdb_monitor.py:912}}
Apr 10 18:46:09.622340 np0000164917 devstack@neutron-api.service[104640]: DEBUG neutron.plugins.ml2.drivers.ovn.mech_driver.ovsdb.ovsdb_monitor [-] ChassisAgentWriteEvent : Matched Chassis_Private, update, None None {{(pid=104640) matches /opt/stack/neutron/neutron/plugins/ml2/drivers/ovn/mech_driver/ovsdb/ovsdb_monitor.py:64}}
Apr 10 18:46:09.622633 np0000164917 devstack@neutron-api.service[104639]: DEBUG neutron.plugins.ml2.drivers.ovn.mech_driver.ovsdb.ovsdb_monitor [-] ChassisAgentWriteEvent : Matched Chassis_Private, update, None None {{(pid=104639) matches /opt/stack/neutron/neutron/plugins/ml2/drivers/ovn/mech_driver/ovsdb/ovsdb_monitor.py:64}}
Apr 10 18:46:09.623033 np0000164917 devstack@neutron-api.service[104641]: DEBUG neutron.plugins.ml2.drivers.ovn.mech_driver.ovsdb.ovsdb_monitor [-] ChassisAgentWriteEvent : Matched Chassis_Private, update, None None {{(pid=104641) matches /opt/stack/neutron/neutron/plugins/ml2/drivers/ovn/mech_driver/ovsdb/ovsdb_monitor.py:64}}
Apr 10 18:46:09.623575 np0000164917 devstack@neutron-api.service[104639]: DEBUG neutron.plugins.ml2.drivers.ovn.mech_driver.ovsdb.ovsdb_monitor [-] Hash Ring: Node a17360a133e75a25b3bfde5ce72c9d54 (host: np0000164917) handling event "update" for row 8c8053ae-5f15-4869-85a0-7ecf5e0f91f0 (table: Chassis_Private) {{(pid=104639) notify /opt/stack/neutron/neutron/plugins/ml2/drivers/ovn/mech_driver/ovsdb/ovsdb_monitor.py:912}}
Apr 10 18:46:09.625749 np0000164917 devstack@neutron-api.service[104640]: DEBUG neutron.plugins.ml2.drivers.ovn.mech_driver.ovsdb.ovsdb_monitor [-] Hash Ring: Node 84f2bada6742510fa8e9796d803d5c19 (host: np0000164917) handling event "update" for row b381b5cd-a711-406b-a78b-f8f88f5a71c7 (table: NB_Global) {{(pid=104640) notify /opt/stack/neutron/neutron/plugins/ml2/drivers/ovn/mech_driver/ovsdb/ovsdb_monitor.py:912}}
Apr 10 18:46:09.625864 np0000164917 devstack@neutron-api.service[104642]: DEBUG neutron.api.rpc.callbacks.version_manager [None req-c2201ca0-7bb7-4aa7-8396-dedfafb16b9b admin admin] Tracked resource versions report:
Apr 10 18:46:09.625864 np0000164917 devstack@neutron-api.service[104642]: pushed versions:
Apr 10 18:46:09.625864 np0000164917 devstack@neutron-api.service[104642]: { 'AddressGroup': {'1.2'},
Apr 10 18:46:09.625864 np0000164917 devstack@neutron-api.service[104642]: 'Agent': {'1.1'},
Apr 10 18:46:09.625864 np0000164917 devstack@neutron-api.service[104642]: 'ConntrackHelper': {'1.0'},
Apr 10 18:46:09.625864 np0000164917 devstack@neutron-api.service[104642]: 'LocalIPAssociation': {'1.0'},
Apr 10 18:46:09.625864 np0000164917 devstack@neutron-api.service[104642]: 'Log': {'1.0'},
Apr 10 18:46:09.625864 np0000164917 devstack@neutron-api.service[104642]: 'NDPProxy': {'1.0'},
Apr 10 18:46:09.625864 np0000164917 devstack@neutron-api.service[104642]: 'Network': {'1.2'},
Apr 10 18:46:09.625864 np0000164917 devstack@neutron-api.service[104642]: 'Port': {'1.10'},
Apr 10 18:46:09.625864 np0000164917 devstack@neutron-api.service[104642]: 'PortForwarding': {'1.3'},
Apr 10 18:46:09.625864 np0000164917 devstack@neutron-api.service[104642]: 'QosPolicy': {'1.10'},
Apr 10 18:46:09.625864 np0000164917 devstack@neutron-api.service[104642]: 'SecurityGroup': {'1.6'},
Apr 10 18:46:09.625864 np0000164917 devstack@neutron-api.service[104642]: 'SecurityGroupRule': {'1.3'},
Apr 10 18:46:09.625864 np0000164917 devstack@neutron-api.service[104642]: 'SubPort': {'1.0'},
Apr 10 18:46:09.625864 np0000164917 devstack@neutron-api.service[104642]: 'Subnet': {'1.2'},
Apr 10 18:46:09.625864 np0000164917 devstack@neutron-api.service[104642]: 'Trunk': {'1.1'}}
Apr 10 18:46:09.625864 np0000164917 devstack@neutron-api.service[104642]: consumer versions:
Apr 10 18:46:09.625864 np0000164917 devstack@neutron-api.service[104642]: {}
Apr 10 18:46:09.625864 np0000164917 devstack@neutron-api.service[104642]: {{(pid=104642) report /opt/stack/neutron/neutron/api/rpc/callbacks/version_manager.py:183}}
Apr 10 18:46:09.627233 np0000164917 devstack@neutron-api.service[104641]: DEBUG neutron.plugins.ml2.drivers.ovn.mech_driver.ovsdb.ovsdb_monitor [-] ChassisOVNAgentWriteEvent : Matched Chassis_Private, update, None None {{(pid=104641) matches /opt/stack/neutron/neutron/plugins/ml2/drivers/ovn/mech_driver/ovsdb/ovsdb_monitor.py:64}}
Apr 10 18:46:09.628429 np0000164917 devstack@neutron-api.service[104639]: DEBUG neutron.plugins.ml2.drivers.ovn.mech_driver.ovsdb.ovsdb_monitor [-] ChassisOVNAgentWriteEvent : Matched Chassis_Private, update, None None {{(pid=104639) matches /opt/stack/neutron/neutron/plugins/ml2/drivers/ovn/mech_driver/ovsdb/ovsdb_monitor.py:64}}
Apr 10 18:46:09.628962 np0000164917 devstack@neutron-api.service[104639]: DEBUG neutron.plugins.ml2.drivers.ovn.mech_driver.ovsdb.ovsdb_monitor [-] Hash Ring: Node a17360a133e75a25b3bfde5ce72c9d54 (host: np0000164917) handling event "update" for row 8c8053ae-5f15-4869-85a0-7ecf5e0f91f0 (table: Chassis_Private) {{(pid=104639) notify /opt/stack/neutron/neutron/plugins/ml2/drivers/ovn/mech_driver/ovsdb/ovsdb_monitor.py:912}}
Apr 10 18:46:09.629860 np0000164917 devstack@neutron-api.service[104642]: DEBUG neutron.plugins.ml2.drivers.ovn.mech_driver.ovsdb.ovsdb_monitor [-] ChassisAgentWriteEvent : Matched Chassis_Private, update, None None {{(pid=104642) matches /opt/stack/neutron/neutron/plugins/ml2/drivers/ovn/mech_driver/ovsdb/ovsdb_monitor.py:64}}
Apr 10 18:46:09.630428 np0000164917 devstack@neutron-api.service[104640]: DEBUG neutron.common.ovn.hash_ring_manager [-] Allow caching, nodes 4>=4 {{(pid=104640) _wait_startup_before_caching /opt/stack/neutron/neutron/common/ovn/hash_ring_manager.py:65}}
Apr 10 18:46:09.630619 np0000164917 devstack@neutron-api.service[104640]: DEBUG neutron.plugins.ml2.drivers.ovn.mech_driver.ovsdb.ovsdb_monitor [-] Hash Ring: Node 84f2bada6742510fa8e9796d803d5c19 (host: np0000164917) handling event "update" for row 8c8053ae-5f15-4869-85a0-7ecf5e0f91f0 (table: Chassis_Private) {{(pid=104640) notify /opt/stack/neutron/neutron/plugins/ml2/drivers/ovn/mech_driver/ovsdb/ovsdb_monitor.py:912}}
Apr 10 18:46:09.631631 np0000164917 devstack@neutron-api.service[104640]: DEBUG neutron.plugins.ml2.drivers.ovn.mech_driver.ovsdb.ovsdb_monitor [-] ChassisOVNAgentWriteEvent : Matched Chassis_Private, update, None None {{(pid=104640) matches /opt/stack/neutron/neutron/plugins/ml2/drivers/ovn/mech_driver/ovsdb/ovsdb_monitor.py:64}}
Apr 10 18:46:09.631710 np0000164917 devstack@neutron-api.service[104642]: DEBUG neutron.plugins.ml2.drivers.ovn.mech_driver.ovsdb.ovsdb_monitor [-] ChassisOVNAgentWriteEvent : Matched Chassis_Private, update, None None {{(pid=104642) matches /opt/stack/neutron/neutron/plugins/ml2/drivers/ovn/mech_driver/ovsdb/ovsdb_monitor.py:64}}
Apr 10 18:46:09.632027 np0000164917 devstack@neutron-api.service[104640]: DEBUG neutron.plugins.ml2.drivers.ovn.mech_driver.ovsdb.ovsdb_monitor [-] Hash Ring: Node 84f2bada6742510fa8e9796d803d5c19 (host: np0000164917) handling event "update" for row 8c8053ae-5f15-4869-85a0-7ecf5e0f91f0 (table: Chassis_Private) {{(pid=104640) notify /opt/stack/neutron/neutron/plugins/ml2/drivers/ovn/mech_driver/ovsdb/ovsdb_monitor.py:912}}
Apr 10 18:46:09.688738 np0000164917 devstack@neutron-api.service[104642]: DEBUG neutron.plugins.ml2.drivers.helpers [None req-c2201ca0-7bb7-4aa7-8396-dedfafb16b9b admin admin] geneve segment allocate from pool success with {'geneve_vni': 8942} {{(pid=104642) allocate_partially_specified_segment /opt/stack/neutron/neutron/plugins/ml2/drivers/helpers.py:142}}
Apr 10 18:46:09.701310 np0000164917 devstack@neutron-api.service[104642]: DEBUG neutron_lib.callbacks.manager [None req-c2201ca0-7bb7-4aa7-8396-dedfafb16b9b admin admin] Publish callbacks ['neutron.services.segments.db._add_segment_host_mapping_for_segment-8054902879406', 'neutron.plugins.ml2.plugin.Ml2Plugin._handle_segment_change-4132979'] for segment (d98851db-b5ab-4a19-aeba-920fb4174282), precommit_create {{(pid=104642) _notify_loop /opt/stack/data/venv/lib/python3.12/site-packages/neutron_lib/callbacks/manager.py:184}}
Apr 10 18:46:09.701475 np0000164917 devstack@neutron-api.service[104642]: INFO neutron.db.segments_db [None req-c2201ca0-7bb7-4aa7-8396-dedfafb16b9b admin admin] Added segment d98851db-b5ab-4a19-aeba-920fb4174282 of type geneve for network 38123c3d-e75f-4bc1-8416-7f155746d245
Apr 10 18:46:09.740983 np0000164917 devstack@neutron-api.service[104642]: DEBUG neutron_lib.callbacks.manager [None req-c2201ca0-7bb7-4aa7-8396-dedfafb16b9b admin admin] Publish callbacks ['neutron.services.auto_allocate.db._ensure_external_network_default_value_callback-8054901723340'] for network (38123c3d-e75f-4bc1-8416-7f155746d245), precommit_create {{(pid=104642) _notify_loop /opt/stack/data/venv/lib/python3.12/site-packages/neutron_lib/callbacks/manager.py:184}}
Apr 10 18:46:09.757513 np0000164917 devstack@neutron-api.service[104642]: DEBUG neutron.plugins.ml2.drivers.ovn.mech_driver.mech_driver [None req-c2201ca0-7bb7-4aa7-8396-dedfafb16b9b admin admin] Validating network segment with type geneve, segmentation ID 8942, physical network None {{(pid=104642) _validate_network_segments /opt/stack/neutron/neutron/plugins/ml2/drivers/ovn/mech_driver/mech_driver.py:631}}
Apr 10 18:46:09.757646 np0000164917 devstack@neutron-api.service[104642]: DEBUG neutron.db.ovn_revision_numbers_db [None req-c2201ca0-7bb7-4aa7-8396-dedfafb16b9b admin admin] create_initial_revision uuid=38123c3d-e75f-4bc1-8416-7f155746d245, type=networks, rev=-1 {{(pid=104642) create_initial_revision /opt/stack/neutron/neutron/db/ovn_revision_numbers_db.py:98}}
Apr 10 18:46:09.779556 np0000164917 devstack@neutron-api.service[104642]: DEBUG neutron_lib.callbacks.manager [None req-c2201ca0-7bb7-4aa7-8396-dedfafb16b9b admin admin] Publish callbacks ['neutron.plugins.ml2.ovo_rpc._ObjectChangeHandler.handle_event-1179239'] for network (38123c3d-e75f-4bc1-8416-7f155746d245), after_create {{(pid=104642) _notify_loop /opt/stack/data/venv/lib/python3.12/site-packages/neutron_lib/callbacks/manager.py:184}}
Apr 10 18:46:09.827451 np0000164917 devstack@neutron-api.service[104642]: DEBUG neutron.api.rpc.handlers.resources_rpc [None req-c2201ca0-7bb7-4aa7-8396-dedfafb16b9b admin admin] Pushing event updated for resources: {'Network': ['ID=38123c3d-e75f-4bc1-8416-7f155746d245,revision_number=1']} {{(pid=104642) push /opt/stack/neutron/neutron/api/rpc/handlers/resources_rpc.py:237}}
Apr 10 18:46:09.836309 np0000164917 devstack@neutron-api.service[104642]: DEBUG ovsdbapp.backend.ovs_idl.transaction [-] Running txn n=1 command(idx=0): AddNetworkCommand(_result=None, network_uuid=38123c3d-e75f-4bc1-8416-7f155746d245, may_exist=True, columns={'external_ids': {'neutron:network_name': 'private', 'neutron:mtu': '1372', 'neutron:revision_number': '1', 'neutron:availability_zone_hints': '', 'neutron:provnet-network-type': 'geneve'}, 'other_config': {'mcast_snoop': 'false', 'mcast_flood_unregistered': 'false', 'vlan-passthru': 'false'}}) {{(pid=104642) do_commit /opt/stack/data/venv/lib/python3.12/site-packages/ovsdbapp/backend/ovs_idl/transaction.py:89}}
Apr 10 18:46:09.837184 np0000164917 devstack@neutron-api.service[104642]: DEBUG neutron.common.ovn.utils [-] OVS persist_uuid supported=True {{(pid=104642) ovs_persist_uuid_supported /opt/stack/neutron/neutron/common/ovn/utils.py:1527}}
Apr 10 18:46:09.841774 np0000164917 devstack@neutron-api.service[104640]: DEBUG neutron.plugins.ml2.drivers.ovn.mech_driver.ovsdb.ovsdb_monitor [-] Hash Ring: Node 84f2bada6742510fa8e9796d803d5c19 (host: np0000164917) handling event "create" for row 38123c3d-e75f-4bc1-8416-7f155746d245 (table: Logical_Switch) {{(pid=104640) notify /opt/stack/neutron/neutron/plugins/ml2/drivers/ovn/mech_driver/ovsdb/ovsdb_monitor.py:912}}
Apr 10 18:46:09.847997 np0000164917 devstack@neutron-api.service[104640]: DEBUG neutron.plugins.ml2.drivers.ovn.mech_driver.ovsdb.ovsdb_monitor [-] Hash Ring: Node 84f2bada6742510fa8e9796d803d5c19 (host: np0000164917) handling event "create" for row d864ff93-9b62-47c5-80c9-0799d1c5356d (table: Datapath_Binding) {{(pid=104640) notify /opt/stack/neutron/neutron/plugins/ml2/drivers/ovn/mech_driver/ovsdb/ovsdb_monitor.py:912}}
Apr 10 18:46:09.848155 np0000164917 devstack@neutron-api.service[104639]: DEBUG neutron.plugins.ml2.drivers.ovn.mech_driver.ovsdb.ovsdb_monitor [-] Hash Ring: Node a17360a133e75a25b3bfde5ce72c9d54 (host: np0000164917) handling event "create" for row d864ff93-9b62-47c5-80c9-0799d1c5356d (table: Datapath_Binding) {{(pid=104639) notify /opt/stack/neutron/neutron/plugins/ml2/drivers/ovn/mech_driver/ovsdb/ovsdb_monitor.py:912}}
Apr 10 18:46:09.873883 np0000164917 devstack@neutron-api.service[104642]: INFO neutron.db.ovn_revision_numbers_db [None req-c2201ca0-7bb7-4aa7-8396-dedfafb16b9b admin admin] Successfully bumped revision number for resource 38123c3d-e75f-4bc1-8416-7f155746d245 (type: networks) to 1
