2026-07-02 06:16:49.143 10 INFO neutron.plugins.ml2.plugin [None req-89b36cc8-98a1-4a41-beed-c48d35e5de1d - - - - - -] Attempt 1 to provision port 45403c21-3ebe-40a2-a96d-2b55141d0aaf
2026-07-02 06:16:49.257 10 INFO neutron.notifiers.nova [-] Nova event matching ['req-7b86ca89-14a3-4b3e-8594-c12bc4df1607'] response: {'server_uuid': '456da6f8-32b3-4728-b4e8-734f1dbe6282', 'name': 'network-vif-plugged', 'status': 'completed', 'tag': '45403c21-3ebe-40a2-a96d-2b55141d0aaf', 'code': 200}
2026-07-02 06:16:51.037 9 INFO neutron.plugins.ml2.plugin [None req-89b36cc8-98a1-4a41-beed-c48d35e5de1d - - - - - -] Attempt 1 to provision port 45403c21-3ebe-40a2-a96d-2b55141d0aaf
2026-07-02 06:16:53.166 10 INFO neutron.plugins.ml2.plugin [None req-89b36cc8-98a1-4a41-beed-c48d35e5de1d - - - - - -] Attempt 1 to provision port 4df28c46-62b4-4438-b147-67fce8c47eee
2026-07-02 06:16:53.554 10 INFO neutron.plugins.ml2.plugin [None req-cae6547f-4a2c-4635-9752-a88d92210cf0 - - - - - -] Attempt 1 to provision port 4df28c46-62b4-4438-b147-67fce8c47eee
2026-07-02 06:16:53.703 10 INFO neutron.plugins.ml2.plugin [None req-89b36cc8-98a1-4a41-beed-c48d35e5de1d - - - - - -] Attempt 1 to provision port ef2e44c1-e9a4-45f1-923a-498695a8091c
2026-07-02 06:16:53.964 10 INFO neutron.plugins.ml2.plugin [None req-540cbc56-9aa6-470e-8346-8e05dfb8c1ec - - - - - -] Attempt 1 to provision port ef2e44c1-e9a4-45f1-923a-498695a8091c
2026-07-02 06:16:54.560 10 INFO neutron.plugins.ml2.plugin [None req-89b36cc8-98a1-4a41-beed-c48d35e5de1d - - - - - -] Attempt 1 to provision port 1b3eb561-4376-44b9-b7e2-e81602d3c3a7
2026-07-02 06:16:54.856 9 INFO neutron.plugins.ml2.plugin [None req-242753ce-7dd9-4e50-b8b3-ca2a08507be0 - - - - - -] Attempt 1 to provision port 6edb1f93-683f-4f24-9e40-8ed5366a134f
2026-07-02 06:16:55.417 10 INFO neutron.plugins.ml2.plugin [None req-a6a4f8e1-14c1-42c4-a165-e64d827c289c - - - - - -] Attempt 1 to provision port 6edb1f93-683f-4f24-9e40-8ed5366a134f
2026-07-02 06:16:55.658 9 INFO neutron.plugins.ml2.plugin [None req-89b36cc8-98a1-4a41-beed-c48d35e5de1d - - - - - -] Attempt 1 to provision port 4df28c46-62b4-4438-b147-67fce8c47eee
2026-07-02 06:16:55.975 9 INFO neutron.plugins.ml2.plugin [None req-89b36cc8-98a1-4a41-beed-c48d35e5de1d - - - - - -] Attempt 1 to provision port 4edc5eae-eac6-442e-82a8-46e277e9bd1b
2026-07-02 06:16:56.327 9 INFO neutron.plugins.ml2.plugin [None req-89b36cc8-98a1-4a41-beed-c48d35e5de1d - - - - - -] Attempt 1 to provision port ef2e44c1-e9a4-45f1-923a-498695a8091c
2026-07-02 06:16:56.514 10 INFO neutron.plugins.ml2.plugin [None req-2adb1e1f-1158-4679-ad76-951ac68210d8 - - - - - -] Attempt 1 to provision port ed4296b1-f3fe-415c-8559-400ed191544a
2026-07-02 06:16:56.611 9 INFO neutron.plugins.ml2.plugin [None req-89b36cc8-98a1-4a41-beed-c48d35e5de1d - - - - - -] Attempt 1 to provision port 1b3eb561-4376-44b9-b7e2-e81602d3c3a7
2026-07-02 06:16:56.678 9 INFO neutron.plugins.ml2.plugin [None req-a4c84b36-9b6f-4911-8fda-41afd8eac878 - - - - - -] Attempt 1 to provision port 928fc9cc-2a07-433d-8e3e-6c98b8281075
2026-07-02 06:16:57.256 10 INFO neutron.plugins.ml2.plugin [None req-6b5be14e-daff-46a3-895f-e0eb7bef1b2f - - - - - -] Attempt 1 to provision port ed4296b1-f3fe-415c-8559-400ed191544a
2026-07-02 06:16:57.685 10 INFO neutron.plugins.ml2.plugin [None req-89b36cc8-98a1-4a41-beed-c48d35e5de1d - - - - - -] Attempt 1 to provision port 4edc5eae-eac6-442e-82a8-46e277e9bd1b
2026-07-02 06:16:57.716 9 INFO neutron.plugins.ml2.plugin [None req-5f5d1910-66af-4307-aceb-b2b7ff2204ea - - - - - -] Attempt 1 to provision port 7c021737-a981-4aab-9e58-c6120be18d36
2026-07-02 06:16:58.107 10 INFO neutron.plugins.ml2.plugin [None req-89b36cc8-98a1-4a41-beed-c48d35e5de1d - - - - - -] Attempt 1 to provision port 7c021737-a981-4aab-9e58-c6120be18d36
2026-07-02 06:16:59.746 9 INFO neutron.plugins.ml2.plugin [None req-89b36cc8-98a1-4a41-beed-c48d35e5de1d - - - - - -] Attempt 1 to provision port 7c021737-a981-4aab-9e58-c6120be18d36
2026-07-02 06:17:00.102 9 INFO neutron.plugins.ml2.plugin [None req-9e1f17c0-2463-4d56-8ac7-2410df316a68 - - - - - -] Attempt 1 to provision port 677e90a3-6c22-4078-aa73-1801b8487e82
2026-07-02 06:17:00.125 9 INFO neutron.plugins.ml2.plugin [None req-89b36cc8-98a1-4a41-beed-c48d35e5de1d - - - - - -] Attempt 1 to provision port 3db39112-1de3-48d4-94c2-ba9ada24b261
2026-07-02 06:17:00.863 9 INFO neutron.plugins.ml2.plugin [None req-1dbfcf89-398d-4ad3-8b63-a0c54ecb9c23 - - - - - -] Attempt 1 to provision port 677e90a3-6c22-4078-aa73-1801b8487e82
2026-07-02 06:17:01.692 9 INFO neutron.plugins.ml2.plugin [None req-89b36cc8-98a1-4a41-beed-c48d35e5de1d - - - - - -] Attempt 1 to provision port 3db39112-1de3-48d4-94c2-ba9ada24b261 /var/lib/openstack/lib/python3.10/site-packages/oslo_db/sqlalchemy/enginefacade.py:667: SAWarning: DELETE statement on table 'portsecuritybindings' expected to delete 1 row(s); 0 were matched. Please set confirm_deleted_rows=False within the mapper configuration to prevent this warning. self.session.flush() /var/lib/openstack/lib/python3.10/site-packages/oslo_db/sqlalchemy/enginefacade.py:667: SAWarning: DELETE statement on table 'ml2_port_bindings' expected to delete 1 row(s); 0 were matched. Please set confirm_deleted_rows=False within the mapper configuration to prevent this warning. self.session.flush() /var/lib/openstack/lib/python3.10/site-packages/oslo_db/sqlalchemy/enginefacade.py:667: SAWarning: DELETE statement on table 'ml2_port_binding_levels' expected to delete 1 row(s); 0 were matched. Please set confirm_deleted_rows=False within the mapper configuration to prevent this warning. self.session.flush() /var/lib/openstack/lib/python3.10/site-packages/oslo_db/sqlalchemy/enginefacade.py:667: SAWarning: DELETE statement on table 'ports' expected to delete 1 row(s); 0 were matched. Please set confirm_deleted_rows=False within the mapper configuration to prevent this warning. self.session.flush()
2026-07-02 06:17:04.876 9 INFO neutron.plugins.ml2.plugin [None req-55e54aa3-a980-4179-96d1-45c21d729715 - - - - - -] Attempt 1 to provision port 87ce573b-9f3b-4fed-aa0e-d8be89a37238
2026-07-02 06:17:05.677 9 INFO neutron.plugins.ml2.plugin [None req-89b36cc8-98a1-4a41-beed-c48d35e5de1d - - - - - -] Attempt 1 to provision port bd78ecb2-493d-4079-b809-8730319b99da
2026-07-02 06:17:05.935 9 INFO neutron.plugins.ml2.plugin [None req-4000c6e4-960c-4717-8c96-28b8543f381b - - - - - -] Attempt 1 to provision port bd78ecb2-493d-4079-b809-8730319b99da
2026-07-02 06:17:06.265 9 INFO neutron.plugins.ml2.plugin [None req-89b36cc8-98a1-4a41-beed-c48d35e5de1d - - - - - -] Attempt 1 to provision port c1e39063-2ebd-4810-a594-baf3e1169f97
2026-07-02 06:17:06.396 9 INFO neutron.plugins.ml2.plugin [None req-541c7fde-77ea-4a86-8516-1b2506e98f48 - - - - - -] Attempt 1 to provision port c1e39063-2ebd-4810-a594-baf3e1169f97
2026-07-02 06:17:07.346 9 INFO neutron.plugins.ml2.plugin [None req-886c2184-a4c7-490d-ab97-db53babf7820 - - - - - -] Attempt 1 to provision port 360b5e15-f445-4f98-9e96-6cfacb7852a2
2026-07-02 06:17:07.601 9 INFO neutron.plugins.ml2.plugin [None req-e560061f-35b4-4a51-bc43-9070d5e56719 - - - - - -] Attempt 1 to provision port 8f39707d-7ba6-428e-bcc9-729b4d3fa043
2026-07-02 06:17:07.606 10 INFO neutron.plugins.ml2.plugin [None req-89b36cc8-98a1-4a41-beed-c48d35e5de1d - - - - - -] Attempt 1 to provision port c1e39063-2ebd-4810-a594-baf3e1169f97
2026-07-02 06:17:07.941 10 INFO neutron.plugins.ml2.plugin [None req-89b36cc8-98a1-4a41-beed-c48d35e5de1d - - - - - -] Attempt 1 to provision port bd78ecb2-493d-4079-b809-8730319b99da
2026-07-02 06:17:08.365 9 INFO neutron.plugins.ml2.plugin [None req-f5bfe0e3-d3c2-4ba4-b49e-f8bfe1c57f37 - - - - - -] Attempt 1 to provision port 360b5e15-f445-4f98-9e96-6cfacb7852a2
2026-07-02 06:17:08.510 9 INFO neutron.plugins.ml2.plugin [None req-e05e3c29-5fed-452a-ad4f-d09bbf926df9 - - - - - -] Attempt 1 to provision port 8f39707d-7ba6-428e-bcc9-729b4d3fa043
2026-07-02 06:17:09.197 9 INFO neutron.plugins.ml2.plugin [None req-eb5e2076-10c7-479a-95dd-7affcbbe8976 - - - - - -] Attempt 1 to provision port c93eabe8-eb57-4f45-85c6-958fc85a5da0
2026-07-02 06:17:09.683 9 INFO neutron.plugins.ml2.plugin [None req-89b36cc8-98a1-4a41-beed-c48d35e5de1d - - - - - -] Attempt 1 to provision port 396d4f0b-33fb-4c3b-ad34-a1e6b481c00e
2026-07-02 06:17:09.736 10 INFO neutron.plugins.ml2.plugin [None req-40d1ea39-2c09-4aa2-80da-285b2c5400e3 - - - - - -] Attempt 1 to provision port c9f912e8-d8d9-43e6-9e63-f1b67c3bf557
2026-07-02 06:17:10.289 9 INFO neutron.plugins.ml2.plugin [None req-89b36cc8-98a1-4a41-beed-c48d35e5de1d - - - - - -] Attempt 1 to provision port c93eabe8-eb57-4f45-85c6-958fc85a5da0
2026-07-02 06:17:11.595 9 INFO neutron.plugins.ml2.plugin [None req-89b36cc8-98a1-4a41-beed-c48d35e5de1d - - - - - -] Attempt 1 to provision port 396d4f0b-33fb-4c3b-ad34-a1e6b481c00e
2026-07-02 06:17:11.992 9 INFO neutron.plugins.ml2.plugin [None req-89b36cc8-98a1-4a41-beed-c48d35e5de1d - - - - - -] Attempt 1 to provision port c93eabe8-eb57-4f45-85c6-958fc85a5da0
2026-07-02 06:17:12.614 9 INFO neutron.plugins.ml2.plugin [None req-7de69a20-f6f1-434d-ad52-019c19620164 - - - - - -] Attempt 1 to provision port 69091ec5-c65d-4f4b-bff0-aa49233f0a59
2026-07-02 06:17:13.273 10 INFO neutron.plugins.ml2.plugin [None req-618d1294-a9c9-4503-80db-95707aa33a5e - - - - - -] Attempt 1 to provision port 69091ec5-c65d-4f4b-bff0-aa49233f0a59
2026-07-02 06:17:13.901 10 INFO neutron.plugins.ml2.plugin [None req-89b36cc8-98a1-4a41-beed-c48d35e5de1d - - - - - -] Attempt 1 to provision port d7fc2c48-33b7-4d8a-bbd5-819146be12a7
2026-07-02 06:17:14.382 10 INFO neutron.plugins.ml2.plugin [None req-89b36cc8-98a1-4a41-beed-c48d35e5de1d - - - - - -] Attempt 1 to provision port 4c04f2bc-447c-4b2c-bf53-33f32403c054
2026-07-02 06:17:14.743 10 INFO neutron.plugins.ml2.plugin [None req-47c0faaa-6c18-43be-85b6-c61bade69898 - - - - - -] Attempt 1 to provision port 4c04f2bc-447c-4b2c-bf53-33f32403c054
2026-07-02 06:17:15.692 10 INFO neutron.plugins.ml2.plugin [None req-89b36cc8-98a1-4a41-beed-c48d35e5de1d - - - - - -] Attempt 1 to provision port d7fc2c48-33b7-4d8a-bbd5-819146be12a7
2026-07-02 06:17:15.956 10 INFO neutron.plugins.ml2.plugin [None req-89b36cc8-98a1-4a41-beed-c48d35e5de1d - - - - - -] Attempt 1 to provision port 4c04f2bc-447c-4b2c-bf53-33f32403c054
2026-07-02 06:17:16.428 10 INFO neutron.plugins.ml2.plugin [None req-97f9b826-d3bd-4a96-a113-632c57d55cbd - - - - - -] Attempt 1 to provision port 1a5d20dc-5443-490b-a97c-c003a6160fee
2026-07-02 06:17:18.900 9 INFO neutron.plugins.ml2.plugin [None req-8ac67411-38e0-42a4-af87-1c54bd57f291 - - - - - -] Attempt 1 to provision port eef39b47-452c-41cb-8077-09288925b400
2026-07-02 06:17:19.672 9 INFO neutron.plugins.ml2.plugin [None req-89b36cc8-98a1-4a41-beed-c48d35e5de1d - - - - - -] Attempt 1 to provision port 677e90a3-6c22-4078-aa73-1801b8487e82
2026-07-02 06:17:20.056 9 INFO neutron.plugins.ml2.plugin [None req-89b36cc8-98a1-4a41-beed-c48d35e5de1d - - - - - -] Attempt 1 to provision port 928fc9cc-2a07-433d-8e3e-6c98b8281075
2026-07-02 06:17:20.369 9 INFO neutron.plugins.ml2.plugin [None req-461fcf7a-e1b9-4843-b151-6d8caf54ff11 - - - - - -] Attempt 1 to provision port 7da9c13d-7d1f-4326-8209-83cb51608ed5
2026-07-02 06:17:21.013 10 INFO neutron.plugins.ml2.plugin [None req-1bed8a23-71b4-4642-9d7f-db2dedfb9e4f - - - - - -] Attempt 1 to provision port c064e7ae-adad-4633-b4a3-30bb68db2f6f
2026-07-02 06:17:21.590 9 INFO neutron.plugins.ml2.plugin [None req-89b36cc8-98a1-4a41-beed-c48d35e5de1d - - - - - -] Attempt 1 to provision port 677e90a3-6c22-4078-aa73-1801b8487e82
2026-07-02 06:17:21.900 9 INFO neutron.plugins.ml2.plugin [None req-89b36cc8-98a1-4a41-beed-c48d35e5de1d - - - - - -] Attempt 1 to provision port 928fc9cc-2a07-433d-8e3e-6c98b8281075
2026-07-02 06:17:23.719 9 INFO neutron.plugins.ml2.plugin [None req-89b36cc8-98a1-4a41-beed-c48d35e5de1d - - - - - -] Attempt 1 to provision port eef39b47-452c-41cb-8077-09288925b400
2026-07-02 06:17:23.986 9 INFO neutron.notifiers.nova [-] Nova event matching ['req-21d894bb-f6a6-4d8c-ab7c-bb56c349f871'] response: {'server_uuid': 'f928b471-af88-4247-89ba-ffc90ffcddca', 'name': 'network-vif-plugged', 'status': 'completed', 'tag': 'eef39b47-452c-41cb-8077-09288925b400', 'code': 200}
2026-07-02 06:17:24.308 9 INFO neutron.plugins.ml2.plugin [None req-89b36cc8-98a1-4a41-beed-c48d35e5de1d - - - - - -] Attempt 1 to provision port c064e7ae-adad-4633-b4a3-30bb68db2f6f
2026-07-02 06:17:25.658 9 INFO neutron.plugins.ml2.plugin [None req-89b36cc8-98a1-4a41-beed-c48d35e5de1d - - - - - -] Attempt 1 to provision port eef39b47-452c-41cb-8077-09288925b400
2026-07-02 06:17:25.985 9 INFO neutron.plugins.ml2.plugin [None req-89b36cc8-98a1-4a41-beed-c48d35e5de1d - - - - - -] Attempt 1 to provision port c064e7ae-adad-4633-b4a3-30bb68db2f6f
2026-07-02 06:17:26.044 9 INFO neutron.notifiers.nova [-] Nova event matching ['req-847c38b9-c5f5-4cd5-88ea-44ff47962db4'] response: {'server_uuid': '2a5bbca4-86f7-43f9-b966-c1d4d000a178', 'name': 'network-vif-plugged', 'status': 'completed', 'tag': 'c064e7ae-adad-4633-b4a3-30bb68db2f6f', 'code': 200}
2026-07-02 06:17:27.662 10 INFO neutron.plugins.ml2.plugin [None req-89b36cc8-98a1-4a41-beed-c48d35e5de1d - - - - - -] Attempt 1 to provision port 8f39707d-7ba6-428e-bcc9-729b4d3fa043
2026-07-02 06:17:28.230 10 INFO neutron.plugins.ml2.plugin [None req-89b36cc8-98a1-4a41-beed-c48d35e5de1d - - - - - -] Attempt 1 to provision port 87ce573b-9f3b-4fed-aa0e-d8be89a37238
2026-07-02 06:17:29.813 10 INFO neutron.plugins.ml2.plugin [None req-89b36cc8-98a1-4a41-beed-c48d35e5de1d - - - - - -] Attempt 1 to provision port 8f39707d-7ba6-428e-bcc9-729b4d3fa043
2026-07-02 06:17:29.916 9 INFO neutron.plugins.ml2.plugin [None req-b99399ce-3dec-46b6-a130-a58fd7952aa4 - - - - - -] Attempt 1 to provision port d46acef4-6d22-47d1-9570-27e7222ab1dc
2026-07-02 06:17:30.117 10 INFO neutron.plugins.ml2.plugin [None req-89b36cc8-98a1-4a41-beed-c48d35e5de1d - - - - - -] Attempt 1 to provision port 87ce573b-9f3b-4fed-aa0e-d8be89a37238
2026-07-02 06:17:30.329 10 INFO neutron.plugins.ml2.plugin [None req-89b36cc8-98a1-4a41-beed-c48d35e5de1d - - - - - -] Attempt 1 to provision port 69091ec5-c65d-4f4b-bff0-aa49233f0a59
2026-07-02 06:17:30.675 10 INFO neutron.plugins.ml2.plugin [None req-89b36cc8-98a1-4a41-beed-c48d35e5de1d - - - - - -] Attempt 1 to provision port c9f912e8-d8d9-43e6-9e63-f1b67c3bf557
2026-07-02 06:17:30.687 9 INFO neutron.plugins.ml2.plugin [None req-cd1a53f2-0d55-4524-b065-0f2cf5872bd8 - - - - - -] Attempt 1 to provision port 30b774a0-8e33-4613-b5b5-b20e5d7b71ff
2026-07-02 06:17:31.037 10 INFO neutron.plugins.ml2.plugin [None req-89b36cc8-98a1-4a41-beed-c48d35e5de1d - - - - - -] Attempt 1 to provision port 30b774a0-8e33-4613-b5b5-b20e5d7b71ff
2026-07-02 06:17:31.639 10 INFO neutron.plugins.ml2.plugin [None req-89b36cc8-98a1-4a41-beed-c48d35e5de1d - - - - - -] Attempt 1 to provision port 30b774a0-8e33-4613-b5b5-b20e5d7b71ff
2026-07-02 06:17:32.004 10 INFO neutron.plugins.ml2.plugin [None req-89b36cc8-98a1-4a41-beed-c48d35e5de1d - - - - - -] Attempt 1 to provision port c9f912e8-d8d9-43e6-9e63-f1b67c3bf557
2026-07-02 06:17:32.295 10 INFO neutron.plugins.ml2.plugin [None req-89b36cc8-98a1-4a41-beed-c48d35e5de1d - - - - - -] Attempt 1 to provision port 69091ec5-c65d-4f4b-bff0-aa49233f0a59
2026-07-02 06:17:32.668 10 INFO neutron.plugins.ml2.plugin [None req-92f7930f-1895-4512-a6b5-58e182b3cebf - - - - - -] Attempt 1 to provision port 13fed98a-3a66-41bb-b2c7-3037b0bc340d
2026-07-02 06:17:33.151 10 INFO neutron.plugins.ml2.plugin [None req-17a9b2f2-a8fb-47a8-b9cd-016c0fca17f2 - - - - - -] Attempt 1 to provision port 13fed98a-3a66-41bb-b2c7-3037b0bc340d
2026-07-02 06:17:33.605 9 INFO neutron.plugins.ml2.plugin [None req-89b36cc8-98a1-4a41-beed-c48d35e5de1d - - - - - -] Attempt 1 to provision port 57efaa61-3b30-4f7b-9c2c-fdeb11c9e9a0
2026-07-02 06:17:35.603 10 INFO neutron.plugins.ml2.plugin [None req-89b36cc8-98a1-4a41-beed-c48d35e5de1d - - - - - -] Attempt 1 to provision port 57efaa61-3b30-4f7b-9c2c-fdeb11c9e9a0
2026-07-02 06:17:37.545 10 INFO neutron.plugins.ml2.plugin [None req-b1795e3f-8fa1-4c3f-808d-70a33990d931 - - - - - -] Attempt 1 to provision port 1f61b0d5-d1d4-46ea-9172-92f8cbde0588
2026-07-02 06:17:39.991 9 INFO neutron.plugins.ml2.plugin [None req-89b36cc8-98a1-4a41-beed-c48d35e5de1d - - - - - -] Attempt 1 to provision port 1f61b0d5-d1d4-46ea-9172-92f8cbde0588
2026-07-02 06:17:40.131 9 INFO neutron.notifiers.nova [-] Nova event matching ['req-8a1a71ed-2fca-43e4-8462-758ae7a79119'] response: {'server_uuid': '50813be4-8c2e-4851-b891-58385a4d02e2', 'name': 'network-vif-plugged', 'status': 'completed', 'tag': '1f61b0d5-d1d4-46ea-9172-92f8cbde0588', 'code': 200}
2026-07-02 06:17:41.707 10 INFO neutron.plugins.ml2.plugin [None req-89b36cc8-98a1-4a41-beed-c48d35e5de1d - - - - - -] Attempt 1 to provision port 1f61b0d5-d1d4-46ea-9172-92f8cbde0588
2026-07-02 06:17:43.644 9 INFO neutron.notifiers.nova [-] Nova event matching ['req-a9284b94-25d2-4a0d-afe6-0c8d3873340f'] response: {'server_uuid': '2a5bbca4-86f7-43f9-b966-c1d4d000a178', 'name': 'network-vif-unplugged', 'status': 'completed', 'tag': 'c064e7ae-adad-4633-b4a3-30bb68db2f6f', 'code': 200}
2026-07-02 06:17:44.460 9 INFO neutron.plugins.ml2.plugin [None req-89b36cc8-98a1-4a41-beed-c48d35e5de1d - - - - - -] Attempt 1 to provision port c064e7ae-adad-4633-b4a3-30bb68db2f6f
2026-07-02 06:17:45.782 9 INFO neutron.plugins.ml2.plugin [None req-89b36cc8-98a1-4a41-beed-c48d35e5de1d - - - - - -] Attempt 1 to provision port c064e7ae-adad-4633-b4a3-30bb68db2f6f
2026-07-02 06:17:45.797 9 INFO neutron.notifiers.nova [-] Nova event matching ['req-256cf668-21b1-4c49-b711-f6b748f75bed'] response: {'server_uuid': '2a5bbca4-86f7-43f9-b966-c1d4d000a178', 'name': 'network-vif-plugged', 'status': 'completed', 'tag': 'c064e7ae-adad-4633-b4a3-30bb68db2f6f', 'code': 200} /var/lib/openstack/lib/python3.10/site-packages/oslo_db/sqlalchemy/enginefacade.py:667: SAWarning: DELETE statement on table 'portsecuritybindings' expected to delete 1 row(s); 0 were matched. Please set confirm_deleted_rows=False within the mapper configuration to prevent this warning. self.session.flush() /var/lib/openstack/lib/python3.10/site-packages/oslo_db/sqlalchemy/enginefacade.py:667: SAWarning: DELETE statement on table 'ml2_port_bindings' expected to delete 1 row(s); 0 were matched. Please set confirm_deleted_rows=False within the mapper configuration to prevent this warning. self.session.flush() /var/lib/openstack/lib/python3.10/site-packages/oslo_db/sqlalchemy/enginefacade.py:667: SAWarning: DELETE statement on table 'ml2_port_binding_levels' expected to delete 1 row(s); 0 were matched. Please set confirm_deleted_rows=False within the mapper configuration to prevent this warning. self.session.flush() /var/lib/openstack/lib/python3.10/site-packages/oslo_db/sqlalchemy/enginefacade.py:667: SAWarning: DELETE statement on table 'ports' expected to delete 1 row(s); 0 were matched. Please set confirm_deleted_rows=False within the mapper configuration to prevent this warning. self.session.flush() /var/lib/openstack/lib/python3.10/site-packages/oslo_db/sqlalchemy/enginefacade.py:667: SAWarning: DELETE statement on table 'portsecuritybindings' expected to delete 1 row(s); 0 were matched. Please set confirm_deleted_rows=False within the mapper configuration to prevent this warning. self.session.flush() /var/lib/openstack/lib/python3.10/site-packages/oslo_db/sqlalchemy/enginefacade.py:667: SAWarning: DELETE statement on table 'ml2_port_bindings' expected to delete 1 row(s); 0 were matched. Please set confirm_deleted_rows=False within the mapper configuration to prevent this warning. self.session.flush() /var/lib/openstack/lib/python3.10/site-packages/oslo_db/sqlalchemy/enginefacade.py:667: SAWarning: DELETE statement on table 'ml2_port_binding_levels' expected to delete 1 row(s); 0 were matched. Please set confirm_deleted_rows=False within the mapper configuration to prevent this warning. self.session.flush() /var/lib/openstack/lib/python3.10/site-packages/oslo_db/sqlalchemy/enginefacade.py:667: SAWarning: DELETE statement on table 'ports' expected to delete 1 row(s); 0 were matched. Please set confirm_deleted_rows=False within the mapper configuration to prevent this warning. self.session.flush()
2026-07-02 06:18:01.846 9 INFO neutron.notifiers.nova [-] Nova event matching ['req-161262e4-f549-44c3-9691-67ab1a101dc6'] response: {'server_uuid': '2a5bbca4-86f7-43f9-b966-c1d4d000a178', 'name': 'network-vif-unplugged', 'status': 'completed', 'tag': 'c064e7ae-adad-4633-b4a3-30bb68db2f6f', 'code': 200}
2026-07-02 06:18:04.509 10 INFO neutron.plugins.ml2.plugin [None req-47818428-501b-40d4-b3b2-e9339849a8f1 - - - - - -] Attempt 1 to provision port e1a4b3e1-8df9-42e8-b2a3-6c41bf6ecb16
2026-07-02 06:18:07.822 9 INFO neutron.plugins.ml2.plugin [None req-89b36cc8-98a1-4a41-beed-c48d35e5de1d - - - - - -] Attempt 1 to provision port 93c44a5d-cec6-4206-a269-4908aef232ce
2026-07-02 06:18:09.754 10 INFO neutron.plugins.ml2.plugin [None req-89b36cc8-98a1-4a41-beed-c48d35e5de1d - - - - - -] Attempt 1 to provision port 3a7a6c0e-5324-4421-93f8-5301d56bd8b8
2026-07-02 06:18:10.309 10 INFO neutron.plugins.ml2.plugin [None req-e5b4f7af-c580-4d3a-b6ad-1b31114d2460 - - - - - -] Attempt 1 to provision port 289cbb53-9478-4ae9-93ca-d73129e21cb6
2026-07-02 06:18:10.336 10 INFO neutron.plugins.ml2.plugin [None req-89b36cc8-98a1-4a41-beed-c48d35e5de1d - - - - - -] Attempt 1 to provision port 93c44a5d-cec6-4206-a269-4908aef232ce
2026-07-02 06:18:10.352 10 INFO neutron.plugins.ml2.plugin [None req-e5b4f7af-c580-4d3a-b6ad-1b31114d2460 - - - - - -] Attempt 1 to provision port 3a7a6c0e-5324-4421-93f8-5301d56bd8b8
2026-07-02 06:18:10.860 9 INFO neutron.plugins.ml2.plugin [None req-47c1110f-2c18-4d30-811a-db3ef0168ada - - - - - -] Attempt 1 to provision port 289cbb53-9478-4ae9-93ca-d73129e21cb6
2026-07-02 06:18:11.221 9 INFO neutron.plugins.ml2.plugin [None req-9bc57199-5338-4272-826e-fa5e24a1ec00 - - - - - -] Attempt 1 to provision port 289cbb53-9478-4ae9-93ca-d73129e21cb6
2026-07-02 06:18:11.854 10 INFO neutron.plugins.ml2.plugin [None req-89b36cc8-98a1-4a41-beed-c48d35e5de1d - - - - - -] Attempt 1 to provision port 3a7a6c0e-5324-4421-93f8-5301d56bd8b8
2026-07-02 06:18:15.094 9 INFO neutron.plugins.ml2.plugin [None req-981900ce-9526-4477-93d9-31040bdece1a - - - - - -] Attempt 1 to provision port 7053d759-8809-4500-99f3-e41c21809075
2026-07-02 06:18:17.715 9 INFO neutron.plugins.ml2.plugin [None req-89b36cc8-98a1-4a41-beed-c48d35e5de1d - - - - - -] Attempt 1 to provision port 7053d759-8809-4500-99f3-e41c21809075
2026-07-02 06:18:17.879 9 INFO neutron.notifiers.nova [-] Nova event matching ['req-f60dbf60-8e5c-4ad9-8ba3-ae548e0f5e0c'] response: {'server_uuid': '8fc6657d-c28f-443e-a669-5fe6b5c00e9d', 'name': 'network-vif-plugged', 'status': 'completed', 'tag': '7053d759-8809-4500-99f3-e41c21809075', 'code': 200}
2026-07-02 06:18:19.687 9 INFO neutron.plugins.ml2.plugin [None req-ace5d4ca-e7b0-4c34-9918-e6ed1d6fa93e - - - - - -] Attempt 1 to provision port 02f3d51b-cdc1-4340-945e-4710fa5754fa
2026-07-02 06:18:19.731 10 INFO neutron.plugins.ml2.plugin [None req-89b36cc8-98a1-4a41-beed-c48d35e5de1d - - - - - -] Attempt 1 to provision port 7053d759-8809-4500-99f3-e41c21809075
2026-07-02 06:18:20.046 10 INFO neutron.plugins.ml2.plugin [None req-89b36cc8-98a1-4a41-beed-c48d35e5de1d - - - - - -] Attempt 1 to provision port 02f3d51b-cdc1-4340-945e-4710fa5754fa
2026-07-02 06:18:23.799 9 INFO neutron.plugins.ml2.plugin [None req-89b36cc8-98a1-4a41-beed-c48d35e5de1d - - - - - -] Attempt 1 to provision port 1760065b-77fc-42f3-abb4-946ae3b98359
2026-07-02 06:18:24.016 10 INFO neutron.plugins.ml2.plugin [None req-db13f050-1385-4264-a272-f2437fdb0d21 - - - - - -] Attempt 1 to provision port f0d15ea0-c10c-40d3-9593-dc5fd47866ca
2026-07-02 06:18:24.538 9 INFO neutron.plugins.ml2.plugin [None req-89b36cc8-98a1-4a41-beed-c48d35e5de1d - - - - - -] Attempt 1 to provision port 289cbb53-9478-4ae9-93ca-d73129e21cb6
2026-07-02 06:18:24.874 9 INFO neutron.plugins.ml2.plugin [None req-fe70adbf-92af-4000-81d5-8512611e7ee0 - - - - - -] Attempt 1 to provision port 1760065b-77fc-42f3-abb4-946ae3b98359
2026-07-02 06:18:24.931 9 INFO neutron.plugins.ml2.plugin [None req-89b36cc8-98a1-4a41-beed-c48d35e5de1d - - - - - -] Attempt 1 to provision port e1a4b3e1-8df9-42e8-b2a3-6c41bf6ecb16
2026-07-02 06:18:25.323 9 INFO neutron.plugins.ml2.plugin [None req-89b36cc8-98a1-4a41-beed-c48d35e5de1d - - - - - -] Attempt 1 to provision port f0d15ea0-c10c-40d3-9593-dc5fd47866ca
2026-07-02 06:18:25.824 9 INFO neutron.plugins.ml2.plugin [None req-00647001-bba6-4e1a-bc92-dee6f3e484e5 - - - - - -] Attempt 1 to provision port 00f606e6-5cef-430a-a0da-0ddddadba47f
2026-07-02 06:18:25.940 10 INFO neutron.plugins.ml2.plugin [None req-89b36cc8-98a1-4a41-beed-c48d35e5de1d - - - - - -] Attempt 1 to provision port 289cbb53-9478-4ae9-93ca-d73129e21cb6
2026-07-02 06:18:26.283 10 INFO neutron.plugins.ml2.plugin [None req-89b36cc8-98a1-4a41-beed-c48d35e5de1d - - - - - -] Attempt 1 to provision port e64a7967-8ccc-4c2d-8fc4-6c612cfd7945
2026-07-02 06:18:26.764 9 INFO neutron.plugins.ml2.plugin [None req-44f7321b-6647-412a-b967-88b65cf19231 - - - - - -] Attempt 1 to provision port e64a7967-8ccc-4c2d-8fc4-6c612cfd7945
2026-07-02 06:18:26.856 9 INFO neutron.plugins.ml2.plugin [None req-44f7321b-6647-412a-b967-88b65cf19231 - - - - - -] Attempt 1 to provision port 90b65750-a1f8-4ad8-8628-8e907c82ddaa
2026-07-02 06:18:26.892 10 INFO neutron.plugins.ml2.plugin [None req-89b36cc8-98a1-4a41-beed-c48d35e5de1d - - - - - -] Attempt 1 to provision port e1a4b3e1-8df9-42e8-b2a3-6c41bf6ecb16
2026-07-02 06:18:27.187 10 INFO neutron.plugins.ml2.plugin [None req-89b36cc8-98a1-4a41-beed-c48d35e5de1d - - - - - -] Attempt 1 to provision port 00f606e6-5cef-430a-a0da-0ddddadba47f
2026-07-02 06:18:27.257 10 INFO neutron.plugins.ml2.db [None req-89b36cc8-98a1-4a41-beed-c48d35e5de1d - - - - - -] No ports have port_id starting with 00f606e6-5cef-430a-a0da-0ddddadba47f
2026-07-02 06:18:30.306 9 INFO neutron.plugins.ml2.plugin [None req-dbd82204-ced5-4e8b-a20e-2469ec1909d1 - - - - - -] Attempt 1 to provision port 6f2918d6-2f5e-4311-aeab-3e37b0fe572a
2026-07-02 06:18:43.851 10 INFO neutron.plugins.ml2.plugin [None req-28cadf4b-5ad8-421e-b05f-3aa843da57f1 - - - - - -] Attempt 1 to provision port e675bf5e-e196-48d2-b1be-1ff44b322429
2026-07-02 06:18:45.812 10 INFO neutron.plugins.ml2.plugin [None req-89b36cc8-98a1-4a41-beed-c48d35e5de1d - - - - - -] Attempt 1 to provision port e675bf5e-e196-48d2-b1be-1ff44b322429
2026-07-02 06:18:45.956 10 INFO neutron.notifiers.nova [-] Nova event matching ['req-4f61c540-f14d-45c6-830e-8a85c3b806b2'] response: {'server_uuid': '50b03f11-2cb5-4a67-bc79-095af427bfb3', 'name': 'network-vif-plugged', 'status': 'completed', 'tag': 'e675bf5e-e196-48d2-b1be-1ff44b322429', 'code': 200}
2026-07-02 06:18:47.727 9 INFO neutron.plugins.ml2.plugin [None req-89b36cc8-98a1-4a41-beed-c48d35e5de1d - - - - - -] Attempt 1 to provision port e675bf5e-e196-48d2-b1be-1ff44b322429
2026-07-02 06:18:49.789 9 INFO neutron.plugins.ml2.plugin [None req-89b36cc8-98a1-4a41-beed-c48d35e5de1d - - - - - -] Attempt 1 to provision port 4b0fedc9-da6c-471a-98d4-0776d4203fc5
2026-07-02 06:18:50.314 9 ERROR neutron.plugins.ml2.managers [None req-dac7569f-5376-4ec4-b38c-e6b98273a5fe - - - - - -] Mechanism driver openvswitch failed in bind_port: neutron_lib.exceptions.SubnetNotFound: Subnet 5504cba6-4e6d-45ed-8f81-39edde52dcc6 could not be found.
2026-07-02 06:18:50.314 9 ERROR neutron.plugins.ml2.managers
Traceback (most recent call last):
2026-07-02 06:18:50.314 9 ERROR neutron.plugins.ml2.managers
File "/var/lib/openstack/lib/python3.10/site-packages/neutron/plugins/ml2/managers.py", line 866, in _bind_port_level
2026-07-02 06:18:50.314 9 ERROR neutron.plugins.ml2.managers driver.obj.bind_port(context)
2026-07-02 06:18:50.314 9 ERROR neutron.plugins.ml2.managers
File "/var/lib/openstack/lib/python3.10/site-packages/neutron/plugins/ml2/drivers/openvswitch/mech_driver/mech_openvswitch.py", line 133, in bind_port
2026-07-02 06:18:50.314 9 ERROR neutron.plugins.ml2.managers super(OpenvswitchMechanismDriver, self).bind_port(context)
2026-07-02 06:18:50.314 9 ERROR neutron.plugins.ml2.managers
File "/var/lib/openstack/lib/python3.10/site-packages/neutron/plugins/ml2/drivers/mech_agent.py", line 104, in bind_port
2026-07-02 06:18:50.314 9 ERROR neutron.plugins.ml2.managers subnets = self.get_subnets_from_fixed_ips(context)
2026-07-02 06:18:50.314 9 ERROR neutron.plugins.ml2.managers
File "/var/lib/openstack/lib/python3.10/site-packages/neutron/plugins/ml2/drivers/mech_agent.py", line 149, in get_subnets_from_fixed_ips
2026-07-02 06:18:50.314 9 ERROR neutron.plugins.ml2.managers subnets.append(context._plugin.get_subnet(
2026-07-02 06:18:50.314 9 ERROR neutron.plugins.ml2.managers
File "/var/lib/openstack/lib/python3.10/site-packages/neutron_lib/db/api.py", line 223, in wrapped
2026-07-02 06:18:50.314 9 ERROR neutron.plugins.ml2.managers return f_with_retry(*args, **kwargs,
2026-07-02 06:18:50.314 9 ERROR neutron.plugins.ml2.managers
File "/var/lib/openstack/lib/python3.10/site-packages/neutron_lib/db/api.py", line 137, in wrapped
2026-07-02 06:18:50.314 9 ERROR neutron.plugins.ml2.managers with excutils.save_and_reraise_exception():
2026-07-02 06:18:50.314 9 ERROR neutron.plugins.ml2.managers
File "/var/lib/openstack/lib/python3.10/site-packages/oslo_utils/excutils.py", line 227, in __exit__
2026-07-02 06:18:50.314 9 ERROR neutron.plugins.ml2.managers self.force_reraise()
2026-07-02 06:18:50.314 9 ERROR neutron.plugins.ml2.managers
File "/var/lib/openstack/lib/python3.10/site-packages/oslo_utils/excutils.py", line 200, in force_reraise
2026-07-02 06:18:50.314 9 ERROR neutron.plugins.ml2.managers raise self.value
2026-07-02 06:18:50.314 9 ERROR neutron.plugins.ml2.managers
File "/var/lib/openstack/lib/python3.10/site-packages/neutron_lib/db/api.py", line 135, in wrapped
2026-07-02 06:18:50.314 9 ERROR neutron.plugins.ml2.managers return f(*args, **kwargs)
2026-07-02 06:18:50.314 9 ERROR neutron.plugins.ml2.managers
File "/var/lib/openstack/lib/python3.10/site-packages/oslo_db/api.py", line 144, in wrapper
2026-07-02 06:18:50.314 9 ERROR neutron.plugins.ml2.managers with excutils.save_and_reraise_exception() as ectxt:
2026-07-02 06:18:50.314 9 ERROR neutron.plugins.ml2.managers
File "/var/lib/openstack/lib/python3.10/site-packages/oslo_utils/excutils.py", line 227, in __exit__
2026-07-02 06:18:50.314 9 ERROR neutron.plugins.ml2.managers self.force_reraise()
2026-07-02 06:18:50.314 9 ERROR neutron.plugins.ml2.managers
File "/var/lib/openstack/lib/python3.10/site-packages/oslo_utils/excutils.py", line 200, in force_reraise
2026-07-02 06:18:50.314 9 ERROR neutron.plugins.ml2.managers raise self.value
2026-07-02 06:18:50.314 9 ERROR neutron.plugins.ml2.managers
File "/var/lib/openstack/lib/python3.10/site-packages/oslo_db/api.py", line 142, in wrapper
2026-07-02 06:18:50.314 9 ERROR neutron.plugins.ml2.managers return f(*args, **kwargs)
2026-07-02 06:18:50.314 9 ERROR neutron.plugins.ml2.managers
File "/var/lib/openstack/lib/python3.10/site-packages/neutron_lib/db/api.py", line 183, in wrapped
2026-07-02 06:18:50.314 9 ERROR neutron.plugins.ml2.managers with excutils.save_and_reraise_exception():
2026-07-02 06:18:50.314 9 ERROR neutron.plugins.ml2.managers
File "/var/lib/openstack/lib/python3.10/site-packages/oslo_utils/excutils.py", line 227, in __exit__
2026-07-02 06:18:50.314 9 ERROR neutron.plugins.ml2.managers self.force_reraise()
2026-07-02 06:18:50.314 9 ERROR neutron.plugins.ml2.managers
File "/var/lib/openstack/lib/python3.10/site-packages/oslo_utils/excutils.py", line 200, in force_reraise
2026-07-02 06:18:50.314 9 ERROR neutron.plugins.ml2.managers raise self.value
2026-07-02 06:18:50.314 9 ERROR neutron.plugins.ml2.managers
File "/var/lib/openstack/lib/python3.10/site-packages/neutron_lib/db/api.py", line 181, in wrapped
2026-07-02 06:18:50.314 9 ERROR neutron.plugins.ml2.managers return f(*dup_args, **dup_kwargs)
2026-07-02 06:18:50.314 9 ERROR neutron.plugins.ml2.managers
File "/var/lib/openstack/lib/python3.10/site-packages/neutron/db/db_base_plugin_v2.py", line 1198, in get_subnet
2026-07-02 06:18:50.314 9 ERROR neutron.plugins.ml2.managers subnet_obj = self._get_subnet_object(context, id)
2026-07-02 06:18:50.314 9 ERROR neutron.plugins.ml2.managers
File "/var/lib/openstack/lib/python3.10/site-packages/neutron/db/db_base_plugin_common.py", line 282, in _get_subnet_object
2026-07-02 06:18:50.314 9 ERROR neutron.plugins.ml2.managers raise exceptions.SubnetNotFound(subnet_id=id)
2026-07-02 06:18:50.314 9 ERROR neutron.plugins.ml2.managers neutron_lib.exceptions.SubnetNotFound: Subnet 5504cba6-4e6d-45ed-8f81-39edde52dcc6 could not be found.
2026-07-02 06:18:50.314 9 ERROR neutron.plugins.ml2.managers 
2026-07-02 06:18:50.316 9 ERROR neutron.plugins.ml2.managers [None req-dac7569f-5376-4ec4-b38c-e6b98273a5fe - - - - - -] Failed to bind port 3820aeba-78c2-4615-a44e-5023e73752cc on host instance for vnic_type normal using segments [{'id': '4762f0af-63f2-4b77-8c79-9e4e56d7882c', 'network_type': 'vxlan', 'physical_network': None, 'segmentation_id': 942, 'network_id': '755d63dc-b47b-4ba2-aa5a-ccdd58674614'}]
2026-07-02 06:18:50.317 9 INFO neutron.plugins.ml2.plugin [None req-dac7569f-5376-4ec4-b38c-e6b98273a5fe - - - - - -] Attempt 2 to bind port 3820aeba-78c2-4615-a44e-5023e73752cc
2026-07-02 06:18:50.336 9 ERROR neutron.plugins.ml2.managers [None req-dac7569f-5376-4ec4-b38c-e6b98273a5fe - - - - - -] Mechanism driver openvswitch failed in bind_port: neutron_lib.exceptions.SubnetNotFound: Subnet 5504cba6-4e6d-45ed-8f81-39edde52dcc6 could not be found.
2026-07-02 06:18:50.336 9 ERROR neutron.plugins.ml2.managers
Traceback (most recent call last):
2026-07-02 06:18:50.336 9 ERROR neutron.plugins.ml2.managers
File "/var/lib/openstack/lib/python3.10/site-packages/neutron/plugins/ml2/managers.py", line 866, in _bind_port_level
2026-07-02 06:18:50.336 9 ERROR neutron.plugins.ml2.managers driver.obj.bind_port(context)
2026-07-02 06:18:50.336 9 ERROR neutron.plugins.ml2.managers
File "/var/lib/openstack/lib/python3.10/site-packages/neutron/plugins/ml2/drivers/openvswitch/mech_driver/mech_openvswitch.py", line 133, in bind_port
2026-07-02 06:18:50.336 9 ERROR neutron.plugins.ml2.managers super(OpenvswitchMechanismDriver, self).bind_port(context)
2026-07-02 06:18:50.336 9 ERROR neutron.plugins.ml2.managers
File "/var/lib/openstack/lib/python3.10/site-packages/neutron/plugins/ml2/drivers/mech_agent.py", line 104, in bind_port
2026-07-02 06:18:50.336 9 ERROR neutron.plugins.ml2.managers subnets = self.get_subnets_from_fixed_ips(context)
2026-07-02 06:18:50.336 9 ERROR neutron.plugins.ml2.managers
File "/var/lib/openstack/lib/python3.10/site-packages/neutron/plugins/ml2/drivers/mech_agent.py", line 149, in get_subnets_from_fixed_ips
2026-07-02 06:18:50.336 9 ERROR neutron.plugins.ml2.managers subnets.append(context._plugin.get_subnet(
2026-07-02 06:18:50.336 9 ERROR neutron.plugins.ml2.managers
File "/var/lib/openstack/lib/python3.10/site-packages/neutron_lib/db/api.py", line 223, in wrapped
2026-07-02 06:18:50.336 9 ERROR neutron.plugins.ml2.managers return f_with_retry(*args, **kwargs,
2026-07-02 06:18:50.336 9 ERROR neutron.plugins.ml2.managers
File "/var/lib/openstack/lib/python3.10/site-packages/neutron_lib/db/api.py", line 137, in wrapped
2026-07-02 06:18:50.336 9 ERROR neutron.plugins.ml2.managers with excutils.save_and_reraise_exception():
2026-07-02 06:18:50.336 9 ERROR neutron.plugins.ml2.managers
File "/var/lib/openstack/lib/python3.10/site-packages/oslo_utils/excutils.py", line 227, in __exit__
2026-07-02 06:18:50.336 9 ERROR neutron.plugins.ml2.managers self.force_reraise()
2026-07-02 06:18:50.336 9 ERROR neutron.plugins.ml2.managers
File "/var/lib/openstack/lib/python3.10/site-packages/oslo_utils/excutils.py", line 200, in force_reraise
2026-07-02 06:18:50.336 9 ERROR neutron.plugins.ml2.managers raise self.value
2026-07-02 06:18:50.336 9 ERROR neutron.plugins.ml2.managers
File "/var/lib/openstack/lib/python3.10/site-packages/neutron_lib/db/api.py", line 135, in wrapped
2026-07-02 06:18:50.336 9 ERROR neutron.plugins.ml2.managers return f(*args, **kwargs)
2026-07-02 06:18:50.336 9 ERROR neutron.plugins.ml2.managers
File "/var/lib/openstack/lib/python3.10/site-packages/oslo_db/api.py", line 144, in wrapper
2026-07-02 06:18:50.336 9 ERROR neutron.plugins.ml2.managers with excutils.save_and_reraise_exception() as ectxt:
2026-07-02 06:18:50.336 9 ERROR neutron.plugins.ml2.managers
File "/var/lib/openstack/lib/python3.10/site-packages/oslo_utils/excutils.py", line 227, in __exit__
2026-07-02 06:18:50.336 9 ERROR neutron.plugins.ml2.managers self.force_reraise()
2026-07-02 06:18:50.336 9 ERROR neutron.plugins.ml2.managers
File "/var/lib/openstack/lib/python3.10/site-packages/oslo_utils/excutils.py", line 200, in force_reraise
2026-07-02 06:18:50.336 9 ERROR neutron.plugins.ml2.managers raise self.value
2026-07-02 06:18:50.336 9 ERROR neutron.plugins.ml2.managers
File "/var/lib/openstack/lib/python3.10/site-packages/oslo_db/api.py", line 142, in wrapper
2026-07-02 06:18:50.336 9 ERROR neutron.plugins.ml2.managers return f(*args, **kwargs)
2026-07-02 06:18:50.336 9 ERROR neutron.plugins.ml2.managers
File "/var/lib/openstack/lib/python3.10/site-packages/neutron_lib/db/api.py", line 183, in wrapped
2026-07-02 06:18:50.336 9 ERROR neutron.plugins.ml2.managers with excutils.save_and_reraise_exception():
2026-07-02 06:18:50.336 9 ERROR neutron.plugins.ml2.managers
File "/var/lib/openstack/lib/python3.10/site-packages/oslo_utils/excutils.py", line 227, in __exit__
2026-07-02 06:18:50.336 9 ERROR neutron.plugins.ml2.managers self.force_reraise()
2026-07-02 06:18:50.336 9 ERROR neutron.plugins.ml2.managers
File "/var/lib/openstack/lib/python3.10/site-packages/oslo_utils/excutils.py", line 200, in force_reraise
2026-07-02 06:18:50.336 9 ERROR neutron.plugins.ml2.managers raise self.value
2026-07-02 06:18:50.336 9 ERROR neutron.plugins.ml2.managers
File "/var/lib/openstack/lib/python3.10/site-packages/neutron_lib/db/api.py", line 181, in wrapped
2026-07-02 06:18:50.336 9 ERROR neutron.plugins.ml2.managers return f(*dup_args, **dup_kwargs)
2026-07-02 06:18:50.336 9 ERROR neutron.plugins.ml2.managers
File "/var/lib/openstack/lib/python3.10/site-packages/neutron/db/db_base_plugin_v2.py", line 1198, in get_subnet
2026-07-02 06:18:50.336 9 ERROR neutron.plugins.ml2.managers subnet_obj = self._get_subnet_object(context, id)
2026-07-02 06:18:50.336 9 ERROR neutron.plugins.ml2.managers
File "/var/lib/openstack/lib/python3.10/site-packages/neutron/db/db_base_plugin_common.py", line 282, in _get_subnet_object
2026-07-02 06:18:50.336 9 ERROR neutron.plugins.ml2.managers raise exceptions.SubnetNotFound(subnet_id=id)
2026-07-02 06:18:50.336 9 ERROR neutron.plugins.ml2.managers neutron_lib.exceptions.SubnetNotFound: Subnet 5504cba6-4e6d-45ed-8f81-39edde52dcc6 could not be found.
2026-07-02 06:18:50.336 9 ERROR neutron.plugins.ml2.managers 
2026-07-02 06:18:50.337 9 ERROR neutron.plugins.ml2.managers [None req-dac7569f-5376-4ec4-b38c-e6b98273a5fe - - - - - -] Failed to bind port 3820aeba-78c2-4615-a44e-5023e73752cc on host instance for vnic_type normal using segments [{'id': '4762f0af-63f2-4b77-8c79-9e4e56d7882c', 'network_type': 'vxlan', 'physical_network': None, 'segmentation_id': 942, 'network_id': '755d63dc-b47b-4ba2-aa5a-ccdd58674614'}]
2026-07-02 06:18:50.337 9 INFO neutron.plugins.ml2.plugin [None req-dac7569f-5376-4ec4-b38c-e6b98273a5fe - - - - - -] Attempt 3 to bind port 3820aeba-78c2-4615-a44e-5023e73752cc
2026-07-02 06:18:50.355 9 ERROR neutron.plugins.ml2.managers [None req-dac7569f-5376-4ec4-b38c-e6b98273a5fe - - - - - -] Mechanism driver openvswitch failed in bind_port: neutron_lib.exceptions.SubnetNotFound: Subnet 5504cba6-4e6d-45ed-8f81-39edde52dcc6 could not be found.
2026-07-02 06:18:50.355 9 ERROR neutron.plugins.ml2.managers
Traceback (most recent call last):
2026-07-02 06:18:50.355 9 ERROR neutron.plugins.ml2.managers
File "/var/lib/openstack/lib/python3.10/site-packages/neutron/plugins/ml2/managers.py", line 866, in _bind_port_level
2026-07-02 06:18:50.355 9 ERROR neutron.plugins.ml2.managers driver.obj.bind_port(context)
2026-07-02 06:18:50.355 9 ERROR neutron.plugins.ml2.managers
File "/var/lib/openstack/lib/python3.10/site-packages/neutron/plugins/ml2/drivers/openvswitch/mech_driver/mech_openvswitch.py", line 133, in bind_port
2026-07-02 06:18:50.355 9 ERROR neutron.plugins.ml2.managers super(OpenvswitchMechanismDriver, self).bind_port(context)
2026-07-02 06:18:50.355 9 ERROR neutron.plugins.ml2.managers
File "/var/lib/openstack/lib/python3.10/site-packages/neutron/plugins/ml2/drivers/mech_agent.py", line 104, in bind_port
2026-07-02 06:18:50.355 9 ERROR neutron.plugins.ml2.managers subnets = self.get_subnets_from_fixed_ips(context)
2026-07-02 06:18:50.355 9 ERROR neutron.plugins.ml2.managers
File "/var/lib/openstack/lib/python3.10/site-packages/neutron/plugins/ml2/drivers/mech_agent.py", line 149, in get_subnets_from_fixed_ips
2026-07-02 06:18:50.355 9 ERROR neutron.plugins.ml2.managers subnets.append(context._plugin.get_subnet(
2026-07-02 06:18:50.355 9 ERROR neutron.plugins.ml2.managers
File "/var/lib/openstack/lib/python3.10/site-packages/neutron_lib/db/api.py", line 223, in wrapped
2026-07-02 06:18:50.355 9 ERROR neutron.plugins.ml2.managers return f_with_retry(*args, **kwargs,
2026-07-02 06:18:50.355 9 ERROR neutron.plugins.ml2.managers
File "/var/lib/openstack/lib/python3.10/site-packages/neutron_lib/db/api.py", line 137, in wrapped
2026-07-02 06:18:50.355 9 ERROR neutron.plugins.ml2.managers with excutils.save_and_reraise_exception():
2026-07-02 06:18:50.355 9 ERROR neutron.plugins.ml2.managers
File "/var/lib/openstack/lib/python3.10/site-packages/oslo_utils/excutils.py", line 227, in __exit__
2026-07-02 06:18:50.355 9 ERROR neutron.plugins.ml2.managers self.force_reraise()
2026-07-02 06:18:50.355 9 ERROR neutron.plugins.ml2.managers
File "/var/lib/openstack/lib/python3.10/site-packages/oslo_utils/excutils.py", line 200, in force_reraise
2026-07-02 06:18:50.355 9 ERROR neutron.plugins.ml2.managers raise self.value
2026-07-02 06:18:50.355 9 ERROR neutron.plugins.ml2.managers
File "/var/lib/openstack/lib/python3.10/site-packages/neutron_lib/db/api.py", line 135, in wrapped
2026-07-02 06:18:50.355 9 ERROR neutron.plugins.ml2.managers return f(*args, **kwargs)
2026-07-02 06:18:50.355 9 ERROR neutron.plugins.ml2.managers
File "/var/lib/openstack/lib/python3.10/site-packages/oslo_db/api.py", line 144, in wrapper
2026-07-02 06:18:50.355 9 ERROR neutron.plugins.ml2.managers with excutils.save_and_reraise_exception() as ectxt:
2026-07-02 06:18:50.355 9 ERROR neutron.plugins.ml2.managers
File "/var/lib/openstack/lib/python3.10/site-packages/oslo_utils/excutils.py", line 227, in __exit__
2026-07-02 06:18:50.355 9 ERROR neutron.plugins.ml2.managers self.force_reraise()
2026-07-02 06:18:50.355 9 ERROR neutron.plugins.ml2.managers
File "/var/lib/openstack/lib/python3.10/site-packages/oslo_utils/excutils.py", line 200, in force_reraise
2026-07-02 06:18:50.355 9 ERROR neutron.plugins.ml2.managers raise self.value
2026-07-02 06:18:50.355 9 ERROR neutron.plugins.ml2.managers
File "/var/lib/openstack/lib/python3.10/site-packages/oslo_db/api.py", line 142, in wrapper
2026-07-02 06:18:50.355 9 ERROR neutron.plugins.ml2.managers return f(*args, **kwargs)
2026-07-02 06:18:50.355 9 ERROR neutron.plugins.ml2.managers
File "/var/lib/openstack/lib/python3.10/site-packages/neutron_lib/db/api.py", line 183, in wrapped
2026-07-02 06:18:50.355 9 ERROR neutron.plugins.ml2.managers with excutils.save_and_reraise_exception():
2026-07-02 06:18:50.355 9 ERROR neutron.plugins.ml2.managers
File "/var/lib/openstack/lib/python3.10/site-packages/oslo_utils/excutils.py", line 227, in __exit__
2026-07-02 06:18:50.355 9 ERROR neutron.plugins.ml2.managers self.force_reraise()
2026-07-02 06:18:50.355 9 ERROR neutron.plugins.ml2.managers
File "/var/lib/openstack/lib/python3.10/site-packages/oslo_utils/excutils.py", line 200, in force_reraise
2026-07-02 06:18:50.355 9 ERROR neutron.plugins.ml2.managers raise self.value
2026-07-02 06:18:50.355 9 ERROR neutron.plugins.ml2.managers
File "/var/lib/openstack/lib/python3.10/site-packages/neutron_lib/db/api.py", line 181, in wrapped
2026-07-02 06:18:50.355 9 ERROR neutron.plugins.ml2.managers return f(*dup_args, **dup_kwargs)
2026-07-02 06:18:50.355 9 ERROR neutron.plugins.ml2.managers
File "/var/lib/openstack/lib/python3.10/site-packages/neutron/db/db_base_plugin_v2.py", line 1198, in get_subnet
2026-07-02 06:18:50.355 9 ERROR neutron.plugins.ml2.managers subnet_obj = self._get_subnet_object(context, id)
2026-07-02 06:18:50.355 9 ERROR neutron.plugins.ml2.managers
File "/var/lib/openstack/lib/python3.10/site-packages/neutron/db/db_base_plugin_common.py", line 282, in _get_subnet_object
2026-07-02 06:18:50.355 9 ERROR neutron.plugins.ml2.managers raise exceptions.SubnetNotFound(subnet_id=id)
2026-07-02 06:18:50.355 9 ERROR neutron.plugins.ml2.managers neutron_lib.exceptions.SubnetNotFound: Subnet 5504cba6-4e6d-45ed-8f81-39edde52dcc6 could not be found.
2026-07-02 06:18:50.355 9 ERROR neutron.plugins.ml2.managers 
2026-07-02 06:18:50.356 9 ERROR neutron.plugins.ml2.managers [None req-dac7569f-5376-4ec4-b38c-e6b98273a5fe - - - - - -] Failed to bind port 3820aeba-78c2-4615-a44e-5023e73752cc on host instance for vnic_type normal using segments [{'id': '4762f0af-63f2-4b77-8c79-9e4e56d7882c', 'network_type': 'vxlan', 'physical_network': None, 'segmentation_id': 942, 'network_id': '755d63dc-b47b-4ba2-aa5a-ccdd58674614'}]
2026-07-02 06:18:50.356 9 INFO neutron.plugins.ml2.plugin [None req-dac7569f-5376-4ec4-b38c-e6b98273a5fe - - - - - -] Attempt 4 to bind port 3820aeba-78c2-4615-a44e-5023e73752cc
2026-07-02 06:18:50.377 9 ERROR neutron.plugins.ml2.managers [None req-dac7569f-5376-4ec4-b38c-e6b98273a5fe - - - - - -] Mechanism driver openvswitch failed in bind_port: neutron_lib.exceptions.SubnetNotFound: Subnet 5504cba6-4e6d-45ed-8f81-39edde52dcc6 could not be found.
2026-07-02 06:18:50.377 9 ERROR neutron.plugins.ml2.managers
Traceback (most recent call last):
2026-07-02 06:18:50.377 9 ERROR neutron.plugins.ml2.managers
File "/var/lib/openstack/lib/python3.10/site-packages/neutron/plugins/ml2/managers.py", line 866, in _bind_port_level
2026-07-02 06:18:50.377 9 ERROR neutron.plugins.ml2.managers driver.obj.bind_port(context)
2026-07-02 06:18:50.377 9 ERROR neutron.plugins.ml2.managers
File "/var/lib/openstack/lib/python3.10/site-packages/neutron/plugins/ml2/drivers/openvswitch/mech_driver/mech_openvswitch.py", line 133, in bind_port
2026-07-02 06:18:50.377 9 ERROR neutron.plugins.ml2.managers super(OpenvswitchMechanismDriver, self).bind_port(context)
2026-07-02 06:18:50.377 9 ERROR neutron.plugins.ml2.managers
File "/var/lib/openstack/lib/python3.10/site-packages/neutron/plugins/ml2/drivers/mech_agent.py", line 104, in bind_port
2026-07-02 06:18:50.377 9 ERROR neutron.plugins.ml2.managers subnets = self.get_subnets_from_fixed_ips(context)
2026-07-02 06:18:50.377 9 ERROR neutron.plugins.ml2.managers
File "/var/lib/openstack/lib/python3.10/site-packages/neutron/plugins/ml2/drivers/mech_agent.py", line 149, in get_subnets_from_fixed_ips
2026-07-02 06:18:50.377 9 ERROR neutron.plugins.ml2.managers subnets.append(context._plugin.get_subnet(
2026-07-02 06:18:50.377 9 ERROR neutron.plugins.ml2.managers
File "/var/lib/openstack/lib/python3.10/site-packages/neutron_lib/db/api.py", line 223, in wrapped
2026-07-02 06:18:50.377 9 ERROR neutron.plugins.ml2.managers return f_with_retry(*args, **kwargs,
2026-07-02 06:18:50.377 9 ERROR neutron.plugins.ml2.managers
File "/var/lib/openstack/lib/python3.10/site-packages/neutron_lib/db/api.py", line 137, in wrapped
2026-07-02 06:18:50.377 9 ERROR neutron.plugins.ml2.managers with excutils.save_and_reraise_exception():
2026-07-02 06:18:50.377 9 ERROR neutron.plugins.ml2.managers
File "/var/lib/openstack/lib/python3.10/site-packages/oslo_utils/excutils.py", line 227, in __exit__
2026-07-02 06:18:50.377 9 ERROR neutron.plugins.ml2.managers self.force_reraise()
2026-07-02 06:18:50.377 9 ERROR neutron.plugins.ml2.managers
File "/var/lib/openstack/lib/python3.10/site-packages/oslo_utils/excutils.py", line 200, in force_reraise
2026-07-02 06:18:50.377 9 ERROR neutron.plugins.ml2.managers raise self.value
2026-07-02 06:18:50.377 9 ERROR neutron.plugins.ml2.managers
File "/var/lib/openstack/lib/python3.10/site-packages/neutron_lib/db/api.py", line 135, in wrapped
2026-07-02 06:18:50.377 9 ERROR neutron.plugins.ml2.managers return f(*args, **kwargs)
2026-07-02 06:18:50.377 9 ERROR neutron.plugins.ml2.managers
File "/var/lib/openstack/lib/python3.10/site-packages/oslo_db/api.py", line 144, in wrapper
2026-07-02 06:18:50.377 9 ERROR neutron.plugins.ml2.managers with excutils.save_and_reraise_exception() as ectxt:
2026-07-02 06:18:50.377 9 ERROR neutron.plugins.ml2.managers
File "/var/lib/openstack/lib/python3.10/site-packages/oslo_utils/excutils.py", line 227, in __exit__
2026-07-02 06:18:50.377 9 ERROR neutron.plugins.ml2.managers self.force_reraise()
2026-07-02 06:18:50.377 9 ERROR neutron.plugins.ml2.managers
File "/var/lib/openstack/lib/python3.10/site-packages/oslo_utils/excutils.py", line 200, in force_reraise
2026-07-02 06:18:50.377 9 ERROR neutron.plugins.ml2.managers raise self.value
2026-07-02 06:18:50.377 9 ERROR neutron.plugins.ml2.managers
File "/var/lib/openstack/lib/python3.10/site-packages/oslo_db/api.py", line 142, in wrapper
2026-07-02 06:18:50.377 9 ERROR neutron.plugins.ml2.managers return f(*args, **kwargs)
2026-07-02 06:18:50.377 9 ERROR neutron.plugins.ml2.managers
File "/var/lib/openstack/lib/python3.10/site-packages/neutron_lib/db/api.py", line 183, in wrapped
