Apr 10 22:50:22.006166 np0000164956 devstack@neutron-api.service[104669]: DEBUG neutron.manager [None req-7e7992ee-7aa1-46e6-86b6-be245d508b8c None None] Successfully loaded L3_ROUTER_NAT plugin. Description: L3 Router Service Plugin for basic L3 forwarding using OVN {{(pid=104669) _create_and_add_service_plugin /opt/stack/neutron/neutron/manager.py:239}}
Apr 10 22:50:22.006560 np0000164956 devstack@neutron-api.service[104668]: DEBUG neutron_lib.callbacks.manager [None req-7d5a5a68-b063-45e6-90c8-0e1c5bf478b9 None None] Subscribe: > process before_spawn 55550000, False {{(pid=104668) subscribe /opt/stack/data/venv/lib/python3.12/site-packages/neutron_lib/callbacks/manager.py:52}}
Apr 10 22:50:22.006792 np0000164956 devstack@neutron-api.service[104669]: INFO neutron.manager [None req-7e7992ee-7aa1-46e6-86b6-be245d508b8c None None] Loading Plugin: auto_allocate
Apr 10 22:50:22.006994 np0000164956 devstack@neutron-api.service[104668]: DEBUG neutron_lib.callbacks.manager [None req-7d5a5a68-b063-45e6-90c8-0e1c5bf478b9 None None] Subscribe: > process after_init 55550000, True {{(pid=104668) subscribe /opt/stack/data/venv/lib/python3.12/site-packages/neutron_lib/callbacks/manager.py:52}}
Apr 10 22:50:22.006994 np0000164956 devstack@neutron-api.service[104668]: DEBUG neutron_lib.callbacks.manager [None req-7d5a5a68-b063-45e6-90c8-0e1c5bf478b9 None None] Subscribe: > segment after_create 55550000, False {{(pid=104668) subscribe /opt/stack/data/venv/lib/python3.12/site-packages/neutron_lib/callbacks/manager.py:52}}
Apr 10 22:50:22.006994 np0000164956 devstack@neutron-api.service[104668]: DEBUG neutron_lib.callbacks.manager [None req-7d5a5a68-b063-45e6-90c8-0e1c5bf478b9 None None] Subscribe: > segment after_create 55550000, False {{(pid=104668) subscribe /opt/stack/data/venv/lib/python3.12/site-packages/neutron_lib/callbacks/manager.py:52}}
Apr 10 22:50:22.006994 np0000164956 devstack@neutron-api.service[104668]: DEBUG neutron_lib.callbacks.manager [None req-7d5a5a68-b063-45e6-90c8-0e1c5bf478b9 None None] Subscribe: > segment after_delete 55550000, False {{(pid=104668) subscribe /opt/stack/data/venv/lib/python3.12/site-packages/neutron_lib/callbacks/manager.py:52}}
Apr 10 22:50:22.007161 np0000164956 devstack@neutron-api.service[104668]: DEBUG neutron_lib.callbacks.manager [None req-7d5a5a68-b063-45e6-90c8-0e1c5bf478b9 None None] Subscribe: > allowed_address_pair before_create 55550000, False {{(pid=104668) subscribe /opt/stack/data/venv/lib/python3.12/site-packages/neutron_lib/callbacks/manager.py:52}}
Apr 10 22:50:22.007161 np0000164956 devstack@neutron-api.service[104668]: DEBUG neutron_lib.callbacks.manager [None req-7d5a5a68-b063-45e6-90c8-0e1c5bf478b9 None None] Subscribe: > security_group precommit_create 55550000, False {{(pid=104668) subscribe /opt/stack/data/venv/lib/python3.12/site-packages/neutron_lib/callbacks/manager.py:52}}
Apr 10 22:50:22.007161 np0000164956 devstack@neutron-api.service[104668]: DEBUG neutron_lib.callbacks.manager [None req-7d5a5a68-b063-45e6-90c8-0e1c5bf478b9 None None] Subscribe: > security_group after_update 55550000, False {{(pid=104668) subscribe /opt/stack/data/venv/lib/python3.12/site-packages/neutron_lib/callbacks/manager.py:52}}
Apr 10 22:50:22.007161 np0000164956 devstack@neutron-api.service[104668]: DEBUG neutron_lib.callbacks.manager [None req-7d5a5a68-b063-45e6-90c8-0e1c5bf478b9 None None] Subscribe: > security_group after_create 55550000, False {{(pid=104668) subscribe /opt/stack/data/venv/lib/python3.12/site-packages/neutron_lib/callbacks/manager.py:52}}
Apr 10 22:50:22.007302 np0000164956 devstack@neutron-api.service[104669]: DEBUG neutron_lib.callbacks.manager [None req-7e7992ee-7aa1-46e6-86b6-be245d508b8c None None] Subscribe: network precommit_update 55550000, False {{(pid=104669) subscribe /opt/stack/data/venv/lib/python3.12/site-packages/neutron_lib/callbacks/manager.py:52}}
Apr 10 22:50:22.007353 np0000164956 devstack@neutron-api.service[104668]: DEBUG neutron_lib.callbacks.manager [None req-7d5a5a68-b063-45e6-90c8-0e1c5bf478b9 None None] Subscribe: > security_group precommit_delete 55550000, False {{(pid=104668) subscribe /opt/stack/data/venv/lib/python3.12/site-packages/neutron_lib/callbacks/manager.py:52}}
Apr 10 22:50:22.007380 np0000164956 devstack@neutron-api.service[104669]: DEBUG neutron_lib.callbacks.manager [None req-7e7992ee-7aa1-46e6-86b6-be245d508b8c None None] Subscribe: network precommit_create 55550000, False {{(pid=104669) subscribe /opt/stack/data/venv/lib/python3.12/site-packages/neutron_lib/callbacks/manager.py:52}}
Apr 10 22:50:22.007437 np0000164956 devstack@neutron-api.service[104668]: DEBUG neutron_lib.callbacks.manager [None req-7d5a5a68-b063-45e6-90c8-0e1c5bf478b9 None None] Subscribe: > security_group after_delete 55550000, False {{(pid=104668) subscribe /opt/stack/data/venv/lib/python3.12/site-packages/neutron_lib/callbacks/manager.py:52}}
Apr 10 22:50:22.007437 np0000164956 devstack@neutron-api.service[104668]: DEBUG neutron_lib.callbacks.manager [None req-7d5a5a68-b063-45e6-90c8-0e1c5bf478b9 None None] Subscribe: > security_group_rule precommit_create 55550000, False {{(pid=104668) subscribe /opt/stack/data/venv/lib/python3.12/site-packages/neutron_lib/callbacks/manager.py:52}}
Apr 10 22:50:22.007485 np0000164956 devstack@neutron-api.service[104669]: DEBUG neutron.manager [None req-7e7992ee-7aa1-46e6-86b6-be245d508b8c None None] Successfully loaded auto-allocated-topology plugin. Description: Auto Allocated Topology - aka get me a network. {{(pid=104669) _create_and_add_service_plugin /opt/stack/neutron/neutron/manager.py:239}}
Apr 10 22:50:22.007534 np0000164956 devstack@neutron-api.service[104668]: DEBUG neutron_lib.callbacks.manager [None req-7d5a5a68-b063-45e6-90c8-0e1c5bf478b9 None None] Subscribe: > security_group_rule after_create 55550000, False {{(pid=104668) subscribe /opt/stack/data/venv/lib/python3.12/site-packages/neutron_lib/callbacks/manager.py:52}}
Apr 10 22:50:22.007612 np0000164956 devstack@neutron-api.service[104669]: INFO neutron.manager [None req-7e7992ee-7aa1-46e6-86b6-be245d508b8c None None] Loading Plugin: tag
Apr 10 22:50:22.007637 np0000164956 devstack@neutron-api.service[104668]: DEBUG neutron_lib.callbacks.manager [None req-7d5a5a68-b063-45e6-90c8-0e1c5bf478b9 None None] Subscribe: > security_group_rule before_delete 55550000, False {{(pid=104668) subscribe /opt/stack/data/venv/lib/python3.12/site-packages/neutron_lib/callbacks/manager.py:52}}
Apr 10 22:50:22.007637 np0000164956 devstack@neutron-api.service[104668]: DEBUG neutron_lib.callbacks.manager [None req-7d5a5a68-b063-45e6-90c8-0e1c5bf478b9 None None] Subscribe: > address_group after_create 55550000, False {{(pid=104668) subscribe /opt/stack/data/venv/lib/python3.12/site-packages/neutron_lib/callbacks/manager.py:52}}
Apr 10 22:50:22.007637 np0000164956 devstack@neutron-api.service[104668]: DEBUG neutron_lib.callbacks.manager [None req-7d5a5a68-b063-45e6-90c8-0e1c5bf478b9 None None] Subscribe: > address_group after_update 55550000, False {{(pid=104668) subscribe /opt/stack/data/venv/lib/python3.12/site-packages/neutron_lib/callbacks/manager.py:52}}
Apr 10 22:50:22.007637 np0000164956 devstack@neutron-api.service[104668]: DEBUG neutron_lib.callbacks.manager [None req-7d5a5a68-b063-45e6-90c8-0e1c5bf478b9 None None] Subscribe: > address_group after_delete 55550000, False {{(pid=104668) subscribe /opt/stack/data/venv/lib/python3.12/site-packages/neutron_lib/callbacks/manager.py:52}}
Apr 10 22:50:22.007779 np0000164956 devstack@neutron-api.service[104668]: DEBUG neutron_lib.callbacks.manager [None req-7d5a5a68-b063-45e6-90c8-0e1c5bf478b9 None None] Subscribe: > qos_plugin after_init 55550000, False {{(pid=104668) subscribe /opt/stack/data/venv/lib/python3.12/site-packages/neutron_lib/callbacks/manager.py:52}}
Apr 10 22:50:22.007830 np0000164956 devstack@neutron-api.service[104668]: DEBUG neutron_lib.callbacks.manager [None req-7d5a5a68-b063-45e6-90c8-0e1c5bf478b9 None None] Subscribe: > trunk_plugin after_init 55550000, False {{(pid=104668) subscribe /opt/stack/data/venv/lib/python3.12/site-packages/neutron_lib/callbacks/manager.py:52}}
Apr 10 22:50:22.008809 np0000164956 devstack@neutron-api.service[104668]: DEBUG neutron_lib.callbacks.manager [None req-7d5a5a68-b063-45e6-90c8-0e1c5bf478b9 None None] Subscribe: > logging-plugin after_init 55550000, False {{(pid=104668) subscribe /opt/stack/data/venv/lib/python3.12/site-packages/neutron_lib/callbacks/manager.py:52}}
Apr 10 22:50:22.008809 np0000164956 devstack@neutron-api.service[104668]: INFO neutron.services.logapi.drivers.ovn.driver [None req-7d5a5a68-b063-45e6-90c8-0e1c5bf478b9 None None] OVN logging driver registered
Apr 10 22:50:22.009786 np0000164956 devstack@neutron-api.service[104669]: DEBUG neutron.manager [None req-7e7992ee-7aa1-46e6-86b6-be245d508b8c None None] Successfully loaded TAG plugin. Description: Tag support {{(pid=104669) _create_and_add_service_plugin /opt/stack/neutron/neutron/manager.py:239}}
Apr 10 22:50:22.009882 np0000164956 devstack@neutron-api.service[104669]: INFO neutron.manager [None req-7e7992ee-7aa1-46e6-86b6-be245d508b8c None None] Loading Plugin: timestamp
Apr 10 22:50:22.009943 np0000164956 devstack@neutron-api.service[104668]: DEBUG neutron.plugins.ml2.plugin [None req-7d5a5a68-b063-45e6-90c8-0e1c5bf478b9 None None] neutron.plugins.ml2.plugin.Ml2Plugin method _start_rpc_notifiers called with arguments () {} {{(pid=104668) wrapper /opt/stack/data/venv/lib/python3.12/site-packages/oslo_log/helpers.py:77}}
Apr 10 22:50:22.010209 np0000164956 devstack@neutron-api.service[104668]: DEBUG neutron_lib.callbacks.manager [None req-7d5a5a68-b063-45e6-90c8-0e1c5bf478b9 None None] Subscribe: > port after_create 55550000, False {{(pid=104668) subscribe /opt/stack/data/venv/lib/python3.12/site-packages/neutron_lib/callbacks/manager.py:52}}
Apr 10 22:50:22.010324 np0000164956 devstack@neutron-api.service[104668]: DEBUG neutron_lib.callbacks.manager [None req-7d5a5a68-b063-45e6-90c8-0e1c5bf478b9 None None] Subscribe: > port after_update 55550000, False {{(pid=104668) subscribe /opt/stack/data/venv/lib/python3.12/site-packages/neutron_lib/callbacks/manager.py:52}}
Apr 10 22:50:22.010427 np0000164956 devstack@neutron-api.service[104668]: DEBUG neutron_lib.callbacks.manager [None req-7d5a5a68-b063-45e6-90c8-0e1c5bf478b9 None None] Subscribe: > port after_delete 55550000, False {{(pid=104668) subscribe /opt/stack/data/venv/lib/python3.12/site-packages/neutron_lib/callbacks/manager.py:52}}
Apr 10 22:50:22.010531 np0000164956 devstack@neutron-api.service[104668]: DEBUG neutron_lib.callbacks.manager [None req-7d5a5a68-b063-45e6-90c8-0e1c5bf478b9 None None] Subscribe: > subnet after_create 55550000, False {{(pid=104668) subscribe /opt/stack/data/venv/lib/python3.12/site-packages/neutron_lib/callbacks/manager.py:52}}
Apr 10 22:50:22.010649 np0000164956 devstack@neutron-api.service[104668]: DEBUG neutron_lib.callbacks.manager [None req-7d5a5a68-b063-45e6-90c8-0e1c5bf478b9 None None] Subscribe: > subnet after_update 55550000, False {{(pid=104668) subscribe /opt/stack/data/venv/lib/python3.12/site-packages/neutron_lib/callbacks/manager.py:52}}
Apr 10 22:50:22.010750 np0000164956 devstack@neutron-api.service[104668]: DEBUG neutron_lib.callbacks.manager [None req-7d5a5a68-b063-45e6-90c8-0e1c5bf478b9 None None] Subscribe: > subnet after_delete 55550000, False {{(pid=104668) subscribe /opt/stack/data/venv/lib/python3.12/site-packages/neutron_lib/callbacks/manager.py:52}}
Apr 10 22:50:22.010849 np0000164956 devstack@neutron-api.service[104668]: DEBUG neutron_lib.callbacks.manager [None req-7d5a5a68-b063-45e6-90c8-0e1c5bf478b9 None None] Subscribe: > network after_create 55550000, False {{(pid=104668) subscribe /opt/stack/data/venv/lib/python3.12/site-packages/neutron_lib/callbacks/manager.py:52}}
Apr 10 22:50:22.010951 np0000164956 devstack@neutron-api.service[104668]: DEBUG neutron_lib.callbacks.manager [None req-7d5a5a68-b063-45e6-90c8-0e1c5bf478b9 None None] Subscribe: > network after_update 55550000, False {{(pid=104668) subscribe /opt/stack/data/venv/lib/python3.12/site-packages/neutron_lib/callbacks/manager.py:52}}
Apr 10 22:50:22.011049 np0000164956 devstack@neutron-api.service[104668]: DEBUG neutron_lib.callbacks.manager [None req-7d5a5a68-b063-45e6-90c8-0e1c5bf478b9 None None] Subscribe: > network after_delete 55550000, False {{(pid=104668) subscribe /opt/stack/data/venv/lib/python3.12/site-packages/neutron_lib/callbacks/manager.py:52}}
Apr 10 22:50:22.011080 np0000164956 devstack@neutron-api.service[104669]: DEBUG neutron.manager [None req-7e7992ee-7aa1-46e6-86b6-be245d508b8c None None] Successfully loaded timestamp plugin. Description: Adds timestamps to Neutron resources with standard attributes {{(pid=104669) _create_and_add_service_plugin /opt/stack/neutron/neutron/manager.py:239}}
Apr 10 22:50:22.011148 np0000164956 devstack@neutron-api.service[104669]: INFO neutron.manager [None req-7e7992ee-7aa1-46e6-86b6-be245d508b8c None None] Loading Plugin: network_ip_availability
Apr 10 22:50:22.011178 np0000164956 devstack@neutron-api.service[104668]: DEBUG neutron_lib.callbacks.manager [None req-7d5a5a68-b063-45e6-90c8-0e1c5bf478b9 None None] Subscribe: > security_group after_create 55550000, False {{(pid=104668) subscribe /opt/stack/data/venv/lib/python3.12/site-packages/neutron_lib/callbacks/manager.py:52}}
Apr 10 22:50:22.011246 np0000164956 devstack@neutron-api.service[104668]: DEBUG neutron_lib.callbacks.manager [None req-7d5a5a68-b063-45e6-90c8-0e1c5bf478b9 None None] Subscribe: > security_group after_update 55550000, False {{(pid=104668) subscribe /opt/stack/data/venv/lib/python3.12/site-packages/neutron_lib/callbacks/manager.py:52}}
Apr 10 22:50:22.011344 np0000164956 devstack@neutron-api.service[104668]: DEBUG neutron_lib.callbacks.manager [None req-7d5a5a68-b063-45e6-90c8-0e1c5bf478b9 None None] Subscribe: > security_group after_delete 55550000, False {{(pid=104668) subscribe /opt/stack/data/venv/lib/python3.12/site-packages/neutron_lib/callbacks/manager.py:52}}
Apr 10 22:50:22.011443 np0000164956 devstack@neutron-api.service[104668]: DEBUG neutron_lib.callbacks.manager [None req-7d5a5a68-b063-45e6-90c8-0e1c5bf478b9 None None] Subscribe: > security_group_rule after_create 55550000, False {{(pid=104668) subscribe /opt/stack/data/venv/lib/python3.12/site-packages/neutron_lib/callbacks/manager.py:52}}
Apr 10 22:50:22.011557 np0000164956 devstack@neutron-api.service[104668]: DEBUG neutron_lib.callbacks.manager [None req-7d5a5a68-b063-45e6-90c8-0e1c5bf478b9 None None] Subscribe: > security_group_rule after_update 55550000, False {{(pid=104668) subscribe /opt/stack/data/venv/lib/python3.12/site-packages/neutron_lib/callbacks/manager.py:52}}
Apr 10 22:50:22.011658 np0000164956 devstack@neutron-api.service[104668]: DEBUG neutron_lib.callbacks.manager [None req-7d5a5a68-b063-45e6-90c8-0e1c5bf478b9 None None] Subscribe: > security_group_rule after_delete 55550000, False {{(pid=104668) subscribe /opt/stack/data/venv/lib/python3.12/site-packages/neutron_lib/callbacks/manager.py:52}}
Apr 10 22:50:22.011757 np0000164956 devstack@neutron-api.service[104668]: DEBUG neutron_lib.callbacks.manager [None req-7d5a5a68-b063-45e6-90c8-0e1c5bf478b9 None None] Subscribe: > address_group after_create 55550000, False {{(pid=104668) subscribe /opt/stack/data/venv/lib/python3.12/site-packages/neutron_lib/callbacks/manager.py:52}}
Apr 10 22:50:22.011856 np0000164956 devstack@neutron-api.service[104668]: DEBUG neutron_lib.callbacks.manager [None req-7d5a5a68-b063-45e6-90c8-0e1c5bf478b9 None None] Subscribe: > address_group after_update 55550000, False {{(pid=104668) subscribe /opt/stack/data/venv/lib/python3.12/site-packages/neutron_lib/callbacks/manager.py:52}}
Apr 10 22:50:22.011951 np0000164956 devstack@neutron-api.service[104668]: DEBUG neutron_lib.callbacks.manager [None req-7d5a5a68-b063-45e6-90c8-0e1c5bf478b9 None None] Subscribe: > address_group after_delete 55550000, False {{(pid=104668) subscribe /opt/stack/data/venv/lib/python3.12/site-packages/neutron_lib/callbacks/manager.py:52}}
Apr 10 22:50:22.012078 np0000164956 devstack@neutron-api.service[104668]: DEBUG neutron.plugins.ml2.ovo_rpc [None req-7d5a5a68-b063-45e6-90c8-0e1c5bf478b9 None None] ML2 OVO RPC backend initialized. {{(pid=104668) __init__ /opt/stack/neutron/neutron/plugins/ml2/ovo_rpc.py:117}}
Apr 10 22:50:22.012618 np0000164956 devstack@neutron-api.service[104669]: DEBUG neutron.manager [None req-7e7992ee-7aa1-46e6-86b6-be245d508b8c None None] Successfully loaded network-ip-availability plugin. Description: Provides IP availability data for each network and subnet. {{(pid=104669) _create_and_add_service_plugin /opt/stack/neutron/neutron/manager.py:239}}
Apr 10 22:50:22.012715 np0000164956 devstack@neutron-api.service[104669]: INFO neutron.manager [None req-7e7992ee-7aa1-46e6-86b6-be245d508b8c None None] Loading Plugin: flavors
Apr 10 22:50:22.012835 np0000164956 devstack@neutron-api.service[104668]: INFO neutron.quota [None req-7d5a5a68-b063-45e6-90c8-0e1c5bf478b9 None None] Loaded quota_driver: .
Apr 10 22:50:22.012939 np0000164956 devstack@neutron-api.service[104668]: INFO neutron.plugins.ml2.plugin [None req-7d5a5a68-b063-45e6-90c8-0e1c5bf478b9 None None] Modular L2 Plugin initialization complete
Apr 10 22:50:22.013074 np0000164956 devstack@neutron-api.service[104668]: DEBUG neutron.manager [None req-7d5a5a68-b063-45e6-90c8-0e1c5bf478b9 None None] Loading services supported by the core plugin {{(pid=104668) _load_services_from_core_plugin /opt/stack/neutron/neutron/manager.py:170}}
Apr 10 22:50:22.013178 np0000164956 devstack@neutron-api.service[104668]: INFO neutron.plugins.ml2.managers [None req-7d5a5a68-b063-45e6-90c8-0e1c5bf478b9 None None] Got port-security extension from driver 'port_security'
Apr 10 22:50:22.013448 np0000164956 devstack@neutron-api.service[104668]: DEBUG neutron.manager [None req-7d5a5a68-b063-45e6-90c8-0e1c5bf478b9 None None] Loading service plugins: ['ovn-router', 'auto_allocate', 'tag', 'timestamp', 'network_ip_availability', 'flavors', 'revisions'] {{(pid=104668) _load_service_plugins /opt/stack/neutron/neutron/manager.py:195}}
Apr 10 22:50:22.013555 np0000164956 devstack@neutron-api.service[104668]: INFO neutron.manager [None req-7d5a5a68-b063-45e6-90c8-0e1c5bf478b9 None None] Loading Plugin: ovn-router
Apr 10 22:50:22.013622 np0000164956 devstack@neutron-api.service[104669]: DEBUG neutron.manager [None req-7e7992ee-7aa1-46e6-86b6-be245d508b8c None None] Successfully loaded FLAVORS plugin. Description: Neutron Flavors and Service Profiles manager plugin {{(pid=104669) _create_and_add_service_plugin /opt/stack/neutron/neutron/manager.py:239}}
Apr 10 22:50:22.013709 np0000164956 devstack@neutron-api.service[104669]: INFO neutron.manager [None req-7e7992ee-7aa1-46e6-86b6-be245d508b8c None None] Loading Plugin: revisions
Apr 10 22:50:22.014672 np0000164956 devstack@neutron-api.service[104669]: DEBUG neutron.manager [None req-7e7992ee-7aa1-46e6-86b6-be245d508b8c None None] Successfully loaded revision_plugin plugin. Description: Adds revision numbers to resources. {{(pid=104669) _create_and_add_service_plugin /opt/stack/neutron/neutron/manager.py:239}}
Apr 10 22:50:22.014803 np0000164956 devstack@neutron-api.service[104669]: DEBUG oslo_concurrency.lockutils [None req-7e7992ee-7aa1-46e6-86b6-be245d508b8c None None] Lock "manager" "released" by "neutron.manager.NeutronManager._create_instance" :: held 4.458s {{(pid=104669) inner /opt/stack/data/venv/lib/python3.12/site-packages/oslo_concurrency/lockutils.py:538}}
Apr 10 22:50:22.014998 np0000164956 devstack@neutron-api.service[104669]: DEBUG neutron.api.extensions [None req-7e7992ee-7aa1-46e6-86b6-be245d508b8c None None] get_extension_paths = OrderedDict({'/opt/stack/neutron/neutron/extensions': 1}) {{(pid=104669) get_extensions_path /opt/stack/neutron/neutron/api/extensions.py:640}}
Apr 10 22:50:22.015093 np0000164956 devstack@neutron-api.service[104669]: INFO neutron.api.extensions [None req-7e7992ee-7aa1-46e6-86b6-be245d508b8c None None] Initializing extension manager.
Apr 10 22:50:22.015347 np0000164956 devstack@neutron-api.service[104669]: DEBUG neutron.api.extensions [None req-7e7992ee-7aa1-46e6-86b6-be245d508b8c None None] Loading extension file: __init__.py {{(pid=104669) _load_all_extensions_from_path /opt/stack/neutron/neutron/api/extensions.py:449}}
Apr 10 22:50:22.015443 np0000164956 devstack@neutron-api.service[104669]: DEBUG neutron.api.extensions [None req-7e7992ee-7aa1-46e6-86b6-be245d508b8c None None] Loading extension file: __pycache__ {{(pid=104669) _load_all_extensions_from_path /opt/stack/neutron/neutron/api/extensions.py:449}}
Apr 10 22:50:22.015548 np0000164956 devstack@neutron-api.service[104669]: DEBUG neutron.api.extensions [None req-7e7992ee-7aa1-46e6-86b6-be245d508b8c None None] Loading extension file: address_group.py {{(pid=104669) _load_all_extensions_from_path /opt/stack/neutron/neutron/api/extensions.py:449}}
Apr 10 22:50:22.015880 np0000164956 devstack@neutron-api.service[104669]: DEBUG neutron.api.extensions [None req-7e7992ee-7aa1-46e6-86b6-be245d508b8c None None] Ext name="Address group" alias="address-group" description="Support address group" updated="2020-07-15T10:00:00-00:00" {{(pid=104669) _check_extension /opt/stack/neutron/neutron/api/extensions.py:415}}
Apr 10 22:50:22.016129 np0000164956 devstack@neutron-api.service[104669]: INFO neutron.api.extensions [None req-7e7992ee-7aa1-46e6-86b6-be245d508b8c None None] Loaded extension: address-group
Apr 10 22:50:22.016224 np0000164956 devstack@neutron-api.service[104669]: DEBUG neutron.api.extensions [None req-7e7992ee-7aa1-46e6-86b6-be245d508b8c None None] Loading extension file: address_scope.py {{(pid=104669) _load_all_extensions_from_path /opt/stack/neutron/neutron/api/extensions.py:449}}
Apr 10 22:50:22.016518 np0000164956 devstack@neutron-api.service[104669]: DEBUG neutron.api.extensions [None req-7e7992ee-7aa1-46e6-86b6-be245d508b8c None None] Ext name="Address scope" alias="address-scope" description="Address scopes extension." updated="2015-07-26T10:00:00-00:00" {{(pid=104669) _check_extension /opt/stack/neutron/neutron/api/extensions.py:415}}
Apr 10 22:50:22.016726 np0000164956 devstack@neutron-api.service[104669]: INFO neutron.api.extensions [None req-7e7992ee-7aa1-46e6-86b6-be245d508b8c None None] Loaded extension: address-scope
Apr 10 22:50:22.016818 np0000164956 devstack@neutron-api.service[104669]: DEBUG neutron.api.extensions [None req-7e7992ee-7aa1-46e6-86b6-be245d508b8c None None] Loading extension file: admin_state_down_before_update.py {{(pid=104669) _load_all_extensions_from_path /opt/stack/neutron/neutron/api/extensions.py:449}}
Apr 10 22:50:22.017057 np0000164956 devstack@neutron-api.service[104669]: DEBUG neutron.api.extensions [None req-7e7992ee-7aa1-46e6-86b6-be245d508b8c None None] Ext name="Enforce Router's Admin State Down Before Update Extension" alias="router-admin-state-down-before-update" description="Ensure that the admin state of a router is DOWN (admin_state_up=False) before updating the distributed attribute" updated="2019-07-02T15:56:00" {{(pid=104669) _check_extension /opt/stack/neutron/neutron/api/extensions.py:415}}
Apr 10 22:50:22.017229 np0000164956 devstack@neutron-api.service[104669]: INFO neutron.api.extensions [None req-7e7992ee-7aa1-46e6-86b6-be245d508b8c None None] Extension router-admin-state-down-before-update not supported by any of loaded plugins
Apr 10 22:50:22.017316 np0000164956 devstack@neutron-api.service[104669]: DEBUG neutron.api.extensions [None req-7e7992ee-7aa1-46e6-86b6-be245d508b8c None None] Loading extension file: agent.py {{(pid=104669) _load_all_extensions_from_path /opt/stack/neutron/neutron/api/extensions.py:449}}
Apr 10 22:50:22.017639 np0000164956 devstack@neutron-api.service[104669]: DEBUG neutron.api.extensions [None req-7e7992ee-7aa1-46e6-86b6-be245d508b8c None None] Ext name="agent" alias="agent" description="The agent management extension." updated="2013-02-03T10:00:00-00:00" {{(pid=104669) _check_extension /opt/stack/neutron/neutron/api/extensions.py:415}}
Apr 10 22:50:22.017814 np0000164956 devstack@neutron-api.service[104669]: INFO neutron.api.extensions [None req-7e7992ee-7aa1-46e6-86b6-be245d508b8c None None] Loaded extension: agent
Apr 10 22:50:22.017903 np0000164956 devstack@neutron-api.service[104669]: DEBUG neutron.api.extensions [None req-7e7992ee-7aa1-46e6-86b6-be245d508b8c None None] Loading extension file: agent_resources_synced.py {{(pid=104669) _load_all_extensions_from_path /opt/stack/neutron/neutron/api/extensions.py:449}}
Apr 10 22:50:22.018137 np0000164956 devstack@neutron-api.service[104669]: DEBUG neutron.api.extensions [None req-7e7992ee-7aa1-46e6-86b6-be245d508b8c None None] Ext name="Agent's Resource View Synced to Placement" alias="agent-resources-synced" description="Stores success/failure of last sync to Placement" updated="2018-12-19T00:00:00-00:00" {{(pid=104669) _check_extension /opt/stack/neutron/neutron/api/extensions.py:415}}
Apr 10 22:50:22.018310 np0000164956 devstack@neutron-api.service[104669]: INFO neutron.api.extensions [None req-7e7992ee-7aa1-46e6-86b6-be245d508b8c None None] Extension agent-resources-synced not supported by any of loaded plugins
Apr 10 22:50:22.018394 np0000164956 devstack@neutron-api.service[104669]: DEBUG neutron.api.extensions [None req-7e7992ee-7aa1-46e6-86b6-be245d508b8c None None] Loading extension file: allowedaddresspairs.py {{(pid=104669) _load_all_extensions_from_path /opt/stack/neutron/neutron/api/extensions.py:449}}
Apr 10 22:50:22.019055 np0000164956 devstack@neutron-api.service[104669]: DEBUG neutron.api.extensions [None req-7e7992ee-7aa1-46e6-86b6-be245d508b8c None None] Ext name="Allowed Address Pairs" alias="allowed-address-pairs" description="Provides allowed address pairs" updated="2013-07-23T10:00:00-00:00" {{(pid=104669) _check_extension /opt/stack/neutron/neutron/api/extensions.py:415}}
Apr 10 22:50:22.019236 np0000164956 devstack@neutron-api.service[104669]: INFO neutron.api.extensions [None req-7e7992ee-7aa1-46e6-86b6-be245d508b8c None None] Loaded extension: allowed-address-pairs
Apr 10 22:50:22.019328 np0000164956 devstack@neutron-api.service[104669]: DEBUG neutron.api.extensions [None req-7e7992ee-7aa1-46e6-86b6-be245d508b8c None None] Loading extension file: auto_allocated_topology.py {{(pid=104669) _load_all_extensions_from_path /opt/stack/neutron/neutron/api/extensions.py:449}}
Apr 10 22:50:22.019598 np0000164956 devstack@neutron-api.service[104669]: DEBUG neutron.api.extensions [None req-7e7992ee-7aa1-46e6-86b6-be245d508b8c None None] Ext name="Auto Allocated Topology Services" alias="auto-allocated-topology" description="Auto Allocated Topology Services." updated="2016-01-01T00:00:00-00:00" {{(pid=104669) _check_extension /opt/stack/neutron/neutron/api/extensions.py:415}}
Apr 10 22:50:22.019772 np0000164956 devstack@neutron-api.service[104669]: INFO neutron.api.extensions [None req-7e7992ee-7aa1-46e6-86b6-be245d508b8c None None] Loaded extension: auto-allocated-topology
Apr 10 22:50:22.019858 np0000164956 devstack@neutron-api.service[104669]: DEBUG neutron.api.extensions [None req-7e7992ee-7aa1-46e6-86b6-be245d508b8c None None] Loading extension file: availability_zone.py {{(pid=104669) _load_all_extensions_from_path /opt/stack/neutron/neutron/api/extensions.py:449}}
Apr 10 22:50:22.020169 np0000164956 devstack@neutron-api.service[104669]: DEBUG neutron.api.extensions [None req-7e7992ee-7aa1-46e6-86b6-be245d508b8c None None] Ext name="Availability Zone" alias="availability_zone" description="The availability zone extension." updated="2015-01-01T10:00:00-00:00" {{(pid=104669) _check_extension /opt/stack/neutron/neutron/api/extensions.py:415}}
Apr 10 22:50:22.020341 np0000164956 devstack@neutron-api.service[104669]: INFO neutron.api.extensions [None req-7e7992ee-7aa1-46e6-86b6-be245d508b8c None None] Loaded extension: availability_zone
Apr 10 22:50:22.020434 np0000164956 devstack@neutron-api.service[104669]: DEBUG neutron.api.extensions [None req-7e7992ee-7aa1-46e6-86b6-be245d508b8c None None] Loading extension file: availability_zone_filter.py {{(pid=104669) _load_all_extensions_from_path /opt/stack/neutron/neutron/api/extensions.py:449}}
Apr 10 22:50:22.020685 np0000164956 devstack@neutron-api.service[104669]: DEBUG neutron.api.extensions [None req-7e7992ee-7aa1-46e6-86b6-be245d508b8c None None] Ext name="Availability Zone Filter Extension" alias="availability_zone_filter" description="Add filter parameters to AvailabilityZone resource" updated="2018-06-22T10:00:00-00:00" {{(pid=104669) _check_extension /opt/stack/neutron/neutron/api/extensions.py:415}}
Apr 10 22:50:22.020854 np0000164956 devstack@neutron-api.service[104669]: INFO neutron.api.extensions [None req-7e7992ee-7aa1-46e6-86b6-be245d508b8c None None] Extension availability_zone_filter not supported by any of loaded plugins
Apr 10 22:50:22.020950 np0000164956 devstack@neutron-api.service[104669]: DEBUG neutron.api.extensions [None req-7e7992ee-7aa1-46e6-86b6-be245d508b8c None None] Loading extension file: data_plane_status.py {{(pid=104669) _load_all_extensions_from_path /opt/stack/neutron/neutron/api/extensions.py:449}}
Apr 10 22:50:22.021181 np0000164956 devstack@neutron-api.service[104669]: DEBUG neutron.api.extensions [None req-7e7992ee-7aa1-46e6-86b6-be245d508b8c None None] Ext name="Port data plane status extension" alias="data-plane-status" description="Expose status of underlying data plane" updated="2017-01-24T10:00:00-00:00" {{(pid=104669) _check_extension /opt/stack/neutron/neutron/api/extensions.py:415}}
Apr 10 22:50:22.021345 np0000164956 devstack@neutron-api.service[104669]: INFO neutron.api.extensions [None req-7e7992ee-7aa1-46e6-86b6-be245d508b8c None None] Extension data-plane-status not supported by any of loaded plugins
Apr 10 22:50:22.021434 np0000164956 devstack@neutron-api.service[104669]: DEBUG neutron.api.extensions [None req-7e7992ee-7aa1-46e6-86b6-be245d508b8c None None] Loading extension file: default_subnetpools.py {{(pid=104669) _load_all_extensions_from_path /opt/stack/neutron/neutron/api/extensions.py:449}}
Apr 10 22:50:22.021681 np0000164956 devstack@neutron-api.service[104669]: DEBUG neutron.api.extensions [None req-7e7992ee-7aa1-46e6-86b6-be245d508b8c None None] Ext name="Default Subnetpools" alias="default-subnetpools" description="Provides ability to mark and use a subnetpool as the default." updated="2016-02-18T18:00:00-00:00" {{(pid=104669) _check_extension /opt/stack/neutron/neutron/api/extensions.py:415}}
Apr 10 22:50:22.021850 np0000164956 devstack@neutron-api.service[104669]: INFO neutron.api.extensions [None req-7e7992ee-7aa1-46e6-86b6-be245d508b8c None None] Loaded extension: default-subnetpools
Apr 10 22:50:22.021939 np0000164956 devstack@neutron-api.service[104669]: DEBUG neutron.api.extensions [None req-7e7992ee-7aa1-46e6-86b6-be245d508b8c None None] Loading extension file: dhcpagentscheduler.py {{(pid=104669) _load_all_extensions_from_path /opt/stack/neutron/neutron/api/extensions.py:449}}
Apr 10 22:50:22.022031 np0000164956 devstack@neutron-api.service[104668]: DEBUG neutron_lib.callbacks.manager [None req-7d5a5a68-b063-45e6-90c8-0e1c5bf478b9 None None] Subscribe: > router before_delete 55550000, False {{(pid=104668) subscribe /opt/stack/data/venv/lib/python3.12/site-packages/neutron_lib/callbacks/manager.py:52}}
Apr 10 22:50:22.022155 np0000164956 devstack@neutron-api.service[104668]: DEBUG neutron_lib.callbacks.manager [None req-7d5a5a68-b063-45e6-90c8-0e1c5bf478b9 None None] Subscribe: port after_update 55550000, False {{(pid=104668) subscribe /opt/stack/data/venv/lib/python3.12/site-packages/neutron_lib/callbacks/manager.py:52}}
Apr 10 22:50:22.022259 np0000164956 devstack@neutron-api.service[104668]: DEBUG neutron_lib.callbacks.manager [None req-7d5a5a68-b063-45e6-90c8-0e1c5bf478b9 None None] Subscribe: port after_delete 55550000, False {{(pid=104668) subscribe /opt/stack/data/venv/lib/python3.12/site-packages/neutron_lib/callbacks/manager.py:52}}
Apr 10 22:50:22.022316 np0000164956 devstack@neutron-api.service[104669]: DEBUG neutron.api.extensions [None req-7e7992ee-7aa1-46e6-86b6-be245d508b8c None None] Ext name="DHCP Agent Scheduler" alias="dhcp_agent_scheduler" description="Schedule networks among dhcp agents" updated="2013-02-07T10:00:00-00:00" {{(pid=104669) _check_extension /opt/stack/neutron/neutron/api/extensions.py:415}}
Apr 10 22:50:22.022356 np0000164956 devstack@neutron-api.service[104668]: DEBUG neutron_lib.callbacks.manager [None req-7d5a5a68-b063-45e6-90c8-0e1c5bf478b9 None None] Subscribe: subnet after_update 55550000, False {{(pid=104668) subscribe /opt/stack/data/venv/lib/python3.12/site-packages/neutron_lib/callbacks/manager.py:52}}
Apr 10 22:50:22.022466 np0000164956 devstack@neutron-api.service[104668]: DEBUG neutron_lib.callbacks.manager [None req-7d5a5a68-b063-45e6-90c8-0e1c5bf478b9 None None] Subscribe: subnetpool_address_scope after_update 55550000, False {{(pid=104668) subscribe /opt/stack/data/venv/lib/python3.12/site-packages/neutron_lib/callbacks/manager.py:52}}
Apr 10 22:50:22.022512 np0000164956 devstack@neutron-api.service[104669]: INFO neutron.api.extensions [None req-7e7992ee-7aa1-46e6-86b6-be245d508b8c None None] Loaded extension: dhcp_agent_scheduler
Apr 10 22:50:22.022583 np0000164956 devstack@neutron-api.service[104669]: DEBUG neutron.api.extensions [None req-7e7992ee-7aa1-46e6-86b6-be245d508b8c None None] Loading extension file: dns.py {{(pid=104669) _load_all_extensions_from_path /opt/stack/neutron/neutron/api/extensions.py:449}}
Apr 10 22:50:22.022619 np0000164956 devstack@neutron-api.service[104668]: DEBUG neutron_lib.callbacks.manager [None req-7d5a5a68-b063-45e6-90c8-0e1c5bf478b9 None None] Subscribe: port before_update 55550000, False {{(pid=104668) subscribe /opt/stack/data/venv/lib/python3.12/site-packages/neutron_lib/callbacks/manager.py:52}}
Apr 10 22:50:22.022725 np0000164956 devstack@neutron-api.service[104668]: DEBUG neutron_lib.callbacks.manager [None req-7d5a5a68-b063-45e6-90c8-0e1c5bf478b9 None None] Subscribe: port after_update 55550000, False {{(pid=104668) subscribe /opt/stack/data/venv/lib/python3.12/site-packages/neutron_lib/callbacks/manager.py:52}}
Apr 10 22:50:22.022808 np0000164956 devstack@neutron-api.service[104668]: DEBUG neutron_lib.callbacks.manager [None req-7d5a5a68-b063-45e6-90c8-0e1c5bf478b9 None None] Subscribe: > port precommit_delete 55550000, False {{(pid=104668) subscribe /opt/stack/data/venv/lib/python3.12/site-packages/neutron_lib/callbacks/manager.py:52}}
Apr 10 22:50:22.022886 np0000164956 devstack@neutron-api.service[104669]: DEBUG neutron.api.extensions [None req-7e7992ee-7aa1-46e6-86b6-be245d508b8c None None] Ext name="DNS Integration" alias="dns-integration" description="Provides integration with DNS." updated="2015-08-15T18:00:00-00:00" {{(pid=104669) _check_extension /opt/stack/neutron/neutron/api/extensions.py:415}}
Apr 10 22:50:22.022956 np0000164956 devstack@neutron-api.service[104668]: DEBUG neutron_lib.callbacks.manager [None req-7d5a5a68-b063-45e6-90c8-0e1c5bf478b9 None None] Subscribe: port before_update 55550000, False {{(pid=104668) subscribe /opt/stack/data/venv/lib/python3.12/site-packages/neutron_lib/callbacks/manager.py:52}}
Apr 10 22:50:22.023023 np0000164956 devstack@neutron-api.service[104669]: INFO neutron.api.extensions [None req-7e7992ee-7aa1-46e6-86b6-be245d508b8c None None] Loaded extension: dns-integration
Apr 10 22:50:22.023060 np0000164956 devstack@neutron-api.service[104668]: DEBUG neutron_lib.callbacks.manager [None req-7d5a5a68-b063-45e6-90c8-0e1c5bf478b9 None None] Subscribe: port before_delete 55550000, False {{(pid=104668) subscribe /opt/stack/data/venv/lib/python3.12/site-packages/neutron_lib/callbacks/manager.py:52}}
Apr 10 22:50:22.023093 np0000164956 devstack@neutron-api.service[104669]: DEBUG neutron.api.extensions [None req-7e7992ee-7aa1-46e6-86b6-be245d508b8c None None] Loading extension file: dns_domain_ports.py {{(pid=104669) _load_all_extensions_from_path /opt/stack/neutron/neutron/api/extensions.py:449}}
Apr 10 22:50:22.023128 np0000164956 devstack@neutron-api.service[104668]: DEBUG neutron_lib.callbacks.manager [None req-7d5a5a68-b063-45e6-90c8-0e1c5bf478b9 None None] Subscribe: > router precommit_create 55550000, False {{(pid=104668) subscribe /opt/stack/data/venv/lib/python3.12/site-packages/neutron_lib/callbacks/manager.py:52}}
Apr 10 22:50:22.023161 np0000164956 devstack@neutron-api.service[104668]: DEBUG neutron_lib.callbacks.manager [None req-7d5a5a68-b063-45e6-90c8-0e1c5bf478b9 None None] Subscribe: > router precommit_create 55550000, False {{(pid=104668) subscribe /opt/stack/data/venv/lib/python3.12/site-packages/neutron_lib/callbacks/manager.py:52}}
Apr 10 22:50:22.023281 np0000164956 devstack@neutron-api.service[104668]: DEBUG neutron_lib.callbacks.manager [None req-7d5a5a68-b063-45e6-90c8-0e1c5bf478b9 None None] Subscribe: > router precommit_update 55550000, False {{(pid=104668) subscribe /opt/stack/data/venv/lib/python3.12/site-packages/neutron_lib/callbacks/manager.py:52}}
Apr 10 22:50:22.023395 np0000164956 devstack@neutron-api.service[104669]: DEBUG neutron.api.extensions [None req-7e7992ee-7aa1-46e6-86b6-be245d508b8c None None] Ext name="dns_domain for ports" alias="dns-domain-ports" description="Allows the DNS domain to be specified for a network port." updated="2017-04-24T10:00:00-00:00" {{(pid=104669) _check_extension /opt/stack/neutron/neutron/api/extensions.py:415}}
Apr 10 22:50:22.023472 np0000164956 devstack@neutron-api.service[104668]: DEBUG neutron_lib.callbacks.manager [None req-7d5a5a68-b063-45e6-90c8-0e1c5bf478b9 None None] Subscribe: subnet after_update 55550000, False {{(pid=104668) subscribe /opt/stack/data/venv/lib/python3.12/site-packages/neutron_lib/callbacks/manager.py:52}}
Apr 10 22:50:22.023554 np0000164956 devstack@neutron-api.service[104669]: INFO neutron.api.extensions [None req-7e7992ee-7aa1-46e6-86b6-be245d508b8c None None] Loaded extension: dns-domain-ports
Apr 10 22:50:22.023554 np0000164956 devstack@neutron-api.service[104669]: DEBUG neutron.api.extensions [None req-7e7992ee-7aa1-46e6-86b6-be245d508b8c None None] Loading extension file: dns_integration_domain_keywords.py {{(pid=104669) _load_all_extensions_from_path /opt/stack/neutron/neutron/api/extensions.py:449}}
Apr 10 22:50:22.023753 np0000164956 devstack@neutron-api.service[104669]: DEBUG neutron.api.extensions [None req-7e7992ee-7aa1-46e6-86b6-be245d508b8c None None] Ext name="DNS domain names with keywords allowed" alias="dns-integration-domain-keywords" description="Allows to use keywords like , , and as DNS domain name" updated="2020-06-15T18:00:00-00:00" {{(pid=104669) _check_extension /opt/stack/neutron/neutron/api/extensions.py:415}}
Apr 10 22:50:22.023920 np0000164956 devstack@neutron-api.service[104669]: INFO neutron.api.extensions [None req-7e7992ee-7aa1-46e6-86b6-be245d508b8c None None] Loaded extension: dns-integration-domain-keywords
Apr 10 22:50:22.024033 np0000164956 devstack@neutron-api.service[104669]: DEBUG neutron.api.extensions [None req-7e7992ee-7aa1-46e6-86b6-be245d508b8c None None] Loading extension file: dvr.py {{(pid=104669) _load_all_extensions_from_path /opt/stack/neutron/neutron/api/extensions.py:449}}
Apr 10 22:50:22.024077 np0000164956 devstack@neutron-api.service[104668]: DEBUG neutron.quota.resource_registry [None req-7d5a5a68-b063-45e6-90c8-0e1c5bf478b9 None None] Tracking information for resource: router configured {{(pid=104668) set_tracked_resource /opt/stack/neutron/neutron/quota/resource_registry.py:203}}
Apr 10 22:50:22.024159 np0000164956 devstack@neutron-api.service[104668]: DEBUG neutron.quota.resource_registry [None req-7d5a5a68-b063-45e6-90c8-0e1c5bf478b9 None None] Tracking information for resource: floatingip configured {{(pid=104668) set_tracked_resource /opt/stack/neutron/neutron/quota/resource_registry.py:203}}
Apr 10 22:50:22.024229 np0000164956 devstack@neutron-api.service[104668]: INFO neutron.services.ovn_l3.plugin [None req-7d5a5a68-b063-45e6-90c8-0e1c5bf478b9 None None] Starting OVNL3RouterPlugin
Apr 10 22:50:22.024292 np0000164956 devstack@neutron-api.service[104669]: DEBUG neutron.api.extensions [None req-7e7992ee-7aa1-46e6-86b6-be245d508b8c None None] Ext name="Distributed Virtual Router" alias="dvr" description="Enables configuration of Distributed Virtual Routers." updated="2014-06-1T10:00:00-00:00" {{(pid=104669) _check_extension /opt/stack/neutron/neutron/api/extensions.py:415}}
Apr 10 22:50:22.024447 np0000164956 devstack@neutron-api.service[104668]: DEBUG neutron_lib.callbacks.manager [None req-7d5a5a68-b063-45e6-90c8-0e1c5bf478b9 None None] Subscribe: > port_forwarding_plugin after_init 55550000, False {{(pid=104668) subscribe /opt/stack/data/venv/lib/python3.12/site-packages/neutron_lib/callbacks/manager.py:52}}
Apr 10 22:50:22.024491 np0000164956 devstack@neutron-api.service[104669]: INFO neutron.api.extensions [None req-7e7992ee-7aa1-46e6-86b6-be245d508b8c None None] Extension dvr not supported by any of loaded plugins
Apr 10 22:50:22.024523 np0000164956 devstack@neutron-api.service[104669]: DEBUG neutron.api.extensions [None req-7e7992ee-7aa1-46e6-86b6-be245d508b8c None None] Loading extension file: ecmp_routes.py {{(pid=104669) _load_all_extensions_from_path /opt/stack/neutron/neutron/api/extensions.py:449}}
Apr 10 22:50:22.024662 np0000164956 devstack@neutron-api.service[104668]: DEBUG neutron_lib.callbacks.manager [None req-7d5a5a68-b063-45e6-90c8-0e1c5bf478b9 None None] Subscribe: > router before_create 55550100, False {{(pid=104668) subscribe /opt/stack/data/venv/lib/python3.12/site-packages/neutron_lib/callbacks/manager.py:52}}
Apr 10 22:50:22.024798 np0000164956 devstack@neutron-api.service[104668]: DEBUG neutron_lib.callbacks.manager [None req-7d5a5a68-b063-45e6-90c8-0e1c5bf478b9 None None] Subscribe: > router precommit_delete 55550100, False {{(pid=104668) subscribe /opt/stack/data/venv/lib/python3.12/site-packages/neutron_lib/callbacks/manager.py:52}}
Apr 10 22:50:22.024850 np0000164956 devstack@neutron-api.service[104669]: DEBUG neutron.api.extensions [None req-7e7992ee-7aa1-46e6-86b6-be245d508b8c None None] Ext name="Equal Cost Multipath Routing" alias="ecmp_routes" description="Allows traffic to reach thesame destination via multiple different links " updated="2020-11-26T18:00:00-00:00" {{(pid=104669) _check_extension /opt/stack/neutron/neutron/api/extensions.py:415}}
Apr 10 22:50:22.024886 np0000164956 devstack@neutron-api.service[104668]: DEBUG neutron_lib.callbacks.manager [None req-7d5a5a68-b063-45e6-90c8-0e1c5bf478b9 None None] Subscribe: > router precommit_create 55550100, False {{(pid=104668) subscribe /opt/stack/data/venv/lib/python3.12/site-packages/neutron_lib/callbacks/manager.py:52}}
Apr 10 22:50:22.024933 np0000164956 devstack@neutron-api.service[104669]: INFO neutron.api.extensions [None req-7e7992ee-7aa1-46e6-86b6-be245d508b8c None None] Extension ecmp_routes not supported by any of loaded plugins
Apr 10 22:50:22.024970 np0000164956 devstack@neutron-api.service[104668]: DEBUG neutron_lib.callbacks.manager [None req-7d5a5a68-b063-45e6-90c8-0e1c5bf478b9 None None] Subscribe: > router precommit_update 55550100, False {{(pid=104668) subscribe /opt/stack/data/venv/lib/python3.12/site-packages/neutron_lib/callbacks/manager.py:52}}
Apr 10 22:50:22.025010 np0000164956 devstack@neutron-api.service[104669]: DEBUG neutron.api.extensions [None req-7e7992ee-7aa1-46e6-86b6-be245d508b8c None None] Loading extension file: empty_string_filtering.py {{(pid=104669) _load_all_extensions_from_path /opt/stack/neutron/neutron/api/extensions.py:449}}
Apr 10 22:50:22.025307 np0000164956 devstack@neutron-api.service[104669]: DEBUG neutron.api.extensions [None req-7e7992ee-7aa1-46e6-86b6-be245d508b8c None None] Ext name="Empty String Filtering Extension" alias="empty-string-filtering" description="Allow filtering by attributes with empty string value" updated="2018-05-01T10:00:00-00:00" {{(pid=104669) _check_extension /opt/stack/neutron/neutron/api/extensions.py:415}}
Apr 10 22:50:22.025420 np0000164956 devstack@neutron-api.service[104669]: INFO neutron.api.extensions [None req-7e7992ee-7aa1-46e6-86b6-be245d508b8c None None] Loaded extension: empty-string-filtering
Apr 10 22:50:22.025500 np0000164956 devstack@neutron-api.service[104669]: DEBUG neutron.api.extensions [None req-7e7992ee-7aa1-46e6-86b6-be245d508b8c None None] Loading extension file: expose_l3_conntrack_helper.py {{(pid=104669) _load_all_extensions_from_path /opt/stack/neutron/neutron/api/extensions.py:449}}
Apr 10 22:50:22.025738 np0000164956 devstack@neutron-api.service[104669]: DEBUG neutron.api.extensions [None req-7e7992ee-7aa1-46e6-86b6-be245d508b8c None None] Ext name="Expose CT target rules for conntrack helper" alias="expose-l3-conntrack-helper" description="Expose allow adding CT target rules for conntrack helper" updated="2019-04-04T10:00:00-00:00" {{(pid=104669) _check_extension /opt/stack/neutron/neutron/api/extensions.py:415}}
Apr 10 22:50:22.025905 np0000164956 devstack@neutron-api.service[104669]: INFO neutron.api.extensions [None req-7e7992ee-7aa1-46e6-86b6-be245d508b8c None None] Extension expose-l3-conntrack-helper not supported by any of loaded plugins
Apr 10 22:50:22.026005 np0000164956 devstack@neutron-api.service[104669]: DEBUG neutron.api.extensions [None req-7e7992ee-7aa1-46e6-86b6-be245d508b8c None None] Loading extension file: expose_port_forwarding_in_fip.py {{(pid=104669) _load_all_extensions_from_path /opt/stack/neutron/neutron/api/extensions.py:449}}
Apr 10 22:50:22.026219 np0000164956 devstack@neutron-api.service[104669]: DEBUG neutron.api.extensions [None req-7e7992ee-7aa1-46e6-86b6-be245d508b8c None None] Ext name="Expose Floating IP port forwardings" alias="expose-port-forwarding-in-fip" description="Expose port forwarding fields in floating IP response" updated="2018-06-28T16:00:00-00:00" {{(pid=104669) _check_extension /opt/stack/neutron/neutron/api/extensions.py:415}}
Apr 10 22:50:22.026384 np0000164956 devstack@neutron-api.service[104669]: INFO neutron.api.extensions [None req-7e7992ee-7aa1-46e6-86b6-be245d508b8c None None] Extension expose-port-forwarding-in-fip not supported by any of loaded plugins
Apr 10 22:50:22.026473 np0000164956 devstack@neutron-api.service[104669]: DEBUG neutron.api.extensions [None req-7e7992ee-7aa1-46e6-86b6-be245d508b8c None None] Loading extension file: external_net.py {{(pid=104669) _load_all_extensions_from_path /opt/stack/neutron/neutron/api/extensions.py:449}}
Apr 10 22:50:22.026712 np0000164956 devstack@neutron-api.service[104669]: DEBUG neutron.api.extensions [None req-7e7992ee-7aa1-46e6-86b6-be245d508b8c None None] Ext name="Neutron external network" alias="external-net" description="Adds external network attribute to network resource." updated="2013-01-14T10:00:00-00:00" {{(pid=104669) _check_extension /opt/stack/neutron/neutron/api/extensions.py:415}}
Apr 10 22:50:22.026877 np0000164956 devstack@neutron-api.service[104669]: INFO neutron.api.extensions [None req-7e7992ee-7aa1-46e6-86b6-be245d508b8c None None] Loaded extension: external-net
Apr 10 22:50:22.026968 np0000164956 devstack@neutron-api.service[104669]: DEBUG neutron.api.extensions [None req-7e7992ee-7aa1-46e6-86b6-be245d508b8c None None] Loading extension file: extra_dhcp_opt.py {{(pid=104669) _load_all_extensions_from_path /opt/stack/neutron/neutron/api/extensions.py:449}}
Apr 10 22:50:22.027189 np0000164956 devstack@neutron-api.service[104669]: DEBUG neutron.api.extensions [None req-7e7992ee-7aa1-46e6-86b6-be245d508b8c None None] Ext name="Neutron Extra DHCP options" alias="extra_dhcp_opt" description="Extra options configuration for DHCP. For example PXE boot options to DHCP clients can be specified (e.g. tftp-server, server-ip-address, bootfile-name)" updated="2013-03-17T12:00:00-00:00" {{(pid=104669) _check_extension /opt/stack/neutron/neutron/api/extensions.py:415}}
Apr 10 22:50:22.027356 np0000164956 devstack@neutron-api.service[104669]: INFO neutron.api.extensions [None req-7e7992ee-7aa1-46e6-86b6-be245d508b8c None None] Loaded extension: extra_dhcp_opt
Apr 10 22:50:22.027443 np0000164956 devstack@neutron-api.service[104669]: DEBUG neutron.api.extensions [None req-7e7992ee-7aa1-46e6-86b6-be245d508b8c None None] Loading extension file: extraroute.py {{(pid=104669) _load_all_extensions_from_path /opt/stack/neutron/neutron/api/extensions.py:449}}
Apr 10 22:50:22.027685 np0000164956 devstack@neutron-api.service[104669]: DEBUG neutron.api.extensions [None req-7e7992ee-7aa1-46e6-86b6-be245d508b8c None None] Ext name="Neutron Extra Route" alias="extraroute" description="Extra routes configuration for L3 router" updated="2013-02-01T10:00:00-00:00" {{(pid=104669) _check_extension /opt/stack/neutron/neutron/api/extensions.py:415}}
Apr 10 22:50:22.027849 np0000164956 devstack@neutron-api.service[104669]: INFO neutron.api.extensions [None req-7e7992ee-7aa1-46e6-86b6-be245d508b8c None None] Loaded extension: extraroute
Apr 10 22:50:22.027943 np0000164956 devstack@neutron-api.service[104669]: DEBUG neutron.api.extensions [None req-7e7992ee-7aa1-46e6-86b6-be245d508b8c None None] Loading extension file: extraroute_atomic.py {{(pid=104669) _load_all_extensions_from_path /opt/stack/neutron/neutron/api/extensions.py:449}}
Apr 10 22:50:22.028236 np0000164956 devstack@neutron-api.service[104669]: DEBUG neutron.api.extensions [None req-7e7992ee-7aa1-46e6-86b6-be245d508b8c None None] Ext name="Atomically add/remove extra routes" alias="extraroute-atomic" description="Edit extra routes of a router on server side by atomically adding/removing extra routes" updated="2019-07-10T00:00:00+00:00" {{(pid=104669) _check_extension /opt/stack/neutron/neutron/api/extensions.py:415}}
