Apr 10 22:50:55.743165 np0000164956 systemd[1]: Starting devstack@n-api-meta.service - Devstack devstack@n-api-meta.service...
Apr 10 22:50:55.751088 np0000164956 devstack@n-api-meta.service[109820]: [uWSGI] getting INI configuration from /etc/nova/nova-metadata-uwsgi.ini
Apr 10 22:50:55.751746 np0000164956 devstack@n-api-meta.service[109820]: open("./http_plugin.so"): No such file or directory [core/utils.c line 3709]
Apr 10 22:50:55.751746 np0000164956 devstack@n-api-meta.service[109820]: !!! UNABLE to load uWSGI plugin: ./http_plugin.so: cannot open shared object file: No such file or directory !!!
Apr 10 22:50:55.751746 np0000164956 devstack@n-api-meta.service[109820]: open("./python3_plugin.so"): No such file or directory [core/utils.c line 3709]
Apr 10 22:50:55.751746 np0000164956 devstack@n-api-meta.service[109820]: !!! UNABLE to load uWSGI plugin: ./python3_plugin.so: cannot open shared object file: No such file or directory !!!
Apr 10 22:50:55.751746 np0000164956 devstack@n-api-meta.service[109820]: *** Starting uWSGI 2.0.31 (64bit) on [Fri Apr 10 22:50:55 2026] ***
Apr 10 22:50:55.751746 np0000164956 devstack@n-api-meta.service[109820]: compiled with version: 13.3.0 on 10 April 2026 22:40:13
Apr 10 22:50:55.751746 np0000164956 devstack@n-api-meta.service[109820]: os: Linux-6.8.0-107-generic #107-Ubuntu SMP PREEMPT_DYNAMIC Fri Mar 13 19:51:50 UTC 2026
Apr 10 22:50:55.751746 np0000164956 devstack@n-api-meta.service[109820]: nodename: np0000164956
Apr 10 22:50:55.751746 np0000164956 devstack@n-api-meta.service[109820]: machine: x86_64
Apr 10 22:50:55.751746 np0000164956 devstack@n-api-meta.service[109820]: clock source: unix
Apr 10 22:50:55.751746 np0000164956 devstack@n-api-meta.service[109820]: pcre jit disabled
Apr 10 22:50:55.751746 np0000164956 devstack@n-api-meta.service[109820]: detected number of CPU cores: 16
Apr 10 22:50:55.751746 np0000164956 devstack@n-api-meta.service[109820]: current working directory: /
Apr 10 22:50:55.751746 np0000164956 devstack@n-api-meta.service[109820]: detected binary path: /opt/stack/data/venv/bin/uwsgi
Apr 10 22:50:55.751746 np0000164956 devstack@n-api-meta.service[109820]: your processes number limit is 256917
Apr 10 22:50:55.751746 np0000164956 devstack@n-api-meta.service[109820]: your memory page size is 4096 bytes
Apr 10 22:50:55.751746 np0000164956 devstack@n-api-meta.service[109820]: detected max file descriptor number: 2048
Apr 10 22:50:55.751746 np0000164956 devstack@n-api-meta.service[109820]: lock engine: pthread robust mutexes
Apr 10 22:50:55.751746 np0000164956 devstack@n-api-meta.service[109820]: thunder lock: enabled
Apr 10 22:50:55.752681 np0000164956 devstack@n-api-meta.service[109820]: uWSGI http bound on 0.0.0.0:8775 fd 5
Apr 10 22:50:55.752681 np0000164956 devstack@n-api-meta.service[109820]: uwsgi socket 0 bound to TCP address 127.0.0.1:36425 (port auto-assigned) fd 4
Apr 10 22:50:55.752681 np0000164956 devstack@n-api-meta.service[109820]: Python version: 3.12.3 (main, Mar 3 2026, 12:15:18) [GCC 13.3.0]
Apr 10 22:50:55.752681 np0000164956 devstack@n-api-meta.service[109820]: PEP 405 virtualenv detected: /opt/stack/data/venv
Apr 10 22:50:55.752681 np0000164956 devstack@n-api-meta.service[109820]: Set PythonHome to /opt/stack/data/venv
Apr 10 22:50:55.788213 np0000164956 devstack@n-api-meta.service[109820]: Python main interpreter initialized at 0x7f9a660a3668
Apr 10 22:50:55.788213 np0000164956 devstack@n-api-meta.service[109820]: python threads support enabled
Apr 10 22:50:55.788213 np0000164956 devstack@n-api-meta.service[109820]: your server socket listen backlog is limited to 100 connections
Apr 10 22:50:55.788213 np0000164956 devstack@n-api-meta.service[109820]: your mercy for graceful operations on workers is 80 seconds
Apr 10 22:50:55.788796 np0000164956 devstack@n-api-meta.service[109820]: mapped 671795 bytes (656 KB) for 4 cores
Apr 10 22:50:55.788936 np0000164956 devstack@n-api-meta.service[109820]: *** Operational MODE: preforking ***
Apr 10 22:50:55.789161 np0000164956 devstack@n-api-meta.service[109820]: *** uWSGI is running in multiple interpreter mode ***
Apr 10 22:50:55.789161 np0000164956 devstack@n-api-meta.service[109820]: spawned uWSGI master process (pid: 109820)
Apr 10 22:50:55.789280 np0000164956 systemd[1]: Started devstack@n-api-meta.service - Devstack devstack@n-api-meta.service.
Apr 10 22:50:55.789994 np0000164956 devstack@n-api-meta.service[109820]: spawned uWSGI worker 1 (pid: 109821, cores: 1)
Apr 10 22:50:55.790522 np0000164956 devstack@n-api-meta.service[109820]: spawned uWSGI worker 2 (pid: 109822, cores: 1)
Apr 10 22:50:55.791123 np0000164956 devstack@n-api-meta.service[109820]: spawned uWSGI worker 3 (pid: 109823, cores: 1)
Apr 10 22:50:55.791535 np0000164956 devstack@n-api-meta.service[109820]: spawned uWSGI worker 4 (pid: 109824, cores: 1)
Apr 10 22:50:55.792490 np0000164956 devstack@n-api-meta.service[109820]: spawned uWSGI http 1 (pid: 109825)
Apr 10 22:50:55.792490 np0000164956 devstack@n-api-meta.service[109820]: running "unix_signal:15 gracefully_kill_them_all" (master-start)...
Apr 10 22:50:56.100556 np0000164956 devstack@n-api-meta.service[109822]: /opt/stack/data/venv/lib/python3.12/site-packages/oslo_concurrency/lockutils.py:41: EventletDeprecationWarning:
Apr 10 22:50:56.100556 np0000164956 devstack@n-api-meta.service[109822]: Eventlet is deprecated. It is currently being maintained in bugfix mode, and
Apr 10 22:50:56.100556 np0000164956 devstack@n-api-meta.service[109822]: we strongly recommend against using it for new projects.
Apr 10 22:50:56.100556 np0000164956 devstack@n-api-meta.service[109822]: If you are already using Eventlet, we recommend migrating to a different
Apr 10 22:50:56.100556 np0000164956 devstack@n-api-meta.service[109822]: framework. For more detail see
Apr 10 22:50:56.100556 np0000164956 devstack@n-api-meta.service[109822]: https://eventlet.readthedocs.io/en/latest/asyncio/migration.html
Apr 10 22:50:56.100556 np0000164956 devstack@n-api-meta.service[109822]: import eventlet
Apr 10 22:50:56.114250 np0000164956 devstack@n-api-meta.service[109821]: /opt/stack/data/venv/lib/python3.12/site-packages/oslo_concurrency/lockutils.py:41: EventletDeprecationWarning:
Apr 10 22:50:56.114250 np0000164956 devstack@n-api-meta.service[109821]: Eventlet is deprecated. It is currently being maintained in bugfix mode, and
Apr 10 22:50:56.114250 np0000164956 devstack@n-api-meta.service[109821]: we strongly recommend against using it for new projects.
Apr 10 22:50:56.114250 np0000164956 devstack@n-api-meta.service[109821]: If you are already using Eventlet, we recommend migrating to a different
Apr 10 22:50:56.114250 np0000164956 devstack@n-api-meta.service[109821]: framework. For more detail see
Apr 10 22:50:56.114250 np0000164956 devstack@n-api-meta.service[109821]: https://eventlet.readthedocs.io/en/latest/asyncio/migration.html
Apr 10 22:50:56.114250 np0000164956 devstack@n-api-meta.service[109821]: import eventlet
Apr 10 22:50:56.116724 np0000164956 devstack@n-api-meta.service[109824]: /opt/stack/data/venv/lib/python3.12/site-packages/oslo_concurrency/lockutils.py:41: EventletDeprecationWarning:
Apr 10 22:50:56.116724 np0000164956 devstack@n-api-meta.service[109824]: Eventlet is deprecated. It is currently being maintained in bugfix mode, and
Apr 10 22:50:56.116724 np0000164956 devstack@n-api-meta.service[109824]: we strongly recommend against using it for new projects.
Apr 10 22:50:56.116724 np0000164956 devstack@n-api-meta.service[109824]: If you are already using Eventlet, we recommend migrating to a different
Apr 10 22:50:56.116724 np0000164956 devstack@n-api-meta.service[109824]: framework. For more detail see
Apr 10 22:50:56.116724 np0000164956 devstack@n-api-meta.service[109824]: https://eventlet.readthedocs.io/en/latest/asyncio/migration.html
Apr 10 22:50:56.116724 np0000164956 devstack@n-api-meta.service[109824]: import eventlet
Apr 10 22:50:56.152210 np0000164956 devstack@n-api-meta.service[109822]: Service is starting with native threading. This is currently experimental. Do not use it in production without first testing it in pre-production.
Apr 10 22:50:56.163682 np0000164956 devstack@n-api-meta.service[109821]: Service is starting with native threading. This is currently experimental. Do not use it in production without first testing it in pre-production.
Apr 10 22:50:56.164449 np0000164956 devstack@n-api-meta.service[109824]: Service is starting with native threading. This is currently experimental. Do not use it in production without first testing it in pre-production.
Apr 10 22:50:56.168099 np0000164956 devstack@n-api-meta.service[109823]: /opt/stack/data/venv/lib/python3.12/site-packages/oslo_concurrency/lockutils.py:41: EventletDeprecationWarning:
Apr 10 22:50:56.168099 np0000164956 devstack@n-api-meta.service[109823]: Eventlet is deprecated. It is currently being maintained in bugfix mode, and
Apr 10 22:50:56.168099 np0000164956 devstack@n-api-meta.service[109823]: we strongly recommend against using it for new projects.
Apr 10 22:50:56.168099 np0000164956 devstack@n-api-meta.service[109823]: If you are already using Eventlet, we recommend migrating to a different
Apr 10 22:50:56.168099 np0000164956 devstack@n-api-meta.service[109823]: framework. For more detail see
Apr 10 22:50:56.168099 np0000164956 devstack@n-api-meta.service[109823]: https://eventlet.readthedocs.io/en/latest/asyncio/migration.html
Apr 10 22:50:56.168099 np0000164956 devstack@n-api-meta.service[109823]: import eventlet
Apr 10 22:50:56.220857 np0000164956 devstack@n-api-meta.service[109823]: Service is starting with native threading. This is currently experimental. Do not use it in production without first testing it in pre-production.
Apr 10 22:50:57.527829 np0000164956 devstack@n-api-meta.service[109822]: INFO dbcounter [None req-214c6090-f9ff-4006-9bf8-2d911b6824eb None None] Registered counter for database nova_api
Apr 10 22:50:57.545047 np0000164956 devstack@n-api-meta.service[109822]: DEBUG oslo_db.sqlalchemy.engines [None req-214c6090-f9ff-4006-9bf8-2d911b6824eb None None] MySQL server mode set to STRICT_TRANS_TABLES,STRICT_ALL_TABLES,NO_ZERO_IN_DATE,NO_ZERO_DATE,ERROR_FOR_DIVISION_BY_ZERO,TRADITIONAL,NO_ENGINE_SUBSTITUTION {{(pid=109822) _check_effective_sql_mode /opt/stack/data/venv/lib/python3.12/site-packages/oslo_db/sqlalchemy/engines.py:325}}
Apr 10 22:50:57.572247 np0000164956 devstack@n-api-meta.service[109821]: INFO dbcounter [None req-99a74266-9689-408b-b58b-95150097a3cb None None] Registered counter for database nova_api
Apr 10 22:50:57.574332 np0000164956 devstack@n-api-meta.service[109822]: DEBUG dbcounter [-] [109822] Writer thread running {{(pid=109822) stat_writer /opt/stack/data/venv/lib/python3.12/site-packages/dbcounter.py:102}}
Apr 10 22:50:57.576705 np0000164956 devstack@n-api-meta.service[109822]: DEBUG nova.context [None req-214c6090-f9ff-4006-9bf8-2d911b6824eb None None] Found 2 cells: 00000000-0000-0000-0000-000000000000(cell0),a1b53f7b-acd0-4538-af1a-9f8479f39a7e(cell1) {{(pid=109822) load_cells /opt/stack/nova/nova/context.py:509}}
Apr 10 22:50:57.576930 np0000164956 devstack@n-api-meta.service[109822]: INFO nova.utils [None req-214c6090-f9ff-4006-9bf8-2d911b6824eb None None] The cell worker thread pool MainProcess.cell_worker is initialized
Apr 10 22:50:57.578665 np0000164956 devstack@n-api-meta.service[109822]: DEBUG oslo_concurrency.lockutils [None req-214c6090-f9ff-4006-9bf8-2d911b6824eb None None] Acquiring lock "00000000-0000-0000-0000-000000000000" by "nova.context.set_target_cell..get_or_set_cached_cell_and_set_connections" {{(pid=109822) inner /opt/stack/data/venv/lib/python3.12/site-packages/oslo_concurrency/lockutils.py:506}}
Apr 10 22:50:57.578820 np0000164956 devstack@n-api-meta.service[109822]: DEBUG oslo_concurrency.lockutils [None req-214c6090-f9ff-4006-9bf8-2d911b6824eb None None] Lock "00000000-0000-0000-0000-000000000000" acquired by "nova.context.set_target_cell..get_or_set_cached_cell_and_set_connections" :: waited 0.000s {{(pid=109822) inner /opt/stack/data/venv/lib/python3.12/site-packages/oslo_concurrency/lockutils.py:519}}
Apr 10 22:50:57.579176 np0000164956 devstack@n-api-meta.service[109822]: DEBUG oslo_concurrency.lockutils [None req-214c6090-f9ff-4006-9bf8-2d911b6824eb None None] Lock "00000000-0000-0000-0000-000000000000" "released" by "nova.context.set_target_cell..get_or_set_cached_cell_and_set_connections" :: held 0.000s {{(pid=109822) inner /opt/stack/data/venv/lib/python3.12/site-packages/oslo_concurrency/lockutils.py:538}}
Apr 10 22:50:57.579867 np0000164956 devstack@n-api-meta.service[109822]: DEBUG oslo_concurrency.lockutils [None req-214c6090-f9ff-4006-9bf8-2d911b6824eb None None] Acquiring lock "a1b53f7b-acd0-4538-af1a-9f8479f39a7e" by "nova.context.set_target_cell..get_or_set_cached_cell_and_set_connections" {{(pid=109822) inner /opt/stack/data/venv/lib/python3.12/site-packages/oslo_concurrency/lockutils.py:506}}
Apr 10 22:50:57.580023 np0000164956 devstack@n-api-meta.service[109822]: DEBUG oslo_concurrency.lockutils [None req-214c6090-f9ff-4006-9bf8-2d911b6824eb None None] Lock "a1b53f7b-acd0-4538-af1a-9f8479f39a7e" acquired by "nova.context.set_target_cell..get_or_set_cached_cell_and_set_connections" :: waited 0.000s {{(pid=109822) inner /opt/stack/data/venv/lib/python3.12/site-packages/oslo_concurrency/lockutils.py:519}}
Apr 10 22:50:57.580860 np0000164956 devstack@n-api-meta.service[109822]: DEBUG oslo_concurrency.lockutils [None req-214c6090-f9ff-4006-9bf8-2d911b6824eb None None] Lock "a1b53f7b-acd0-4538-af1a-9f8479f39a7e" "released" by "nova.context.set_target_cell..get_or_set_cached_cell_and_set_connections" :: held 0.001s {{(pid=109822) inner /opt/stack/data/venv/lib/python3.12/site-packages/oslo_concurrency/lockutils.py:538}}
Apr 10 22:50:57.583265 np0000164956 devstack@n-api-meta.service[109822]: INFO dbcounter [None req-214c6090-f9ff-4006-9bf8-2d911b6824eb None None] Registered counter for database nova_cell0
Apr 10 22:50:57.589894 np0000164956 devstack@n-api-meta.service[109822]: INFO dbcounter [None req-214c6090-f9ff-4006-9bf8-2d911b6824eb None None] Registered counter for database nova_cell1
Apr 10 22:50:57.590199 np0000164956 devstack@n-api-meta.service[109821]: DEBUG oslo_db.sqlalchemy.engines [None req-99a74266-9689-408b-b58b-95150097a3cb None None] MySQL server mode set to STRICT_TRANS_TABLES,STRICT_ALL_TABLES,NO_ZERO_IN_DATE,NO_ZERO_DATE,ERROR_FOR_DIVISION_BY_ZERO,TRADITIONAL,NO_ENGINE_SUBSTITUTION {{(pid=109821) _check_effective_sql_mode /opt/stack/data/venv/lib/python3.12/site-packages/oslo_db/sqlalchemy/engines.py:325}}
Apr 10 22:50:57.597353 np0000164956 devstack@n-api-meta.service[109822]: DEBUG oslo_db.sqlalchemy.engines [None req-214c6090-f9ff-4006-9bf8-2d911b6824eb None None] MySQL server mode set to STRICT_TRANS_TABLES,STRICT_ALL_TABLES,NO_ZERO_IN_DATE,NO_ZERO_DATE,ERROR_FOR_DIVISION_BY_ZERO,TRADITIONAL,NO_ENGINE_SUBSTITUTION {{(pid=109822) _check_effective_sql_mode /opt/stack/data/venv/lib/python3.12/site-packages/oslo_db/sqlalchemy/engines.py:325}}
Apr 10 22:50:57.614879 np0000164956 devstack@n-api-meta.service[109822]: DEBUG oslo_db.sqlalchemy.engines [None req-214c6090-f9ff-4006-9bf8-2d911b6824eb None None] MySQL server mode set to STRICT_TRANS_TABLES,STRICT_ALL_TABLES,NO_ZERO_IN_DATE,NO_ZERO_DATE,ERROR_FOR_DIVISION_BY_ZERO,TRADITIONAL,NO_ENGINE_SUBSTITUTION {{(pid=109822) _check_effective_sql_mode /opt/stack/data/venv/lib/python3.12/site-packages/oslo_db/sqlalchemy/engines.py:325}}
Apr 10 22:50:57.623983 np0000164956 devstack@n-api-meta.service[109821]: DEBUG dbcounter [-] [109821] Writer thread running {{(pid=109821) stat_writer /opt/stack/data/venv/lib/python3.12/site-packages/dbcounter.py:102}}
Apr 10 22:50:57.626529 np0000164956 devstack@n-api-meta.service[109821]: DEBUG nova.context [None req-99a74266-9689-408b-b58b-95150097a3cb None None] Found 2 cells: 00000000-0000-0000-0000-000000000000(cell0),a1b53f7b-acd0-4538-af1a-9f8479f39a7e(cell1) {{(pid=109821) load_cells /opt/stack/nova/nova/context.py:509}}
Apr 10 22:50:57.626766 np0000164956 devstack@n-api-meta.service[109821]: INFO nova.utils [None req-99a74266-9689-408b-b58b-95150097a3cb None None] The cell worker thread pool MainProcess.cell_worker is initialized
Apr 10 22:50:57.628561 np0000164956 devstack@n-api-meta.service[109821]: DEBUG oslo_concurrency.lockutils [None req-99a74266-9689-408b-b58b-95150097a3cb None None] Acquiring lock "00000000-0000-0000-0000-000000000000" by "nova.context.set_target_cell..get_or_set_cached_cell_and_set_connections" {{(pid=109821) inner /opt/stack/data/venv/lib/python3.12/site-packages/oslo_concurrency/lockutils.py:506}}
Apr 10 22:50:57.628655 np0000164956 devstack@n-api-meta.service[109824]: INFO dbcounter [None req-bf3e8d4f-92ef-4548-9c7c-12ad8369c003 None None] Registered counter for database nova_api
Apr 10 22:50:57.629101 np0000164956 devstack@n-api-meta.service[109821]: DEBUG oslo_concurrency.lockutils [None req-99a74266-9689-408b-b58b-95150097a3cb None None] Lock "00000000-0000-0000-0000-000000000000" acquired by "nova.context.set_target_cell..get_or_set_cached_cell_and_set_connections" :: waited 0.000s {{(pid=109821) inner /opt/stack/data/venv/lib/python3.12/site-packages/oslo_concurrency/lockutils.py:519}}
Apr 10 22:50:57.629101 np0000164956 devstack@n-api-meta.service[109821]: DEBUG oslo_concurrency.lockutils [None req-99a74266-9689-408b-b58b-95150097a3cb None None] Lock "00000000-0000-0000-0000-000000000000" "released" by "nova.context.set_target_cell..get_or_set_cached_cell_and_set_connections" :: held 0.000s {{(pid=109821) inner /opt/stack/data/venv/lib/python3.12/site-packages/oslo_concurrency/lockutils.py:538}}
Apr 10 22:50:57.629765 np0000164956 devstack@n-api-meta.service[109821]: DEBUG oslo_concurrency.lockutils [None req-99a74266-9689-408b-b58b-95150097a3cb None None] Acquiring lock "a1b53f7b-acd0-4538-af1a-9f8479f39a7e" by "nova.context.set_target_cell..get_or_set_cached_cell_and_set_connections" {{(pid=109821) inner /opt/stack/data/venv/lib/python3.12/site-packages/oslo_concurrency/lockutils.py:506}}
Apr 10 22:50:57.629912 np0000164956 devstack@n-api-meta.service[109821]: DEBUG oslo_concurrency.lockutils [None req-99a74266-9689-408b-b58b-95150097a3cb None None] Lock "a1b53f7b-acd0-4538-af1a-9f8479f39a7e" acquired by "nova.context.set_target_cell..get_or_set_cached_cell_and_set_connections" :: waited 0.000s {{(pid=109821) inner /opt/stack/data/venv/lib/python3.12/site-packages/oslo_concurrency/lockutils.py:519}}
Apr 10 22:50:57.633767 np0000164956 devstack@n-api-meta.service[109821]: DEBUG oslo_concurrency.lockutils [None req-99a74266-9689-408b-b58b-95150097a3cb None None] Lock "a1b53f7b-acd0-4538-af1a-9f8479f39a7e" "released" by "nova.context.set_target_cell..get_or_set_cached_cell_and_set_connections" :: held 0.001s {{(pid=109821) inner /opt/stack/data/venv/lib/python3.12/site-packages/oslo_concurrency/lockutils.py:538}}
Apr 10 22:50:57.633767 np0000164956 devstack@n-api-meta.service[109821]: INFO dbcounter [None req-99a74266-9689-408b-b58b-95150097a3cb None None] Registered counter for database nova_cell0
Apr 10 22:50:57.638847 np0000164956 devstack@n-api-meta.service[109821]: INFO dbcounter [None req-99a74266-9689-408b-b58b-95150097a3cb None None] Registered counter for database nova_cell1
Apr 10 22:50:57.644469 np0000164956 devstack@n-api-meta.service[109824]: DEBUG oslo_db.sqlalchemy.engines [None req-bf3e8d4f-92ef-4548-9c7c-12ad8369c003 None None] MySQL server mode set to STRICT_TRANS_TABLES,STRICT_ALL_TABLES,NO_ZERO_IN_DATE,NO_ZERO_DATE,ERROR_FOR_DIVISION_BY_ZERO,TRADITIONAL,NO_ENGINE_SUBSTITUTION {{(pid=109824) _check_effective_sql_mode /opt/stack/data/venv/lib/python3.12/site-packages/oslo_db/sqlalchemy/engines.py:325}}
Apr 10 22:50:57.649328 np0000164956 devstack@n-api-meta.service[109821]: DEBUG oslo_db.sqlalchemy.engines [None req-99a74266-9689-408b-b58b-95150097a3cb None None] MySQL server mode set to STRICT_TRANS_TABLES,STRICT_ALL_TABLES,NO_ZERO_IN_DATE,NO_ZERO_DATE,ERROR_FOR_DIVISION_BY_ZERO,TRADITIONAL,NO_ENGINE_SUBSTITUTION {{(pid=109821) _check_effective_sql_mode /opt/stack/data/venv/lib/python3.12/site-packages/oslo_db/sqlalchemy/engines.py:325}}
Apr 10 22:50:57.656113 np0000164956 devstack@n-api-meta.service[109821]: DEBUG oslo_db.sqlalchemy.engines [None req-99a74266-9689-408b-b58b-95150097a3cb None None] MySQL server mode set to STRICT_TRANS_TABLES,STRICT_ALL_TABLES,NO_ZERO_IN_DATE,NO_ZERO_DATE,ERROR_FOR_DIVISION_BY_ZERO,TRADITIONAL,NO_ENGINE_SUBSTITUTION {{(pid=109821) _check_effective_sql_mode /opt/stack/data/venv/lib/python3.12/site-packages/oslo_db/sqlalchemy/engines.py:325}}
Apr 10 22:50:57.678669 np0000164956 devstack@n-api-meta.service[109824]: DEBUG dbcounter [-] [109824] Writer thread running {{(pid=109824) stat_writer /opt/stack/data/venv/lib/python3.12/site-packages/dbcounter.py:102}}
Apr 10 22:50:57.681407 np0000164956 devstack@n-api-meta.service[109824]: DEBUG nova.context [None req-bf3e8d4f-92ef-4548-9c7c-12ad8369c003 None None] Found 2 cells: 00000000-0000-0000-0000-000000000000(cell0),a1b53f7b-acd0-4538-af1a-9f8479f39a7e(cell1) {{(pid=109824) load_cells /opt/stack/nova/nova/context.py:509}}
Apr 10 22:50:57.681729 np0000164956 devstack@n-api-meta.service[109824]: INFO nova.utils [None req-bf3e8d4f-92ef-4548-9c7c-12ad8369c003 None None] The cell worker thread pool MainProcess.cell_worker is initialized
Apr 10 22:50:57.684093 np0000164956 devstack@n-api-meta.service[109824]: DEBUG oslo_concurrency.lockutils [None req-bf3e8d4f-92ef-4548-9c7c-12ad8369c003 None None] Acquiring lock "00000000-0000-0000-0000-000000000000" by "nova.context.set_target_cell..get_or_set_cached_cell_and_set_connections" {{(pid=109824) inner /opt/stack/data/venv/lib/python3.12/site-packages/oslo_concurrency/lockutils.py:506}}
Apr 10 22:50:57.684341 np0000164956 devstack@n-api-meta.service[109824]: DEBUG oslo_concurrency.lockutils [None req-bf3e8d4f-92ef-4548-9c7c-12ad8369c003 None None] Lock "00000000-0000-0000-0000-000000000000" acquired by "nova.context.set_target_cell..get_or_set_cached_cell_and_set_connections" :: waited 0.000s {{(pid=109824) inner /opt/stack/data/venv/lib/python3.12/site-packages/oslo_concurrency/lockutils.py:519}}
Apr 10 22:50:57.684850 np0000164956 devstack@n-api-meta.service[109824]: DEBUG oslo_concurrency.lockutils [None req-bf3e8d4f-92ef-4548-9c7c-12ad8369c003 None None] Lock "00000000-0000-0000-0000-000000000000" "released" by "nova.context.set_target_cell..get_or_set_cached_cell_and_set_connections" :: held 0.001s {{(pid=109824) inner /opt/stack/data/venv/lib/python3.12/site-packages/oslo_concurrency/lockutils.py:538}}
Apr 10 22:50:57.685846 np0000164956 devstack@n-api-meta.service[109824]: DEBUG oslo_concurrency.lockutils [None req-bf3e8d4f-92ef-4548-9c7c-12ad8369c003 None None] Acquiring lock "a1b53f7b-acd0-4538-af1a-9f8479f39a7e" by "nova.context.set_target_cell..get_or_set_cached_cell_and_set_connections" {{(pid=109824) inner /opt/stack/data/venv/lib/python3.12/site-packages/oslo_concurrency/lockutils.py:506}}
Apr 10 22:50:57.686049 np0000164956 devstack@n-api-meta.service[109824]: DEBUG oslo_concurrency.lockutils [None req-bf3e8d4f-92ef-4548-9c7c-12ad8369c003 None None] Lock "a1b53f7b-acd0-4538-af1a-9f8479f39a7e" acquired by "nova.context.set_target_cell..get_or_set_cached_cell_and_set_connections" :: waited 0.000s {{(pid=109824) inner /opt/stack/data/venv/lib/python3.12/site-packages/oslo_concurrency/lockutils.py:519}}
Apr 10 22:50:57.687254 np0000164956 devstack@n-api-meta.service[109824]: DEBUG oslo_concurrency.lockutils [None req-bf3e8d4f-92ef-4548-9c7c-12ad8369c003 None None] Lock "a1b53f7b-acd0-4538-af1a-9f8479f39a7e" "released" by "nova.context.set_target_cell..get_or_set_cached_cell_and_set_connections" :: held 0.001s {{(pid=109824) inner /opt/stack/data/venv/lib/python3.12/site-packages/oslo_concurrency/lockutils.py:538}}
Apr 10 22:50:57.691108 np0000164956 devstack@n-api-meta.service[109824]: INFO dbcounter [None req-bf3e8d4f-92ef-4548-9c7c-12ad8369c003 None None] Registered counter for database nova_cell0
Apr 10 22:50:57.691670 np0000164956 devstack@n-api-meta.service[109822]: DEBUG dbcounter [-] [109822] Writer thread running {{(pid=109822) stat_writer /opt/stack/data/venv/lib/python3.12/site-packages/dbcounter.py:102}}
Apr 10 22:50:57.694018 np0000164956 devstack@n-api-meta.service[109822]: DEBUG dbcounter [-] [109822] Writer thread running {{(pid=109822) stat_writer /opt/stack/data/venv/lib/python3.12/site-packages/dbcounter.py:102}}
Apr 10 22:50:57.698146 np0000164956 devstack@n-api-meta.service[109824]: INFO dbcounter [None req-bf3e8d4f-92ef-4548-9c7c-12ad8369c003 None None] Registered counter for database nova_cell1
Apr 10 22:50:57.699293 np0000164956 devstack@n-api-meta.service[109822]: INFO dbcounter [None req-214c6090-f9ff-4006-9bf8-2d911b6824eb None None] Registered counter for database nova_cell0
Apr 10 22:50:57.709028 np0000164956 devstack@n-api-meta.service[109824]: DEBUG oslo_db.sqlalchemy.engines [None req-bf3e8d4f-92ef-4548-9c7c-12ad8369c003 None None] MySQL server mode set to STRICT_TRANS_TABLES,STRICT_ALL_TABLES,NO_ZERO_IN_DATE,NO_ZERO_DATE,ERROR_FOR_DIVISION_BY_ZERO,TRADITIONAL,NO_ENGINE_SUBSTITUTION {{(pid=109824) _check_effective_sql_mode /opt/stack/data/venv/lib/python3.12/site-packages/oslo_db/sqlalchemy/engines.py:325}}
Apr 10 22:50:57.714576 np0000164956 devstack@n-api-meta.service[109822]: DEBUG oslo_db.sqlalchemy.engines [None req-214c6090-f9ff-4006-9bf8-2d911b6824eb None None] MySQL server mode set to STRICT_TRANS_TABLES,STRICT_ALL_TABLES,NO_ZERO_IN_DATE,NO_ZERO_DATE,ERROR_FOR_DIVISION_BY_ZERO,TRADITIONAL,NO_ENGINE_SUBSTITUTION {{(pid=109822) _check_effective_sql_mode /opt/stack/data/venv/lib/python3.12/site-packages/oslo_db/sqlalchemy/engines.py:325}}
Apr 10 22:50:57.715154 np0000164956 devstack@n-api-meta.service[109823]: INFO dbcounter [None req-f2d5e9f6-6267-4c6c-a21c-86f80db481cc None None] Registered counter for database nova_api
Apr 10 22:50:57.718535 np0000164956 devstack@n-api-meta.service[109822]: DEBUG dbcounter [-] [109822] Writer thread running {{(pid=109822) stat_writer /opt/stack/data/venv/lib/python3.12/site-packages/dbcounter.py:102}}
Apr 10 22:50:57.729920 np0000164956 devstack@n-api-meta.service[109824]: DEBUG oslo_db.sqlalchemy.engines [None req-bf3e8d4f-92ef-4548-9c7c-12ad8369c003 None None] MySQL server mode set to STRICT_TRANS_TABLES,STRICT_ALL_TABLES,NO_ZERO_IN_DATE,NO_ZERO_DATE,ERROR_FOR_DIVISION_BY_ZERO,TRADITIONAL,NO_ENGINE_SUBSTITUTION {{(pid=109824) _check_effective_sql_mode /opt/stack/data/venv/lib/python3.12/site-packages/oslo_db/sqlalchemy/engines.py:325}}
Apr 10 22:50:57.730947 np0000164956 devstack@n-api-meta.service[109823]: DEBUG oslo_db.sqlalchemy.engines [None req-f2d5e9f6-6267-4c6c-a21c-86f80db481cc None None] MySQL server mode set to STRICT_TRANS_TABLES,STRICT_ALL_TABLES,NO_ZERO_IN_DATE,NO_ZERO_DATE,ERROR_FOR_DIVISION_BY_ZERO,TRADITIONAL,NO_ENGINE_SUBSTITUTION {{(pid=109823) _check_effective_sql_mode /opt/stack/data/venv/lib/python3.12/site-packages/oslo_db/sqlalchemy/engines.py:325}}
Apr 10 22:50:57.741912 np0000164956 devstack@n-api-meta.service[109821]: DEBUG dbcounter [-] [109821] Writer thread running {{(pid=109821) stat_writer /opt/stack/data/venv/lib/python3.12/site-packages/dbcounter.py:102}}
Apr 10 22:50:57.750639 np0000164956 devstack@n-api-meta.service[109821]: DEBUG dbcounter [-] [109821] Writer thread running {{(pid=109821) stat_writer /opt/stack/data/venv/lib/python3.12/site-packages/dbcounter.py:102}}
Apr 10 22:50:57.755329 np0000164956 devstack@n-api-meta.service[109821]: INFO dbcounter [None req-99a74266-9689-408b-b58b-95150097a3cb None None] Registered counter for database nova_cell0
Apr 10 22:50:57.767079 np0000164956 devstack@n-api-meta.service[109821]: DEBUG oslo_db.sqlalchemy.engines [None req-99a74266-9689-408b-b58b-95150097a3cb None None] MySQL server mode set to STRICT_TRANS_TABLES,STRICT_ALL_TABLES,NO_ZERO_IN_DATE,NO_ZERO_DATE,ERROR_FOR_DIVISION_BY_ZERO,TRADITIONAL,NO_ENGINE_SUBSTITUTION {{(pid=109821) _check_effective_sql_mode /opt/stack/data/venv/lib/python3.12/site-packages/oslo_db/sqlalchemy/engines.py:325}}
Apr 10 22:50:57.767204 np0000164956 devstack@n-api-meta.service[109823]: DEBUG dbcounter [-] [109823] Writer thread running {{(pid=109823) stat_writer /opt/stack/data/venv/lib/python3.12/site-packages/dbcounter.py:102}}
Apr 10 22:50:57.769747 np0000164956 devstack@n-api-meta.service[109823]: DEBUG nova.context [None req-f2d5e9f6-6267-4c6c-a21c-86f80db481cc None None] Found 2 cells: 00000000-0000-0000-0000-000000000000(cell0),a1b53f7b-acd0-4538-af1a-9f8479f39a7e(cell1) {{(pid=109823) load_cells /opt/stack/nova/nova/context.py:509}}
Apr 10 22:50:57.769992 np0000164956 devstack@n-api-meta.service[109823]: INFO nova.utils [None req-f2d5e9f6-6267-4c6c-a21c-86f80db481cc None None] The cell worker thread pool MainProcess.cell_worker is initialized
Apr 10 22:50:57.771853 np0000164956 devstack@n-api-meta.service[109823]: DEBUG oslo_concurrency.lockutils [None req-f2d5e9f6-6267-4c6c-a21c-86f80db481cc None None] Acquiring lock "00000000-0000-0000-0000-000000000000" by "nova.context.set_target_cell..get_or_set_cached_cell_and_set_connections" {{(pid=109823) inner /opt/stack/data/venv/lib/python3.12/site-packages/oslo_concurrency/lockutils.py:506}}
Apr 10 22:50:57.772015 np0000164956 devstack@n-api-meta.service[109823]: DEBUG oslo_concurrency.lockutils [None req-f2d5e9f6-6267-4c6c-a21c-86f80db481cc None None] Lock "00000000-0000-0000-0000-000000000000" acquired by "nova.context.set_target_cell..get_or_set_cached_cell_and_set_connections" :: waited 0.000s {{(pid=109823) inner /opt/stack/data/venv/lib/python3.12/site-packages/oslo_concurrency/lockutils.py:519}}
Apr 10 22:50:57.772461 np0000164956 devstack@n-api-meta.service[109823]: DEBUG oslo_concurrency.lockutils [None req-f2d5e9f6-6267-4c6c-a21c-86f80db481cc None None] Lock "00000000-0000-0000-0000-000000000000" "released" by "nova.context.set_target_cell..get_or_set_cached_cell_and_set_connections" :: held 0.000s {{(pid=109823) inner /opt/stack/data/venv/lib/python3.12/site-packages/oslo_concurrency/lockutils.py:538}}
Apr 10 22:50:57.773187 np0000164956 devstack@n-api-meta.service[109823]: DEBUG oslo_concurrency.lockutils [None req-f2d5e9f6-6267-4c6c-a21c-86f80db481cc None None] Acquiring lock "a1b53f7b-acd0-4538-af1a-9f8479f39a7e" by "nova.context.set_target_cell..get_or_set_cached_cell_and_set_connections" {{(pid=109823) inner /opt/stack/data/venv/lib/python3.12/site-packages/oslo_concurrency/lockutils.py:506}}
Apr 10 22:50:57.773328 np0000164956 devstack@n-api-meta.service[109823]: DEBUG oslo_concurrency.lockutils [None req-f2d5e9f6-6267-4c6c-a21c-86f80db481cc None None] Lock "a1b53f7b-acd0-4538-af1a-9f8479f39a7e" acquired by "nova.context.set_target_cell..get_or_set_cached_cell_and_set_connections" :: waited 0.000s {{(pid=109823) inner /opt/stack/data/venv/lib/python3.12/site-packages/oslo_concurrency/lockutils.py:519}}
Apr 10 22:50:57.774218 np0000164956 devstack@n-api-meta.service[109823]: DEBUG oslo_concurrency.lockutils [None req-f2d5e9f6-6267-4c6c-a21c-86f80db481cc None None] Lock "a1b53f7b-acd0-4538-af1a-9f8479f39a7e" "released" by "nova.context.set_target_cell..get_or_set_cached_cell_and_set_connections" :: held 0.001s {{(pid=109823) inner /opt/stack/data/venv/lib/python3.12/site-packages/oslo_concurrency/lockutils.py:538}}
Apr 10 22:50:57.775281 np0000164956 devstack@n-api-meta.service[109821]: DEBUG dbcounter [-] [109821] Writer thread running {{(pid=109821) stat_writer /opt/stack/data/venv/lib/python3.12/site-packages/dbcounter.py:102}}
Apr 10 22:50:57.776847 np0000164956 devstack@n-api-meta.service[109823]: INFO dbcounter [None req-f2d5e9f6-6267-4c6c-a21c-86f80db481cc None None] Registered counter for database nova_cell0
Apr 10 22:50:57.778562 np0000164956 devstack@n-api-meta.service[109822]: WARNING nova.api.metadata.handler [None req-214c6090-f9ff-4006-9bf8-2d911b6824eb None None] metadata_proxy_shared_secret is not configured, the metadata information returned by the proxy cannot be trusted
Apr 10 22:50:57.781400 np0000164956 devstack@n-api-meta.service[109822]: DEBUG nova.api.openstack.wsgi_app [None req-214c6090-f9ff-4006-9bf8-2d911b6824eb None None] ******************************************************************************** {{(pid=109822) log_opt_values /opt/stack/data/venv/lib/python3.12/site-packages/oslo_config/cfg.py:2979}}
Apr 10 22:50:57.781526 np0000164956 devstack@n-api-meta.service[109822]: DEBUG nova.api.openstack.wsgi_app [None req-214c6090-f9ff-4006-9bf8-2d911b6824eb None None] Configuration options gathered from: {{(pid=109822) log_opt_values /opt/stack/data/venv/lib/python3.12/site-packages/oslo_config/cfg.py:2980}}
Apr 10 22:50:57.781667 np0000164956 devstack@n-api-meta.service[109822]: DEBUG nova.api.openstack.wsgi_app [None req-214c6090-f9ff-4006-9bf8-2d911b6824eb None None] command line args: [] {{(pid=109822) log_opt_values /opt/stack/data/venv/lib/python3.12/site-packages/oslo_config/cfg.py:2981}}
Apr 10 22:50:57.781823 np0000164956 devstack@n-api-meta.service[109822]: DEBUG nova.api.openstack.wsgi_app [None req-214c6090-f9ff-4006-9bf8-2d911b6824eb None None] config files: ['/etc/nova/api-paste.ini', '/etc/nova/nova.conf'] {{(pid=109822) log_opt_values /opt/stack/data/venv/lib/python3.12/site-packages/oslo_config/cfg.py:2982}}
Apr 10 22:50:57.781930 np0000164956 devstack@n-api-meta.service[109822]: DEBUG nova.api.openstack.wsgi_app [None req-214c6090-f9ff-4006-9bf8-2d911b6824eb None None] ================================================================================ {{(pid=109822) log_opt_values /opt/stack/data/venv/lib/python3.12/site-packages/oslo_config/cfg.py:2987}}
Apr 10 22:50:57.782125 np0000164956 devstack@n-api-meta.service[109822]: DEBUG nova.api.openstack.wsgi_app [None req-214c6090-f9ff-4006-9bf8-2d911b6824eb None None] allow_resize_to_same_host = True {{(pid=109822) log_opt_values /opt/stack/data/venv/lib/python3.12/site-packages/oslo_config/cfg.py:2995}}
Apr 10 22:50:57.782176 np0000164956 devstack@n-api-meta.service[109823]: INFO dbcounter [None req-f2d5e9f6-6267-4c6c-a21c-86f80db481cc None None] Registered counter for database nova_cell1
Apr 10 22:50:57.782260 np0000164956 devstack@n-api-meta.service[109822]: DEBUG nova.api.openstack.wsgi_app [None req-214c6090-f9ff-4006-9bf8-2d911b6824eb None None] arq_binding_timeout = 300 {{(pid=109822) log_opt_values /opt/stack/data/venv/lib/python3.12/site-packages/oslo_config/cfg.py:2995}}
Apr 10 22:50:57.782393 np0000164956 devstack@n-api-meta.service[109822]: DEBUG nova.api.openstack.wsgi_app [None req-214c6090-f9ff-4006-9bf8-2d911b6824eb None None] block_device_allocate_retries = 60 {{(pid=109822) log_opt_values /opt/stack/data/venv/lib/python3.12/site-packages/oslo_config/cfg.py:2995}}
Apr 10 22:50:57.782528 np0000164956 devstack@n-api-meta.service[109822]: DEBUG nova.api.openstack.wsgi_app [None req-214c6090-f9ff-4006-9bf8-2d911b6824eb None None] block_device_allocate_retries_interval = 3 {{(pid=109822) log_opt_values /opt/stack/data/venv/lib/python3.12/site-packages/oslo_config/cfg.py:2995}}
Apr 10 22:50:57.782686 np0000164956 devstack@n-api-meta.service[109822]: DEBUG nova.api.openstack.wsgi_app [None req-214c6090-f9ff-4006-9bf8-2d911b6824eb None None] cell_worker_thread_pool_size = 5 {{(pid=109822) log_opt_values /opt/stack/data/venv/lib/python3.12/site-packages/oslo_config/cfg.py:2995}}
Apr 10 22:50:57.782826 np0000164956 devstack@n-api-meta.service[109822]: DEBUG nova.api.openstack.wsgi_app [None req-214c6090-f9ff-4006-9bf8-2d911b6824eb None None] cert = self.pem {{(pid=109822) log_opt_values /opt/stack/data/venv/lib/python3.12/site-packages/oslo_config/cfg.py:2995}}
Apr 10 22:50:57.782966 np0000164956 devstack@n-api-meta.service[109822]: DEBUG nova.api.openstack.wsgi_app [None req-214c6090-f9ff-4006-9bf8-2d911b6824eb None None] compute_driver = libvirt.LibvirtDriver {{(pid=109822) log_opt_values /opt/stack/data/venv/lib/python3.12/site-packages/oslo_config/cfg.py:2995}}
Apr 10 22:50:57.783103 np0000164956 devstack@n-api-meta.service[109822]: DEBUG nova.api.openstack.wsgi_app [None req-214c6090-f9ff-4006-9bf8-2d911b6824eb None None] compute_monitors = [] {{(pid=109822) log_opt_values /opt/stack/data/venv/lib/python3.12/site-packages/oslo_config/cfg.py:2995}}
Apr 10 22:50:57.783241 np0000164956 devstack@n-api-meta.service[109822]: DEBUG nova.api.openstack.wsgi_app [None req-214c6090-f9ff-4006-9bf8-2d911b6824eb None None] config_dir = [] {{(pid=109822) log_opt_values /opt/stack/data/venv/lib/python3.12/site-packages/oslo_config/cfg.py:2995}}
Apr 10 22:50:57.783380 np0000164956 devstack@n-api-meta.service[109822]: DEBUG nova.api.openstack.wsgi_app [None req-214c6090-f9ff-4006-9bf8-2d911b6824eb None None] config_drive_format = iso9660 {{(pid=109822) log_opt_values /opt/stack/data/venv/lib/python3.12/site-packages/oslo_config/cfg.py:2995}}
Apr 10 22:50:57.783489 np0000164956 devstack@n-api-meta.service[109822]: DEBUG nova.api.openstack.wsgi_app [None req-214c6090-f9ff-4006-9bf8-2d911b6824eb None None] config_file = ['/etc/nova/api-paste.ini', '/etc/nova/nova.conf'] {{(pid=109822) log_opt_values /opt/stack/data/venv/lib/python3.12/site-packages/oslo_config/cfg.py:2995}}
Apr 10 22:50:57.783640 np0000164956 devstack@n-api-meta.service[109822]: DEBUG nova.api.openstack.wsgi_app [None req-214c6090-f9ff-4006-9bf8-2d911b6824eb None None] config_source = [] {{(pid=109822) log_opt_values /opt/stack/data/venv/lib/python3.12/site-packages/oslo_config/cfg.py:2995}}
Apr 10 22:50:57.783776 np0000164956 devstack@n-api-meta.service[109822]: DEBUG nova.api.openstack.wsgi_app [None req-214c6090-f9ff-4006-9bf8-2d911b6824eb None None] console_host = np0000164956 {{(pid=109822) log_opt_values /opt/stack/data/venv/lib/python3.12/site-packages/oslo_config/cfg.py:2995}}
Apr 10 22:50:57.783912 np0000164956 devstack@n-api-meta.service[109822]: DEBUG nova.api.openstack.wsgi_app [None req-214c6090-f9ff-4006-9bf8-2d911b6824eb None None] control_exchange = nova {{(pid=109822) log_opt_values /opt/stack/data/venv/lib/python3.12/site-packages/oslo_config/cfg.py:2995}}
Apr 10 22:50:57.784042 np0000164956 devstack@n-api-meta.service[109822]: DEBUG nova.api.openstack.wsgi_app [None req-214c6090-f9ff-4006-9bf8-2d911b6824eb None None] cpu_allocation_ratio = None {{(pid=109822) log_opt_values /opt/stack/data/venv/lib/python3.12/site-packages/oslo_config/cfg.py:2995}}
Apr 10 22:50:57.784172 np0000164956 devstack@n-api-meta.service[109822]: DEBUG nova.api.openstack.wsgi_app [None req-214c6090-f9ff-4006-9bf8-2d911b6824eb None None] daemon = False {{(pid=109822) log_opt_values /opt/stack/data/venv/lib/python3.12/site-packages/oslo_config/cfg.py:2995}}
Apr 10 22:50:57.784325 np0000164956 devstack@n-api-meta.service[109822]: DEBUG nova.api.openstack.wsgi_app [None req-214c6090-f9ff-4006-9bf8-2d911b6824eb None None] debug = True {{(pid=109822) log_opt_values /opt/stack/data/venv/lib/python3.12/site-packages/oslo_config/cfg.py:2995}}
Apr 10 22:50:57.784462 np0000164956 devstack@n-api-meta.service[109822]: DEBUG nova.api.openstack.wsgi_app [None req-214c6090-f9ff-4006-9bf8-2d911b6824eb None None] default_access_ip_network_name = None {{(pid=109822) log_opt_values /opt/stack/data/venv/lib/python3.12/site-packages/oslo_config/cfg.py:2995}}
Apr 10 22:50:57.784621 np0000164956 devstack@n-api-meta.service[109822]: DEBUG nova.api.openstack.wsgi_app [None req-214c6090-f9ff-4006-9bf8-2d911b6824eb None None] default_availability_zone = nova {{(pid=109822) log_opt_values /opt/stack/data/venv/lib/python3.12/site-packages/oslo_config/cfg.py:2995}}
Apr 10 22:50:57.784761 np0000164956 devstack@n-api-meta.service[109822]: DEBUG nova.api.openstack.wsgi_app [None req-214c6090-f9ff-4006-9bf8-2d911b6824eb None None] default_ephemeral_format = ext4 {{(pid=109822) log_opt_values /opt/stack/data/venv/lib/python3.12/site-packages/oslo_config/cfg.py:2995}}
Apr 10 22:50:57.784892 np0000164956 devstack@n-api-meta.service[109822]: DEBUG nova.api.openstack.wsgi_app [None req-214c6090-f9ff-4006-9bf8-2d911b6824eb None None] default_green_pool_size = 1000 {{(pid=109822) log_opt_values /opt/stack/data/venv/lib/python3.12/site-packages/oslo_config/cfg.py:2995}}
Apr 10 22:50:57.785102 np0000164956 devstack@n-api-meta.service[109822]: DEBUG nova.api.openstack.wsgi_app [None req-214c6090-f9ff-4006-9bf8-2d911b6824eb None None] default_log_levels = ['amqp=WARN', 'boto=WARN', 'sqlalchemy=WARN', 'suds=INFO', 'oslo.messaging=INFO', 'oslo_messaging=INFO', 'iso8601=WARN', 'requests.packages.urllib3.connectionpool=WARN', 'urllib3.connectionpool=WARN', 'websocket=WARN', 'requests.packages.urllib3.util.retry=WARN', 'urllib3.util.retry=WARN', 'keystonemiddleware=WARN', 'routes.middleware=WARN', 'stevedore=WARN', 'taskflow=WARN', 'keystoneauth=WARN', 'oslo.cache=INFO', 'oslo_policy=INFO', 'dogpile.core.dogpile=INFO', 'glanceclient=WARN', 'oslo.privsep.daemon=INFO'] {{(pid=109822) log_opt_values /opt/stack/data/venv/lib/python3.12/site-packages/oslo_config/cfg.py:2995}}
Apr 10 22:50:57.785236 np0000164956 devstack@n-api-meta.service[109822]: DEBUG nova.api.openstack.wsgi_app [None req-214c6090-f9ff-4006-9bf8-2d911b6824eb None None] default_schedule_zone = None {{(pid=109822) log_opt_values /opt/stack/data/venv/lib/python3.12/site-packages/oslo_config/cfg.py:2995}}
Apr 10 22:50:57.785356 np0000164956 devstack@n-api-meta.service[109822]: DEBUG nova.api.openstack.wsgi_app [None req-214c6090-f9ff-4006-9bf8-2d911b6824eb None None] default_thread_pool_size = 10 {{(pid=109822) log_opt_values /opt/stack/data/venv/lib/python3.12/site-packages/oslo_config/cfg.py:2995}}
Apr 10 22:50:57.785482 np0000164956 devstack@n-api-meta.service[109822]: DEBUG nova.api.openstack.wsgi_app [None req-214c6090-f9ff-4006-9bf8-2d911b6824eb None None] disk_allocation_ratio = None {{(pid=109822) log_opt_values /opt/stack/data/venv/lib/python3.12/site-packages/oslo_config/cfg.py:2995}}
Apr 10 22:50:57.785635 np0000164956 devstack@n-api-meta.service[109822]: DEBUG nova.api.openstack.wsgi_app [None req-214c6090-f9ff-4006-9bf8-2d911b6824eb None None] enable_new_services = True {{(pid=109822) log_opt_values /opt/stack/data/venv/lib/python3.12/site-packages/oslo_config/cfg.py:2995}}
Apr 10 22:50:57.785765 np0000164956 devstack@n-api-meta.service[109822]: DEBUG nova.api.openstack.wsgi_app [None req-214c6090-f9ff-4006-9bf8-2d911b6824eb None None] flat_injected = False {{(pid=109822) log_opt_values /opt/stack/data/venv/lib/python3.12/site-packages/oslo_config/cfg.py:2995}}
Apr 10 22:50:57.785904 np0000164956 devstack@n-api-meta.service[109822]: DEBUG nova.api.openstack.wsgi_app [None req-214c6090-f9ff-4006-9bf8-2d911b6824eb None None] force_config_drive = False {{(pid=109822) log_opt_values /opt/stack/data/venv/lib/python3.12/site-packages/oslo_config/cfg.py:2995}}
Apr 10 22:50:57.786079 np0000164956 devstack@n-api-meta.service[109822]: DEBUG nova.api.openstack.wsgi_app [None req-214c6090-f9ff-4006-9bf8-2d911b6824eb None None] force_raw_images = True {{(pid=109822) log_opt_values /opt/stack/data/venv/lib/python3.12/site-packages/oslo_config/cfg.py:2995}}
Apr 10 22:50:57.786331 np0000164956 devstack@n-api-meta.service[109822]: DEBUG nova.api.openstack.wsgi_app [None req-214c6090-f9ff-4006-9bf8-2d911b6824eb None None] graceful_shutdown_timeout = 5 {{(pid=109822) log_opt_values /opt/stack/data/venv/lib/python3.12/site-packages/oslo_config/cfg.py:2995}}
Apr 10 22:50:57.786403 np0000164956 devstack@n-api-meta.service[109822]: DEBUG nova.api.openstack.wsgi_app [None req-214c6090-f9ff-4006-9bf8-2d911b6824eb None None] heal_instance_info_cache_interval = -1 {{(pid=109822) log_opt_values /opt/stack/data/venv/lib/python3.12/site-packages/oslo_config/cfg.py:2995}}
Apr 10 22:50:57.786578 np0000164956 devstack@n-api-meta.service[109822]: DEBUG nova.api.openstack.wsgi_app [None req-214c6090-f9ff-4006-9bf8-2d911b6824eb None None] host = np0000164956 {{(pid=109822) log_opt_values /opt/stack/data/venv/lib/python3.12/site-packages/oslo_config/cfg.py:2995}}
Apr 10 22:50:57.786721 np0000164956 devstack@n-api-meta.service[109822]: DEBUG nova.api.openstack.wsgi_app [None req-214c6090-f9ff-4006-9bf8-2d911b6824eb None None] initial_cpu_allocation_ratio = 4.0 {{(pid=109822) log_opt_values /opt/stack/data/venv/lib/python3.12/site-packages/oslo_config/cfg.py:2995}}
Apr 10 22:50:57.786860 np0000164956 devstack@n-api-meta.service[109822]: DEBUG nova.api.openstack.wsgi_app [None req-214c6090-f9ff-4006-9bf8-2d911b6824eb None None] initial_disk_allocation_ratio = 1.0 {{(pid=109822) log_opt_values /opt/stack/data/venv/lib/python3.12/site-packages/oslo_config/cfg.py:2995}}
Apr 10 22:50:57.787076 np0000164956 devstack@n-api-meta.service[109822]: DEBUG nova.api.openstack.wsgi_app [None req-214c6090-f9ff-4006-9bf8-2d911b6824eb None None] initial_ram_allocation_ratio = 1.0 {{(pid=109822) log_opt_values /opt/stack/data/venv/lib/python3.12/site-packages/oslo_config/cfg.py:2995}}
Apr 10 22:50:57.787404 np0000164956 devstack@n-api-meta.service[109822]: DEBUG nova.api.openstack.wsgi_app [None req-214c6090-f9ff-4006-9bf8-2d911b6824eb None None] injected_network_template = /opt/stack/nova/nova/virt/interfaces.template {{(pid=109822) log_opt_values /opt/stack/data/venv/lib/python3.12/site-packages/oslo_config/cfg.py:2995}}
Apr 10 22:50:57.787661 np0000164956 devstack@n-api-meta.service[109822]: DEBUG nova.api.openstack.wsgi_app [None req-214c6090-f9ff-4006-9bf8-2d911b6824eb None None] instance_build_timeout = 0 {{(pid=109822) log_opt_values /opt/stack/data/venv/lib/python3.12/site-packages/oslo_config/cfg.py:2995}}
Apr 10 22:50:57.788062 np0000164956 devstack@n-api-meta.service[109822]: DEBUG nova.api.openstack.wsgi_app [None req-214c6090-f9ff-4006-9bf8-2d911b6824eb None None] instance_delete_interval = 300 {{(pid=109822) log_opt_values /opt/stack/data/venv/lib/python3.12/site-packages/oslo_config/cfg.py:2995}}
Apr 10 22:50:57.788133 np0000164956 devstack@n-api-meta.service[109822]: DEBUG nova.api.openstack.wsgi_app [None req-214c6090-f9ff-4006-9bf8-2d911b6824eb None None] instance_format = [instance: %(uuid)s] {{(pid=109822) log_opt_values /opt/stack/data/venv/lib/python3.12/site-packages/oslo_config/cfg.py:2995}}
Apr 10 22:50:57.788454 np0000164956 devstack@n-api-meta.service[109822]: DEBUG nova.api.openstack.wsgi_app [None req-214c6090-f9ff-4006-9bf8-2d911b6824eb None None] instance_name_template = instance-%08x {{(pid=109822) log_opt_values /opt/stack/data/venv/lib/python3.12/site-packages/oslo_config/cfg.py:2995}}
Apr 10 22:50:57.788717 np0000164956 devstack@n-api-meta.service[109822]: DEBUG nova.api.openstack.wsgi_app [None req-214c6090-f9ff-4006-9bf8-2d911b6824eb None None] instance_usage_audit = False {{(pid=109822) log_opt_values /opt/stack/data/venv/lib/python3.12/site-packages/oslo_config/cfg.py:2995}}
Apr 10 22:50:57.788967 np0000164956 devstack@n-api-meta.service[109822]: DEBUG nova.api.openstack.wsgi_app [None req-214c6090-f9ff-4006-9bf8-2d911b6824eb None None] instance_usage_audit_period = month {{(pid=109822) log_opt_values /opt/stack/data/venv/lib/python3.12/site-packages/oslo_config/cfg.py:2995}}
Apr 10 22:50:57.789143 np0000164956 devstack@n-api-meta.service[109822]: DEBUG nova.api.openstack.wsgi_app [None req-214c6090-f9ff-4006-9bf8-2d911b6824eb None None] instance_uuid_format = [instance: %(uuid)s] {{(pid=109822) log_opt_values /opt/stack/data/venv/lib/python3.12/site-packages/oslo_config/cfg.py:2995}}
Apr 10 22:50:57.789314 np0000164956 devstack@n-api-meta.service[109822]: DEBUG nova.api.openstack.wsgi_app [None req-214c6090-f9ff-4006-9bf8-2d911b6824eb None None] instances_path = /opt/stack/data/nova/instances {{(pid=109822) log_opt_values /opt/stack/data/venv/lib/python3.12/site-packages/oslo_config/cfg.py:2995}}
Apr 10 22:50:57.789472 np0000164956 devstack@n-api-meta.service[109822]: DEBUG nova.api.openstack.wsgi_app [None req-214c6090-f9ff-4006-9bf8-2d911b6824eb None None] internal_service_availability_zone = internal {{(pid=109822) log_opt_values /opt/stack/data/venv/lib/python3.12/site-packages/oslo_config/cfg.py:2995}}
Apr 10 22:50:57.789623 np0000164956 devstack@n-api-meta.service[109822]: DEBUG nova.api.openstack.wsgi_app [None req-214c6090-f9ff-4006-9bf8-2d911b6824eb None None] key = None {{(pid=109822) log_opt_values /opt/stack/data/venv/lib/python3.12/site-packages/oslo_config/cfg.py:2995}}
Apr 10 22:50:57.789778 np0000164956 devstack@n-api-meta.service[109822]: DEBUG nova.api.openstack.wsgi_app [None req-214c6090-f9ff-4006-9bf8-2d911b6824eb None None] live_migration_retry_count = 30 {{(pid=109822) log_opt_values /opt/stack/data/venv/lib/python3.12/site-packages/oslo_config/cfg.py:2995}}
Apr 10 22:50:57.789980 np0000164956 devstack@n-api-meta.service[109822]: DEBUG nova.api.openstack.wsgi_app [None req-214c6090-f9ff-4006-9bf8-2d911b6824eb None None] log_color = False {{(pid=109822) log_opt_values /opt/stack/data/venv/lib/python3.12/site-packages/oslo_config/cfg.py:2995}}
Apr 10 22:50:57.790119 np0000164956 devstack@n-api-meta.service[109822]: DEBUG nova.api.openstack.wsgi_app [None req-214c6090-f9ff-4006-9bf8-2d911b6824eb None None] log_config_append = None {{(pid=109822) log_opt_values /opt/stack/data/venv/lib/python3.12/site-packages/oslo_config/cfg.py:2995}}
Apr 10 22:50:57.790258 np0000164956 devstack@n-api-meta.service[109822]: DEBUG nova.api.openstack.wsgi_app [None req-214c6090-f9ff-4006-9bf8-2d911b6824eb None None] log_date_format = %Y-%m-%d %H:%M:%S {{(pid=109822) log_opt_values /opt/stack/data/venv/lib/python3.12/site-packages/oslo_config/cfg.py:2995}}
Apr 10 22:50:57.790395 np0000164956 devstack@n-api-meta.service[109822]: DEBUG nova.api.openstack.wsgi_app [None req-214c6090-f9ff-4006-9bf8-2d911b6824eb None None] log_dir = None {{(pid=109822) log_opt_values /opt/stack/data/venv/lib/python3.12/site-packages/oslo_config/cfg.py:2995}}
