2026-06-25 23:30:48.686 9 INFO neutron.wsgi [req-adc67088-476a-455a-8426-66ff2d801e8e req-19792fe5-7e89-49a0-8175-f7d05da983d5 4305f2eb0a454ae7afbde0d0e0f17c49 a9466336b3fd40b1bbb1e9a2323ae8bb - - 72461810ce124ffeba27c79f004d6667 72461810ce124ffeba27c79f004d6667] 10.0.0.169 "GET /v2.0/ports?device_id=61e0ce69-fe5d-4357-93f9-477c8b61201c HTTP/1.1" status: 200 len: 1413 time: 0.0419881
2026-06-25 23:30:48.739 9 INFO neutron.wsgi [req-adc67088-476a-455a-8426-66ff2d801e8e req-1c6761c4-7625-4097-89f9-1a1b885731de 4305f2eb0a454ae7afbde0d0e0f17c49 a9466336b3fd40b1bbb1e9a2323ae8bb - - 72461810ce124ffeba27c79f004d6667 72461810ce124ffeba27c79f004d6667] 10.0.0.169 "GET /v2.0/security-groups?id=be38f38c-7617-4fbf-a6d3-fb1f37c971dd&fields=id&fields=name HTTP/1.1" status: 200 len: 312 time: 0.0464144
2026-06-25 23:30:48.805 10 INFO neutron.db.ovn_revision_numbers_db [None req-8f8752ea-d0a4-4610-8848-749767f9de0f 4ec4345b05f14b0999ee72ffe4233379 43a0c8c274ae41cab5f13d9d4d98ad78 - - default default] Successfully bumped revision number for resource 8b4a8bb0-f8a1-469d-acae-d1b9b193a563 (type: security_group_rules) to 0
2026-06-25 23:30:48.834 10 INFO neutron.wsgi [None req-8f8752ea-d0a4-4610-8848-749767f9de0f 4ec4345b05f14b0999ee72ffe4233379 43a0c8c274ae41cab5f13d9d4d98ad78 - - default default] 10.0.0.89 "POST /v2.0/security-group-rules HTTP/1.1" status: 201 len: 764 time: 0.1790287
2026-06-25 23:30:48.846 10 WARNING neutron_lib.context [None req-f2f72ebf-0234-408b-a607-d4629244ec54 4ec4345b05f14b0999ee72ffe4233379 43a0c8c274ae41cab5f13d9d4d98ad78 - - default default] Method 'is_advsvc' is deprecated since 2023.2 release (neutron-lib 3.8.0) and will be removed once support for the old RBAC API policies will be removed from Neutron. Please use method 'is_service_role' instead.
2026-06-25 23:30:48.981 10 INFO neutron.db.ovn_revision_numbers_db [None req-f2f72ebf-0234-408b-a607-d4629244ec54 4ec4345b05f14b0999ee72ffe4233379 43a0c8c274ae41cab5f13d9d4d98ad78 - - default default] Successfully bumped revision number for resource 50dbf829-0a60-4ad0-b502-d48d9b659c95 (type: security_group_rules) to 0
2026-06-25 23:30:49.024 10 INFO neutron.wsgi [None req-f2f72ebf-0234-408b-a607-d4629244ec54 4ec4345b05f14b0999ee72ffe4233379 43a0c8c274ae41cab5f13d9d4d98ad78 - - default default] 10.0.0.89 "POST /v2.0/security-group-rules HTTP/1.1" status: 201 len: 769 time: 0.1823680
2026-06-25 23:30:49.040 9 WARNING neutron_lib.context [None req-347a0ab0-fed7-48f1-90c6-3d07ec97a21b 4ec4345b05f14b0999ee72ffe4233379 43a0c8c274ae41cab5f13d9d4d98ad78 - - default default] Method 'is_advsvc' is deprecated since 2023.2 release (neutron-lib 3.8.0) and will be removed once support for the old RBAC API policies will be removed from Neutron. Please use method 'is_service_role' instead.
2026-06-25 23:30:49.314 9 WARNING neutron.scheduler.dhcp_agent_scheduler [None req-347a0ab0-fed7-48f1-90c6-3d07ec97a21b 4ec4345b05f14b0999ee72ffe4233379 43a0c8c274ae41cab5f13d9d4d98ad78 - - default default] No more DHCP agents
2026-06-25 23:30:49.315 9 WARNING neutron.api.rpc.agentnotifiers.dhcp_rpc_agent_api [None req-347a0ab0-fed7-48f1-90c6-3d07ec97a21b 4ec4345b05f14b0999ee72ffe4233379 43a0c8c274ae41cab5f13d9d4d98ad78 - - default default] Unable to schedule network a6b061e7-ef29-4b14-9ccc-96c438219742: no agents available; will retry on subsequent port and subnet creation events.
2026-06-25 23:30:49.647 10 INFO neutron.wsgi [None req-875b3d67-a7a4-4397-a265-12814ba1fb38 6d0014778d53433fa8b2910c2651a92d 4e5ec60649134274a749bff35ec7570e - - default default] 10.0.0.89 "GET /v2.0/ports/8b5927cb-e6cd-4dd6-baa1-ac0ad99cf9f3 HTTP/1.1" status: 200 len: 1135 time: 0.1140275
2026-06-25 23:30:49.650 9 INFO neutron.db.ovn_revision_numbers_db [None req-347a0ab0-fed7-48f1-90c6-3d07ec97a21b 4ec4345b05f14b0999ee72ffe4233379 43a0c8c274ae41cab5f13d9d4d98ad78 - - default default] Successfully bumped revision number for resource 330e3ee2-57f7-4da6-927a-b933d98b8bae (type: floatingips) to 0
2026-06-25 23:30:49.670 9 INFO neutron.wsgi [None req-347a0ab0-fed7-48f1-90c6-3d07ec97a21b 4ec4345b05f14b0999ee72ffe4233379 43a0c8c274ae41cab5f13d9d4d98ad78 - - default default] 10.0.0.89 "POST /v2.0/floatingips HTTP/1.1" status: 201 len: 751 time: 0.6414628
2026-06-25 23:30:49.811 10 INFO neutron.wsgi [req-f771c18d-71e9-48b3-b41d-82231623fa4e req-4f0b6a1f-111b-4f10-a382-515d954f2306 4ec4345b05f14b0999ee72ffe4233379 43a0c8c274ae41cab5f13d9d4d98ad78 - - default default] 10.0.0.227 "GET /v2.0/security-groups?name=tempest-secgroup-smoke-1969705335&fields=id&tenant_id=43a0c8c274ae41cab5f13d9d4d98ad78 HTTP/1.1" status: 200 len: 267 time: 0.0450830
2026-06-25 23:30:49.849 10 INFO neutron.wsgi [req-f771c18d-71e9-48b3-b41d-82231623fa4e req-0c42c43f-1376-4af7-8b0c-9d4884365336 4ec4345b05f14b0999ee72ffe4233379 43a0c8c274ae41cab5f13d9d4d98ad78 - - default default] 10.0.0.227 "GET /v2.0/security-groups?name=tempest-securitygroup--1976744404&fields=id&tenant_id=43a0c8c274ae41cab5f13d9d4d98ad78 HTTP/1.1" status: 200 len: 267 time: 0.0322750
2026-06-25 23:30:49.926 10 INFO neutron.wsgi [req-f771c18d-71e9-48b3-b41d-82231623fa4e req-7982d366-fd6b-4121-ac9d-cf67f59e3393 4ec4345b05f14b0999ee72ffe4233379 43a0c8c274ae41cab5f13d9d4d98ad78 - - default default] 10.0.0.227 "GET /v2.0/networks?id=b869432e-5ab6-4150-9af1-a8c28b3c9dab HTTP/1.1" status: 200 len: 871 time: 0.0712430
2026-06-25 23:30:49.956 10 INFO neutron.wsgi [req-f771c18d-71e9-48b3-b41d-82231623fa4e req-d3d9cb82-9f9f-4869-aa66-bd995653386b 4ec4345b05f14b0999ee72ffe4233379 43a0c8c274ae41cab5f13d9d4d98ad78 - - default default] 10.0.0.227 "GET /v2.0/quotas/43a0c8c274ae41cab5f13d9d4d98ad78 HTTP/1.1" status: 200 len: 386 time: 0.0098469
2026-06-25 23:30:50.087 10 INFO neutron.wsgi [req-f771c18d-71e9-48b3-b41d-82231623fa4e req-eac4b2bc-dd1b-41fc-b7e9-09ddc98f438a 4ec4345b05f14b0999ee72ffe4233379 43a0c8c274ae41cab5f13d9d4d98ad78 - - default default] 10.0.0.227 "GET /v2.0/ports?tenant_id=43a0c8c274ae41cab5f13d9d4d98ad78&fields=id HTTP/1.1" status: 200 len: 302 time: 0.1243398
2026-06-25 23:30:50.174 10 INFO neutron.wsgi [req-f771c18d-71e9-48b3-b41d-82231623fa4e req-8083142e-0958-421f-9896-caff58ad85b1 4305f2eb0a454ae7afbde0d0e0f17c49 a9466336b3fd40b1bbb1e9a2323ae8bb - - 72461810ce124ffeba27c79f004d6667 72461810ce124ffeba27c79f004d6667] 10.0.0.227 "GET /v2.0/networks/b869432e-5ab6-4150-9af1-a8c28b3c9dab?fields=segments HTTP/1.1" status: 200 len: 212 time: 0.0726247
2026-06-25 23:30:50.239 10 INFO neutron.wsgi [req-f771c18d-71e9-48b3-b41d-82231623fa4e req-27ebabf8-896e-4b82-800b-4ba9c1be9bb1 4305f2eb0a454ae7afbde0d0e0f17c49 a9466336b3fd40b1bbb1e9a2323ae8bb - - 72461810ce124ffeba27c79f004d6667 72461810ce124ffeba27c79f004d6667] 10.0.0.227 "GET /v2.0/networks/b869432e-5ab6-4150-9af1-a8c28b3c9dab?fields=provider%3Aphysical_network&fields=provider%3Anetwork_type HTTP/1.1" status: 200 len: 277 time: 0.0578349
2026-06-25 23:30:50.397 10 INFO neutron.wsgi [req-d78e740f-6a0e-40dd-8599-0ac658c164e1 req-7a8e440f-36ef-4fed-be70-101c50d95c6e 4ec4345b05f14b0999ee72ffe4233379 43a0c8c274ae41cab5f13d9d4d98ad78 - - default default] 10.0.0.227 "GET /v2.0/ports?device_id=5110db79-c092-4861-ae88-c4b3657b5d6f HTTP/1.1" status: 200 len: 210 time: 0.0190761
2026-06-25 23:30:50.687 10 INFO neutron.wsgi [None req-94e9809b-f098-46ac-9325-b5cc45058fc6 6d0014778d53433fa8b2910c2651a92d 4e5ec60649134274a749bff35ec7570e - - default default] 10.0.0.89 "GET /v2.0/ports/8b5927cb-e6cd-4dd6-baa1-ac0ad99cf9f3 HTTP/1.1" status: 200 len: 1135 time: 0.0360141
2026-06-25 23:30:50.855 9 WARNING neutron.plugins.ml2.drivers.ovn.mech_driver.ovsdb.ovn_client [None req-aaba1074-abd1-4a59-bbf0-16f74f6b2b65 - - - - - -] No hosting information found for port dc162fb4-f7db-446d-abc7-f9362c4f4e3a: RuntimeError: No hosting information found for port dc162fb4-f7db-446d-abc7-f9362c4f4e3a
2026-06-25 23:30:50.855 9 INFO neutron.plugins.ml2.drivers.ovn.mech_driver.mech_driver [None req-aaba1074-abd1-4a59-bbf0-16f74f6b2b65 - - - - - -] OVN reports status up for port: 66c5d986-f2b2-49cd-82a8-1f872a705494
2026-06-25 23:30:50.863 9 INFO neutron.plugins.ml2.plugin [None req-aaba1074-abd1-4a59-bbf0-16f74f6b2b65 - - - - - -] Attempt 1 to provision port 66c5d986-f2b2-49cd-82a8-1f872a705494
2026-06-25 23:30:51.160 9 INFO neutron.wsgi [req-f771c18d-71e9-48b3-b41d-82231623fa4e req-0440a937-0541-44b5-bc90-70671fad6e48 4ec4345b05f14b0999ee72ffe4233379 43a0c8c274ae41cab5f13d9d4d98ad78 - - default default] 199.204.45.223 "GET /v2.0/networks?id=b869432e-5ab6-4150-9af1-a8c28b3c9dab HTTP/1.1" status: 200 len: 871 time: 0.0911617
2026-06-25 23:30:51.204 9 INFO neutron.db.ovn_revision_numbers_db [None req-aaba1074-abd1-4a59-bbf0-16f74f6b2b65 - - - - - -] Successfully bumped revision number for resource 66c5d986-f2b2-49cd-82a8-1f872a705494 (type: ports) to 2
2026-06-25 23:30:51.216 9 INFO neutron.wsgi [req-f771c18d-71e9-48b3-b41d-82231623fa4e req-26fd9bde-f98a-4908-a547-60da5166e3ca 4ec4345b05f14b0999ee72ffe4233379 43a0c8c274ae41cab5f13d9d4d98ad78 - - default default] 199.204.45.223 "GET /v2.0/security-groups?fields=id&fields=name&tenant_id=43a0c8c274ae41cab5f13d9d4d98ad78 HTTP/1.1" status: 200 len: 473 time: 0.0491037
2026-06-25 23:30:51.480 10 INFO neutron.wsgi [req-9876baa1-6d8e-40f2-848d-4ea5f16293dd req-3fbf0caf-c97a-4a24-8d11-e64724ff36f3 4ec4345b05f14b0999ee72ffe4233379 43a0c8c274ae41cab5f13d9d4d98ad78 - - default default] 10.0.0.227 "GET /v2.0/ports?device_id=5110db79-c092-4861-ae88-c4b3657b5d6f HTTP/1.1" status: 200 len: 210 time: 0.0183830
2026-06-25 23:30:51.482 9 WARNING neutron_lib.context [req-f771c18d-71e9-48b3-b41d-82231623fa4e req-8a26a267-172d-4162-b7b7-008420b658d8 4ec4345b05f14b0999ee72ffe4233379 43a0c8c274ae41cab5f13d9d4d98ad78 - - default default] Method 'is_advsvc' is deprecated since 2023.2 release (neutron-lib 3.8.0) and will be removed once support for the old RBAC API policies will be removed from Neutron. Please use method 'is_service_role' instead.
2026-06-25 23:30:51.551 9 INFO neutron.db.ovn_revision_numbers_db [None req-aaba1074-abd1-4a59-bbf0-16f74f6b2b65 - - - - - -] Successfully bumped revision number for resource 66c5d986-f2b2-49cd-82a8-1f872a705494 (type: router_ports) to 2
2026-06-25 23:30:51.726 10 INFO neutron.wsgi [None req-e34e4247-b811-40c1-aab6-24159da0a046 6d0014778d53433fa8b2910c2651a92d 4e5ec60649134274a749bff35ec7570e - - default default] 10.0.0.89 "GET /v2.0/ports/8b5927cb-e6cd-4dd6-baa1-ac0ad99cf9f3 HTTP/1.1" status: 200 len: 1135 time: 0.0343058
2026-06-25 23:30:51.801 9 WARNING neutron.scheduler.dhcp_agent_scheduler [req-f771c18d-71e9-48b3-b41d-82231623fa4e req-8a26a267-172d-4162-b7b7-008420b658d8 4ec4345b05f14b0999ee72ffe4233379 43a0c8c274ae41cab5f13d9d4d98ad78 - - default default] No more DHCP agents
2026-06-25 23:30:51.803 9 WARNING neutron.api.rpc.agentnotifiers.dhcp_rpc_agent_api [req-f771c18d-71e9-48b3-b41d-82231623fa4e req-8a26a267-172d-4162-b7b7-008420b658d8 4ec4345b05f14b0999ee72ffe4233379 43a0c8c274ae41cab5f13d9d4d98ad78 - - default default] Unable to schedule network b869432e-5ab6-4150-9af1-a8c28b3c9dab: no agents available; will retry on subsequent port and subnet creation events.
2026-06-25 23:30:51.968 9 INFO neutron.db.ovn_revision_numbers_db [req-f771c18d-71e9-48b3-b41d-82231623fa4e req-8a26a267-172d-4162-b7b7-008420b658d8 4ec4345b05f14b0999ee72ffe4233379 43a0c8c274ae41cab5f13d9d4d98ad78 - - default default] Successfully bumped revision number for resource f2770e9c-24a3-493a-8d7b-d925025325f5 (type: ports) to 1
2026-06-25 23:30:51.995 9 INFO neutron.wsgi [req-f771c18d-71e9-48b3-b41d-82231623fa4e req-8a26a267-172d-4162-b7b7-008420b658d8 4ec4345b05f14b0999ee72ffe4233379 43a0c8c274ae41cab5f13d9d4d98ad78 - - default default] 199.204.45.223 "POST /v2.0/ports HTTP/1.1" status: 201 len: 1197 time: 0.5203762 /var/lib/openstack/lib/python3.10/site-packages/pycadf/identifier.py:71: UserWarning: Invalid uuid: neutron. To ensure interoperability, identifiers should be a valid uuid. warnings.warn(('Invalid uuid: %s. To ensure interoperability, '
2026-06-25 23:30:52.374 9 INFO neutron.db.ovn_revision_numbers_db [req-f771c18d-71e9-48b3-b41d-82231623fa4e req-283dd80d-c6df-42bc-a5c0-d122b73b3614 4305f2eb0a454ae7afbde0d0e0f17c49 a9466336b3fd40b1bbb1e9a2323ae8bb - - 72461810ce124ffeba27c79f004d6667 72461810ce124ffeba27c79f004d6667] Successfully bumped revision number for resource f2770e9c-24a3-493a-8d7b-d925025325f5 (type: ports) to 2
2026-06-25 23:30:52.570 9 INFO neutron.db.ovn_revision_numbers_db [req-f771c18d-71e9-48b3-b41d-82231623fa4e req-283dd80d-c6df-42bc-a5c0-d122b73b3614 4305f2eb0a454ae7afbde0d0e0f17c49 a9466336b3fd40b1bbb1e9a2323ae8bb - - 72461810ce124ffeba27c79f004d6667 72461810ce124ffeba27c79f004d6667] Successfully bumped revision number for resource f2770e9c-24a3-493a-8d7b-d925025325f5 (type: ports) to 2
2026-06-25 23:30:52.583 10 INFO neutron.wsgi [req-ab1eb3ba-aff6-4094-b84b-008591b4d1a4 req-160be58c-c7ae-4eb9-93ed-d9bd606d262b 4ec4345b05f14b0999ee72ffe4233379 43a0c8c274ae41cab5f13d9d4d98ad78 - - default default] 10.0.0.227 "GET /v2.0/ports?device_id=5110db79-c092-4861-ae88-c4b3657b5d6f HTTP/1.1" status: 200 len: 1208 time: 0.0380692
2026-06-25 23:30:52.591 9 INFO neutron.wsgi [req-f771c18d-71e9-48b3-b41d-82231623fa4e req-283dd80d-c6df-42bc-a5c0-d122b73b3614 4305f2eb0a454ae7afbde0d0e0f17c49 a9466336b3fd40b1bbb1e9a2323ae8bb - - 72461810ce124ffeba27c79f004d6667 72461810ce124ffeba27c79f004d6667] 199.204.45.223 "PUT /v2.0/ports/f2770e9c-24a3-493a-8d7b-d925025325f5 HTTP/1.1" status: 200 len: 1415 time: 0.5827503
2026-06-25 23:30:52.629 9 INFO neutron.notifiers.nova [-] Nova event matching ['req-f50c35be-98b6-4635-a494-843f88fe00ac'] response: {'name': 'network-changed', 'server_uuid': '5110db79-c092-4861-ae88-c4b3657b5d6f', 'tag': 'f2770e9c-24a3-493a-8d7b-d925025325f5', 'status': 'completed', 'code': 200}
2026-06-25 23:30:52.635 10 INFO neutron.wsgi [req-ab1eb3ba-aff6-4094-b84b-008591b4d1a4 req-1974f277-1e14-42d9-8522-8530ca998b33 4ec4345b05f14b0999ee72ffe4233379 43a0c8c274ae41cab5f13d9d4d98ad78 - - default default] 10.0.0.227 "GET /v2.0/security-groups?id=072153bd-fba3-49ba-a622-5b1917ab8731&id=dbd75da0-5358-4418-9ac2-79d71277d9b6&fields=id&fields=name HTTP/1.1" status: 200 len: 406 time: 0.0443554 /var/lib/openstack/lib/python3.10/site-packages/pycadf/identifier.py:71: UserWarning: Invalid uuid: neutron. To ensure interoperability, identifiers should be a valid uuid. warnings.warn(('Invalid uuid: %s. To ensure interoperability, '
2026-06-25 23:30:52.676 9 INFO neutron.wsgi [req-f771c18d-71e9-48b3-b41d-82231623fa4e req-9726ab64-27c2-422d-9cc5-f2b2182d0d91 4305f2eb0a454ae7afbde0d0e0f17c49 a9466336b3fd40b1bbb1e9a2323ae8bb - - 72461810ce124ffeba27c79f004d6667 72461810ce124ffeba27c79f004d6667] 199.204.45.223 "GET /v2.0/ports?tenant_id=43a0c8c274ae41cab5f13d9d4d98ad78&device_id=5110db79-c092-4861-ae88-c4b3657b5d6f HTTP/1.1" status: 200 len: 1446 time: 0.0435779
2026-06-25 23:30:52.709 9 INFO neutron.wsgi [req-f771c18d-71e9-48b3-b41d-82231623fa4e req-68098a0e-e3b6-4989-a624-cd268252765d 4305f2eb0a454ae7afbde0d0e0f17c49 a9466336b3fd40b1bbb1e9a2323ae8bb - - 72461810ce124ffeba27c79f004d6667 72461810ce124ffeba27c79f004d6667] 199.204.45.223 "GET /v2.0/floatingips?fixed_ip_address=10.100.0.7&port_id=f2770e9c-24a3-493a-8d7b-d925025325f5 HTTP/1.1" status: 200 len: 217 time: 0.0279300
2026-06-25 23:30:52.770 9 INFO neutron.wsgi [req-f771c18d-71e9-48b3-b41d-82231623fa4e req-b09b1a5e-be17-4810-a309-269b730042c2 4305f2eb0a454ae7afbde0d0e0f17c49 a9466336b3fd40b1bbb1e9a2323ae8bb - - 72461810ce124ffeba27c79f004d6667 72461810ce124ffeba27c79f004d6667] 199.204.45.223 "GET /v2.0/subnets?id=3fb2f90d-b64d-4183-80a7-672a082c290f HTTP/1.1" status: 200 len: 865 time: 0.0538883
2026-06-25 23:30:52.772 10 INFO neutron.wsgi [None req-2b0f1730-2203-415f-af98-18a3ef00e0c5 6d0014778d53433fa8b2910c2651a92d 4e5ec60649134274a749bff35ec7570e - - default default] 10.0.0.89 "GET /v2.0/ports/8b5927cb-e6cd-4dd6-baa1-ac0ad99cf9f3 HTTP/1.1" status: 200 len: 1135 time: 0.0389659
2026-06-25 23:30:52.797 9 INFO neutron.wsgi [req-f771c18d-71e9-48b3-b41d-82231623fa4e req-43a88c8a-7fc6-4a3d-86c7-c6fe85e5927b 4305f2eb0a454ae7afbde0d0e0f17c49 a9466336b3fd40b1bbb1e9a2323ae8bb - - 72461810ce124ffeba27c79f004d6667 72461810ce124ffeba27c79f004d6667] 199.204.45.223 "GET /v2.0/ports?network_id=b869432e-5ab6-4150-9af1-a8c28b3c9dab&device_owner=network%3Adhcp HTTP/1.1" status: 200 len: 210 time: 0.0215683
2026-06-25 23:30:52.865 9 INFO neutron.wsgi [req-f771c18d-71e9-48b3-b41d-82231623fa4e req-cf55a875-6315-49de-b530-4d2d6b0a7ec0 4305f2eb0a454ae7afbde0d0e0f17c49 a9466336b3fd40b1bbb1e9a2323ae8bb - - 72461810ce124ffeba27c79f004d6667 72461810ce124ffeba27c79f004d6667] 199.204.45.223 "GET /v2.0/networks/b869432e-5ab6-4150-9af1-a8c28b3c9dab?fields=segments HTTP/1.1" status: 200 len: 212 time: 0.0625646
2026-06-25 23:30:52.924 9 INFO neutron.wsgi [req-f771c18d-71e9-48b3-b41d-82231623fa4e req-52d5d214-9302-45b7-82df-73c697f69257 4305f2eb0a454ae7afbde0d0e0f17c49 a9466336b3fd40b1bbb1e9a2323ae8bb - - 72461810ce124ffeba27c79f004d6667 72461810ce124ffeba27c79f004d6667] 199.204.45.223 "GET /v2.0/networks/b869432e-5ab6-4150-9af1-a8c28b3c9dab?fields=provider%3Aphysical_network&fields=provider%3Anetwork_type HTTP/1.1" status: 200 len: 277 time: 0.0546522
2026-06-25 23:30:53.014 9 INFO neutron.wsgi [req-7b227ac5-cc99-4bef-a16d-0fd6820e3470 req-43ec5dec-4a1a-4e2a-891c-ad2dc68794b9 4305f2eb0a454ae7afbde0d0e0f17c49 a9466336b3fd40b1bbb1e9a2323ae8bb - - 72461810ce124ffeba27c79f004d6667 72461810ce124ffeba27c79f004d6667] 199.204.45.223 "GET /v2.0/ports?tenant_id=43a0c8c274ae41cab5f13d9d4d98ad78&device_id=5110db79-c092-4861-ae88-c4b3657b5d6f HTTP/1.1" status: 200 len: 1446 time: 0.0398169
2026-06-25 23:30:53.091 9 INFO neutron.wsgi [req-7b227ac5-cc99-4bef-a16d-0fd6820e3470 req-50fff635-b361-448c-b4e6-abba4d10ea3a 4305f2eb0a454ae7afbde0d0e0f17c49 a9466336b3fd40b1bbb1e9a2323ae8bb - - 72461810ce124ffeba27c79f004d6667 72461810ce124ffeba27c79f004d6667] 199.204.45.223 "GET /v2.0/networks?id=b869432e-5ab6-4150-9af1-a8c28b3c9dab HTTP/1.1" status: 200 len: 970 time: 0.0674379
2026-06-25 23:30:53.129 10 INFO neutron.wsgi [req-8718f7a8-0cb4-4082-944d-41147e7a2f2b req-6f570806-d1b1-4961-b4b6-1eb7713a16d7 4305f2eb0a454ae7afbde0d0e0f17c49 a9466336b3fd40b1bbb1e9a2323ae8bb - - 72461810ce124ffeba27c79f004d6667 72461810ce124ffeba27c79f004d6667] 199.204.45.223 "GET /v2.0/ports?device_id=5110db79-c092-4861-ae88-c4b3657b5d6f HTTP/1.1" status: 200 len: 1446 time: 0.0338020
2026-06-25 23:30:53.130 9 INFO neutron.wsgi [req-7b227ac5-cc99-4bef-a16d-0fd6820e3470 req-791abd08-52b6-432c-873d-f6b36e4953a7 4305f2eb0a454ae7afbde0d0e0f17c49 a9466336b3fd40b1bbb1e9a2323ae8bb - - 72461810ce124ffeba27c79f004d6667 72461810ce124ffeba27c79f004d6667] 199.204.45.223 "GET /v2.0/floatingips?fixed_ip_address=10.100.0.7&port_id=f2770e9c-24a3-493a-8d7b-d925025325f5 HTTP/1.1" status: 200 len: 217 time: 0.0336804
2026-06-25 23:30:53.175 9 INFO neutron.wsgi [req-7b227ac5-cc99-4bef-a16d-0fd6820e3470 req-51a0ab97-1a6e-4ab2-9d15-442bb9714f93 4305f2eb0a454ae7afbde0d0e0f17c49 a9466336b3fd40b1bbb1e9a2323ae8bb - - 72461810ce124ffeba27c79f004d6667 72461810ce124ffeba27c79f004d6667] 199.204.45.223 "GET /v2.0/subnets?id=3fb2f90d-b64d-4183-80a7-672a082c290f HTTP/1.1" status: 200 len: 865 time: 0.0317485
2026-06-25 23:30:53.182 10 INFO neutron.wsgi [req-8718f7a8-0cb4-4082-944d-41147e7a2f2b req-319ba9df-eb10-4571-bb84-3f0b9689bfb2 4305f2eb0a454ae7afbde0d0e0f17c49 a9466336b3fd40b1bbb1e9a2323ae8bb - - 72461810ce124ffeba27c79f004d6667 72461810ce124ffeba27c79f004d6667] 199.204.45.223 "GET /v2.0/security-groups?id=072153bd-fba3-49ba-a622-5b1917ab8731&id=dbd75da0-5358-4418-9ac2-79d71277d9b6&fields=id&fields=name HTTP/1.1" status: 200 len: 406 time: 0.0390110
2026-06-25 23:30:53.228 9 INFO neutron.wsgi [req-7b227ac5-cc99-4bef-a16d-0fd6820e3470 req-157e91c2-5be6-4ae2-92de-44f0ef06b1b8 4305f2eb0a454ae7afbde0d0e0f17c49 a9466336b3fd40b1bbb1e9a2323ae8bb - - 72461810ce124ffeba27c79f004d6667 72461810ce124ffeba27c79f004d6667] 199.204.45.223 "GET /v2.0/ports?network_id=b869432e-5ab6-4150-9af1-a8c28b3c9dab&device_owner=network%3Adhcp HTTP/1.1" status: 200 len: 210 time: 0.0216691
2026-06-25 23:30:53.284 10 INFO neutron.plugins.ml2.drivers.ovn.mech_driver.mech_driver [None req-80ac8514-3889-44ae-b8d3-40148fbfc6ac - - - - - -] OVN reports status up for port: f2770e9c-24a3-493a-8d7b-d925025325f5
2026-06-25 23:30:53.302 10 INFO neutron.plugins.ml2.plugin [None req-80ac8514-3889-44ae-b8d3-40148fbfc6ac - - - - - -] Attempt 1 to provision port f2770e9c-24a3-493a-8d7b-d925025325f5
2026-06-25 23:30:53.317 9 INFO neutron.wsgi [req-7b227ac5-cc99-4bef-a16d-0fd6820e3470 req-1628a8b4-ff5b-480c-b450-f32a3242ce00 4305f2eb0a454ae7afbde0d0e0f17c49 a9466336b3fd40b1bbb1e9a2323ae8bb - - 72461810ce124ffeba27c79f004d6667 72461810ce124ffeba27c79f004d6667] 199.204.45.223 "GET /v2.0/networks/b869432e-5ab6-4150-9af1-a8c28b3c9dab?fields=segments HTTP/1.1" status: 200 len: 212 time: 0.0804029
2026-06-25 23:30:53.401 9 INFO neutron.wsgi [req-7b227ac5-cc99-4bef-a16d-0fd6820e3470 req-5e1bfac6-95fd-4e13-9761-0864ba1c52e8 4305f2eb0a454ae7afbde0d0e0f17c49 a9466336b3fd40b1bbb1e9a2323ae8bb - - 72461810ce124ffeba27c79f004d6667 72461810ce124ffeba27c79f004d6667] 199.204.45.223 "GET /v2.0/networks/b869432e-5ab6-4150-9af1-a8c28b3c9dab?fields=provider%3Aphysical_network&fields=provider%3Anetwork_type HTTP/1.1" status: 200 len: 277 time: 0.0793564
2026-06-25 23:30:53.427 10 INFO neutron.notifiers.nova [-] Nova event matching ['req-1712b05a-54aa-4113-a225-a0c5c8aaba2e'] response: {'server_uuid': '5110db79-c092-4861-ae88-c4b3657b5d6f', 'name': 'network-vif-plugged', 'status': 'completed', 'tag': 'f2770e9c-24a3-493a-8d7b-d925025325f5', 'code': 200}
2026-06-25 23:30:53.779 10 INFO neutron.wsgi [req-10b7a44b-8a53-42bd-89bd-04fd7703d16a req-cc3becb7-e4bc-4b5b-a2bb-3792dddb33f3 4ec4345b05f14b0999ee72ffe4233379 43a0c8c274ae41cab5f13d9d4d98ad78 - - default default] 10.0.0.227 "GET /v2.0/ports?device_id=5110db79-c092-4861-ae88-c4b3657b5d6f HTTP/1.1" status: 200 len: 1210 time: 0.0366228
2026-06-25 23:30:53.837 10 INFO neutron.wsgi [req-10b7a44b-8a53-42bd-89bd-04fd7703d16a req-6a65ec37-33f2-441e-9a0b-ab1332c2d4a0 4ec4345b05f14b0999ee72ffe4233379 43a0c8c274ae41cab5f13d9d4d98ad78 - - default default] 10.0.0.227 "GET /v2.0/security-groups?id=072153bd-fba3-49ba-a622-5b1917ab8731&id=dbd75da0-5358-4418-9ac2-79d71277d9b6&fields=id&fields=name HTTP/1.1" status: 200 len: 406 time: 0.0507810
2026-06-25 23:30:53.838 10 INFO neutron.db.ovn_revision_numbers_db [None req-80ac8514-3889-44ae-b8d3-40148fbfc6ac - - - - - -] Successfully bumped revision number for resource f2770e9c-24a3-493a-8d7b-d925025325f5 (type: ports) to 4
2026-06-25 23:30:53.878 9 INFO neutron.wsgi [None req-9584254d-f595-41d7-8225-d82c5183dcf0 6d0014778d53433fa8b2910c2651a92d 4e5ec60649134274a749bff35ec7570e - - default default] 10.0.0.89 "GET /v2.0/ports/8b5927cb-e6cd-4dd6-baa1-ac0ad99cf9f3 HTTP/1.1" status: 200 len: 1135 time: 0.1002936
2026-06-25 23:30:54.932 9 INFO neutron.wsgi [None req-f9ad2f7b-02c0-4405-b2d1-483885df2b4e 6d0014778d53433fa8b2910c2651a92d 4e5ec60649134274a749bff35ec7570e - - default default] 10.0.0.89 "GET /v2.0/ports/8b5927cb-e6cd-4dd6-baa1-ac0ad99cf9f3 HTTP/1.1" status: 200 len: 1135 time: 0.0480769 /var/lib/openstack/lib/python3.10/site-packages/pycadf/identifier.py:71: UserWarning: Invalid uuid: neutron. To ensure interoperability, identifiers should be a valid uuid. warnings.warn(('Invalid uuid: %s. To ensure interoperability, '
2026-06-25 23:30:54.989 10 INFO neutron.wsgi [req-82abb9c3-4deb-4781-a444-a5fd56a5d624 req-9e5b9346-66b7-487d-86df-2d879d1b346d 4ec4345b05f14b0999ee72ffe4233379 43a0c8c274ae41cab5f13d9d4d98ad78 - - default default] 10.0.0.227 "GET /v2.0/ports?device_id=5110db79-c092-4861-ae88-c4b3657b5d6f HTTP/1.1" status: 200 len: 1210 time: 0.0580938
2026-06-25 23:30:55.048 10 INFO neutron.wsgi [req-82abb9c3-4deb-4781-a444-a5fd56a5d624 req-5ec1f2a2-99f0-455a-9177-603cb123b7b6 4ec4345b05f14b0999ee72ffe4233379 43a0c8c274ae41cab5f13d9d4d98ad78 - - default default] 10.0.0.227 "GET /v2.0/security-groups?id=072153bd-fba3-49ba-a622-5b1917ab8731&id=dbd75da0-5358-4418-9ac2-79d71277d9b6&fields=id&fields=name HTTP/1.1" status: 200 len: 406 time: 0.0492344
2026-06-25 23:30:55.185 10 INFO neutron.wsgi [req-d38fa6ff-eb1b-418a-94a5-21ec06ac3f5a req-41344467-4166-4b04-9aec-6d42ca163771 4ec4345b05f14b0999ee72ffe4233379 43a0c8c274ae41cab5f13d9d4d98ad78 - - default default] 10.0.0.227 "GET /v2.0/ports?device_id=5110db79-c092-4861-ae88-c4b3657b5d6f HTTP/1.1" status: 200 len: 1210 time: 0.0901730
2026-06-25 23:30:55.380 9 INFO neutron.wsgi [-] 10.0.0.131 "GET / HTTP/1.1" status: 200 len: 247 time: 0.0029163
2026-06-25 23:30:55.384 9 INFO neutron.wsgi [-] 10.0.0.131 "GET / HTTP/1.1" status: 200 len: 247 time: 0.0024219
2026-06-25 23:30:55.457 10 INFO neutron.notifiers.nova [-] Nova event matching ['req-4758c583-9350-4f56-8142-15059aa1c2a8'] response: {'server_uuid': '5110db79-c092-4861-ae88-c4b3657b5d6f', 'name': 'network-vif-plugged', 'status': 'completed', 'tag': 'f2770e9c-24a3-493a-8d7b-d925025325f5', 'code': 200}
2026-06-25 23:30:55.462 10 INFO neutron.wsgi [req-71a20a0b-444c-4d44-b59b-24477b6ac4b3 req-1150a849-8b7f-46eb-a650-ebef1bf72778 8a68d3793a3347adbbfe5c1b8409e507 cb4a3d7fa5be4bf6a93d1d41929458b9 - - default default] 10.0.0.227 "GET /v2.0/ports?device_id=61e0ce69-fe5d-4357-93f9-477c8b61201c HTTP/1.1" status: 200 len: 1174 time: 0.1322029
2026-06-25 23:30:55.463 10 INFO neutron.db.l3_db [None req-9cfc7c18-ade1-4f52-8fb5-2435e4e41ce8 4ec4345b05f14b0999ee72ffe4233379 43a0c8c274ae41cab5f13d9d4d98ad78 - - default default] Floating IP 330e3ee2-57f7-4da6-927a-b933d98b8bae associated. External IP: 10.96.250.203, port: f2770e9c-24a3-493a-8d7b-d925025325f5.
2026-06-25 23:30:55.514 10 INFO neutron.wsgi [req-71a20a0b-444c-4d44-b59b-24477b6ac4b3 req-a01023f9-a721-42e8-be9a-4899c7ea2a05 8a68d3793a3347adbbfe5c1b8409e507 cb4a3d7fa5be4bf6a93d1d41929458b9 - - default default] 10.0.0.227 "GET /v2.0/security-groups?id=be38f38c-7617-4fbf-a6d3-fb1f37c971dd&fields=id&fields=name HTTP/1.1" status: 200 len: 312 time: 0.0347474
2026-06-25 23:30:55.617 10 INFO neutron.wsgi [req-63fe18cd-9176-4875-abf9-71025e4e35a6 req-091e5f89-1f00-4238-b45d-845325dd0263 4305f2eb0a454ae7afbde0d0e0f17c49 a9466336b3fd40b1bbb1e9a2323ae8bb - - 72461810ce124ffeba27c79f004d6667 72461810ce124ffeba27c79f004d6667] 10.0.0.169 "GET /v2.0/ports?device_id=bc91f956-d87b-4e4e-9086-5da276897e3e HTTP/1.1" status: 200 len: 1409 time: 0.0527422
2026-06-25 23:30:55.626 10 INFO neutron.wsgi [req-056a20ce-131c-4921-bafd-4960f39f6e2c req-795afa86-0b13-41bd-bf21-aa0141bed047 8a68d3793a3347adbbfe5c1b8409e507 cb4a3d7fa5be4bf6a93d1d41929458b9 - - default default] 10.0.0.227 "GET /v2.0/ports?device_id=61e0ce69-fe5d-4357-93f9-477c8b61201c HTTP/1.1" status: 200 len: 1174 time: 0.0415485
2026-06-25 23:30:55.690 10 INFO neutron.wsgi [req-63fe18cd-9176-4875-abf9-71025e4e35a6 req-b59f594f-38c6-47dd-9536-552c122c0910 4305f2eb0a454ae7afbde0d0e0f17c49 a9466336b3fd40b1bbb1e9a2323ae8bb - - 72461810ce124ffeba27c79f004d6667 72461810ce124ffeba27c79f004d6667] 10.0.0.169 "GET /v2.0/security-groups?id=85f3bd7b-f1b6-4bad-8c33-0be5ac96bbcb&fields=id&fields=name HTTP/1.1" status: 200 len: 312 time: 0.0629184
2026-06-25 23:30:55.693 10 INFO neutron.wsgi [req-056a20ce-131c-4921-bafd-4960f39f6e2c req-0d6c7d0a-fdcd-4401-ab65-f7429c7b3a97 8a68d3793a3347adbbfe5c1b8409e507 cb4a3d7fa5be4bf6a93d1d41929458b9 - - default default] 10.0.0.227 "GET /v2.0/security-groups?id=be38f38c-7617-4fbf-a6d3-fb1f37c971dd&fields=id&fields=name HTTP/1.1" status: 200 len: 312 time: 0.0578492
2026-06-25 23:30:55.732 10 INFO neutron.db.ovn_revision_numbers_db [None req-9cfc7c18-ade1-4f52-8fb5-2435e4e41ce8 4ec4345b05f14b0999ee72ffe4233379 43a0c8c274ae41cab5f13d9d4d98ad78 - - default default] Successfully bumped revision number for resource 330e3ee2-57f7-4da6-927a-b933d98b8bae (type: floatingips) to 1
2026-06-25 23:30:55.853 10 INFO neutron.db.ovn_revision_numbers_db [None req-9cfc7c18-ade1-4f52-8fb5-2435e4e41ce8 4ec4345b05f14b0999ee72ffe4233379 43a0c8c274ae41cab5f13d9d4d98ad78 - - default default] Successfully bumped revision number for resource 330e3ee2-57f7-4da6-927a-b933d98b8bae (type: floatingips) to 2
2026-06-25 23:30:55.882 10 INFO neutron.wsgi [None req-9cfc7c18-ade1-4f52-8fb5-2435e4e41ce8 4ec4345b05f14b0999ee72ffe4233379 43a0c8c274ae41cab5f13d9d4d98ad78 - - default default] 10.0.0.89 "PUT /v2.0/floatingips/330e3ee2-57f7-4da6-927a-b933d98b8bae HTTP/1.1" status: 200 len: 1049 time: 0.6842957
2026-06-25 23:30:56.048 10 INFO neutron.wsgi [None req-6b98898d-4eb9-43d9-81d4-8cc903b83c9d 6d0014778d53433fa8b2910c2651a92d 4e5ec60649134274a749bff35ec7570e - - default default] 10.0.0.89 "GET /v2.0/ports/8b5927cb-e6cd-4dd6-baa1-ac0ad99cf9f3 HTTP/1.1" status: 200 len: 1135 time: 0.1080847
2026-06-25 23:30:56.124 10 INFO neutron.wsgi [req-95b9c997-2c6c-4355-9c5c-5e1fa1cbd657 req-db898663-d17d-4e1b-9860-630e3a05cfd9 8a68d3793a3347adbbfe5c1b8409e507 cb4a3d7fa5be4bf6a93d1d41929458b9 - - default default] 10.0.0.227 "GET /v2.0/ports?device_id=61e0ce69-fe5d-4357-93f9-477c8b61201c HTTP/1.1" status: 200 len: 1174 time: 0.0422966
2026-06-25 23:30:56.132 9 WARNING neutron.plugins.ml2.drivers.ovn.mech_driver.ovsdb.ovn_client [None req-aaba1074-abd1-4a59-bbf0-16f74f6b2b65 - - - - - -] No hosting information found for port 66c5d986-f2b2-49cd-82a8-1f872a705494: RuntimeError: No hosting information found for port 66c5d986-f2b2-49cd-82a8-1f872a705494
2026-06-25 23:30:56.132 9 INFO neutron.plugins.ml2.drivers.ovn.mech_driver.mech_driver [None req-aaba1074-abd1-4a59-bbf0-16f74f6b2b65 - - - - - -] OVN reports status up for port: 8b5927cb-e6cd-4dd6-baa1-ac0ad99cf9f3
2026-06-25 23:30:56.150 9 INFO neutron.plugins.ml2.plugin [None req-aaba1074-abd1-4a59-bbf0-16f74f6b2b65 - - - - - -] Attempt 1 to provision port 8b5927cb-e6cd-4dd6-baa1-ac0ad99cf9f3
2026-06-25 23:30:56.170 9 INFO neutron.wsgi [req-b018b323-d20d-4a95-b1cb-153d1fdbaa3b req-6af16d0a-9955-46d0-8d3c-6017a7f8cfe1 4305f2eb0a454ae7afbde0d0e0f17c49 a9466336b3fd40b1bbb1e9a2323ae8bb - - 72461810ce124ffeba27c79f004d6667 72461810ce124ffeba27c79f004d6667] 199.204.45.223 "GET /v2.0/ports?tenant_id=cb4a3d7fa5be4bf6a93d1d41929458b9&device_id=61e0ce69-fe5d-4357-93f9-477c8b61201c HTTP/1.1" status: 200 len: 1413 time: 0.0569904
2026-06-25 23:30:56.172 10 INFO neutron.wsgi [req-95b9c997-2c6c-4355-9c5c-5e1fa1cbd657 req-7c2a80ae-b951-4ddb-b6f1-2684508e6a30 8a68d3793a3347adbbfe5c1b8409e507 cb4a3d7fa5be4bf6a93d1d41929458b9 - - default default] 10.0.0.227 "GET /v2.0/security-groups?id=be38f38c-7617-4fbf-a6d3-fb1f37c971dd&fields=id&fields=name HTTP/1.1" status: 200 len: 312 time: 0.0401509
2026-06-25 23:30:56.256 9 INFO neutron.wsgi [req-b018b323-d20d-4a95-b1cb-153d1fdbaa3b req-51539b60-fa91-4cf3-bc8f-d37385179810 4305f2eb0a454ae7afbde0d0e0f17c49 a9466336b3fd40b1bbb1e9a2323ae8bb - - 72461810ce124ffeba27c79f004d6667 72461810ce124ffeba27c79f004d6667] 199.204.45.223 "GET /v2.0/networks?id=d2c58ff2-9892-41c7-9acd-07b0975d5eb5 HTTP/1.1" status: 200 len: 973 time: 0.0798528
2026-06-25 23:30:56.316 9 INFO neutron.wsgi [req-b018b323-d20d-4a95-b1cb-153d1fdbaa3b req-da7db98a-c81d-44a6-b145-0bf5cdd403df 4305f2eb0a454ae7afbde0d0e0f17c49 a9466336b3fd40b1bbb1e9a2323ae8bb - - 72461810ce124ffeba27c79f004d6667 72461810ce124ffeba27c79f004d6667] 199.204.45.223 "GET /v2.0/floatingips?fixed_ip_address=10.100.0.14&port_id=6c1a945f-bebc-4951-9bfd-99e3aca16c0d HTTP/1.1" status: 200 len: 1060 time: 0.0560565
2026-06-25 23:30:56.376 9 INFO neutron.wsgi [req-b018b323-d20d-4a95-b1cb-153d1fdbaa3b req-35634eb6-9be1-45e4-a89d-ff2566886bbe 4305f2eb0a454ae7afbde0d0e0f17c49 a9466336b3fd40b1bbb1e9a2323ae8bb - - 72461810ce124ffeba27c79f004d6667 72461810ce124ffeba27c79f004d6667] 199.204.45.223 "GET /v2.0/subnets?id=9c68ef0e-22ad-4a32-9fc7-534a880a1f4f HTTP/1.1" status: 200 len: 869 time: 0.0509641
2026-06-25 23:30:56.405 9 INFO neutron.wsgi [req-b018b323-d20d-4a95-b1cb-153d1fdbaa3b req-108a8063-603f-4032-86dd-18b4aa798046 4305f2eb0a454ae7afbde0d0e0f17c49 a9466336b3fd40b1bbb1e9a2323ae8bb - - 72461810ce124ffeba27c79f004d6667 72461810ce124ffeba27c79f004d6667] 199.204.45.223 "GET /v2.0/ports?network_id=d2c58ff2-9892-41c7-9acd-07b0975d5eb5&device_owner=network%3Adhcp HTTP/1.1" status: 200 len: 210 time: 0.0213723
2026-06-25 23:30:56.499 9 INFO neutron.wsgi [req-b018b323-d20d-4a95-b1cb-153d1fdbaa3b req-90865583-6696-4f4a-865a-08f00cc93135 4305f2eb0a454ae7afbde0d0e0f17c49 a9466336b3fd40b1bbb1e9a2323ae8bb - - 72461810ce124ffeba27c79f004d6667 72461810ce124ffeba27c79f004d6667] 199.204.45.223 "GET /v2.0/networks/d2c58ff2-9892-41c7-9acd-07b0975d5eb5?fields=segments HTTP/1.1" status: 200 len: 212 time: 0.0831206
2026-06-25 23:30:56.573 9 INFO neutron.wsgi [req-b018b323-d20d-4a95-b1cb-153d1fdbaa3b req-5067fa0d-79d0-44b2-ab6c-37828cade324 4305f2eb0a454ae7afbde0d0e0f17c49 a9466336b3fd40b1bbb1e9a2323ae8bb - - 72461810ce124ffeba27c79f004d6667 72461810ce124ffeba27c79f004d6667] 199.204.45.223 "GET /v2.0/networks/d2c58ff2-9892-41c7-9acd-07b0975d5eb5?fields=provider%3Aphysical_network&fields=provider%3Anetwork_type HTTP/1.1" status: 200 len: 277 time: 0.0660369
2026-06-25 23:30:56.574 9 INFO neutron.db.ovn_revision_numbers_db [None req-aaba1074-abd1-4a59-bbf0-16f74f6b2b65 - - - - - -] Successfully bumped revision number for resource 8b5927cb-e6cd-4dd6-baa1-ac0ad99cf9f3 (type: ports) to 2
2026-06-25 23:30:56.651 9 INFO neutron.db.ovn_revision_numbers_db [None req-aaba1074-abd1-4a59-bbf0-16f74f6b2b65 - - - - - -] Successfully bumped revision number for resource 8b5927cb-e6cd-4dd6-baa1-ac0ad99cf9f3 (type: router_ports) to 2
2026-06-25 23:30:57.107 9 INFO neutron.wsgi [None req-67b0c326-5018-4eda-a983-b50f180323fe 6d0014778d53433fa8b2910c2651a92d 4e5ec60649134274a749bff35ec7570e - - default default] 10.0.0.89 "GET /v2.0/ports/8b5927cb-e6cd-4dd6-baa1-ac0ad99cf9f3 HTTP/1.1" status: 200 len: 1137 time: 0.0542147
2026-06-25 23:30:57.331 10 INFO neutron.wsgi [req-8caece3b-07a7-45f5-aed5-db7d9bdb55bf req-db55e940-3362-4249-a891-5c93d84f250d 8a68d3793a3347adbbfe5c1b8409e507 cb4a3d7fa5be4bf6a93d1d41929458b9 - - default default] 10.0.0.227 "GET /v2.0/ports?device_id=61e0ce69-fe5d-4357-93f9-477c8b61201c HTTP/1.1" status: 200 len: 1174 time: 0.0442953
2026-06-25 23:30:57.378 10 INFO neutron.wsgi [req-8caece3b-07a7-45f5-aed5-db7d9bdb55bf req-47aa7493-8390-4106-ab24-44a0fa1a9d4a 8a68d3793a3347adbbfe5c1b8409e507 cb4a3d7fa5be4bf6a93d1d41929458b9 - - default default] 10.0.0.227 "GET /v2.0/security-groups?id=be38f38c-7617-4fbf-a6d3-fb1f37c971dd&fields=id&fields=name HTTP/1.1" status: 200 len: 312 time: 0.0377614
2026-06-25 23:30:57.517 10 INFO neutron.notifiers.nova [-] Nova event matching ['req-5c819182-3653-486c-ba33-f1b3acc1febe'] response: {'name': 'network-changed', 'server_uuid': '5110db79-c092-4861-ae88-c4b3657b5d6f', 'tag': 'f2770e9c-24a3-493a-8d7b-d925025325f5', 'status': 'completed', 'code': 200}
2026-06-25 23:30:57.604 9 INFO neutron.wsgi [req-f98cc3ba-968c-4074-87f7-2da175e83f42 req-91fb3f34-b164-4949-aeac-04285f776448 4305f2eb0a454ae7afbde0d0e0f17c49 a9466336b3fd40b1bbb1e9a2323ae8bb - - 72461810ce124ffeba27c79f004d6667 72461810ce124ffeba27c79f004d6667] 199.204.45.223 "GET /v2.0/ports?tenant_id=43a0c8c274ae41cab5f13d9d4d98ad78&device_id=5110db79-c092-4861-ae88-c4b3657b5d6f HTTP/1.1" status: 200 len: 1448 time: 0.0580499
2026-06-25 23:30:57.696 9 INFO neutron.wsgi [req-f98cc3ba-968c-4074-87f7-2da175e83f42 req-ff67eeb6-d211-490e-bd98-d9e9f05ddb50 4305f2eb0a454ae7afbde0d0e0f17c49 a9466336b3fd40b1bbb1e9a2323ae8bb - - 72461810ce124ffeba27c79f004d6667 72461810ce124ffeba27c79f004d6667] 199.204.45.223 "GET /v2.0/networks?id=b869432e-5ab6-4150-9af1-a8c28b3c9dab HTTP/1.1" status: 200 len: 970 time: 0.0845053
2026-06-25 23:30:57.759 9 INFO neutron.wsgi [req-f98cc3ba-968c-4074-87f7-2da175e83f42 req-ccc8ad34-411f-4928-8aa3-6b40f45bf21a 4305f2eb0a454ae7afbde0d0e0f17c49 a9466336b3fd40b1bbb1e9a2323ae8bb - - 72461810ce124ffeba27c79f004d6667 72461810ce124ffeba27c79f004d6667] 199.204.45.223 "GET /v2.0/floatingips?fixed_ip_address=10.100.0.7&port_id=f2770e9c-24a3-493a-8d7b-d925025325f5 HTTP/1.1" status: 200 len: 1059 time: 0.0483611
2026-06-25 23:30:57.832 9 INFO neutron.wsgi [req-f98cc3ba-968c-4074-87f7-2da175e83f42 req-66412b62-8bba-427b-aa8a-737a65a321e2 4305f2eb0a454ae7afbde0d0e0f17c49 a9466336b3fd40b1bbb1e9a2323ae8bb - - 72461810ce124ffeba27c79f004d6667 72461810ce124ffeba27c79f004d6667] 199.204.45.223 "GET /v2.0/subnets?id=3fb2f90d-b64d-4183-80a7-672a082c290f HTTP/1.1" status: 200 len: 865 time: 0.0607545
2026-06-25 23:30:57.876 9 INFO neutron.wsgi [req-f98cc3ba-968c-4074-87f7-2da175e83f42 req-861c3571-d96a-410b-9e13-8fdde32529a6 4305f2eb0a454ae7afbde0d0e0f17c49 a9466336b3fd40b1bbb1e9a2323ae8bb - - 72461810ce124ffeba27c79f004d6667 72461810ce124ffeba27c79f004d6667] 199.204.45.223 "GET /v2.0/ports?network_id=b869432e-5ab6-4150-9af1-a8c28b3c9dab&device_owner=network%3Adhcp HTTP/1.1" status: 200 len: 210 time: 0.0364468
2026-06-25 23:30:58.025 9 INFO neutron.wsgi [req-f98cc3ba-968c-4074-87f7-2da175e83f42 req-a200723c-9af0-4988-9281-e7e53f4c5c92 4305f2eb0a454ae7afbde0d0e0f17c49 a9466336b3fd40b1bbb1e9a2323ae8bb - - 72461810ce124ffeba27c79f004d6667 72461810ce124ffeba27c79f004d6667] 199.204.45.223 "GET /v2.0/networks/b869432e-5ab6-4150-9af1-a8c28b3c9dab?fields=segments HTTP/1.1" status: 200 len: 212 time: 0.1299381
2026-06-25 23:30:58.093 10 INFO neutron.wsgi [req-9c956b4c-1d4f-489c-a0bd-72fbac62c18e req-e196cfd0-95e2-41c6-8931-8a77c31731b5 46963e97232842c4816e8b2343a4d083 6b2b1f4bf15c4185aeb76fff62f553cd - - default default] 10.0.0.227 "GET /v2.0/ports?device_id=bc91f956-d87b-4e4e-9086-5da276897e3e HTTP/1.1" status: 200 len: 1170 time: 0.1350403
2026-06-25 23:30:58.138 9 INFO neutron.wsgi [None req-1591e110-0131-42c2-a946-59df9c862209 6d0014778d53433fa8b2910c2651a92d 4e5ec60649134274a749bff35ec7570e - - default default] 10.0.0.89 "PUT /v2.0/routers/81a3a53a-39dc-4d4d-97e1-6ae44e01a90e/remove_router_interface HTTP/1.1" status: 200 len: 503 time: 1.0257466
2026-06-25 23:30:58.139 10 INFO neutron.wsgi [req-9c956b4c-1d4f-489c-a0bd-72fbac62c18e req-7bb27b0c-a866-4df5-a085-dc01021407e3 46963e97232842c4816e8b2343a4d083 6b2b1f4bf15c4185aeb76fff62f553cd - - default default] 10.0.0.227 "GET /v2.0/security-groups?id=85f3bd7b-f1b6-4bad-8c33-0be5ac96bbcb&fields=id&fields=name HTTP/1.1" status: 200 len: 312 time: 0.0399678
2026-06-25 23:30:58.142 9 INFO neutron.wsgi [req-f98cc3ba-968c-4074-87f7-2da175e83f42 req-aac42418-e603-44b1-998a-500e648eb898 4305f2eb0a454ae7afbde0d0e0f17c49 a9466336b3fd40b1bbb1e9a2323ae8bb - - 72461810ce124ffeba27c79f004d6667 72461810ce124ffeba27c79f004d6667] 199.204.45.223 "GET /v2.0/networks/b869432e-5ab6-4150-9af1-a8c28b3c9dab?fields=provider%3Aphysical_network&fields=provider%3Anetwork_type HTTP/1.1" status: 200 len: 277 time: 0.0970678
2026-06-25 23:30:58.239 10 INFO neutron.wsgi [None req-98cd2e4d-e2b4-47f2-84f5-c4653595f287 6d0014778d53433fa8b2910c2651a92d 4e5ec60649134274a749bff35ec7570e - - default default] 10.0.0.89 "GET /v2.0/ports/66c5d986-f2b2-49cd-82a8-1f872a705494 HTTP/1.1" status: 200 len: 1137 time: 0.0951757 /var/lib/openstack/lib/python3.10/site-packages/pycadf/identifier.py:71: UserWarning: Invalid uuid: neutron. To ensure interoperability, identifiers should be a valid uuid. warnings.warn(('Invalid uuid: %s. To ensure interoperability, '
2026-06-25 23:30:58.399 9 INFO neutron.wsgi [req-e4b726cd-f7ae-46f0-a2c8-a7127f300175 req-ea5917a3-e33d-4333-aeae-f4cd016f5e99 46963e97232842c4816e8b2343a4d083 6b2b1f4bf15c4185aeb76fff62f553cd - - default default] 199.204.45.223 "GET /v2.0/ports?device_id=bc91f956-d87b-4e4e-9086-5da276897e3e HTTP/1.1" status: 200 len: 1170 time: 0.1026323
2026-06-25 23:30:58.479 10 INFO neutron.wsgi [req-a73437ae-04cf-4d57-8377-a2fa1fdbda4e req-71eec5eb-4276-4855-abe4-4a30c40f06ac 8a68d3793a3347adbbfe5c1b8409e507 cb4a3d7fa5be4bf6a93d1d41929458b9 - - default default] 10.0.0.227 "GET /v2.0/ports?device_id=61e0ce69-fe5d-4357-93f9-477c8b61201c HTTP/1.1" status: 200 len: 1174 time: 0.0379946
2026-06-25 23:30:58.533 10 INFO neutron.wsgi [req-a73437ae-04cf-4d57-8377-a2fa1fdbda4e req-3af55139-d3f9-43e8-8dd4-fac4bb43c9a7 8a68d3793a3347adbbfe5c1b8409e507 cb4a3d7fa5be4bf6a93d1d41929458b9 - - default default] 10.0.0.227 "GET /v2.0/security-groups?id=be38f38c-7617-4fbf-a6d3-fb1f37c971dd&fields=id&fields=name HTTP/1.1" status: 200 len: 312 time: 0.0475569
2026-06-25 23:30:59.075 9 INFO neutron.db.l3_db [req-e4b726cd-f7ae-46f0-a2c8-a7127f300175 req-980f86e3-ba27-4ae7-9357-bc02531a8f98 46963e97232842c4816e8b2343a4d083 6b2b1f4bf15c4185aeb76fff62f553cd - - default default] Floating IP 8bb40fe0-55d1-409f-91df-c1fd9e14d985 disassociated. External IP: 10.96.250.208, port: 1888398f-6a31-4603-85c8-47bbad90a1a5. /var/lib/openstack/lib/python3.10/site-packages/pycadf/identifier.py:71: UserWarning: Invalid uuid: neutron. To ensure interoperability, identifiers should be a valid uuid. warnings.warn(('Invalid uuid: %s. To ensure interoperability, '
2026-06-25 23:30:59.251 10 INFO neutron.wsgi [req-d887fcf1-ed5d-480c-9fb7-647cc5514dee req-d19adfc4-0f7f-4724-ab48-3fb968b826e9 46963e97232842c4816e8b2343a4d083 6b2b1f4bf15c4185aeb76fff62f553cd - - default default] 10.0.0.227 "GET /v2.0/ports?device_id=bc91f956-d87b-4e4e-9086-5da276897e3e HTTP/1.1" status: 200 len: 1170 time: 0.0470643
2026-06-25 23:30:59.306 10 INFO neutron.wsgi [req-d887fcf1-ed5d-480c-9fb7-647cc5514dee req-0fdd1728-f0aa-4786-8ed2-d3b7cdd5fdae 46963e97232842c4816e8b2343a4d083 6b2b1f4bf15c4185aeb76fff62f553cd - - default default] 10.0.0.227 "GET /v2.0/security-groups?id=85f3bd7b-f1b6-4bad-8c33-0be5ac96bbcb&fields=id&fields=name HTTP/1.1" status: 200 len: 312 time: 0.0490184
2026-06-25 23:30:59.368 9 INFO neutron.wsgi [req-e4b726cd-f7ae-46f0-a2c8-a7127f300175 req-980f86e3-ba27-4ae7-9357-bc02531a8f98 46963e97232842c4816e8b2343a4d083 6b2b1f4bf15c4185aeb76fff62f553cd - - default default] 199.204.45.223 "DELETE /v2.0/ports/1888398f-6a31-4603-85c8-47bbad90a1a5 HTTP/1.1" status: 204 len: 173 time: 0.9627237
2026-06-25 23:30:59.422 9 INFO neutron.wsgi [None req-188c3306-7811-48d4-9ef8-396d523eaaf7 6d0014778d53433fa8b2910c2651a92d 4e5ec60649134274a749bff35ec7570e - - default default] 10.0.0.89 "PUT /v2.0/routers/81a3a53a-39dc-4d4d-97e1-6ae44e01a90e/remove_router_interface HTTP/1.1" status: 200 len: 503 time: 1.1774762
2026-06-25 23:30:59.427 9 INFO neutron.notifiers.nova [-] Nova event matching ['req-f6a506b6-4efd-4c96-b320-94bc09961747'] response: {'server_uuid': 'bc91f956-d87b-4e4e-9086-5da276897e3e', 'name': 'network-vif-deleted', 'tag': '1888398f-6a31-4603-85c8-47bbad90a1a5', 'status': 'completed', 'code': 200} /var/lib/openstack/lib/python3.10/site-packages/pycadf/identifier.py:71: UserWarning: Invalid uuid: neutron. To ensure interoperability, identifiers should be a valid uuid. warnings.warn(('Invalid uuid: %s. To ensure interoperability, '
2026-06-25 23:30:59.450 9 INFO neutron.wsgi [None req-6db7fdf5-324b-4c97-b87e-d1378840fa33 6d0014778d53433fa8b2910c2651a92d 4e5ec60649134274a749bff35ec7570e - - default default] 10.0.0.89 "GET /v2.0/ports?device_id=81a3a53a-39dc-4d4d-97e1-6ae44e01a90e HTTP/1.1" status: 200 len: 205 time: 0.0208423
2026-06-25 23:30:59.690 9 INFO neutron.wsgi [None req-02989ec1-09dd-4547-9d39-65e57615473d 6d0014778d53433fa8b2910c2651a92d 4e5ec60649134274a749bff35ec7570e - - default default] 10.0.0.89 "DELETE /v2.0/routers/81a3a53a-39dc-4d4d-97e1-6ae44e01a90e HTTP/1.1" status: 204 len: 168 time: 0.2347178
2026-06-25 23:30:59.902 9 INFO neutron.wsgi [None req-c912afd6-db4c-44b3-8406-44258bc6c51f 6d0014778d53433fa8b2910c2651a92d 4e5ec60649134274a749bff35ec7570e - - default default] 10.0.0.89 "DELETE /v2.0/subnets/2e1f82b4-8a7c-438a-b657-cc7d47eed71c HTTP/1.1" status: 204 len: 168 time: 0.2063041
2026-06-25 23:31:00.131 9 INFO neutron.wsgi [None req-bb159ea6-7be2-4fbc-9d73-eead6be6f3fb 6d0014778d53433fa8b2910c2651a92d 4e5ec60649134274a749bff35ec7570e - - default default] 10.0.0.89 "DELETE /v2.0/subnets/31b6c11e-3035-41a3-8d45-8a71938f103d HTTP/1.1" status: 204 len: 168 time: 0.2249408
2026-06-25 23:31:00.466 9 INFO neutron.services.segments.plugin [-] Segment 90476bda-4f07-46cf-b082-dc753ec8fa6b resource provider aggregate not found
2026-06-25 23:31:00.471 9 INFO neutron.services.segments.plugin [-] Segment 90476bda-4f07-46cf-b082-dc753ec8fa6b resource provider aggregate not found
2026-06-25 23:31:00.484 9 INFO neutron.services.segments.plugin [-] Segment 90476bda-4f07-46cf-b082-dc753ec8fa6b resource provider not found; error: Placement Client Error (4xx): {"errors": [{"status": 404, "title": "Not Found", "detail": "The resource could not be found.\n\n No resource provider with uuid 90476bda-4f07-46cf-b082-dc753ec8fa6b found for delete ", "request_id": "req-b68791a2-3d7a-405d-af6d-d1f9c1bd18d4"}]}
2026-06-25 23:31:00.493 9 INFO neutron.services.segments.plugin [-] Segment 90476bda-4f07-46cf-b082-dc753ec8fa6b resource provider not found; error: Placement Client Error (4xx): {"errors": [{"status": 404, "title": "Not Found", "detail": "The resource could not be found.\n\n No resource provider with uuid 90476bda-4f07-46cf-b082-dc753ec8fa6b found for delete ", "request_id": "req-4ada9fba-eba9-4537-9d6b-fd2c48c2dcd4"}]}
2026-06-25 23:31:00.512 9 INFO neutron.wsgi [None req-4d888b8c-572b-4c61-9e19-3658a3480343 6d0014778d53433fa8b2910c2651a92d 4e5ec60649134274a749bff35ec7570e - - default default] 10.0.0.89 "DELETE /v2.0/networks/f5eb7efa-9921-4fc1-9f8d-abd0fee62430 HTTP/1.1" status: 204 len: 168 time: 0.3743510
2026-06-25 23:31:00.533 10 INFO neutron.wsgi [None req-c8e99dc1-14a2-41dd-86c0-2d6ddcac52a4 46963e97232842c4816e8b2343a4d083 6b2b1f4bf15c4185aeb76fff62f553cd - - default default] 10.0.0.89 "DELETE /v2.0/security-groups/85f3bd7b-f1b6-4bad-8c33-0be5ac96bbcb HTTP/1.1" status: 204 len: 168 time: 0.1567409
2026-06-25 23:31:00.919 9 INFO neutron.wsgi [None req-25a27dc1-619a-491a-b325-8cd3835f4783 6d0014778d53433fa8b2910c2651a92d 4e5ec60649134274a749bff35ec7570e - - default default] 10.0.0.89 "DELETE /v2.0/networks/c5211a09-6f61-4e79-ad11-77c4dfc9b3cc HTTP/1.1" status: 204 len: 168 time: 0.3999553
2026-06-25 23:31:00.938 9 WARNING neutron_lib.context [None req-ee14c247-d690-4767-aa43-76fc54a02bf5 6d0014778d53433fa8b2910c2651a92d 4e5ec60649134274a749bff35ec7570e - - default default] Method 'is_advsvc' is deprecated since 2023.2 release (neutron-lib 3.8.0) and will be removed once support for the old RBAC API policies will be removed from Neutron. Please use method 'is_service_role' instead.
2026-06-25 23:31:00.973 10 INFO neutron.wsgi [None req-aef419b2-0b52-4227-b1ff-1f683a9d8e0e 46963e97232842c4816e8b2343a4d083 6b2b1f4bf15c4185aeb76fff62f553cd - - default default] 10.0.0.89 "DELETE /v2.0/floatingips/8bb40fe0-55d1-409f-91df-c1fd9e14d985 HTTP/1.1" status: 204 len: 168 time: 0.4084444
2026-06-25 23:31:01.025 9 INFO neutron.db.segments_db [None req-ee14c247-d690-4767-aa43-76fc54a02bf5 6d0014778d53433fa8b2910c2651a92d 4e5ec60649134274a749bff35ec7570e - - default default] Added segment a10aa568-faac-4839-bbc3-cce85a1fca30 of type geneve for network a4570ec0-5303-46bd-9c1c-f14874156c34
2026-06-25 23:31:01.159 9 INFO neutron.db.ovn_revision_numbers_db [None req-ee14c247-d690-4767-aa43-76fc54a02bf5 6d0014778d53433fa8b2910c2651a92d 4e5ec60649134274a749bff35ec7570e - - default default] Successfully bumped revision number for resource a4570ec0-5303-46bd-9c1c-f14874156c34 (type: networks) to 1
2026-06-25 23:31:01.188 10 INFO neutron.wsgi [req-0f7a8e7d-7cc8-4c8f-bfbb-1e964b84e42f req-0d336805-af7d-47fa-bd92-2d5577a7dad3 46963e97232842c4816e8b2343a4d083 6b2b1f4bf15c4185aeb76fff62f553cd - - default default] 10.0.0.227 "GET /v2.0/ports?device_id=655274a8-fecb-40dc-accb-11c890071cde HTTP/1.1" status: 200 len: 1174 time: 0.0632391
2026-06-25 23:31:01.239 10 INFO neutron.wsgi [req-0f7a8e7d-7cc8-4c8f-bfbb-1e964b84e42f req-99ef35cc-c48b-403f-a192-ea1ddeef86a9 46963e97232842c4816e8b2343a4d083 6b2b1f4bf15c4185aeb76fff62f553cd - - default default] 10.0.0.227 "GET /v2.0/security-groups?id=8128f1d6-5021-47f1-a476-f381af47991d&fields=id&fields=name HTTP/1.1" status: 200 len: 313 time: 0.0427275
2026-06-25 23:31:01.373 9 WARNING neutron.scheduler.dhcp_agent_scheduler [None req-ee14c247-d690-4767-aa43-76fc54a02bf5 6d0014778d53433fa8b2910c2651a92d 4e5ec60649134274a749bff35ec7570e - - default default] No more DHCP agents
2026-06-25 23:31:01.375 9 WARNING neutron.api.rpc.agentnotifiers.dhcp_rpc_agent_api [None req-ee14c247-d690-4767-aa43-76fc54a02bf5 6d0014778d53433fa8b2910c2651a92d 4e5ec60649134274a749bff35ec7570e - - default default] Unable to schedule network a4570ec0-5303-46bd-9c1c-f14874156c34: no agents available; will retry on subsequent port and subnet creation events.
2026-06-25 23:31:01.473 9 INFO neutron.db.ovn_revision_numbers_db [None req-ee14c247-d690-4767-aa43-76fc54a02bf5 6d0014778d53433fa8b2910c2651a92d 4e5ec60649134274a749bff35ec7570e - - default default] Successfully bumped revision number for resource 97766a2f-2f23-4b55-a896-ca2485972848 (type: ports) to 1
2026-06-25 23:31:01.496 9 INFO neutron.wsgi [req-325d6167-fa27-402c-b109-f5a28e66a988 req-3ca09c55-f4bb-4d00-b24c-815305b8b5c0 46963e97232842c4816e8b2343a4d083 6b2b1f4bf15c4185aeb76fff62f553cd - - default default] 199.204.45.223 "GET /v2.0/ports?device_id=655274a8-fecb-40dc-accb-11c890071cde HTTP/1.1" status: 200 len: 1174 time: 0.0465939
2026-06-25 23:31:01.511 9 INFO neutron.wsgi [None req-ee14c247-d690-4767-aa43-76fc54a02bf5 6d0014778d53433fa8b2910c2651a92d 4e5ec60649134274a749bff35ec7570e - - default default] 10.0.0.89 "POST /v2.0/networks HTTP/1.1" status: 201 len: 829 time: 0.5779471
2026-06-25 23:31:01.528 10 WARNING neutron_lib.context [None req-06a54627-7576-474d-bded-eeb0ba23b4d7 6d0014778d53433fa8b2910c2651a92d 4e5ec60649134274a749bff35ec7570e - - default default] Method 'is_advsvc' is deprecated since 2023.2 release (neutron-lib 3.8.0) and will be removed once support for the old RBAC API policies will be removed from Neutron. Please use method 'is_service_role' instead.
