2026-06-25 23:29:48.124 10 INFO neutron.wsgi [req-7f1b00fc-3928-40cf-83a4-1e7fda2ee364 req-cf53ab80-cbb2-4253-afca-49d3e48ead82 4305f2eb0a454ae7afbde0d0e0f17c49 a9466336b3fd40b1bbb1e9a2323ae8bb - - 72461810ce124ffeba27c79f004d6667 72461810ce124ffeba27c79f004d6667] 199.204.45.223 "GET /v2.0/ports?tenant_id=32fcf1792a10485e81f26e9961b55d5a&device_id=18824ec7-c66f-42cf-880d-6929c93470cd HTTP/1.1" status: 200 len: 1409 time: 0.0674603
2026-06-25 23:29:48.195 10 INFO neutron.wsgi [req-673495ec-9d9e-4134-88f3-8b7df78fb151 req-a1bb7b57-a8cd-41a6-ad12-c43774cfe456 36a16406adc849b0bf0a5454adf6e0b7 32fcf1792a10485e81f26e9961b55d5a - - default default] 10.0.0.227 "GET /v2.0/security-groups?id=5a3d6124-cc9f-43e8-a761-22d547a34f61&fields=id&fields=name HTTP/1.1" status: 200 len: 313 time: 0.0796936
2026-06-25 23:29:48.217 10 INFO neutron.wsgi [req-7f1b00fc-3928-40cf-83a4-1e7fda2ee364 req-f4b29ea8-14da-46c5-befa-bef279f4ce07 4305f2eb0a454ae7afbde0d0e0f17c49 a9466336b3fd40b1bbb1e9a2323ae8bb - - 72461810ce124ffeba27c79f004d6667 72461810ce124ffeba27c79f004d6667] 199.204.45.223 "GET /v2.0/networks?id=810931f1-191a-4fe6-b2a1-548762e92cf5 HTTP/1.1" status: 200 len: 968 time: 0.0852704
2026-06-25 23:29:48.299 10 INFO neutron.wsgi [req-7f1b00fc-3928-40cf-83a4-1e7fda2ee364 req-3e22e2e0-e869-467f-b729-b0cd1175b5d5 4305f2eb0a454ae7afbde0d0e0f17c49 a9466336b3fd40b1bbb1e9a2323ae8bb - - 72461810ce124ffeba27c79f004d6667 72461810ce124ffeba27c79f004d6667] 199.204.45.223 "GET /v2.0/floatingips?fixed_ip_address=10.100.0.4&port_id=97d86168-31d0-456d-a89f-6c30407cc5f9 HTTP/1.1" status: 200 len: 1059 time: 0.0749242
2026-06-25 23:29:48.338 10 INFO neutron.wsgi [req-7f1b00fc-3928-40cf-83a4-1e7fda2ee364 req-7e7cadb1-4f24-4caf-8a14-21fdd07f48f1 4305f2eb0a454ae7afbde0d0e0f17c49 a9466336b3fd40b1bbb1e9a2323ae8bb - - 72461810ce124ffeba27c79f004d6667 72461810ce124ffeba27c79f004d6667] 199.204.45.223 "GET /v2.0/subnets?id=b0f6bf07-19bd-4bba-8ee4-ec69c7a16b51 HTTP/1.1" status: 200 len: 863 time: 0.0318053
2026-06-25 23:29:48.368 10 INFO neutron.wsgi [req-7f1b00fc-3928-40cf-83a4-1e7fda2ee364 req-e2aa52f5-4404-4c8f-b82d-220e8d10c615 4305f2eb0a454ae7afbde0d0e0f17c49 a9466336b3fd40b1bbb1e9a2323ae8bb - - 72461810ce124ffeba27c79f004d6667 72461810ce124ffeba27c79f004d6667] 199.204.45.223 "GET /v2.0/ports?network_id=810931f1-191a-4fe6-b2a1-548762e92cf5&device_owner=network%3Adhcp HTTP/1.1" status: 200 len: 210 time: 0.0208094
2026-06-25 23:29:48.374 10 INFO neutron.wsgi [None req-7ed1ce7f-c201-4ced-b954-1ab11a58b295 9089057e8b3b45cbba9ee2e7a472e3b0 72744b09b8ba48b8a3e6b17504fc11fd - - default default] 10.0.0.89 "DELETE /v2.0/security-groups/022b959f-fdc0-4abb-981b-47e212da17d1 HTTP/1.1" status: 204 len: 168 time: 0.3693190
2026-06-25 23:29:48.437 10 INFO neutron.wsgi [req-7f1b00fc-3928-40cf-83a4-1e7fda2ee364 req-299a713c-8638-48af-965f-73fdb87960d1 4305f2eb0a454ae7afbde0d0e0f17c49 a9466336b3fd40b1bbb1e9a2323ae8bb - - 72461810ce124ffeba27c79f004d6667 72461810ce124ffeba27c79f004d6667] 199.204.45.223 "GET /v2.0/networks/810931f1-191a-4fe6-b2a1-548762e92cf5?fields=segments HTTP/1.1" status: 200 len: 212 time: 0.0628943
2026-06-25 23:29:48.522 10 INFO neutron.wsgi [req-7f1b00fc-3928-40cf-83a4-1e7fda2ee364 req-b3cb2422-7f12-4ab6-98e7-521abfd7cc82 4305f2eb0a454ae7afbde0d0e0f17c49 a9466336b3fd40b1bbb1e9a2323ae8bb - - 72461810ce124ffeba27c79f004d6667 72461810ce124ffeba27c79f004d6667] 199.204.45.223 "GET /v2.0/networks/810931f1-191a-4fe6-b2a1-548762e92cf5?fields=provider%3Aphysical_network&fields=provider%3Anetwork_type HTTP/1.1" status: 200 len: 277 time: 0.0800769
2026-06-25 23:29:48.553 9 INFO neutron.wsgi [None req-6f8cc8f0-4834-475d-a3b5-97a933099374 65a860245d8e429f9d110476a3e461f7 1a03d8c04f0f4ab2828d659c66742c42 - - default default] 10.0.0.89 "GET /v2.0/ports/a69441d7-a307-41e1-b75d-6110b6df267f HTTP/1.1" status: 200 len: 1147 time: 0.1252367
2026-06-25 23:29:48.566 10 INFO neutron.wsgi [req-00b583be-3fa5-438d-bcb9-1daa52728ba2 req-0e69856a-4755-49f1-b871-8f3b10e5fa84 36a16406adc849b0bf0a5454adf6e0b7 32fcf1792a10485e81f26e9961b55d5a - - default default] 10.0.0.227 "GET /v2.0/ports?device_id=18824ec7-c66f-42cf-880d-6929c93470cd HTTP/1.1" status: 200 len: 1170 time: 0.0392933
2026-06-25 23:29:48.569 10 INFO neutron.plugins.ml2.drivers.ovn.mech_driver.mech_driver [None req-80ac8514-3889-44ae-b8d3-40148fbfc6ac - - - - - -] OVN reports status down for port: 97d86168-31d0-456d-a89f-6c30407cc5f9
2026-06-25 23:29:48.624 10 INFO neutron.wsgi [req-00b583be-3fa5-438d-bcb9-1daa52728ba2 req-7a7a82fb-610d-4d62-9d03-238b5784d970 36a16406adc849b0bf0a5454adf6e0b7 32fcf1792a10485e81f26e9961b55d5a - - default default] 10.0.0.227 "GET /v2.0/security-groups?id=5a3d6124-cc9f-43e8-a761-22d547a34f61&fields=id&fields=name HTTP/1.1" status: 200 len: 313 time: 0.0408015
2026-06-25 23:29:48.727 10 INFO neutron.notifiers.nova [-] Nova event matching ['req-f99bbf66-7827-4fa0-9b54-6c270b31c30b'] response: {'server_uuid': '18824ec7-c66f-42cf-880d-6929c93470cd', 'name': 'network-vif-unplugged', 'status': 'completed', 'tag': '97d86168-31d0-456d-a89f-6c30407cc5f9', 'code': 200}
2026-06-25 23:29:48.760 9 WARNING neutron.plugins.ml2.drivers.ovn.mech_driver.ovsdb.ovn_client [None req-aaba1074-abd1-4a59-bbf0-16f74f6b2b65 - - - - - -] No hosting information found for port 12eb157e-ceed-4633-be5b-a07a0c7dcaf4: RuntimeError: No hosting information found for port 12eb157e-ceed-4633-be5b-a07a0c7dcaf4
2026-06-25 23:29:48.761 9 INFO neutron.plugins.ml2.drivers.ovn.mech_driver.mech_driver [None req-aaba1074-abd1-4a59-bbf0-16f74f6b2b65 - - - - - -] OVN reports status up for port: a69441d7-a307-41e1-b75d-6110b6df267f
2026-06-25 23:29:48.767 9 INFO neutron.plugins.ml2.plugin [None req-aaba1074-abd1-4a59-bbf0-16f74f6b2b65 - - - - - -] Attempt 1 to provision port a69441d7-a307-41e1-b75d-6110b6df267f
2026-06-25 23:29:48.852 10 INFO neutron.db.ovn_revision_numbers_db [None req-80ac8514-3889-44ae-b8d3-40148fbfc6ac - - - - - -] Successfully bumped revision number for resource 97d86168-31d0-456d-a89f-6c30407cc5f9 (type: ports) to 5
2026-06-25 23:29:48.885 10 INFO neutron.wsgi [req-03ee03a5-0ce1-4987-b07f-fa2415447bb3 req-8e904934-c277-4f95-ada6-041fa1768ceb 36a16406adc849b0bf0a5454adf6e0b7 32fcf1792a10485e81f26e9961b55d5a - - default default] 199.204.45.223 "GET /v2.0/ports?device_id=18824ec7-c66f-42cf-880d-6929c93470cd HTTP/1.1" status: 200 len: 1168 time: 0.0410070
2026-06-25 23:29:49.059 9 INFO neutron.db.ovn_revision_numbers_db [None req-aaba1074-abd1-4a59-bbf0-16f74f6b2b65 - - - - - -] Successfully bumped revision number for resource a69441d7-a307-41e1-b75d-6110b6df267f (type: ports) to 2
2026-06-25 23:29:49.140 9 INFO neutron.db.ovn_revision_numbers_db [None req-aaba1074-abd1-4a59-bbf0-16f74f6b2b65 - - - - - -] Successfully bumped revision number for resource a69441d7-a307-41e1-b75d-6110b6df267f (type: router_ports) to 2
2026-06-25 23:29:49.207 10 INFO neutron.db.l3_db [req-03ee03a5-0ce1-4987-b07f-fa2415447bb3 req-cf03c4e7-8957-40ba-ac39-869e8d8b8b68 36a16406adc849b0bf0a5454adf6e0b7 32fcf1792a10485e81f26e9961b55d5a - - default default] Floating IP 4f2f06c0-cffd-450e-8c42-3d34d434d27c disassociated. External IP: 10.96.250.201, port: 97d86168-31d0-456d-a89f-6c30407cc5f9.
2026-06-25 23:29:49.365 10 INFO neutron.wsgi [req-03ee03a5-0ce1-4987-b07f-fa2415447bb3 req-cf03c4e7-8957-40ba-ac39-869e8d8b8b68 36a16406adc849b0bf0a5454adf6e0b7 32fcf1792a10485e81f26e9961b55d5a - - default default] 199.204.45.223 "DELETE /v2.0/ports/97d86168-31d0-456d-a89f-6c30407cc5f9 HTTP/1.1" status: 204 len: 173 time: 0.4726336
2026-06-25 23:29:49.594 9 INFO neutron.wsgi [None req-f48f0bc9-8a48-479c-86b6-120963f6d668 65a860245d8e429f9d110476a3e461f7 1a03d8c04f0f4ab2828d659c66742c42 - - default default] 10.0.0.89 "GET /v2.0/ports/a69441d7-a307-41e1-b75d-6110b6df267f HTTP/1.1" status: 200 len: 1149 time: 0.0363865 /var/lib/openstack/lib/python3.10/site-packages/pycadf/identifier.py:71: UserWarning: Invalid uuid: neutron. To ensure interoperability, identifiers should be a valid uuid. warnings.warn(('Invalid uuid: %s. To ensure interoperability, '
2026-06-25 23:29:49.872 9 INFO neutron.wsgi [None req-4d9d6f7a-2a8e-4d6a-9166-4577dfaa3ecf 36a16406adc849b0bf0a5454adf6e0b7 32fcf1792a10485e81f26e9961b55d5a - - default default] 10.0.0.89 "DELETE /v2.0/security-groups/5a3d6124-cc9f-43e8-a761-22d547a34f61 HTTP/1.1" status: 204 len: 168 time: 0.1409404
2026-06-25 23:29:49.886 9 INFO neutron.api.v2.resource [None req-d6f9e261-3287-4f2e-9186-e75aa22b788b 36a16406adc849b0bf0a5454adf6e0b7 32fcf1792a10485e81f26e9961b55d5a - - default default] show failed (client error): The resource could not be found.
2026-06-25 23:29:49.887 9 INFO neutron.wsgi [None req-d6f9e261-3287-4f2e-9186-e75aa22b788b 36a16406adc849b0bf0a5454adf6e0b7 32fcf1792a10485e81f26e9961b55d5a - - default default] 10.0.0.89 "GET /v2.0/security-groups/5a3d6124-cc9f-43e8-a761-22d547a34f61 HTTP/1.1" status: 404 len: 347 time: 0.0091033
2026-06-25 23:29:50.379 10 INFO neutron.wsgi [None req-7da656c9-82c0-4be6-a96a-22f1a35d15ee 65a860245d8e429f9d110476a3e461f7 1a03d8c04f0f4ab2828d659c66742c42 - - default default] 10.0.0.89 "PUT /v2.0/routers/9bffba07-2389-43c2-a118-0749d9de9cda/remove_router_interface HTTP/1.1" status: 200 len: 503 time: 0.7768819
2026-06-25 23:29:50.395 9 INFO neutron.wsgi [None req-1a7a50de-ce6c-4749-85fc-972e0ab3404a 36a16406adc849b0bf0a5454adf6e0b7 32fcf1792a10485e81f26e9961b55d5a - - default default] 10.0.0.89 "DELETE /v2.0/floatingips/4f2f06c0-cffd-450e-8c42-3d34d434d27c HTTP/1.1" status: 204 len: 168 time: 0.5032067 /var/lib/openstack/lib/python3.10/site-packages/pycadf/identifier.py:71: UserWarning: Invalid uuid: neutron. To ensure interoperability, identifiers should be a valid uuid. warnings.warn(('Invalid uuid: %s. To ensure interoperability, '
2026-06-25 23:29:50.492 9 INFO neutron.wsgi [None req-8ded4014-e5b6-4117-89e0-3cb2f17d9b6f 65a860245d8e429f9d110476a3e461f7 1a03d8c04f0f4ab2828d659c66742c42 - - default default] 10.0.0.89 "GET /v2.0/ports/12eb157e-ceed-4633-be5b-a07a0c7dcaf4 HTTP/1.1" status: 200 len: 1141 time: 0.1075063
2026-06-25 23:29:50.765 10 INFO neutron.notifiers.nova [-] Nova event matching ['req-3d4b8ef2-cc84-4e9e-9f56-25abc8bc874b'] response: {'server_uuid': '18824ec7-c66f-42cf-880d-6929c93470cd', 'name': 'network-vif-plugged', 'status': 'completed', 'tag': '97d86168-31d0-456d-a89f-6c30407cc5f9', 'code': 200}
2026-06-25 23:29:50.765 10 INFO neutron.notifiers.nova [-] Nova event matching ['req-3d4b8ef2-cc84-4e9e-9f56-25abc8bc874b'] response: {'server_uuid': '18824ec7-c66f-42cf-880d-6929c93470cd', 'name': 'network-vif-deleted', 'tag': '97d86168-31d0-456d-a89f-6c30407cc5f9', 'status': 'completed', 'code': 200}
2026-06-25 23:29:51.510 10 INFO neutron.wsgi [None req-f6d9e76e-184e-4fe5-a4cc-e6dfc0e23257 65a860245d8e429f9d110476a3e461f7 1a03d8c04f0f4ab2828d659c66742c42 - - default default] 10.0.0.89 "PUT /v2.0/routers/9bffba07-2389-43c2-a118-0749d9de9cda/remove_router_interface HTTP/1.1" status: 200 len: 503 time: 1.0116284
2026-06-25 23:29:51.539 9 INFO neutron.wsgi [None req-d01b5d1c-83d7-4d43-b0cd-4b860c370bc0 65a860245d8e429f9d110476a3e461f7 1a03d8c04f0f4ab2828d659c66742c42 - - default default] 10.0.0.89 "GET /v2.0/ports?device_id=9bffba07-2389-43c2-a118-0749d9de9cda HTTP/1.1" status: 200 len: 205 time: 0.0235832
2026-06-25 23:29:51.790 10 INFO neutron.wsgi [None req-7f9fbc0b-a868-4865-a74f-ecf2ec548435 9089057e8b3b45cbba9ee2e7a472e3b0 72744b09b8ba48b8a3e6b17504fc11fd - - default default] 10.0.0.89 "PUT /v2.0/routers/1cd055d4-b036-47c6-ab90-49faae6cde76/remove_router_interface HTTP/1.1" status: 200 len: 503 time: 1.3899615 /var/lib/openstack/lib/python3.10/site-packages/pycadf/identifier.py:71: UserWarning: Invalid uuid: neutron. To ensure interoperability, identifiers should be a valid uuid. warnings.warn(('Invalid uuid: %s. To ensure interoperability, '
2026-06-25 23:29:52.028 9 INFO neutron.wsgi [None req-31384c5b-949a-4f67-a866-3b4f8cc186f7 65a860245d8e429f9d110476a3e461f7 1a03d8c04f0f4ab2828d659c66742c42 - - default default] 10.0.0.89 "DELETE /v2.0/routers/9bffba07-2389-43c2-a118-0749d9de9cda HTTP/1.1" status: 204 len: 168 time: 0.4847152
2026-06-25 23:29:52.195 9 INFO neutron.wsgi [None req-41bc843e-33d8-474f-bda0-332bf53fda85 65a860245d8e429f9d110476a3e461f7 1a03d8c04f0f4ab2828d659c66742c42 - - default default] 10.0.0.89 "DELETE /v2.0/subnets/293c8d5c-1d83-4302-aef6-c3051721a404 HTTP/1.1" status: 204 len: 168 time: 0.1598716
2026-06-25 23:29:52.389 9 INFO neutron.wsgi [None req-f2cf4a27-61bd-44c8-b757-a05cd6f754f0 65a860245d8e429f9d110476a3e461f7 1a03d8c04f0f4ab2828d659c66742c42 - - default default] 10.0.0.89 "DELETE /v2.0/subnets/12c9256a-e781-49dc-9458-eba1315e1f5c HTTP/1.1" status: 204 len: 168 time: 0.1863527
2026-06-25 23:29:52.718 10 INFO neutron.wsgi [None req-5fdc4ca6-8fef-4329-9d80-38f9d89f45c1 9089057e8b3b45cbba9ee2e7a472e3b0 72744b09b8ba48b8a3e6b17504fc11fd - - default default] 10.0.0.89 "DELETE /v2.0/routers/1cd055d4-b036-47c6-ab90-49faae6cde76 HTTP/1.1" status: 204 len: 168 time: 0.9237764
2026-06-25 23:29:52.787 9 INFO neutron.services.segments.plugin [-] Segment 6cdad829-9ed8-4a13-a8ac-d52df97afee4 resource provider aggregate not found
2026-06-25 23:29:52.793 9 INFO neutron.services.segments.plugin [-] Segment 6cdad829-9ed8-4a13-a8ac-d52df97afee4 resource provider aggregate not found
2026-06-25 23:29:52.800 9 INFO neutron.services.segments.plugin [-] Segment 6cdad829-9ed8-4a13-a8ac-d52df97afee4 resource provider not found; error: Placement Client Error (4xx): {"errors": [{"status": 404, "title": "Not Found", "detail": "The resource could not be found.\n\n No resource provider with uuid 6cdad829-9ed8-4a13-a8ac-d52df97afee4 found for delete ", "request_id": "req-12610558-653b-4f98-b551-c75c117bf2e4"}]}
2026-06-25 23:29:52.816 9 INFO neutron.services.segments.plugin [-] Segment 6cdad829-9ed8-4a13-a8ac-d52df97afee4 resource provider not found; error: Placement Client Error (4xx): {"errors": [{"status": 404, "title": "Not Found", "detail": "The resource could not be found.\n\n No resource provider with uuid 6cdad829-9ed8-4a13-a8ac-d52df97afee4 found for delete ", "request_id": "req-1d3249d3-48eb-444c-8183-348f257693bc"}]}
2026-06-25 23:29:52.851 9 INFO neutron.wsgi [None req-c73513b0-2942-4f75-867b-8e9bb6bfb09b 65a860245d8e429f9d110476a3e461f7 1a03d8c04f0f4ab2828d659c66742c42 - - default default] 10.0.0.89 "DELETE /v2.0/networks/2dde938a-1caa-4287-8cb4-dbc09c837d49 HTTP/1.1" status: 204 len: 168 time: 0.4569232
2026-06-25 23:29:52.918 10 INFO neutron.wsgi [None req-39d479c7-a7e6-4927-8004-2ccc6ebb157e 9089057e8b3b45cbba9ee2e7a472e3b0 72744b09b8ba48b8a3e6b17504fc11fd - - default default] 10.0.0.89 "DELETE /v2.0/subnets/b0f6bf07-19bd-4bba-8ee4-ec69c7a16b51 HTTP/1.1" status: 204 len: 168 time: 0.1956980
2026-06-25 23:29:53.255 10 INFO neutron.services.segments.plugin [-] Segment fc00b019-9086-4c5c-8f6f-85b11f2ea4a8 resource provider aggregate not found
2026-06-25 23:29:53.259 10 INFO neutron.services.segments.plugin [-] Segment fc00b019-9086-4c5c-8f6f-85b11f2ea4a8 resource provider aggregate not found
2026-06-25 23:29:53.272 10 INFO neutron.services.segments.plugin [-] Segment fc00b019-9086-4c5c-8f6f-85b11f2ea4a8 resource provider not found; error: Placement Client Error (4xx): {"errors": [{"status": 404, "title": "Not Found", "detail": "The resource could not be found.\n\n No resource provider with uuid fc00b019-9086-4c5c-8f6f-85b11f2ea4a8 found for delete ", "request_id": "req-b25bd4ac-e819-4142-943c-41f68e4521a6"}]}
2026-06-25 23:29:53.278 10 INFO neutron.services.segments.plugin [-] Segment fc00b019-9086-4c5c-8f6f-85b11f2ea4a8 resource provider not found; error: Placement Client Error (4xx): {"errors": [{"status": 404, "title": "Not Found", "detail": "The resource could not be found.\n\n No resource provider with uuid fc00b019-9086-4c5c-8f6f-85b11f2ea4a8 found for delete ", "request_id": "req-e82f46df-9539-49aa-8a31-89d5776e6fb5"}]}
2026-06-25 23:29:53.280 9 INFO neutron.wsgi [None req-45ff84e2-82ad-4291-bcf1-2900060cb383 9089057e8b3b45cbba9ee2e7a472e3b0 72744b09b8ba48b8a3e6b17504fc11fd - - default default] 10.0.0.89 "DELETE /v2.0/networks/810931f1-191a-4fe6-b2a1-548762e92cf5 HTTP/1.1" status: 204 len: 168 time: 0.3582909
2026-06-25 23:29:53.307 10 INFO neutron.wsgi [None req-14bd8495-c251-46dc-bc7f-33bcd90dc92f 65a860245d8e429f9d110476a3e461f7 1a03d8c04f0f4ab2828d659c66742c42 - - default default] 10.0.0.89 "DELETE /v2.0/networks/d967353e-9b43-4c7c-93b1-094a47873405 HTTP/1.1" status: 204 len: 168 time: 0.4498763
2026-06-25 23:29:53.318 9 WARNING neutron_lib.context [None req-606bd11b-2d6d-4bbe-a8da-a10c475c9aba 65a860245d8e429f9d110476a3e461f7 1a03d8c04f0f4ab2828d659c66742c42 - - default default] Method 'is_advsvc' is deprecated since 2023.2 release (neutron-lib 3.8.0) and will be removed once support for the old RBAC API policies will be removed from Neutron. Please use method 'is_service_role' instead.
2026-06-25 23:29:53.393 9 INFO neutron.db.segments_db [None req-606bd11b-2d6d-4bbe-a8da-a10c475c9aba 65a860245d8e429f9d110476a3e461f7 1a03d8c04f0f4ab2828d659c66742c42 - - default default] Added segment 85f40a4a-04ae-4920-a201-cfec175c017b of type geneve for network 776a1855-18cc-41c1-b143-e98ec69b2d66
2026-06-25 23:29:53.519 9 INFO neutron.db.ovn_revision_numbers_db [None req-606bd11b-2d6d-4bbe-a8da-a10c475c9aba 65a860245d8e429f9d110476a3e461f7 1a03d8c04f0f4ab2828d659c66742c42 - - default default] Successfully bumped revision number for resource 776a1855-18cc-41c1-b143-e98ec69b2d66 (type: networks) to 1
2026-06-25 23:29:53.553 10 INFO neutron.wsgi [None req-24984037-1b31-4cfe-9a56-21da99eacdf0 9089057e8b3b45cbba9ee2e7a472e3b0 72744b09b8ba48b8a3e6b17504fc11fd - - default default] 10.0.0.89 "GET /v2.0/security-groups?tenant_id=32fcf1792a10485e81f26e9961b55d5a&name=default HTTP/1.1" status: 200 len: 2996 time: 0.0443192
2026-06-25 23:29:53.692 9 WARNING neutron.scheduler.dhcp_agent_scheduler [None req-606bd11b-2d6d-4bbe-a8da-a10c475c9aba 65a860245d8e429f9d110476a3e461f7 1a03d8c04f0f4ab2828d659c66742c42 - - default default] No more DHCP agents
2026-06-25 23:29:53.694 9 WARNING neutron.api.rpc.agentnotifiers.dhcp_rpc_agent_api [None req-606bd11b-2d6d-4bbe-a8da-a10c475c9aba 65a860245d8e429f9d110476a3e461f7 1a03d8c04f0f4ab2828d659c66742c42 - - default default] Unable to schedule network 776a1855-18cc-41c1-b143-e98ec69b2d66: no agents available; will retry on subsequent port and subnet creation events.
2026-06-25 23:29:53.764 10 INFO neutron.wsgi [None req-9652a756-a2c8-40ea-a52d-c3784b793ff1 9089057e8b3b45cbba9ee2e7a472e3b0 72744b09b8ba48b8a3e6b17504fc11fd - - default default] 10.0.0.89 "DELETE /v2.0/security-groups/573dfef7-09ec-42ca-8a6d-fc1cfd9aa1dd HTTP/1.1" status: 204 len: 168 time: 0.2056007
2026-06-25 23:29:53.773 9 INFO neutron.db.ovn_revision_numbers_db [None req-606bd11b-2d6d-4bbe-a8da-a10c475c9aba 65a860245d8e429f9d110476a3e461f7 1a03d8c04f0f4ab2828d659c66742c42 - - default default] Successfully bumped revision number for resource 4c59d4ed-445a-4707-b545-0f806b600b05 (type: ports) to 1
2026-06-25 23:29:53.795 9 INFO neutron.wsgi [None req-606bd11b-2d6d-4bbe-a8da-a10c475c9aba 65a860245d8e429f9d110476a3e461f7 1a03d8c04f0f4ab2828d659c66742c42 - - default default] 10.0.0.89 "POST /v2.0/networks HTTP/1.1" status: 201 len: 832 time: 0.4818695
2026-06-25 23:29:53.804 9 WARNING neutron_lib.context [None req-ce5872f3-f751-4265-bf48-8855cfb90e03 65a860245d8e429f9d110476a3e461f7 1a03d8c04f0f4ab2828d659c66742c42 - - default default] Method 'is_advsvc' is deprecated since 2023.2 release (neutron-lib 3.8.0) and will be removed once support for the old RBAC API policies will be removed from Neutron. Please use method 'is_service_role' instead.
2026-06-25 23:29:54.007 10 INFO neutron.db.ovn_revision_numbers_db [None req-7e885aef-b8b7-4285-a367-0bcfffeb3393 9089057e8b3b45cbba9ee2e7a472e3b0 72744b09b8ba48b8a3e6b17504fc11fd - - default default] Successfully bumped revision number for resource b1dd1569-cab1-4e0d-847e-b0a9308ec886 (type: security_groups) to 1
2026-06-25 23:29:54.021 10 INFO neutron.db.ovn_revision_numbers_db [None req-7e885aef-b8b7-4285-a367-0bcfffeb3393 9089057e8b3b45cbba9ee2e7a472e3b0 72744b09b8ba48b8a3e6b17504fc11fd - - default default] Successfully bumped revision number for resource 02843499-ffbb-4618-9dd5-988bb3aa202c (type: security_group_rules) to 0
2026-06-25 23:29:54.038 10 INFO neutron.db.ovn_revision_numbers_db [None req-7e885aef-b8b7-4285-a367-0bcfffeb3393 9089057e8b3b45cbba9ee2e7a472e3b0 72744b09b8ba48b8a3e6b17504fc11fd - - default default] Successfully bumped revision number for resource 7d33fc62-f476-4808-8940-737f74cfc3a8 (type: security_group_rules) to 0
2026-06-25 23:29:54.057 10 INFO neutron.db.ovn_revision_numbers_db [None req-7e885aef-b8b7-4285-a367-0bcfffeb3393 9089057e8b3b45cbba9ee2e7a472e3b0 72744b09b8ba48b8a3e6b17504fc11fd - - default default] Successfully bumped revision number for resource 7d436f75-8202-405e-bb27-26550e7d9ca3 (type: security_group_rules) to 0
2026-06-25 23:29:54.058 9 WARNING neutron.plugins.ml2.drivers.ovn.mech_driver.ovsdb.ovn_client [None req-aaba1074-abd1-4a59-bbf0-16f74f6b2b65 - - - - - -] No port found with ID a69441d7-a307-41e1-b75d-6110b6df267f: RuntimeError: No port found with ID a69441d7-a307-41e1-b75d-6110b6df267f
2026-06-25 23:29:54.074 10 INFO neutron.db.ovn_revision_numbers_db [None req-7e885aef-b8b7-4285-a367-0bcfffeb3393 9089057e8b3b45cbba9ee2e7a472e3b0 72744b09b8ba48b8a3e6b17504fc11fd - - default default] Successfully bumped revision number for resource cfde657a-f110-4e21-b4ed-d94f108d7028 (type: security_group_rules) to 0
2026-06-25 23:29:54.095 10 INFO neutron.wsgi [None req-7e885aef-b8b7-4285-a367-0bcfffeb3393 9089057e8b3b45cbba9ee2e7a472e3b0 72744b09b8ba48b8a3e6b17504fc11fd - - default default] 10.0.0.89 "GET /v2.0/security-groups?tenant_id=1fd4f493115d4c7aaf1b1b9f65242f86&name=default HTTP/1.1" status: 200 len: 2996 time: 0.3816986
2026-06-25 23:29:54.133 9 WARNING neutron.scheduler.dhcp_agent_scheduler [None req-ce5872f3-f751-4265-bf48-8855cfb90e03 65a860245d8e429f9d110476a3e461f7 1a03d8c04f0f4ab2828d659c66742c42 - - default default] No more DHCP agents
2026-06-25 23:29:54.148 9 WARNING neutron.api.rpc.agentnotifiers.dhcp_rpc_agent_api [None req-ce5872f3-f751-4265-bf48-8855cfb90e03 65a860245d8e429f9d110476a3e461f7 1a03d8c04f0f4ab2828d659c66742c42 - - default default] Unable to schedule network 776a1855-18cc-41c1-b143-e98ec69b2d66: no agents available; will retry on subsequent port and subnet creation events.
2026-06-25 23:29:54.184 9 INFO neutron.db.ovn_revision_numbers_db [None req-ce5872f3-f751-4265-bf48-8855cfb90e03 65a860245d8e429f9d110476a3e461f7 1a03d8c04f0f4ab2828d659c66742c42 - - default default] Successfully bumped revision number for resource 99e3e2da-a9c4-4dda-89ff-c2f0b7417955 (type: subnets) to 0
2026-06-25 23:29:54.199 9 INFO neutron.wsgi [None req-ce5872f3-f751-4265-bf48-8855cfb90e03 65a860245d8e429f9d110476a3e461f7 1a03d8c04f0f4ab2828d659c66742c42 - - default default] 10.0.0.89 "POST /v2.0/subnets HTTP/1.1" status: 201 len: 821 time: 0.3996496
2026-06-25 23:29:54.209 9 WARNING neutron_lib.context [None req-a57f3339-f25f-49fd-afdf-adde50043a94 65a860245d8e429f9d110476a3e461f7 1a03d8c04f0f4ab2828d659c66742c42 - - default default] Method 'is_advsvc' is deprecated since 2023.2 release (neutron-lib 3.8.0) and will be removed once support for the old RBAC API policies will be removed from Neutron. Please use method 'is_service_role' instead. /var/lib/openstack/lib/python3.10/site-packages/pycadf/identifier.py:71: UserWarning: Invalid uuid: neutron. To ensure interoperability, identifiers should be a valid uuid. warnings.warn(('Invalid uuid: %s. To ensure interoperability, '
2026-06-25 23:29:54.291 10 INFO neutron.wsgi [None req-3cc2b063-90a7-4572-8837-70ab02445c6a 9089057e8b3b45cbba9ee2e7a472e3b0 72744b09b8ba48b8a3e6b17504fc11fd - - default default] 10.0.0.89 "DELETE /v2.0/security-groups/b1dd1569-cab1-4e0d-847e-b0a9308ec886 HTTP/1.1" status: 204 len: 168 time: 0.1901784
2026-06-25 23:29:54.375 9 INFO neutron.db.ovn_revision_numbers_db [None req-a57f3339-f25f-49fd-afdf-adde50043a94 65a860245d8e429f9d110476a3e461f7 1a03d8c04f0f4ab2828d659c66742c42 - - default default] Successfully bumped revision number for resource 4046c666-cecc-43a8-8f2d-3ffbe958436d (type: routers) to 1
2026-06-25 23:29:54.389 9 INFO neutron.wsgi [None req-a57f3339-f25f-49fd-afdf-adde50043a94 65a860245d8e429f9d110476a3e461f7 1a03d8c04f0f4ab2828d659c66742c42 - - default default] 10.0.0.89 "POST /v2.0/routers HTTP/1.1" status: 201 len: 691 time: 0.1842978
2026-06-25 23:29:54.401 9 WARNING neutron_lib.context [None req-760e1233-7617-44e1-9738-ecd88d3deb3c 65a860245d8e429f9d110476a3e461f7 1a03d8c04f0f4ab2828d659c66742c42 - - default default] Method 'is_advsvc' is deprecated since 2023.2 release (neutron-lib 3.8.0) and will be removed once support for the old RBAC API policies will be removed from Neutron. Please use method 'is_service_role' instead.
2026-06-25 23:29:54.578 9 INFO neutron.db.ovn_revision_numbers_db [None req-3c4a6298-b17a-4384-8fb1-2e2bdcc6ad3c 9089057e8b3b45cbba9ee2e7a472e3b0 72744b09b8ba48b8a3e6b17504fc11fd - - default default] Successfully bumped revision number for resource 436cda17-dd92-458c-a355-690f4d255741 (type: security_groups) to 1
2026-06-25 23:29:54.616 9 INFO neutron.db.ovn_revision_numbers_db [None req-3c4a6298-b17a-4384-8fb1-2e2bdcc6ad3c 9089057e8b3b45cbba9ee2e7a472e3b0 72744b09b8ba48b8a3e6b17504fc11fd - - default default] Successfully bumped revision number for resource 048a528a-9f89-4c69-8bd4-3a744f443cfc (type: security_group_rules) to 0
2026-06-25 23:29:54.641 9 INFO neutron.db.ovn_revision_numbers_db [None req-3c4a6298-b17a-4384-8fb1-2e2bdcc6ad3c 9089057e8b3b45cbba9ee2e7a472e3b0 72744b09b8ba48b8a3e6b17504fc11fd - - default default] Successfully bumped revision number for resource 1462119a-430b-41ca-9dd3-0ec5f2099ee7 (type: security_group_rules) to 0
2026-06-25 23:29:54.668 9 INFO neutron.db.ovn_revision_numbers_db [None req-3c4a6298-b17a-4384-8fb1-2e2bdcc6ad3c 9089057e8b3b45cbba9ee2e7a472e3b0 72744b09b8ba48b8a3e6b17504fc11fd - - default default] Successfully bumped revision number for resource 4940d2a1-883b-41d3-9578-f42e6d07a735 (type: security_group_rules) to 0
2026-06-25 23:29:54.700 9 INFO neutron.db.ovn_revision_numbers_db [None req-3c4a6298-b17a-4384-8fb1-2e2bdcc6ad3c 9089057e8b3b45cbba9ee2e7a472e3b0 72744b09b8ba48b8a3e6b17504fc11fd - - default default] Successfully bumped revision number for resource b9291f9f-01c4-4723-9693-708d4f1b647e (type: security_group_rules) to 0
2026-06-25 23:29:54.735 9 INFO neutron.wsgi [None req-3c4a6298-b17a-4384-8fb1-2e2bdcc6ad3c 9089057e8b3b45cbba9ee2e7a472e3b0 72744b09b8ba48b8a3e6b17504fc11fd - - default default] 10.0.0.89 "GET /v2.0/security-groups?tenant_id=5179ba3d36c44b65814383a1d101d6f2&name=default HTTP/1.1" status: 200 len: 2996 time: 0.3395197
2026-06-25 23:29:54.822 9 INFO neutron.services.segments.plugin [-] Segment 39bde8c0-4a35-4b94-949c-19722858ab37 resource provider aggregate not found
2026-06-25 23:29:54.839 9 INFO neutron.services.segments.plugin [-] Segment 39bde8c0-4a35-4b94-949c-19722858ab37 resource provider not found; error: Placement Client Error (4xx): {"errors": [{"status": 404, "title": "Not Found", "detail": "The resource could not be found.\n\n No resource provider with uuid 39bde8c0-4a35-4b94-949c-19722858ab37 found for delete ", "request_id": "req-86b3f55c-3843-4162-99ea-ec6a18c78ab3"}]}
2026-06-25 23:29:54.846 9 WARNING neutron.scheduler.dhcp_agent_scheduler [None req-760e1233-7617-44e1-9738-ecd88d3deb3c 65a860245d8e429f9d110476a3e461f7 1a03d8c04f0f4ab2828d659c66742c42 - - default default] No more DHCP agents
2026-06-25 23:29:54.849 9 INFO neutron.services.segments.plugin [-] Segment 39bde8c0-4a35-4b94-949c-19722858ab37 resource provider aggregate not found
2026-06-25 23:29:54.857 9 WARNING neutron.api.rpc.agentnotifiers.dhcp_rpc_agent_api [None req-760e1233-7617-44e1-9738-ecd88d3deb3c 65a860245d8e429f9d110476a3e461f7 1a03d8c04f0f4ab2828d659c66742c42 - - default default] Unable to schedule network 776a1855-18cc-41c1-b143-e98ec69b2d66: no agents available; will retry on subsequent port and subnet creation events.
2026-06-25 23:29:54.869 9 INFO neutron.services.segments.plugin [-] Segment 39bde8c0-4a35-4b94-949c-19722858ab37 resource provider not found; error: Placement Client Error (4xx): {"errors": [{"status": 404, "title": "Not Found", "detail": "The resource could not be found.\n\n No resource provider with uuid 39bde8c0-4a35-4b94-949c-19722858ab37 found for delete ", "request_id": "req-37b31ce5-6406-47b3-8a68-491f6a3431ef"}]}
2026-06-25 23:29:55.009 9 INFO neutron.db.ovn_revision_numbers_db [None req-760e1233-7617-44e1-9738-ecd88d3deb3c 65a860245d8e429f9d110476a3e461f7 1a03d8c04f0f4ab2828d659c66742c42 - - default default] Successfully bumped revision number for resource 3dd76bc6-f573-4c40-add3-e44238939ffa (type: ports) to 1
2026-06-25 23:29:55.038 9 INFO neutron.wsgi [None req-760e1233-7617-44e1-9738-ecd88d3deb3c 65a860245d8e429f9d110476a3e461f7 1a03d8c04f0f4ab2828d659c66742c42 - - default default] 10.0.0.89 "POST /v2.0/ports HTTP/1.1" status: 201 len: 1158 time: 0.6442983
2026-06-25 23:29:55.054 9 INFO neutron.wsgi [None req-b118ae19-f530-4c79-8156-d35367cda4db 9089057e8b3b45cbba9ee2e7a472e3b0 72744b09b8ba48b8a3e6b17504fc11fd - - default default] 10.0.0.89 "DELETE /v2.0/security-groups/436cda17-dd92-458c-a355-690f4d255741 HTTP/1.1" status: 204 len: 168 time: 0.3151352
2026-06-25 23:29:55.377 10 INFO neutron.wsgi [-] 10.0.0.131 "GET / HTTP/1.1" status: 200 len: 247 time: 0.0014179
2026-06-25 23:29:55.378 9 INFO neutron.wsgi [-] 10.0.0.131 "GET / HTTP/1.1" status: 200 len: 247 time: 0.0018744 /var/lib/openstack/lib/python3.10/site-packages/pycadf/identifier.py:71: UserWarning: Invalid uuid: neutron. To ensure interoperability, identifiers should be a valid uuid. warnings.warn(('Invalid uuid: %s. To ensure interoperability, '
2026-06-25 23:29:55.662 9 INFO neutron.plugins.ml2.drivers.ovn.mech_driver.mech_driver [None req-aaba1074-abd1-4a59-bbf0-16f74f6b2b65 - - - - - -] OVN reports status up for port: 3dd76bc6-f573-4c40-add3-e44238939ffa
2026-06-25 23:29:55.674 9 INFO neutron.plugins.ml2.plugin [None req-aaba1074-abd1-4a59-bbf0-16f74f6b2b65 - - - - - -] Attempt 1 to provision port 3dd76bc6-f573-4c40-add3-e44238939ffa
2026-06-25 23:29:55.686 10 INFO neutron.db.ovn_revision_numbers_db [None req-60620369-2f3e-4aab-b8a3-c8b1df6cfa00 65a860245d8e429f9d110476a3e461f7 1a03d8c04f0f4ab2828d659c66742c42 - - default default] Successfully bumped revision number for resource 3dd76bc6-f573-4c40-add3-e44238939ffa (type: router_ports) to 2
2026-06-25 23:29:55.807 9 INFO neutron.db.ovn_revision_numbers_db [None req-da94f4d3-027c-4328-8756-d6966d6a8121 9089057e8b3b45cbba9ee2e7a472e3b0 72744b09b8ba48b8a3e6b17504fc11fd - - default default] Successfully bumped revision number for resource 9cec6fc0-244b-42a1-804b-e1ccd5b26508 (type: security_groups) to 1
2026-06-25 23:29:55.843 9 INFO neutron.db.ovn_revision_numbers_db [None req-da94f4d3-027c-4328-8756-d6966d6a8121 9089057e8b3b45cbba9ee2e7a472e3b0 72744b09b8ba48b8a3e6b17504fc11fd - - default default] Successfully bumped revision number for resource 09395fc8-523f-4692-8c78-1f17e24cc1ff (type: security_group_rules) to 0
2026-06-25 23:29:55.846 10 INFO neutron.db.ovn_revision_numbers_db [None req-60620369-2f3e-4aab-b8a3-c8b1df6cfa00 65a860245d8e429f9d110476a3e461f7 1a03d8c04f0f4ab2828d659c66742c42 - - default default] Successfully bumped revision number for resource 3dd76bc6-f573-4c40-add3-e44238939ffa (type: ports) to 2
2026-06-25 23:29:55.889 9 INFO neutron.db.ovn_revision_numbers_db [None req-da94f4d3-027c-4328-8756-d6966d6a8121 9089057e8b3b45cbba9ee2e7a472e3b0 72744b09b8ba48b8a3e6b17504fc11fd - - default default] Successfully bumped revision number for resource 104d90d4-59f5-488b-8b47-93a7bf566177 (type: security_group_rules) to 0
2026-06-25 23:29:55.915 9 INFO neutron.db.ovn_revision_numbers_db [None req-da94f4d3-027c-4328-8756-d6966d6a8121 9089057e8b3b45cbba9ee2e7a472e3b0 72744b09b8ba48b8a3e6b17504fc11fd - - default default] Successfully bumped revision number for resource 5af73076-ef34-4ea9-b339-55de8457ae56 (type: security_group_rules) to 0
2026-06-25 23:29:55.939 9 INFO neutron.db.ovn_revision_numbers_db [None req-da94f4d3-027c-4328-8756-d6966d6a8121 9089057e8b3b45cbba9ee2e7a472e3b0 72744b09b8ba48b8a3e6b17504fc11fd - - default default] Successfully bumped revision number for resource 673ce8de-e159-4f57-9e28-6e3df83b0a89 (type: security_group_rules) to 0
2026-06-25 23:29:55.998 9 INFO neutron.db.segments_db [None req-da94f4d3-027c-4328-8756-d6966d6a8121 9089057e8b3b45cbba9ee2e7a472e3b0 72744b09b8ba48b8a3e6b17504fc11fd - - default default] Added segment 6d7497cf-28a4-44f6-bb6d-9a9372d1e94f of type geneve for network bed805db-6605-4806-a48a-a5c3bb089fe9
2026-06-25 23:29:56.073 9 INFO neutron.db.ovn_revision_numbers_db [None req-aaba1074-abd1-4a59-bbf0-16f74f6b2b65 - - - - - -] Successfully bumped revision number for resource 3dd76bc6-f573-4c40-add3-e44238939ffa (type: ports) to 3
2026-06-25 23:29:56.184 9 INFO neutron.db.ovn_revision_numbers_db [None req-aaba1074-abd1-4a59-bbf0-16f74f6b2b65 - - - - - -] Successfully bumped revision number for resource 3dd76bc6-f573-4c40-add3-e44238939ffa (type: router_ports) to 3
2026-06-25 23:29:56.186 9 INFO neutron.db.ovn_revision_numbers_db [None req-da94f4d3-027c-4328-8756-d6966d6a8121 9089057e8b3b45cbba9ee2e7a472e3b0 72744b09b8ba48b8a3e6b17504fc11fd - - default default] Successfully bumped revision number for resource bed805db-6605-4806-a48a-a5c3bb089fe9 (type: networks) to 1
2026-06-25 23:29:56.359 9 WARNING neutron.scheduler.dhcp_agent_scheduler [None req-da94f4d3-027c-4328-8756-d6966d6a8121 9089057e8b3b45cbba9ee2e7a472e3b0 72744b09b8ba48b8a3e6b17504fc11fd - - default default] No more DHCP agents
2026-06-25 23:29:56.362 9 WARNING neutron.api.rpc.agentnotifiers.dhcp_rpc_agent_api [None req-da94f4d3-027c-4328-8756-d6966d6a8121 9089057e8b3b45cbba9ee2e7a472e3b0 72744b09b8ba48b8a3e6b17504fc11fd - - default default] Unable to schedule network bed805db-6605-4806-a48a-a5c3bb089fe9: no agents available; will retry on subsequent port and subnet creation events.
2026-06-25 23:29:56.433 10 INFO neutron.db.ovn_revision_numbers_db [None req-60620369-2f3e-4aab-b8a3-c8b1df6cfa00 65a860245d8e429f9d110476a3e461f7 1a03d8c04f0f4ab2828d659c66742c42 - - default default] Successfully bumped revision number for resource 3dd76bc6-f573-4c40-add3-e44238939ffa (type: ports) to 3
2026-06-25 23:29:56.449 9 INFO neutron.db.ovn_revision_numbers_db [None req-da94f4d3-027c-4328-8756-d6966d6a8121 9089057e8b3b45cbba9ee2e7a472e3b0 72744b09b8ba48b8a3e6b17504fc11fd - - default default] Successfully bumped revision number for resource 0159fd8c-1fdd-461d-96d6-81da4650710d (type: ports) to 1
2026-06-25 23:29:56.470 9 INFO neutron.wsgi [None req-da94f4d3-027c-4328-8756-d6966d6a8121 9089057e8b3b45cbba9ee2e7a472e3b0 72744b09b8ba48b8a3e6b17504fc11fd - - default default] 10.0.0.89 "POST /v2.0/networks HTTP/1.1" status: 201 len: 944 time: 1.0036902 /var/lib/openstack/lib/python3.10/site-packages/pycadf/identifier.py:71: UserWarning: Invalid uuid: neutron. To ensure interoperability, identifiers should be a valid uuid. warnings.warn(('Invalid uuid: %s. To ensure interoperability, '
2026-06-25 23:29:56.502 10 WARNING neutron.scheduler.dhcp_agent_scheduler [None req-60620369-2f3e-4aab-b8a3-c8b1df6cfa00 65a860245d8e429f9d110476a3e461f7 1a03d8c04f0f4ab2828d659c66742c42 - - default default] No more DHCP agents
2026-06-25 23:29:56.508 10 WARNING neutron.api.rpc.agentnotifiers.dhcp_rpc_agent_api [None req-60620369-2f3e-4aab-b8a3-c8b1df6cfa00 65a860245d8e429f9d110476a3e461f7 1a03d8c04f0f4ab2828d659c66742c42 - - default default] Unable to schedule network 776a1855-18cc-41c1-b143-e98ec69b2d66: no agents available; will retry on subsequent port and subnet creation events.
2026-06-25 23:29:56.669 10 INFO neutron.db.ovn_revision_numbers_db [None req-60620369-2f3e-4aab-b8a3-c8b1df6cfa00 65a860245d8e429f9d110476a3e461f7 1a03d8c04f0f4ab2828d659c66742c42 - - default default] Successfully bumped revision number for resource 3dd76bc6-f573-4c40-add3-e44238939ffa (type: router_ports) to 3
2026-06-25 23:29:56.671 10 INFO neutron.wsgi [None req-60620369-2f3e-4aab-b8a3-c8b1df6cfa00 65a860245d8e429f9d110476a3e461f7 1a03d8c04f0f4ab2828d659c66742c42 - - default default] 10.0.0.89 "PUT /v2.0/routers/4046c666-cecc-43a8-8f2d-3ffbe958436d/add_router_interface HTTP/1.1" status: 200 len: 503 time: 1.6274505
2026-06-25 23:29:56.672 10 WARNING neutron.scheduler.dhcp_agent_scheduler [None req-f98ead5f-9974-4664-9e9d-cdc7d9e949b3 9089057e8b3b45cbba9ee2e7a472e3b0 72744b09b8ba48b8a3e6b17504fc11fd - - default default] No more DHCP agents
2026-06-25 23:29:56.674 10 WARNING neutron.api.rpc.agentnotifiers.dhcp_rpc_agent_api [None req-f98ead5f-9974-4664-9e9d-cdc7d9e949b3 9089057e8b3b45cbba9ee2e7a472e3b0 72744b09b8ba48b8a3e6b17504fc11fd - - default default] Unable to schedule network bed805db-6605-4806-a48a-a5c3bb089fe9: no agents available; will retry on subsequent port and subnet creation events. /var/lib/openstack/lib/python3.10/site-packages/pycadf/identifier.py:71: UserWarning: Invalid uuid: neutron. To ensure interoperability, identifiers should be a valid uuid. warnings.warn(('Invalid uuid: %s. To ensure interoperability, '
2026-06-25 23:29:56.712 9 INFO neutron.wsgi [None req-c66bcf8c-5639-4ea7-9884-7a39ef2773f4 65a860245d8e429f9d110476a3e461f7 1a03d8c04f0f4ab2828d659c66742c42 - - default default] 10.0.0.89 "GET /v2.0/ports/3dd76bc6-f573-4c40-add3-e44238939ffa HTTP/1.1" status: 200 len: 1216 time: 0.0350325
2026-06-25 23:29:57.110 10 INFO neutron.db.ovn_revision_numbers_db [None req-f98ead5f-9974-4664-9e9d-cdc7d9e949b3 9089057e8b3b45cbba9ee2e7a472e3b0 72744b09b8ba48b8a3e6b17504fc11fd - - default default] Successfully bumped revision number for resource 0159fd8c-1fdd-461d-96d6-81da4650710d (type: ports) to 2
2026-06-25 23:29:57.149 10 INFO neutron.db.ovn_revision_numbers_db [None req-f98ead5f-9974-4664-9e9d-cdc7d9e949b3 9089057e8b3b45cbba9ee2e7a472e3b0 72744b09b8ba48b8a3e6b17504fc11fd - - default default] Successfully bumped revision number for resource 0023e111-80f4-47b6-805f-8c338f28dd80 (type: subnets) to 0
2026-06-25 23:29:57.164 10 INFO neutron.wsgi [None req-f98ead5f-9974-4664-9e9d-cdc7d9e949b3 9089057e8b3b45cbba9ee2e7a472e3b0 72744b09b8ba48b8a3e6b17504fc11fd - - default default] 10.0.0.89 "POST /v2.0/subnets HTTP/1.1" status: 201 len: 865 time: 0.6906044
2026-06-25 23:29:57.535 9 INFO neutron.wsgi [None req-a8db0bb9-a931-4242-8d89-03fada1c54f5 65a860245d8e429f9d110476a3e461f7 1a03d8c04f0f4ab2828d659c66742c42 - - default default] 10.0.0.89 "PUT /v2.0/routers/4046c666-cecc-43a8-8f2d-3ffbe958436d/remove_router_interface HTTP/1.1" status: 200 len: 503 time: 0.8189330 /var/lib/openstack/lib/python3.10/site-packages/pycadf/identifier.py:71: UserWarning: Invalid uuid: neutron. To ensure interoperability, identifiers should be a valid uuid. warnings.warn(('Invalid uuid: %s. To ensure interoperability, '
2026-06-25 23:29:57.608 9 INFO neutron.api.v2.resource [None req-9e2a129f-412c-406e-a984-e0e3673f854d 65a860245d8e429f9d110476a3e461f7 1a03d8c04f0f4ab2828d659c66742c42 - - default default] remove_router_interface failed (client error): The resource could not be found.
2026-06-25 23:29:57.609 9 INFO neutron.wsgi [None req-9e2a129f-412c-406e-a984-e0e3673f854d 65a860245d8e429f9d110476a3e461f7 1a03d8c04f0f4ab2828d659c66742c42 - - default default] 10.0.0.89 "PUT /v2.0/routers/4046c666-cecc-43a8-8f2d-3ffbe958436d/remove_router_interface HTTP/1.1" status: 404 len: 398 time: 0.0693550
2026-06-25 23:29:57.642 9 INFO neutron.wsgi [None req-6329bbf0-71d4-4a1d-82cd-d2d7516c3a9a 65a860245d8e429f9d110476a3e461f7 1a03d8c04f0f4ab2828d659c66742c42 - - default default] 10.0.0.89 "GET /v2.0/ports?device_id=4046c666-cecc-43a8-8f2d-3ffbe958436d HTTP/1.1" status: 200 len: 205 time: 0.0261214
2026-06-25 23:29:57.721 9 INFO neutron.db.ovn_revision_numbers_db [None req-8c5bf12c-8f3b-427d-b9c1-bf7ea129d112 9089057e8b3b45cbba9ee2e7a472e3b0 72744b09b8ba48b8a3e6b17504fc11fd - - default default] Successfully bumped revision number for resource 8113dbf1-674d-43b4-b3ed-05b62b2e1e4b (type: security_groups) to 1
2026-06-25 23:29:57.734 9 INFO neutron.db.ovn_revision_numbers_db [None req-8c5bf12c-8f3b-427d-b9c1-bf7ea129d112 9089057e8b3b45cbba9ee2e7a472e3b0 72744b09b8ba48b8a3e6b17504fc11fd - - default default] Successfully bumped revision number for resource 0979f3dd-529a-4f0b-978d-de9c1288c6cd (type: security_group_rules) to 0
2026-06-25 23:29:57.749 9 INFO neutron.db.ovn_revision_numbers_db [None req-8c5bf12c-8f3b-427d-b9c1-bf7ea129d112 9089057e8b3b45cbba9ee2e7a472e3b0 72744b09b8ba48b8a3e6b17504fc11fd - - default default] Successfully bumped revision number for resource 55786e68-b3d7-4baf-b74d-07bc3ab3db2e (type: security_group_rules) to 0
2026-06-25 23:29:57.763 9 INFO neutron.db.ovn_revision_numbers_db [None req-8c5bf12c-8f3b-427d-b9c1-bf7ea129d112 9089057e8b3b45cbba9ee2e7a472e3b0 72744b09b8ba48b8a3e6b17504fc11fd - - default default] Successfully bumped revision number for resource 5b2ef74b-4908-4850-86a4-da85d2fc22b6 (type: security_group_rules) to 0
2026-06-25 23:29:57.777 9 INFO neutron.db.ovn_revision_numbers_db [None req-8c5bf12c-8f3b-427d-b9c1-bf7ea129d112 9089057e8b3b45cbba9ee2e7a472e3b0 72744b09b8ba48b8a3e6b17504fc11fd - - default default] Successfully bumped revision number for resource 5e4fa26d-598d-40fa-8087-5fa40f1ec751 (type: security_group_rules) to 0
2026-06-25 23:29:57.800 9 INFO neutron.wsgi [None req-8c5bf12c-8f3b-427d-b9c1-bf7ea129d112 9089057e8b3b45cbba9ee2e7a472e3b0 72744b09b8ba48b8a3e6b17504fc11fd - - default default] 10.0.0.89 "GET /v2.0/security-groups?tenant_id=556cd81f25584e6e98cc7bc690013d24&name=default HTTP/1.1" status: 200 len: 2996 time: 0.3846309
2026-06-25 23:29:57.945 10 INFO neutron.wsgi [None req-5d3ec07e-63f4-401d-bad2-889a57089f9d 65a860245d8e429f9d110476a3e461f7 1a03d8c04f0f4ab2828d659c66742c42 - - default default] 10.0.0.89 "DELETE /v2.0/routers/4046c666-cecc-43a8-8f2d-3ffbe958436d HTTP/1.1" status: 204 len: 168 time: 0.2949047
2026-06-25 23:29:57.950 10 WARNING neutron.scheduler.dhcp_agent_scheduler [None req-8c1e64e2-b1b0-4b6b-b06a-72d2f70b77c7 9089057e8b3b45cbba9ee2e7a472e3b0 72744b09b8ba48b8a3e6b17504fc11fd - - default default] No more DHCP agents
2026-06-25 23:29:57.955 10 WARNING neutron.api.rpc.agentnotifiers.dhcp_rpc_agent_api [None req-8c1e64e2-b1b0-4b6b-b06a-72d2f70b77c7 9089057e8b3b45cbba9ee2e7a472e3b0 72744b09b8ba48b8a3e6b17504fc11fd - - default default] Unable to schedule network a6b061e7-ef29-4b14-9ccc-96c438219742: no agents available; will retry on subsequent port and subnet creation events.
2026-06-25 23:29:57.989 9 INFO neutron.wsgi [None req-be2d3780-ef19-4bed-a972-dc51c0b88f25 9089057e8b3b45cbba9ee2e7a472e3b0 72744b09b8ba48b8a3e6b17504fc11fd - - default default] 10.0.0.89 "DELETE /v2.0/security-groups/8113dbf1-674d-43b4-b3ed-05b62b2e1e4b HTTP/1.1" status: 204 len: 168 time: 0.1851351
2026-06-25 23:29:58.382 10 INFO neutron.db.ovn_revision_numbers_db [None req-8c1e64e2-b1b0-4b6b-b06a-72d2f70b77c7 9089057e8b3b45cbba9ee2e7a472e3b0 72744b09b8ba48b8a3e6b17504fc11fd - - default default] Successfully bumped revision number for resource 65668778-d363-4204-b7ab-8a812a6fb279 (type: ports) to 1
2026-06-25 23:29:58.400 10 INFO neutron.wsgi [None req-a7bf1921-2938-4fe8-ab60-e813005df0c1 65a860245d8e429f9d110476a3e461f7 1a03d8c04f0f4ab2828d659c66742c42 - - default default] 10.0.0.89 "DELETE /v2.0/subnets/99e3e2da-a9c4-4dda-89ff-c2f0b7417955 HTTP/1.1" status: 204 len: 168 time: 0.4479117
2026-06-25 23:29:58.719 9 INFO neutron.services.segments.plugin [-] Segment 85f40a4a-04ae-4920-a201-cfec175c017b resource provider aggregate not found
2026-06-25 23:29:58.723 9 INFO neutron.services.segments.plugin [-] Segment 85f40a4a-04ae-4920-a201-cfec175c017b resource provider aggregate not found
2026-06-25 23:29:58.737 9 INFO neutron.services.segments.plugin [-] Segment 85f40a4a-04ae-4920-a201-cfec175c017b resource provider not found; error: Placement Client Error (4xx): {"errors": [{"status": 404, "title": "Not Found", "detail": "The resource could not be found.\n\n No resource provider with uuid 85f40a4a-04ae-4920-a201-cfec175c017b found for delete ", "request_id": "req-eefd5133-3030-40cf-a807-fc5b09a9f6b7"}]}
2026-06-25 23:29:58.739 9 INFO neutron.services.segments.plugin [-] Segment 85f40a4a-04ae-4920-a201-cfec175c017b resource provider not found; error: Placement Client Error (4xx): {"errors": [{"status": 404, "title": "Not Found", "detail": "The resource could not be found.\n\n No resource provider with uuid 85f40a4a-04ae-4920-a201-cfec175c017b found for delete ", "request_id": "req-46574ada-82fd-4045-9e63-0866ae6e590e"}]}
2026-06-25 23:29:58.764 9 INFO neutron.wsgi [None req-330b971d-865b-4b46-a94e-d528aa234da0 65a860245d8e429f9d110476a3e461f7 1a03d8c04f0f4ab2828d659c66742c42 - - default default] 10.0.0.89 "DELETE /v2.0/networks/776a1855-18cc-41c1-b143-e98ec69b2d66 HTTP/1.1" status: 204 len: 168 time: 0.3510580
2026-06-25 23:29:58.776 10 WARNING neutron_lib.context [None req-e556450e-0d4b-49af-a17c-e19426cc83e3 65a860245d8e429f9d110476a3e461f7 1a03d8c04f0f4ab2828d659c66742c42 - - default default] Method 'is_advsvc' is deprecated since 2023.2 release (neutron-lib 3.8.0) and will be removed once support for the old RBAC API policies will be removed from Neutron. Please use method 'is_service_role' instead.
2026-06-25 23:29:58.890 10 INFO neutron.db.segments_db [None req-e556450e-0d4b-49af-a17c-e19426cc83e3 65a860245d8e429f9d110476a3e461f7 1a03d8c04f0f4ab2828d659c66742c42 - - default default] Added segment 54f87a7e-ea8c-4d2d-bc03-7a2fbc7a412d of type geneve for network a0a2ba1b-063d-4416-ab90-34bbaf9edf14
2026-06-25 23:29:59.066 10 INFO neutron.plugins.ml2.drivers.ovn.mech_driver.mech_driver [None req-80ac8514-3889-44ae-b8d3-40148fbfc6ac - - - - - -] OVN reports status up for port: 65668778-d363-4204-b7ab-8a812a6fb279
2026-06-25 23:29:59.098 10 INFO neutron.plugins.ml2.drivers.ovn.mech_driver.ovsdb.ovsdb_monitor [None req-507928d0-5282-4fee-ad1f-6d5ed5453567 - - - - - -] Router 5746bfd8-80b8-4053-b25e-7acea015bb6e is bound to host instance
2026-06-25 23:29:59.104 10 INFO neutron.plugins.ml2.plugin [None req-80ac8514-3889-44ae-b8d3-40148fbfc6ac - - - - - -] Attempt 1 to provision port 65668778-d363-4204-b7ab-8a812a6fb279
2026-06-25 23:29:59.132 10 INFO neutron.db.ovn_revision_numbers_db [None req-e556450e-0d4b-49af-a17c-e19426cc83e3 65a860245d8e429f9d110476a3e461f7 1a03d8c04f0f4ab2828d659c66742c42 - - default default] Successfully bumped revision number for resource a0a2ba1b-063d-4416-ab90-34bbaf9edf14 (type: networks) to 1
2026-06-25 23:29:59.147 10 INFO neutron.db.ovn_revision_numbers_db [None req-8c1e64e2-b1b0-4b6b-b06a-72d2f70b77c7 9089057e8b3b45cbba9ee2e7a472e3b0 72744b09b8ba48b8a3e6b17504fc11fd - - default default] Successfully bumped revision number for resource 65668778-d363-4204-b7ab-8a812a6fb279 (type: router_ports) to 1
2026-06-25 23:29:59.301 10 INFO neutron.db.ovn_revision_numbers_db [None req-8c1e64e2-b1b0-4b6b-b06a-72d2f70b77c7 9089057e8b3b45cbba9ee2e7a472e3b0 72744b09b8ba48b8a3e6b17504fc11fd - - default default] Successfully bumped revision number for resource 5746bfd8-80b8-4053-b25e-7acea015bb6e (type: routers) to 2
2026-06-25 23:29:59.336 10 INFO neutron.wsgi [None req-8c1e64e2-b1b0-4b6b-b06a-72d2f70b77c7 9089057e8b3b45cbba9ee2e7a472e3b0 72744b09b8ba48b8a3e6b17504fc11fd - - default default] 10.0.0.89 "POST /v2.0/routers HTTP/1.1" status: 201 len: 876 time: 2.1659305
2026-06-25 23:29:59.423 10 WARNING neutron.scheduler.dhcp_agent_scheduler [None req-e556450e-0d4b-49af-a17c-e19426cc83e3 65a860245d8e429f9d110476a3e461f7 1a03d8c04f0f4ab2828d659c66742c42 - - default default] No more DHCP agents
2026-06-25 23:29:59.424 10 WARNING neutron.api.rpc.agentnotifiers.dhcp_rpc_agent_api [None req-e556450e-0d4b-49af-a17c-e19426cc83e3 65a860245d8e429f9d110476a3e461f7 1a03d8c04f0f4ab2828d659c66742c42 - - default default] Unable to schedule network a0a2ba1b-063d-4416-ab90-34bbaf9edf14: no agents available; will retry on subsequent port and subnet creation events.
2026-06-25 23:29:59.583 10 INFO neutron.db.ovn_revision_numbers_db [None req-e556450e-0d4b-49af-a17c-e19426cc83e3 65a860245d8e429f9d110476a3e461f7 1a03d8c04f0f4ab2828d659c66742c42 - - default default] Successfully bumped revision number for resource 8ced466c-2c92-4182-806c-57f9322e9986 (type: ports) to 1
2026-06-25 23:29:59.605 10 INFO neutron.wsgi [None req-e556450e-0d4b-49af-a17c-e19426cc83e3 65a860245d8e429f9d110476a3e461f7 1a03d8c04f0f4ab2828d659c66742c42 - - default default] 10.0.0.89 "POST /v2.0/networks HTTP/1.1" status: 201 len: 833 time: 0.8347728
2026-06-25 23:29:59.617 9 WARNING neutron_lib.context [None req-f9756823-d363-4dea-b1f0-de5901bdba35 65a860245d8e429f9d110476a3e461f7 1a03d8c04f0f4ab2828d659c66742c42 - - default default] Method 'is_advsvc' is deprecated since 2023.2 release (neutron-lib 3.8.0) and will be removed once support for the old RBAC API policies will be removed from Neutron. Please use method 'is_service_role' instead.
2026-06-25 23:29:59.756 10 INFO neutron.db.ovn_revision_numbers_db [None req-507928d0-5282-4fee-ad1f-6d5ed5453567 - - - - - -] Successfully bumped revision number for resource 65668778-d363-4204-b7ab-8a812a6fb279 (type: ports) to 1
2026-06-25 23:29:59.899 10 WARNING neutron_lib.context [None req-f453cdae-2336-44a6-88c6-2c010487b05d 4376c8cb9f314a0b94c15ea55b8c8557 c13d732212464806bc9eea28a221ef7d - - default default] Method 'is_advsvc' is deprecated since 2023.2 release (neutron-lib 3.8.0) and will be removed once support for the old RBAC API policies will be removed from Neutron. Please use method 'is_service_role' instead.
