2026-06-25 23:29:05.693 10 INFO neutron.db.ovn_revision_numbers_db [None req-a3c3c788-dea0-4fe6-82c3-ba03ceb53b35 9089057e8b3b45cbba9ee2e7a472e3b0 72744b09b8ba48b8a3e6b17504fc11fd - - default default] Successfully bumped revision number for resource 9dca7d1c-fab5-444f-a3f1-b2c9dd57ecff (type: security_group_rules) to 0
2026-06-25 23:29:05.713 10 INFO neutron.wsgi [None req-a3c3c788-dea0-4fe6-82c3-ba03ceb53b35 9089057e8b3b45cbba9ee2e7a472e3b0 72744b09b8ba48b8a3e6b17504fc11fd - - default default] 10.0.0.89 "GET /v2.0/security-groups?tenant_id=c3802a9e69b24e3ca886f25c555ca282&name=default HTTP/1.1" status: 200 len: 2996 time: 0.1742690
2026-06-25 23:29:05.822 9 INFO neutron.db.ovn_revision_numbers_db [None req-d65c9bfb-cedf-4260-87cb-4a990aab0f54 9089057e8b3b45cbba9ee2e7a472e3b0 72744b09b8ba48b8a3e6b17504fc11fd - - default default] Successfully bumped revision number for resource 341e74e8-df9c-45a8-afe3-f88b23d22026 (type: security_groups) to 1
2026-06-25 23:29:05.841 9 INFO neutron.db.ovn_revision_numbers_db [None req-d65c9bfb-cedf-4260-87cb-4a990aab0f54 9089057e8b3b45cbba9ee2e7a472e3b0 72744b09b8ba48b8a3e6b17504fc11fd - - default default] Successfully bumped revision number for resource 194d4438-a423-4528-9fcc-822c840918eb (type: security_group_rules) to 0
2026-06-25 23:29:05.857 9 INFO neutron.db.ovn_revision_numbers_db [None req-d65c9bfb-cedf-4260-87cb-4a990aab0f54 9089057e8b3b45cbba9ee2e7a472e3b0 72744b09b8ba48b8a3e6b17504fc11fd - - default default] Successfully bumped revision number for resource 3a07ebcd-68d7-4bd5-adba-411163b5b3df (type: security_group_rules) to 0
2026-06-25 23:29:05.868 9 INFO neutron.wsgi [None req-7096b233-ace5-4954-869a-8a6098be9e5d e685bc23c46b438ca3aedafd3028feb9 82420ca9c28b459db796c869ee68faaf - - default default] 10.0.0.89 "DELETE /v2.0/floatingips/66b82d62-461e-4cd4-af50-cf6727f018bd HTTP/1.1" status: 204 len: 168 time: 0.4764462
2026-06-25 23:29:05.873 10 INFO neutron.wsgi [None req-323a9f4c-b39d-4e9b-9220-c69a9a7b9324 9089057e8b3b45cbba9ee2e7a472e3b0 72744b09b8ba48b8a3e6b17504fc11fd - - default default] 10.0.0.89 "DELETE /v2.0/security-groups/9baf8bc1-40a7-44c3-b11b-f3a2a34cab65 HTTP/1.1" status: 204 len: 168 time: 0.1555579
2026-06-25 23:29:05.877 9 INFO neutron.db.ovn_revision_numbers_db [None req-d65c9bfb-cedf-4260-87cb-4a990aab0f54 9089057e8b3b45cbba9ee2e7a472e3b0 72744b09b8ba48b8a3e6b17504fc11fd - - default default] Successfully bumped revision number for resource 60f4c080-f3a5-4cb1-9ab8-dc09260e20ec (type: security_group_rules) to 0
2026-06-25 23:29:05.907 9 INFO neutron.db.ovn_revision_numbers_db [None req-d65c9bfb-cedf-4260-87cb-4a990aab0f54 9089057e8b3b45cbba9ee2e7a472e3b0 72744b09b8ba48b8a3e6b17504fc11fd - - default default] Successfully bumped revision number for resource a172f82b-554b-498a-95e3-d375cb785051 (type: security_group_rules) to 0
2026-06-25 23:29:05.931 9 INFO neutron.wsgi [None req-d65c9bfb-cedf-4260-87cb-4a990aab0f54 9089057e8b3b45cbba9ee2e7a472e3b0 72744b09b8ba48b8a3e6b17504fc11fd - - default default] 10.0.0.89 "GET /v2.0/security-groups?tenant_id=624917c6bdfb4372854bed0d687adc00&name=default HTTP/1.1" status: 200 len: 2996 time: 0.4849377
2026-06-25 23:29:06.156 10 INFO neutron.wsgi [None req-c58995ff-c181-4f28-929b-1a405113c056 9089057e8b3b45cbba9ee2e7a472e3b0 72744b09b8ba48b8a3e6b17504fc11fd - - default default] 10.0.0.89 "DELETE /v2.0/security-groups/341e74e8-df9c-45a8-afe3-f88b23d22026 HTTP/1.1" status: 204 len: 168 time: 0.2189090
2026-06-25 23:29:06.395 10 INFO neutron.db.ovn_revision_numbers_db [None req-5b84055c-3fe2-4f21-ab7d-bc2db151292e 9089057e8b3b45cbba9ee2e7a472e3b0 72744b09b8ba48b8a3e6b17504fc11fd - - default default] Successfully bumped revision number for resource 5cd4a0d8-dfc5-4d26-9c7b-b48f3690777c (type: security_groups) to 1
2026-06-25 23:29:06.406 10 INFO neutron.db.ovn_revision_numbers_db [None req-5b84055c-3fe2-4f21-ab7d-bc2db151292e 9089057e8b3b45cbba9ee2e7a472e3b0 72744b09b8ba48b8a3e6b17504fc11fd - - default default] Successfully bumped revision number for resource 0cbadb7c-c222-4374-aeb0-74ce1424b7fb (type: security_group_rules) to 0
2026-06-25 23:29:06.425 10 INFO neutron.db.ovn_revision_numbers_db [None req-5b84055c-3fe2-4f21-ab7d-bc2db151292e 9089057e8b3b45cbba9ee2e7a472e3b0 72744b09b8ba48b8a3e6b17504fc11fd - - default default] Successfully bumped revision number for resource 6193b1be-4dfc-45f1-9b57-e637b4a3568a (type: security_group_rules) to 0
2026-06-25 23:29:06.442 10 INFO neutron.db.ovn_revision_numbers_db [None req-5b84055c-3fe2-4f21-ab7d-bc2db151292e 9089057e8b3b45cbba9ee2e7a472e3b0 72744b09b8ba48b8a3e6b17504fc11fd - - default default] Successfully bumped revision number for resource d58643ec-6bbc-4e99-8ceb-4ae0fb0b8815 (type: security_group_rules) to 0
2026-06-25 23:29:06.458 10 INFO neutron.db.ovn_revision_numbers_db [None req-5b84055c-3fe2-4f21-ab7d-bc2db151292e 9089057e8b3b45cbba9ee2e7a472e3b0 72744b09b8ba48b8a3e6b17504fc11fd - - default default] Successfully bumped revision number for resource f6cc2a48-6cbd-465d-8f96-2bbce4db84d4 (type: security_group_rules) to 0
2026-06-25 23:29:06.479 10 INFO neutron.wsgi [None req-5b84055c-3fe2-4f21-ab7d-bc2db151292e 9089057e8b3b45cbba9ee2e7a472e3b0 72744b09b8ba48b8a3e6b17504fc11fd - - default default] 10.0.0.89 "GET /v2.0/security-groups?tenant_id=b32abf4376114f3697fc14b89c98ba4b&name=default HTTP/1.1" status: 200 len: 2996 time: 0.1780438
2026-06-25 23:29:06.703 10 INFO neutron.wsgi [None req-73e8759c-bcf7-4c75-b663-1c69928b4fb4 9089057e8b3b45cbba9ee2e7a472e3b0 72744b09b8ba48b8a3e6b17504fc11fd - - default default] 10.0.0.89 "DELETE /v2.0/security-groups/5cd4a0d8-dfc5-4d26-9c7b-b48f3690777c HTTP/1.1" status: 204 len: 168 time: 0.2187197
2026-06-25 23:29:06.974 9 INFO neutron.wsgi [None req-71a55f3c-651d-4f05-8053-fa8d4c8af077 9089057e8b3b45cbba9ee2e7a472e3b0 72744b09b8ba48b8a3e6b17504fc11fd - - default default] 10.0.0.89 "PUT /v2.0/routers/fbcde2ef-a7a5-4384-a06f-f346864e57f2/remove_router_interface HTTP/1.1" status: 200 len: 503 time: 1.1019557 /var/lib/openstack/lib/python3.10/site-packages/pycadf/identifier.py:71: UserWarning: Invalid uuid: neutron. To ensure interoperability, identifiers should be a valid uuid. warnings.warn(('Invalid uuid: %s. To ensure interoperability, '
2026-06-25 23:29:07.915 9 INFO neutron.wsgi [None req-751bf739-bb6a-4e91-8f5a-6fd6175f4ecc 9089057e8b3b45cbba9ee2e7a472e3b0 72744b09b8ba48b8a3e6b17504fc11fd - - default default] 10.0.0.89 "DELETE /v2.0/routers/fbcde2ef-a7a5-4384-a06f-f346864e57f2 HTTP/1.1" status: 204 len: 168 time: 0.9366605
2026-06-25 23:29:08.119 9 INFO neutron.wsgi [None req-cb752cd6-076f-4584-ae24-8d832ad76db1 9089057e8b3b45cbba9ee2e7a472e3b0 72744b09b8ba48b8a3e6b17504fc11fd - - default default] 10.0.0.89 "DELETE /v2.0/subnets/fdf21602-a807-4b9e-b39b-3b19b2d9b09e HTTP/1.1" status: 204 len: 168 time: 0.1975586
2026-06-25 23:29:08.421 9 INFO neutron.services.segments.plugin [-] Segment 6c0bc8b1-6d1a-42e6-b93e-2fd4a1e0e2f9 resource provider aggregate not found
2026-06-25 23:29:08.430 9 INFO neutron.services.segments.plugin [-] Segment 6c0bc8b1-6d1a-42e6-b93e-2fd4a1e0e2f9 resource provider aggregate not found
2026-06-25 23:29:08.434 9 INFO neutron.services.segments.plugin [-] Segment 6c0bc8b1-6d1a-42e6-b93e-2fd4a1e0e2f9 resource provider not found; error: Placement Client Error (4xx): {"errors": [{"status": 404, "title": "Not Found", "detail": "The resource could not be found.\n\n No resource provider with uuid 6c0bc8b1-6d1a-42e6-b93e-2fd4a1e0e2f9 found for delete ", "request_id": "req-4e181f5f-20c1-4d75-a947-a4eaa5df6aa2"}]}
2026-06-25 23:29:08.445 9 INFO neutron.services.segments.plugin [-] Segment 6c0bc8b1-6d1a-42e6-b93e-2fd4a1e0e2f9 resource provider not found; error: Placement Client Error (4xx): {"errors": [{"status": 404, "title": "Not Found", "detail": "The resource could not be found.\n\n No resource provider with uuid 6c0bc8b1-6d1a-42e6-b93e-2fd4a1e0e2f9 found for delete ", "request_id": "req-0a0f1834-163a-44f8-93d7-5e2572f5dcf9"}]}
2026-06-25 23:29:08.462 9 INFO neutron.wsgi [None req-3cef6f10-f8e2-45b2-a789-e5240292452a 9089057e8b3b45cbba9ee2e7a472e3b0 72744b09b8ba48b8a3e6b17504fc11fd - - default default] 10.0.0.89 "DELETE /v2.0/networks/a221dd0e-73d7-4633-bc1a-1b6e782f7c9c HTTP/1.1" status: 204 len: 168 time: 0.3368325
2026-06-25 23:29:08.665 10 INFO neutron.wsgi [None req-066d30f4-5962-40d5-ab66-8ba732ab0e08 9089057e8b3b45cbba9ee2e7a472e3b0 72744b09b8ba48b8a3e6b17504fc11fd - - default default] 10.0.0.89 "GET /v2.0/security-groups?tenant_id=82420ca9c28b459db796c869ee68faaf&name=default HTTP/1.1" status: 200 len: 2992 time: 0.0280457
2026-06-25 23:29:08.846 10 INFO neutron.wsgi [None req-d155c313-a1c3-4eef-947d-94a9f06b8249 9089057e8b3b45cbba9ee2e7a472e3b0 72744b09b8ba48b8a3e6b17504fc11fd - - default default] 10.0.0.89 "DELETE /v2.0/security-groups/44ed4af6-0081-4832-9f6f-aa23a1e3f4c1 HTTP/1.1" status: 204 len: 168 time: 0.1763806
2026-06-25 23:29:10.130 10 INFO neutron.db.ovn_revision_numbers_db [None req-198c0e89-431b-4b3e-9c3a-1981ec72eaa1 9089057e8b3b45cbba9ee2e7a472e3b0 72744b09b8ba48b8a3e6b17504fc11fd - - default default] Successfully bumped revision number for resource 70cb7050-dbff-4e9d-a481-87927d9e8888 (type: security_groups) to 1
2026-06-25 23:29:10.151 10 INFO neutron.db.ovn_revision_numbers_db [None req-198c0e89-431b-4b3e-9c3a-1981ec72eaa1 9089057e8b3b45cbba9ee2e7a472e3b0 72744b09b8ba48b8a3e6b17504fc11fd - - default default] Successfully bumped revision number for resource 4c08731f-9a6e-42bf-8f89-79278f01c363 (type: security_group_rules) to 0
2026-06-25 23:29:10.167 10 INFO neutron.db.ovn_revision_numbers_db [None req-198c0e89-431b-4b3e-9c3a-1981ec72eaa1 9089057e8b3b45cbba9ee2e7a472e3b0 72744b09b8ba48b8a3e6b17504fc11fd - - default default] Successfully bumped revision number for resource 519d356f-5647-4a3f-accd-a7a2151bb6d0 (type: security_group_rules) to 0
2026-06-25 23:29:10.183 10 INFO neutron.db.ovn_revision_numbers_db [None req-198c0e89-431b-4b3e-9c3a-1981ec72eaa1 9089057e8b3b45cbba9ee2e7a472e3b0 72744b09b8ba48b8a3e6b17504fc11fd - - default default] Successfully bumped revision number for resource 8f802ca8-16eb-4ab1-8b44-7fdce1709472 (type: security_group_rules) to 0
2026-06-25 23:29:10.198 10 INFO neutron.db.ovn_revision_numbers_db [None req-198c0e89-431b-4b3e-9c3a-1981ec72eaa1 9089057e8b3b45cbba9ee2e7a472e3b0 72744b09b8ba48b8a3e6b17504fc11fd - - default default] Successfully bumped revision number for resource cb803b33-a917-43df-9eb6-900f2bb3bf31 (type: security_group_rules) to 0
2026-06-25 23:29:10.231 10 INFO neutron.wsgi [None req-198c0e89-431b-4b3e-9c3a-1981ec72eaa1 9089057e8b3b45cbba9ee2e7a472e3b0 72744b09b8ba48b8a3e6b17504fc11fd - - default default] 10.0.0.89 "GET /v2.0/security-groups?tenant_id=31c65baf16124d8db775b1fd399fe880&name=default HTTP/1.1" status: 200 len: 2996 time: 0.3607125
2026-06-25 23:29:10.379 9 INFO neutron.wsgi [-] 10.0.0.131 "GET / HTTP/1.1" status: 200 len: 247 time: 0.0026603
2026-06-25 23:29:10.382 9 INFO neutron.wsgi [-] 10.0.0.131 "GET / HTTP/1.1" status: 200 len: 247 time: 0.0013826
2026-06-25 23:29:10.465 10 INFO neutron.wsgi [None req-d1987df3-0ee9-4ff2-859c-fa149367188f 9089057e8b3b45cbba9ee2e7a472e3b0 72744b09b8ba48b8a3e6b17504fc11fd - - default default] 10.0.0.89 "DELETE /v2.0/security-groups/70cb7050-dbff-4e9d-a481-87927d9e8888 HTTP/1.1" status: 204 len: 168 time: 0.2306249
2026-06-25 23:29:10.780 9 INFO neutron.db.ovn_revision_numbers_db [None req-cbd8d1eb-b1d1-4877-9e50-06bb57767718 9089057e8b3b45cbba9ee2e7a472e3b0 72744b09b8ba48b8a3e6b17504fc11fd - - default default] Successfully bumped revision number for resource 0a58fee6-24e7-4e50-9a34-65096242404f (type: security_groups) to 1
2026-06-25 23:29:10.816 9 INFO neutron.db.ovn_revision_numbers_db [None req-cbd8d1eb-b1d1-4877-9e50-06bb57767718 9089057e8b3b45cbba9ee2e7a472e3b0 72744b09b8ba48b8a3e6b17504fc11fd - - default default] Successfully bumped revision number for resource 1744a25e-be54-4d33-ad66-53aff02c0bd0 (type: security_group_rules) to 0
2026-06-25 23:29:10.834 9 INFO neutron.db.ovn_revision_numbers_db [None req-cbd8d1eb-b1d1-4877-9e50-06bb57767718 9089057e8b3b45cbba9ee2e7a472e3b0 72744b09b8ba48b8a3e6b17504fc11fd - - default default] Successfully bumped revision number for resource 30914bf1-7504-473b-9ff4-d6a3e74188d4 (type: security_group_rules) to 0
2026-06-25 23:29:10.861 9 INFO neutron.db.ovn_revision_numbers_db [None req-cbd8d1eb-b1d1-4877-9e50-06bb57767718 9089057e8b3b45cbba9ee2e7a472e3b0 72744b09b8ba48b8a3e6b17504fc11fd - - default default] Successfully bumped revision number for resource 855faf74-07f2-4366-80a9-7d62604233b5 (type: security_group_rules) to 0
2026-06-25 23:29:10.878 9 INFO neutron.db.ovn_revision_numbers_db [None req-cbd8d1eb-b1d1-4877-9e50-06bb57767718 9089057e8b3b45cbba9ee2e7a472e3b0 72744b09b8ba48b8a3e6b17504fc11fd - - default default] Successfully bumped revision number for resource f2fed8a6-777a-4834-bbc2-00fb8fe20744 (type: security_group_rules) to 0
2026-06-25 23:29:10.903 9 INFO neutron.wsgi [None req-cbd8d1eb-b1d1-4877-9e50-06bb57767718 9089057e8b3b45cbba9ee2e7a472e3b0 72744b09b8ba48b8a3e6b17504fc11fd - - default default] 10.0.0.89 "GET /v2.0/security-groups?tenant_id=63e5b4a9b4684099bcb73f4ab3318a57&name=default HTTP/1.1" status: 200 len: 2996 time: 0.2459831
2026-06-25 23:29:10.938 9 INFO neutron.db.ovn_revision_numbers_db [None req-18a03ae6-65bc-4c42-82e3-27cfdf6ba044 9089057e8b3b45cbba9ee2e7a472e3b0 72744b09b8ba48b8a3e6b17504fc11fd - - default default] Successfully bumped revision number for resource 07fc1d1a-4e52-4332-83d2-c635ef8df0e9 (type: security_groups) to 1
2026-06-25 23:29:10.952 9 INFO neutron.db.ovn_revision_numbers_db [None req-18a03ae6-65bc-4c42-82e3-27cfdf6ba044 9089057e8b3b45cbba9ee2e7a472e3b0 72744b09b8ba48b8a3e6b17504fc11fd - - default default] Successfully bumped revision number for resource 7824e2cd-5660-4f74-8b0f-1077eebf6c9c (type: security_group_rules) to 0
2026-06-25 23:29:10.964 9 INFO neutron.db.ovn_revision_numbers_db [None req-18a03ae6-65bc-4c42-82e3-27cfdf6ba044 9089057e8b3b45cbba9ee2e7a472e3b0 72744b09b8ba48b8a3e6b17504fc11fd - - default default] Successfully bumped revision number for resource 8ebfca3f-3a17-4355-ab2c-24400556e090 (type: security_group_rules) to 0
2026-06-25 23:29:10.981 9 INFO neutron.db.ovn_revision_numbers_db [None req-18a03ae6-65bc-4c42-82e3-27cfdf6ba044 9089057e8b3b45cbba9ee2e7a472e3b0 72744b09b8ba48b8a3e6b17504fc11fd - - default default] Successfully bumped revision number for resource b29ff56f-db89-4a9c-93b2-fe8662f73931 (type: security_group_rules) to 0
2026-06-25 23:29:11.004 9 INFO neutron.db.ovn_revision_numbers_db [None req-18a03ae6-65bc-4c42-82e3-27cfdf6ba044 9089057e8b3b45cbba9ee2e7a472e3b0 72744b09b8ba48b8a3e6b17504fc11fd - - default default] Successfully bumped revision number for resource f2c27550-e55d-485a-86c8-c9164d842277 (type: security_group_rules) to 0
2026-06-25 23:29:11.060 9 INFO neutron.db.segments_db [None req-18a03ae6-65bc-4c42-82e3-27cfdf6ba044 9089057e8b3b45cbba9ee2e7a472e3b0 72744b09b8ba48b8a3e6b17504fc11fd - - default default] Added segment d70ba671-9eb0-4c8b-adce-97a53f53eb33 of type geneve for network 5c30fa0c-d311-41fb-b0ce-a8c4247ea21b
2026-06-25 23:29:11.123 10 INFO neutron.wsgi [None req-71ab70c5-6992-4f39-9786-4eaafe646376 9089057e8b3b45cbba9ee2e7a472e3b0 72744b09b8ba48b8a3e6b17504fc11fd - - default default] 10.0.0.89 "DELETE /v2.0/security-groups/0a58fee6-24e7-4e50-9a34-65096242404f HTTP/1.1" status: 204 len: 168 time: 0.2128828
2026-06-25 23:29:11.193 9 INFO neutron.db.ovn_revision_numbers_db [None req-18a03ae6-65bc-4c42-82e3-27cfdf6ba044 9089057e8b3b45cbba9ee2e7a472e3b0 72744b09b8ba48b8a3e6b17504fc11fd - - default default] Successfully bumped revision number for resource 5c30fa0c-d311-41fb-b0ce-a8c4247ea21b (type: networks) to 1
2026-06-25 23:29:11.342 9 WARNING neutron.scheduler.dhcp_agent_scheduler [None req-18a03ae6-65bc-4c42-82e3-27cfdf6ba044 9089057e8b3b45cbba9ee2e7a472e3b0 72744b09b8ba48b8a3e6b17504fc11fd - - default default] No more DHCP agents
2026-06-25 23:29:11.344 9 WARNING neutron.api.rpc.agentnotifiers.dhcp_rpc_agent_api [None req-18a03ae6-65bc-4c42-82e3-27cfdf6ba044 9089057e8b3b45cbba9ee2e7a472e3b0 72744b09b8ba48b8a3e6b17504fc11fd - - default default] Unable to schedule network 5c30fa0c-d311-41fb-b0ce-a8c4247ea21b: no agents available; will retry on subsequent port and subnet creation events.
2026-06-25 23:29:11.420 9 INFO neutron.db.ovn_revision_numbers_db [None req-18a03ae6-65bc-4c42-82e3-27cfdf6ba044 9089057e8b3b45cbba9ee2e7a472e3b0 72744b09b8ba48b8a3e6b17504fc11fd - - default default] Successfully bumped revision number for resource 890535aa-1284-40d6-898c-0c6bfec486f1 (type: ports) to 1
2026-06-25 23:29:11.442 9 INFO neutron.wsgi [None req-18a03ae6-65bc-4c42-82e3-27cfdf6ba044 9089057e8b3b45cbba9ee2e7a472e3b0 72744b09b8ba48b8a3e6b17504fc11fd - - default default] 10.0.0.89 "POST /v2.0/networks HTTP/1.1" status: 201 len: 947 time: 0.8449371
2026-06-25 23:29:11.590 10 WARNING neutron.scheduler.dhcp_agent_scheduler [None req-3127c58a-f200-48fe-82c0-ca8506cdb223 9089057e8b3b45cbba9ee2e7a472e3b0 72744b09b8ba48b8a3e6b17504fc11fd - - default default] No more DHCP agents
2026-06-25 23:29:11.593 10 WARNING neutron.api.rpc.agentnotifiers.dhcp_rpc_agent_api [None req-3127c58a-f200-48fe-82c0-ca8506cdb223 9089057e8b3b45cbba9ee2e7a472e3b0 72744b09b8ba48b8a3e6b17504fc11fd - - default default] Unable to schedule network 5c30fa0c-d311-41fb-b0ce-a8c4247ea21b: no agents available; will retry on subsequent port and subnet creation events.
2026-06-25 23:29:12.277 10 INFO neutron.db.ovn_revision_numbers_db [None req-3127c58a-f200-48fe-82c0-ca8506cdb223 9089057e8b3b45cbba9ee2e7a472e3b0 72744b09b8ba48b8a3e6b17504fc11fd - - default default] Successfully bumped revision number for resource 890535aa-1284-40d6-898c-0c6bfec486f1 (type: ports) to 2
2026-06-25 23:29:12.287 10 INFO neutron.wsgi [req-7d03ab45-4527-4db0-bcef-6821a4c93103 req-36a7c0d6-36d7-4817-8724-6db9898710ce 4305f2eb0a454ae7afbde0d0e0f17c49 a9466336b3fd40b1bbb1e9a2323ae8bb - - 72461810ce124ffeba27c79f004d6667 72461810ce124ffeba27c79f004d6667] 199.204.45.223 "GET /v2.0/ports?device_id=fef0eed3-54fc-4ade-90e4-02cfa0dcbcc8&fields=binding%3Ahost_id&fields=binding%3Avif_type HTTP/1.1" status: 200 len: 265 time: 0.0477688
2026-06-25 23:29:12.315 10 INFO neutron.db.ovn_revision_numbers_db [None req-3127c58a-f200-48fe-82c0-ca8506cdb223 9089057e8b3b45cbba9ee2e7a472e3b0 72744b09b8ba48b8a3e6b17504fc11fd - - default default] Successfully bumped revision number for resource 2371ab30-9815-488a-afe2-f419f722fd02 (type: subnets) to 0
2026-06-25 23:29:12.331 10 INFO neutron.wsgi [None req-3127c58a-f200-48fe-82c0-ca8506cdb223 9089057e8b3b45cbba9ee2e7a472e3b0 72744b09b8ba48b8a3e6b17504fc11fd - - default default] 10.0.0.89 "POST /v2.0/subnets HTTP/1.1" status: 201 len: 867 time: 0.8848171
2026-06-25 23:29:12.366 10 INFO neutron.wsgi [req-7d03ab45-4527-4db0-bcef-6821a4c93103 req-1b4ca586-35ac-40f2-a3f5-f0a8fb7127f1 4305f2eb0a454ae7afbde0d0e0f17c49 a9466336b3fd40b1bbb1e9a2323ae8bb - - 72461810ce124ffeba27c79f004d6667 72461810ce124ffeba27c79f004d6667] 199.204.45.223 "GET /v2.0/ports?tenant_id=d9ad21821c3749f689ffd2db0be72157&device_id=fef0eed3-54fc-4ade-90e4-02cfa0dcbcc8 HTTP/1.1" status: 200 len: 1413 time: 0.0336630
2026-06-25 23:29:12.435 10 INFO neutron.wsgi [req-7d03ab45-4527-4db0-bcef-6821a4c93103 req-7bc431dc-ac98-46b3-bfe6-aa31efb89416 4305f2eb0a454ae7afbde0d0e0f17c49 a9466336b3fd40b1bbb1e9a2323ae8bb - - 72461810ce124ffeba27c79f004d6667 72461810ce124ffeba27c79f004d6667] 199.204.45.223 "GET /v2.0/networks?id=ab7b8a19-35fb-42c1-9545-3bf73190891a HTTP/1.1" status: 200 len: 980 time: 0.0497079
2026-06-25 23:29:12.488 10 INFO neutron.wsgi [req-7d03ab45-4527-4db0-bcef-6821a4c93103 req-81bc498e-e690-482e-8d40-dcfb5d5d9e0e 4305f2eb0a454ae7afbde0d0e0f17c49 a9466336b3fd40b1bbb1e9a2323ae8bb - - 72461810ce124ffeba27c79f004d6667 72461810ce124ffeba27c79f004d6667] 199.204.45.223 "GET /v2.0/floatingips?fixed_ip_address=10.100.0.10&port_id=b13bccba-5e8d-4dfa-a4d4-5cb94ea45db0 HTTP/1.1" status: 200 len: 1060 time: 0.0461786
2026-06-25 23:29:12.521 10 INFO neutron.wsgi [req-7d03ab45-4527-4db0-bcef-6821a4c93103 req-917d55b1-af29-47a7-b9ab-f8771a2d2efc 4305f2eb0a454ae7afbde0d0e0f17c49 a9466336b3fd40b1bbb1e9a2323ae8bb - - 72461810ce124ffeba27c79f004d6667 72461810ce124ffeba27c79f004d6667] 199.204.45.223 "GET /v2.0/subnets?id=7572e887-c8d1-4ca3-a287-43047b3643a7 HTTP/1.1" status: 200 len: 876 time: 0.0260246
2026-06-25 23:29:12.541 10 INFO neutron.wsgi [req-7d03ab45-4527-4db0-bcef-6821a4c93103 req-723c7360-3cd1-437c-8367-58af83fe79ff 4305f2eb0a454ae7afbde0d0e0f17c49 a9466336b3fd40b1bbb1e9a2323ae8bb - - 72461810ce124ffeba27c79f004d6667 72461810ce124ffeba27c79f004d6667] 199.204.45.223 "GET /v2.0/ports?network_id=ab7b8a19-35fb-42c1-9545-3bf73190891a&device_owner=network%3Adhcp HTTP/1.1" status: 200 len: 210 time: 0.0150876
2026-06-25 23:29:12.592 10 INFO neutron.wsgi [req-7d03ab45-4527-4db0-bcef-6821a4c93103 req-a013dadc-a685-478f-a20b-d15a88a2e409 4305f2eb0a454ae7afbde0d0e0f17c49 a9466336b3fd40b1bbb1e9a2323ae8bb - - 72461810ce124ffeba27c79f004d6667 72461810ce124ffeba27c79f004d6667] 199.204.45.223 "GET /v2.0/networks/ab7b8a19-35fb-42c1-9545-3bf73190891a?fields=segments HTTP/1.1" status: 200 len: 212 time: 0.0438313
2026-06-25 23:29:12.639 10 INFO neutron.wsgi [req-7d03ab45-4527-4db0-bcef-6821a4c93103 req-a2872968-af87-44ae-8ba3-ffa210b8f79b 4305f2eb0a454ae7afbde0d0e0f17c49 a9466336b3fd40b1bbb1e9a2323ae8bb - - 72461810ce124ffeba27c79f004d6667 72461810ce124ffeba27c79f004d6667] 199.204.45.223 "GET /v2.0/networks/ab7b8a19-35fb-42c1-9545-3bf73190891a?fields=provider%3Aphysical_network&fields=provider%3Anetwork_type HTTP/1.1" status: 200 len: 277 time: 0.0425060
2026-06-25 23:29:12.765 9 WARNING neutron.scheduler.dhcp_agent_scheduler [None req-387538a7-8610-4f8f-8ea6-1fe44d19463f 9089057e8b3b45cbba9ee2e7a472e3b0 72744b09b8ba48b8a3e6b17504fc11fd - - default default] No more DHCP agents
2026-06-25 23:29:12.767 9 WARNING neutron.api.rpc.agentnotifiers.dhcp_rpc_agent_api [None req-387538a7-8610-4f8f-8ea6-1fe44d19463f 9089057e8b3b45cbba9ee2e7a472e3b0 72744b09b8ba48b8a3e6b17504fc11fd - - default default] Unable to schedule network a6b061e7-ef29-4b14-9ccc-96c438219742: no agents available; will retry on subsequent port and subnet creation events.
2026-06-25 23:29:12.923 9 INFO neutron.db.ovn_revision_numbers_db [None req-387538a7-8610-4f8f-8ea6-1fe44d19463f 9089057e8b3b45cbba9ee2e7a472e3b0 72744b09b8ba48b8a3e6b17504fc11fd - - default default] Successfully bumped revision number for resource 87748619-4c70-4b82-8a39-25d1fe6454f1 (type: ports) to 1
2026-06-25 23:29:13.475 10 INFO neutron.plugins.ml2.drivers.ovn.mech_driver.mech_driver [None req-80ac8514-3889-44ae-b8d3-40148fbfc6ac - - - - - -] OVN reports status up for port: 87748619-4c70-4b82-8a39-25d1fe6454f1
2026-06-25 23:29:13.500 10 INFO neutron.plugins.ml2.drivers.ovn.mech_driver.ovsdb.ovsdb_monitor [None req-507928d0-5282-4fee-ad1f-6d5ed5453567 - - - - - -] Router 7b4e9a82-df6a-4abf-a9dd-c1426f297319 is bound to host instance
2026-06-25 23:29:13.503 10 INFO neutron.plugins.ml2.plugin [None req-80ac8514-3889-44ae-b8d3-40148fbfc6ac - - - - - -] Attempt 1 to provision port 87748619-4c70-4b82-8a39-25d1fe6454f1
2026-06-25 23:29:13.511 9 INFO neutron.db.ovn_revision_numbers_db [None req-387538a7-8610-4f8f-8ea6-1fe44d19463f 9089057e8b3b45cbba9ee2e7a472e3b0 72744b09b8ba48b8a3e6b17504fc11fd - - default default] Successfully bumped revision number for resource 87748619-4c70-4b82-8a39-25d1fe6454f1 (type: router_ports) to 1
2026-06-25 23:29:13.586 9 INFO neutron.db.ovn_revision_numbers_db [None req-387538a7-8610-4f8f-8ea6-1fe44d19463f 9089057e8b3b45cbba9ee2e7a472e3b0 72744b09b8ba48b8a3e6b17504fc11fd - - default default] Successfully bumped revision number for resource 7b4e9a82-df6a-4abf-a9dd-c1426f297319 (type: routers) to 2
2026-06-25 23:29:13.601 9 INFO neutron.wsgi [None req-387538a7-8610-4f8f-8ea6-1fe44d19463f 9089057e8b3b45cbba9ee2e7a472e3b0 72744b09b8ba48b8a3e6b17504fc11fd - - default default] 10.0.0.89 "POST /v2.0/routers HTTP/1.1" status: 201 len: 878 time: 1.2649868
2026-06-25 23:29:13.781 10 INFO neutron.db.ovn_revision_numbers_db [None req-0ccfe191-22e3-4e6d-83ba-5c9ab48226b3 9089057e8b3b45cbba9ee2e7a472e3b0 72744b09b8ba48b8a3e6b17504fc11fd - - default default] Successfully bumped revision number for resource 8b283ecd-aadf-4711-b3d2-b33f9d37f886 (type: security_groups) to 1
2026-06-25 23:29:13.820 10 INFO neutron.db.ovn_revision_numbers_db [None req-0ccfe191-22e3-4e6d-83ba-5c9ab48226b3 9089057e8b3b45cbba9ee2e7a472e3b0 72744b09b8ba48b8a3e6b17504fc11fd - - default default] Successfully bumped revision number for resource 2c15d948-419c-4748-8961-45f30e6f725c (type: security_group_rules) to 0
2026-06-25 23:29:13.868 10 INFO neutron.db.ovn_revision_numbers_db [None req-0ccfe191-22e3-4e6d-83ba-5c9ab48226b3 9089057e8b3b45cbba9ee2e7a472e3b0 72744b09b8ba48b8a3e6b17504fc11fd - - default default] Successfully bumped revision number for resource b065957a-2006-4a65-ba66-25363d440426 (type: security_group_rules) to 0
2026-06-25 23:29:13.893 10 INFO neutron.db.ovn_revision_numbers_db [None req-0ccfe191-22e3-4e6d-83ba-5c9ab48226b3 9089057e8b3b45cbba9ee2e7a472e3b0 72744b09b8ba48b8a3e6b17504fc11fd - - default default] Successfully bumped revision number for resource b8ed1ca6-0d79-429f-bfc4-26902a391d7b (type: security_group_rules) to 0
2026-06-25 23:29:13.914 10 INFO neutron.db.ovn_revision_numbers_db [None req-0ccfe191-22e3-4e6d-83ba-5c9ab48226b3 9089057e8b3b45cbba9ee2e7a472e3b0 72744b09b8ba48b8a3e6b17504fc11fd - - default default] Successfully bumped revision number for resource e4408ff7-b2cf-4498-895b-b1e87b30c587 (type: security_group_rules) to 0
2026-06-25 23:29:13.944 10 INFO neutron.wsgi [None req-0ccfe191-22e3-4e6d-83ba-5c9ab48226b3 9089057e8b3b45cbba9ee2e7a472e3b0 72744b09b8ba48b8a3e6b17504fc11fd - - default default] 10.0.0.89 "GET /v2.0/security-groups?tenant_id=c5df3b6297df498f84e37dd5c18e3c95&name=default HTTP/1.1" status: 200 len: 2996 time: 0.6026912
2026-06-25 23:29:14.111 9 WARNING neutron.scheduler.dhcp_agent_scheduler [None req-dd6872d7-feed-4d83-99eb-a5426fc188ef 9089057e8b3b45cbba9ee2e7a472e3b0 72744b09b8ba48b8a3e6b17504fc11fd - - default default] No more DHCP agents
2026-06-25 23:29:14.114 10 INFO neutron.db.ovn_revision_numbers_db [None req-76e451f6-93c1-473f-bc06-189d5a6119ef 9089057e8b3b45cbba9ee2e7a472e3b0 72744b09b8ba48b8a3e6b17504fc11fd - - default default] Successfully bumped revision number for resource 67fe975a-22d1-4674-8ec4-c2fbeaf1f792 (type: security_groups) to 1
2026-06-25 23:29:14.114 9 WARNING neutron.api.rpc.agentnotifiers.dhcp_rpc_agent_api [None req-dd6872d7-feed-4d83-99eb-a5426fc188ef 9089057e8b3b45cbba9ee2e7a472e3b0 72744b09b8ba48b8a3e6b17504fc11fd - - default default] Unable to schedule network 5c30fa0c-d311-41fb-b0ce-a8c4247ea21b: no agents available; will retry on subsequent port and subnet creation events.
2026-06-25 23:29:14.128 10 INFO neutron.db.ovn_revision_numbers_db [None req-507928d0-5282-4fee-ad1f-6d5ed5453567 - - - - - -] Successfully bumped revision number for resource 87748619-4c70-4b82-8a39-25d1fe6454f1 (type: ports) to 1
2026-06-25 23:29:14.130 10 INFO neutron.db.ovn_revision_numbers_db [None req-76e451f6-93c1-473f-bc06-189d5a6119ef 9089057e8b3b45cbba9ee2e7a472e3b0 72744b09b8ba48b8a3e6b17504fc11fd - - default default] Successfully bumped revision number for resource 452b9708-6076-43e3-99a1-cf7261228f99 (type: security_group_rules) to 0
2026-06-25 23:29:14.142 10 INFO neutron.db.ovn_revision_numbers_db [None req-76e451f6-93c1-473f-bc06-189d5a6119ef 9089057e8b3b45cbba9ee2e7a472e3b0 72744b09b8ba48b8a3e6b17504fc11fd - - default default] Successfully bumped revision number for resource 7f3e411a-26b1-4189-854b-6f4810b48b35 (type: security_group_rules) to 0
2026-06-25 23:29:14.157 10 INFO neutron.db.ovn_revision_numbers_db [None req-76e451f6-93c1-473f-bc06-189d5a6119ef 9089057e8b3b45cbba9ee2e7a472e3b0 72744b09b8ba48b8a3e6b17504fc11fd - - default default] Successfully bumped revision number for resource 9aea6090-bb4e-4862-9d99-3bdbb454021c (type: security_group_rules) to 0
2026-06-25 23:29:14.175 10 INFO neutron.db.ovn_revision_numbers_db [None req-76e451f6-93c1-473f-bc06-189d5a6119ef 9089057e8b3b45cbba9ee2e7a472e3b0 72744b09b8ba48b8a3e6b17504fc11fd - - default default] Successfully bumped revision number for resource e3289343-2ac3-4481-b134-1965364e716b (type: security_group_rules) to 0
2026-06-25 23:29:14.204 10 INFO neutron.wsgi [None req-76e451f6-93c1-473f-bc06-189d5a6119ef 9089057e8b3b45cbba9ee2e7a472e3b0 72744b09b8ba48b8a3e6b17504fc11fd - - default default] 10.0.0.89 "GET /v2.0/security-groups?tenant_id=3362e3e4802b4352b2b1a7ac7da92c36&name=default HTTP/1.1" status: 200 len: 2996 time: 0.2968791
2026-06-25 23:29:14.238 9 INFO neutron.wsgi [None req-4f0b6d07-6929-4d92-9142-9ca7dfa54a54 9089057e8b3b45cbba9ee2e7a472e3b0 72744b09b8ba48b8a3e6b17504fc11fd - - default default] 10.0.0.89 "DELETE /v2.0/security-groups/8b283ecd-aadf-4711-b3d2-b33f9d37f886 HTTP/1.1" status: 204 len: 168 time: 0.2833788
2026-06-25 23:29:14.328 9 INFO neutron.db.ovn_revision_numbers_db [None req-dd6872d7-feed-4d83-99eb-a5426fc188ef 9089057e8b3b45cbba9ee2e7a472e3b0 72744b09b8ba48b8a3e6b17504fc11fd - - default default] Successfully bumped revision number for resource d50e2705-1cd7-40d9-b3b4-46f0631320d1 (type: ports) to 1
2026-06-25 23:29:14.343 9 INFO neutron.wsgi [req-3e1a95b7-8e6c-4225-b4e3-32fce805d8d2 req-68770724-756f-43f8-b03c-ef5c293a5868 4305f2eb0a454ae7afbde0d0e0f17c49 a9466336b3fd40b1bbb1e9a2323ae8bb - - 72461810ce124ffeba27c79f004d6667 72461810ce124ffeba27c79f004d6667] 10.0.0.169 "GET /v2.0/ports?device_id=fef0eed3-54fc-4ade-90e4-02cfa0dcbcc8 HTTP/1.1" status: 200 len: 1413 time: 0.1634371
2026-06-25 23:29:14.411 10 INFO neutron.db.ovn_revision_numbers_db [None req-507928d0-5282-4fee-ad1f-6d5ed5453567 - - - - - -] Successfully bumped revision number for resource 87748619-4c70-4b82-8a39-25d1fe6454f1 (type: router_ports) to 3
2026-06-25 23:29:14.561 10 INFO neutron.db.ovn_revision_numbers_db [None req-6c95844d-1fa9-4cb2-b26e-51a8d311c1fc 9089057e8b3b45cbba9ee2e7a472e3b0 72744b09b8ba48b8a3e6b17504fc11fd - - default default] Successfully bumped revision number for resource 50ac762c-7963-471f-9630-85a311581724 (type: security_groups) to 1
2026-06-25 23:29:14.567 9 INFO neutron.wsgi [req-3e1a95b7-8e6c-4225-b4e3-32fce805d8d2 req-c38908ad-d760-4b42-ac97-77bdb15b2a21 4305f2eb0a454ae7afbde0d0e0f17c49 a9466336b3fd40b1bbb1e9a2323ae8bb - - 72461810ce124ffeba27c79f004d6667 72461810ce124ffeba27c79f004d6667] 10.0.0.169 "GET /v2.0/security-groups?id=838d7e17-e8e7-4244-bb21-8f883132ff24&fields=id&fields=name HTTP/1.1" status: 200 len: 313 time: 0.2045915
2026-06-25 23:29:14.583 10 INFO neutron.wsgi [None req-a4c4f600-fc3d-4903-b168-dfc62af30074 9089057e8b3b45cbba9ee2e7a472e3b0 72744b09b8ba48b8a3e6b17504fc11fd - - default default] 10.0.0.89 "DELETE /v2.0/security-groups/67fe975a-22d1-4674-8ec4-c2fbeaf1f792 HTTP/1.1" status: 204 len: 168 time: 0.3748488
2026-06-25 23:29:14.590 10 INFO neutron.db.ovn_revision_numbers_db [None req-6c95844d-1fa9-4cb2-b26e-51a8d311c1fc 9089057e8b3b45cbba9ee2e7a472e3b0 72744b09b8ba48b8a3e6b17504fc11fd - - default default] Successfully bumped revision number for resource 4c7e2101-8187-4036-8096-c3cd48a18a62 (type: security_group_rules) to 0
2026-06-25 23:29:14.609 10 INFO neutron.db.ovn_revision_numbers_db [None req-6c95844d-1fa9-4cb2-b26e-51a8d311c1fc 9089057e8b3b45cbba9ee2e7a472e3b0 72744b09b8ba48b8a3e6b17504fc11fd - - default default] Successfully bumped revision number for resource 79bc011a-0d49-44fa-bb94-156d06c8fe9e (type: security_group_rules) to 0
2026-06-25 23:29:14.624 10 INFO neutron.db.ovn_revision_numbers_db [None req-6c95844d-1fa9-4cb2-b26e-51a8d311c1fc 9089057e8b3b45cbba9ee2e7a472e3b0 72744b09b8ba48b8a3e6b17504fc11fd - - default default] Successfully bumped revision number for resource 9e314684-56fc-42f5-b5e1-3c9d6ef3e2fa (type: security_group_rules) to 0
2026-06-25 23:29:14.625 10 INFO neutron.db.ovn_revision_numbers_db [None req-507928d0-5282-4fee-ad1f-6d5ed5453567 - - - - - -] Successfully bumped revision number for resource 87748619-4c70-4b82-8a39-25d1fe6454f1 (type: ports) to 2
2026-06-25 23:29:14.640 10 INFO neutron.db.ovn_revision_numbers_db [None req-6c95844d-1fa9-4cb2-b26e-51a8d311c1fc 9089057e8b3b45cbba9ee2e7a472e3b0 72744b09b8ba48b8a3e6b17504fc11fd - - default default] Successfully bumped revision number for resource f1878f19-325d-4945-b310-686cc71076be (type: security_group_rules) to 0
2026-06-25 23:29:14.664 10 INFO neutron.wsgi [None req-6c95844d-1fa9-4cb2-b26e-51a8d311c1fc 9089057e8b3b45cbba9ee2e7a472e3b0 72744b09b8ba48b8a3e6b17504fc11fd - - default default] 10.0.0.89 "GET /v2.0/security-groups?tenant_id=18f9baa316c840d5bafc26ef0f601686&name=default HTTP/1.1" status: 200 len: 2996 time: 0.2945900
2026-06-25 23:29:14.897 10 INFO neutron.db.ovn_revision_numbers_db [None req-507928d0-5282-4fee-ad1f-6d5ed5453567 - - - - - -] Successfully bumped revision number for resource 87748619-4c70-4b82-8a39-25d1fe6454f1 (type: ports) to 4
2026-06-25 23:29:15.014 9 INFO neutron.wsgi [None req-1f0952e7-0d58-49b6-bef7-8dceea7f5936 9089057e8b3b45cbba9ee2e7a472e3b0 72744b09b8ba48b8a3e6b17504fc11fd - - default default] 10.0.0.89 "DELETE /v2.0/security-groups/50ac762c-7963-471f-9630-85a311581724 HTTP/1.1" status: 204 len: 168 time: 0.3378727
2026-06-25 23:29:15.016 9 INFO neutron.db.ovn_revision_numbers_db [None req-dd6872d7-feed-4d83-99eb-a5426fc188ef 9089057e8b3b45cbba9ee2e7a472e3b0 72744b09b8ba48b8a3e6b17504fc11fd - - default default] Successfully bumped revision number for resource d50e2705-1cd7-40d9-b3b4-46f0631320d1 (type: router_ports) to 1
2026-06-25 23:29:15.178 10 INFO neutron.db.ovn_revision_numbers_db [None req-507928d0-5282-4fee-ad1f-6d5ed5453567 - - - - - -] Successfully bumped revision number for resource 87748619-4c70-4b82-8a39-25d1fe6454f1 (type: router_ports) to 4
2026-06-25 23:29:15.228 9 INFO neutron.db.ovn_revision_numbers_db [None req-dd6872d7-feed-4d83-99eb-a5426fc188ef 9089057e8b3b45cbba9ee2e7a472e3b0 72744b09b8ba48b8a3e6b17504fc11fd - - default default] Successfully bumped revision number for resource d50e2705-1cd7-40d9-b3b4-46f0631320d1 (type: ports) to 1
2026-06-25 23:29:15.319 9 WARNING neutron.scheduler.dhcp_agent_scheduler [None req-dd6872d7-feed-4d83-99eb-a5426fc188ef 9089057e8b3b45cbba9ee2e7a472e3b0 72744b09b8ba48b8a3e6b17504fc11fd - - default default] No more DHCP agents
2026-06-25 23:29:15.320 9 WARNING neutron.api.rpc.agentnotifiers.dhcp_rpc_agent_api [None req-dd6872d7-feed-4d83-99eb-a5426fc188ef 9089057e8b3b45cbba9ee2e7a472e3b0 72744b09b8ba48b8a3e6b17504fc11fd - - default default] Unable to schedule network 5c30fa0c-d311-41fb-b0ce-a8c4247ea21b: no agents available; will retry on subsequent port and subnet creation events.
2026-06-25 23:29:15.859 9 INFO neutron.db.ovn_revision_numbers_db [None req-dd6872d7-feed-4d83-99eb-a5426fc188ef 9089057e8b3b45cbba9ee2e7a472e3b0 72744b09b8ba48b8a3e6b17504fc11fd - - default default] Successfully bumped revision number for resource d50e2705-1cd7-40d9-b3b4-46f0631320d1 (type: router_ports) to 1
2026-06-25 23:29:15.862 9 INFO neutron.wsgi [None req-dd6872d7-feed-4d83-99eb-a5426fc188ef 9089057e8b3b45cbba9ee2e7a472e3b0 72744b09b8ba48b8a3e6b17504fc11fd - - default default] 10.0.0.89 "PUT /v2.0/routers/7b4e9a82-df6a-4abf-a9dd-c1426f297319/add_router_interface HTTP/1.1" status: 200 len: 503 time: 2.2573645
2026-06-25 23:29:16.500 10 INFO neutron.plugins.ml2.drivers.ovn.mech_driver.mech_driver [None req-80ac8514-3889-44ae-b8d3-40148fbfc6ac - - - - - -] OVN reports status up for port: d50e2705-1cd7-40d9-b3b4-46f0631320d1
2026-06-25 23:29:16.506 10 INFO neutron.plugins.ml2.plugin [None req-80ac8514-3889-44ae-b8d3-40148fbfc6ac - - - - - -] Attempt 1 to provision port d50e2705-1cd7-40d9-b3b4-46f0631320d1
2026-06-25 23:29:16.719 10 WARNING neutron_lib.context [None req-03d2ebe7-37fb-47a1-a7bc-6794554fab34 27c761c1562e46aa804299b21bce742a 3592a030ec7a4776ab5a658797b312ad - - default default] Method 'is_advsvc' is deprecated since 2023.2 release (neutron-lib 3.8.0) and will be removed once support for the old RBAC API policies will be removed from Neutron. Please use method 'is_service_role' instead.
2026-06-25 23:29:16.760 10 INFO neutron.db.ovn_revision_numbers_db [None req-80ac8514-3889-44ae-b8d3-40148fbfc6ac - - - - - -] Successfully bumped revision number for resource d50e2705-1cd7-40d9-b3b4-46f0631320d1 (type: ports) to 2
2026-06-25 23:29:16.853 10 INFO neutron.db.ovn_revision_numbers_db [None req-80ac8514-3889-44ae-b8d3-40148fbfc6ac - - - - - -] Successfully bumped revision number for resource d50e2705-1cd7-40d9-b3b4-46f0631320d1 (type: router_ports) to 2
2026-06-25 23:29:16.929 10 INFO neutron.db.ovn_revision_numbers_db [None req-03d2ebe7-37fb-47a1-a7bc-6794554fab34 27c761c1562e46aa804299b21bce742a 3592a030ec7a4776ab5a658797b312ad - - default default] Successfully bumped revision number for resource 76e5bf01-e7fb-4ee4-aa29-019c5cf61330 (type: security_groups) to 1
2026-06-25 23:29:16.957 10 INFO neutron.db.ovn_revision_numbers_db [None req-03d2ebe7-37fb-47a1-a7bc-6794554fab34 27c761c1562e46aa804299b21bce742a 3592a030ec7a4776ab5a658797b312ad - - default default] Successfully bumped revision number for resource 36b8f6cf-f227-407f-856c-bd3df5f03770 (type: security_group_rules) to 0
2026-06-25 23:29:16.977 10 INFO neutron.db.ovn_revision_numbers_db [None req-03d2ebe7-37fb-47a1-a7bc-6794554fab34 27c761c1562e46aa804299b21bce742a 3592a030ec7a4776ab5a658797b312ad - - default default] Successfully bumped revision number for resource 4e8b5280-e507-4dfe-af22-8e835cde94e1 (type: security_group_rules) to 0
2026-06-25 23:29:16.987 10 INFO neutron.wsgi [req-fc568edd-b8bc-49b2-828e-1224cf9b20d1 req-281faffb-6250-4817-a6c3-3c56caaffe09 849704919c1442f4b363fd7742b37016 4726ee7311fa4b2480760d38f40d1576 - - default default] 10.0.0.227 "GET /v2.0/networks?id=5c30fa0c-d311-41fb-b0ce-a8c4247ea21b HTTP/1.1" status: 200 len: 876 time: 0.0868728
2026-06-25 23:29:16.993 10 INFO neutron.db.ovn_revision_numbers_db [None req-03d2ebe7-37fb-47a1-a7bc-6794554fab34 27c761c1562e46aa804299b21bce742a 3592a030ec7a4776ab5a658797b312ad - - default default] Successfully bumped revision number for resource 7129aa2b-58c9-450e-aa0c-b7041c02c5f3 (type: security_group_rules) to 0
2026-06-25 23:29:17.009 10 INFO neutron.wsgi [req-fc568edd-b8bc-49b2-828e-1224cf9b20d1 req-23fd68ae-975e-40d0-bac7-b6b747be01e9 849704919c1442f4b363fd7742b37016 4726ee7311fa4b2480760d38f40d1576 - - default default] 10.0.0.227 "GET /v2.0/quotas/4726ee7311fa4b2480760d38f40d1576 HTTP/1.1" status: 200 len: 386 time: 0.0131280
2026-06-25 23:29:17.013 10 INFO neutron.db.ovn_revision_numbers_db [None req-03d2ebe7-37fb-47a1-a7bc-6794554fab34 27c761c1562e46aa804299b21bce742a 3592a030ec7a4776ab5a658797b312ad - - default default] Successfully bumped revision number for resource c656b584-06f8-483d-96c4-20f049f1645a (type: security_group_rules) to 0
2026-06-25 23:29:17.082 10 INFO neutron.db.segments_db [None req-03d2ebe7-37fb-47a1-a7bc-6794554fab34 27c761c1562e46aa804299b21bce742a 3592a030ec7a4776ab5a658797b312ad - - default default] Added segment def8476b-1d76-46d3-8cca-ca8cfda4b901 of type geneve for network fd240e00-7daf-44cd-a3ae-cf5e4a017ae5
2026-06-25 23:29:17.132 10 INFO neutron.wsgi [req-fc568edd-b8bc-49b2-828e-1224cf9b20d1 req-7468359e-5ef9-4928-b7da-baf19f96625d 849704919c1442f4b363fd7742b37016 4726ee7311fa4b2480760d38f40d1576 - - default default] 10.0.0.227 "GET /v2.0/ports?tenant_id=4726ee7311fa4b2480760d38f40d1576&fields=id HTTP/1.1" status: 200 len: 302 time: 0.1160321
2026-06-25 23:29:17.244 10 INFO neutron.wsgi [req-fc568edd-b8bc-49b2-828e-1224cf9b20d1 req-724f371a-9a6f-41c4-a24b-4f72ad211f75 4305f2eb0a454ae7afbde0d0e0f17c49 a9466336b3fd40b1bbb1e9a2323ae8bb - - 72461810ce124ffeba27c79f004d6667 72461810ce124ffeba27c79f004d6667] 10.0.0.227 "GET /v2.0/networks/5c30fa0c-d311-41fb-b0ce-a8c4247ea21b?fields=segments HTTP/1.1" status: 200 len: 212 time: 0.1002362
2026-06-25 23:29:17.271 10 INFO neutron.db.ovn_revision_numbers_db [None req-03d2ebe7-37fb-47a1-a7bc-6794554fab34 27c761c1562e46aa804299b21bce742a 3592a030ec7a4776ab5a658797b312ad - - default default] Successfully bumped revision number for resource fd240e00-7daf-44cd-a3ae-cf5e4a017ae5 (type: networks) to 1
2026-06-25 23:29:17.512 10 INFO neutron.wsgi [req-fc568edd-b8bc-49b2-828e-1224cf9b20d1 req-36cd983f-8467-47e1-8e6f-f5b80276a97c 4305f2eb0a454ae7afbde0d0e0f17c49 a9466336b3fd40b1bbb1e9a2323ae8bb - - 72461810ce124ffeba27c79f004d6667 72461810ce124ffeba27c79f004d6667] 10.0.0.227 "GET /v2.0/networks/5c30fa0c-d311-41fb-b0ce-a8c4247ea21b?fields=provider%3Aphysical_network&fields=provider%3Anetwork_type HTTP/1.1" status: 200 len: 277 time: 0.2571812
2026-06-25 23:29:17.667 10 WARNING neutron.scheduler.dhcp_agent_scheduler [None req-03d2ebe7-37fb-47a1-a7bc-6794554fab34 27c761c1562e46aa804299b21bce742a 3592a030ec7a4776ab5a658797b312ad - - default default] No more DHCP agents
2026-06-25 23:29:17.669 10 INFO neutron.wsgi [req-036eec31-949f-4feb-845b-31fc37c0de6a req-2899a2b2-1498-4072-ad07-c7472d4bb949 849704919c1442f4b363fd7742b37016 4726ee7311fa4b2480760d38f40d1576 - - default default] 10.0.0.227 "GET /v2.0/ports?device_id=e24e85bc-614d-4576-98ee-e327ddbe218d HTTP/1.1" status: 200 len: 210 time: 0.0212731
2026-06-25 23:29:17.670 10 WARNING neutron.api.rpc.agentnotifiers.dhcp_rpc_agent_api [None req-03d2ebe7-37fb-47a1-a7bc-6794554fab34 27c761c1562e46aa804299b21bce742a 3592a030ec7a4776ab5a658797b312ad - - default default] Unable to schedule network fd240e00-7daf-44cd-a3ae-cf5e4a017ae5: no agents available; will retry on subsequent port and subnet creation events.
2026-06-25 23:29:17.753 10 INFO neutron.db.ovn_revision_numbers_db [None req-03d2ebe7-37fb-47a1-a7bc-6794554fab34 27c761c1562e46aa804299b21bce742a 3592a030ec7a4776ab5a658797b312ad - - default default] Successfully bumped revision number for resource cc26c287-1b41-4950-acbc-57e614b1f1a1 (type: ports) to 1
2026-06-25 23:29:17.773 10 INFO neutron.wsgi [None req-03d2ebe7-37fb-47a1-a7bc-6794554fab34 27c761c1562e46aa804299b21bce742a 3592a030ec7a4776ab5a658797b312ad - - default default] 10.0.0.89 "POST /v2.0/networks HTTP/1.1" status: 201 len: 849 time: 1.1790342
2026-06-25 23:29:17.793 10 WARNING neutron_lib.context [None req-e5d418c2-b42f-4ce1-babc-ff4ae5c34286 27c761c1562e46aa804299b21bce742a 3592a030ec7a4776ab5a658797b312ad - - default default] Method 'is_advsvc' is deprecated since 2023.2 release (neutron-lib 3.8.0) and will be removed once support for the old RBAC API policies will be removed from Neutron. Please use method 'is_service_role' instead.
2026-06-25 23:29:18.035 10 WARNING neutron.scheduler.dhcp_agent_scheduler [None req-e5d418c2-b42f-4ce1-babc-ff4ae5c34286 27c761c1562e46aa804299b21bce742a 3592a030ec7a4776ab5a658797b312ad - - default default] No more DHCP agents
2026-06-25 23:29:18.038 10 WARNING neutron.api.rpc.agentnotifiers.dhcp_rpc_agent_api [None req-e5d418c2-b42f-4ce1-babc-ff4ae5c34286 27c761c1562e46aa804299b21bce742a 3592a030ec7a4776ab5a658797b312ad - - default default] Unable to schedule network fd240e00-7daf-44cd-a3ae-cf5e4a017ae5: no agents available; will retry on subsequent port and subnet creation events.
2026-06-25 23:29:18.065 10 INFO neutron.db.ovn_revision_numbers_db [None req-e5d418c2-b42f-4ce1-babc-ff4ae5c34286 27c761c1562e46aa804299b21bce742a 3592a030ec7a4776ab5a658797b312ad - - default default] Successfully bumped revision number for resource 2031a4a9-36e8-4c91-a05e-09446b3617dc (type: subnets) to 0
2026-06-25 23:29:18.080 10 INFO neutron.wsgi [None req-e5d418c2-b42f-4ce1-babc-ff4ae5c34286 27c761c1562e46aa804299b21bce742a 3592a030ec7a4776ab5a658797b312ad - - default default] 10.0.0.89 "POST /v2.0/subnets HTTP/1.1" status: 201 len: 802 time: 0.2933037
2026-06-25 23:29:18.091 10 WARNING neutron_lib.context [None req-29387d2f-953a-47e0-8302-d0b02c42a831 27c761c1562e46aa804299b21bce742a 3592a030ec7a4776ab5a658797b312ad - - default default] Method 'is_advsvc' is deprecated since 2023.2 release (neutron-lib 3.8.0) and will be removed once support for the old RBAC API policies will be removed from Neutron. Please use method 'is_service_role' instead.
2026-06-25 23:29:18.553 10 WARNING neutron.scheduler.dhcp_agent_scheduler [None req-29387d2f-953a-47e0-8302-d0b02c42a831 27c761c1562e46aa804299b21bce742a 3592a030ec7a4776ab5a658797b312ad - - default default] No more DHCP agents
2026-06-25 23:29:18.557 10 WARNING neutron.api.rpc.agentnotifiers.dhcp_rpc_agent_api [None req-29387d2f-953a-47e0-8302-d0b02c42a831 27c761c1562e46aa804299b21bce742a 3592a030ec7a4776ab5a658797b312ad - - default default] Unable to schedule network a6b061e7-ef29-4b14-9ccc-96c438219742: no agents available; will retry on subsequent port and subnet creation events.
2026-06-25 23:29:18.648 10 INFO neutron.wsgi [req-fc568edd-b8bc-49b2-828e-1224cf9b20d1 req-f9e0c131-a8bd-4c71-8ddd-dba719400691 849704919c1442f4b363fd7742b37016 4726ee7311fa4b2480760d38f40d1576 - - default default] 199.204.45.223 "GET /v2.0/networks?id=5c30fa0c-d311-41fb-b0ce-a8c4247ea21b HTTP/1.1" status: 200 len: 876 time: 0.0802944
2026-06-25 23:29:18.665 10 WARNING neutron_lib.context [req-fc568edd-b8bc-49b2-828e-1224cf9b20d1 req-2743809e-c958-4d26-92cd-1ca1fc7c1b80 849704919c1442f4b363fd7742b37016 4726ee7311fa4b2480760d38f40d1576 - - default default] Method 'is_advsvc' is deprecated since 2023.2 release (neutron-lib 3.8.0) and will be removed once support for the old RBAC API policies will be removed from Neutron. Please use method 'is_service_role' instead.
2026-06-25 23:29:18.777 10 INFO neutron.wsgi [req-54ba2bde-4464-4aa1-bd2c-00b874409452 req-f4b19b6c-dad6-4e84-8c0a-c2aa96915cbb 849704919c1442f4b363fd7742b37016 4726ee7311fa4b2480760d38f40d1576 - - default default] 10.0.0.227 "GET /v2.0/ports?device_id=e24e85bc-614d-4576-98ee-e327ddbe218d HTTP/1.1" status: 200 len: 210 time: 0.0290918
2026-06-25 23:29:18.816 10 INFO neutron.db.ovn_revision_numbers_db [None req-29387d2f-953a-47e0-8302-d0b02c42a831 27c761c1562e46aa804299b21bce742a 3592a030ec7a4776ab5a658797b312ad - - default default] Successfully bumped revision number for resource a9889893-7c24-4f34-9670-64fe1c85151f (type: ports) to 1
2026-06-25 23:29:19.211 10 WARNING neutron.scheduler.dhcp_agent_scheduler [req-fc568edd-b8bc-49b2-828e-1224cf9b20d1 req-2743809e-c958-4d26-92cd-1ca1fc7c1b80 849704919c1442f4b363fd7742b37016 4726ee7311fa4b2480760d38f40d1576 - - default default] No more DHCP agents
2026-06-25 23:29:19.215 10 WARNING neutron.api.rpc.agentnotifiers.dhcp_rpc_agent_api [req-fc568edd-b8bc-49b2-828e-1224cf9b20d1 req-2743809e-c958-4d26-92cd-1ca1fc7c1b80 849704919c1442f4b363fd7742b37016 4726ee7311fa4b2480760d38f40d1576 - - default default] Unable to schedule network 5c30fa0c-d311-41fb-b0ce-a8c4247ea21b: no agents available; will retry on subsequent port and subnet creation events. /var/lib/openstack/lib/python3.10/site-packages/pycadf/identifier.py:71: UserWarning: Invalid uuid: neutron. To ensure interoperability, identifiers should be a valid uuid. warnings.warn(('Invalid uuid: %s. To ensure interoperability, '
2026-06-25 23:29:19.672 10 INFO neutron.wsgi [req-aed469b4-5ed2-4eaa-a51b-a5fede1b5e2d req-df5f93b3-ad24-40b5-ba3a-64c07a9f224e e77e1ea2aefa4075b3d545a6e9061913 d9ad21821c3749f689ffd2db0be72157 - - default default] 10.0.0.227 "GET /v2.0/ports?device_id=fef0eed3-54fc-4ade-90e4-02cfa0dcbcc8 HTTP/1.1" status: 200 len: 1174 time: 0.3485351
2026-06-25 23:29:19.727 10 INFO neutron.db.ovn_revision_numbers_db [req-fc568edd-b8bc-49b2-828e-1224cf9b20d1 req-2743809e-c958-4d26-92cd-1ca1fc7c1b80 849704919c1442f4b363fd7742b37016 4726ee7311fa4b2480760d38f40d1576 - - default default] Successfully bumped revision number for resource 9dc9425e-f2eb-4e15-8e0f-40a189bbd668 (type: ports) to 1
2026-06-25 23:29:19.760 10 INFO neutron.wsgi [req-61bcd546-0dc7-4f4c-8287-b0193bfdc2ab req-5803e754-b5fc-4fea-a493-1be04e99764b e77e1ea2aefa4075b3d545a6e9061913 d9ad21821c3749f689ffd2db0be72157 - - default default] 10.0.0.227 "GET /v2.0/ports/b13bccba-5e8d-4dfa-a4d4-5cb94ea45db0 HTTP/1.1" status: 200 len: 1171 time: 0.0406551
2026-06-25 23:29:19.763 10 INFO neutron.wsgi [req-fc568edd-b8bc-49b2-828e-1224cf9b20d1 req-2743809e-c958-4d26-92cd-1ca1fc7c1b80 849704919c1442f4b363fd7742b37016 4726ee7311fa4b2480760d38f40d1576 - - default default] 199.204.45.223 "POST /v2.0/ports HTTP/1.1" status: 201 len: 1158 time: 1.1048992
2026-06-25 23:29:19.868 9 INFO neutron.plugins.ml2.drivers.ovn.mech_driver.mech_driver [None req-aaba1074-abd1-4a59-bbf0-16f74f6b2b65 - - - - - -] OVN reports status up for port: a9889893-7c24-4f34-9670-64fe1c85151f
2026-06-25 23:29:19.885 9 INFO neutron.plugins.ml2.plugin [None req-aaba1074-abd1-4a59-bbf0-16f74f6b2b65 - - - - - -] Attempt 1 to provision port a9889893-7c24-4f34-9670-64fe1c85151f
2026-06-25 23:29:19.898 10 INFO neutron.wsgi [req-57a78c26-c32a-43aa-83c8-a1485063d54e req-87a40754-9922-45f6-a584-a4bf49882f79 849704919c1442f4b363fd7742b37016 4726ee7311fa4b2480760d38f40d1576 - - default default] 10.0.0.227 "GET /v2.0/ports?device_id=e24e85bc-614d-4576-98ee-e327ddbe218d HTTP/1.1" status: 200 len: 1156 time: 0.0571251
2026-06-25 23:29:19.919 10 INFO neutron.db.ovn_revision_numbers_db [None req-29387d2f-953a-47e0-8302-d0b02c42a831 27c761c1562e46aa804299b21bce742a 3592a030ec7a4776ab5a658797b312ad - - default default] Successfully bumped revision number for resource a9889893-7c24-4f34-9670-64fe1c85151f (type: router_ports) to 1
2026-06-25 23:29:19.982 9 INFO neutron.wsgi [req-04e09b67-2ca5-4611-b40e-24555b9a1f7f req-2773d069-5890-464d-93ea-8e4e693e4015 e77e1ea2aefa4075b3d545a6e9061913 d9ad21821c3749f689ffd2db0be72157 - - default default] 199.204.45.223 "GET /v2.0/subnets?network_id=ab7b8a19-35fb-42c1-9545-3bf73190891a HTTP/1.1" status: 200 len: 858 time: 0.0654151
