2026-06-25 23:30:06.400 10 INFO neutron.wsgi [None req-5418491a-6d29-40c0-83a3-03f932de1453 65a860245d8e429f9d110476a3e461f7 1a03d8c04f0f4ab2828d659c66742c42 - - default default] 10.0.0.89 "POST /v2.0/routers HTTP/1.1" status: 201 len: 872 time: 1.9711006
2026-06-25 23:30:06.433 9 INFO neutron.db.ovn_revision_numbers_db [None req-8fade594-7a9d-4803-8337-052b4d4c9750 4376c8cb9f314a0b94c15ea55b8c8557 c13d732212464806bc9eea28a221ef7d - - default default] Successfully bumped revision number for resource 62c8f192-e69b-4c0c-acec-e1c6268c2065 (type: networks) to 1
2026-06-25 23:30:06.484 10 INFO neutron.wsgi [None req-7c5e250e-3006-4454-a876-36a2fecdda2b 65a860245d8e429f9d110476a3e461f7 1a03d8c04f0f4ab2828d659c66742c42 - - default default] 10.0.0.89 "GET /v2.0/routers/a1d8ce64-c786-406f-82a2-adb1f6214e6d HTTP/1.1" status: 200 len: 873 time: 0.0768239
2026-06-25 23:30:06.601 10 INFO neutron.wsgi [None req-5a1bc38f-74cc-4624-84e7-5ff9214ef5a5 65a860245d8e429f9d110476a3e461f7 1a03d8c04f0f4ab2828d659c66742c42 - - default default] 10.0.0.89 "GET /v2.0/routers HTTP/1.1" status: 200 len: 876 time: 0.1108878
2026-06-25 23:30:06.658 10 INFO neutron.wsgi [req-b9d2f50d-eb35-4608-9c32-78d1dcb5ed8a req-3d8b127f-b948-4a6e-a574-e73ee7349c46 21f4a205b427491d9d7fe4135fa0540b ac886487eb4d4e799e55ed9d3fc714c4 - - default default] 10.0.0.227 "GET /v2.0/ports?device_id=1cbe22c2-9906-495d-ad78-ec99b0954b87 HTTP/1.1" status: 200 len: 210 time: 0.0193706
2026-06-25 23:30:06.687 9 WARNING neutron.scheduler.dhcp_agent_scheduler [None req-8fade594-7a9d-4803-8337-052b4d4c9750 4376c8cb9f314a0b94c15ea55b8c8557 c13d732212464806bc9eea28a221ef7d - - default default] No more DHCP agents
2026-06-25 23:30:06.691 9 WARNING neutron.api.rpc.agentnotifiers.dhcp_rpc_agent_api [None req-8fade594-7a9d-4803-8337-052b4d4c9750 4376c8cb9f314a0b94c15ea55b8c8557 c13d732212464806bc9eea28a221ef7d - - default default] Unable to schedule network 62c8f192-e69b-4c0c-acec-e1c6268c2065: no agents available; will retry on subsequent port and subnet creation events.
2026-06-25 23:30:06.705 9 WARNING neutron.scheduler.dhcp_agent_scheduler [None req-80dfd9d1-fe69-4f44-abf7-b53c8f581d4a 46963e97232842c4816e8b2343a4d083 6b2b1f4bf15c4185aeb76fff62f553cd - - default default] No more DHCP agents
2026-06-25 23:30:06.717 9 WARNING neutron.api.rpc.agentnotifiers.dhcp_rpc_agent_api [None req-80dfd9d1-fe69-4f44-abf7-b53c8f581d4a 46963e97232842c4816e8b2343a4d083 6b2b1f4bf15c4185aeb76fff62f553cd - - default default] Unable to schedule network a6b061e7-ef29-4b14-9ccc-96c438219742: no agents available; will retry on subsequent port and subnet creation events.
2026-06-25 23:30:06.746 10 WARNING neutron.scheduler.dhcp_agent_scheduler [req-6a6eec77-b3ba-4d53-93d1-0d21ea3e8404 req-3e7291ca-45ca-4f7a-b141-6277fb2fb80b 21f4a205b427491d9d7fe4135fa0540b ac886487eb4d4e799e55ed9d3fc714c4 - - default default] No more DHCP agents
2026-06-25 23:30:06.747 10 WARNING neutron.api.rpc.agentnotifiers.dhcp_rpc_agent_api [req-6a6eec77-b3ba-4d53-93d1-0d21ea3e8404 req-3e7291ca-45ca-4f7a-b141-6277fb2fb80b 21f4a205b427491d9d7fe4135fa0540b ac886487eb4d4e799e55ed9d3fc714c4 - - default default] Unable to schedule network bed805db-6605-4806-a48a-a5c3bb089fe9: no agents available; will retry on subsequent port and subnet creation events.
2026-06-25 23:30:06.882 10 INFO neutron.db.ovn_revision_numbers_db [req-6a6eec77-b3ba-4d53-93d1-0d21ea3e8404 req-3e7291ca-45ca-4f7a-b141-6277fb2fb80b 21f4a205b427491d9d7fe4135fa0540b ac886487eb4d4e799e55ed9d3fc714c4 - - default default] Successfully bumped revision number for resource 3fa6d8ee-c5d3-43ed-ab1b-18151e9b5792 (type: ports) to 1
2026-06-25 23:30:06.888 9 INFO neutron.db.ovn_revision_numbers_db [None req-8fade594-7a9d-4803-8337-052b4d4c9750 4376c8cb9f314a0b94c15ea55b8c8557 c13d732212464806bc9eea28a221ef7d - - default default] Successfully bumped revision number for resource feb59e8d-a18e-420f-b7c8-56d1ff7f0eb1 (type: ports) to 1
2026-06-25 23:30:06.899 10 INFO neutron.wsgi [req-6a6eec77-b3ba-4d53-93d1-0d21ea3e8404 req-3e7291ca-45ca-4f7a-b141-6277fb2fb80b 21f4a205b427491d9d7fe4135fa0540b ac886487eb4d4e799e55ed9d3fc714c4 - - default default] 199.204.45.223 "POST /v2.0/ports HTTP/1.1" status: 201 len: 1162 time: 0.5071151 /var/lib/openstack/lib/python3.10/site-packages/pycadf/identifier.py:71: UserWarning: Invalid uuid: neutron. To ensure interoperability, identifiers should be a valid uuid. warnings.warn(('Invalid uuid: %s. To ensure interoperability, '
2026-06-25 23:30:06.944 9 INFO neutron.wsgi [None req-8fade594-7a9d-4803-8337-052b4d4c9750 4376c8cb9f314a0b94c15ea55b8c8557 c13d732212464806bc9eea28a221ef7d - - default default] 10.0.0.89 "POST /v2.0/networks HTTP/1.1" status: 201 len: 852 time: 0.8811636
2026-06-25 23:30:06.954 10 WARNING neutron_lib.context [None req-3d25b9d0-3388-44f7-937e-73d78c6aa4fa 4376c8cb9f314a0b94c15ea55b8c8557 c13d732212464806bc9eea28a221ef7d - - default default] Method 'is_advsvc' is deprecated since 2023.2 release (neutron-lib 3.8.0) and will be removed once support for the old RBAC API policies will be removed from Neutron. Please use method 'is_service_role' instead.
2026-06-25 23:30:07.028 9 WARNING neutron.plugins.ml2.drivers.ovn.mech_driver.ovsdb.ovn_client [None req-aaba1074-abd1-4a59-bbf0-16f74f6b2b65 - - - - - -] No port found with ID 1506b2b5-8499-41b3-9479-60bc88796449: RuntimeError: No port found with ID 1506b2b5-8499-41b3-9479-60bc88796449
2026-06-25 23:30:07.028 9 INFO neutron.plugins.ml2.drivers.ovn.mech_driver.mech_driver [None req-aaba1074-abd1-4a59-bbf0-16f74f6b2b65 - - - - - -] OVN reports status up for port: af85ddde-df02-4bf1-94a8-f5d8555df6ad
2026-06-25 23:30:07.036 9 INFO neutron.db.ovn_revision_numbers_db [None req-80dfd9d1-fe69-4f44-abf7-b53c8f581d4a 46963e97232842c4816e8b2343a4d083 6b2b1f4bf15c4185aeb76fff62f553cd - - default default] Successfully bumped revision number for resource 3f72ba0d-8e63-4f63-9a7e-0a6bbf543298 (type: ports) to 1
2026-06-25 23:30:07.042 9 INFO neutron.plugins.ml2.plugin [None req-aaba1074-abd1-4a59-bbf0-16f74f6b2b65 - - - - - -] Attempt 1 to provision port af85ddde-df02-4bf1-94a8-f5d8555df6ad
2026-06-25 23:30:07.055 10 INFO neutron.db.segments_db [None req-3d25b9d0-3388-44f7-937e-73d78c6aa4fa 4376c8cb9f314a0b94c15ea55b8c8557 c13d732212464806bc9eea28a221ef7d - - default default] Added segment 9e3eb87e-3aae-4c4e-93f1-0d268c4d0d96 of type geneve for network 32345e89-7b92-4e30-8967-3762c4b2e9be
2026-06-25 23:30:07.444 10 WARNING neutron.plugins.ml2.drivers.ovn.mech_driver.ovsdb.ovn_client [None req-80ac8514-3889-44ae-b8d3-40148fbfc6ac - - - - - -] No hosting information found for port 150875d3-4dc1-4a1c-b784-d7e45dc6e9e3: RuntimeError: No hosting information found for port 150875d3-4dc1-4a1c-b784-d7e45dc6e9e3
2026-06-25 23:30:07.463 10 INFO neutron.db.ovn_revision_numbers_db [None req-3d25b9d0-3388-44f7-937e-73d78c6aa4fa 4376c8cb9f314a0b94c15ea55b8c8557 c13d732212464806bc9eea28a221ef7d - - default default] Successfully bumped revision number for resource 32345e89-7b92-4e30-8967-3762c4b2e9be (type: networks) to 1
2026-06-25 23:30:07.510 9 INFO neutron.db.ovn_revision_numbers_db [None req-f03ad374-d053-4b2d-bf7d-5f40966816b4 65a860245d8e429f9d110476a3e461f7 1a03d8c04f0f4ab2828d659c66742c42 - - default default] Successfully bumped revision number for resource a1d8ce64-c786-406f-82a2-adb1f6214e6d (type: routers) to 3
2026-06-25 23:30:07.513 9 INFO neutron.wsgi [None req-f03ad374-d053-4b2d-bf7d-5f40966816b4 65a860245d8e429f9d110476a3e461f7 1a03d8c04f0f4ab2828d659c66742c42 - - default default] 10.0.0.89 "PUT /v2.0/routers/a1d8ce64-c786-406f-82a2-adb1f6214e6d HTTP/1.1" status: 200 len: 880 time: 0.9050386 /var/lib/openstack/lib/python3.10/site-packages/pycadf/identifier.py:71: UserWarning: Invalid uuid: neutron. To ensure interoperability, identifiers should be a valid uuid. warnings.warn(('Invalid uuid: %s. To ensure interoperability, '
2026-06-25 23:30:07.656 10 INFO neutron.wsgi [None req-9898c4d5-14b4-4ee1-99a6-fa7f8d05fc5f 65a860245d8e429f9d110476a3e461f7 1a03d8c04f0f4ab2828d659c66742c42 - - default default] 10.0.0.89 "GET /v2.0/routers/a1d8ce64-c786-406f-82a2-adb1f6214e6d HTTP/1.1" status: 200 len: 880 time: 0.1366005
2026-06-25 23:30:07.704 10 INFO neutron.wsgi [None req-76c425a6-d808-4a4d-b8a8-9e475aab2f38 65a860245d8e429f9d110476a3e461f7 1a03d8c04f0f4ab2828d659c66742c42 - - default default] 10.0.0.89 "GET /v2.0/ports?device_id=a1d8ce64-c786-406f-82a2-adb1f6214e6d HTTP/1.1" status: 200 len: 205 time: 0.0409124
2026-06-25 23:30:07.723 10 WARNING neutron.scheduler.dhcp_agent_scheduler [None req-3d25b9d0-3388-44f7-937e-73d78c6aa4fa 4376c8cb9f314a0b94c15ea55b8c8557 c13d732212464806bc9eea28a221ef7d - - default default] No more DHCP agents
2026-06-25 23:30:07.727 10 WARNING neutron.api.rpc.agentnotifiers.dhcp_rpc_agent_api [None req-3d25b9d0-3388-44f7-937e-73d78c6aa4fa 4376c8cb9f314a0b94c15ea55b8c8557 c13d732212464806bc9eea28a221ef7d - - default default] Unable to schedule network 32345e89-7b92-4e30-8967-3762c4b2e9be: no agents available; will retry on subsequent port and subnet creation events.
2026-06-25 23:30:07.729 10 INFO neutron.db.ovn_revision_numbers_db [req-6a6eec77-b3ba-4d53-93d1-0d21ea3e8404 req-33b409c4-49ad-4bfa-919f-686f182d45e2 4305f2eb0a454ae7afbde0d0e0f17c49 a9466336b3fd40b1bbb1e9a2323ae8bb - - 72461810ce124ffeba27c79f004d6667 72461810ce124ffeba27c79f004d6667] Successfully bumped revision number for resource 3fa6d8ee-c5d3-43ed-ab1b-18151e9b5792 (type: ports) to 2
2026-06-25 23:30:07.790 10 INFO neutron.wsgi [req-91d2d273-b648-40e5-a11a-fb751cc6b913 req-c46eedc7-cf96-4c67-b4de-3e673598e382 21f4a205b427491d9d7fe4135fa0540b ac886487eb4d4e799e55ed9d3fc714c4 - - default default] 10.0.0.227 "GET /v2.0/ports?device_id=1cbe22c2-9906-495d-ad78-ec99b0954b87 HTTP/1.1" status: 200 len: 1172 time: 0.0549748
2026-06-25 23:30:07.858 10 INFO neutron.db.ovn_revision_numbers_db [None req-3d25b9d0-3388-44f7-937e-73d78c6aa4fa 4376c8cb9f314a0b94c15ea55b8c8557 c13d732212464806bc9eea28a221ef7d - - default default] Successfully bumped revision number for resource 3bb1d87b-89b0-4d41-96a7-791e30212bdc (type: ports) to 1
2026-06-25 23:30:07.862 10 INFO neutron.wsgi [req-91d2d273-b648-40e5-a11a-fb751cc6b913 req-e4dc0b6d-74e2-4ee3-ac96-b1efe056a3d1 21f4a205b427491d9d7fe4135fa0540b ac886487eb4d4e799e55ed9d3fc714c4 - - default default] 10.0.0.227 "GET /v2.0/security-groups?id=e4c0a255-1a58-425a-94b5-75ac17c8c803&fields=id&fields=name HTTP/1.1" status: 200 len: 313 time: 0.0629742
2026-06-25 23:30:07.886 10 INFO neutron.wsgi [None req-3d25b9d0-3388-44f7-937e-73d78c6aa4fa 4376c8cb9f314a0b94c15ea55b8c8557 c13d732212464806bc9eea28a221ef7d - - default default] 10.0.0.89 "POST /v2.0/networks HTTP/1.1" status: 201 len: 853 time: 0.9371252
2026-06-25 23:30:07.942 10 INFO neutron.plugins.ml2.drivers.ovn.mech_driver.ovsdb.ovsdb_monitor [None req-507928d0-5282-4fee-ad1f-6d5ed5453567 - - - - - -] Router e8b0ffce-8a94-4f8c-bb6d-d8c0e46c840b is bound to host instance
2026-06-25 23:30:07.989 9 INFO neutron.db.ovn_revision_numbers_db [None req-80dfd9d1-fe69-4f44-abf7-b53c8f581d4a 46963e97232842c4816e8b2343a4d083 6b2b1f4bf15c4185aeb76fff62f553cd - - default default] Successfully bumped revision number for resource 3f72ba0d-8e63-4f63-9a7e-0a6bbf543298 (type: router_ports) to 1
2026-06-25 23:30:08.097 10 INFO neutron.db.ovn_revision_numbers_db [req-6a6eec77-b3ba-4d53-93d1-0d21ea3e8404 req-33b409c4-49ad-4bfa-919f-686f182d45e2 4305f2eb0a454ae7afbde0d0e0f17c49 a9466336b3fd40b1bbb1e9a2323ae8bb - - 72461810ce124ffeba27c79f004d6667 72461810ce124ffeba27c79f004d6667] Successfully bumped revision number for resource 3fa6d8ee-c5d3-43ed-ab1b-18151e9b5792 (type: ports) to 2
2026-06-25 23:30:08.106 9 INFO neutron.db.ovn_revision_numbers_db [None req-80dfd9d1-fe69-4f44-abf7-b53c8f581d4a 46963e97232842c4816e8b2343a4d083 6b2b1f4bf15c4185aeb76fff62f553cd - - default default] Successfully bumped revision number for resource e8b0ffce-8a94-4f8c-bb6d-d8c0e46c840b (type: routers) to 2
2026-06-25 23:30:08.122 9 INFO neutron.wsgi [None req-80dfd9d1-fe69-4f44-abf7-b53c8f581d4a 46963e97232842c4816e8b2343a4d083 6b2b1f4bf15c4185aeb76fff62f553cd - - default default] 10.0.0.89 "POST /v2.0/routers HTTP/1.1" status: 201 len: 874 time: 2.0803225
2026-06-25 23:30:08.124 10 INFO neutron.wsgi [req-6a6eec77-b3ba-4d53-93d1-0d21ea3e8404 req-33b409c4-49ad-4bfa-919f-686f182d45e2 4305f2eb0a454ae7afbde0d0e0f17c49 a9466336b3fd40b1bbb1e9a2323ae8bb - - 72461810ce124ffeba27c79f004d6667 72461810ce124ffeba27c79f004d6667] 199.204.45.223 "PUT /v2.0/ports/3fa6d8ee-c5d3-43ed-ab1b-18151e9b5792 HTTP/1.1" status: 200 len: 1380 time: 1.2142935 /var/lib/openstack/lib/python3.10/site-packages/pycadf/identifier.py:71: UserWarning: Invalid uuid: neutron. To ensure interoperability, identifiers should be a valid uuid. warnings.warn(('Invalid uuid: %s. To ensure interoperability, '
2026-06-25 23:30:08.169 10 INFO neutron.notifiers.nova [-] Nova event matching ['req-a8039a25-a559-49b9-af2b-361696b8d022'] response: {'name': 'network-changed', 'server_uuid': '1cbe22c2-9906-495d-ad78-ec99b0954b87', 'tag': '3fa6d8ee-c5d3-43ed-ab1b-18151e9b5792', 'status': 'completed', 'code': 200}
2026-06-25 23:30:08.198 10 INFO neutron.wsgi [req-6a6eec77-b3ba-4d53-93d1-0d21ea3e8404 req-6973de1b-676b-4f8e-9f29-32307875770d 4305f2eb0a454ae7afbde0d0e0f17c49 a9466336b3fd40b1bbb1e9a2323ae8bb - - 72461810ce124ffeba27c79f004d6667 72461810ce124ffeba27c79f004d6667] 199.204.45.223 "GET /v2.0/ports?tenant_id=ac886487eb4d4e799e55ed9d3fc714c4&device_id=1cbe22c2-9906-495d-ad78-ec99b0954b87 HTTP/1.1" status: 200 len: 1411 time: 0.0398066
2026-06-25 23:30:08.203 9 INFO neutron.wsgi [None req-b9c2fc64-5008-4073-a12a-ce2f0c297d56 1030ffd1afba4af199947b02cd6b6a0a a9fb9699e07c40bc86a3c33bba3d51bd - - default default] 10.0.0.89 "GET /v2.0/subnets?project_id=6b2b1f4bf15c4185aeb76fff62f553cd&cidr=10.100.0.0%2F28 HTTP/1.1" status: 200 len: 207 time: 0.0717304
2026-06-25 23:30:08.234 10 INFO neutron.wsgi [req-6a6eec77-b3ba-4d53-93d1-0d21ea3e8404 req-ef1ff276-9bd1-4052-abb1-8213d14f4d93 4305f2eb0a454ae7afbde0d0e0f17c49 a9466336b3fd40b1bbb1e9a2323ae8bb - - 72461810ce124ffeba27c79f004d6667 72461810ce124ffeba27c79f004d6667] 199.204.45.223 "GET /v2.0/floatingips?fixed_ip_address=10.100.0.14&port_id=3fa6d8ee-c5d3-43ed-ab1b-18151e9b5792 HTTP/1.1" status: 200 len: 217 time: 0.0202761
2026-06-25 23:30:08.298 10 INFO neutron.wsgi [req-6a6eec77-b3ba-4d53-93d1-0d21ea3e8404 req-39859765-2428-46b5-98d3-8290466fa3cd 4305f2eb0a454ae7afbde0d0e0f17c49 a9466336b3fd40b1bbb1e9a2323ae8bb - - 72461810ce124ffeba27c79f004d6667 72461810ce124ffeba27c79f004d6667] 199.204.45.223 "GET /v2.0/subnets?id=0023e111-80f4-47b6-805f-8c338f28dd80 HTTP/1.1" status: 200 len: 868 time: 0.0543954
2026-06-25 23:30:08.299 9 INFO neutron.wsgi [None req-564e6bd0-09f2-435b-aa9f-8cd3dec97224 1030ffd1afba4af199947b02cd6b6a0a a9fb9699e07c40bc86a3c33bba3d51bd - - default default] 10.0.0.89 "GET /v2.0/networks?router%3Aexternal=True HTTP/1.1" status: 200 len: 947 time: 0.0865164
2026-06-25 23:30:08.337 10 INFO neutron.wsgi [None req-c59164d4-ebbc-4288-bf44-a2a492695bfa 1030ffd1afba4af199947b02cd6b6a0a a9fb9699e07c40bc86a3c33bba3d51bd - - default default] 10.0.0.89 "GET /v2.0/subnets?network_id=a6b061e7-ef29-4b14-9ccc-96c438219742&cidr=10.100.0.0%2F28 HTTP/1.1" status: 200 len: 207 time: 0.0225859
2026-06-25 23:30:08.339 10 INFO neutron.wsgi [req-6a6eec77-b3ba-4d53-93d1-0d21ea3e8404 req-ae85080e-e975-4fc8-8989-2108656e686a 4305f2eb0a454ae7afbde0d0e0f17c49 a9466336b3fd40b1bbb1e9a2323ae8bb - - 72461810ce124ffeba27c79f004d6667 72461810ce124ffeba27c79f004d6667] 199.204.45.223 "GET /v2.0/ports?network_id=bed805db-6605-4806-a48a-a5c3bb089fe9&device_owner=network%3Adhcp HTTP/1.1" status: 200 len: 210 time: 0.0325284
2026-06-25 23:30:08.373 10 WARNING neutron_lib.context [None req-2d4f168a-0de5-4f49-8cb8-eecca496f6b6 46963e97232842c4816e8b2343a4d083 6b2b1f4bf15c4185aeb76fff62f553cd - - default default] Method 'is_advsvc' is deprecated since 2023.2 release (neutron-lib 3.8.0) and will be removed once support for the old RBAC API policies will be removed from Neutron. Please use method 'is_service_role' instead.
2026-06-25 23:30:08.383 10 WARNING neutron_lib.context [None req-217f2851-e82e-489d-b2db-48b7e7ec5b2e 4376c8cb9f314a0b94c15ea55b8c8557 c13d732212464806bc9eea28a221ef7d - - default default] Method 'is_advsvc' is deprecated since 2023.2 release (neutron-lib 3.8.0) and will be removed once support for the old RBAC API policies will be removed from Neutron. Please use method 'is_service_role' instead.
2026-06-25 23:30:08.489 10 INFO neutron.wsgi [req-6a6eec77-b3ba-4d53-93d1-0d21ea3e8404 req-26e08557-a2f7-46ac-8151-5469ba58d754 4305f2eb0a454ae7afbde0d0e0f17c49 a9466336b3fd40b1bbb1e9a2323ae8bb - - 72461810ce124ffeba27c79f004d6667 72461810ce124ffeba27c79f004d6667] 199.204.45.223 "GET /v2.0/networks/bed805db-6605-4806-a48a-a5c3bb089fe9?fields=segments HTTP/1.1" status: 200 len: 212 time: 0.1280775
2026-06-25 23:30:08.497 10 WARNING neutron_lib.context [None req-217f2851-e82e-489d-b2db-48b7e7ec5b2e 4376c8cb9f314a0b94c15ea55b8c8557 c13d732212464806bc9eea28a221ef7d - - default default] Method 'is_advsvc' is deprecated since 2023.2 release (neutron-lib 3.8.0) and will be removed once support for the old RBAC API policies will be removed from Neutron. Please use method 'is_service_role' instead.
2026-06-25 23:30:08.633 10 INFO neutron.wsgi [req-6a6eec77-b3ba-4d53-93d1-0d21ea3e8404 req-440313da-d604-467a-b591-fc5de783c5a8 4305f2eb0a454ae7afbde0d0e0f17c49 a9466336b3fd40b1bbb1e9a2323ae8bb - - 72461810ce124ffeba27c79f004d6667 72461810ce124ffeba27c79f004d6667] 199.204.45.223 "GET /v2.0/networks/bed805db-6605-4806-a48a-a5c3bb089fe9?fields=provider%3Aphysical_network&fields=provider%3Anetwork_type HTTP/1.1" status: 200 len: 277 time: 0.1394174
2026-06-25 23:30:08.742 9 INFO neutron.wsgi [None req-bda28058-42f0-472a-8da0-304d0855d480 65a860245d8e429f9d110476a3e461f7 1a03d8c04f0f4ab2828d659c66742c42 - - default default] 10.0.0.89 "DELETE /v2.0/routers/a1d8ce64-c786-406f-82a2-adb1f6214e6d HTTP/1.1" status: 204 len: 168 time: 1.0332568
2026-06-25 23:30:08.743 10 INFO neutron.wsgi [req-97a8446f-a99a-418f-a90e-8c31bc2c8d4a req-f864615f-dda0-4e0d-a17d-c9d5f26c0b9e 4305f2eb0a454ae7afbde0d0e0f17c49 a9466336b3fd40b1bbb1e9a2323ae8bb - - 72461810ce124ffeba27c79f004d6667 72461810ce124ffeba27c79f004d6667] 199.204.45.223 "GET /v2.0/ports?tenant_id=ac886487eb4d4e799e55ed9d3fc714c4&device_id=1cbe22c2-9906-495d-ad78-ec99b0954b87 HTTP/1.1" status: 200 len: 1411 time: 0.0678339
2026-06-25 23:30:08.768 9 INFO neutron.wsgi [None req-468cded4-118f-4317-a260-ccf40a3acd44 65a860245d8e429f9d110476a3e461f7 1a03d8c04f0f4ab2828d659c66742c42 - - default default] 10.0.0.89 "GET /v2.0/ports?device_id=a1d8ce64-c786-406f-82a2-adb1f6214e6d HTTP/1.1" status: 200 len: 205 time: 0.0183372
2026-06-25 23:30:08.808 9 INFO neutron.api.v2.resource [None req-3dce779a-8db9-47c9-85d0-7e7d39ea9ab4 65a860245d8e429f9d110476a3e461f7 1a03d8c04f0f4ab2828d659c66742c42 - - default default] delete failed (client error): The resource could not be found.
2026-06-25 23:30:08.809 9 INFO neutron.wsgi [None req-3dce779a-8db9-47c9-85d0-7e7d39ea9ab4 65a860245d8e429f9d110476a3e461f7 1a03d8c04f0f4ab2828d659c66742c42 - - default default] 10.0.0.89 "DELETE /v2.0/routers/a1d8ce64-c786-406f-82a2-adb1f6214e6d HTTP/1.1" status: 404 len: 336 time: 0.0263684
2026-06-25 23:30:08.848 9 INFO neutron.wsgi [None req-a7a599a1-6b95-4527-8911-519916e08593 65a860245d8e429f9d110476a3e461f7 1a03d8c04f0f4ab2828d659c66742c42 - - default default] 10.0.0.89 "GET /v2.0/ports?device_id=be92b024-d400-4dce-aab4-31093c1abf2c HTTP/1.1" status: 200 len: 205 time: 0.0269868
2026-06-25 23:30:08.877 9 INFO neutron.api.v2.resource [None req-595fda49-3c8a-4f8c-bb40-d5e810158bad 65a860245d8e429f9d110476a3e461f7 1a03d8c04f0f4ab2828d659c66742c42 - - default default] delete failed (client error): The resource could not be found.
2026-06-25 23:30:08.879 9 INFO neutron.wsgi [None req-595fda49-3c8a-4f8c-bb40-d5e810158bad 65a860245d8e429f9d110476a3e461f7 1a03d8c04f0f4ab2828d659c66742c42 - - default default] 10.0.0.89 "DELETE /v2.0/routers/be92b024-d400-4dce-aab4-31093c1abf2c HTTP/1.1" status: 404 len: 336 time: 0.0271637
2026-06-25 23:30:08.908 9 INFO neutron.pecan_wsgi.hooks.translation [None req-18e15fe7-2a1e-47cd-8324-cfed367de7ed 65a860245d8e429f9d110476a3e461f7 1a03d8c04f0f4ab2828d659c66742c42 - - default default] DELETE failed (client error): The resource could not be found.
2026-06-25 23:30:08.910 9 INFO neutron.wsgi [None req-18e15fe7-2a1e-47cd-8324-cfed367de7ed 65a860245d8e429f9d110476a3e461f7 1a03d8c04f0f4ab2828d659c66742c42 - - default default] 10.0.0.89 "DELETE /v2.0/subnets/b585ae96-83e3-4e54-8b0d-bf0eeccd8245 HTTP/1.1" status: 404 len: 337 time: 0.0185077
2026-06-25 23:30:08.934 9 INFO neutron.wsgi [None req-87f609ea-7b80-48bb-917c-9ed221e19fbd 65a860245d8e429f9d110476a3e461f7 1a03d8c04f0f4ab2828d659c66742c42 - - default default] 10.0.0.89 "GET /v2.0/ports?device_id=4046c666-cecc-43a8-8f2d-3ffbe958436d HTTP/1.1" status: 200 len: 205 time: 0.0186818
2026-06-25 23:30:08.962 9 INFO neutron.api.v2.resource [None req-25fe3a8c-e449-40db-b30e-93996663ead1 65a860245d8e429f9d110476a3e461f7 1a03d8c04f0f4ab2828d659c66742c42 - - default default] delete failed (client error): The resource could not be found.
2026-06-25 23:30:08.963 9 INFO neutron.wsgi [None req-25fe3a8c-e449-40db-b30e-93996663ead1 65a860245d8e429f9d110476a3e461f7 1a03d8c04f0f4ab2828d659c66742c42 - - default default] 10.0.0.89 "DELETE /v2.0/routers/4046c666-cecc-43a8-8f2d-3ffbe958436d HTTP/1.1" status: 404 len: 336 time: 0.0250030
2026-06-25 23:30:08.986 9 INFO neutron.pecan_wsgi.hooks.translation [None req-e6bd2f64-3744-4e2b-bca7-fcc4b99466f1 65a860245d8e429f9d110476a3e461f7 1a03d8c04f0f4ab2828d659c66742c42 - - default default] DELETE failed (client error): The resource could not be found.
2026-06-25 23:30:08.988 9 INFO neutron.wsgi [None req-e6bd2f64-3744-4e2b-bca7-fcc4b99466f1 65a860245d8e429f9d110476a3e461f7 1a03d8c04f0f4ab2828d659c66742c42 - - default default] 10.0.0.89 "DELETE /v2.0/subnets/99e3e2da-a9c4-4dda-89ff-c2f0b7417955 HTTP/1.1" status: 404 len: 337 time: 0.0186255
2026-06-25 23:30:09.015 9 INFO neutron.wsgi [None req-1b8d6240-8660-46e4-9319-473a3c3fb8e8 65a860245d8e429f9d110476a3e461f7 1a03d8c04f0f4ab2828d659c66742c42 - - default default] 10.0.0.89 "GET /v2.0/ports?device_id=9bffba07-2389-43c2-a118-0749d9de9cda HTTP/1.1" status: 200 len: 205 time: 0.0203462
2026-06-25 23:30:09.045 9 INFO neutron.api.v2.resource [None req-570cd47c-531e-4547-a2e2-4d34e869edc9 65a860245d8e429f9d110476a3e461f7 1a03d8c04f0f4ab2828d659c66742c42 - - default default] delete failed (client error): The resource could not be found.
2026-06-25 23:30:09.047 9 INFO neutron.wsgi [None req-570cd47c-531e-4547-a2e2-4d34e869edc9 65a860245d8e429f9d110476a3e461f7 1a03d8c04f0f4ab2828d659c66742c42 - - default default] 10.0.0.89 "DELETE /v2.0/routers/9bffba07-2389-43c2-a118-0749d9de9cda HTTP/1.1" status: 404 len: 336 time: 0.0247061
2026-06-25 23:30:09.066 9 INFO neutron.pecan_wsgi.hooks.translation [None req-14669d27-0f8b-46fb-9535-2888f095bd97 65a860245d8e429f9d110476a3e461f7 1a03d8c04f0f4ab2828d659c66742c42 - - default default] DELETE failed (client error): The resource could not be found.
2026-06-25 23:30:09.068 9 INFO neutron.wsgi [None req-14669d27-0f8b-46fb-9535-2888f095bd97 65a860245d8e429f9d110476a3e461f7 1a03d8c04f0f4ab2828d659c66742c42 - - default default] 10.0.0.89 "DELETE /v2.0/subnets/293c8d5c-1d83-4302-aef6-c3051721a404 HTTP/1.1" status: 404 len: 337 time: 0.0168099
2026-06-25 23:30:09.092 9 INFO neutron.pecan_wsgi.hooks.translation [None req-fbfe5f70-2b96-420b-ae2e-20a1300786a7 65a860245d8e429f9d110476a3e461f7 1a03d8c04f0f4ab2828d659c66742c42 - - default default] DELETE failed (client error): The resource could not be found.
2026-06-25 23:30:09.094 9 INFO neutron.wsgi [None req-fbfe5f70-2b96-420b-ae2e-20a1300786a7 65a860245d8e429f9d110476a3e461f7 1a03d8c04f0f4ab2828d659c66742c42 - - default default] 10.0.0.89 "DELETE /v2.0/subnets/12c9256a-e781-49dc-9458-eba1315e1f5c HTTP/1.1" status: 404 len: 337 time: 0.0199349
2026-06-25 23:30:09.200 10 INFO neutron.wsgi [req-97a8446f-a99a-418f-a90e-8c31bc2c8d4a req-10129881-477f-442e-a840-94e9b235c8eb 4305f2eb0a454ae7afbde0d0e0f17c49 a9466336b3fd40b1bbb1e9a2323ae8bb - - 72461810ce124ffeba27c79f004d6667 72461810ce124ffeba27c79f004d6667] 199.204.45.223 "GET /v2.0/networks?id=bed805db-6605-4806-a48a-a5c3bb089fe9 HTTP/1.1" status: 200 len: 972 time: 0.4457479
2026-06-25 23:30:09.211 10 INFO neutron.wsgi [req-8c150ed2-c23f-41a2-83b2-958fe3865f62 req-da890679-459a-4fe7-a900-f60b04f335b4 21f4a205b427491d9d7fe4135fa0540b ac886487eb4d4e799e55ed9d3fc714c4 - - default default] 10.0.0.227 "GET /v2.0/ports?device_id=1cbe22c2-9906-495d-ad78-ec99b0954b87 HTTP/1.1" status: 200 len: 1172 time: 0.0994627
2026-06-25 23:30:09.224 10 WARNING neutron.scheduler.dhcp_agent_scheduler [None req-2d4f168a-0de5-4f49-8cb8-eecca496f6b6 46963e97232842c4816e8b2343a4d083 6b2b1f4bf15c4185aeb76fff62f553cd - - default default] No more DHCP agents
2026-06-25 23:30:09.241 10 WARNING neutron.api.rpc.agentnotifiers.dhcp_rpc_agent_api [None req-2d4f168a-0de5-4f49-8cb8-eecca496f6b6 46963e97232842c4816e8b2343a4d083 6b2b1f4bf15c4185aeb76fff62f553cd - - default default] Unable to schedule network dab8d3ce-c796-4f37-b303-36e631b5d7a8: no agents available; will retry on subsequent port and subnet creation events.
2026-06-25 23:30:09.244 10 INFO neutron.wsgi [req-97a8446f-a99a-418f-a90e-8c31bc2c8d4a req-aa15a781-5854-4410-9acf-fa1bfeea19c0 4305f2eb0a454ae7afbde0d0e0f17c49 a9466336b3fd40b1bbb1e9a2323ae8bb - - 72461810ce124ffeba27c79f004d6667 72461810ce124ffeba27c79f004d6667] 199.204.45.223 "GET /v2.0/floatingips?fixed_ip_address=10.100.0.14&port_id=3fa6d8ee-c5d3-43ed-ab1b-18151e9b5792 HTTP/1.1" status: 200 len: 217 time: 0.0317049
2026-06-25 23:30:09.247 10 INFO neutron.db.ovn_revision_numbers_db [None req-507928d0-5282-4fee-ad1f-6d5ed5453567 - - - - - -] Successfully bumped revision number for resource 3f72ba0d-8e63-4f63-9a7e-0a6bbf543298 (type: ports) to 1
2026-06-25 23:30:09.343 10 INFO neutron.wsgi [req-97a8446f-a99a-418f-a90e-8c31bc2c8d4a req-8ad052d8-5486-478b-bb9b-0f35a1141dc4 4305f2eb0a454ae7afbde0d0e0f17c49 a9466336b3fd40b1bbb1e9a2323ae8bb - - 72461810ce124ffeba27c79f004d6667 72461810ce124ffeba27c79f004d6667] 199.204.45.223 "GET /v2.0/subnets?id=0023e111-80f4-47b6-805f-8c338f28dd80 HTTP/1.1" status: 200 len: 868 time: 0.0825064
2026-06-25 23:30:09.348 10 INFO neutron.wsgi [req-8c150ed2-c23f-41a2-83b2-958fe3865f62 req-2bc45816-42b9-4344-b29d-bccd8decafab 21f4a205b427491d9d7fe4135fa0540b ac886487eb4d4e799e55ed9d3fc714c4 - - default default] 10.0.0.227 "GET /v2.0/security-groups?id=e4c0a255-1a58-425a-94b5-75ac17c8c803&fields=id&fields=name HTTP/1.1" status: 200 len: 313 time: 0.1248109
2026-06-25 23:30:09.383 10 INFO neutron.wsgi [req-97a8446f-a99a-418f-a90e-8c31bc2c8d4a req-af4e4e19-5c76-4a53-a24f-02ba68ccd9c2 4305f2eb0a454ae7afbde0d0e0f17c49 a9466336b3fd40b1bbb1e9a2323ae8bb - - 72461810ce124ffeba27c79f004d6667 72461810ce124ffeba27c79f004d6667] 199.204.45.223 "GET /v2.0/ports?network_id=bed805db-6605-4806-a48a-a5c3bb089fe9&device_owner=network%3Adhcp HTTP/1.1" status: 200 len: 210 time: 0.0328982
2026-06-25 23:30:09.531 10 INFO neutron.wsgi [req-97a8446f-a99a-418f-a90e-8c31bc2c8d4a req-739dc97d-f90f-4ce8-b300-baeb0e78fa16 4305f2eb0a454ae7afbde0d0e0f17c49 a9466336b3fd40b1bbb1e9a2323ae8bb - - 72461810ce124ffeba27c79f004d6667 72461810ce124ffeba27c79f004d6667] 199.204.45.223 "GET /v2.0/networks/bed805db-6605-4806-a48a-a5c3bb089fe9?fields=segments HTTP/1.1" status: 200 len: 212 time: 0.1388791
2026-06-25 23:30:09.677 10 INFO neutron.wsgi [req-97a8446f-a99a-418f-a90e-8c31bc2c8d4a req-3c62f523-d6c1-4a87-a9b7-2f2e400a2f8a 4305f2eb0a454ae7afbde0d0e0f17c49 a9466336b3fd40b1bbb1e9a2323ae8bb - - 72461810ce124ffeba27c79f004d6667 72461810ce124ffeba27c79f004d6667] 199.204.45.223 "GET /v2.0/networks/bed805db-6605-4806-a48a-a5c3bb089fe9?fields=provider%3Aphysical_network&fields=provider%3Anetwork_type HTTP/1.1" status: 200 len: 277 time: 0.1361601
2026-06-25 23:30:09.726 9 INFO neutron.wsgi [None req-33c9d060-21d4-45f7-af8e-31793244dcb5 9089057e8b3b45cbba9ee2e7a472e3b0 72744b09b8ba48b8a3e6b17504fc11fd - - default default] 10.0.0.89 "GET /v2.0/security-groups?tenant_id=1a03d8c04f0f4ab2828d659c66742c42&name=default HTTP/1.1" status: 200 len: 2996 time: 0.1063185
2026-06-25 23:30:09.746 10 WARNING neutron.scheduler.dhcp_agent_scheduler [None req-217f2851-e82e-489d-b2db-48b7e7ec5b2e 4376c8cb9f314a0b94c15ea55b8c8557 c13d732212464806bc9eea28a221ef7d - - default default] No more DHCP agents
2026-06-25 23:30:09.753 10 WARNING neutron.api.rpc.agentnotifiers.dhcp_rpc_agent_api [None req-217f2851-e82e-489d-b2db-48b7e7ec5b2e 4376c8cb9f314a0b94c15ea55b8c8557 c13d732212464806bc9eea28a221ef7d - - default default] Unable to schedule network 62c8f192-e69b-4c0c-acec-e1c6268c2065: no agents available; will retry on subsequent port and subnet creation events.
2026-06-25 23:30:09.807 10 INFO neutron.db.ovn_revision_numbers_db [None req-507928d0-5282-4fee-ad1f-6d5ed5453567 - - - - - -] Successfully bumped revision number for resource 3f72ba0d-8e63-4f63-9a7e-0a6bbf543298 (type: router_ports) to 3
2026-06-25 23:30:09.828 10 INFO neutron.db.ovn_revision_numbers_db [None req-217f2851-e82e-489d-b2db-48b7e7ec5b2e 4376c8cb9f314a0b94c15ea55b8c8557 c13d732212464806bc9eea28a221ef7d - - default default] Successfully bumped revision number for resource 7e50ccd2-2426-4b5b-8574-a6a39524fb67 (type: subnets) to 0
2026-06-25 23:30:09.863 10 WARNING neutron.scheduler.dhcp_agent_scheduler [None req-217f2851-e82e-489d-b2db-48b7e7ec5b2e 4376c8cb9f314a0b94c15ea55b8c8557 c13d732212464806bc9eea28a221ef7d - - default default] No more DHCP agents
2026-06-25 23:30:09.868 10 WARNING neutron.api.rpc.agentnotifiers.dhcp_rpc_agent_api [None req-217f2851-e82e-489d-b2db-48b7e7ec5b2e 4376c8cb9f314a0b94c15ea55b8c8557 c13d732212464806bc9eea28a221ef7d - - default default] Unable to schedule network 32345e89-7b92-4e30-8967-3762c4b2e9be: no agents available; will retry on subsequent port and subnet creation events.
2026-06-25 23:30:09.958 10 INFO neutron.db.ovn_revision_numbers_db [None req-217f2851-e82e-489d-b2db-48b7e7ec5b2e 4376c8cb9f314a0b94c15ea55b8c8557 c13d732212464806bc9eea28a221ef7d - - default default] Successfully bumped revision number for resource 9e9371ed-5c9b-4889-bd79-a88988ef4576 (type: subnets) to 0
2026-06-25 23:30:09.987 10 INFO neutron.wsgi [None req-217f2851-e82e-489d-b2db-48b7e7ec5b2e 4376c8cb9f314a0b94c15ea55b8c8557 c13d732212464806bc9eea28a221ef7d - - default default] 10.0.0.89 "POST /v2.0/subnets HTTP/1.1" status: 201 len: 1476 time: 1.6254203
2026-06-25 23:30:10.088 9 INFO neutron.wsgi [None req-aa7f681b-4223-4541-b637-a81a01bd0d70 4376c8cb9f314a0b94c15ea55b8c8557 c13d732212464806bc9eea28a221ef7d - - default default] 10.0.0.89 "GET /v2.0/subnets HTTP/1.1" status: 200 len: 2084 time: 0.0947118
2026-06-25 23:30:10.103 10 INFO neutron.db.ovn_revision_numbers_db [None req-507928d0-5282-4fee-ad1f-6d5ed5453567 - - - - - -] Successfully bumped revision number for resource 3f72ba0d-8e63-4f63-9a7e-0a6bbf543298 (type: ports) to 2
2026-06-25 23:30:10.191 10 INFO neutron.wsgi [None req-73eac33b-798f-40a1-b24d-7fb108286f27 9089057e8b3b45cbba9ee2e7a472e3b0 72744b09b8ba48b8a3e6b17504fc11fd - - default default] 10.0.0.89 "DELETE /v2.0/security-groups/5ff23934-ba8c-4762-a546-a29d9b8019cc HTTP/1.1" status: 204 len: 168 time: 0.4546182
2026-06-25 23:30:10.247 10 INFO neutron.db.ovn_revision_numbers_db [None req-2d4f168a-0de5-4f49-8cb8-eecca496f6b6 46963e97232842c4816e8b2343a4d083 6b2b1f4bf15c4185aeb76fff62f553cd - - default default] Successfully bumped revision number for resource 6ebfdafc-0a9c-4969-b080-be0f1045d799 (type: ports) to 2
2026-06-25 23:30:10.293 10 INFO neutron.db.ovn_revision_numbers_db [None req-2d4f168a-0de5-4f49-8cb8-eecca496f6b6 46963e97232842c4816e8b2343a4d083 6b2b1f4bf15c4185aeb76fff62f553cd - - default default] Successfully bumped revision number for resource 2c8b4969-2f3c-43fc-9784-f666ab442d03 (type: subnets) to 0
2026-06-25 23:30:10.312 10 INFO neutron.wsgi [None req-2d4f168a-0de5-4f49-8cb8-eecca496f6b6 46963e97232842c4816e8b2343a4d083 6b2b1f4bf15c4185aeb76fff62f553cd - - default default] 10.0.0.89 "POST /v2.0/subnets HTTP/1.1" status: 201 len: 831 time: 1.9466705
2026-06-25 23:30:10.377 10 INFO neutron.wsgi [-] 10.0.0.131 "GET / HTTP/1.1" status: 200 len: 247 time: 0.0012479
2026-06-25 23:30:10.379 10 INFO neutron.wsgi [-] 10.0.0.131 "GET / HTTP/1.1" status: 200 len: 247 time: 0.0011799
2026-06-25 23:30:10.464 10 INFO neutron.db.ovn_revision_numbers_db [None req-507928d0-5282-4fee-ad1f-6d5ed5453567 - - - - - -] Successfully bumped revision number for resource 3f72ba0d-8e63-4f63-9a7e-0a6bbf543298 (type: ports) to 4
2026-06-25 23:30:10.506 9 INFO neutron.wsgi [None req-ab7d89a9-0b19-40f5-ba5a-ee1b2640c23e 4376c8cb9f314a0b94c15ea55b8c8557 c13d732212464806bc9eea28a221ef7d - - default default] 10.0.0.89 "DELETE /v2.0/subnets/7e50ccd2-2426-4b5b-8574-a6a39524fb67 HTTP/1.1" status: 204 len: 168 time: 0.3987868
2026-06-25 23:30:10.584 10 INFO neutron.wsgi [req-b2dc2ad5-4b1e-4e41-8d9c-c6ea462b192f req-e16011b2-6ddf-415e-80a5-6845eb0749e1 21f4a205b427491d9d7fe4135fa0540b ac886487eb4d4e799e55ed9d3fc714c4 - - default default] 10.0.0.227 "GET /v2.0/ports?device_id=1cbe22c2-9906-495d-ad78-ec99b0954b87 HTTP/1.1" status: 200 len: 1172 time: 0.1676521
2026-06-25 23:30:10.658 10 INFO neutron.wsgi [req-b2dc2ad5-4b1e-4e41-8d9c-c6ea462b192f req-279d6fa4-8d07-42a9-8f48-4983d9029202 21f4a205b427491d9d7fe4135fa0540b ac886487eb4d4e799e55ed9d3fc714c4 - - default default] 10.0.0.227 "GET /v2.0/security-groups?id=e4c0a255-1a58-425a-94b5-75ac17c8c803&fields=id&fields=name HTTP/1.1" status: 200 len: 313 time: 0.0656743
2026-06-25 23:30:10.667 9 INFO neutron.wsgi [None req-021567a0-23ad-4bd9-9419-9de4f4fa8f7e 4376c8cb9f314a0b94c15ea55b8c8557 c13d732212464806bc9eea28a221ef7d - - default default] 10.0.0.89 "DELETE /v2.0/subnets/9e9371ed-5c9b-4889-bd79-a88988ef4576 HTTP/1.1" status: 204 len: 168 time: 0.1564660
2026-06-25 23:30:10.718 9 INFO neutron.wsgi [None req-306c5c73-999c-491d-b3ba-fe8cee9ff857 4376c8cb9f314a0b94c15ea55b8c8557 c13d732212464806bc9eea28a221ef7d - - default default] 10.0.0.89 "GET /v2.0/subnets HTTP/1.1" status: 200 len: 820 time: 0.0449612
2026-06-25 23:30:10.726 10 INFO neutron.db.ovn_revision_numbers_db [None req-507928d0-5282-4fee-ad1f-6d5ed5453567 - - - - - -] Successfully bumped revision number for resource 3f72ba0d-8e63-4f63-9a7e-0a6bbf543298 (type: router_ports) to 4
2026-06-25 23:30:11.074 9 INFO neutron.services.segments.plugin [-] Segment 9e3eb87e-3aae-4c4e-93f1-0d268c4d0d96 resource provider aggregate not found
2026-06-25 23:30:11.079 9 INFO neutron.services.segments.plugin [-] Segment 9e3eb87e-3aae-4c4e-93f1-0d268c4d0d96 resource provider aggregate not found
2026-06-25 23:30:11.093 9 INFO neutron.services.segments.plugin [-] Segment 9e3eb87e-3aae-4c4e-93f1-0d268c4d0d96 resource provider not found; error: Placement Client Error (4xx): {"errors": [{"status": 404, "title": "Not Found", "detail": "The resource could not be found.\n\n No resource provider with uuid 9e3eb87e-3aae-4c4e-93f1-0d268c4d0d96 found for delete ", "request_id": "req-9c7131d6-cfa6-41cf-a617-c1b150b23629"}]}
2026-06-25 23:30:11.094 9 INFO neutron.services.segments.plugin [-] Segment 9e3eb87e-3aae-4c4e-93f1-0d268c4d0d96 resource provider not found; error: Placement Client Error (4xx): {"errors": [{"status": 404, "title": "Not Found", "detail": "The resource could not be found.\n\n No resource provider with uuid 9e3eb87e-3aae-4c4e-93f1-0d268c4d0d96 found for delete ", "request_id": "req-43a3fbe1-7fea-48d1-a125-8de9dbc5ed6c"}]}
2026-06-25 23:30:11.117 9 INFO neutron.wsgi [None req-5d5543a3-e139-471f-a843-2bf9b9d48a71 4376c8cb9f314a0b94c15ea55b8c8557 c13d732212464806bc9eea28a221ef7d - - default default] 10.0.0.89 "DELETE /v2.0/networks/32345e89-7b92-4e30-8967-3762c4b2e9be HTTP/1.1" status: 204 len: 168 time: 0.3938916
2026-06-25 23:30:11.309 10 WARNING neutron.scheduler.dhcp_agent_scheduler [None req-b3942408-95f0-47df-8643-5e86218cef32 46963e97232842c4816e8b2343a4d083 6b2b1f4bf15c4185aeb76fff62f553cd - - default default] No more DHCP agents
2026-06-25 23:30:11.312 10 WARNING neutron.api.rpc.agentnotifiers.dhcp_rpc_agent_api [None req-b3942408-95f0-47df-8643-5e86218cef32 46963e97232842c4816e8b2343a4d083 6b2b1f4bf15c4185aeb76fff62f553cd - - default default] Unable to schedule network dab8d3ce-c796-4f37-b303-36e631b5d7a8: no agents available; will retry on subsequent port and subnet creation events.
2026-06-25 23:30:11.524 10 INFO neutron.db.ovn_revision_numbers_db [None req-b3942408-95f0-47df-8643-5e86218cef32 46963e97232842c4816e8b2343a4d083 6b2b1f4bf15c4185aeb76fff62f553cd - - default default] Successfully bumped revision number for resource 02ba9047-e932-4fd0-9d1d-9124f7aa513f (type: ports) to 1
2026-06-25 23:30:11.536 10 INFO neutron.services.segments.plugin [-] Segment a01cf388-e50e-43c6-96de-068ea71b98e9 resource provider aggregate not found
2026-06-25 23:30:11.540 10 INFO neutron.services.segments.plugin [-] Segment a01cf388-e50e-43c6-96de-068ea71b98e9 resource provider aggregate not found
2026-06-25 23:30:11.552 10 INFO neutron.services.segments.plugin [-] Segment a01cf388-e50e-43c6-96de-068ea71b98e9 resource provider not found; error: Placement Client Error (4xx): {"errors": [{"status": 404, "title": "Not Found", "detail": "The resource could not be found.\n\n No resource provider with uuid a01cf388-e50e-43c6-96de-068ea71b98e9 found for delete ", "request_id": "req-0b732ef0-bf3a-4985-adf1-fc819a8eb099"}]}
2026-06-25 23:30:11.554 10 INFO neutron.services.segments.plugin [-] Segment a01cf388-e50e-43c6-96de-068ea71b98e9 resource provider not found; error: Placement Client Error (4xx): {"errors": [{"status": 404, "title": "Not Found", "detail": "The resource could not be found.\n\n No resource provider with uuid a01cf388-e50e-43c6-96de-068ea71b98e9 found for delete ", "request_id": "req-2595a4aa-b748-4458-8df0-548c7ddbe51d"}]}
2026-06-25 23:30:11.585 10 INFO neutron.wsgi [None req-4599f2a6-55a0-4a51-b7b3-2ec619c27d6b 4376c8cb9f314a0b94c15ea55b8c8557 c13d732212464806bc9eea28a221ef7d - - default default] 10.0.0.89 "DELETE /v2.0/networks/62c8f192-e69b-4c0c-acec-e1c6268c2065 HTTP/1.1" status: 204 len: 168 time: 0.4634089
2026-06-25 23:30:11.769 10 INFO neutron.wsgi [req-725a35d3-c775-4111-9547-7570c1da8b60 req-42aa3106-cc08-4ec6-97e8-acd5e2341842 21f4a205b427491d9d7fe4135fa0540b ac886487eb4d4e799e55ed9d3fc714c4 - - default default] 10.0.0.227 "GET /v2.0/ports?device_id=1cbe22c2-9906-495d-ad78-ec99b0954b87 HTTP/1.1" status: 200 len: 1172 time: 0.0473537
2026-06-25 23:30:11.825 10 INFO neutron.wsgi [req-725a35d3-c775-4111-9547-7570c1da8b60 req-b441413a-3f55-4570-9884-abe9f094280b 21f4a205b427491d9d7fe4135fa0540b ac886487eb4d4e799e55ed9d3fc714c4 - - default default] 10.0.0.227 "GET /v2.0/security-groups?id=e4c0a255-1a58-425a-94b5-75ac17c8c803&fields=id&fields=name HTTP/1.1" status: 200 len: 313 time: 0.0453792
2026-06-25 23:30:12.043 10 WARNING neutron_lib.context [None req-5bea181e-9e99-482b-b8ab-cc1ba310f051 90ed24d6ae9a4aa9974e151adaea64c2 8b7bf0f12bc04e329eb42a571b57348e - - default default] Method 'is_advsvc' is deprecated since 2023.2 release (neutron-lib 3.8.0) and will be removed once support for the old RBAC API policies will be removed from Neutron. Please use method 'is_service_role' instead.
2026-06-25 23:30:12.050 10 INFO neutron.plugins.ml2.drivers.ovn.mech_driver.mech_driver [None req-80ac8514-3889-44ae-b8d3-40148fbfc6ac - - - - - -] OVN reports status up for port: 02ba9047-e932-4fd0-9d1d-9124f7aa513f
2026-06-25 23:30:12.054 9 INFO neutron.wsgi [None req-b51f520e-4ef1-41aa-9816-4ab5ff41d9d6 4376c8cb9f314a0b94c15ea55b8c8557 c13d732212464806bc9eea28a221ef7d - - default default] 10.0.0.89 "DELETE /v2.0/networks/b315a22f-45f7-46be-84e8-69a66fa64aee HTTP/1.1" status: 204 len: 168 time: 0.4656947
2026-06-25 23:30:12.068 10 INFO neutron.plugins.ml2.plugin [None req-80ac8514-3889-44ae-b8d3-40148fbfc6ac - - - - - -] Attempt 1 to provision port 02ba9047-e932-4fd0-9d1d-9124f7aa513f
2026-06-25 23:30:12.091 10 INFO neutron.db.ovn_revision_numbers_db [None req-b3942408-95f0-47df-8643-5e86218cef32 46963e97232842c4816e8b2343a4d083 6b2b1f4bf15c4185aeb76fff62f553cd - - default default] Successfully bumped revision number for resource 02ba9047-e932-4fd0-9d1d-9124f7aa513f (type: router_ports) to 1
2026-06-25 23:30:12.218 9 WARNING neutron.plugins.ml2.drivers.ovn.mech_driver.ovsdb.ovn_client [None req-aaba1074-abd1-4a59-bbf0-16f74f6b2b65 - - - - - -] No port found with ID af85ddde-df02-4bf1-94a8-f5d8555df6ad: RuntimeError: No port found with ID af85ddde-df02-4bf1-94a8-f5d8555df6ad
2026-06-25 23:30:12.219 9 INFO neutron.plugins.ml2.drivers.ovn.mech_driver.mech_driver [None req-aaba1074-abd1-4a59-bbf0-16f74f6b2b65 - - - - - -] OVN reports status up for port: 3f72ba0d-8e63-4f63-9a7e-0a6bbf543298
2026-06-25 23:30:12.233 9 INFO neutron.plugins.ml2.plugin [None req-aaba1074-abd1-4a59-bbf0-16f74f6b2b65 - - - - - -] Attempt 1 to provision port 3f72ba0d-8e63-4f63-9a7e-0a6bbf543298
2026-06-25 23:30:12.287 10 INFO neutron.db.ovn_revision_numbers_db [None req-5bea181e-9e99-482b-b8ab-cc1ba310f051 90ed24d6ae9a4aa9974e151adaea64c2 8b7bf0f12bc04e329eb42a571b57348e - - default default] Successfully bumped revision number for resource e614f416-6608-49ce-aa74-c7683b0b4545 (type: security_groups) to 1
2026-06-25 23:30:12.317 10 INFO neutron.db.ovn_revision_numbers_db [None req-5bea181e-9e99-482b-b8ab-cc1ba310f051 90ed24d6ae9a4aa9974e151adaea64c2 8b7bf0f12bc04e329eb42a571b57348e - - default default] Successfully bumped revision number for resource 17ad6462-614e-43c0-aba3-78aea1be1ddd (type: security_group_rules) to 0
2026-06-25 23:30:12.319 10 INFO neutron.db.ovn_revision_numbers_db [None req-b3942408-95f0-47df-8643-5e86218cef32 46963e97232842c4816e8b2343a4d083 6b2b1f4bf15c4185aeb76fff62f553cd - - default default] Successfully bumped revision number for resource 02ba9047-e932-4fd0-9d1d-9124f7aa513f (type: ports) to 1
2026-06-25 23:30:12.332 9 INFO neutron.plugins.ml2.drivers.ovn.mech_driver.mech_driver [None req-aaba1074-abd1-4a59-bbf0-16f74f6b2b65 - - - - - -] OVN reports status up for port: 3fa6d8ee-c5d3-43ed-ab1b-18151e9b5792
2026-06-25 23:30:12.339 10 INFO neutron.db.ovn_revision_numbers_db [None req-5bea181e-9e99-482b-b8ab-cc1ba310f051 90ed24d6ae9a4aa9974e151adaea64c2 8b7bf0f12bc04e329eb42a571b57348e - - default default] Successfully bumped revision number for resource 57c8dce4-47a4-4cbf-a21e-aa4b1ec54fc4 (type: security_group_rules) to 0
2026-06-25 23:30:12.345 9 INFO neutron.plugins.ml2.plugin [None req-aaba1074-abd1-4a59-bbf0-16f74f6b2b65 - - - - - -] Attempt 1 to provision port 3fa6d8ee-c5d3-43ed-ab1b-18151e9b5792
2026-06-25 23:30:12.370 10 INFO neutron.db.ovn_revision_numbers_db [None req-5bea181e-9e99-482b-b8ab-cc1ba310f051 90ed24d6ae9a4aa9974e151adaea64c2 8b7bf0f12bc04e329eb42a571b57348e - - default default] Successfully bumped revision number for resource be60eefc-f031-4bd2-9e48-f9e53bb3f57f (type: security_group_rules) to 0
2026-06-25 23:30:12.397 10 INFO neutron.db.ovn_revision_numbers_db [None req-5bea181e-9e99-482b-b8ab-cc1ba310f051 90ed24d6ae9a4aa9974e151adaea64c2 8b7bf0f12bc04e329eb42a571b57348e - - default default] Successfully bumped revision number for resource f44ecfd7-2178-44fa-840a-7d809c708a78 (type: security_group_rules) to 0
2026-06-25 23:30:12.425 9 INFO neutron.wsgi [None req-2091bce6-ebd0-4f02-80b2-cab04775f43b 4376c8cb9f314a0b94c15ea55b8c8557 c13d732212464806bc9eea28a221ef7d - - default default] 10.0.0.89 "DELETE /v2.0/networks/4e5ff05a-5af6-46d6-9347-830a1b146365 HTTP/1.1" status: 204 len: 168 time: 0.3649061
2026-06-25 23:30:12.451 10 WARNING neutron.scheduler.dhcp_agent_scheduler [None req-b3942408-95f0-47df-8643-5e86218cef32 46963e97232842c4816e8b2343a4d083 6b2b1f4bf15c4185aeb76fff62f553cd - - default default] No more DHCP agents
2026-06-25 23:30:12.454 10 WARNING neutron.api.rpc.agentnotifiers.dhcp_rpc_agent_api [None req-b3942408-95f0-47df-8643-5e86218cef32 46963e97232842c4816e8b2343a4d083 6b2b1f4bf15c4185aeb76fff62f553cd - - default default] Unable to schedule network dab8d3ce-c796-4f37-b303-36e631b5d7a8: no agents available; will retry on subsequent port and subnet creation events.
2026-06-25 23:30:12.475 9 INFO neutron.notifiers.nova [-] Nova event matching ['req-56f8d064-366b-4e56-96cc-c40a1e67af20'] response: {'server_uuid': '1cbe22c2-9906-495d-ad78-ec99b0954b87', 'name': 'network-vif-plugged', 'status': 'completed', 'tag': '3fa6d8ee-c5d3-43ed-ab1b-18151e9b5792', 'code': 200}
2026-06-25 23:30:12.478 10 INFO neutron.db.ovn_revision_numbers_db [None req-80ac8514-3889-44ae-b8d3-40148fbfc6ac - - - - - -] Successfully bumped revision number for resource 02ba9047-e932-4fd0-9d1d-9124f7aa513f (type: ports) to 2
2026-06-25 23:30:12.582 10 INFO neutron.db.ovn_revision_numbers_db [None req-5bea181e-9e99-482b-b8ab-cc1ba310f051 90ed24d6ae9a4aa9974e151adaea64c2 8b7bf0f12bc04e329eb42a571b57348e - - default default] Successfully bumped revision number for resource fe056427-3351-48d1-8482-d426697d834b (type: security_groups) to 1
2026-06-25 23:30:12.599 10 INFO neutron.db.ovn_revision_numbers_db [None req-5bea181e-9e99-482b-b8ab-cc1ba310f051 90ed24d6ae9a4aa9974e151adaea64c2 8b7bf0f12bc04e329eb42a571b57348e - - default default] Successfully bumped revision number for resource 322549e9-fd8b-42e0-a5b1-21c4efb2af91 (type: security_group_rules) to 0
2026-06-25 23:30:12.607 9 INFO neutron.db.ovn_revision_numbers_db [None req-aaba1074-abd1-4a59-bbf0-16f74f6b2b65 - - - - - -] Successfully bumped revision number for resource 3fa6d8ee-c5d3-43ed-ab1b-18151e9b5792 (type: ports) to 4
2026-06-25 23:30:12.612 10 INFO neutron.db.ovn_revision_numbers_db [None req-80ac8514-3889-44ae-b8d3-40148fbfc6ac - - - - - -] Successfully bumped revision number for resource 02ba9047-e932-4fd0-9d1d-9124f7aa513f (type: router_ports) to 2
2026-06-25 23:30:12.652 10 INFO neutron.db.ovn_revision_numbers_db [None req-5bea181e-9e99-482b-b8ab-cc1ba310f051 90ed24d6ae9a4aa9974e151adaea64c2 8b7bf0f12bc04e329eb42a571b57348e - - default default] Successfully bumped revision number for resource e0fb438e-785b-41d1-b9f0-7cdc9dcd1662 (type: security_group_rules) to 0
2026-06-25 23:30:12.707 10 INFO neutron.wsgi [None req-5bea181e-9e99-482b-b8ab-cc1ba310f051 90ed24d6ae9a4aa9974e151adaea64c2 8b7bf0f12bc04e329eb42a571b57348e - - default default] 10.0.0.89 "POST /v2.0/security-groups HTTP/1.1" status: 201 len: 1761 time: 0.8377576 /var/lib/openstack/lib/python3.10/site-packages/pycadf/identifier.py:71: UserWarning: Invalid uuid: neutron. To ensure interoperability, identifiers should be a valid uuid. warnings.warn(('Invalid uuid: %s. To ensure interoperability, '
2026-06-25 23:30:12.747 9 INFO neutron.wsgi [None req-9ea95c93-a447-4f1a-bb41-0ed52332e60f 90ed24d6ae9a4aa9974e151adaea64c2 8b7bf0f12bc04e329eb42a571b57348e - - default default] 10.0.0.89 "GET /v2.0/security-groups HTTP/1.1" status: 200 len: 4539 time: 0.0352371
2026-06-25 23:30:12.829 10 INFO neutron.db.ovn_revision_numbers_db [None req-b3942408-95f0-47df-8643-5e86218cef32 46963e97232842c4816e8b2343a4d083 6b2b1f4bf15c4185aeb76fff62f553cd - - default default] Successfully bumped revision number for resource 02ba9047-e932-4fd0-9d1d-9124f7aa513f (type: router_ports) to 2
2026-06-25 23:30:12.831 9 INFO neutron.db.ovn_revision_numbers_db [None req-7447ca7b-ae0b-43db-9c25-d6b30254a5bc 90ed24d6ae9a4aa9974e151adaea64c2 8b7bf0f12bc04e329eb42a571b57348e - - default default] Successfully bumped revision number for resource fe056427-3351-48d1-8482-d426697d834b (type: security_groups) to 2
2026-06-25 23:30:12.831 10 INFO neutron.wsgi [None req-b3942408-95f0-47df-8643-5e86218cef32 46963e97232842c4816e8b2343a4d083 6b2b1f4bf15c4185aeb76fff62f553cd - - default default] 10.0.0.89 "PUT /v2.0/routers/e8b0ffce-8a94-4f8c-bb6d-d8c0e46c840b/add_router_interface HTTP/1.1" status: 200 len: 503 time: 2.5112898
2026-06-25 23:30:12.835 9 INFO neutron.wsgi [None req-7447ca7b-ae0b-43db-9c25-d6b30254a5bc 90ed24d6ae9a4aa9974e151adaea64c2 8b7bf0f12bc04e329eb42a571b57348e - - default default] 10.0.0.89 "PUT /v2.0/security-groups/fe056427-3351-48d1-8482-d426697d834b HTTP/1.1" status: 200 len: 1795 time: 0.0816150
2026-06-25 23:30:12.888 9 INFO neutron.wsgi [None req-852fd8f1-dc75-4e20-90f3-4ff36cd7c511 90ed24d6ae9a4aa9974e151adaea64c2 8b7bf0f12bc04e329eb42a571b57348e - - default default] 10.0.0.89 "GET /v2.0/security-groups/fe056427-3351-48d1-8482-d426697d834b HTTP/1.1" status: 200 len: 1795 time: 0.0489933
2026-06-25 23:30:12.913 10 INFO neutron.wsgi [None req-760de841-1b63-490d-8cba-fa61c14a5885 1030ffd1afba4af199947b02cd6b6a0a a9fb9699e07c40bc86a3c33bba3d51bd - - default default] 10.0.0.89 "GET /v2.0/networks HTTP/1.1" status: 200 len: 3872 time: 0.0770822
2026-06-25 23:30:12.988 10 INFO neutron.wsgi [None req-f5f382ee-ff12-442d-a3a7-42d81e50378b 1030ffd1afba4af199947b02cd6b6a0a a9fb9699e07c40bc86a3c33bba3d51bd - - default default] 10.0.0.89 "GET /v2.0/subnets HTTP/1.1" status: 200 len: 2752 time: 0.0664101
2026-06-25 23:30:12.993 10 INFO neutron.wsgi [req-a8db4ab3-932d-40ca-9f34-1727bf7aafe7 req-95381836-39be-4927-a202-c94cc0d885a2 21f4a205b427491d9d7fe4135fa0540b ac886487eb4d4e799e55ed9d3fc714c4 - - default default] 10.0.0.227 "GET /v2.0/ports?device_id=1cbe22c2-9906-495d-ad78-ec99b0954b87 HTTP/1.1" status: 200 len: 1174 time: 0.0942457
2026-06-25 23:30:13.042 9 INFO neutron.wsgi [None req-acfd9550-bef3-4c53-8483-aadb8e1ef7f2 90ed24d6ae9a4aa9974e151adaea64c2 8b7bf0f12bc04e329eb42a571b57348e - - default default] 10.0.0.89 "DELETE /v2.0/security-groups/fe056427-3351-48d1-8482-d426697d834b HTTP/1.1" status: 204 len: 168 time: 0.1491423
