2026-06-25 23:31:49.223 9 INFO neutron.db.ovn_revision_numbers_db [None req-16be3223-1d4d-4fd4-bc60-870b85a36570 9089057e8b3b45cbba9ee2e7a472e3b0 72744b09b8ba48b8a3e6b17504fc11fd - - default default] Successfully bumped revision number for resource 3b8fc324-b4d4-4489-a9cd-1be9daf53644 (type: security_group_rules) to 0
2026-06-25 23:31:49.233 10 INFO neutron.wsgi [None req-276a1eb8-b536-4c8d-8775-2331e25c4ea9 7e94684f30304a5f8f1aae77f3a869b9 40ab63f00bae497889c5cedd67724798 - - default default] 10.0.0.89 "POST /v2.0/networks HTTP/1.1" status: 201 len: 831 time: 1.1643066
2026-06-25 23:31:49.235 9 INFO neutron.db.ovn_revision_numbers_db [None req-16be3223-1d4d-4fd4-bc60-870b85a36570 9089057e8b3b45cbba9ee2e7a472e3b0 72744b09b8ba48b8a3e6b17504fc11fd - - default default] Successfully bumped revision number for resource 50627afc-c7a8-4b7e-a2ba-d40668928c4f (type: security_group_rules) to 0
2026-06-25 23:31:49.245 10 WARNING neutron_lib.context [None req-fc1d6201-d43a-4e89-a860-ebad385b7520 7e94684f30304a5f8f1aae77f3a869b9 40ab63f00bae497889c5cedd67724798 - - default default] Method 'is_advsvc' is deprecated since 2023.2 release (neutron-lib 3.8.0) and will be removed once support for the old RBAC API policies will be removed from Neutron. Please use method 'is_service_role' instead.
2026-06-25 23:31:49.259 9 INFO neutron.db.ovn_revision_numbers_db [None req-16be3223-1d4d-4fd4-bc60-870b85a36570 9089057e8b3b45cbba9ee2e7a472e3b0 72744b09b8ba48b8a3e6b17504fc11fd - - default default] Successfully bumped revision number for resource abf9e15f-4e0f-490b-941f-7c1aade31456 (type: security_group_rules) to 0
2026-06-25 23:31:49.279 9 INFO neutron.db.ovn_revision_numbers_db [None req-16be3223-1d4d-4fd4-bc60-870b85a36570 9089057e8b3b45cbba9ee2e7a472e3b0 72744b09b8ba48b8a3e6b17504fc11fd - - default default] Successfully bumped revision number for resource dc03d921-943b-4e54-8633-8bc773550332 (type: security_group_rules) to 0
2026-06-25 23:31:49.305 9 INFO neutron.wsgi [None req-16be3223-1d4d-4fd4-bc60-870b85a36570 9089057e8b3b45cbba9ee2e7a472e3b0 72744b09b8ba48b8a3e6b17504fc11fd - - default default] 10.0.0.89 "GET /v2.0/security-groups?tenant_id=4830a0571cdf4927b0985e9de882d5cc&name=default HTTP/1.1" status: 200 len: 2996 time: 0.2132392
2026-06-25 23:31:49.747 10 WARNING neutron.scheduler.dhcp_agent_scheduler [None req-fc1d6201-d43a-4e89-a860-ebad385b7520 7e94684f30304a5f8f1aae77f3a869b9 40ab63f00bae497889c5cedd67724798 - - default default] No more DHCP agents
2026-06-25 23:31:49.753 10 WARNING neutron.api.rpc.agentnotifiers.dhcp_rpc_agent_api [None req-fc1d6201-d43a-4e89-a860-ebad385b7520 7e94684f30304a5f8f1aae77f3a869b9 40ab63f00bae497889c5cedd67724798 - - default default] Unable to schedule network f73c6b0e-b76e-4680-b166-80aed0f686bc: no agents available; will retry on subsequent port and subnet creation events.
2026-06-25 23:31:49.838 10 INFO neutron.db.ovn_revision_numbers_db [None req-d6d0d656-8d77-4878-b166-79a9627dc616 ebde34755037438cb89517014813295c 21fdea3a18454264b9dda3f34b655c0c - - default default] Successfully bumped revision number for resource 447f13b8-ba2d-4740-bf65-50df49943547 (type: router_ports) to 1
2026-06-25 23:31:49.840 10 INFO neutron.wsgi [None req-d6d0d656-8d77-4878-b166-79a9627dc616 ebde34755037438cb89517014813295c 21fdea3a18454264b9dda3f34b655c0c - - default default] 10.0.0.89 "PUT /v2.0/routers/3eb04a18-e6c3-4044-9f7a-b4f45bb233b1/add_router_interface HTTP/1.1" status: 200 len: 503 time: 3.0431859
2026-06-25 23:31:49.880 10 INFO neutron.wsgi [None req-aef22fc6-555a-4d4f-994e-ebe15f40dd5c 9089057e8b3b45cbba9ee2e7a472e3b0 72744b09b8ba48b8a3e6b17504fc11fd - - default default] 10.0.0.89 "DELETE /v2.0/security-groups/d994c3b9-0937-4cdf-aba7-96573e4da260 HTTP/1.1" status: 204 len: 168 time: 0.5669940
2026-06-25 23:31:50.225 10 INFO neutron.db.ovn_revision_numbers_db [None req-1ccc5fb3-9c1e-4e6a-9a5a-ad7b8e73ab47 3bdc8b9cffad461687f7dd2e6d9524ac 24a5ceb7bfb54dabbf12a0269462c9b9 - - default default] Successfully bumped revision number for resource 50084c5c-db00-4aff-8f91-bb71027d6d7c (type: ports) to 2
2026-06-25 23:31:50.275 10 INFO neutron.db.ovn_revision_numbers_db [None req-1ccc5fb3-9c1e-4e6a-9a5a-ad7b8e73ab47 3bdc8b9cffad461687f7dd2e6d9524ac 24a5ceb7bfb54dabbf12a0269462c9b9 - - default default] Successfully bumped revision number for resource 27058ade-a375-4086-b757-1a393057191a (type: subnets) to 0
2026-06-25 23:31:50.297 10 INFO neutron.wsgi [None req-1ccc5fb3-9c1e-4e6a-9a5a-ad7b8e73ab47 3bdc8b9cffad461687f7dd2e6d9524ac 24a5ceb7bfb54dabbf12a0269462c9b9 - - default default] 10.0.0.89 "POST /v2.0/subnets HTTP/1.1" status: 201 len: 801 time: 1.8477979
2026-06-25 23:31:50.308 10 WARNING neutron_lib.context [None req-b8740cc3-4a02-410b-a5b6-31c8be54c9a5 3bdc8b9cffad461687f7dd2e6d9524ac 24a5ceb7bfb54dabbf12a0269462c9b9 - - default default] Method 'is_advsvc' is deprecated since 2023.2 release (neutron-lib 3.8.0) and will be removed once support for the old RBAC API policies will be removed from Neutron. Please use method 'is_service_role' instead.
2026-06-25 23:31:50.508 9 WARNING neutron.scheduler.dhcp_agent_scheduler [None req-92c0fd54-52d3-4fb4-bf01-d14dcb4305ad ebde34755037438cb89517014813295c 21fdea3a18454264b9dda3f34b655c0c - - default default] No more DHCP agents
2026-06-25 23:31:50.511 9 WARNING neutron.api.rpc.agentnotifiers.dhcp_rpc_agent_api [None req-92c0fd54-52d3-4fb4-bf01-d14dcb4305ad ebde34755037438cb89517014813295c 21fdea3a18454264b9dda3f34b655c0c - - default default] Unable to schedule network c5668da7-0139-441a-9def-821d4746c4ff: no agents available; will retry on subsequent port and subnet creation events.
2026-06-25 23:31:50.520 10 INFO neutron.db.ovn_revision_numbers_db [None req-fc1d6201-d43a-4e89-a860-ebad385b7520 7e94684f30304a5f8f1aae77f3a869b9 40ab63f00bae497889c5cedd67724798 - - default default] Successfully bumped revision number for resource b316ed56-291b-4bac-ae70-a2e672916b5e (type: ports) to 2
2026-06-25 23:31:50.572 10 INFO neutron.db.ovn_revision_numbers_db [None req-fc1d6201-d43a-4e89-a860-ebad385b7520 7e94684f30304a5f8f1aae77f3a869b9 40ab63f00bae497889c5cedd67724798 - - default default] Successfully bumped revision number for resource df5bcea7-358f-42b9-a872-56a2227fc5f3 (type: subnets) to 0
2026-06-25 23:31:50.588 10 INFO neutron.wsgi [None req-fc1d6201-d43a-4e89-a860-ebad385b7520 7e94684f30304a5f8f1aae77f3a869b9 40ab63f00bae497889c5cedd67724798 - - default default] 10.0.0.89 "POST /v2.0/subnets HTTP/1.1" status: 201 len: 804 time: 1.3480132
2026-06-25 23:31:50.670 9 INFO neutron.db.ovn_revision_numbers_db [None req-92c0fd54-52d3-4fb4-bf01-d14dcb4305ad ebde34755037438cb89517014813295c 21fdea3a18454264b9dda3f34b655c0c - - default default] Successfully bumped revision number for resource 25c61497-e50b-41c2-b886-da5415031606 (type: ports) to 1
2026-06-25 23:31:50.678 10 INFO neutron.wsgi [None req-5c6386dc-9c0f-4219-ba7b-1a423b3c23c8 7e94684f30304a5f8f1aae77f3a869b9 40ab63f00bae497889c5cedd67724798 - - default default] 10.0.0.89 "PUT /v2.0/subnets/81dd78f8-ba8a-440d-98c2-409333f8d337/tags HTTP/1.1" status: 200 len: 210 time: 0.0828888 /var/lib/openstack/lib/python3.10/site-packages/pycadf/identifier.py:71: UserWarning: Invalid uuid: neutron. To ensure interoperability, identifiers should be a valid uuid. warnings.warn(('Invalid uuid: %s. To ensure interoperability, '
2026-06-25 23:31:50.708 10 WARNING neutron.scheduler.dhcp_agent_scheduler [None req-b8740cc3-4a02-410b-a5b6-31c8be54c9a5 3bdc8b9cffad461687f7dd2e6d9524ac 24a5ceb7bfb54dabbf12a0269462c9b9 - - default default] No more DHCP agents
2026-06-25 23:31:50.716 10 WARNING neutron.api.rpc.agentnotifiers.dhcp_rpc_agent_api [None req-b8740cc3-4a02-410b-a5b6-31c8be54c9a5 3bdc8b9cffad461687f7dd2e6d9524ac 24a5ceb7bfb54dabbf12a0269462c9b9 - - default default] Unable to schedule network cb449100-3a59-4106-925b-09d3ea9496f0: no agents available; will retry on subsequent port and subnet creation events.
2026-06-25 23:31:50.749 10 INFO neutron.wsgi [None req-e828cf47-f344-494d-9e11-b037de992add 7e94684f30304a5f8f1aae77f3a869b9 40ab63f00bae497889c5cedd67724798 - - default default] 10.0.0.89 "PUT /v2.0/subnets/7ca5dd37-ea7f-442d-83be-78e8478a3218/tags HTTP/1.1" status: 200 len: 218 time: 0.0650492 /var/lib/openstack/lib/python3.10/site-packages/pycadf/identifier.py:71: UserWarning: Invalid uuid: neutron. To ensure interoperability, identifiers should be a valid uuid. warnings.warn(('Invalid uuid: %s. To ensure interoperability, '
2026-06-25 23:31:50.812 10 INFO neutron.wsgi [None req-0d5c2ac2-c6f6-44d1-88d4-9994133dc9f8 7e94684f30304a5f8f1aae77f3a869b9 40ab63f00bae497889c5cedd67724798 - - default default] 10.0.0.89 "PUT /v2.0/subnets/78abc040-e6bb-4fb4-ad77-f49d59f1205c/tags HTTP/1.1" status: 200 len: 227 time: 0.0539055
2026-06-25 23:31:50.889 10 INFO neutron.db.ovn_revision_numbers_db [None req-b8740cc3-4a02-410b-a5b6-31c8be54c9a5 3bdc8b9cffad461687f7dd2e6d9524ac 24a5ceb7bfb54dabbf12a0269462c9b9 - - default default] Successfully bumped revision number for resource d2d171a8-b0b3-497e-893d-7f3ffed2ba8b (type: ports) to 1
2026-06-25 23:31:50.897 9 INFO neutron.wsgi [None req-6095e920-84c7-4b3a-93c5-a6af220dea24 7e94684f30304a5f8f1aae77f3a869b9 40ab63f00bae497889c5cedd67724798 - - default default] 10.0.0.89 "PUT /v2.0/subnets/0f84dc17-e8bc-4aab-9a44-9ce1ee61370b/tags HTTP/1.1" status: 200 len: 212 time: 0.0811722
2026-06-25 23:31:50.928 10 INFO neutron.wsgi [None req-b8740cc3-4a02-410b-a5b6-31c8be54c9a5 3bdc8b9cffad461687f7dd2e6d9524ac 24a5ceb7bfb54dabbf12a0269462c9b9 - - default default] 10.0.0.89 "POST /v2.0/ports HTTP/1.1" status: 201 len: 1149 time: 0.6249416
2026-06-25 23:31:50.959 10 INFO neutron.wsgi [None req-b7df2393-754c-4901-aeb9-206e33acf130 7e94684f30304a5f8f1aae77f3a869b9 40ab63f00bae497889c5cedd67724798 - - default default] 10.0.0.89 "GET /v2.0/subnets?tags=red HTTP/1.1" status: 200 len: 2027 time: 0.0553665
2026-06-25 23:31:51.032 10 INFO neutron.wsgi [None req-945a17de-3d61-41f5-a4a7-fe9a671ffcd3 7e94684f30304a5f8f1aae77f3a869b9 40ab63f00bae497889c5cedd67724798 - - default default] 10.0.0.89 "GET /v2.0/subnets?tags=red%2Cblue HTTP/1.1" status: 200 len: 1430 time: 0.0645070
2026-06-25 23:31:51.124 9 INFO neutron.wsgi [None req-1cf33cb9-08dd-4bf7-b04f-a98807460c54 7e94684f30304a5f8f1aae77f3a869b9 40ab63f00bae497889c5cedd67724798 - - default default] 10.0.0.89 "GET /v2.0/subnets?tags-any=blue HTTP/1.1" status: 200 len: 1430 time: 0.0877290
2026-06-25 23:31:51.181 10 INFO neutron.wsgi [None req-180d2e80-0f32-4bf5-bd5f-d32dc5a98c8a 7e94684f30304a5f8f1aae77f3a869b9 40ab63f00bae497889c5cedd67724798 - - default default] 10.0.0.89 "GET /v2.0/subnets?tags-any=red%2Cblue HTTP/1.1" status: 200 len: 2027 time: 0.0514505
2026-06-25 23:31:51.238 10 INFO neutron.wsgi [None req-cff3309b-e693-40b4-8c87-9030d9243ede 7e94684f30304a5f8f1aae77f3a869b9 40ab63f00bae497889c5cedd67724798 - - default default] 10.0.0.89 "GET /v2.0/subnets?not-tags=red HTTP/1.1" status: 200 len: 2018 time: 0.0520627
2026-06-25 23:31:51.241 10 INFO neutron.plugins.ml2.drivers.ovn.mech_driver.mech_driver [None req-80ac8514-3889-44ae-b8d3-40148fbfc6ac - - - - - -] OVN reports status up for port: 25c61497-e50b-41c2-b886-da5415031606
2026-06-25 23:31:51.247 10 INFO neutron.plugins.ml2.plugin [None req-80ac8514-3889-44ae-b8d3-40148fbfc6ac - - - - - -] Attempt 1 to provision port 25c61497-e50b-41c2-b886-da5415031606
2026-06-25 23:31:51.312 9 INFO neutron.db.ovn_revision_numbers_db [None req-92c0fd54-52d3-4fb4-bf01-d14dcb4305ad ebde34755037438cb89517014813295c 21fdea3a18454264b9dda3f34b655c0c - - default default] Successfully bumped revision number for resource 25c61497-e50b-41c2-b886-da5415031606 (type: router_ports) to 1
2026-06-25 23:31:51.324 9 INFO neutron.wsgi [None req-77918143-2706-4d83-8415-4ab4c80562c9 7e94684f30304a5f8f1aae77f3a869b9 40ab63f00bae497889c5cedd67724798 - - default default] 10.0.0.89 "GET /v2.0/subnets?not-tags=red%2Cblue HTTP/1.1" status: 200 len: 2615 time: 0.0797696
2026-06-25 23:31:51.332 9 WARNING neutron.plugins.ml2.drivers.ovn.mech_driver.ovsdb.ovn_client [None req-aaba1074-abd1-4a59-bbf0-16f74f6b2b65 - - - - - -] No hosting information found for port 00fc239c-620b-4c45-82cc-3f656dd53dfb: RuntimeError: No hosting information found for port 00fc239c-620b-4c45-82cc-3f656dd53dfb
2026-06-25 23:31:51.333 9 INFO neutron.plugins.ml2.drivers.ovn.mech_driver.mech_driver [None req-aaba1074-abd1-4a59-bbf0-16f74f6b2b65 - - - - - -] OVN reports status up for port: 447f13b8-ba2d-4740-bf65-50df49943547
2026-06-25 23:31:51.376 9 INFO neutron.plugins.ml2.plugin [None req-aaba1074-abd1-4a59-bbf0-16f74f6b2b65 - - - - - -] Attempt 1 to provision port 447f13b8-ba2d-4740-bf65-50df49943547
2026-06-25 23:31:51.649 9 INFO neutron.wsgi [None req-57f28ea3-aa81-4130-b93f-dee261177ca7 7e94684f30304a5f8f1aae77f3a869b9 40ab63f00bae497889c5cedd67724798 - - default default] 10.0.0.89 "GET /v2.0/subnets?not-tags-any=blue HTTP/1.1" status: 200 len: 2615 time: 0.3192735
2026-06-25 23:31:51.723 9 INFO neutron.wsgi [None req-fb102259-f28b-4dab-b4fc-58c71ec6c36e 7e94684f30304a5f8f1aae77f3a869b9 40ab63f00bae497889c5cedd67724798 - - default default] 10.0.0.89 "GET /v2.0/subnets?not-tags-any=red%2Cblue HTTP/1.1" status: 200 len: 2018 time: 0.0680346
2026-06-25 23:31:51.782 9 INFO neutron.wsgi [None req-e35b32ea-7ef3-4769-9f14-0e4ee180a9a4 3bdc8b9cffad461687f7dd2e6d9524ac 24a5ceb7bfb54dabbf12a0269462c9b9 - - default default] 10.0.0.89 "DELETE /v2.0/ports/d2d171a8-b0b3-497e-893d-7f3ffed2ba8b HTTP/1.1" status: 204 len: 168 time: 0.8462801
2026-06-25 23:31:51.805 10 INFO neutron.pecan_wsgi.hooks.translation [None req-520560a0-275e-4c2d-a83d-e984dd7e0651 3bdc8b9cffad461687f7dd2e6d9524ac 24a5ceb7bfb54dabbf12a0269462c9b9 - - default default] DELETE failed (client error): The resource could not be found.
2026-06-25 23:31:51.807 10 INFO neutron.wsgi [None req-520560a0-275e-4c2d-a83d-e984dd7e0651 3bdc8b9cffad461687f7dd2e6d9524ac 24a5ceb7bfb54dabbf12a0269462c9b9 - - default default] 10.0.0.89 "DELETE /v2.0/ports/d2d171a8-b0b3-497e-893d-7f3ffed2ba8b HTTP/1.1" status: 404 len: 333 time: 0.0191138
2026-06-25 23:31:51.820 10 INFO neutron.db.ovn_revision_numbers_db [None req-80ac8514-3889-44ae-b8d3-40148fbfc6ac - - - - - -] Successfully bumped revision number for resource 25c61497-e50b-41c2-b886-da5415031606 (type: ports) to 2
2026-06-25 23:31:51.828 10 INFO neutron.pecan_wsgi.hooks.translation [None req-70ee9859-b660-4fc0-bb92-ec039bb7bdcd 3bdc8b9cffad461687f7dd2e6d9524ac 24a5ceb7bfb54dabbf12a0269462c9b9 - - default default] GET failed (client error): The resource could not be found.
2026-06-25 23:31:51.830 10 INFO neutron.wsgi [None req-70ee9859-b660-4fc0-bb92-ec039bb7bdcd 3bdc8b9cffad461687f7dd2e6d9524ac 24a5ceb7bfb54dabbf12a0269462c9b9 - - default default] 10.0.0.89 "GET /v2.0/ports/d2d171a8-b0b3-497e-893d-7f3ffed2ba8b HTTP/1.1" status: 404 len: 333 time: 0.0168390
2026-06-25 23:31:51.852 9 ERROR ovsdbapp.backend.ovs_idl.transaction [None req-92c0fd54-52d3-4fb4-bf01-d14dcb4305ad ebde34755037438cb89517014813295c 21fdea3a18454264b9dda3f34b655c0c - - default default]
Traceback (most recent call last): File "/var/lib/openstack/lib/python3.10/site-packages/ovsdbapp/backend/ovs_idl/connection.py", line 118, in run txn.results.put(txn.do_commit())
File "/var/lib/openstack/lib/python3.10/site-packages/ovsdbapp/backend/ovs_idl/transaction.py", line 92, in do_commit command.run_idl(txn)
File "/var/lib/openstack/lib/python3.10/site-packages/neutron/plugins/ml2/drivers/ovn/mech_driver/ovsdb/commands.py", line 823, in run_idl raise ovn_exc.RevisionConflict( neutron.common.ovn.exceptions.RevisionConflict: OVN revision number for 25c61497-e50b-41c2-b886-da5415031606 (type: ports) is higher than the given resource. Skipping update 
2026-06-25 23:31:51.852 9 INFO neutron.plugins.ml2.drivers.ovn.mech_driver.ovsdb.impl_idl_ovn [None req-92c0fd54-52d3-4fb4-bf01-d14dcb4305ad ebde34755037438cb89517014813295c 21fdea3a18454264b9dda3f34b655c0c - - default default] Transaction aborted. Reason: OVN revision number for 25c61497-e50b-41c2-b886-da5415031606 (type: ports) is higher than the given resource. Skipping update
2026-06-25 23:31:51.921 10 INFO neutron.db.ovn_revision_numbers_db [None req-80ac8514-3889-44ae-b8d3-40148fbfc6ac - - - - - -] Successfully bumped revision number for resource 25c61497-e50b-41c2-b886-da5415031606 (type: router_ports) to 2
2026-06-25 23:31:51.990 9 WARNING neutron.scheduler.dhcp_agent_scheduler [None req-92c0fd54-52d3-4fb4-bf01-d14dcb4305ad ebde34755037438cb89517014813295c 21fdea3a18454264b9dda3f34b655c0c - - default default] No more DHCP agents
2026-06-25 23:31:51.994 9 WARNING neutron.api.rpc.agentnotifiers.dhcp_rpc_agent_api [None req-92c0fd54-52d3-4fb4-bf01-d14dcb4305ad ebde34755037438cb89517014813295c 21fdea3a18454264b9dda3f34b655c0c - - default default] Unable to schedule network c5668da7-0139-441a-9def-821d4746c4ff: no agents available; will retry on subsequent port and subnet creation events.
2026-06-25 23:31:52.084 10 INFO neutron.wsgi [None req-2a3fef26-b5a3-4dbc-9578-f61629176f34 3bdc8b9cffad461687f7dd2e6d9524ac 24a5ceb7bfb54dabbf12a0269462c9b9 - - default default] 10.0.0.89 "DELETE /v2.0/subnets/27058ade-a375-4086-b757-1a393057191a HTTP/1.1" status: 204 len: 168 time: 0.2485542
2026-06-25 23:31:52.102 9 INFO neutron.wsgi [None req-3a36bc4c-c76e-4131-ae9c-1759969d893f 7e94684f30304a5f8f1aae77f3a869b9 40ab63f00bae497889c5cedd67724798 - - default default] 10.0.0.89 "DELETE /v2.0/subnets/81dd78f8-ba8a-440d-98c2-409333f8d337 HTTP/1.1" status: 204 len: 168 time: 0.3737888
2026-06-25 23:31:52.141 9 INFO neutron.db.ovn_revision_numbers_db [None req-aaba1074-abd1-4a59-bbf0-16f74f6b2b65 - - - - - -] Successfully bumped revision number for resource 447f13b8-ba2d-4740-bf65-50df49943547 (type: ports) to 2
2026-06-25 23:31:52.251 9 INFO neutron.db.ovn_revision_numbers_db [None req-aaba1074-abd1-4a59-bbf0-16f74f6b2b65 - - - - - -] Successfully bumped revision number for resource 447f13b8-ba2d-4740-bf65-50df49943547 (type: router_ports) to 2
2026-06-25 23:31:52.348 9 INFO neutron.db.ovn_revision_numbers_db [None req-92c0fd54-52d3-4fb4-bf01-d14dcb4305ad ebde34755037438cb89517014813295c 21fdea3a18454264b9dda3f34b655c0c - - default default] Successfully bumped revision number for resource 25c61497-e50b-41c2-b886-da5415031606 (type: router_ports) to 2
2026-06-25 23:31:52.350 9 INFO neutron.wsgi [None req-92c0fd54-52d3-4fb4-bf01-d14dcb4305ad ebde34755037438cb89517014813295c 21fdea3a18454264b9dda3f34b655c0c - - default default] 10.0.0.89 "PUT /v2.0/routers/3eb04a18-e6c3-4044-9f7a-b4f45bb233b1/add_router_interface HTTP/1.1" status: 200 len: 503 time: 2.5058687
2026-06-25 23:31:52.365 10 INFO neutron.wsgi [None req-e3c22d4f-b50e-4da7-8a6b-3a2eee31ee91 7e94684f30304a5f8f1aae77f3a869b9 40ab63f00bae497889c5cedd67724798 - - default default] 10.0.0.89 "DELETE /v2.0/subnets/7ca5dd37-ea7f-442d-83be-78e8478a3218 HTTP/1.1" status: 204 len: 168 time: 0.2583177
2026-06-25 23:31:52.422 10 WARNING neutron_lib.context [None req-1a86cb91-b131-4c45-a536-98b9e008812f ebde34755037438cb89517014813295c 21fdea3a18454264b9dda3f34b655c0c - - default default] Method 'is_advsvc' is deprecated since 2023.2 release (neutron-lib 3.8.0) and will be removed once support for the old RBAC API policies will be removed from Neutron. Please use method 'is_service_role' instead.
2026-06-25 23:31:52.518 10 INFO neutron.services.segments.plugin [-] Segment bee08137-5dd9-4175-94a7-e25968ed41f4 resource provider aggregate not found
2026-06-25 23:31:52.523 10 INFO neutron.services.segments.plugin [-] Segment bee08137-5dd9-4175-94a7-e25968ed41f4 resource provider aggregate not found
2026-06-25 23:31:52.541 10 INFO neutron.services.segments.plugin [-] Segment bee08137-5dd9-4175-94a7-e25968ed41f4 resource provider not found; error: Placement Client Error (4xx): {"errors": [{"status": 404, "title": "Not Found", "detail": "The resource could not be found.\n\n No resource provider with uuid bee08137-5dd9-4175-94a7-e25968ed41f4 found for delete ", "request_id": "req-35ab6069-2d95-4136-a9d7-e3fd364bbd5a"}]}
2026-06-25 23:31:52.543 10 INFO neutron.services.segments.plugin [-] Segment bee08137-5dd9-4175-94a7-e25968ed41f4 resource provider not found; error: Placement Client Error (4xx): {"errors": [{"status": 404, "title": "Not Found", "detail": "The resource could not be found.\n\n No resource provider with uuid bee08137-5dd9-4175-94a7-e25968ed41f4 found for delete ", "request_id": "req-7f4f42d6-6897-4331-b409-987254508a19"}]}
2026-06-25 23:31:52.562 10 INFO neutron.wsgi [None req-c1d8eeca-00ea-4298-aa2a-e623a650a9b6 3bdc8b9cffad461687f7dd2e6d9524ac 24a5ceb7bfb54dabbf12a0269462c9b9 - - default default] 10.0.0.89 "DELETE /v2.0/networks/cb449100-3a59-4106-925b-09d3ea9496f0 HTTP/1.1" status: 204 len: 168 time: 0.4689393
2026-06-25 23:31:52.573 10 WARNING neutron_lib.context [None req-e46b98ac-9564-4ae6-a2b2-3527f82c7247 3bdc8b9cffad461687f7dd2e6d9524ac 24a5ceb7bfb54dabbf12a0269462c9b9 - - default default] Method 'is_advsvc' is deprecated since 2023.2 release (neutron-lib 3.8.0) and will be removed once support for the old RBAC API policies will be removed from Neutron. Please use method 'is_service_role' instead.
2026-06-25 23:31:52.581 9 INFO neutron.wsgi [None req-5acb84e4-ba19-40bc-bc83-144508cdb909 7e94684f30304a5f8f1aae77f3a869b9 40ab63f00bae497889c5cedd67724798 - - default default] 10.0.0.89 "DELETE /v2.0/subnets/78abc040-e6bb-4fb4-ad77-f49d59f1205c HTTP/1.1" status: 204 len: 168 time: 0.2112300
2026-06-25 23:31:52.598 10 INFO neutron.db.ovn_revision_numbers_db [None req-1a86cb91-b131-4c45-a536-98b9e008812f ebde34755037438cb89517014813295c 21fdea3a18454264b9dda3f34b655c0c - - default default] Successfully bumped revision number for resource 6d3f88fd-6a74-41b5-8fed-a540d51bea1b (type: security_groups) to 1
2026-06-25 23:31:52.611 10 INFO neutron.db.ovn_revision_numbers_db [None req-1a86cb91-b131-4c45-a536-98b9e008812f ebde34755037438cb89517014813295c 21fdea3a18454264b9dda3f34b655c0c - - default default] Successfully bumped revision number for resource 0d0d4442-6e13-44ee-a78c-ff5125660ac4 (type: security_group_rules) to 0
2026-06-25 23:31:52.622 10 INFO neutron.db.ovn_revision_numbers_db [None req-1a86cb91-b131-4c45-a536-98b9e008812f ebde34755037438cb89517014813295c 21fdea3a18454264b9dda3f34b655c0c - - default default] Successfully bumped revision number for resource b1230639-4801-40d8-bf6a-a40c4107d95c (type: security_group_rules) to 0
2026-06-25 23:31:52.638 10 INFO neutron.wsgi [None req-1a86cb91-b131-4c45-a536-98b9e008812f ebde34755037438cb89517014813295c 21fdea3a18454264b9dda3f34b655c0c - - default default] 10.0.0.89 "POST /v2.0/security-groups HTTP/1.1" status: 201 len: 1763 time: 0.2233026
2026-06-25 23:31:52.645 10 INFO neutron.db.segments_db [None req-e46b98ac-9564-4ae6-a2b2-3527f82c7247 3bdc8b9cffad461687f7dd2e6d9524ac 24a5ceb7bfb54dabbf12a0269462c9b9 - - default default] Added segment 86275436-5793-4657-8f59-3bc29443d041 of type geneve for network dfe72c91-2e93-448f-9f0d-358d174222d2
2026-06-25 23:31:52.647 9 WARNING neutron_lib.context [None req-40a7652c-7997-4266-86c8-539bf3282d25 ebde34755037438cb89517014813295c 21fdea3a18454264b9dda3f34b655c0c - - default default] Method 'is_advsvc' is deprecated since 2023.2 release (neutron-lib 3.8.0) and will be removed once support for the old RBAC API policies will be removed from Neutron. Please use method 'is_service_role' instead.
2026-06-25 23:31:52.759 10 INFO neutron.db.ovn_revision_numbers_db [None req-e46b98ac-9564-4ae6-a2b2-3527f82c7247 3bdc8b9cffad461687f7dd2e6d9524ac 24a5ceb7bfb54dabbf12a0269462c9b9 - - default default] Successfully bumped revision number for resource dfe72c91-2e93-448f-9f0d-358d174222d2 (type: networks) to 1
2026-06-25 23:31:52.835 9 INFO neutron.wsgi [None req-e32f176e-2297-43a4-8e56-18061c890f26 7e94684f30304a5f8f1aae77f3a869b9 40ab63f00bae497889c5cedd67724798 - - default default] 10.0.0.89 "DELETE /v2.0/subnets/0f84dc17-e8bc-4aab-9a44-9ce1ee61370b HTTP/1.1" status: 204 len: 168 time: 0.2493377
2026-06-25 23:31:52.865 9 INFO neutron.db.ovn_revision_numbers_db [None req-40a7652c-7997-4266-86c8-539bf3282d25 ebde34755037438cb89517014813295c 21fdea3a18454264b9dda3f34b655c0c - - default default] Successfully bumped revision number for resource 9bb287d1-afe4-4977-8ed9-19aae5fab9c3 (type: security_group_rules) to 0
2026-06-25 23:31:52.905 9 INFO neutron.wsgi [None req-40a7652c-7997-4266-86c8-539bf3282d25 ebde34755037438cb89517014813295c 21fdea3a18454264b9dda3f34b655c0c - - default default] 10.0.0.89 "POST /v2.0/security-group-rules HTTP/1.1" status: 201 len: 764 time: 0.2627139
2026-06-25 23:31:52.913 9 WARNING neutron_lib.context [None req-7b04beb9-d68c-4e0b-a70f-6fc4aa548fc6 ebde34755037438cb89517014813295c 21fdea3a18454264b9dda3f34b655c0c - - default default] Method 'is_advsvc' is deprecated since 2023.2 release (neutron-lib 3.8.0) and will be removed once support for the old RBAC API policies will be removed from Neutron. Please use method 'is_service_role' instead.
2026-06-25 23:31:52.915 10 WARNING neutron.scheduler.dhcp_agent_scheduler [None req-e46b98ac-9564-4ae6-a2b2-3527f82c7247 3bdc8b9cffad461687f7dd2e6d9524ac 24a5ceb7bfb54dabbf12a0269462c9b9 - - default default] No more DHCP agents
2026-06-25 23:31:52.918 10 WARNING neutron.api.rpc.agentnotifiers.dhcp_rpc_agent_api [None req-e46b98ac-9564-4ae6-a2b2-3527f82c7247 3bdc8b9cffad461687f7dd2e6d9524ac 24a5ceb7bfb54dabbf12a0269462c9b9 - - default default] Unable to schedule network dfe72c91-2e93-448f-9f0d-358d174222d2: no agents available; will retry on subsequent port and subnet creation events.
2026-06-25 23:31:53.007 10 INFO neutron.db.ovn_revision_numbers_db [None req-e46b98ac-9564-4ae6-a2b2-3527f82c7247 3bdc8b9cffad461687f7dd2e6d9524ac 24a5ceb7bfb54dabbf12a0269462c9b9 - - default default] Successfully bumped revision number for resource 25cb376b-c73a-4199-985d-be17831f0bc5 (type: ports) to 1
2026-06-25 23:31:53.026 10 INFO neutron.wsgi [None req-e46b98ac-9564-4ae6-a2b2-3527f82c7247 3bdc8b9cffad461687f7dd2e6d9524ac 24a5ceb7bfb54dabbf12a0269462c9b9 - - default default] 10.0.0.89 "POST /v2.0/networks HTTP/1.1" status: 201 len: 830 time: 0.4569459
2026-06-25 23:31:53.037 10 WARNING neutron_lib.context [None req-8e116dc1-efa8-4037-8480-62992dfe6126 3bdc8b9cffad461687f7dd2e6d9524ac 24a5ceb7bfb54dabbf12a0269462c9b9 - - default default] Method 'is_advsvc' is deprecated since 2023.2 release (neutron-lib 3.8.0) and will be removed once support for the old RBAC API policies will be removed from Neutron. Please use method 'is_service_role' instead.
2026-06-25 23:31:53.061 9 INFO neutron.db.ovn_revision_numbers_db [None req-7b04beb9-d68c-4e0b-a70f-6fc4aa548fc6 ebde34755037438cb89517014813295c 21fdea3a18454264b9dda3f34b655c0c - - default default] Successfully bumped revision number for resource 34999c97-1b4f-4275-a064-18b84294a8b7 (type: security_group_rules) to 0
2026-06-25 23:31:53.089 9 INFO neutron.wsgi [None req-f2e538d7-599e-4f78-80f8-92e4d3d477ff 7e94684f30304a5f8f1aae77f3a869b9 40ab63f00bae497889c5cedd67724798 - - default default] 10.0.0.89 "DELETE /v2.0/subnets/df5bcea7-358f-42b9-a872-56a2227fc5f3 HTTP/1.1" status: 204 len: 168 time: 0.2501173
2026-06-25 23:31:53.103 9 INFO neutron.wsgi [None req-7b04beb9-d68c-4e0b-a70f-6fc4aa548fc6 ebde34755037438cb89517014813295c 21fdea3a18454264b9dda3f34b655c0c - - default default] 10.0.0.89 "POST /v2.0/security-group-rules HTTP/1.1" status: 201 len: 764 time: 0.1933901
2026-06-25 23:31:53.117 9 WARNING neutron_lib.context [None req-11764f49-5cb9-4905-913d-1d06e04f7dd7 ebde34755037438cb89517014813295c 21fdea3a18454264b9dda3f34b655c0c - - default default] Method 'is_advsvc' is deprecated since 2023.2 release (neutron-lib 3.8.0) and will be removed once support for the old RBAC API policies will be removed from Neutron. Please use method 'is_service_role' instead.
2026-06-25 23:31:53.257 10 WARNING neutron.scheduler.dhcp_agent_scheduler [None req-8e116dc1-efa8-4037-8480-62992dfe6126 3bdc8b9cffad461687f7dd2e6d9524ac 24a5ceb7bfb54dabbf12a0269462c9b9 - - default default] No more DHCP agents
2026-06-25 23:31:53.259 10 WARNING neutron.api.rpc.agentnotifiers.dhcp_rpc_agent_api [None req-8e116dc1-efa8-4037-8480-62992dfe6126 3bdc8b9cffad461687f7dd2e6d9524ac 24a5ceb7bfb54dabbf12a0269462c9b9 - - default default] Unable to schedule network dfe72c91-2e93-448f-9f0d-358d174222d2: no agents available; will retry on subsequent port and subnet creation events.
2026-06-25 23:31:53.299 9 INFO neutron.db.ovn_revision_numbers_db [None req-11764f49-5cb9-4905-913d-1d06e04f7dd7 ebde34755037438cb89517014813295c 21fdea3a18454264b9dda3f34b655c0c - - default default] Successfully bumped revision number for resource f2145559-c5d7-45a4-bbde-e6a4e4077904 (type: security_group_rules) to 0
2026-06-25 23:31:53.330 9 INFO neutron.wsgi [None req-11764f49-5cb9-4905-913d-1d06e04f7dd7 ebde34755037438cb89517014813295c 21fdea3a18454264b9dda3f34b655c0c - - default default] 10.0.0.89 "POST /v2.0/security-group-rules HTTP/1.1" status: 201 len: 766 time: 0.2186191
2026-06-25 23:31:53.338 10 WARNING neutron_lib.context [None req-0bf2d845-e43a-49f1-89d9-cddfc3d80ee0 ebde34755037438cb89517014813295c 21fdea3a18454264b9dda3f34b655c0c - - default default] Method 'is_advsvc' is deprecated since 2023.2 release (neutron-lib 3.8.0) and will be removed once support for the old RBAC API policies will be removed from Neutron. Please use method 'is_service_role' instead.
2026-06-25 23:31:53.470 9 INFO neutron.services.segments.plugin [-] Segment c15a4865-2c0c-42fe-83b8-269d81a28bbd resource provider aggregate not found
2026-06-25 23:31:53.490 9 INFO neutron.services.segments.plugin [-] Segment c15a4865-2c0c-42fe-83b8-269d81a28bbd resource provider aggregate not found
2026-06-25 23:31:53.495 9 INFO neutron.services.segments.plugin [-] Segment c15a4865-2c0c-42fe-83b8-269d81a28bbd resource provider not found; error: Placement Client Error (4xx): {"errors": [{"status": 404, "title": "Not Found", "detail": "The resource could not be found.\n\n No resource provider with uuid c15a4865-2c0c-42fe-83b8-269d81a28bbd found for delete ", "request_id": "req-fd17e943-c651-407d-b38b-0da4ffa9b53b"}]}
2026-06-25 23:31:53.519 9 INFO neutron.wsgi [None req-b951eba5-1c17-453f-88a2-24f53a532f6d 7e94684f30304a5f8f1aae77f3a869b9 40ab63f00bae497889c5cedd67724798 - - default default] 10.0.0.89 "DELETE /v2.0/networks/8d881e8d-162f-4dbe-a0c0-5d54ff9afd17 HTTP/1.1" status: 204 len: 168 time: 0.4242859
2026-06-25 23:31:53.539 10 INFO neutron.db.ovn_revision_numbers_db [None req-0bf2d845-e43a-49f1-89d9-cddfc3d80ee0 ebde34755037438cb89517014813295c 21fdea3a18454264b9dda3f34b655c0c - - default default] Successfully bumped revision number for resource 22615d4c-2604-4469-8273-3b05416f850b (type: security_group_rules) to 0
2026-06-25 23:31:53.551 9 INFO neutron.services.segments.plugin [-] Segment c15a4865-2c0c-42fe-83b8-269d81a28bbd resource provider not found; error: Placement Client Error (4xx): {"errors": [{"status": 404, "title": "Not Found", "detail": "The resource could not be found.\n\n No resource provider with uuid c15a4865-2c0c-42fe-83b8-269d81a28bbd found for delete ", "request_id": "req-93df1cbb-13c3-4fef-94d6-c7bf1e26a41d"}]}
2026-06-25 23:31:53.582 10 INFO neutron.wsgi [None req-0bf2d845-e43a-49f1-89d9-cddfc3d80ee0 ebde34755037438cb89517014813295c 21fdea3a18454264b9dda3f34b655c0c - - default default] 10.0.0.89 "POST /v2.0/security-group-rules HTTP/1.1" status: 201 len: 768 time: 0.2479503
2026-06-25 23:31:53.595 9 WARNING neutron_lib.context [None req-e6f2da5b-7bb2-4466-b692-cade9590f6e5 ebde34755037438cb89517014813295c 21fdea3a18454264b9dda3f34b655c0c - - default default] Method 'is_advsvc' is deprecated since 2023.2 release (neutron-lib 3.8.0) and will be removed once support for the old RBAC API policies will be removed from Neutron. Please use method 'is_service_role' instead.
2026-06-25 23:31:53.774 10 INFO neutron.db.ovn_revision_numbers_db [None req-8e116dc1-efa8-4037-8480-62992dfe6126 3bdc8b9cffad461687f7dd2e6d9524ac 24a5ceb7bfb54dabbf12a0269462c9b9 - - default default] Successfully bumped revision number for resource 25cb376b-c73a-4199-985d-be17831f0bc5 (type: ports) to 2
2026-06-25 23:31:53.788 9 INFO neutron.db.ovn_revision_numbers_db [None req-e6f2da5b-7bb2-4466-b692-cade9590f6e5 ebde34755037438cb89517014813295c 21fdea3a18454264b9dda3f34b655c0c - - default default] Successfully bumped revision number for resource 01231e07-7321-46b5-93c5-5ccddbd5de6f (type: security_group_rules) to 0
2026-06-25 23:31:53.801 10 INFO neutron.db.ovn_revision_numbers_db [None req-8e116dc1-efa8-4037-8480-62992dfe6126 3bdc8b9cffad461687f7dd2e6d9524ac 24a5ceb7bfb54dabbf12a0269462c9b9 - - default default] Successfully bumped revision number for resource cc89c5d7-5c98-4abb-ba98-83e7b02445cc (type: subnets) to 0
2026-06-25 23:31:53.816 10 INFO neutron.wsgi [None req-8e116dc1-efa8-4037-8480-62992dfe6126 3bdc8b9cffad461687f7dd2e6d9524ac 24a5ceb7bfb54dabbf12a0269462c9b9 - - default default] 10.0.0.89 "POST /v2.0/subnets HTTP/1.1" status: 201 len: 801 time: 0.7834806
2026-06-25 23:31:53.818 9 INFO neutron.wsgi [None req-e6f2da5b-7bb2-4466-b692-cade9590f6e5 ebde34755037438cb89517014813295c 21fdea3a18454264b9dda3f34b655c0c - - default default] 10.0.0.89 "POST /v2.0/security-group-rules HTTP/1.1" status: 201 len: 768 time: 0.2296472
2026-06-25 23:31:53.825 9 WARNING neutron_lib.context [None req-d03e62b9-ef1a-445a-b8d0-f2c09f9aa1b5 3bdc8b9cffad461687f7dd2e6d9524ac 24a5ceb7bfb54dabbf12a0269462c9b9 - - default default] Method 'is_advsvc' is deprecated since 2023.2 release (neutron-lib 3.8.0) and will be removed once support for the old RBAC API policies will be removed from Neutron. Please use method 'is_service_role' instead.
2026-06-25 23:31:53.828 10 WARNING neutron_lib.context [None req-61878d74-d8a8-4b03-a91d-21cbd76f50a2 ebde34755037438cb89517014813295c 21fdea3a18454264b9dda3f34b655c0c - - default default] Method 'is_advsvc' is deprecated since 2023.2 release (neutron-lib 3.8.0) and will be removed once support for the old RBAC API policies will be removed from Neutron. Please use method 'is_service_role' instead.
2026-06-25 23:31:53.953 10 INFO neutron.db.ovn_revision_numbers_db [None req-61878d74-d8a8-4b03-a91d-21cbd76f50a2 ebde34755037438cb89517014813295c 21fdea3a18454264b9dda3f34b655c0c - - default default] Successfully bumped revision number for resource 1a6204d8-a1ba-404f-82f7-6627edfd66bb (type: security_group_rules) to 0
2026-06-25 23:31:53.960 9 INFO neutron.wsgi [None req-e5ce8a87-17ed-4550-a248-f3b1efad7a1b 7e94684f30304a5f8f1aae77f3a869b9 40ab63f00bae497889c5cedd67724798 - - default default] 10.0.0.89 "DELETE /v2.0/networks/7c058160-b701-46d5-a17a-ff924ec3f28c HTTP/1.1" status: 204 len: 168 time: 0.4324961
2026-06-25 23:31:53.988 10 INFO neutron.wsgi [None req-61878d74-d8a8-4b03-a91d-21cbd76f50a2 ebde34755037438cb89517014813295c 21fdea3a18454264b9dda3f34b655c0c - - default default] 10.0.0.89 "POST /v2.0/security-group-rules HTTP/1.1" status: 201 len: 764 time: 0.1655014
2026-06-25 23:31:54.006 9 WARNING neutron_lib.context [None req-2fb053e0-fb83-4d9e-96d2-8b2210d24af4 ebde34755037438cb89517014813295c 21fdea3a18454264b9dda3f34b655c0c - - default default] Method 'is_advsvc' is deprecated since 2023.2 release (neutron-lib 3.8.0) and will be removed once support for the old RBAC API policies will be removed from Neutron. Please use method 'is_service_role' instead.
2026-06-25 23:31:54.168 9 WARNING neutron.scheduler.dhcp_agent_scheduler [None req-d03e62b9-ef1a-445a-b8d0-f2c09f9aa1b5 3bdc8b9cffad461687f7dd2e6d9524ac 24a5ceb7bfb54dabbf12a0269462c9b9 - - default default] No more DHCP agents
2026-06-25 23:31:54.169 9 INFO neutron.db.ovn_revision_numbers_db [None req-2fb053e0-fb83-4d9e-96d2-8b2210d24af4 ebde34755037438cb89517014813295c 21fdea3a18454264b9dda3f34b655c0c - - default default] Successfully bumped revision number for resource 2c77c50e-9f4b-404c-ae9c-0820b176fea5 (type: security_group_rules) to 0
2026-06-25 23:31:54.172 10 INFO neutron.wsgi [None req-bfadd99e-570f-42c7-bd59-96453ff2cb02 831250d8814a4e639b6bd01f58865297 93ac6eb7bd8e47b3bebbb7a5373e1bd6 - - default default] 10.0.0.89 "POST /v2.0/qos/policies HTTP/1.1" status: 201 len: 558 time: 0.2659385
2026-06-25 23:31:54.174 9 WARNING neutron.api.rpc.agentnotifiers.dhcp_rpc_agent_api [None req-d03e62b9-ef1a-445a-b8d0-f2c09f9aa1b5 3bdc8b9cffad461687f7dd2e6d9524ac 24a5ceb7bfb54dabbf12a0269462c9b9 - - default default] Unable to schedule network dfe72c91-2e93-448f-9f0d-358d174222d2: no agents available; will retry on subsequent port and subnet creation events.
2026-06-25 23:31:54.204 9 INFO neutron.wsgi [None req-2fb053e0-fb83-4d9e-96d2-8b2210d24af4 ebde34755037438cb89517014813295c 21fdea3a18454264b9dda3f34b655c0c - - default default] 10.0.0.89 "POST /v2.0/security-group-rules HTTP/1.1" status: 201 len: 764 time: 0.2082236
2026-06-25 23:31:54.213 9 WARNING neutron_lib.context [None req-5502177d-9f3d-4eed-9b51-3ebf9f1c8945 ebde34755037438cb89517014813295c 21fdea3a18454264b9dda3f34b655c0c - - default default] Method 'is_advsvc' is deprecated since 2023.2 release (neutron-lib 3.8.0) and will be removed once support for the old RBAC API policies will be removed from Neutron. Please use method 'is_service_role' instead.
2026-06-25 23:31:54.232 10 INFO neutron.wsgi [None req-a5f6333b-1a0a-45e9-a04a-cf61506b738d 831250d8814a4e639b6bd01f58865297 93ac6eb7bd8e47b3bebbb7a5373e1bd6 - - default default] 10.0.0.89 "POST /v2.0/qos/policies HTTP/1.1" status: 201 len: 558 time: 0.0557969
2026-06-25 23:31:54.283 10 INFO neutron.wsgi [None req-bae80323-c230-487e-9690-99458a22d771 831250d8814a4e639b6bd01f58865297 93ac6eb7bd8e47b3bebbb7a5373e1bd6 - - default default] 10.0.0.89 "POST /v2.0/qos/policies HTTP/1.1" status: 201 len: 558 time: 0.0453846
2026-06-25 23:31:54.385 9 INFO neutron.wsgi [None req-422a36a8-5d85-47f5-a60b-821fa004d265 831250d8814a4e639b6bd01f58865297 93ac6eb7bd8e47b3bebbb7a5373e1bd6 - - default default] 10.0.0.89 "POST /v2.0/qos/policies HTTP/1.1" status: 201 len: 558 time: 0.0957553
2026-06-25 23:31:54.389 10 INFO neutron.wsgi [None req-50e6ee7e-0c8a-48fa-8663-93e9eed27b5a 7e94684f30304a5f8f1aae77f3a869b9 40ab63f00bae497889c5cedd67724798 - - default default] 10.0.0.89 "DELETE /v2.0/networks/b43f2bed-ba51-4ee8-a8df-8a63e3d83e8b HTTP/1.1" status: 204 len: 168 time: 0.4187863
2026-06-25 23:31:54.411 9 INFO neutron.db.ovn_revision_numbers_db [None req-d03e62b9-ef1a-445a-b8d0-f2c09f9aa1b5 3bdc8b9cffad461687f7dd2e6d9524ac 24a5ceb7bfb54dabbf12a0269462c9b9 - - default default] Successfully bumped revision number for resource 8362de5a-8f49-4a09-9f36-a9580beaa455 (type: ports) to 1
2026-06-25 23:31:54.423 9 INFO neutron.db.ovn_revision_numbers_db [None req-5502177d-9f3d-4eed-9b51-3ebf9f1c8945 ebde34755037438cb89517014813295c 21fdea3a18454264b9dda3f34b655c0c - - default default] Successfully bumped revision number for resource 59fc5234-a919-4ffe-beb2-43b6526405f6 (type: security_group_rules) to 0
2026-06-25 23:31:54.443 9 INFO neutron.wsgi [None req-30882782-cc9a-479d-9890-2761b3996962 831250d8814a4e639b6bd01f58865297 93ac6eb7bd8e47b3bebbb7a5373e1bd6 - - default default] 10.0.0.89 "POST /v2.0/qos/policies HTTP/1.1" status: 201 len: 558 time: 0.0513580
2026-06-25 23:31:54.446 9 INFO neutron.wsgi [None req-d03e62b9-ef1a-445a-b8d0-f2c09f9aa1b5 3bdc8b9cffad461687f7dd2e6d9524ac 24a5ceb7bfb54dabbf12a0269462c9b9 - - default default] 10.0.0.89 "POST /v2.0/ports HTTP/1.1" status: 201 len: 1111 time: 0.6256433
2026-06-25 23:31:54.453 9 INFO neutron.wsgi [None req-5502177d-9f3d-4eed-9b51-3ebf9f1c8945 ebde34755037438cb89517014813295c 21fdea3a18454264b9dda3f34b655c0c - - default default] 10.0.0.89 "POST /v2.0/security-group-rules HTTP/1.1" status: 201 len: 764 time: 0.2435927
2026-06-25 23:31:54.461 10 WARNING neutron_lib.context [None req-045b6eff-57c3-403e-b397-79df6c294b5c ebde34755037438cb89517014813295c 21fdea3a18454264b9dda3f34b655c0c - - default default] Method 'is_advsvc' is deprecated since 2023.2 release (neutron-lib 3.8.0) and will be removed once support for the old RBAC API policies will be removed from Neutron. Please use method 'is_service_role' instead.
2026-06-25 23:31:54.490 10 INFO neutron.wsgi [None req-dd0dbf00-5956-4188-ace0-f0645a4c58e2 831250d8814a4e639b6bd01f58865297 93ac6eb7bd8e47b3bebbb7a5373e1bd6 - - default default] 10.0.0.89 "PUT /v2.0/policies/e9feffcd-6d8f-4c99-b0b6-95a41db162fc/tags HTTP/1.1" status: 200 len: 210 time: 0.0432262
2026-06-25 23:31:54.541 10 INFO neutron.wsgi [None req-594b7b5f-82da-449d-9c3c-1b6e1782e776 831250d8814a4e639b6bd01f58865297 93ac6eb7bd8e47b3bebbb7a5373e1bd6 - - default default] 10.0.0.89 "PUT /v2.0/policies/84e0747d-aec3-4413-9ad2-d78ac535b1a6/tags HTTP/1.1" status: 200 len: 218 time: 0.0443249
2026-06-25 23:31:54.563 10 INFO neutron.services.segments.plugin [-] Segment ff82b59c-50c3-498b-b15c-b2c62fb06597 resource provider aggregate not found
2026-06-25 23:31:54.569 10 INFO neutron.services.segments.plugin [-] Segment ff82b59c-50c3-498b-b15c-b2c62fb06597 resource provider aggregate not found
2026-06-25 23:31:54.585 9 INFO neutron.wsgi [None req-86b51c8e-1d61-4347-b3c3-d3aa57c3414f 831250d8814a4e639b6bd01f58865297 93ac6eb7bd8e47b3bebbb7a5373e1bd6 - - default default] 10.0.0.89 "PUT /v2.0/policies/74bea159-73f5-49cf-b3be-310ea430a4e1/tags HTTP/1.1" status: 200 len: 227 time: 0.0394020
2026-06-25 23:31:54.586 10 INFO neutron.services.segments.plugin [-] Segment ff82b59c-50c3-498b-b15c-b2c62fb06597 resource provider not found; error: Placement Client Error (4xx): {"errors": [{"status": 404, "title": "Not Found", "detail": "The resource could not be found.\n\n No resource provider with uuid ff82b59c-50c3-498b-b15c-b2c62fb06597 found for delete ", "request_id": "req-4cbc35a2-b1b9-48ff-a48c-e46de06bf018"}]}
2026-06-25 23:31:54.587 10 INFO neutron.services.segments.plugin [-] Segment ff82b59c-50c3-498b-b15c-b2c62fb06597 resource provider not found; error: Placement Client Error (4xx): {"errors": [{"status": 404, "title": "Not Found", "detail": "The resource could not be found.\n\n No resource provider with uuid ff82b59c-50c3-498b-b15c-b2c62fb06597 found for delete ", "request_id": "req-ac596b40-9f1d-410c-a776-ce3ca9170093"}]}
2026-06-25 23:31:54.646 10 INFO neutron.wsgi [None req-4a1a253d-841c-4ad7-9388-6632aade789c 831250d8814a4e639b6bd01f58865297 93ac6eb7bd8e47b3bebbb7a5373e1bd6 - - default default] 10.0.0.89 "PUT /v2.0/policies/70032592-6389-41d6-858d-beba64a795e0/tags HTTP/1.1" status: 200 len: 212 time: 0.0538247
2026-06-25 23:31:54.681 10 INFO neutron.db.ovn_revision_numbers_db [None req-045b6eff-57c3-403e-b397-79df6c294b5c ebde34755037438cb89517014813295c 21fdea3a18454264b9dda3f34b655c0c - - default default] Successfully bumped revision number for resource 4b9d7905-9414-4283-ab4a-3b983e70de0e (type: security_group_rules) to 0
2026-06-25 23:31:54.708 10 INFO neutron.wsgi [None req-045b6eff-57c3-403e-b397-79df6c294b5c ebde34755037438cb89517014813295c 21fdea3a18454264b9dda3f34b655c0c - - default default] 10.0.0.89 "POST /v2.0/security-group-rules HTTP/1.1" status: 201 len: 766 time: 0.2507236
2026-06-25 23:31:54.717 9 WARNING neutron_lib.context [None req-2a33c529-473c-43c8-91ca-5b50d0fe46d2 ebde34755037438cb89517014813295c 21fdea3a18454264b9dda3f34b655c0c - - default default] Method 'is_advsvc' is deprecated since 2023.2 release (neutron-lib 3.8.0) and will be removed once support for the old RBAC API policies will be removed from Neutron. Please use method 'is_service_role' instead.
2026-06-25 23:31:54.772 9 INFO neutron.wsgi [None req-be8966da-e9ce-4711-9ec0-85557fafd023 3bdc8b9cffad461687f7dd2e6d9524ac 24a5ceb7bfb54dabbf12a0269462c9b9 - - default default] 10.0.0.89 "DELETE /v2.0/ports/8362de5a-8f49-4a09-9f36-a9580beaa455 HTTP/1.1" status: 204 len: 168 time: 0.3192115
2026-06-25 23:31:54.794 9 INFO neutron.pecan_wsgi.hooks.translation [None req-fb7a7341-bbfb-486c-b639-8e982c5b6e64 3bdc8b9cffad461687f7dd2e6d9524ac 24a5ceb7bfb54dabbf12a0269462c9b9 - - default default] GET failed (client error): The resource could not be found.
2026-06-25 23:31:54.795 9 INFO neutron.wsgi [None req-fb7a7341-bbfb-486c-b639-8e982c5b6e64 3bdc8b9cffad461687f7dd2e6d9524ac 24a5ceb7bfb54dabbf12a0269462c9b9 - - default default] 10.0.0.89 "GET /v2.0/ports/8362de5a-8f49-4a09-9f36-a9580beaa455 HTTP/1.1" status: 404 len: 333 time: 0.0176749
2026-06-25 23:31:54.867 10 INFO neutron.wsgi [None req-a38a7c6d-964e-4d0d-8fc8-061176b04e8b 7e94684f30304a5f8f1aae77f3a869b9 40ab63f00bae497889c5cedd67724798 - - default default] 10.0.0.89 "DELETE /v2.0/networks/83c7c4b3-5bef-407a-b56f-a6220c91a794 HTTP/1.1" status: 204 len: 168 time: 0.4742026
2026-06-25 23:31:54.902 9 INFO neutron.db.ovn_revision_numbers_db [None req-2a33c529-473c-43c8-91ca-5b50d0fe46d2 ebde34755037438cb89517014813295c 21fdea3a18454264b9dda3f34b655c0c - - default default] Successfully bumped revision number for resource e613f13b-60a7-4ea1-9ea3-0b5bb0a4217b (type: security_group_rules) to 0
2026-06-25 23:31:54.948 9 INFO neutron.wsgi [None req-2a33c529-473c-43c8-91ca-5b50d0fe46d2 ebde34755037438cb89517014813295c 21fdea3a18454264b9dda3f34b655c0c - - default default] 10.0.0.89 "POST /v2.0/security-group-rules HTTP/1.1" status: 201 len: 768 time: 0.2357450
2026-06-25 23:31:54.963 9 WARNING neutron_lib.context [None req-ffb6fe7e-b09f-4afc-88c6-eecf9dd1b60d ebde34755037438cb89517014813295c 21fdea3a18454264b9dda3f34b655c0c - - default default] Method 'is_advsvc' is deprecated since 2023.2 release (neutron-lib 3.8.0) and will be removed once support for the old RBAC API policies will be removed from Neutron. Please use method 'is_service_role' instead.
2026-06-25 23:31:55.039 9 INFO neutron.wsgi [None req-07c6fb4b-dcdc-435b-81ed-1808fc3d62fa 3bdc8b9cffad461687f7dd2e6d9524ac 24a5ceb7bfb54dabbf12a0269462c9b9 - - default default] 10.0.0.89 "DELETE /v2.0/subnets/cc89c5d7-5c98-4abb-ba98-83e7b02445cc HTTP/1.1" status: 204 len: 168 time: 0.2395923
2026-06-25 23:31:55.379 10 INFO neutron.wsgi [-] 10.0.0.131 "GET / HTTP/1.1" status: 200 len: 247 time: 0.0021353
2026-06-25 23:31:55.382 10 INFO neutron.wsgi [-] 10.0.0.131 "GET / HTTP/1.1" status: 200 len: 247 time: 0.0012603
2026-06-25 23:31:55.454 10 INFO neutron.wsgi [None req-871489e0-7d3d-404f-9f1c-a3b03d8d0ec9 7e94684f30304a5f8f1aae77f3a869b9 40ab63f00bae497889c5cedd67724798 - - default default] 10.0.0.89 "DELETE /v2.0/networks/f73c6b0e-b76e-4680-b166-80aed0f686bc HTTP/1.1" status: 204 len: 168 time: 0.5827589
2026-06-25 23:31:55.502 9 INFO neutron.db.ovn_revision_numbers_db [None req-ffb6fe7e-b09f-4afc-88c6-eecf9dd1b60d ebde34755037438cb89517014813295c 21fdea3a18454264b9dda3f34b655c0c - - default default] Successfully bumped revision number for resource 1d534ae6-bc5e-4b57-b416-5f5016759d35 (type: security_group_rules) to 0
2026-06-25 23:31:55.513 9 INFO neutron.services.segments.plugin [-] Segment 5683d4e3-b7b1-4dee-aeee-9009f64b725e resource provider aggregate not found
2026-06-25 23:31:55.523 9 INFO neutron.wsgi [None req-ca38fd7d-4a28-4f06-aa52-26c1cc0e6f7f 641550dc576640eeaaa017f2be9cc0a1 f70f4eb0d28446328d4819d0482c6f66 - - default default] 10.0.0.89 "GET /v2.0/qos/policies?tags=red HTTP/1.1" status: 200 len: 1296 time: 0.4870048
2026-06-25 23:31:55.529 9 INFO neutron.services.segments.plugin [-] Segment 5683d4e3-b7b1-4dee-aeee-9009f64b725e resource provider not found; error: Placement Client Error (4xx): {"errors": [{"status": 404, "title": "Not Found", "detail": "The resource could not be found.\n\n No resource provider with uuid 5683d4e3-b7b1-4dee-aeee-9009f64b725e found for delete ", "request_id": "req-07864e66-f206-463c-a540-5d7771df47b7"}]}
2026-06-25 23:31:55.551 9 INFO neutron.wsgi [None req-ffb6fe7e-b09f-4afc-88c6-eecf9dd1b60d ebde34755037438cb89517014813295c 21fdea3a18454264b9dda3f34b655c0c - - default default] 10.0.0.89 "POST /v2.0/security-group-rules HTTP/1.1" status: 201 len: 764 time: 0.5935924
2026-06-25 23:31:55.570 9 INFO neutron.services.segments.plugin [-] Segment 5683d4e3-b7b1-4dee-aeee-9009f64b725e resource provider aggregate not found
2026-06-25 23:31:55.585 9 INFO neutron.services.segments.plugin [-] Segment 5683d4e3-b7b1-4dee-aeee-9009f64b725e resource provider not found; error: Placement Client Error (4xx): {"errors": [{"status": 404, "title": "Not Found", "detail": "The resource could not be found.\n\n No resource provider with uuid 5683d4e3-b7b1-4dee-aeee-9009f64b725e found for delete ", "request_id": "req-2cf5156b-7e71-46bd-b544-13553c63d3e7"}]}
2026-06-25 23:31:55.590 10 INFO neutron.wsgi [None req-00e8bf83-9bea-41aa-ade4-87c4cde19cd8 641550dc576640eeaaa017f2be9cc0a1 f70f4eb0d28446328d4819d0482c6f66 - - default default] 10.0.0.89 "GET /v2.0/qos/policies?tags=red%2Cblue HTTP/1.1" status: 200 len: 941 time: 0.0603414
2026-06-25 23:31:55.651 10 INFO neutron.wsgi [None req-84643753-8103-4683-8ba9-cbd94638e443 641550dc576640eeaaa017f2be9cc0a1 f70f4eb0d28446328d4819d0482c6f66 - - default default] 10.0.0.89 "GET /v2.0/qos/policies?tags-any=blue HTTP/1.1" status: 200 len: 941 time: 0.0563271
2026-06-25 23:31:55.714 10 INFO neutron.wsgi [None req-46c6f8bb-38cc-4a50-8302-cbe2076b22d3 641550dc576640eeaaa017f2be9cc0a1 f70f4eb0d28446328d4819d0482c6f66 - - default default] 10.0.0.89 "GET /v2.0/qos/policies?tags-any=red%2Cblue HTTP/1.1" status: 200 len: 1296 time: 0.0587516
2026-06-25 23:31:55.759 9 INFO neutron.wsgi [None req-c2931b42-36bd-45e3-b5c5-71d966ee8c33 3bdc8b9cffad461687f7dd2e6d9524ac 24a5ceb7bfb54dabbf12a0269462c9b9 - - default default] 10.0.0.89 "DELETE /v2.0/networks/dfe72c91-2e93-448f-9f0d-358d174222d2 HTTP/1.1" status: 204 len: 168 time: 0.7076669
2026-06-25 23:31:55.768 10 WARNING neutron_lib.context [None req-e0c228b4-a832-4476-8b33-18359c4a2e49 3bdc8b9cffad461687f7dd2e6d9524ac 24a5ceb7bfb54dabbf12a0269462c9b9 - - default default] Method 'is_advsvc' is deprecated since 2023.2 release (neutron-lib 3.8.0) and will be removed once support for the old RBAC API policies will be removed from Neutron. Please use method 'is_service_role' instead.
