2026-06-25 23:29:39.275 10 WARNING neutron.api.rpc.agentnotifiers.dhcp_rpc_agent_api [None req-85e80b0e-e46d-4136-87c4-60143df11add 65a860245d8e429f9d110476a3e461f7 1a03d8c04f0f4ab2828d659c66742c42 - - default default] Unable to schedule network 2dde938a-1caa-4287-8cb4-dbc09c837d49: no agents available; will retry on subsequent port and subnet creation events.
2026-06-25 23:29:39.303 10 INFO neutron.db.ovn_revision_numbers_db [None req-85e80b0e-e46d-4136-87c4-60143df11add 65a860245d8e429f9d110476a3e461f7 1a03d8c04f0f4ab2828d659c66742c42 - - default default] Successfully bumped revision number for resource 293c8d5c-1d83-4302-aef6-c3051721a404 (type: subnets) to 0
2026-06-25 23:29:39.321 10 INFO neutron.wsgi [None req-85e80b0e-e46d-4136-87c4-60143df11add 65a860245d8e429f9d110476a3e461f7 1a03d8c04f0f4ab2828d659c66742c42 - - default default] 10.0.0.89 "POST /v2.0/subnets HTTP/1.1" status: 201 len: 830 time: 0.2977860
2026-06-25 23:29:39.334 9 WARNING neutron_lib.context [None req-b0808a64-0a19-4100-86e5-c346ba1eda26 65a860245d8e429f9d110476a3e461f7 1a03d8c04f0f4ab2828d659c66742c42 - - default default] Method 'is_advsvc' is deprecated since 2023.2 release (neutron-lib 3.8.0) and will be removed once support for the old RBAC API policies will be removed from Neutron. Please use method 'is_service_role' instead.
2026-06-25 23:29:39.352 9 INFO neutron.wsgi [None req-a035f233-c73b-429a-8466-8dbcffccb253 de3b895503c641119586d13339d5cbb3 716787a83b0c497e992d70367333e555 - - default default] 10.0.0.89 "DELETE /v2.0/security-group-rules/f72d0914-8156-445a-b22a-c5738dd7ab68 HTTP/1.1" status: 204 len: 168 time: 0.1200142
2026-06-25 23:29:39.398 10 INFO neutron.wsgi [None req-53767ad9-58a0-46fc-b901-6e5b9bf1e5fc de3b895503c641119586d13339d5cbb3 716787a83b0c497e992d70367333e555 - - default default] 10.0.0.89 "GET /v2.0/security-group-rules HTTP/1.1" status: 200 len: 3567 time: 0.0338213
2026-06-25 23:29:39.493 9 INFO neutron.db.ovn_revision_numbers_db [None req-b0808a64-0a19-4100-86e5-c346ba1eda26 65a860245d8e429f9d110476a3e461f7 1a03d8c04f0f4ab2828d659c66742c42 - - default default] Successfully bumped revision number for resource 9bffba07-2389-43c2-a118-0749d9de9cda (type: routers) to 1
2026-06-25 23:29:39.497 10 INFO neutron.wsgi [None req-680a8440-5395-4f1d-aa6f-8eaf81979884 de3b895503c641119586d13339d5cbb3 716787a83b0c497e992d70367333e555 - - default default] 10.0.0.89 "DELETE /v2.0/security-groups/6f89ac03-460d-440b-94ed-e778bc2421e1 HTTP/1.1" status: 204 len: 168 time: 0.0944679
2026-06-25 23:29:39.510 9 INFO neutron.wsgi [None req-b0808a64-0a19-4100-86e5-c346ba1eda26 65a860245d8e429f9d110476a3e461f7 1a03d8c04f0f4ab2828d659c66742c42 - - default default] 10.0.0.89 "POST /v2.0/routers HTTP/1.1" status: 201 len: 691 time: 0.1809564
2026-06-25 23:29:39.539 10 INFO neutron.wsgi [None req-106ff618-cb1a-45ec-a353-d7996a1db44d de3b895503c641119586d13339d5cbb3 716787a83b0c497e992d70367333e555 - - default default] 10.0.0.89 "GET /v2.0/security-groups HTTP/1.1" status: 200 len: 2996 time: 0.0366118
2026-06-25 23:29:39.579 10 INFO neutron.wsgi [None req-14812164-a649-456d-ae7d-38862284cf5c de3b895503c641119586d13339d5cbb3 716787a83b0c497e992d70367333e555 - - default default] 10.0.0.89 "GET /v2.0/security-groups HTTP/1.1" status: 200 len: 2996 time: 0.0355074
2026-06-25 23:29:39.621 10 WARNING neutron_lib.context [None req-0dc97f5a-3bb4-471a-a4d3-2aa73e5c588d 36a16406adc849b0bf0a5454adf6e0b7 32fcf1792a10485e81f26e9961b55d5a - - default default] Method 'is_advsvc' is deprecated since 2023.2 release (neutron-lib 3.8.0) and will be removed once support for the old RBAC API policies will be removed from Neutron. Please use method 'is_service_role' instead.
2026-06-25 23:29:39.734 10 INFO neutron.db.ovn_revision_numbers_db [None req-0dc97f5a-3bb4-471a-a4d3-2aa73e5c588d 36a16406adc849b0bf0a5454adf6e0b7 32fcf1792a10485e81f26e9961b55d5a - - default default] Successfully bumped revision number for resource 5a3d6124-cc9f-43e8-a761-22d547a34f61 (type: security_groups) to 1
2026-06-25 23:29:39.747 10 INFO neutron.db.ovn_revision_numbers_db [None req-0dc97f5a-3bb4-471a-a4d3-2aa73e5c588d 36a16406adc849b0bf0a5454adf6e0b7 32fcf1792a10485e81f26e9961b55d5a - - default default] Successfully bumped revision number for resource 578f355f-e649-4247-8f05-0259972097ce (type: security_group_rules) to 0
2026-06-25 23:29:39.763 10 INFO neutron.db.ovn_revision_numbers_db [None req-0dc97f5a-3bb4-471a-a4d3-2aa73e5c588d 36a16406adc849b0bf0a5454adf6e0b7 32fcf1792a10485e81f26e9961b55d5a - - default default] Successfully bumped revision number for resource f9b089bf-a9f2-430a-8a92-856d38f9eba4 (type: security_group_rules) to 0
2026-06-25 23:29:39.790 10 INFO neutron.wsgi [None req-0dc97f5a-3bb4-471a-a4d3-2aa73e5c588d 36a16406adc849b0bf0a5454adf6e0b7 32fcf1792a10485e81f26e9961b55d5a - - default default] 10.0.0.89 "POST /v2.0/security-groups HTTP/1.1" status: 201 len: 1796 time: 0.1760268
2026-06-25 23:29:39.802 9 WARNING neutron_lib.context [None req-bfd68796-b45a-4e1e-8f23-17408ef9ef35 36a16406adc849b0bf0a5454adf6e0b7 32fcf1792a10485e81f26e9961b55d5a - - default default] Method 'is_advsvc' is deprecated since 2023.2 release (neutron-lib 3.8.0) and will be removed once support for the old RBAC API policies will be removed from Neutron. Please use method 'is_service_role' instead.
2026-06-25 23:29:39.990 9 WARNING neutron.scheduler.dhcp_agent_scheduler [None req-9fb7527f-297c-4a9e-afe9-3bef98e34820 65a860245d8e429f9d110476a3e461f7 1a03d8c04f0f4ab2828d659c66742c42 - - default default] No more DHCP agents
2026-06-25 23:29:39.997 9 WARNING neutron.api.rpc.agentnotifiers.dhcp_rpc_agent_api [None req-9fb7527f-297c-4a9e-afe9-3bef98e34820 65a860245d8e429f9d110476a3e461f7 1a03d8c04f0f4ab2828d659c66742c42 - - default default] Unable to schedule network d967353e-9b43-4c7c-93b1-094a47873405: no agents available; will retry on subsequent port and subnet creation events.
2026-06-25 23:29:40.062 9 INFO neutron.db.ovn_revision_numbers_db [None req-bfd68796-b45a-4e1e-8f23-17408ef9ef35 36a16406adc849b0bf0a5454adf6e0b7 32fcf1792a10485e81f26e9961b55d5a - - default default] Successfully bumped revision number for resource 3b03785b-b99a-47d8-897f-2f409f036d1b (type: security_group_rules) to 0
2026-06-25 23:29:40.137 9 INFO neutron.wsgi [None req-bfd68796-b45a-4e1e-8f23-17408ef9ef35 36a16406adc849b0bf0a5454adf6e0b7 32fcf1792a10485e81f26e9961b55d5a - - default default] 10.0.0.89 "POST /v2.0/security-group-rules HTTP/1.1" status: 201 len: 764 time: 0.3427978
2026-06-25 23:29:40.150 10 WARNING neutron_lib.context [None req-d5d47328-3f50-4aa8-ad57-4f6d6fba524d 36a16406adc849b0bf0a5454adf6e0b7 32fcf1792a10485e81f26e9961b55d5a - - default default] Method 'is_advsvc' is deprecated since 2023.2 release (neutron-lib 3.8.0) and will be removed once support for the old RBAC API policies will be removed from Neutron. Please use method 'is_service_role' instead.
2026-06-25 23:29:40.174 9 INFO neutron.db.ovn_revision_numbers_db [None req-9fb7527f-297c-4a9e-afe9-3bef98e34820 65a860245d8e429f9d110476a3e461f7 1a03d8c04f0f4ab2828d659c66742c42 - - default default] Successfully bumped revision number for resource 12eb157e-ceed-4633-be5b-a07a0c7dcaf4 (type: ports) to 1
2026-06-25 23:29:40.211 9 INFO neutron.db.ovn_revision_numbers_db [None req-6510ef62-e0e8-4c0c-ba80-a19a4ec43d6d 9089057e8b3b45cbba9ee2e7a472e3b0 72744b09b8ba48b8a3e6b17504fc11fd - - default default] Successfully bumped revision number for resource 29f6a67a-0719-44ca-b86b-8f69593be622 (type: security_groups) to 1
2026-06-25 23:29:40.241 9 INFO neutron.db.ovn_revision_numbers_db [None req-6510ef62-e0e8-4c0c-ba80-a19a4ec43d6d 9089057e8b3b45cbba9ee2e7a472e3b0 72744b09b8ba48b8a3e6b17504fc11fd - - default default] Successfully bumped revision number for resource 33d25be3-9da2-4810-b2b2-a3c730a638d2 (type: security_group_rules) to 0
2026-06-25 23:29:40.245 9 INFO neutron.wsgi [None req-d5c7d5a5-2477-42f3-bd59-493d1f6bf783 9089057e8b3b45cbba9ee2e7a472e3b0 72744b09b8ba48b8a3e6b17504fc11fd - - default default] 10.0.0.89 "GET /v2.0/security-groups?tenant_id=716787a83b0c497e992d70367333e555&name=default HTTP/1.1" status: 200 len: 2996 time: 0.1243312
2026-06-25 23:29:40.261 9 INFO neutron.db.ovn_revision_numbers_db [None req-6510ef62-e0e8-4c0c-ba80-a19a4ec43d6d 9089057e8b3b45cbba9ee2e7a472e3b0 72744b09b8ba48b8a3e6b17504fc11fd - - default default] Successfully bumped revision number for resource 505be506-eccf-46ce-b001-639924ac1a71 (type: security_group_rules) to 0
2026-06-25 23:29:40.290 9 INFO neutron.db.ovn_revision_numbers_db [None req-6510ef62-e0e8-4c0c-ba80-a19a4ec43d6d 9089057e8b3b45cbba9ee2e7a472e3b0 72744b09b8ba48b8a3e6b17504fc11fd - - default default] Successfully bumped revision number for resource 924ff228-3077-4f32-8de4-0503205c108b (type: security_group_rules) to 0
2026-06-25 23:29:40.314 9 INFO neutron.db.ovn_revision_numbers_db [None req-6510ef62-e0e8-4c0c-ba80-a19a4ec43d6d 9089057e8b3b45cbba9ee2e7a472e3b0 72744b09b8ba48b8a3e6b17504fc11fd - - default default] Successfully bumped revision number for resource df5b92f0-ad38-46ff-90b4-313a672e6b3a (type: security_group_rules) to 0
2026-06-25 23:29:40.346 9 INFO neutron.wsgi [None req-6510ef62-e0e8-4c0c-ba80-a19a4ec43d6d 9089057e8b3b45cbba9ee2e7a472e3b0 72744b09b8ba48b8a3e6b17504fc11fd - - default default] 10.0.0.89 "GET /v2.0/security-groups?tenant_id=8728856a27e54919a6c9090fbe9a33c0&name=default HTTP/1.1" status: 200 len: 2996 time: 0.6009274
2026-06-25 23:29:40.379 9 INFO neutron.wsgi [-] 10.0.0.131 "GET / HTTP/1.1" status: 200 len: 247 time: 0.0011201
2026-06-25 23:29:40.381 9 INFO neutron.wsgi [-] 10.0.0.131 "GET / HTTP/1.1" status: 200 len: 247 time: 0.0011406
2026-06-25 23:29:40.466 10 INFO neutron.db.ovn_revision_numbers_db [None req-d5d47328-3f50-4aa8-ad57-4f6d6fba524d 36a16406adc849b0bf0a5454adf6e0b7 32fcf1792a10485e81f26e9961b55d5a - - default default] Successfully bumped revision number for resource d6b14f63-9c6f-4154-9c73-65c6c6ff4d9a (type: security_group_rules) to 0
2026-06-25 23:29:40.488 10 INFO neutron.wsgi [None req-d5d47328-3f50-4aa8-ad57-4f6d6fba524d 36a16406adc849b0bf0a5454adf6e0b7 32fcf1792a10485e81f26e9961b55d5a - - default default] 10.0.0.89 "POST /v2.0/security-group-rules HTTP/1.1" status: 201 len: 769 time: 0.3459456
2026-06-25 23:29:40.497 10 WARNING neutron_lib.context [None req-a6dccfc7-29bb-4594-b455-294c387d2a4f 36a16406adc849b0bf0a5454adf6e0b7 32fcf1792a10485e81f26e9961b55d5a - - default default] Method 'is_advsvc' is deprecated since 2023.2 release (neutron-lib 3.8.0) and will be removed once support for the old RBAC API policies will be removed from Neutron. Please use method 'is_service_role' instead.
2026-06-25 23:29:40.678 9 INFO neutron.db.ovn_revision_numbers_db [None req-9fb7527f-297c-4a9e-afe9-3bef98e34820 65a860245d8e429f9d110476a3e461f7 1a03d8c04f0f4ab2828d659c66742c42 - - default default] Successfully bumped revision number for resource 12eb157e-ceed-4633-be5b-a07a0c7dcaf4 (type: router_ports) to 1
2026-06-25 23:29:40.692 9 INFO neutron.wsgi [None req-415e3e3c-292a-4503-b414-3b0558f8ce7c 9089057e8b3b45cbba9ee2e7a472e3b0 72744b09b8ba48b8a3e6b17504fc11fd - - default default] 10.0.0.89 "DELETE /v2.0/security-groups/a6f8c97d-39cf-4e97-9494-0d4d070ee426 HTTP/1.1" status: 204 len: 168 time: 0.4374509
2026-06-25 23:29:40.739 9 INFO neutron.wsgi [None req-ae9b7ac6-ab83-482d-83ce-02ff04d29db2 9089057e8b3b45cbba9ee2e7a472e3b0 72744b09b8ba48b8a3e6b17504fc11fd - - default default] 10.0.0.89 "DELETE /v2.0/security-groups/29f6a67a-0719-44ca-b86b-8f69593be622 HTTP/1.1" status: 204 len: 168 time: 0.3758562
2026-06-25 23:29:40.763 10 WARNING neutron.scheduler.dhcp_agent_scheduler [None req-a6dccfc7-29bb-4594-b455-294c387d2a4f 36a16406adc849b0bf0a5454adf6e0b7 32fcf1792a10485e81f26e9961b55d5a - - default default] No more DHCP agents
2026-06-25 23:29:40.766 10 WARNING neutron.api.rpc.agentnotifiers.dhcp_rpc_agent_api [None req-a6dccfc7-29bb-4594-b455-294c387d2a4f 36a16406adc849b0bf0a5454adf6e0b7 32fcf1792a10485e81f26e9961b55d5a - - default default] Unable to schedule network a6b061e7-ef29-4b14-9ccc-96c438219742: no agents available; will retry on subsequent port and subnet creation events.
2026-06-25 23:29:40.796 9 INFO neutron.db.ovn_revision_numbers_db [None req-9fb7527f-297c-4a9e-afe9-3bef98e34820 65a860245d8e429f9d110476a3e461f7 1a03d8c04f0f4ab2828d659c66742c42 - - default default] Successfully bumped revision number for resource 12eb157e-ceed-4633-be5b-a07a0c7dcaf4 (type: ports) to 1
2026-06-25 23:29:40.888 9 WARNING neutron.scheduler.dhcp_agent_scheduler [None req-9fb7527f-297c-4a9e-afe9-3bef98e34820 65a860245d8e429f9d110476a3e461f7 1a03d8c04f0f4ab2828d659c66742c42 - - default default] No more DHCP agents
2026-06-25 23:29:40.890 9 WARNING neutron.api.rpc.agentnotifiers.dhcp_rpc_agent_api [None req-9fb7527f-297c-4a9e-afe9-3bef98e34820 65a860245d8e429f9d110476a3e461f7 1a03d8c04f0f4ab2828d659c66742c42 - - default default] Unable to schedule network d967353e-9b43-4c7c-93b1-094a47873405: no agents available; will retry on subsequent port and subnet creation events.
2026-06-25 23:29:41.083 10 INFO neutron.db.ovn_revision_numbers_db [None req-a6dccfc7-29bb-4594-b455-294c387d2a4f 36a16406adc849b0bf0a5454adf6e0b7 32fcf1792a10485e81f26e9961b55d5a - - default default] Successfully bumped revision number for resource 4f2f06c0-cffd-450e-8c42-3d34d434d27c (type: floatingips) to 0
2026-06-25 23:29:41.098 10 INFO neutron.wsgi [None req-a6dccfc7-29bb-4594-b455-294c387d2a4f 36a16406adc849b0bf0a5454adf6e0b7 32fcf1792a10485e81f26e9961b55d5a - - default default] 10.0.0.89 "POST /v2.0/floatingips HTTP/1.1" status: 201 len: 751 time: 0.6050012
2026-06-25 23:29:41.522 9 INFO neutron.db.ovn_revision_numbers_db [None req-9fb7527f-297c-4a9e-afe9-3bef98e34820 65a860245d8e429f9d110476a3e461f7 1a03d8c04f0f4ab2828d659c66742c42 - - default default] Successfully bumped revision number for resource 12eb157e-ceed-4633-be5b-a07a0c7dcaf4 (type: router_ports) to 1
2026-06-25 23:29:41.525 9 INFO neutron.wsgi [None req-9fb7527f-297c-4a9e-afe9-3bef98e34820 65a860245d8e429f9d110476a3e461f7 1a03d8c04f0f4ab2828d659c66742c42 - - default default] 10.0.0.89 "PUT /v2.0/routers/9bffba07-2389-43c2-a118-0749d9de9cda/add_router_interface HTTP/1.1" status: 200 len: 503 time: 2.0100007
2026-06-25 23:29:41.568 9 INFO neutron.db.ovn_revision_numbers_db [None req-f0399866-857f-4711-b685-fa744a849e85 9089057e8b3b45cbba9ee2e7a472e3b0 72744b09b8ba48b8a3e6b17504fc11fd - - default default] Successfully bumped revision number for resource 7d869c8a-93fa-4b03-a8b5-3be5baeda6f7 (type: security_groups) to 1
2026-06-25 23:29:41.577 10 INFO neutron.wsgi [req-3166fb28-5a92-4865-998a-58d27e6ce6a0 req-8dee7a5e-fd0b-40d8-b73d-a25909e56b42 36a16406adc849b0bf0a5454adf6e0b7 32fcf1792a10485e81f26e9961b55d5a - - default default] 10.0.0.227 "GET /v2.0/security-groups?name=tempest-securitygroup--2070737850&fields=id&tenant_id=32fcf1792a10485e81f26e9961b55d5a HTTP/1.1" status: 200 len: 267 time: 0.0426261
2026-06-25 23:29:41.598 9 INFO neutron.db.ovn_revision_numbers_db [None req-f0399866-857f-4711-b685-fa744a849e85 9089057e8b3b45cbba9ee2e7a472e3b0 72744b09b8ba48b8a3e6b17504fc11fd - - default default] Successfully bumped revision number for resource 39c37f94-b786-463b-9244-931172c0874c (type: security_group_rules) to 0
2026-06-25 23:29:41.616 9 INFO neutron.db.ovn_revision_numbers_db [None req-f0399866-857f-4711-b685-fa744a849e85 9089057e8b3b45cbba9ee2e7a472e3b0 72744b09b8ba48b8a3e6b17504fc11fd - - default default] Successfully bumped revision number for resource 605c33a4-f2c6-44ef-a89c-5e9efe957553 (type: security_group_rules) to 0
2026-06-25 23:29:41.628 9 INFO neutron.wsgi [None req-b07e0b26-678c-4714-afc3-a838d08d1f5a 65a860245d8e429f9d110476a3e461f7 1a03d8c04f0f4ab2828d659c66742c42 - - default default] 10.0.0.89 "GET /v2.0/ports/12eb157e-ceed-4633-be5b-a07a0c7dcaf4 HTTP/1.1" status: 200 len: 1139 time: 0.0962293
2026-06-25 23:29:41.637 9 INFO neutron.db.ovn_revision_numbers_db [None req-f0399866-857f-4711-b685-fa744a849e85 9089057e8b3b45cbba9ee2e7a472e3b0 72744b09b8ba48b8a3e6b17504fc11fd - - default default] Successfully bumped revision number for resource 74b53fe6-94fa-41a9-9b6c-3e70d28d0cea (type: security_group_rules) to 0
2026-06-25 23:29:41.677 9 INFO neutron.db.ovn_revision_numbers_db [None req-f0399866-857f-4711-b685-fa744a849e85 9089057e8b3b45cbba9ee2e7a472e3b0 72744b09b8ba48b8a3e6b17504fc11fd - - default default] Successfully bumped revision number for resource fd0e258f-edc5-4222-8eac-d78a213caf84 (type: security_group_rules) to 0
2026-06-25 23:29:41.681 10 INFO neutron.wsgi [req-3166fb28-5a92-4865-998a-58d27e6ce6a0 req-c464071b-109a-4299-bb0a-846219f424de 36a16406adc849b0bf0a5454adf6e0b7 32fcf1792a10485e81f26e9961b55d5a - - default default] 10.0.0.227 "GET /v2.0/networks?id=810931f1-191a-4fe6-b2a1-548762e92cf5 HTTP/1.1" status: 200 len: 869 time: 0.0960443
2026-06-25 23:29:41.700 10 INFO neutron.wsgi [req-3166fb28-5a92-4865-998a-58d27e6ce6a0 req-074fed49-1abf-40b0-ba91-497fff82fbed 36a16406adc849b0bf0a5454adf6e0b7 32fcf1792a10485e81f26e9961b55d5a - - default default] 10.0.0.227 "GET /v2.0/quotas/32fcf1792a10485e81f26e9961b55d5a HTTP/1.1" status: 200 len: 386 time: 0.0129459
2026-06-25 23:29:41.722 9 INFO neutron.wsgi [None req-f0399866-857f-4711-b685-fa744a849e85 9089057e8b3b45cbba9ee2e7a472e3b0 72744b09b8ba48b8a3e6b17504fc11fd - - default default] 10.0.0.89 "GET /v2.0/security-groups?tenant_id=81bafafca2f5447cb538430159982d55&name=default HTTP/1.1" status: 200 len: 2996 time: 0.8243649
2026-06-25 23:29:41.828 10 INFO neutron.wsgi [req-3166fb28-5a92-4865-998a-58d27e6ce6a0 req-765e23ed-6381-4540-8c5d-fe2eca3ef9af 36a16406adc849b0bf0a5454adf6e0b7 32fcf1792a10485e81f26e9961b55d5a - - default default] 10.0.0.227 "GET /v2.0/ports?tenant_id=32fcf1792a10485e81f26e9961b55d5a&fields=id HTTP/1.1" status: 200 len: 302 time: 0.1207170
2026-06-25 23:29:41.898 10 INFO neutron.wsgi [req-3166fb28-5a92-4865-998a-58d27e6ce6a0 req-abebd672-5564-4d5d-9e24-758da1281771 4305f2eb0a454ae7afbde0d0e0f17c49 a9466336b3fd40b1bbb1e9a2323ae8bb - - 72461810ce124ffeba27c79f004d6667 72461810ce124ffeba27c79f004d6667] 10.0.0.227 "GET /v2.0/networks/810931f1-191a-4fe6-b2a1-548762e92cf5?fields=segments HTTP/1.1" status: 200 len: 212 time: 0.0584157
2026-06-25 23:29:41.982 10 INFO neutron.wsgi [req-3166fb28-5a92-4865-998a-58d27e6ce6a0 req-3f444c00-ac78-4b76-95a5-0e398cf6a8ac 4305f2eb0a454ae7afbde0d0e0f17c49 a9466336b3fd40b1bbb1e9a2323ae8bb - - 72461810ce124ffeba27c79f004d6667 72461810ce124ffeba27c79f004d6667] 10.0.0.227 "GET /v2.0/networks/810931f1-191a-4fe6-b2a1-548762e92cf5?fields=provider%3Aphysical_network&fields=provider%3Anetwork_type HTTP/1.1" status: 200 len: 277 time: 0.0746055
2026-06-25 23:29:41.985 10 INFO neutron.wsgi [None req-043b0249-d00f-4111-89a2-f8cf53725591 9089057e8b3b45cbba9ee2e7a472e3b0 72744b09b8ba48b8a3e6b17504fc11fd - - default default] 10.0.0.89 "DELETE /v2.0/security-groups/7d869c8a-93fa-4b03-a8b5-3be5baeda6f7 HTTP/1.1" status: 204 len: 168 time: 0.2569129
2026-06-25 23:29:42.176 10 INFO neutron.wsgi [req-15a6b14a-7d7d-476e-9c4a-4e98557b6f60 req-834117ea-2ea0-4043-a0d8-9947c1326b05 36a16406adc849b0bf0a5454adf6e0b7 32fcf1792a10485e81f26e9961b55d5a - - default default] 10.0.0.227 "GET /v2.0/ports?device_id=18824ec7-c66f-42cf-880d-6929c93470cd HTTP/1.1" status: 200 len: 210 time: 0.0332956
2026-06-25 23:29:42.176 9 WARNING neutron.scheduler.dhcp_agent_scheduler [None req-619e2353-8219-49d4-aef9-ef656c2d36ba 65a860245d8e429f9d110476a3e461f7 1a03d8c04f0f4ab2828d659c66742c42 - - default default] No more DHCP agents
2026-06-25 23:29:42.177 9 WARNING neutron.api.rpc.agentnotifiers.dhcp_rpc_agent_api [None req-619e2353-8219-49d4-aef9-ef656c2d36ba 65a860245d8e429f9d110476a3e461f7 1a03d8c04f0f4ab2828d659c66742c42 - - default default] Unable to schedule network 2dde938a-1caa-4287-8cb4-dbc09c837d49: no agents available; will retry on subsequent port and subnet creation events.
2026-06-25 23:29:42.309 9 INFO neutron.db.ovn_revision_numbers_db [None req-619e2353-8219-49d4-aef9-ef656c2d36ba 65a860245d8e429f9d110476a3e461f7 1a03d8c04f0f4ab2828d659c66742c42 - - default default] Successfully bumped revision number for resource a69441d7-a307-41e1-b75d-6110b6df267f (type: ports) to 1
2026-06-25 23:29:42.378 10 INFO neutron.wsgi [-] 10.0.0.89 "GET / HTTP/1.1" status: 200 len: 279 time: 0.0025330
2026-06-25 23:29:42.534 10 INFO neutron.wsgi [None req-5c6dab11-7bd6-4e49-ab4d-e49ed34692aa ca76fb134dd2406993c6e6661308030b 50f81b546584410388800513118bc6aa - - default default] 10.0.0.89 "GET /v2.0/ HTTP/1.1" status: 200 len: 826 time: 0.1518292
2026-06-25 23:29:42.707 9 INFO neutron.db.ovn_revision_numbers_db [None req-619e2353-8219-49d4-aef9-ef656c2d36ba 65a860245d8e429f9d110476a3e461f7 1a03d8c04f0f4ab2828d659c66742c42 - - default default] Successfully bumped revision number for resource a69441d7-a307-41e1-b75d-6110b6df267f (type: router_ports) to 1
2026-06-25 23:29:42.796 9 INFO neutron.db.ovn_revision_numbers_db [None req-619e2353-8219-49d4-aef9-ef656c2d36ba 65a860245d8e429f9d110476a3e461f7 1a03d8c04f0f4ab2828d659c66742c42 - - default default] Successfully bumped revision number for resource a69441d7-a307-41e1-b75d-6110b6df267f (type: ports) to 1
2026-06-25 23:29:42.864 9 WARNING neutron.scheduler.dhcp_agent_scheduler [None req-619e2353-8219-49d4-aef9-ef656c2d36ba 65a860245d8e429f9d110476a3e461f7 1a03d8c04f0f4ab2828d659c66742c42 - - default default] No more DHCP agents
2026-06-25 23:29:42.865 9 WARNING neutron.api.rpc.agentnotifiers.dhcp_rpc_agent_api [None req-619e2353-8219-49d4-aef9-ef656c2d36ba 65a860245d8e429f9d110476a3e461f7 1a03d8c04f0f4ab2828d659c66742c42 - - default default] Unable to schedule network 2dde938a-1caa-4287-8cb4-dbc09c837d49: no agents available; will retry on subsequent port and subnet creation events.
2026-06-25 23:29:42.920 10 INFO neutron.wsgi [req-3166fb28-5a92-4865-998a-58d27e6ce6a0 req-61fb002e-788c-4b56-a3e0-0a72a845576c 36a16406adc849b0bf0a5454adf6e0b7 32fcf1792a10485e81f26e9961b55d5a - - default default] 199.204.45.223 "GET /v2.0/networks?id=810931f1-191a-4fe6-b2a1-548762e92cf5 HTTP/1.1" status: 200 len: 869 time: 0.0670331
2026-06-25 23:29:42.983 10 INFO neutron.wsgi [req-3166fb28-5a92-4865-998a-58d27e6ce6a0 req-1bad31a6-5460-4bbb-ba2d-9b4d1e1b428f 36a16406adc849b0bf0a5454adf6e0b7 32fcf1792a10485e81f26e9961b55d5a - - default default] 199.204.45.223 "GET /v2.0/security-groups?fields=id&fields=name&tenant_id=32fcf1792a10485e81f26e9961b55d5a HTTP/1.1" status: 200 len: 380 time: 0.0562425
2026-06-25 23:29:42.996 10 WARNING neutron_lib.context [req-3166fb28-5a92-4865-998a-58d27e6ce6a0 req-cec2dd03-5c03-439e-9b96-3be595746b58 36a16406adc849b0bf0a5454adf6e0b7 32fcf1792a10485e81f26e9961b55d5a - - default default] Method 'is_advsvc' is deprecated since 2023.2 release (neutron-lib 3.8.0) and will be removed once support for the old RBAC API policies will be removed from Neutron. Please use method 'is_service_role' instead.
2026-06-25 23:29:43.014 9 INFO neutron.db.ovn_revision_numbers_db [None req-619e2353-8219-49d4-aef9-ef656c2d36ba 65a860245d8e429f9d110476a3e461f7 1a03d8c04f0f4ab2828d659c66742c42 - - default default] Successfully bumped revision number for resource a69441d7-a307-41e1-b75d-6110b6df267f (type: router_ports) to 1
2026-06-25 23:29:43.017 9 INFO neutron.wsgi [None req-619e2353-8219-49d4-aef9-ef656c2d36ba 65a860245d8e429f9d110476a3e461f7 1a03d8c04f0f4ab2828d659c66742c42 - - default default] 10.0.0.89 "PUT /v2.0/routers/9bffba07-2389-43c2-a118-0749d9de9cda/add_router_interface HTTP/1.1" status: 200 len: 503 time: 1.3851118
2026-06-25 23:29:43.125 9 INFO neutron.wsgi [None req-667af7c1-b2d7-4743-91d0-3f8f276e8dbd 65a860245d8e429f9d110476a3e461f7 1a03d8c04f0f4ab2828d659c66742c42 - - default default] 10.0.0.89 "GET /v2.0/ports/a69441d7-a307-41e1-b75d-6110b6df267f HTTP/1.1" status: 200 len: 1147 time: 0.1005728
2026-06-25 23:29:43.163 9 INFO neutron.wsgi [None req-c2fb8e2e-793c-4255-8303-b5d8ba2624fb 65a860245d8e429f9d110476a3e461f7 1a03d8c04f0f4ab2828d659c66742c42 - - default default] 10.0.0.89 "GET /v2.0/ports/a69441d7-a307-41e1-b75d-6110b6df267f HTTP/1.1" status: 200 len: 1147 time: 0.0321555
2026-06-25 23:29:43.273 10 INFO neutron.wsgi [req-51c6fd63-0591-4c6f-bfcc-ca57dd384f42 req-c78b563d-84d5-474c-acf6-3dea78364589 36a16406adc849b0bf0a5454adf6e0b7 32fcf1792a10485e81f26e9961b55d5a - - default default] 10.0.0.227 "GET /v2.0/ports?device_id=18824ec7-c66f-42cf-880d-6929c93470cd HTTP/1.1" status: 200 len: 210 time: 0.0268779
2026-06-25 23:29:43.336 10 INFO neutron.db.ovn_revision_numbers_db [None req-11d4eff1-a4e7-4e76-bb84-f9264a752f46 9089057e8b3b45cbba9ee2e7a472e3b0 72744b09b8ba48b8a3e6b17504fc11fd - - default default] Successfully bumped revision number for resource 888d4cdb-53f2-4df1-9880-61475e6e8c03 (type: security_groups) to 1
2026-06-25 23:29:43.367 10 INFO neutron.db.ovn_revision_numbers_db [None req-11d4eff1-a4e7-4e76-bb84-f9264a752f46 9089057e8b3b45cbba9ee2e7a472e3b0 72744b09b8ba48b8a3e6b17504fc11fd - - default default] Successfully bumped revision number for resource 3c67fd9e-a6a6-4b7a-9678-2b8119c50d2b (type: security_group_rules) to 0
2026-06-25 23:29:43.384 10 INFO neutron.db.ovn_revision_numbers_db [None req-11d4eff1-a4e7-4e76-bb84-f9264a752f46 9089057e8b3b45cbba9ee2e7a472e3b0 72744b09b8ba48b8a3e6b17504fc11fd - - default default] Successfully bumped revision number for resource b39645e6-fe49-40fa-b01a-422afc4ca81b (type: security_group_rules) to 0
2026-06-25 23:29:43.413 10 WARNING neutron.scheduler.dhcp_agent_scheduler [req-3166fb28-5a92-4865-998a-58d27e6ce6a0 req-cec2dd03-5c03-439e-9b96-3be595746b58 36a16406adc849b0bf0a5454adf6e0b7 32fcf1792a10485e81f26e9961b55d5a - - default default] No more DHCP agents
2026-06-25 23:29:43.413 10 INFO neutron.db.ovn_revision_numbers_db [None req-11d4eff1-a4e7-4e76-bb84-f9264a752f46 9089057e8b3b45cbba9ee2e7a472e3b0 72744b09b8ba48b8a3e6b17504fc11fd - - default default] Successfully bumped revision number for resource d417773d-2df7-4bf3-9c6f-8cd05b27c321 (type: security_group_rules) to 0
2026-06-25 23:29:43.417 10 WARNING neutron.api.rpc.agentnotifiers.dhcp_rpc_agent_api [req-3166fb28-5a92-4865-998a-58d27e6ce6a0 req-cec2dd03-5c03-439e-9b96-3be595746b58 36a16406adc849b0bf0a5454adf6e0b7 32fcf1792a10485e81f26e9961b55d5a - - default default] Unable to schedule network 810931f1-191a-4fe6-b2a1-548762e92cf5: no agents available; will retry on subsequent port and subnet creation events.
2026-06-25 23:29:43.439 10 INFO neutron.db.ovn_revision_numbers_db [None req-11d4eff1-a4e7-4e76-bb84-f9264a752f46 9089057e8b3b45cbba9ee2e7a472e3b0 72744b09b8ba48b8a3e6b17504fc11fd - - default default] Successfully bumped revision number for resource db552f5b-3d5a-4a3c-828a-8d5dc503a58f (type: security_group_rules) to 0
2026-06-25 23:29:43.470 10 INFO neutron.wsgi [None req-11d4eff1-a4e7-4e76-bb84-f9264a752f46 9089057e8b3b45cbba9ee2e7a472e3b0 72744b09b8ba48b8a3e6b17504fc11fd - - default default] 10.0.0.89 "GET /v2.0/security-groups?tenant_id=50f81b546584410388800513118bc6aa&name=default HTTP/1.1" status: 200 len: 2996 time: 0.4716866 /var/lib/openstack/lib/python3.10/site-packages/pycadf/identifier.py:71: UserWarning: Invalid uuid: neutron. To ensure interoperability, identifiers should be a valid uuid. warnings.warn(('Invalid uuid: %s. To ensure interoperability, '
2026-06-25 23:29:43.558 9 WARNING neutron.plugins.ml2.drivers.ovn.mech_driver.ovsdb.ovn_client [None req-aaba1074-abd1-4a59-bbf0-16f74f6b2b65 - - - - - -] No hosting information found for port 2cd5d8a6-44ac-41e2-99d5-a182e49a8245: RuntimeError: No hosting information found for port 2cd5d8a6-44ac-41e2-99d5-a182e49a8245
2026-06-25 23:29:43.559 9 INFO neutron.plugins.ml2.drivers.ovn.mech_driver.mech_driver [None req-aaba1074-abd1-4a59-bbf0-16f74f6b2b65 - - - - - -] OVN reports status up for port: 12eb157e-ceed-4633-be5b-a07a0c7dcaf4
2026-06-25 23:29:43.565 9 INFO neutron.plugins.ml2.plugin [None req-aaba1074-abd1-4a59-bbf0-16f74f6b2b65 - - - - - -] Attempt 1 to provision port 12eb157e-ceed-4633-be5b-a07a0c7dcaf4
2026-06-25 23:29:43.619 10 INFO neutron.db.ovn_revision_numbers_db [req-3166fb28-5a92-4865-998a-58d27e6ce6a0 req-cec2dd03-5c03-439e-9b96-3be595746b58 36a16406adc849b0bf0a5454adf6e0b7 32fcf1792a10485e81f26e9961b55d5a - - default default] Successfully bumped revision number for resource 97d86168-31d0-456d-a89f-6c30407cc5f9 (type: ports) to 1
2026-06-25 23:29:43.646 10 INFO neutron.wsgi [req-3166fb28-5a92-4865-998a-58d27e6ce6a0 req-cec2dd03-5c03-439e-9b96-3be595746b58 36a16406adc849b0bf0a5454adf6e0b7 32fcf1792a10485e81f26e9961b55d5a - - default default] 199.204.45.223 "POST /v2.0/ports HTTP/1.1" status: 201 len: 1158 time: 0.6580400
2026-06-25 23:29:43.741 10 INFO neutron.wsgi [None req-7de2688e-79ca-41e4-8f68-36f0bb0ba00d 9089057e8b3b45cbba9ee2e7a472e3b0 72744b09b8ba48b8a3e6b17504fc11fd - - default default] 10.0.0.89 "DELETE /v2.0/security-groups/888d4cdb-53f2-4df1-9880-61475e6e8c03 HTTP/1.1" status: 204 len: 168 time: 0.2659414
2026-06-25 23:29:43.839 9 INFO neutron.db.ovn_revision_numbers_db [None req-aaba1074-abd1-4a59-bbf0-16f74f6b2b65 - - - - - -] Successfully bumped revision number for resource 12eb157e-ceed-4633-be5b-a07a0c7dcaf4 (type: ports) to 2
2026-06-25 23:29:43.909 9 INFO neutron.db.ovn_revision_numbers_db [None req-aaba1074-abd1-4a59-bbf0-16f74f6b2b65 - - - - - -] Successfully bumped revision number for resource 12eb157e-ceed-4633-be5b-a07a0c7dcaf4 (type: router_ports) to 2
2026-06-25 23:29:44.077 10 INFO neutron.db.ovn_revision_numbers_db [req-3166fb28-5a92-4865-998a-58d27e6ce6a0 req-90cc78ff-37cc-407c-8fea-b8efb85007f6 4305f2eb0a454ae7afbde0d0e0f17c49 a9466336b3fd40b1bbb1e9a2323ae8bb - - 72461810ce124ffeba27c79f004d6667 72461810ce124ffeba27c79f004d6667] Successfully bumped revision number for resource 97d86168-31d0-456d-a89f-6c30407cc5f9 (type: ports) to 2
2026-06-25 23:29:44.201 9 INFO neutron.wsgi [None req-91bbfc4f-f6b2-44fd-befa-c35fccca93fc 65a860245d8e429f9d110476a3e461f7 1a03d8c04f0f4ab2828d659c66742c42 - - default default] 10.0.0.89 "GET /v2.0/ports/a69441d7-a307-41e1-b75d-6110b6df267f HTTP/1.1" status: 200 len: 1147 time: 0.0319052
2026-06-25 23:29:44.282 10 INFO neutron.db.ovn_revision_numbers_db [req-3166fb28-5a92-4865-998a-58d27e6ce6a0 req-90cc78ff-37cc-407c-8fea-b8efb85007f6 4305f2eb0a454ae7afbde0d0e0f17c49 a9466336b3fd40b1bbb1e9a2323ae8bb - - 72461810ce124ffeba27c79f004d6667 72461810ce124ffeba27c79f004d6667] Successfully bumped revision number for resource 97d86168-31d0-456d-a89f-6c30407cc5f9 (type: ports) to 2
2026-06-25 23:29:44.299 10 INFO neutron.wsgi [req-3166fb28-5a92-4865-998a-58d27e6ce6a0 req-90cc78ff-37cc-407c-8fea-b8efb85007f6 4305f2eb0a454ae7afbde0d0e0f17c49 a9466336b3fd40b1bbb1e9a2323ae8bb - - 72461810ce124ffeba27c79f004d6667 72461810ce124ffeba27c79f004d6667] 199.204.45.223 "PUT /v2.0/ports/97d86168-31d0-456d-a89f-6c30407cc5f9 HTTP/1.1" status: 200 len: 1376 time: 0.6420105 /var/lib/openstack/lib/python3.10/site-packages/pycadf/identifier.py:71: UserWarning: Invalid uuid: neutron. To ensure interoperability, identifiers should be a valid uuid. warnings.warn(('Invalid uuid: %s. To ensure interoperability, '
2026-06-25 23:29:44.345 10 INFO neutron.notifiers.nova [-] Nova event matching ['req-9cecf1e1-de5b-41d6-bdae-0406d0a00ca8'] response: {'name': 'network-changed', 'server_uuid': '18824ec7-c66f-42cf-880d-6929c93470cd', 'tag': '97d86168-31d0-456d-a89f-6c30407cc5f9', 'status': 'completed', 'code': 200}
2026-06-25 23:29:44.383 10 INFO neutron.wsgi [req-3166fb28-5a92-4865-998a-58d27e6ce6a0 req-62ccc2d6-c3fa-4544-8b1a-51013cff857f 4305f2eb0a454ae7afbde0d0e0f17c49 a9466336b3fd40b1bbb1e9a2323ae8bb - - 72461810ce124ffeba27c79f004d6667 72461810ce124ffeba27c79f004d6667] 199.204.45.223 "GET /v2.0/ports?tenant_id=32fcf1792a10485e81f26e9961b55d5a&device_id=18824ec7-c66f-42cf-880d-6929c93470cd HTTP/1.1" status: 200 len: 1407 time: 0.0532260
2026-06-25 23:29:44.406 10 INFO neutron.wsgi [req-2189c0c9-8980-4324-a335-c16075b62214 req-df2dd606-364e-48a6-9297-14acca458d95 36a16406adc849b0bf0a5454adf6e0b7 32fcf1792a10485e81f26e9961b55d5a - - default default] 10.0.0.227 "GET /v2.0/ports?device_id=18824ec7-c66f-42cf-880d-6929c93470cd HTTP/1.1" status: 200 len: 1168 time: 0.0522356
2026-06-25 23:29:44.417 10 INFO neutron.wsgi [req-3166fb28-5a92-4865-998a-58d27e6ce6a0 req-0a4ac74f-2319-4da6-af85-317cf03badad 4305f2eb0a454ae7afbde0d0e0f17c49 a9466336b3fd40b1bbb1e9a2323ae8bb - - 72461810ce124ffeba27c79f004d6667 72461810ce124ffeba27c79f004d6667] 199.204.45.223 "GET /v2.0/floatingips?fixed_ip_address=10.100.0.4&port_id=97d86168-31d0-456d-a89f-6c30407cc5f9 HTTP/1.1" status: 200 len: 217 time: 0.0261240
2026-06-25 23:29:44.464 10 INFO neutron.wsgi [req-3166fb28-5a92-4865-998a-58d27e6ce6a0 req-899ea106-ecb4-4805-86d8-0e9a25204f40 4305f2eb0a454ae7afbde0d0e0f17c49 a9466336b3fd40b1bbb1e9a2323ae8bb - - 72461810ce124ffeba27c79f004d6667 72461810ce124ffeba27c79f004d6667] 199.204.45.223 "GET /v2.0/subnets?id=b0f6bf07-19bd-4bba-8ee4-ec69c7a16b51 HTTP/1.1" status: 200 len: 863 time: 0.0375481
2026-06-25 23:29:44.488 10 INFO neutron.wsgi [req-3166fb28-5a92-4865-998a-58d27e6ce6a0 req-ab030ae4-664b-4099-8735-36b0ceae8968 4305f2eb0a454ae7afbde0d0e0f17c49 a9466336b3fd40b1bbb1e9a2323ae8bb - - 72461810ce124ffeba27c79f004d6667 72461810ce124ffeba27c79f004d6667] 199.204.45.223 "GET /v2.0/ports?network_id=810931f1-191a-4fe6-b2a1-548762e92cf5&device_owner=network%3Adhcp HTTP/1.1" status: 200 len: 210 time: 0.0180714
2026-06-25 23:29:44.490 10 INFO neutron.wsgi [req-2189c0c9-8980-4324-a335-c16075b62214 req-ec0d8632-1ade-4843-804d-c91e15c872d6 36a16406adc849b0bf0a5454adf6e0b7 32fcf1792a10485e81f26e9961b55d5a - - default default] 10.0.0.227 "GET /v2.0/security-groups?id=5a3d6124-cc9f-43e8-a761-22d547a34f61&fields=id&fields=name HTTP/1.1" status: 200 len: 313 time: 0.0751188
2026-06-25 23:29:44.547 10 INFO neutron.wsgi [req-3166fb28-5a92-4865-998a-58d27e6ce6a0 req-cc720a2d-b584-4941-b9d1-e9acc4c1ddc7 4305f2eb0a454ae7afbde0d0e0f17c49 a9466336b3fd40b1bbb1e9a2323ae8bb - - 72461810ce124ffeba27c79f004d6667 72461810ce124ffeba27c79f004d6667] 199.204.45.223 "GET /v2.0/networks/810931f1-191a-4fe6-b2a1-548762e92cf5?fields=segments HTTP/1.1" status: 200 len: 212 time: 0.0519204
2026-06-25 23:29:44.627 10 INFO neutron.wsgi [req-3166fb28-5a92-4865-998a-58d27e6ce6a0 req-17ef3844-ff61-46da-ab3c-da3adde13a8a 4305f2eb0a454ae7afbde0d0e0f17c49 a9466336b3fd40b1bbb1e9a2323ae8bb - - 72461810ce124ffeba27c79f004d6667 72461810ce124ffeba27c79f004d6667] 199.204.45.223 "GET /v2.0/networks/810931f1-191a-4fe6-b2a1-548762e92cf5?fields=provider%3Aphysical_network&fields=provider%3Anetwork_type HTTP/1.1" status: 200 len: 277 time: 0.0720050
2026-06-25 23:29:44.696 10 INFO neutron.wsgi [req-29c9263d-c5e9-4d51-b500-665e4aef5bb8 req-58df0d95-d7c3-4074-b7fc-611216bafa47 4305f2eb0a454ae7afbde0d0e0f17c49 a9466336b3fd40b1bbb1e9a2323ae8bb - - 72461810ce124ffeba27c79f004d6667 72461810ce124ffeba27c79f004d6667] 199.204.45.223 "GET /v2.0/ports?tenant_id=32fcf1792a10485e81f26e9961b55d5a&device_id=18824ec7-c66f-42cf-880d-6929c93470cd HTTP/1.1" status: 200 len: 1407 time: 0.0361629
2026-06-25 23:29:44.795 10 INFO neutron.wsgi [req-29c9263d-c5e9-4d51-b500-665e4aef5bb8 req-0ecaf948-f47a-45ae-b5ed-d421a33fc9fc 4305f2eb0a454ae7afbde0d0e0f17c49 a9466336b3fd40b1bbb1e9a2323ae8bb - - 72461810ce124ffeba27c79f004d6667 72461810ce124ffeba27c79f004d6667] 199.204.45.223 "GET /v2.0/networks?id=810931f1-191a-4fe6-b2a1-548762e92cf5 HTTP/1.1" status: 200 len: 968 time: 0.0938182
2026-06-25 23:29:44.832 10 INFO neutron.plugins.ml2.drivers.ovn.mech_driver.mech_driver [None req-80ac8514-3889-44ae-b8d3-40148fbfc6ac - - - - - -] OVN reports status up for port: 97d86168-31d0-456d-a89f-6c30407cc5f9
2026-06-25 23:29:44.836 10 INFO neutron.wsgi [req-29c9263d-c5e9-4d51-b500-665e4aef5bb8 req-b5f7d318-6fb3-4670-a11b-5f1df980a116 4305f2eb0a454ae7afbde0d0e0f17c49 a9466336b3fd40b1bbb1e9a2323ae8bb - - 72461810ce124ffeba27c79f004d6667 72461810ce124ffeba27c79f004d6667] 199.204.45.223 "GET /v2.0/floatingips?fixed_ip_address=10.100.0.4&port_id=97d86168-31d0-456d-a89f-6c30407cc5f9 HTTP/1.1" status: 200 len: 217 time: 0.0369093
2026-06-25 23:29:44.850 10 INFO neutron.plugins.ml2.plugin [None req-80ac8514-3889-44ae-b8d3-40148fbfc6ac - - - - - -] Attempt 1 to provision port 97d86168-31d0-456d-a89f-6c30407cc5f9
2026-06-25 23:29:44.891 10 INFO neutron.wsgi [req-29c9263d-c5e9-4d51-b500-665e4aef5bb8 req-8f882b0d-6ae2-463f-9548-764a75b89527 4305f2eb0a454ae7afbde0d0e0f17c49 a9466336b3fd40b1bbb1e9a2323ae8bb - - 72461810ce124ffeba27c79f004d6667 72461810ce124ffeba27c79f004d6667] 199.204.45.223 "GET /v2.0/subnets?id=b0f6bf07-19bd-4bba-8ee4-ec69c7a16b51 HTTP/1.1" status: 200 len: 863 time: 0.0480049
2026-06-25 23:29:44.931 10 INFO neutron.wsgi [req-29c9263d-c5e9-4d51-b500-665e4aef5bb8 req-2922d1a4-946d-48da-8ab1-5f339a07df6e 4305f2eb0a454ae7afbde0d0e0f17c49 a9466336b3fd40b1bbb1e9a2323ae8bb - - 72461810ce124ffeba27c79f004d6667 72461810ce124ffeba27c79f004d6667] 199.204.45.223 "GET /v2.0/ports?network_id=810931f1-191a-4fe6-b2a1-548762e92cf5&device_owner=network%3Adhcp HTTP/1.1" status: 200 len: 210 time: 0.0290267
2026-06-25 23:29:45.018 10 INFO neutron.wsgi [req-29c9263d-c5e9-4d51-b500-665e4aef5bb8 req-8e7b29fc-ba71-4ae9-b2c8-4eca8844f109 4305f2eb0a454ae7afbde0d0e0f17c49 a9466336b3fd40b1bbb1e9a2323ae8bb - - 72461810ce124ffeba27c79f004d6667 72461810ce124ffeba27c79f004d6667] 199.204.45.223 "GET /v2.0/networks/810931f1-191a-4fe6-b2a1-548762e92cf5?fields=segments HTTP/1.1" status: 200 len: 212 time: 0.0731707
2026-06-25 23:29:45.118 10 INFO neutron.wsgi [req-29c9263d-c5e9-4d51-b500-665e4aef5bb8 req-5b7012c6-cab7-469a-afe1-7d3e0e518100 4305f2eb0a454ae7afbde0d0e0f17c49 a9466336b3fd40b1bbb1e9a2323ae8bb - - 72461810ce124ffeba27c79f004d6667 72461810ce124ffeba27c79f004d6667] 199.204.45.223 "GET /v2.0/networks/810931f1-191a-4fe6-b2a1-548762e92cf5?fields=provider%3Aphysical_network&fields=provider%3Anetwork_type HTTP/1.1" status: 200 len: 277 time: 0.0880256
2026-06-25 23:29:45.288 10 INFO neutron.db.ovn_revision_numbers_db [None req-80ac8514-3889-44ae-b8d3-40148fbfc6ac - - - - - -] Successfully bumped revision number for resource 97d86168-31d0-456d-a89f-6c30407cc5f9 (type: ports) to 4
2026-06-25 23:29:45.332 10 INFO neutron.wsgi [None req-8ec43ab5-8660-499c-a5e4-495153be5452 65a860245d8e429f9d110476a3e461f7 1a03d8c04f0f4ab2828d659c66742c42 - - default default] 10.0.0.89 "GET /v2.0/ports/a69441d7-a307-41e1-b75d-6110b6df267f HTTP/1.1" status: 200 len: 1147 time: 0.1254566 /var/lib/openstack/lib/python3.10/site-packages/pycadf/identifier.py:71: UserWarning: Invalid uuid: neutron. To ensure interoperability, identifiers should be a valid uuid. warnings.warn(('Invalid uuid: %s. To ensure interoperability, '
2026-06-25 23:29:45.605 10 INFO neutron.wsgi [req-f46f1be2-f77e-4ff2-bff8-94e79123081c req-ace00cf6-1d1c-4068-b427-d207476ca144 36a16406adc849b0bf0a5454adf6e0b7 32fcf1792a10485e81f26e9961b55d5a - - default default] 10.0.0.227 "GET /v2.0/ports?device_id=18824ec7-c66f-42cf-880d-6929c93470cd HTTP/1.1" status: 200 len: 1170 time: 0.0346143
2026-06-25 23:29:45.664 10 INFO neutron.wsgi [req-f46f1be2-f77e-4ff2-bff8-94e79123081c req-3fcd99b2-c8fa-40fc-bb1c-a707aafad5a7 36a16406adc849b0bf0a5454adf6e0b7 32fcf1792a10485e81f26e9961b55d5a - - default default] 10.0.0.227 "GET /v2.0/security-groups?id=5a3d6124-cc9f-43e8-a761-22d547a34f61&fields=id&fields=name HTTP/1.1" status: 200 len: 313 time: 0.0453773
2026-06-25 23:29:46.371 9 INFO neutron.wsgi [None req-62c53227-6547-40fc-a57e-ab986e4b8a77 65a860245d8e429f9d110476a3e461f7 1a03d8c04f0f4ab2828d659c66742c42 - - default default] 10.0.0.89 "GET /v2.0/ports/a69441d7-a307-41e1-b75d-6110b6df267f HTTP/1.1" status: 200 len: 1147 time: 0.0336134
2026-06-25 23:29:46.400 10 INFO neutron.notifiers.nova [-] Nova event matching ['req-72d2aaa0-2e3e-4383-8332-b0efbec23844'] response: {'server_uuid': '18824ec7-c66f-42cf-880d-6929c93470cd', 'name': 'network-vif-plugged', 'status': 'completed', 'tag': '97d86168-31d0-456d-a89f-6c30407cc5f9', 'code': 200}
2026-06-25 23:29:46.400 10 INFO neutron.notifiers.nova [-] Nova event matching ['req-72d2aaa0-2e3e-4383-8332-b0efbec23844'] response: {'server_uuid': '18824ec7-c66f-42cf-880d-6929c93470cd', 'name': 'network-vif-plugged', 'status': 'completed', 'tag': '97d86168-31d0-456d-a89f-6c30407cc5f9', 'code': 200}
2026-06-25 23:29:46.481 10 INFO neutron.db.ovn_revision_numbers_db [None req-800b49bc-dddf-4ef9-ab31-037e2321f5d9 9089057e8b3b45cbba9ee2e7a472e3b0 72744b09b8ba48b8a3e6b17504fc11fd - - default default] Successfully bumped revision number for resource 4d1bd644-7979-44f2-980a-ffcdc0fa8ead (type: security_groups) to 1
2026-06-25 23:29:46.501 10 INFO neutron.db.ovn_revision_numbers_db [None req-800b49bc-dddf-4ef9-ab31-037e2321f5d9 9089057e8b3b45cbba9ee2e7a472e3b0 72744b09b8ba48b8a3e6b17504fc11fd - - default default] Successfully bumped revision number for resource 1e4598cc-2818-47fa-8895-80243ae3f953 (type: security_group_rules) to 0
2026-06-25 23:29:46.521 10 INFO neutron.db.ovn_revision_numbers_db [None req-800b49bc-dddf-4ef9-ab31-037e2321f5d9 9089057e8b3b45cbba9ee2e7a472e3b0 72744b09b8ba48b8a3e6b17504fc11fd - - default default] Successfully bumped revision number for resource b97b40a1-f34c-43eb-a7d9-35592d13bd84 (type: security_group_rules) to 0
2026-06-25 23:29:46.557 10 INFO neutron.db.ovn_revision_numbers_db [None req-800b49bc-dddf-4ef9-ab31-037e2321f5d9 9089057e8b3b45cbba9ee2e7a472e3b0 72744b09b8ba48b8a3e6b17504fc11fd - - default default] Successfully bumped revision number for resource bf09af9a-1a44-49b5-91e7-7d9bc02bb61f (type: security_group_rules) to 0
2026-06-25 23:29:46.574 10 INFO neutron.db.ovn_revision_numbers_db [None req-800b49bc-dddf-4ef9-ab31-037e2321f5d9 9089057e8b3b45cbba9ee2e7a472e3b0 72744b09b8ba48b8a3e6b17504fc11fd - - default default] Successfully bumped revision number for resource e97c3930-d61f-4a9b-b9be-9707bcc0cc64 (type: security_group_rules) to 0
2026-06-25 23:29:46.603 10 INFO neutron.wsgi [None req-800b49bc-dddf-4ef9-ab31-037e2321f5d9 9089057e8b3b45cbba9ee2e7a472e3b0 72744b09b8ba48b8a3e6b17504fc11fd - - default default] 10.0.0.89 "GET /v2.0/security-groups?tenant_id=d301444e669c43ddbfa9885d0cb3018f&name=default HTTP/1.1" status: 200 len: 2996 time: 0.3859127
2026-06-25 23:29:46.798 10 INFO neutron.wsgi [req-f93e67a8-ad0d-4294-9142-828a3567d0a8 req-d4610d82-d1d7-40cc-bde7-48f2aead784f 36a16406adc849b0bf0a5454adf6e0b7 32fcf1792a10485e81f26e9961b55d5a - - default default] 10.0.0.227 "GET /v2.0/ports?device_id=18824ec7-c66f-42cf-880d-6929c93470cd HTTP/1.1" status: 200 len: 1170 time: 0.0505142
2026-06-25 23:29:47.092 10 INFO neutron.wsgi [req-f93e67a8-ad0d-4294-9142-828a3567d0a8 req-f3ba980a-8ee8-4e35-8651-16f399309354 36a16406adc849b0bf0a5454adf6e0b7 32fcf1792a10485e81f26e9961b55d5a - - default default] 10.0.0.227 "GET /v2.0/security-groups?id=5a3d6124-cc9f-43e8-a761-22d547a34f61&fields=id&fields=name HTTP/1.1" status: 200 len: 313 time: 0.0351191
2026-06-25 23:29:47.104 10 INFO neutron.wsgi [None req-b24c19f8-16f9-494f-9002-8e7d400dcb3f 9089057e8b3b45cbba9ee2e7a472e3b0 72744b09b8ba48b8a3e6b17504fc11fd - - default default] 10.0.0.89 "DELETE /v2.0/security-groups/4d1bd644-7979-44f2-980a-ffcdc0fa8ead HTTP/1.1" status: 204 len: 168 time: 0.4957521
2026-06-25 23:29:47.298 10 INFO neutron.wsgi [req-d7e4338b-3aef-465e-be50-eb702c8bea6b req-b46f1d1a-a5ee-41a7-9e8d-572709b497c3 36a16406adc849b0bf0a5454adf6e0b7 32fcf1792a10485e81f26e9961b55d5a - - default default] 10.0.0.227 "GET /v2.0/ports?device_id=18824ec7-c66f-42cf-880d-6929c93470cd HTTP/1.1" status: 200 len: 1170 time: 0.1188624
2026-06-25 23:29:47.421 10 INFO neutron.wsgi [None req-fab5a78a-97ff-49ef-b21c-30beb0151ac0 65a860245d8e429f9d110476a3e461f7 1a03d8c04f0f4ab2828d659c66742c42 - - default default] 10.0.0.89 "GET /v2.0/ports/a69441d7-a307-41e1-b75d-6110b6df267f HTTP/1.1" status: 200 len: 1147 time: 0.0430067
2026-06-25 23:29:47.452 10 INFO neutron.db.ovn_revision_numbers_db [None req-595e0d95-5f4a-4aec-911c-20f35ae31f37 9089057e8b3b45cbba9ee2e7a472e3b0 72744b09b8ba48b8a3e6b17504fc11fd - - default default] Successfully bumped revision number for resource 0ff584cf-b003-4410-b276-9d917cb21ce1 (type: security_groups) to 1
2026-06-25 23:29:47.466 10 INFO neutron.db.ovn_revision_numbers_db [None req-595e0d95-5f4a-4aec-911c-20f35ae31f37 9089057e8b3b45cbba9ee2e7a472e3b0 72744b09b8ba48b8a3e6b17504fc11fd - - default default] Successfully bumped revision number for resource 2021d6e6-3af9-425e-b363-e998e1cfa38d (type: security_group_rules) to 0
2026-06-25 23:29:47.479 10 INFO neutron.db.ovn_revision_numbers_db [None req-595e0d95-5f4a-4aec-911c-20f35ae31f37 9089057e8b3b45cbba9ee2e7a472e3b0 72744b09b8ba48b8a3e6b17504fc11fd - - default default] Successfully bumped revision number for resource 33d4dd27-f1ac-43a3-9be9-cc9a1c243607 (type: security_group_rules) to 0
2026-06-25 23:29:47.492 10 INFO neutron.db.ovn_revision_numbers_db [None req-595e0d95-5f4a-4aec-911c-20f35ae31f37 9089057e8b3b45cbba9ee2e7a472e3b0 72744b09b8ba48b8a3e6b17504fc11fd - - default default] Successfully bumped revision number for resource 7b86479d-9cb0-4155-9ef0-d74751ca6335 (type: security_group_rules) to 0
2026-06-25 23:29:47.507 10 INFO neutron.db.ovn_revision_numbers_db [None req-595e0d95-5f4a-4aec-911c-20f35ae31f37 9089057e8b3b45cbba9ee2e7a472e3b0 72744b09b8ba48b8a3e6b17504fc11fd - - default default] Successfully bumped revision number for resource bddf4971-fbb0-48bc-8558-94a6bed2ddcf (type: security_group_rules) to 0
2026-06-25 23:29:47.529 10 INFO neutron.wsgi [None req-595e0d95-5f4a-4aec-911c-20f35ae31f37 9089057e8b3b45cbba9ee2e7a472e3b0 72744b09b8ba48b8a3e6b17504fc11fd - - default default] 10.0.0.89 "GET /v2.0/security-groups?tenant_id=cae961883a9b42d88d449a937840a507&name=default HTTP/1.1" status: 200 len: 2996 time: 0.2101436
2026-06-25 23:29:47.580 9 INFO neutron.db.l3_db [None req-6c4b8280-44d5-40b0-9f53-ba3d4318603b 36a16406adc849b0bf0a5454adf6e0b7 32fcf1792a10485e81f26e9961b55d5a - - default default] Floating IP 4f2f06c0-cffd-450e-8c42-3d34d434d27c associated. External IP: 10.96.250.201, port: 97d86168-31d0-456d-a89f-6c30407cc5f9.
2026-06-25 23:29:47.741 10 INFO neutron.wsgi [None req-92e073d0-3e69-4b3c-b729-6b3ee41ed996 9089057e8b3b45cbba9ee2e7a472e3b0 72744b09b8ba48b8a3e6b17504fc11fd - - default default] 10.0.0.89 "DELETE /v2.0/security-groups/0ff584cf-b003-4410-b276-9d917cb21ce1 HTTP/1.1" status: 204 len: 168 time: 0.2070012
2026-06-25 23:29:47.813 9 INFO neutron.db.ovn_revision_numbers_db [None req-6c4b8280-44d5-40b0-9f53-ba3d4318603b 36a16406adc849b0bf0a5454adf6e0b7 32fcf1792a10485e81f26e9961b55d5a - - default default] Successfully bumped revision number for resource 4f2f06c0-cffd-450e-8c42-3d34d434d27c (type: floatingips) to 1
2026-06-25 23:29:47.845 9 INFO neutron.db.ovn_revision_numbers_db [None req-3754e960-9e0c-419a-a07c-259c8d2465d3 9089057e8b3b45cbba9ee2e7a472e3b0 72744b09b8ba48b8a3e6b17504fc11fd - - default default] Successfully bumped revision number for resource 022b959f-fdc0-4abb-981b-47e212da17d1 (type: security_groups) to 1
2026-06-25 23:29:47.870 9 INFO neutron.db.ovn_revision_numbers_db [None req-3754e960-9e0c-419a-a07c-259c8d2465d3 9089057e8b3b45cbba9ee2e7a472e3b0 72744b09b8ba48b8a3e6b17504fc11fd - - default default] Successfully bumped revision number for resource 0e45c45c-362f-47dd-9eda-608294ace8cc (type: security_group_rules) to 0
2026-06-25 23:29:47.885 9 INFO neutron.db.ovn_revision_numbers_db [None req-3754e960-9e0c-419a-a07c-259c8d2465d3 9089057e8b3b45cbba9ee2e7a472e3b0 72744b09b8ba48b8a3e6b17504fc11fd - - default default] Successfully bumped revision number for resource 3cfddb36-062a-4642-ad7c-112e1ebc2311 (type: security_group_rules) to 0
2026-06-25 23:29:47.933 9 INFO neutron.db.ovn_revision_numbers_db [None req-3754e960-9e0c-419a-a07c-259c8d2465d3 9089057e8b3b45cbba9ee2e7a472e3b0 72744b09b8ba48b8a3e6b17504fc11fd - - default default] Successfully bumped revision number for resource 8c519ca5-4b23-4d7d-993a-11bf8409041c (type: security_group_rules) to 0
2026-06-25 23:29:47.944 9 INFO neutron.db.ovn_revision_numbers_db [None req-6c4b8280-44d5-40b0-9f53-ba3d4318603b 36a16406adc849b0bf0a5454adf6e0b7 32fcf1792a10485e81f26e9961b55d5a - - default default] Successfully bumped revision number for resource 4f2f06c0-cffd-450e-8c42-3d34d434d27c (type: floatingips) to 2
2026-06-25 23:29:47.949 9 INFO neutron.db.ovn_revision_numbers_db [None req-3754e960-9e0c-419a-a07c-259c8d2465d3 9089057e8b3b45cbba9ee2e7a472e3b0 72744b09b8ba48b8a3e6b17504fc11fd - - default default] Successfully bumped revision number for resource a447f9f0-0988-4744-9c46-c09683b57420 (type: security_group_rules) to 0
2026-06-25 23:29:47.989 9 INFO neutron.wsgi [None req-6c4b8280-44d5-40b0-9f53-ba3d4318603b 36a16406adc849b0bf0a5454adf6e0b7 32fcf1792a10485e81f26e9961b55d5a - - default default] 10.0.0.89 "PUT /v2.0/floatingips/4f2f06c0-cffd-450e-8c42-3d34d434d27c HTTP/1.1" status: 200 len: 1049 time: 0.6797805
2026-06-25 23:29:47.999 9 INFO neutron.wsgi [None req-3754e960-9e0c-419a-a07c-259c8d2465d3 9089057e8b3b45cbba9ee2e7a472e3b0 72744b09b8ba48b8a3e6b17504fc11fd - - default default] 10.0.0.89 "GET /v2.0/security-groups?tenant_id=7435b84a98b7439bb595b762494e7d8f&name=default HTTP/1.1" status: 200 len: 2996 time: 0.4753749
2026-06-25 23:29:48.035 9 INFO neutron.notifiers.nova [-] Nova event matching ['req-9c9e8f0a-1206-4e28-9a6f-3d66c5f641d4'] response: {'name': 'network-changed', 'server_uuid': '18824ec7-c66f-42cf-880d-6929c93470cd', 'tag': '97d86168-31d0-456d-a89f-6c30407cc5f9', 'status': 'completed', 'code': 200}
2026-06-25 23:29:48.109 10 INFO neutron.wsgi [req-673495ec-9d9e-4134-88f3-8b7df78fb151 req-b0ec48a9-feb0-476c-8a89-eabe252032ad 36a16406adc849b0bf0a5454adf6e0b7 32fcf1792a10485e81f26e9961b55d5a - - default default] 10.0.0.227 "GET /v2.0/ports?device_id=18824ec7-c66f-42cf-880d-6929c93470cd HTTP/1.1" status: 200 len: 1170 time: 0.0671000
