2026-06-25 23:31:36.348 10 INFO neutron.wsgi [None req-76c95ce2-1d76-45f4-bbd4-1ca84c595561 9089057e8b3b45cbba9ee2e7a472e3b0 72744b09b8ba48b8a3e6b17504fc11fd - - default default] 10.0.0.87 "GET /v2.0/agents HTTP/1.1" status: 200 len: 997 time: 0.0274720
2026-06-25 23:31:36.357 10 WARNING neutron.scheduler.dhcp_agent_scheduler [None req-26d3f194-0fe2-482e-9c0c-65ab4d801d23 fdfa688acca34f2ea7bdc562bdd6db03 756a3ca17c864ad7b2843aaea82f92b2 - - default default] No more DHCP agents
2026-06-25 23:31:36.359 9 INFO neutron.wsgi [None req-de04e69e-9b9a-48db-a613-34d88f6445ac f51a2602abed44159c559b9c04abceb2 355d33c2755f4532a1acf82ef4c1cbd2 - - default default] 10.0.0.89 "GET /v2.0/subnetpools?name=shared-default-subnetpool-v6 HTTP/1.1" status: 200 len: 212 time: 0.1561649
2026-06-25 23:31:36.361 10 WARNING neutron.api.rpc.agentnotifiers.dhcp_rpc_agent_api [None req-26d3f194-0fe2-482e-9c0c-65ab4d801d23 fdfa688acca34f2ea7bdc562bdd6db03 756a3ca17c864ad7b2843aaea82f92b2 - - default default] Unable to schedule network ab8ca249-12f6-4618-b549-a4922e66ef78: no agents available; will retry on subsequent port and subnet creation events.
2026-06-25 23:31:36.370 9 WARNING neutron_lib.context [None req-3c01085c-4301-4483-bc7a-5ce9c1edb916 ebde34755037438cb89517014813295c 21fdea3a18454264b9dda3f34b655c0c - - default default] Method 'is_advsvc' is deprecated since 2023.2 release (neutron-lib 3.8.0) and will be removed once support for the old RBAC API policies will be removed from Neutron. Please use method 'is_service_role' instead.
2026-06-25 23:31:36.381 10 INFO neutron.wsgi [None req-4fc4a7f9-c16f-49dc-a2ce-6dcf76a0a528 9089057e8b3b45cbba9ee2e7a472e3b0 72744b09b8ba48b8a3e6b17504fc11fd - - default default] 10.0.0.87 "GET /v2.0/network-ip-availabilities HTTP/1.1" status: 200 len: 2479 time: 0.0305834 /var/lib/openstack/lib/python3.10/site-packages/pycadf/identifier.py:71: UserWarning: Invalid uuid: neutron. To ensure interoperability, identifiers should be a valid uuid. warnings.warn(('Invalid uuid: %s. To ensure interoperability, '
2026-06-25 23:31:36.476 10 INFO neutron.wsgi [None req-f908b2a5-f003-45d5-b50d-c927acc47f78 9089057e8b3b45cbba9ee2e7a472e3b0 72744b09b8ba48b8a3e6b17504fc11fd - - default default] 10.0.0.87 "GET /v2.0/networks HTTP/1.1" status: 200 len: 4572 time: 0.0929842
2026-06-25 23:31:36.549 10 INFO neutron.wsgi [None req-b5f0288d-9788-4e64-a43e-c98c8ef4e3e3 9089057e8b3b45cbba9ee2e7a472e3b0 72744b09b8ba48b8a3e6b17504fc11fd - - default default] 10.0.0.87 "GET /v2.0/security-groups HTTP/1.1" status: 200 len: 22363 time: 0.0680120
2026-06-25 23:31:36.558 10 INFO neutron.db.ovn_revision_numbers_db [None req-26d3f194-0fe2-482e-9c0c-65ab4d801d23 fdfa688acca34f2ea7bdc562bdd6db03 756a3ca17c864ad7b2843aaea82f92b2 - - default default] Successfully bumped revision number for resource 9feb2b41-bff5-4ae2-a514-b63f6a38c32e (type: ports) to 1
2026-06-25 23:31:36.576 10 INFO neutron.wsgi [None req-959ece32-9df1-4403-b67d-b01bfef2e2a5 9089057e8b3b45cbba9ee2e7a472e3b0 72744b09b8ba48b8a3e6b17504fc11fd - - default default] 10.0.0.87 "GET /v2.0/routers HTTP/1.1" status: 200 len: 189 time: 0.0223372
2026-06-25 23:31:36.590 10 INFO neutron.wsgi [None req-fc014976-621c-4fc2-9668-97fcb7e54475 9089057e8b3b45cbba9ee2e7a472e3b0 72744b09b8ba48b8a3e6b17504fc11fd - - default default] 10.0.0.87 "GET /v2.0/agents?binary=ovn-controller HTTP/1.1" status: 200 len: 591 time: 0.0133657
2026-06-25 23:31:36.611 10 INFO neutron.wsgi [None req-44e51c5e-5827-4199-bb1d-c9b5e576d81d 9089057e8b3b45cbba9ee2e7a472e3b0 72744b09b8ba48b8a3e6b17504fc11fd - - default default] 10.0.0.87 "GET /v2.0/floatingips HTTP/1.1" status: 200 len: 193 time: 0.0191758
2026-06-25 23:31:36.613 10 INFO neutron.wsgi [None req-26d3f194-0fe2-482e-9c0c-65ab4d801d23 fdfa688acca34f2ea7bdc562bdd6db03 756a3ca17c864ad7b2843aaea82f92b2 - - default default] 10.0.0.89 "POST /v2.0/ports HTTP/1.1" status: 201 len: 1164 time: 0.9033926
2026-06-25 23:31:36.679 10 INFO neutron.wsgi [None req-229e0a09-9f44-4a12-abef-8d1e9c9c434f 9089057e8b3b45cbba9ee2e7a472e3b0 72744b09b8ba48b8a3e6b17504fc11fd - - default default] 10.0.0.87 "GET /v2.0/ports HTTP/1.1" status: 200 len: 10114 time: 0.0647941
2026-06-25 23:31:36.695 9 WARNING neutron.scheduler.dhcp_agent_scheduler [None req-3c01085c-4301-4483-bc7a-5ce9c1edb916 ebde34755037438cb89517014813295c 21fdea3a18454264b9dda3f34b655c0c - - default default] No more DHCP agents
2026-06-25 23:31:36.697 9 WARNING neutron.api.rpc.agentnotifiers.dhcp_rpc_agent_api [None req-3c01085c-4301-4483-bc7a-5ce9c1edb916 ebde34755037438cb89517014813295c 21fdea3a18454264b9dda3f34b655c0c - - default default] Unable to schedule network e5d15f9b-45ef-40a4-ac0a-bb23c9eac350: no agents available; will retry on subsequent port and subnet creation events.
2026-06-25 23:31:36.737 10 INFO neutron.wsgi [None req-d8e7a292-d4af-4593-89dd-b6bb89caec94 9089057e8b3b45cbba9ee2e7a472e3b0 72744b09b8ba48b8a3e6b17504fc11fd - - default default] 10.0.0.87 "GET /v2.0/subnets HTTP/1.1" status: 200 len: 3425 time: 0.0481133
2026-06-25 23:31:36.743 9 INFO neutron.db.ovn_revision_numbers_db [None req-3c01085c-4301-4483-bc7a-5ce9c1edb916 ebde34755037438cb89517014813295c 21fdea3a18454264b9dda3f34b655c0c - - default default] Successfully bumped revision number for resource 668faef2-777d-4367-9783-812c00be15f0 (type: subnets) to 0
2026-06-25 23:31:36.750 10 INFO neutron.wsgi [None req-8bf93675-0b5a-4ea4-94b7-58e29071d2cb 9089057e8b3b45cbba9ee2e7a472e3b0 72744b09b8ba48b8a3e6b17504fc11fd - - default default] 10.0.0.87 "GET /v2.0/subnetpools HTTP/1.1" status: 200 len: 193 time: 0.0102768
2026-06-25 23:31:36.758 9 INFO neutron.wsgi [None req-3c01085c-4301-4483-bc7a-5ce9c1edb916 ebde34755037438cb89517014813295c 21fdea3a18454264b9dda3f34b655c0c - - default default] 10.0.0.89 "POST /v2.0/subnets HTTP/1.1" status: 201 len: 907 time: 0.3929970
2026-06-25 23:31:36.768 9 WARNING neutron_lib.context [None req-c552d239-33f6-4eb0-b8fd-362a010b55f0 ebde34755037438cb89517014813295c 21fdea3a18454264b9dda3f34b655c0c - - default default] Method 'is_advsvc' is deprecated since 2023.2 release (neutron-lib 3.8.0) and will be removed once support for the old RBAC API policies will be removed from Neutron. Please use method 'is_service_role' instead.
2026-06-25 23:31:36.844 9 INFO neutron.db.segments_db [None req-c552d239-33f6-4eb0-b8fd-362a010b55f0 ebde34755037438cb89517014813295c 21fdea3a18454264b9dda3f34b655c0c - - default default] Added segment 0a3c56cf-eb78-4a6e-bbc9-37b4c0010208 of type geneve for network b43483df-a5a1-421a-8e12-5dc6664a0436
2026-06-25 23:31:36.946 10 INFO neutron.wsgi [None req-9674a8ff-4dfe-4685-b4c2-4c7233b97385 fdfa688acca34f2ea7bdc562bdd6db03 756a3ca17c864ad7b2843aaea82f92b2 - - default default] 10.0.0.89 "DELETE /v2.0/ports/9feb2b41-bff5-4ae2-a514-b63f6a38c32e HTTP/1.1" status: 204 len: 168 time: 0.3245757
2026-06-25 23:31:36.974 10 INFO neutron.pecan_wsgi.hooks.translation [None req-fbb614eb-4f85-4227-95ce-b1ddec97e20e fdfa688acca34f2ea7bdc562bdd6db03 756a3ca17c864ad7b2843aaea82f92b2 - - default default] DELETE failed (client error): The resource could not be found.
2026-06-25 23:31:36.976 10 INFO neutron.wsgi [None req-fbb614eb-4f85-4227-95ce-b1ddec97e20e fdfa688acca34f2ea7bdc562bdd6db03 756a3ca17c864ad7b2843aaea82f92b2 - - default default] 10.0.0.89 "DELETE /v2.0/ports/9feb2b41-bff5-4ae2-a514-b63f6a38c32e HTTP/1.1" status: 404 len: 333 time: 0.0239551
2026-06-25 23:31:37.002 10 INFO neutron.pecan_wsgi.hooks.translation [None req-09006776-1dd4-4f45-93f1-a9b016fe8866 fdfa688acca34f2ea7bdc562bdd6db03 756a3ca17c864ad7b2843aaea82f92b2 - - default default] GET failed (client error): The resource could not be found.
2026-06-25 23:31:37.004 10 INFO neutron.wsgi [None req-09006776-1dd4-4f45-93f1-a9b016fe8866 fdfa688acca34f2ea7bdc562bdd6db03 756a3ca17c864ad7b2843aaea82f92b2 - - default default] 10.0.0.89 "GET /v2.0/ports/9feb2b41-bff5-4ae2-a514-b63f6a38c32e HTTP/1.1" status: 404 len: 333 time: 0.0190639
2026-06-25 23:31:37.023 9 INFO neutron.db.ovn_revision_numbers_db [None req-c552d239-33f6-4eb0-b8fd-362a010b55f0 ebde34755037438cb89517014813295c 21fdea3a18454264b9dda3f34b655c0c - - default default] Successfully bumped revision number for resource b43483df-a5a1-421a-8e12-5dc6664a0436 (type: networks) to 1
2026-06-25 23:31:37.209 10 INFO neutron.wsgi [None req-a6345d34-5d52-4133-9a34-b992b3a8d0f7 fdfa688acca34f2ea7bdc562bdd6db03 756a3ca17c864ad7b2843aaea82f92b2 - - default default] 10.0.0.89 "DELETE /v2.0/subnets/70d02b7e-c5a2-4314-8984-6dec6f4de93a HTTP/1.1" status: 204 len: 168 time: 0.1935909
2026-06-25 23:31:37.235 9 WARNING neutron.scheduler.dhcp_agent_scheduler [None req-c552d239-33f6-4eb0-b8fd-362a010b55f0 ebde34755037438cb89517014813295c 21fdea3a18454264b9dda3f34b655c0c - - default default] No more DHCP agents
2026-06-25 23:31:37.237 9 WARNING neutron.api.rpc.agentnotifiers.dhcp_rpc_agent_api [None req-c552d239-33f6-4eb0-b8fd-362a010b55f0 ebde34755037438cb89517014813295c 21fdea3a18454264b9dda3f34b655c0c - - default default] Unable to schedule network b43483df-a5a1-421a-8e12-5dc6664a0436: no agents available; will retry on subsequent port and subnet creation events.
2026-06-25 23:31:37.318 9 INFO neutron.db.ovn_revision_numbers_db [None req-c552d239-33f6-4eb0-b8fd-362a010b55f0 ebde34755037438cb89517014813295c 21fdea3a18454264b9dda3f34b655c0c - - default default] Successfully bumped revision number for resource aee71ffc-d9bf-4354-8a10-6f9247860599 (type: ports) to 1
2026-06-25 23:31:37.339 9 INFO neutron.wsgi [None req-c552d239-33f6-4eb0-b8fd-362a010b55f0 ebde34755037438cb89517014813295c 21fdea3a18454264b9dda3f34b655c0c - - default default] 10.0.0.89 "POST /v2.0/networks HTTP/1.1" status: 201 len: 836 time: 0.5754211
2026-06-25 23:31:37.348 9 WARNING neutron_lib.context [None req-e581ab17-af61-43f9-9ea6-60482cea1220 ebde34755037438cb89517014813295c 21fdea3a18454264b9dda3f34b655c0c - - default default] Method 'is_advsvc' is deprecated since 2023.2 release (neutron-lib 3.8.0) and will be removed once support for the old RBAC API policies will be removed from Neutron. Please use method 'is_service_role' instead.
2026-06-25 23:31:37.566 9 WARNING neutron.scheduler.dhcp_agent_scheduler [None req-e581ab17-af61-43f9-9ea6-60482cea1220 ebde34755037438cb89517014813295c 21fdea3a18454264b9dda3f34b655c0c - - default default] No more DHCP agents
2026-06-25 23:31:37.567 9 WARNING neutron.api.rpc.agentnotifiers.dhcp_rpc_agent_api [None req-e581ab17-af61-43f9-9ea6-60482cea1220 ebde34755037438cb89517014813295c 21fdea3a18454264b9dda3f34b655c0c - - default default] Unable to schedule network b43483df-a5a1-421a-8e12-5dc6664a0436: no agents available; will retry on subsequent port and subnet creation events.
2026-06-25 23:31:37.567 10 INFO neutron.services.segments.plugin [-] Segment 49e92e18-41d7-445a-8bd6-7875dc929a83 resource provider aggregate not found
2026-06-25 23:31:37.571 10 INFO neutron.services.segments.plugin [-] Segment 49e92e18-41d7-445a-8bd6-7875dc929a83 resource provider aggregate not found
2026-06-25 23:31:37.583 10 INFO neutron.services.segments.plugin [-] Segment 49e92e18-41d7-445a-8bd6-7875dc929a83 resource provider not found; error: Placement Client Error (4xx): {"errors": [{"status": 404, "title": "Not Found", "detail": "The resource could not be found.\n\n No resource provider with uuid 49e92e18-41d7-445a-8bd6-7875dc929a83 found for delete ", "request_id": "req-22fd0e69-65ff-45fe-94df-a08d9f1dac6a"}]}
2026-06-25 23:31:37.584 10 INFO neutron.services.segments.plugin [-] Segment 49e92e18-41d7-445a-8bd6-7875dc929a83 resource provider not found; error: Placement Client Error (4xx): {"errors": [{"status": 404, "title": "Not Found", "detail": "The resource could not be found.\n\n No resource provider with uuid 49e92e18-41d7-445a-8bd6-7875dc929a83 found for delete ", "request_id": "req-065416fd-3bc3-4d79-813c-a390514fd0c9"}]}
2026-06-25 23:31:37.607 10 INFO neutron.wsgi [None req-aa270cc0-5e1f-4939-9f2e-b5d139482449 fdfa688acca34f2ea7bdc562bdd6db03 756a3ca17c864ad7b2843aaea82f92b2 - - default default] 10.0.0.89 "DELETE /v2.0/networks/ab8ca249-12f6-4618-b549-a4922e66ef78 HTTP/1.1" status: 204 len: 168 time: 0.3929696
2026-06-25 23:31:37.620 9 WARNING neutron_lib.context [None req-6b0b7358-72f6-45f2-9368-ab4dfd08f0ab fdfa688acca34f2ea7bdc562bdd6db03 756a3ca17c864ad7b2843aaea82f92b2 - - default default] Method 'is_advsvc' is deprecated since 2023.2 release (neutron-lib 3.8.0) and will be removed once support for the old RBAC API policies will be removed from Neutron. Please use method 'is_service_role' instead.
2026-06-25 23:31:37.943 9 INFO neutron.db.segments_db [None req-6b0b7358-72f6-45f2-9368-ab4dfd08f0ab fdfa688acca34f2ea7bdc562bdd6db03 756a3ca17c864ad7b2843aaea82f92b2 - - default default] Added segment 01dcabb6-014f-4415-b4c3-5118df707f2f of type geneve for network b2eb7077-d91a-4ea1-89e8-956310ff1330
2026-06-25 23:31:38.159 10 INFO neutron.db.ovn_revision_numbers_db [None req-fc502cd1-0225-40f3-a641-5227c0441f77 1e74a7a289674fb781a68f0219a9ed34 1ef6a560401042b7abcc618453d0dc65 - - default default] Successfully bumped revision number for resource 6da7c0e7-01e3-4db0-b658-ea8a81d4536d (type: security_groups) to 1
2026-06-25 23:31:38.173 10 INFO neutron.db.ovn_revision_numbers_db [None req-fc502cd1-0225-40f3-a641-5227c0441f77 1e74a7a289674fb781a68f0219a9ed34 1ef6a560401042b7abcc618453d0dc65 - - default default] Successfully bumped revision number for resource 7cdb2d0a-7693-43d3-8fed-e65e427771b0 (type: security_group_rules) to 0
2026-06-25 23:31:38.187 10 INFO neutron.db.ovn_revision_numbers_db [None req-fc502cd1-0225-40f3-a641-5227c0441f77 1e74a7a289674fb781a68f0219a9ed34 1ef6a560401042b7abcc618453d0dc65 - - default default] Successfully bumped revision number for resource 864d4013-a165-44e0-a0ab-0bffe5e860fc (type: security_group_rules) to 0
2026-06-25 23:31:38.205 10 INFO neutron.db.ovn_revision_numbers_db [None req-fc502cd1-0225-40f3-a641-5227c0441f77 1e74a7a289674fb781a68f0219a9ed34 1ef6a560401042b7abcc618453d0dc65 - - default default] Successfully bumped revision number for resource 871f2109-c45b-44d2-9b7a-515bd95c71c0 (type: security_group_rules) to 0
2026-06-25 23:31:38.220 9 INFO neutron.db.ovn_revision_numbers_db [None req-6b0b7358-72f6-45f2-9368-ab4dfd08f0ab fdfa688acca34f2ea7bdc562bdd6db03 756a3ca17c864ad7b2843aaea82f92b2 - - default default] Successfully bumped revision number for resource b2eb7077-d91a-4ea1-89e8-956310ff1330 (type: networks) to 1
2026-06-25 23:31:38.221 10 INFO neutron.db.ovn_revision_numbers_db [None req-fc502cd1-0225-40f3-a641-5227c0441f77 1e74a7a289674fb781a68f0219a9ed34 1ef6a560401042b7abcc618453d0dc65 - - default default] Successfully bumped revision number for resource f60fb6bc-4dcd-4c11-bec5-c0ed50841852 (type: security_group_rules) to 0
2026-06-25 23:31:38.275 10 INFO neutron.db.segments_db [None req-fc502cd1-0225-40f3-a641-5227c0441f77 1e74a7a289674fb781a68f0219a9ed34 1ef6a560401042b7abcc618453d0dc65 - - default default] Added segment d765d21c-9b3d-4315-847e-163c23008f4b of type geneve for network 072d343c-57cb-4af1-840f-c24b6150c041
2026-06-25 23:31:38.411 10 INFO neutron.db.ovn_revision_numbers_db [None req-fc502cd1-0225-40f3-a641-5227c0441f77 1e74a7a289674fb781a68f0219a9ed34 1ef6a560401042b7abcc618453d0dc65 - - default default] Successfully bumped revision number for resource 072d343c-57cb-4af1-840f-c24b6150c041 (type: networks) to 1
2026-06-25 23:31:38.444 9 WARNING neutron.scheduler.dhcp_agent_scheduler [None req-6b0b7358-72f6-45f2-9368-ab4dfd08f0ab fdfa688acca34f2ea7bdc562bdd6db03 756a3ca17c864ad7b2843aaea82f92b2 - - default default] No more DHCP agents
2026-06-25 23:31:38.448 9 WARNING neutron.api.rpc.agentnotifiers.dhcp_rpc_agent_api [None req-6b0b7358-72f6-45f2-9368-ab4dfd08f0ab fdfa688acca34f2ea7bdc562bdd6db03 756a3ca17c864ad7b2843aaea82f92b2 - - default default] Unable to schedule network b2eb7077-d91a-4ea1-89e8-956310ff1330: no agents available; will retry on subsequent port and subnet creation events.
2026-06-25 23:31:38.468 9 INFO neutron.db.ovn_revision_numbers_db [None req-e581ab17-af61-43f9-9ea6-60482cea1220 ebde34755037438cb89517014813295c 21fdea3a18454264b9dda3f34b655c0c - - default default] Successfully bumped revision number for resource aee71ffc-d9bf-4354-8a10-6f9247860599 (type: ports) to 2
2026-06-25 23:31:38.520 9 INFO neutron.db.ovn_revision_numbers_db [None req-e581ab17-af61-43f9-9ea6-60482cea1220 ebde34755037438cb89517014813295c 21fdea3a18454264b9dda3f34b655c0c - - default default] Successfully bumped revision number for resource f23fd57e-4e4b-4de1-b451-c995a1f2412f (type: subnets) to 0
2026-06-25 23:31:38.537 9 INFO neutron.wsgi [None req-e581ab17-af61-43f9-9ea6-60482cea1220 ebde34755037438cb89517014813295c 21fdea3a18454264b9dda3f34b655c0c - - default default] 10.0.0.89 "POST /v2.0/subnets HTTP/1.1" status: 201 len: 831 time: 1.1939714
2026-06-25 23:31:38.542 9 INFO neutron.db.ovn_revision_numbers_db [None req-6b0b7358-72f6-45f2-9368-ab4dfd08f0ab fdfa688acca34f2ea7bdc562bdd6db03 756a3ca17c864ad7b2843aaea82f92b2 - - default default] Successfully bumped revision number for resource 3816ca6c-ccde-4e30-95de-48251f9d02bc (type: ports) to 1
2026-06-25 23:31:38.549 9 WARNING neutron_lib.context [None req-818f6ff1-0260-4a8d-a102-e7a2bb93ad00 ebde34755037438cb89517014813295c 21fdea3a18454264b9dda3f34b655c0c - - default default] Method 'is_advsvc' is deprecated since 2023.2 release (neutron-lib 3.8.0) and will be removed once support for the old RBAC API policies will be removed from Neutron. Please use method 'is_service_role' instead.
2026-06-25 23:31:38.582 9 INFO neutron.wsgi [None req-6b0b7358-72f6-45f2-9368-ab4dfd08f0ab fdfa688acca34f2ea7bdc562bdd6db03 756a3ca17c864ad7b2843aaea82f92b2 - - default default] 10.0.0.89 "POST /v2.0/networks HTTP/1.1" status: 201 len: 835 time: 0.9665031
2026-06-25 23:31:38.589 10 WARNING neutron.scheduler.dhcp_agent_scheduler [None req-fc502cd1-0225-40f3-a641-5227c0441f77 1e74a7a289674fb781a68f0219a9ed34 1ef6a560401042b7abcc618453d0dc65 - - default default] No more DHCP agents
2026-06-25 23:31:38.594 10 WARNING neutron_lib.context [None req-9fff4e68-4972-41ec-a10c-4305e8f17452 fdfa688acca34f2ea7bdc562bdd6db03 756a3ca17c864ad7b2843aaea82f92b2 - - default default] Method 'is_advsvc' is deprecated since 2023.2 release (neutron-lib 3.8.0) and will be removed once support for the old RBAC API policies will be removed from Neutron. Please use method 'is_service_role' instead.
2026-06-25 23:31:38.596 10 WARNING neutron.api.rpc.agentnotifiers.dhcp_rpc_agent_api [None req-fc502cd1-0225-40f3-a641-5227c0441f77 1e74a7a289674fb781a68f0219a9ed34 1ef6a560401042b7abcc618453d0dc65 - - default default] Unable to schedule network 072d343c-57cb-4af1-840f-c24b6150c041: no agents available; will retry on subsequent port and subnet creation events.
2026-06-25 23:31:38.709 10 INFO neutron.db.ovn_revision_numbers_db [None req-fc502cd1-0225-40f3-a641-5227c0441f77 1e74a7a289674fb781a68f0219a9ed34 1ef6a560401042b7abcc618453d0dc65 - - default default] Successfully bumped revision number for resource 7d802022-edd7-46b3-b02c-f2c130e95596 (type: ports) to 1
2026-06-25 23:31:38.740 10 INFO neutron.wsgi [None req-fc502cd1-0225-40f3-a641-5227c0441f77 1e74a7a289674fb781a68f0219a9ed34 1ef6a560401042b7abcc618453d0dc65 - - default default] 10.0.0.89 "POST /v2.0/networks HTTP/1.1" status: 201 len: 929 time: 0.9249780
2026-06-25 23:31:38.867 10 WARNING neutron.scheduler.dhcp_agent_scheduler [None req-9fff4e68-4972-41ec-a10c-4305e8f17452 fdfa688acca34f2ea7bdc562bdd6db03 756a3ca17c864ad7b2843aaea82f92b2 - - default default] No more DHCP agents
2026-06-25 23:31:38.870 10 WARNING neutron.api.rpc.agentnotifiers.dhcp_rpc_agent_api [None req-9fff4e68-4972-41ec-a10c-4305e8f17452 fdfa688acca34f2ea7bdc562bdd6db03 756a3ca17c864ad7b2843aaea82f92b2 - - default default] Unable to schedule network b2eb7077-d91a-4ea1-89e8-956310ff1330: no agents available; will retry on subsequent port and subnet creation events.
2026-06-25 23:31:38.898 10 INFO neutron.db.ovn_revision_numbers_db [None req-9fff4e68-4972-41ec-a10c-4305e8f17452 fdfa688acca34f2ea7bdc562bdd6db03 756a3ca17c864ad7b2843aaea82f92b2 - - default default] Successfully bumped revision number for resource 0c442087-464a-47ea-a41c-0953bf979f4e (type: subnets) to 0
2026-06-25 23:31:38.914 10 INFO neutron.wsgi [None req-9fff4e68-4972-41ec-a10c-4305e8f17452 fdfa688acca34f2ea7bdc562bdd6db03 756a3ca17c864ad7b2843aaea82f92b2 - - default default] 10.0.0.89 "POST /v2.0/subnets HTTP/1.1" status: 201 len: 821 time: 0.3262486
2026-06-25 23:31:38.916 9 WARNING neutron.scheduler.dhcp_agent_scheduler [None req-818f6ff1-0260-4a8d-a102-e7a2bb93ad00 ebde34755037438cb89517014813295c 21fdea3a18454264b9dda3f34b655c0c - - default default] No more DHCP agents
2026-06-25 23:31:38.918 9 WARNING neutron.api.rpc.agentnotifiers.dhcp_rpc_agent_api [None req-818f6ff1-0260-4a8d-a102-e7a2bb93ad00 ebde34755037438cb89517014813295c 21fdea3a18454264b9dda3f34b655c0c - - default default] Unable to schedule network b43483df-a5a1-421a-8e12-5dc6664a0436: no agents available; will retry on subsequent port and subnet creation events.
2026-06-25 23:31:38.938 10 WARNING neutron_lib.context [None req-fb33d0e1-977d-439a-8374-a2b79d8a6703 fdfa688acca34f2ea7bdc562bdd6db03 756a3ca17c864ad7b2843aaea82f92b2 - - default default] Method 'is_advsvc' is deprecated since 2023.2 release (neutron-lib 3.8.0) and will be removed once support for the old RBAC API policies will be removed from Neutron. Please use method 'is_service_role' instead.
2026-06-25 23:31:38.975 9 INFO neutron.db.ovn_revision_numbers_db [None req-818f6ff1-0260-4a8d-a102-e7a2bb93ad00 ebde34755037438cb89517014813295c 21fdea3a18454264b9dda3f34b655c0c - - default default] Successfully bumped revision number for resource 02a15eea-3b77-4cae-8eb8-ba169569a12c (type: subnets) to 0
2026-06-25 23:31:38.995 9 INFO neutron.wsgi [None req-818f6ff1-0260-4a8d-a102-e7a2bb93ad00 ebde34755037438cb89517014813295c 21fdea3a18454264b9dda3f34b655c0c - - default default] 10.0.0.89 "POST /v2.0/subnets HTTP/1.1" status: 201 len: 900 time: 0.4513247
2026-06-25 23:31:38.996 9 WARNING neutron.scheduler.dhcp_agent_scheduler [None req-41b840be-9298-4737-8c4d-afeef5cc6095 1e74a7a289674fb781a68f0219a9ed34 1ef6a560401042b7abcc618453d0dc65 - - default default] No more DHCP agents
2026-06-25 23:31:38.997 9 WARNING neutron.api.rpc.agentnotifiers.dhcp_rpc_agent_api [None req-41b840be-9298-4737-8c4d-afeef5cc6095 1e74a7a289674fb781a68f0219a9ed34 1ef6a560401042b7abcc618453d0dc65 - - default default] Unable to schedule network 072d343c-57cb-4af1-840f-c24b6150c041: no agents available; will retry on subsequent port and subnet creation events.
2026-06-25 23:31:39.007 10 WARNING neutron_lib.context [None req-d06c4943-bc63-4585-a150-7fbbc594405e ebde34755037438cb89517014813295c 21fdea3a18454264b9dda3f34b655c0c - - default default] Method 'is_advsvc' is deprecated since 2023.2 release (neutron-lib 3.8.0) and will be removed once support for the old RBAC API policies will be removed from Neutron. Please use method 'is_service_role' instead.
2026-06-25 23:31:39.137 10 INFO neutron.db.segments_db [None req-d06c4943-bc63-4585-a150-7fbbc594405e ebde34755037438cb89517014813295c 21fdea3a18454264b9dda3f34b655c0c - - default default] Added segment 62da0c3c-8e5e-41b2-ad31-e136be35c3ff of type geneve for network c5668da7-0139-441a-9def-821d4746c4ff
2026-06-25 23:31:39.213 10 WARNING neutron_lib.context [None req-2d036d66-69bd-437c-a67e-a9a3b4769e67 7e94684f30304a5f8f1aae77f3a869b9 40ab63f00bae497889c5cedd67724798 - - default default] Method 'is_advsvc' is deprecated since 2023.2 release (neutron-lib 3.8.0) and will be removed once support for the old RBAC API policies will be removed from Neutron. Please use method 'is_service_role' instead.
2026-06-25 23:31:39.379 10 INFO neutron.db.ovn_revision_numbers_db [None req-d06c4943-bc63-4585-a150-7fbbc594405e ebde34755037438cb89517014813295c 21fdea3a18454264b9dda3f34b655c0c - - default default] Successfully bumped revision number for resource c5668da7-0139-441a-9def-821d4746c4ff (type: networks) to 1
2026-06-25 23:31:39.459 10 WARNING neutron.scheduler.dhcp_agent_scheduler [None req-fb33d0e1-977d-439a-8374-a2b79d8a6703 fdfa688acca34f2ea7bdc562bdd6db03 756a3ca17c864ad7b2843aaea82f92b2 - - default default] No more DHCP agents
2026-06-25 23:31:39.478 10 WARNING neutron.api.rpc.agentnotifiers.dhcp_rpc_agent_api [None req-fb33d0e1-977d-439a-8374-a2b79d8a6703 fdfa688acca34f2ea7bdc562bdd6db03 756a3ca17c864ad7b2843aaea82f92b2 - - default default] Unable to schedule network b2eb7077-d91a-4ea1-89e8-956310ff1330: no agents available; will retry on subsequent port and subnet creation events.
2026-06-25 23:31:39.508 10 INFO neutron.db.ovn_revision_numbers_db [None req-2d036d66-69bd-437c-a67e-a9a3b4769e67 7e94684f30304a5f8f1aae77f3a869b9 40ab63f00bae497889c5cedd67724798 - - default default] Successfully bumped revision number for resource cc8c6f06-1b69-4f59-8273-f9282e584a35 (type: security_groups) to 1
2026-06-25 23:31:39.542 10 INFO neutron.db.ovn_revision_numbers_db [None req-2d036d66-69bd-437c-a67e-a9a3b4769e67 7e94684f30304a5f8f1aae77f3a869b9 40ab63f00bae497889c5cedd67724798 - - default default] Successfully bumped revision number for resource 118beac3-bb03-4c01-b9f4-9121ae5c7620 (type: security_group_rules) to 0
2026-06-25 23:31:39.558 9 INFO neutron.db.ovn_revision_numbers_db [None req-41b840be-9298-4737-8c4d-afeef5cc6095 1e74a7a289674fb781a68f0219a9ed34 1ef6a560401042b7abcc618453d0dc65 - - default default] Successfully bumped revision number for resource 7d802022-edd7-46b3-b02c-f2c130e95596 (type: ports) to 2
2026-06-25 23:31:39.582 10 INFO neutron.db.ovn_revision_numbers_db [None req-2d036d66-69bd-437c-a67e-a9a3b4769e67 7e94684f30304a5f8f1aae77f3a869b9 40ab63f00bae497889c5cedd67724798 - - default default] Successfully bumped revision number for resource 3e01d3b4-29f2-4242-bbd5-266e46bc1b5b (type: security_group_rules) to 0
2026-06-25 23:31:39.593 9 INFO neutron.db.ovn_revision_numbers_db [None req-41b840be-9298-4737-8c4d-afeef5cc6095 1e74a7a289674fb781a68f0219a9ed34 1ef6a560401042b7abcc618453d0dc65 - - default default] Successfully bumped revision number for resource 3ddeca3d-8ab8-4ea2-be5a-818511549c00 (type: subnets) to 0
2026-06-25 23:31:39.611 9 INFO neutron.wsgi [None req-41b840be-9298-4737-8c4d-afeef5cc6095 1e74a7a289674fb781a68f0219a9ed34 1ef6a560401042b7abcc618453d0dc65 - - default default] 10.0.0.89 "POST /v2.0/subnets HTTP/1.1" status: 201 len: 819 time: 0.8645368
2026-06-25 23:31:39.612 10 INFO neutron.db.ovn_revision_numbers_db [None req-2d036d66-69bd-437c-a67e-a9a3b4769e67 7e94684f30304a5f8f1aae77f3a869b9 40ab63f00bae497889c5cedd67724798 - - default default] Successfully bumped revision number for resource c4e9b337-3feb-4b39-86cd-ccaa2e3f20f6 (type: security_group_rules) to 0
2026-06-25 23:31:39.625 9 WARNING neutron.api.v2.base [None req-f2734a1a-7ba9-406a-8850-3dd33f56fbcd 1e74a7a289674fb781a68f0219a9ed34 1ef6a560401042b7abcc618453d0dc65 - - default default] An exception happened while processing the request body. The exception message is [Invalid input for target_tenant. Reason: 'None' is not a valid string.].: webob.exc.HTTPBadRequest: Invalid input for target_tenant. Reason: 'None' is not a valid string.
2026-06-25 23:31:39.626 9 INFO neutron.api.v2.resource [None req-f2734a1a-7ba9-406a-8850-3dd33f56fbcd 1e74a7a289674fb781a68f0219a9ed34 1ef6a560401042b7abcc618453d0dc65 - - default default] create failed (client error): Invalid input for target_tenant. Reason: 'None' is not a valid string.
2026-06-25 23:31:39.627 9 INFO neutron.wsgi [None req-f2734a1a-7ba9-406a-8850-3dd33f56fbcd 1e74a7a289674fb781a68f0219a9ed34 1ef6a560401042b7abcc618453d0dc65 - - default default] 10.0.0.89 "POST /v2.0/rbac-policies HTTP/1.1" status: 400 len: 346 time: 0.0067408
2026-06-25 23:31:39.643 10 INFO neutron.db.ovn_revision_numbers_db [None req-2d036d66-69bd-437c-a67e-a9a3b4769e67 7e94684f30304a5f8f1aae77f3a869b9 40ab63f00bae497889c5cedd67724798 - - default default] Successfully bumped revision number for resource e2d8c6d0-239d-4b14-93f8-a34ef3a86062 (type: security_group_rules) to 0
2026-06-25 23:31:39.665 10 WARNING neutron.scheduler.dhcp_agent_scheduler [None req-d06c4943-bc63-4585-a150-7fbbc594405e ebde34755037438cb89517014813295c 21fdea3a18454264b9dda3f34b655c0c - - default default] No more DHCP agents
2026-06-25 23:31:39.677 10 WARNING neutron.api.rpc.agentnotifiers.dhcp_rpc_agent_api [None req-d06c4943-bc63-4585-a150-7fbbc594405e ebde34755037438cb89517014813295c 21fdea3a18454264b9dda3f34b655c0c - - default default] Unable to schedule network c5668da7-0139-441a-9def-821d4746c4ff: no agents available; will retry on subsequent port and subnet creation events.
2026-06-25 23:31:39.687 10 INFO neutron.db.ovn_revision_numbers_db [None req-fb33d0e1-977d-439a-8374-a2b79d8a6703 fdfa688acca34f2ea7bdc562bdd6db03 756a3ca17c864ad7b2843aaea82f92b2 - - default default] Successfully bumped revision number for resource 248cfeb6-0d04-4a93-9238-a00490f25558 (type: ports) to 1
2026-06-25 23:31:39.718 10 INFO neutron.db.segments_db [None req-2d036d66-69bd-437c-a67e-a9a3b4769e67 7e94684f30304a5f8f1aae77f3a869b9 40ab63f00bae497889c5cedd67724798 - - default default] Added segment c15a4865-2c0c-42fe-83b8-269d81a28bbd of type geneve for network 8d881e8d-162f-4dbe-a0c0-5d54ff9afd17
2026-06-25 23:31:39.739 10 INFO neutron.wsgi [None req-fb33d0e1-977d-439a-8374-a2b79d8a6703 fdfa688acca34f2ea7bdc562bdd6db03 756a3ca17c864ad7b2843aaea82f92b2 - - default default] 10.0.0.89 "POST /v2.0/ports HTTP/1.1" status: 201 len: 1127 time: 0.8070092
2026-06-25 23:31:39.837 10 INFO neutron.db.ovn_revision_numbers_db [None req-d06c4943-bc63-4585-a150-7fbbc594405e ebde34755037438cb89517014813295c 21fdea3a18454264b9dda3f34b655c0c - - default default] Successfully bumped revision number for resource a2d60eed-db43-4c9a-9d9b-42e1b78af5cb (type: ports) to 1
2026-06-25 23:31:39.898 10 INFO neutron.wsgi [None req-d06c4943-bc63-4585-a150-7fbbc594405e ebde34755037438cb89517014813295c 21fdea3a18454264b9dda3f34b655c0c - - default default] 10.0.0.89 "POST /v2.0/networks HTTP/1.1" status: 201 len: 837 time: 0.8971472
2026-06-25 23:31:39.911 10 WARNING neutron_lib.context [None req-c186bdd9-329a-4c7f-a2bc-f803a829d155 ebde34755037438cb89517014813295c 21fdea3a18454264b9dda3f34b655c0c - - default default] Method 'is_advsvc' is deprecated since 2023.2 release (neutron-lib 3.8.0) and will be removed once support for the old RBAC API policies will be removed from Neutron. Please use method 'is_service_role' instead.
2026-06-25 23:31:39.977 10 INFO neutron.db.ovn_revision_numbers_db [None req-2d036d66-69bd-437c-a67e-a9a3b4769e67 7e94684f30304a5f8f1aae77f3a869b9 40ab63f00bae497889c5cedd67724798 - - default default] Successfully bumped revision number for resource 8d881e8d-162f-4dbe-a0c0-5d54ff9afd17 (type: networks) to 1
2026-06-25 23:31:40.189 9 INFO neutron.services.segments.plugin [-] Segment d765d21c-9b3d-4315-847e-163c23008f4b resource provider aggregate not found
2026-06-25 23:31:40.196 9 INFO neutron.services.segments.plugin [-] Segment d765d21c-9b3d-4315-847e-163c23008f4b resource provider aggregate not found
2026-06-25 23:31:40.213 9 INFO neutron.services.segments.plugin [-] Segment d765d21c-9b3d-4315-847e-163c23008f4b resource provider not found; error: Placement Client Error (4xx): {"errors": [{"status": 404, "title": "Not Found", "detail": "The resource could not be found.\n\n No resource provider with uuid d765d21c-9b3d-4315-847e-163c23008f4b found for delete ", "request_id": "req-c572c1b6-da05-420a-9600-d9533fb2ef2a"}]}
2026-06-25 23:31:40.214 9 INFO neutron.services.segments.plugin [-] Segment d765d21c-9b3d-4315-847e-163c23008f4b resource provider not found; error: Placement Client Error (4xx): {"errors": [{"status": 404, "title": "Not Found", "detail": "The resource could not be found.\n\n No resource provider with uuid d765d21c-9b3d-4315-847e-163c23008f4b found for delete ", "request_id": "req-9348f4a6-66a1-43d5-b666-ad58ca4e39af"}]}
2026-06-25 23:31:40.238 9 INFO neutron.wsgi [None req-48aa4145-ed7a-41d5-9bfd-5259462204ab 1e74a7a289674fb781a68f0219a9ed34 1ef6a560401042b7abcc618453d0dc65 - - default default] 10.0.0.89 "DELETE /v2.0/networks/072d343c-57cb-4af1-840f-c24b6150c041 HTTP/1.1" status: 204 len: 168 time: 0.6077838
2026-06-25 23:31:40.254 10 WARNING neutron.scheduler.dhcp_agent_scheduler [None req-2d036d66-69bd-437c-a67e-a9a3b4769e67 7e94684f30304a5f8f1aae77f3a869b9 40ab63f00bae497889c5cedd67724798 - - default default] No more DHCP agents
2026-06-25 23:31:40.259 10 WARNING neutron.api.rpc.agentnotifiers.dhcp_rpc_agent_api [None req-2d036d66-69bd-437c-a67e-a9a3b4769e67 7e94684f30304a5f8f1aae77f3a869b9 40ab63f00bae497889c5cedd67724798 - - default default] Unable to schedule network 8d881e8d-162f-4dbe-a0c0-5d54ff9afd17: no agents available; will retry on subsequent port and subnet creation events.
2026-06-25 23:31:40.275 10 INFO neutron.wsgi [None req-fab90731-1ecf-4a3a-b0d8-f044040ac864 fdfa688acca34f2ea7bdc562bdd6db03 756a3ca17c864ad7b2843aaea82f92b2 - - default default] 10.0.0.89 "DELETE /v2.0/ports/248cfeb6-0d04-4a93-9238-a00490f25558 HTTP/1.1" status: 204 len: 168 time: 0.5308952
2026-06-25 23:31:40.297 9 INFO neutron.pecan_wsgi.hooks.translation [None req-c6f9508a-9664-4cdb-8dee-8083d8cd5fec fdfa688acca34f2ea7bdc562bdd6db03 756a3ca17c864ad7b2843aaea82f92b2 - - default default] GET failed (client error): The resource could not be found.
2026-06-25 23:31:40.299 9 INFO neutron.wsgi [None req-c6f9508a-9664-4cdb-8dee-8083d8cd5fec fdfa688acca34f2ea7bdc562bdd6db03 756a3ca17c864ad7b2843aaea82f92b2 - - default default] 10.0.0.89 "GET /v2.0/ports/248cfeb6-0d04-4a93-9238-a00490f25558 HTTP/1.1" status: 404 len: 333 time: 0.0203817
2026-06-25 23:31:40.342 10 WARNING neutron.scheduler.dhcp_agent_scheduler [None req-c186bdd9-329a-4c7f-a2bc-f803a829d155 ebde34755037438cb89517014813295c 21fdea3a18454264b9dda3f34b655c0c - - default default] No more DHCP agents
2026-06-25 23:31:40.344 10 WARNING neutron.api.rpc.agentnotifiers.dhcp_rpc_agent_api [None req-c186bdd9-329a-4c7f-a2bc-f803a829d155 ebde34755037438cb89517014813295c 21fdea3a18454264b9dda3f34b655c0c - - default default] Unable to schedule network c5668da7-0139-441a-9def-821d4746c4ff: no agents available; will retry on subsequent port and subnet creation events.
2026-06-25 23:31:40.351 9 INFO neutron.db.segments_db [None req-e638f943-2fd8-4c10-ba39-e13e5c464d5f 1e74a7a289674fb781a68f0219a9ed34 1ef6a560401042b7abcc618453d0dc65 - - default default] Added segment da059ba2-ac56-4966-8c21-6aa405959471 of type geneve for network ede1eb31-4e0f-4b91-8db2-926014357dd9
2026-06-25 23:31:40.378 10 INFO neutron.wsgi [-] 10.0.0.131 "GET / HTTP/1.1" status: 200 len: 247 time: 0.0012252
2026-06-25 23:31:40.379 10 INFO neutron.wsgi [-] 10.0.0.131 "GET / HTTP/1.1" status: 200 len: 247 time: 0.0008485
2026-06-25 23:31:40.540 9 INFO neutron.db.ovn_revision_numbers_db [None req-e638f943-2fd8-4c10-ba39-e13e5c464d5f 1e74a7a289674fb781a68f0219a9ed34 1ef6a560401042b7abcc618453d0dc65 - - default default] Successfully bumped revision number for resource ede1eb31-4e0f-4b91-8db2-926014357dd9 (type: networks) to 1
2026-06-25 23:31:40.568 9 INFO neutron.wsgi [None req-b3ffaca3-8a25-4c07-bbd5-28d5500f4c0f fdfa688acca34f2ea7bdc562bdd6db03 756a3ca17c864ad7b2843aaea82f92b2 - - default default] 10.0.0.89 "DELETE /v2.0/subnets/0c442087-464a-47ea-a41c-0953bf979f4e HTTP/1.1" status: 204 len: 168 time: 0.2652116
2026-06-25 23:31:40.616 10 INFO neutron.db.ovn_revision_numbers_db [None req-2d036d66-69bd-437c-a67e-a9a3b4769e67 7e94684f30304a5f8f1aae77f3a869b9 40ab63f00bae497889c5cedd67724798 - - default default] Successfully bumped revision number for resource 4a786063-80e0-4542-9601-21074658635a (type: ports) to 1
2026-06-25 23:31:40.638 10 INFO neutron.wsgi [None req-2d036d66-69bd-437c-a67e-a9a3b4769e67 7e94684f30304a5f8f1aae77f3a869b9 40ab63f00bae497889c5cedd67724798 - - default default] 10.0.0.89 "POST /v2.0/networks HTTP/1.1" status: 201 len: 831 time: 1.6266367
2026-06-25 23:31:40.647 10 WARNING neutron_lib.context [None req-c8bc685d-9d42-48c6-96f0-8599987645da 7e94684f30304a5f8f1aae77f3a869b9 40ab63f00bae497889c5cedd67724798 - - default default] Method 'is_advsvc' is deprecated since 2023.2 release (neutron-lib 3.8.0) and will be removed once support for the old RBAC API policies will be removed from Neutron. Please use method 'is_service_role' instead.
2026-06-25 23:31:40.777 9 WARNING neutron.scheduler.dhcp_agent_scheduler [None req-e638f943-2fd8-4c10-ba39-e13e5c464d5f 1e74a7a289674fb781a68f0219a9ed34 1ef6a560401042b7abcc618453d0dc65 - - default default] No more DHCP agents
2026-06-25 23:31:40.782 9 WARNING neutron.api.rpc.agentnotifiers.dhcp_rpc_agent_api [None req-e638f943-2fd8-4c10-ba39-e13e5c464d5f 1e74a7a289674fb781a68f0219a9ed34 1ef6a560401042b7abcc618453d0dc65 - - default default] Unable to schedule network ede1eb31-4e0f-4b91-8db2-926014357dd9: no agents available; will retry on subsequent port and subnet creation events.
2026-06-25 23:31:40.884 9 INFO neutron.db.ovn_revision_numbers_db [None req-e638f943-2fd8-4c10-ba39-e13e5c464d5f 1e74a7a289674fb781a68f0219a9ed34 1ef6a560401042b7abcc618453d0dc65 - - default default] Successfully bumped revision number for resource e66bfdd5-5b94-4bcd-a297-e43da1a7cbc0 (type: ports) to 1
2026-06-25 23:31:40.913 9 INFO neutron.wsgi [None req-e638f943-2fd8-4c10-ba39-e13e5c464d5f 1e74a7a289674fb781a68f0219a9ed34 1ef6a560401042b7abcc618453d0dc65 - - default default] 10.0.0.89 "POST /v2.0/networks HTTP/1.1" status: 201 len: 929 time: 0.6683886
2026-06-25 23:31:40.950 10 WARNING neutron.scheduler.dhcp_agent_scheduler [None req-c8bc685d-9d42-48c6-96f0-8599987645da 7e94684f30304a5f8f1aae77f3a869b9 40ab63f00bae497889c5cedd67724798 - - default default] No more DHCP agents
2026-06-25 23:31:40.953 10 WARNING neutron.api.rpc.agentnotifiers.dhcp_rpc_agent_api [None req-c8bc685d-9d42-48c6-96f0-8599987645da 7e94684f30304a5f8f1aae77f3a869b9 40ab63f00bae497889c5cedd67724798 - - default default] Unable to schedule network 8d881e8d-162f-4dbe-a0c0-5d54ff9afd17: no agents available; will retry on subsequent port and subnet creation events.
2026-06-25 23:31:41.078 9 INFO neutron.wsgi [None req-68313905-abc0-4f8b-968d-d2f80a907636 fdfa688acca34f2ea7bdc562bdd6db03 756a3ca17c864ad7b2843aaea82f92b2 - - default default] 10.0.0.89 "DELETE /v2.0/networks/b2eb7077-d91a-4ea1-89e8-956310ff1330 HTTP/1.1" status: 204 len: 168 time: 0.5035276
2026-06-25 23:31:41.092 10 WARNING neutron_lib.context [None req-d849a55b-8823-4682-ab46-1aaadc7ebec6 fdfa688acca34f2ea7bdc562bdd6db03 756a3ca17c864ad7b2843aaea82f92b2 - - default default] Method 'is_advsvc' is deprecated since 2023.2 release (neutron-lib 3.8.0) and will be removed once support for the old RBAC API policies will be removed from Neutron. Please use method 'is_service_role' instead.
2026-06-25 23:31:41.134 9 WARNING neutron.scheduler.dhcp_agent_scheduler [None req-7d171fe9-31b5-4353-8144-e6b7ff0825fc 1e74a7a289674fb781a68f0219a9ed34 1ef6a560401042b7abcc618453d0dc65 - - default default] No more DHCP agents
2026-06-25 23:31:41.136 9 WARNING neutron.api.rpc.agentnotifiers.dhcp_rpc_agent_api [None req-7d171fe9-31b5-4353-8144-e6b7ff0825fc 1e74a7a289674fb781a68f0219a9ed34 1ef6a560401042b7abcc618453d0dc65 - - default default] Unable to schedule network ede1eb31-4e0f-4b91-8db2-926014357dd9: no agents available; will retry on subsequent port and subnet creation events.
2026-06-25 23:31:41.253 10 INFO neutron.db.ovn_revision_numbers_db [None req-c186bdd9-329a-4c7f-a2bc-f803a829d155 ebde34755037438cb89517014813295c 21fdea3a18454264b9dda3f34b655c0c - - default default] Successfully bumped revision number for resource a2d60eed-db43-4c9a-9d9b-42e1b78af5cb (type: ports) to 2
2026-06-25 23:31:41.316 10 INFO neutron.db.ovn_revision_numbers_db [None req-c186bdd9-329a-4c7f-a2bc-f803a829d155 ebde34755037438cb89517014813295c 21fdea3a18454264b9dda3f34b655c0c - - default default] Successfully bumped revision number for resource 434285a4-9375-4ab5-8aad-70235ebc3b5c (type: subnets) to 0
2026-06-25 23:31:41.347 10 INFO neutron.wsgi [None req-c186bdd9-329a-4c7f-a2bc-f803a829d155 ebde34755037438cb89517014813295c 21fdea3a18454264b9dda3f34b655c0c - - default default] 10.0.0.89 "POST /v2.0/subnets HTTP/1.1" status: 201 len: 831 time: 1.4404564
2026-06-25 23:31:41.358 9 WARNING neutron_lib.context [None req-c180c350-5fb6-4e84-9b8f-a47464ad5221 ebde34755037438cb89517014813295c 21fdea3a18454264b9dda3f34b655c0c - - default default] Method 'is_advsvc' is deprecated since 2023.2 release (neutron-lib 3.8.0) and will be removed once support for the old RBAC API policies will be removed from Neutron. Please use method 'is_service_role' instead.
2026-06-25 23:31:41.455 10 WARNING neutron.scheduler.dhcp_agent_scheduler [None req-d849a55b-8823-4682-ab46-1aaadc7ebec6 fdfa688acca34f2ea7bdc562bdd6db03 756a3ca17c864ad7b2843aaea82f92b2 - - default default] No more DHCP agents
2026-06-25 23:31:41.458 10 WARNING neutron.api.rpc.agentnotifiers.dhcp_rpc_agent_api [None req-d849a55b-8823-4682-ab46-1aaadc7ebec6 fdfa688acca34f2ea7bdc562bdd6db03 756a3ca17c864ad7b2843aaea82f92b2 - - default default] Unable to schedule network 8e9996c9-0ddb-4037-86ce-39870bd26735: no agents available; will retry on subsequent port and subnet creation events.
2026-06-25 23:31:41.564 10 INFO neutron.db.ovn_revision_numbers_db [None req-d849a55b-8823-4682-ab46-1aaadc7ebec6 fdfa688acca34f2ea7bdc562bdd6db03 756a3ca17c864ad7b2843aaea82f92b2 - - default default] Successfully bumped revision number for resource 1060f42a-99a3-4f67-9395-8f704fc1a44e (type: ports) to 1
2026-06-25 23:31:41.592 10 INFO neutron.wsgi [None req-d849a55b-8823-4682-ab46-1aaadc7ebec6 fdfa688acca34f2ea7bdc562bdd6db03 756a3ca17c864ad7b2843aaea82f92b2 - - default default] 10.0.0.89 "POST /v2.0/ports HTTP/1.1" status: 201 len: 978 time: 0.5064209 /var/lib/openstack/lib/python3.10/site-packages/pycadf/identifier.py:71: UserWarning: Invalid uuid: neutron. To ensure interoperability, identifiers should be a valid uuid. warnings.warn(('Invalid uuid: %s. To ensure interoperability, '
2026-06-25 23:31:41.661 10 INFO neutron.db.ovn_revision_numbers_db [None req-c8bc685d-9d42-48c6-96f0-8599987645da 7e94684f30304a5f8f1aae77f3a869b9 40ab63f00bae497889c5cedd67724798 - - default default] Successfully bumped revision number for resource 4a786063-80e0-4542-9601-21074658635a (type: ports) to 2
2026-06-25 23:31:41.702 10 INFO neutron.db.ovn_revision_numbers_db [None req-c8bc685d-9d42-48c6-96f0-8599987645da 7e94684f30304a5f8f1aae77f3a869b9 40ab63f00bae497889c5cedd67724798 - - default default] Successfully bumped revision number for resource 81dd78f8-ba8a-440d-98c2-409333f8d337 (type: subnets) to 0
2026-06-25 23:31:41.722 10 INFO neutron.wsgi [None req-c8bc685d-9d42-48c6-96f0-8599987645da 7e94684f30304a5f8f1aae77f3a869b9 40ab63f00bae497889c5cedd67724798 - - default default] 10.0.0.89 "POST /v2.0/subnets HTTP/1.1" status: 201 len: 801 time: 1.0796564
2026-06-25 23:31:41.737 9 WARNING neutron_lib.context [None req-c644fe8e-31ae-4596-a2a0-c75bdf4ca1b3 7e94684f30304a5f8f1aae77f3a869b9 40ab63f00bae497889c5cedd67724798 - - default default] Method 'is_advsvc' is deprecated since 2023.2 release (neutron-lib 3.8.0) and will be removed once support for the old RBAC API policies will be removed from Neutron. Please use method 'is_service_role' instead.
2026-06-25 23:31:41.832 9 INFO neutron.plugins.ml2.drivers.ovn.mech_driver.mech_driver [None req-aaba1074-abd1-4a59-bbf0-16f74f6b2b65 - - - - - -] OVN reports status down for port: 1060f42a-99a3-4f67-9395-8f704fc1a44e
2026-06-25 23:31:41.852 10 INFO neutron.db.ovn_revision_numbers_db [None req-98d0aa6a-df83-4c01-b7b1-c352dcd3e6b7 fdfa688acca34f2ea7bdc562bdd6db03 756a3ca17c864ad7b2843aaea82f92b2 - - default default] Successfully bumped revision number for resource 1060f42a-99a3-4f67-9395-8f704fc1a44e (type: ports) to 2
2026-06-25 23:31:41.863 10 INFO neutron.wsgi [None req-98d0aa6a-df83-4c01-b7b1-c352dcd3e6b7 fdfa688acca34f2ea7bdc562bdd6db03 756a3ca17c864ad7b2843aaea82f92b2 - - default default] 10.0.0.89 "PUT /v2.0/ports/1060f42a-99a3-4f67-9395-8f704fc1a44e HTTP/1.1" status: 200 len: 946 time: 0.2645929 /var/lib/openstack/lib/python3.10/site-packages/pycadf/identifier.py:71: UserWarning: Invalid uuid: neutron. To ensure interoperability, identifiers should be a valid uuid. warnings.warn(('Invalid uuid: %s. To ensure interoperability, '
2026-06-25 23:31:41.898 9 INFO neutron.db.segments_db [None req-c644fe8e-31ae-4596-a2a0-c75bdf4ca1b3 7e94684f30304a5f8f1aae77f3a869b9 40ab63f00bae497889c5cedd67724798 - - default default] Added segment 5683d4e3-b7b1-4dee-aeee-9009f64b725e of type geneve for network 7c058160-b701-46d5-a17a-ff924ec3f28c
2026-06-25 23:31:42.084 10 INFO neutron.wsgi [None req-57822f11-861a-4a47-b13c-5ca0384d2614 fdfa688acca34f2ea7bdc562bdd6db03 756a3ca17c864ad7b2843aaea82f92b2 - - default default] 10.0.0.89 "DELETE /v2.0/ports/1060f42a-99a3-4f67-9395-8f704fc1a44e HTTP/1.1" status: 204 len: 168 time: 0.2144256
2026-06-25 23:31:42.172 10 INFO neutron.wsgi [None req-31490e0a-3fe6-4083-bcee-e9014b0ab37c fdfa688acca34f2ea7bdc562bdd6db03 756a3ca17c864ad7b2843aaea82f92b2 - - default default] 10.0.0.89 "GET /v2.0/ports HTTP/1.1" status: 200 len: 1733 time: 0.0831778
2026-06-25 23:31:42.176 9 INFO neutron.db.ovn_revision_numbers_db [None req-c644fe8e-31ae-4596-a2a0-c75bdf4ca1b3 7e94684f30304a5f8f1aae77f3a869b9 40ab63f00bae497889c5cedd67724798 - - default default] Successfully bumped revision number for resource 7c058160-b701-46d5-a17a-ff924ec3f28c (type: networks) to 1
2026-06-25 23:31:42.188 9 INFO neutron.db.ovn_revision_numbers_db [None req-7d171fe9-31b5-4353-8144-e6b7ff0825fc 1e74a7a289674fb781a68f0219a9ed34 1ef6a560401042b7abcc618453d0dc65 - - default default] Successfully bumped revision number for resource e66bfdd5-5b94-4bcd-a297-e43da1a7cbc0 (type: ports) to 2
2026-06-25 23:31:42.193 9 WARNING neutron.scheduler.dhcp_agent_scheduler [None req-c180c350-5fb6-4e84-9b8f-a47464ad5221 ebde34755037438cb89517014813295c 21fdea3a18454264b9dda3f34b655c0c - - default default] No more DHCP agents
2026-06-25 23:31:42.195 9 WARNING neutron.api.rpc.agentnotifiers.dhcp_rpc_agent_api [None req-c180c350-5fb6-4e84-9b8f-a47464ad5221 ebde34755037438cb89517014813295c 21fdea3a18454264b9dda3f34b655c0c - - default default] Unable to schedule network c5668da7-0139-441a-9def-821d4746c4ff: no agents available; will retry on subsequent port and subnet creation events.
2026-06-25 23:31:42.213 10 INFO neutron.pecan_wsgi.hooks.translation [None req-2cb32d0c-1645-4eca-90e7-770b64b59a34 fdfa688acca34f2ea7bdc562bdd6db03 756a3ca17c864ad7b2843aaea82f92b2 - - default default] GET failed (client error): The resource could not be found.
2026-06-25 23:31:42.214 10 INFO neutron.wsgi [None req-2cb32d0c-1645-4eca-90e7-770b64b59a34 fdfa688acca34f2ea7bdc562bdd6db03 756a3ca17c864ad7b2843aaea82f92b2 - - default default] 10.0.0.89 "GET /v2.0/ports/1060f42a-99a3-4f67-9395-8f704fc1a44e HTTP/1.1" status: 404 len: 333 time: 0.0214543
2026-06-25 23:31:42.234 9 INFO neutron.services.segments.plugin [-] Segment 01dcabb6-014f-4415-b4c3-5118df707f2f resource provider aggregate not found
2026-06-25 23:31:42.239 9 INFO neutron.services.segments.plugin [-] Segment 01dcabb6-014f-4415-b4c3-5118df707f2f resource provider aggregate not found
2026-06-25 23:31:42.249 9 INFO neutron.services.segments.plugin [-] Segment 01dcabb6-014f-4415-b4c3-5118df707f2f resource provider not found; error: Placement Client Error (4xx): {"errors": [{"status": 404, "title": "Not Found", "detail": "The resource could not be found.\n\n No resource provider with uuid 01dcabb6-014f-4415-b4c3-5118df707f2f found for delete ", "request_id": "req-5e23937b-fe48-47e6-92ee-9cbbb72c1ee4"}]}
2026-06-25 23:31:42.251 9 INFO neutron.services.segments.plugin [-] Segment 01dcabb6-014f-4415-b4c3-5118df707f2f resource provider not found; error: Placement Client Error (4xx): {"errors": [{"status": 404, "title": "Not Found", "detail": "The resource could not be found.\n\n No resource provider with uuid 01dcabb6-014f-4415-b4c3-5118df707f2f found for delete ", "request_id": "req-ef8407fb-0318-45ad-b82e-0de29824b5aa"}]}
2026-06-25 23:31:42.260 10 INFO neutron.wsgi [None req-666b166e-e26d-476a-a691-49e61c77e28b fdfa688acca34f2ea7bdc562bdd6db03 756a3ca17c864ad7b2843aaea82f92b2 - - default default] 10.0.0.89 "GET /v2.0/ports HTTP/1.1" status: 200 len: 1733 time: 0.0409806
2026-06-25 23:31:42.264 9 INFO neutron.db.ovn_revision_numbers_db [None req-7d171fe9-31b5-4353-8144-e6b7ff0825fc 1e74a7a289674fb781a68f0219a9ed34 1ef6a560401042b7abcc618453d0dc65 - - default default] Successfully bumped revision number for resource b6e2e39a-dcea-4066-983b-dd100cf44801 (type: subnets) to 0
2026-06-25 23:31:42.282 9 INFO neutron.db.ovn_revision_numbers_db [None req-c180c350-5fb6-4e84-9b8f-a47464ad5221 ebde34755037438cb89517014813295c 21fdea3a18454264b9dda3f34b655c0c - - default default] Successfully bumped revision number for resource d5828a35-8d56-41e0-b798-6b6f44831f2a (type: subnets) to 0
2026-06-25 23:31:42.295 9 INFO neutron.wsgi [None req-7d171fe9-31b5-4353-8144-e6b7ff0825fc 1e74a7a289674fb781a68f0219a9ed34 1ef6a560401042b7abcc618453d0dc65 - - default default] 10.0.0.89 "POST /v2.0/subnets HTTP/1.1" status: 201 len: 822 time: 1.3726218
2026-06-25 23:31:42.298 9 INFO neutron.wsgi [None req-c180c350-5fb6-4e84-9b8f-a47464ad5221 ebde34755037438cb89517014813295c 21fdea3a18454264b9dda3f34b655c0c - - default default] 10.0.0.89 "POST /v2.0/subnets HTTP/1.1" status: 201 len: 904 time: 0.9448452
