2026-06-25 23:32:08.198 9 INFO neutron.db.ovn_revision_numbers_db [None req-986b0e83-84f6-4bab-bfb7-c8bc65d9a1cc 9089057e8b3b45cbba9ee2e7a472e3b0 72744b09b8ba48b8a3e6b17504fc11fd - - default default] Successfully bumped revision number for resource 638a2f50-0f01-4616-882c-b52e039aab60 (type: security_group_rules) to 0
2026-06-25 23:32:08.206 9 INFO neutron.db.ovn_revision_numbers_db [None req-70bb851c-b70c-4c4c-9ebb-1dee189998c5 e7c2f2d9717247338fa654f22a76fc1b d818490b32b7442f892794ac69adee78 - - default default] Successfully bumped revision number for resource f6f30df7-bfd2-4e88-8239-581626f122b4 (type: security_group_rules) to 0
2026-06-25 23:32:08.221 9 INFO neutron.wsgi [None req-81b8d41c-0004-4357-86e8-411a836fb074 9089057e8b3b45cbba9ee2e7a472e3b0 72744b09b8ba48b8a3e6b17504fc11fd - - default default] 10.0.0.89 "GET /v2.0/security-groups?tenant_id=514578488c504647a4be93b645ec6b9d&name=default HTTP/1.1" status: 200 len: 2996 time: 0.3205860
2026-06-25 23:32:08.223 9 INFO neutron.db.ovn_revision_numbers_db [None req-986b0e83-84f6-4bab-bfb7-c8bc65d9a1cc 9089057e8b3b45cbba9ee2e7a472e3b0 72744b09b8ba48b8a3e6b17504fc11fd - - default default] Successfully bumped revision number for resource 788fea3b-debc-4682-bb21-ddb2b7cabe3e (type: security_group_rules) to 0 /var/lib/openstack/lib/python3.10/site-packages/pycadf/identifier.py:71: UserWarning: Invalid uuid: neutron. To ensure interoperability, identifiers should be a valid uuid. warnings.warn(('Invalid uuid: %s. To ensure interoperability, '
2026-06-25 23:32:08.242 9 INFO neutron.wsgi [None req-986b0e83-84f6-4bab-bfb7-c8bc65d9a1cc 9089057e8b3b45cbba9ee2e7a472e3b0 72744b09b8ba48b8a3e6b17504fc11fd - - default default] 10.0.0.89 "GET /v2.0/security-groups?tenant_id=25e7517f89f14965a2530563b5c6126b&name=default HTTP/1.1" status: 200 len: 2996 time: 0.3653860
2026-06-25 23:32:08.259 9 INFO neutron.db.segments_db [None req-70bb851c-b70c-4c4c-9ebb-1dee189998c5 e7c2f2d9717247338fa654f22a76fc1b d818490b32b7442f892794ac69adee78 - - default default] Added segment b0b681b8-5f76-4e1f-b00b-fece7aa594ea of type geneve for network 49c63dc0-7e89-41d7-b409-37c498d1f560
2026-06-25 23:32:08.391 9 INFO neutron.db.ovn_revision_numbers_db [None req-70bb851c-b70c-4c4c-9ebb-1dee189998c5 e7c2f2d9717247338fa654f22a76fc1b d818490b32b7442f892794ac69adee78 - - default default] Successfully bumped revision number for resource 49c63dc0-7e89-41d7-b409-37c498d1f560 (type: networks) to 1
2026-06-25 23:32:08.460 10 INFO neutron.wsgi [None req-a4b19d3b-3ae5-4ab5-9ee5-351a21d402b5 9089057e8b3b45cbba9ee2e7a472e3b0 72744b09b8ba48b8a3e6b17504fc11fd - - default default] 10.0.0.89 "DELETE /v2.0/security-groups/bc152878-95c6-4130-a18c-4f8fcf8cef8e HTTP/1.1" status: 204 len: 168 time: 0.2330420
2026-06-25 23:32:08.476 10 INFO neutron.wsgi [None req-7f5f4137-2c81-4f51-bc40-44365f0ba049 9089057e8b3b45cbba9ee2e7a472e3b0 72744b09b8ba48b8a3e6b17504fc11fd - - default default] 10.0.0.89 "DELETE /v2.0/security-groups/52b5ebe6-e10b-477c-a3d6-02b853e04e94 HTTP/1.1" status: 204 len: 168 time: 0.2287965
2026-06-25 23:32:08.577 9 WARNING neutron.scheduler.dhcp_agent_scheduler [None req-70bb851c-b70c-4c4c-9ebb-1dee189998c5 e7c2f2d9717247338fa654f22a76fc1b d818490b32b7442f892794ac69adee78 - - default default] No more DHCP agents
2026-06-25 23:32:08.584 9 WARNING neutron.api.rpc.agentnotifiers.dhcp_rpc_agent_api [None req-70bb851c-b70c-4c4c-9ebb-1dee189998c5 e7c2f2d9717247338fa654f22a76fc1b d818490b32b7442f892794ac69adee78 - - default default] Unable to schedule network 49c63dc0-7e89-41d7-b409-37c498d1f560: no agents available; will retry on subsequent port and subnet creation events.
2026-06-25 23:32:08.679 10 INFO neutron.db.ovn_revision_numbers_db [None req-3fe08210-d34a-4cb5-a1b2-855a1c41298d 9089057e8b3b45cbba9ee2e7a472e3b0 72744b09b8ba48b8a3e6b17504fc11fd - - default default] Successfully bumped revision number for resource af5477d9-a839-4db6-8549-2c0afbefd501 (type: security_groups) to 1
2026-06-25 23:32:08.693 9 INFO neutron.db.ovn_revision_numbers_db [None req-70bb851c-b70c-4c4c-9ebb-1dee189998c5 e7c2f2d9717247338fa654f22a76fc1b d818490b32b7442f892794ac69adee78 - - default default] Successfully bumped revision number for resource ed583732-e8a5-4353-9bfc-0630b0797bf6 (type: ports) to 1
2026-06-25 23:32:08.694 10 INFO neutron.db.ovn_revision_numbers_db [None req-3fe08210-d34a-4cb5-a1b2-855a1c41298d 9089057e8b3b45cbba9ee2e7a472e3b0 72744b09b8ba48b8a3e6b17504fc11fd - - default default] Successfully bumped revision number for resource 85e44137-9c0d-40fc-a147-3f539a93d600 (type: security_group_rules) to 0
2026-06-25 23:32:08.712 10 INFO neutron.db.ovn_revision_numbers_db [None req-3fe08210-d34a-4cb5-a1b2-855a1c41298d 9089057e8b3b45cbba9ee2e7a472e3b0 72744b09b8ba48b8a3e6b17504fc11fd - - default default] Successfully bumped revision number for resource 9a14e245-87ed-4d46-a780-5d8755960af7 (type: security_group_rules) to 0
2026-06-25 23:32:08.726 9 INFO neutron.wsgi [None req-70bb851c-b70c-4c4c-9ebb-1dee189998c5 e7c2f2d9717247338fa654f22a76fc1b d818490b32b7442f892794ac69adee78 - - default default] 10.0.0.89 "POST /v2.0/networks HTTP/1.1" status: 201 len: 829 time: 0.9073322
2026-06-25 23:32:08.729 10 INFO neutron.db.ovn_revision_numbers_db [None req-3fe08210-d34a-4cb5-a1b2-855a1c41298d 9089057e8b3b45cbba9ee2e7a472e3b0 72744b09b8ba48b8a3e6b17504fc11fd - - default default] Successfully bumped revision number for resource a1083e18-3266-4803-978f-4c0dec8b35b4 (type: security_group_rules) to 0
2026-06-25 23:32:08.737 10 WARNING neutron_lib.context [None req-4a17c845-b17f-4699-8e4f-240599b3cd44 e7c2f2d9717247338fa654f22a76fc1b d818490b32b7442f892794ac69adee78 - - default default] Method 'is_advsvc' is deprecated since 2023.2 release (neutron-lib 3.8.0) and will be removed once support for the old RBAC API policies will be removed from Neutron. Please use method 'is_service_role' instead.
2026-06-25 23:32:08.742 10 INFO neutron.notifiers.nova [-] Nova event matching ['req-21958ae0-b66a-4e22-8994-e1e8bc8b3b4c'] response: {'server_uuid': 'f1aecf43-911b-49a7-828e-ffb3e2e3a672', 'name': 'network-vif-plugged', 'status': 'completed', 'tag': '8787c1e6-2a59-4262-bd58-d0e4e81c618a', 'code': 200}
2026-06-25 23:32:08.742 10 INFO neutron.notifiers.nova [-] Nova event matching ['req-21958ae0-b66a-4e22-8994-e1e8bc8b3b4c'] response: {'server_uuid': 'f1aecf43-911b-49a7-828e-ffb3e2e3a672', 'name': 'network-vif-plugged', 'status': 'completed', 'tag': '8787c1e6-2a59-4262-bd58-d0e4e81c618a', 'code': 200}
2026-06-25 23:32:08.744 9 INFO neutron.db.ovn_revision_numbers_db [None req-c8175818-92e9-4f92-9d70-c192da2451bf 9089057e8b3b45cbba9ee2e7a472e3b0 72744b09b8ba48b8a3e6b17504fc11fd - - default default] Successfully bumped revision number for resource 53ed64ab-c4c0-43d1-8ac0-2b77d2619f72 (type: security_groups) to 1
2026-06-25 23:32:08.757 9 INFO neutron.db.ovn_revision_numbers_db [None req-c8175818-92e9-4f92-9d70-c192da2451bf 9089057e8b3b45cbba9ee2e7a472e3b0 72744b09b8ba48b8a3e6b17504fc11fd - - default default] Successfully bumped revision number for resource 503311c4-b86f-4039-b80f-5c67d0200bd5 (type: security_group_rules) to 0
2026-06-25 23:32:08.766 10 INFO neutron.db.ovn_revision_numbers_db [None req-3fe08210-d34a-4cb5-a1b2-855a1c41298d 9089057e8b3b45cbba9ee2e7a472e3b0 72744b09b8ba48b8a3e6b17504fc11fd - - default default] Successfully bumped revision number for resource fd86faae-a28d-4fb7-bc7f-d0ae7a2f5bba (type: security_group_rules) to 0
2026-06-25 23:32:08.773 9 INFO neutron.db.ovn_revision_numbers_db [None req-c8175818-92e9-4f92-9d70-c192da2451bf 9089057e8b3b45cbba9ee2e7a472e3b0 72744b09b8ba48b8a3e6b17504fc11fd - - default default] Successfully bumped revision number for resource a054985c-f744-4c5d-8a67-4088703bcb6b (type: security_group_rules) to 0
2026-06-25 23:32:08.790 9 INFO neutron.db.ovn_revision_numbers_db [None req-c8175818-92e9-4f92-9d70-c192da2451bf 9089057e8b3b45cbba9ee2e7a472e3b0 72744b09b8ba48b8a3e6b17504fc11fd - - default default] Successfully bumped revision number for resource bce01280-7869-45ed-a22d-1f3ab1f52bff (type: security_group_rules) to 0
2026-06-25 23:32:08.799 10 INFO neutron.wsgi [None req-3fe08210-d34a-4cb5-a1b2-855a1c41298d 9089057e8b3b45cbba9ee2e7a472e3b0 72744b09b8ba48b8a3e6b17504fc11fd - - default default] 10.0.0.89 "GET /v2.0/security-groups?tenant_id=d12e19ba992348f99e0096db42df3570&name=default HTTP/1.1" status: 200 len: 2996 time: 0.2496583
2026-06-25 23:32:08.807 9 INFO neutron.db.ovn_revision_numbers_db [None req-c8175818-92e9-4f92-9d70-c192da2451bf 9089057e8b3b45cbba9ee2e7a472e3b0 72744b09b8ba48b8a3e6b17504fc11fd - - default default] Successfully bumped revision number for resource c38d753c-a915-4ab4-81f6-936437ca79dc (type: security_group_rules) to 0
2026-06-25 23:32:08.830 9 INFO neutron.wsgi [None req-c8175818-92e9-4f92-9d70-c192da2451bf 9089057e8b3b45cbba9ee2e7a472e3b0 72744b09b8ba48b8a3e6b17504fc11fd - - default default] 10.0.0.89 "GET /v2.0/security-groups?tenant_id=946bdbe0725640fab416418483b0c42c&name=default HTTP/1.1" status: 200 len: 2996 time: 0.2500184
2026-06-25 23:32:09.012 10 WARNING neutron.scheduler.dhcp_agent_scheduler [None req-4a17c845-b17f-4699-8e4f-240599b3cd44 e7c2f2d9717247338fa654f22a76fc1b d818490b32b7442f892794ac69adee78 - - default default] No more DHCP agents
2026-06-25 23:32:09.017 10 WARNING neutron.api.rpc.agentnotifiers.dhcp_rpc_agent_api [None req-4a17c845-b17f-4699-8e4f-240599b3cd44 e7c2f2d9717247338fa654f22a76fc1b d818490b32b7442f892794ac69adee78 - - default default] Unable to schedule network 49c63dc0-7e89-41d7-b409-37c498d1f560: no agents available; will retry on subsequent port and subnet creation events.
2026-06-25 23:32:09.035 9 INFO neutron.wsgi [None req-64e33173-50ec-4da0-8d3e-0ec5f22dd962 9089057e8b3b45cbba9ee2e7a472e3b0 72744b09b8ba48b8a3e6b17504fc11fd - - default default] 10.0.0.89 "DELETE /v2.0/security-groups/53ed64ab-c4c0-43d1-8ac0-2b77d2619f72 HTTP/1.1" status: 204 len: 168 time: 0.1997437
2026-06-25 23:32:09.086 10 INFO neutron.wsgi [None req-2d549a88-e554-4d79-82ff-3af0d10b2f0b 9089057e8b3b45cbba9ee2e7a472e3b0 72744b09b8ba48b8a3e6b17504fc11fd - - default default] 10.0.0.89 "DELETE /v2.0/security-groups/af5477d9-a839-4db6-8549-2c0afbefd501 HTTP/1.1" status: 204 len: 168 time: 0.2814088
2026-06-25 23:32:09.127 10 INFO neutron.db.ovn_revision_numbers_db [None req-4a17c845-b17f-4699-8e4f-240599b3cd44 e7c2f2d9717247338fa654f22a76fc1b d818490b32b7442f892794ac69adee78 - - default default] Successfully bumped revision number for resource 59f568a5-dba5-481d-9811-bfc151529608 (type: ports) to 1
2026-06-25 23:32:09.150 10 INFO neutron.wsgi [None req-4a17c845-b17f-4699-8e4f-240599b3cd44 e7c2f2d9717247338fa654f22a76fc1b d818490b32b7442f892794ac69adee78 - - default default] 10.0.0.89 "POST /v2.0/ports HTTP/1.1" status: 201 len: 942 time: 0.4192064 /var/lib/openstack/lib/python3.10/site-packages/pycadf/identifier.py:71: UserWarning: Invalid uuid: neutron. To ensure interoperability, identifiers should be a valid uuid. warnings.warn(('Invalid uuid: %s. To ensure interoperability, '
2026-06-25 23:32:09.159 10 WARNING neutron_lib.context [None req-4f027f0a-d30c-49ff-8e2f-34125ac74395 e7c2f2d9717247338fa654f22a76fc1b d818490b32b7442f892794ac69adee78 - - default default] Method 'is_advsvc' is deprecated since 2023.2 release (neutron-lib 3.8.0) and will be removed once support for the old RBAC API policies will be removed from Neutron. Please use method 'is_service_role' instead.
2026-06-25 23:32:09.266 10 INFO neutron.wsgi [None req-a54ad5a6-f5f3-4edc-90ec-9a9cb349747b 9089057e8b3b45cbba9ee2e7a472e3b0 72744b09b8ba48b8a3e6b17504fc11fd - - default default] 10.0.0.89 "GET /v2.0/security-groups?tenant_id=f6035bcf0bf847a79128e4ad876a1010&name=default HTTP/1.1" status: 200 len: 2996 time: 0.0445752
2026-06-25 23:32:09.456 10 INFO neutron.wsgi [req-caa99007-03e5-4c0c-b144-f79a2b3293c9 req-3e0c305f-d332-4162-9700-23ddfcd12abd ebde34755037438cb89517014813295c 21fdea3a18454264b9dda3f34b655c0c - - default default] 10.0.0.227 "GET /v2.0/ports?device_id=f1aecf43-911b-49a7-828e-ffb3e2e3a672 HTTP/1.1" status: 200 len: 1396 time: 0.1585739
2026-06-25 23:32:09.490 10 INFO neutron.wsgi [None req-4f027f0a-d30c-49ff-8e2f-34125ac74395 e7c2f2d9717247338fa654f22a76fc1b d818490b32b7442f892794ac69adee78 - - default default] 10.0.0.89 "POST /v2.0/trunks HTTP/1.1" status: 201 len: 608 time: 0.3357091
2026-06-25 23:32:09.508 10 INFO neutron.wsgi [req-caa99007-03e5-4c0c-b144-f79a2b3293c9 req-52a00595-a148-4c04-abac-d4679a22ae51 ebde34755037438cb89517014813295c 21fdea3a18454264b9dda3f34b655c0c - - default default] 10.0.0.227 "GET /v2.0/security-groups?id=6d3f88fd-6a74-41b5-8fed-a540d51bea1b&fields=id&fields=name HTTP/1.1" status: 200 len: 310 time: 0.0447526
2026-06-25 23:32:09.542 10 INFO neutron.wsgi [None req-66838431-c512-48e1-81df-9588aed720b0 e7c2f2d9717247338fa654f22a76fc1b d818490b32b7442f892794ac69adee78 - - default default] 10.0.0.89 "PUT /v2.0/trunks/e127eb07-62e3-4826-90dd-70fb70477b66/tags HTTP/1.1" status: 200 len: 218 time: 0.0463541
2026-06-25 23:32:09.581 10 INFO neutron.wsgi [None req-cc0a38df-fbe0-4d1e-9e19-539b721a733c ebde34755037438cb89517014813295c 21fdea3a18454264b9dda3f34b655c0c - - default default] 10.0.0.89 "GET /v2.0/ports?network_id=c5668da7-0139-441a-9def-821d4746c4ff&mac_address=fa%3A16%3A3e%3A9d%3A31%3A4b HTTP/1.1" status: 200 len: 1391 time: 0.0367160
2026-06-25 23:32:09.590 10 WARNING neutron_lib.context [None req-749f1bac-c317-4b22-a081-24567096caf9 ebde34755037438cb89517014813295c 21fdea3a18454264b9dda3f34b655c0c - - default default] Method 'is_advsvc' is deprecated since 2023.2 release (neutron-lib 3.8.0) and will be removed once support for the old RBAC API policies will be removed from Neutron. Please use method 'is_service_role' instead.
2026-06-25 23:32:09.594 9 INFO neutron.wsgi [None req-62ce1229-28be-4d6c-aa58-1c2b5705efac 9089057e8b3b45cbba9ee2e7a472e3b0 72744b09b8ba48b8a3e6b17504fc11fd - - default default] 10.0.0.89 "DELETE /v2.0/security-groups/fb9d01c2-98a8-4cdc-a1dd-3c17bf254c28 HTTP/1.1" status: 204 len: 168 time: 0.3246408
2026-06-25 23:32:09.598 9 INFO neutron.wsgi [None req-6f76c70d-47ed-4f25-8d69-8dba23faf67a e7c2f2d9717247338fa654f22a76fc1b d818490b32b7442f892794ac69adee78 - - default default] 10.0.0.89 "GET /v2.0/trunks/e127eb07-62e3-4826-90dd-70fb70477b66/tags HTTP/1.1" status: 200 len: 218 time: 0.0518084
2026-06-25 23:32:09.631 9 INFO neutron.wsgi [None req-49ad9d2c-753b-47fc-a119-c175ab1fbc2f e7c2f2d9717247338fa654f22a76fc1b d818490b32b7442f892794ac69adee78 - - default default] 10.0.0.89 "PUT /v2.0/trunks/e127eb07-62e3-4826-90dd-70fb70477b66/tags/green HTTP/1.1" status: 201 len: 201 time: 0.0288949
2026-06-25 23:32:09.679 10 INFO neutron.wsgi [None req-58aea4e1-1501-4a48-8e16-0fc9e8bd701e e7c2f2d9717247338fa654f22a76fc1b d818490b32b7442f892794ac69adee78 - - default default] 10.0.0.89 "GET /v2.0/trunks/e127eb07-62e3-4826-90dd-70fb70477b66/tags HTTP/1.1" status: 200 len: 227 time: 0.0368330
2026-06-25 23:32:09.723 10 INFO neutron.wsgi [None req-46860aa4-bb90-4d15-a283-b32f8559bac9 e7c2f2d9717247338fa654f22a76fc1b d818490b32b7442f892794ac69adee78 - - default default] 10.0.0.89 "PUT /v2.0/trunks/e127eb07-62e3-4826-90dd-70fb70477b66/tags/red HTTP/1.1" status: 201 len: 201 time: 0.0398378
2026-06-25 23:32:09.754 9 INFO neutron.wsgi [None req-b809b57e-ddd5-4aa6-9a1c-c2c2b1f59a9e e7c2f2d9717247338fa654f22a76fc1b d818490b32b7442f892794ac69adee78 - - default default] 10.0.0.89 "GET /v2.0/trunks/e127eb07-62e3-4826-90dd-70fb70477b66/tags HTTP/1.1" status: 200 len: 227 time: 0.0251448
2026-06-25 23:32:09.802 9 INFO neutron.wsgi [None req-4147f174-49e7-4aa2-a2e5-117f90b24399 e7c2f2d9717247338fa654f22a76fc1b d818490b32b7442f892794ac69adee78 - - default default] 10.0.0.89 "PUT /v2.0/trunks/e127eb07-62e3-4826-90dd-70fb70477b66/tags/black.or.white HTTP/1.1" status: 201 len: 201 time: 0.0432658
2026-06-25 23:32:09.825 9 INFO neutron.wsgi [None req-7734badc-3695-434f-9229-1b0102624aa2 e7c2f2d9717247338fa654f22a76fc1b d818490b32b7442f892794ac69adee78 - - default default] 10.0.0.89 "GET /v2.0/trunks/e127eb07-62e3-4826-90dd-70fb70477b66/tags HTTP/1.1" status: 200 len: 245 time: 0.0186317
2026-06-25 23:32:09.845 10 WARNING neutron.scheduler.dhcp_agent_scheduler [None req-749f1bac-c317-4b22-a081-24567096caf9 ebde34755037438cb89517014813295c 21fdea3a18454264b9dda3f34b655c0c - - default default] No more DHCP agents
2026-06-25 23:32:09.849 10 WARNING neutron.api.rpc.agentnotifiers.dhcp_rpc_agent_api [None req-749f1bac-c317-4b22-a081-24567096caf9 ebde34755037438cb89517014813295c 21fdea3a18454264b9dda3f34b655c0c - - default default] Unable to schedule network a6b061e7-ef29-4b14-9ccc-96c438219742: no agents available; will retry on subsequent port and subnet creation events.
2026-06-25 23:32:09.881 10 INFO neutron.wsgi [None req-8be36e99-9a38-4f87-ba1a-fb6a1a01315d e7c2f2d9717247338fa654f22a76fc1b d818490b32b7442f892794ac69adee78 - - default default] 10.0.0.89 "PUT /v2.0/trunks/e127eb07-62e3-4826-90dd-70fb70477b66/tags HTTP/1.1" status: 200 len: 230 time: 0.0459564
2026-06-25 23:32:09.908 9 INFO neutron.wsgi [None req-332ebca7-4e7d-4d76-bb8b-aa0e81de1839 e7c2f2d9717247338fa654f22a76fc1b d818490b32b7442f892794ac69adee78 - - default default] 10.0.0.89 "GET /v2.0/trunks/e127eb07-62e3-4826-90dd-70fb70477b66/tags HTTP/1.1" status: 200 len: 230 time: 0.0206451
2026-06-25 23:32:09.934 9 INFO neutron.wsgi [None req-41b0eb2b-91c4-44cc-889d-495dbdd18645 e7c2f2d9717247338fa654f22a76fc1b d818490b32b7442f892794ac69adee78 - - default default] 10.0.0.89 "GET /v2.0/trunks/e127eb07-62e3-4826-90dd-70fb70477b66/tags/red HTTP/1.1" status: 204 len: 168 time: 0.0209696
2026-06-25 23:32:09.985 10 INFO neutron.api.v2.resource [None req-23253d92-bbff-42be-afac-26cd9e06c7cc e7c2f2d9717247338fa654f22a76fc1b d818490b32b7442f892794ac69adee78 - - default default] show failed (client error): The resource could not be found.
2026-06-25 23:32:09.987 10 INFO neutron.wsgi [None req-23253d92-bbff-42be-afac-26cd9e06c7cc e7c2f2d9717247338fa654f22a76fc1b d818490b32b7442f892794ac69adee78 - - default default] 10.0.0.89 "GET /v2.0/trunks/e127eb07-62e3-4826-90dd-70fb70477b66/tags/green HTTP/1.1" status: 404 len: 299 time: 0.0451818
2026-06-25 23:32:10.030 9 INFO neutron.wsgi [None req-422571bd-385a-49d8-80ea-92dba1df71b5 e7c2f2d9717247338fa654f22a76fc1b d818490b32b7442f892794ac69adee78 - - default default] 10.0.0.89 "DELETE /v2.0/trunks/e127eb07-62e3-4826-90dd-70fb70477b66/tags/red HTTP/1.1" status: 204 len: 168 time: 0.0355053
2026-06-25 23:32:10.057 9 INFO neutron.wsgi [None req-6adaf0cb-4835-493f-bfde-38c8d3ec2d0f e7c2f2d9717247338fa654f22a76fc1b d818490b32b7442f892794ac69adee78 - - default default] 10.0.0.89 "GET /v2.0/trunks/e127eb07-62e3-4826-90dd-70fb70477b66/tags HTTP/1.1" status: 200 len: 223 time: 0.0205812
2026-06-25 23:32:10.083 9 INFO neutron.api.v2.resource [None req-d614b049-2e57-40e3-9d27-4dbe45891cfd e7c2f2d9717247338fa654f22a76fc1b d818490b32b7442f892794ac69adee78 - - default default] delete failed (client error): The resource could not be found.
2026-06-25 23:32:10.084 9 INFO neutron.wsgi [None req-d614b049-2e57-40e3-9d27-4dbe45891cfd e7c2f2d9717247338fa654f22a76fc1b d818490b32b7442f892794ac69adee78 - - default default] 10.0.0.89 "DELETE /v2.0/trunks/e127eb07-62e3-4826-90dd-70fb70477b66/tags/green HTTP/1.1" status: 404 len: 299 time: 0.0226953
2026-06-25 23:32:10.135 9 INFO neutron.wsgi [None req-12ce3ae6-9c96-45e7-b8fd-28c68208dc69 e7c2f2d9717247338fa654f22a76fc1b d818490b32b7442f892794ac69adee78 - - default default] 10.0.0.89 "DELETE /v2.0/trunks/e127eb07-62e3-4826-90dd-70fb70477b66/tags HTTP/1.1" status: 204 len: 168 time: 0.0447199
2026-06-25 23:32:10.155 9 INFO neutron.wsgi [None req-aeb782e3-7c68-4bf0-bdfb-9396bfdcaf67 e7c2f2d9717247338fa654f22a76fc1b d818490b32b7442f892794ac69adee78 - - default default] 10.0.0.89 "GET /v2.0/trunks/e127eb07-62e3-4826-90dd-70fb70477b66/tags HTTP/1.1" status: 200 len: 205 time: 0.0164049
2026-06-25 23:32:10.184 9 INFO neutron.wsgi [None req-a8a7356e-13a6-4ddf-a867-b356f7dda410 e7c2f2d9717247338fa654f22a76fc1b d818490b32b7442f892794ac69adee78 - - default default] 10.0.0.89 "GET /v2.0/trunks/e127eb07-62e3-4826-90dd-70fb70477b66 HTTP/1.1" status: 200 len: 603 time: 0.0160000
2026-06-25 23:32:10.308 10 INFO neutron.db.l3_db [None req-749f1bac-c317-4b22-a081-24567096caf9 ebde34755037438cb89517014813295c 21fdea3a18454264b9dda3f34b655c0c - - default default] Floating IP 96473f76-07bb-4fb0-b50e-522bc3175f01 associated. External IP: 10.96.250.206, port: 8787c1e6-2a59-4262-bd58-d0e4e81c618a.
2026-06-25 23:32:10.320 9 INFO neutron.wsgi [None req-6596df39-b763-46f6-b604-580f4444963d e7c2f2d9717247338fa654f22a76fc1b d818490b32b7442f892794ac69adee78 - - default default] 10.0.0.89 "GET /v2.0/ports/59f568a5-dba5-481d-9811-bfc151529608 HTTP/1.1" status: 200 len: 1020 time: 0.1284690
2026-06-25 23:32:10.380 9 INFO neutron.wsgi [-] 10.0.0.131 "GET / HTTP/1.1" status: 200 len: 247 time: 0.0028400
2026-06-25 23:32:10.383 9 INFO neutron.wsgi [-] 10.0.0.131 "GET / HTTP/1.1" status: 200 len: 247 time: 0.0015368
2026-06-25 23:32:10.425 9 INFO neutron.wsgi [None req-53f4566e-d2f6-4286-a829-f9db4ba5ced9 e7c2f2d9717247338fa654f22a76fc1b d818490b32b7442f892794ac69adee78 - - default default] 10.0.0.89 "DELETE /v2.0/trunks/e127eb07-62e3-4826-90dd-70fb70477b66 HTTP/1.1" status: 204 len: 168 time: 0.0985394
2026-06-25 23:32:10.527 10 INFO neutron.db.ovn_revision_numbers_db [None req-749f1bac-c317-4b22-a081-24567096caf9 ebde34755037438cb89517014813295c 21fdea3a18454264b9dda3f34b655c0c - - default default] Successfully bumped revision number for resource 96473f76-07bb-4fb0-b50e-522bc3175f01 (type: floatingips) to 0
2026-06-25 23:32:10.700 10 INFO neutron.db.ovn_revision_numbers_db [None req-749f1bac-c317-4b22-a081-24567096caf9 ebde34755037438cb89517014813295c 21fdea3a18454264b9dda3f34b655c0c - - default default] Successfully bumped revision number for resource 96473f76-07bb-4fb0-b50e-522bc3175f01 (type: floatingips) to 1
2026-06-25 23:32:10.753 10 INFO neutron.wsgi [None req-749f1bac-c317-4b22-a081-24567096caf9 ebde34755037438cb89517014813295c 21fdea3a18454264b9dda3f34b655c0c - - default default] 10.0.0.89 "POST /v2.0/floatingips HTTP/1.1" status: 201 len: 1053 time: 1.1669910
2026-06-25 23:32:10.763 10 INFO neutron.wsgi [None req-67cce817-afe4-49c6-be85-b29f51c83150 e7c2f2d9717247338fa654f22a76fc1b d818490b32b7442f892794ac69adee78 - - default default] 10.0.0.89 "DELETE /v2.0/ports/59f568a5-dba5-481d-9811-bfc151529608 HTTP/1.1" status: 204 len: 168 time: 0.3299000
2026-06-25 23:32:10.788 10 INFO neutron.notifiers.nova [-] Nova event matching ['req-02d6a0c0-da85-4f53-946f-8e25d7d2a6b8'] response: {'name': 'network-changed', 'server_uuid': 'f1aecf43-911b-49a7-828e-ffb3e2e3a672', 'tag': '8787c1e6-2a59-4262-bd58-d0e4e81c618a', 'status': 'completed', 'code': 200}
2026-06-25 23:32:10.857 10 INFO neutron.wsgi [req-08d795fd-256d-4792-8c6c-ab82f7aa83e8 req-b966f9bd-a5e7-483d-8638-230f0e16e53a 4305f2eb0a454ae7afbde0d0e0f17c49 a9466336b3fd40b1bbb1e9a2323ae8bb - - 72461810ce124ffeba27c79f004d6667 72461810ce124ffeba27c79f004d6667] 199.204.45.223 "GET /v2.0/ports?tenant_id=21fdea3a18454264b9dda3f34b655c0c&device_id=f1aecf43-911b-49a7-828e-ffb3e2e3a672 HTTP/1.1" status: 200 len: 1634 time: 0.0436385
2026-06-25 23:32:10.946 10 INFO neutron.wsgi [req-08d795fd-256d-4792-8c6c-ab82f7aa83e8 req-fd2d4858-8af9-46b1-9194-7bebcc96080c 4305f2eb0a454ae7afbde0d0e0f17c49 a9466336b3fd40b1bbb1e9a2323ae8bb - - 72461810ce124ffeba27c79f004d6667 72461810ce124ffeba27c79f004d6667] 199.204.45.223 "GET /v2.0/networks?id=c5668da7-0139-441a-9def-821d4746c4ff HTTP/1.1" status: 200 len: 1003 time: 0.0741534
2026-06-25 23:32:11.026 10 INFO neutron.wsgi [req-08d795fd-256d-4792-8c6c-ab82f7aa83e8 req-772607d7-9bfa-423d-b0e9-831ebcb96f1b 4305f2eb0a454ae7afbde0d0e0f17c49 a9466336b3fd40b1bbb1e9a2323ae8bb - - 72461810ce124ffeba27c79f004d6667 72461810ce124ffeba27c79f004d6667] 199.204.45.223 "GET /v2.0/floatingips?fixed_ip_address=10.2.2.84&port_id=8787c1e6-2a59-4262-bd58-d0e4e81c618a HTTP/1.1" status: 200 len: 1058 time: 0.0737152
2026-06-25 23:32:11.057 10 INFO neutron.wsgi [req-08d795fd-256d-4792-8c6c-ab82f7aa83e8 req-55e8ff25-ae99-46a5-bbd3-26acad0512b2 4305f2eb0a454ae7afbde0d0e0f17c49 a9466336b3fd40b1bbb1e9a2323ae8bb - - 72461810ce124ffeba27c79f004d6667 72461810ce124ffeba27c79f004d6667] 199.204.45.223 "GET /v2.0/floatingips?fixed_ip_address=fd77%3A1457%3A4cf0%3A26a8%3A%3A5f&port_id=8787c1e6-2a59-4262-bd58-d0e4e81c618a HTTP/1.1" status: 200 len: 217 time: 0.0233123
2026-06-25 23:32:11.105 10 INFO neutron.wsgi [req-08d795fd-256d-4792-8c6c-ab82f7aa83e8 req-2e6adbf7-929f-406f-a89a-f803464853ca 4305f2eb0a454ae7afbde0d0e0f17c49 a9466336b3fd40b1bbb1e9a2323ae8bb - - 72461810ce124ffeba27c79f004d6667 72461810ce124ffeba27c79f004d6667] 199.204.45.223 "GET /v2.0/subnets?id=d5828a35-8d56-41e0-b798-6b6f44831f2a&id=434285a4-9375-4ab5-8aad-70235ebc3b5c HTTP/1.1" status: 200 len: 1566 time: 0.0412691
2026-06-25 23:32:11.129 10 INFO neutron.wsgi [req-08d795fd-256d-4792-8c6c-ab82f7aa83e8 req-f348ebc2-ffcc-42fc-9e21-959f4135b811 4305f2eb0a454ae7afbde0d0e0f17c49 a9466336b3fd40b1bbb1e9a2323ae8bb - - 72461810ce124ffeba27c79f004d6667 72461810ce124ffeba27c79f004d6667] 199.204.45.223 "GET /v2.0/ports?network_id=c5668da7-0139-441a-9def-821d4746c4ff&device_owner=network%3Adhcp HTTP/1.1" status: 200 len: 210 time: 0.0174453
2026-06-25 23:32:11.157 10 INFO neutron.wsgi [req-08d795fd-256d-4792-8c6c-ab82f7aa83e8 req-447178db-6bb2-460f-8b61-9dbb0afd5bb8 4305f2eb0a454ae7afbde0d0e0f17c49 a9466336b3fd40b1bbb1e9a2323ae8bb - - 72461810ce124ffeba27c79f004d6667 72461810ce124ffeba27c79f004d6667] 199.204.45.223 "GET /v2.0/ports?network_id=c5668da7-0139-441a-9def-821d4746c4ff&device_owner=network%3Adhcp HTTP/1.1" status: 200 len: 210 time: 0.0210965
2026-06-25 23:32:11.272 10 INFO neutron.wsgi [req-08d795fd-256d-4792-8c6c-ab82f7aa83e8 req-73f46437-0587-4c62-a269-47355c8ecff5 4305f2eb0a454ae7afbde0d0e0f17c49 a9466336b3fd40b1bbb1e9a2323ae8bb - - 72461810ce124ffeba27c79f004d6667 72461810ce124ffeba27c79f004d6667] 199.204.45.223 "GET /v2.0/networks/c5668da7-0139-441a-9def-821d4746c4ff?fields=segments HTTP/1.1" status: 200 len: 212 time: 0.1075811
2026-06-25 23:32:11.275 10 INFO neutron.services.segments.plugin [-] Segment b0b681b8-5f76-4e1f-b00b-fece7aa594ea resource provider aggregate not found
2026-06-25 23:32:11.284 10 INFO neutron.services.segments.plugin [-] Segment b0b681b8-5f76-4e1f-b00b-fece7aa594ea resource provider aggregate not found
2026-06-25 23:32:11.304 10 INFO neutron.services.segments.plugin [-] Segment b0b681b8-5f76-4e1f-b00b-fece7aa594ea resource provider not found; error: Placement Client Error (4xx): {"errors": [{"status": 404, "title": "Not Found", "detail": "The resource could not be found.\n\n No resource provider with uuid b0b681b8-5f76-4e1f-b00b-fece7aa594ea found for delete ", "request_id": "req-a124f698-fd4b-4e96-ada6-a312cb59c371"}]}
2026-06-25 23:32:11.308 10 INFO neutron.services.segments.plugin [-] Segment b0b681b8-5f76-4e1f-b00b-fece7aa594ea resource provider not found; error: Placement Client Error (4xx): {"errors": [{"status": 404, "title": "Not Found", "detail": "The resource could not be found.\n\n No resource provider with uuid b0b681b8-5f76-4e1f-b00b-fece7aa594ea found for delete ", "request_id": "req-54004abe-f949-436c-af9d-940516b124f1"}]}
2026-06-25 23:32:11.333 10 INFO neutron.wsgi [None req-7d7ab008-7343-4794-8d13-0a0bc9abdfc9 e7c2f2d9717247338fa654f22a76fc1b d818490b32b7442f892794ac69adee78 - - default default] 10.0.0.89 "DELETE /v2.0/networks/49c63dc0-7e89-41d7-b409-37c498d1f560 HTTP/1.1" status: 204 len: 168 time: 0.5644181
2026-06-25 23:32:11.355 10 INFO neutron.wsgi [req-08d795fd-256d-4792-8c6c-ab82f7aa83e8 req-4a559f9d-3505-43ed-b151-aeeea4a6c9bc 4305f2eb0a454ae7afbde0d0e0f17c49 a9466336b3fd40b1bbb1e9a2323ae8bb - - 72461810ce124ffeba27c79f004d6667 72461810ce124ffeba27c79f004d6667] 199.204.45.223 "GET /v2.0/networks/c5668da7-0139-441a-9def-821d4746c4ff?fields=provider%3Aphysical_network&fields=provider%3Anetwork_type HTTP/1.1" status: 200 len: 277 time: 0.0725627
2026-06-25 23:32:12.430 10 INFO neutron.wsgi [None req-80b4fc85-2f64-4c67-ba96-d6a1b56562ca 9089057e8b3b45cbba9ee2e7a472e3b0 72744b09b8ba48b8a3e6b17504fc11fd - - default default] 10.0.0.89 "GET /v2.0/security-groups?tenant_id=d818490b32b7442f892794ac69adee78&name=default HTTP/1.1" status: 200 len: 2996 time: 0.2630522 /var/lib/openstack/lib/python3.10/site-packages/pycadf/identifier.py:71: UserWarning: Invalid uuid: neutron. To ensure interoperability, identifiers should be a valid uuid. warnings.warn(('Invalid uuid: %s. To ensure interoperability, '
2026-06-25 23:32:12.676 9 INFO neutron.db.ovn_revision_numbers_db [None req-cbf56a98-f2b1-4781-8003-52078c2ef5ce 9089057e8b3b45cbba9ee2e7a472e3b0 72744b09b8ba48b8a3e6b17504fc11fd - - default default] Successfully bumped revision number for resource c6f5fee8-cc67-429a-babd-2ec7ef5a51bf (type: security_groups) to 1
2026-06-25 23:32:12.680 10 INFO neutron.wsgi [None req-6b3f012e-e93c-4bff-9a5d-146626a5584c 9089057e8b3b45cbba9ee2e7a472e3b0 72744b09b8ba48b8a3e6b17504fc11fd - - default default] 10.0.0.89 "DELETE /v2.0/security-groups/eb3c2e99-82aa-4cca-9d48-85d20061c669 HTTP/1.1" status: 204 len: 168 time: 0.2454312
2026-06-25 23:32:12.694 9 INFO neutron.db.ovn_revision_numbers_db [None req-cbf56a98-f2b1-4781-8003-52078c2ef5ce 9089057e8b3b45cbba9ee2e7a472e3b0 72744b09b8ba48b8a3e6b17504fc11fd - - default default] Successfully bumped revision number for resource ba7fb1c7-a20f-4622-925e-159effc844d7 (type: security_group_rules) to 0
2026-06-25 23:32:12.717 9 INFO neutron.db.ovn_revision_numbers_db [None req-cbf56a98-f2b1-4781-8003-52078c2ef5ce 9089057e8b3b45cbba9ee2e7a472e3b0 72744b09b8ba48b8a3e6b17504fc11fd - - default default] Successfully bumped revision number for resource d0069f32-c84c-40ee-b708-981d0f67e5d3 (type: security_group_rules) to 0
2026-06-25 23:32:12.741 9 INFO neutron.db.ovn_revision_numbers_db [None req-cbf56a98-f2b1-4781-8003-52078c2ef5ce 9089057e8b3b45cbba9ee2e7a472e3b0 72744b09b8ba48b8a3e6b17504fc11fd - - default default] Successfully bumped revision number for resource d7b169bd-4598-4267-99d4-7a24e18a8d87 (type: security_group_rules) to 0
2026-06-25 23:32:12.756 9 INFO neutron.db.ovn_revision_numbers_db [None req-cbf56a98-f2b1-4781-8003-52078c2ef5ce 9089057e8b3b45cbba9ee2e7a472e3b0 72744b09b8ba48b8a3e6b17504fc11fd - - default default] Successfully bumped revision number for resource de64cabf-ca8f-4fdd-9210-a13fe64a12f4 (type: security_group_rules) to 0
2026-06-25 23:32:12.781 9 INFO neutron.wsgi [None req-cbf56a98-f2b1-4781-8003-52078c2ef5ce 9089057e8b3b45cbba9ee2e7a472e3b0 72744b09b8ba48b8a3e6b17504fc11fd - - default default] 10.0.0.89 "GET /v2.0/security-groups?tenant_id=5a85f40dde4444e6a0455ba48a65581d&name=default HTTP/1.1" status: 200 len: 2996 time: 0.2696297
2026-06-25 23:32:12.927 9 INFO neutron.db.ovn_revision_numbers_db [None req-5d026336-0d2e-4904-8ece-05369fdeb94b 9089057e8b3b45cbba9ee2e7a472e3b0 72744b09b8ba48b8a3e6b17504fc11fd - - default default] Successfully bumped revision number for resource d4fa190b-3cb9-46ae-855f-64f348873bb7 (type: security_groups) to 1
2026-06-25 23:32:12.950 9 INFO neutron.db.ovn_revision_numbers_db [None req-5d026336-0d2e-4904-8ece-05369fdeb94b 9089057e8b3b45cbba9ee2e7a472e3b0 72744b09b8ba48b8a3e6b17504fc11fd - - default default] Successfully bumped revision number for resource 1c4cbdd5-8038-4f63-ba7a-2dcecfe8d53c (type: security_group_rules) to 0
2026-06-25 23:32:12.956 9 INFO neutron.wsgi [None req-3abf11d1-8238-44a6-b097-c2bdde48c64f 019e41d859f1449aa62d97a7efb0a952 813a7136484d4a75bb4430a6549b86ab - - default default] 10.0.0.89 "POST /v2.0/qos/policies HTTP/1.1" status: 201 len: 558 time: 0.2231069
2026-06-25 23:32:12.970 9 INFO neutron.db.ovn_revision_numbers_db [None req-5d026336-0d2e-4904-8ece-05369fdeb94b 9089057e8b3b45cbba9ee2e7a472e3b0 72744b09b8ba48b8a3e6b17504fc11fd - - default default] Successfully bumped revision number for resource 3faf9fa8-c832-4dd9-918e-a612738f7256 (type: security_group_rules) to 0
2026-06-25 23:32:12.990 9 INFO neutron.db.ovn_revision_numbers_db [None req-5d026336-0d2e-4904-8ece-05369fdeb94b 9089057e8b3b45cbba9ee2e7a472e3b0 72744b09b8ba48b8a3e6b17504fc11fd - - default default] Successfully bumped revision number for resource 739fe404-2960-40e5-9e8d-6e5d26d8cd9d (type: security_group_rules) to 0
2026-06-25 23:32:13.003 9 INFO neutron.wsgi [None req-64570737-02c9-436c-877d-9ff73bcfcf2d 019e41d859f1449aa62d97a7efb0a952 813a7136484d4a75bb4430a6549b86ab - - default default] 10.0.0.89 "PUT /v2.0/policies/3caf39d1-cfb7-4a57-bc4a-dd45aa5b4d46/tags HTTP/1.1" status: 200 len: 218 time: 0.0386810
2026-06-25 23:32:13.015 9 INFO neutron.db.ovn_revision_numbers_db [None req-5d026336-0d2e-4904-8ece-05369fdeb94b 9089057e8b3b45cbba9ee2e7a472e3b0 72744b09b8ba48b8a3e6b17504fc11fd - - default default] Successfully bumped revision number for resource b0387285-ba37-4698-aef4-119f50a6a713 (type: security_group_rules) to 0
2026-06-25 23:32:13.017 10 INFO neutron.wsgi [None req-bf441402-5fb8-4705-9e90-903c5188aeea 9089057e8b3b45cbba9ee2e7a472e3b0 72744b09b8ba48b8a3e6b17504fc11fd - - default default] 10.0.0.89 "DELETE /v2.0/security-groups/c6f5fee8-cc67-429a-babd-2ec7ef5a51bf HTTP/1.1" status: 204 len: 168 time: 0.2302334
2026-06-25 23:32:13.040 9 INFO neutron.wsgi [None req-5d026336-0d2e-4904-8ece-05369fdeb94b 9089057e8b3b45cbba9ee2e7a472e3b0 72744b09b8ba48b8a3e6b17504fc11fd - - default default] 10.0.0.89 "GET /v2.0/security-groups?tenant_id=2d83c80f8bf54f79858275dd3dc795d7&name=default HTTP/1.1" status: 200 len: 2996 time: 0.2551258
2026-06-25 23:32:13.045 9 INFO neutron.wsgi [None req-56929808-5267-431c-bdfd-79d095717075 019e41d859f1449aa62d97a7efb0a952 813a7136484d4a75bb4430a6549b86ab - - default default] 10.0.0.89 "GET /v2.0/policies/3caf39d1-cfb7-4a57-bc4a-dd45aa5b4d46/tags HTTP/1.1" status: 200 len: 218 time: 0.0367565
2026-06-25 23:32:13.091 10 INFO neutron.wsgi [None req-dc58519a-34d1-4e08-8240-a793b8d24e68 019e41d859f1449aa62d97a7efb0a952 813a7136484d4a75bb4430a6549b86ab - - default default] 10.0.0.89 "PUT /v2.0/policies/3caf39d1-cfb7-4a57-bc4a-dd45aa5b4d46/tags/green HTTP/1.1" status: 201 len: 201 time: 0.0381801
2026-06-25 23:32:13.115 9 INFO neutron.wsgi [None req-2543b4b4-3034-4d22-9fca-c4c8479f6633 019e41d859f1449aa62d97a7efb0a952 813a7136484d4a75bb4430a6549b86ab - - default default] 10.0.0.89 "GET /v2.0/policies/3caf39d1-cfb7-4a57-bc4a-dd45aa5b4d46/tags HTTP/1.1" status: 200 len: 227 time: 0.0195520
2026-06-25 23:32:13.135 9 INFO neutron.wsgi [None req-efc733df-f34b-4327-a39f-ced99ef16d0f 019e41d859f1449aa62d97a7efb0a952 813a7136484d4a75bb4430a6549b86ab - - default default] 10.0.0.89 "PUT /v2.0/policies/3caf39d1-cfb7-4a57-bc4a-dd45aa5b4d46/tags/red HTTP/1.1" status: 201 len: 201 time: 0.0166466
2026-06-25 23:32:13.156 9 INFO neutron.wsgi [None req-1f019653-6ef0-412f-b564-ab3ea7825a43 019e41d859f1449aa62d97a7efb0a952 813a7136484d4a75bb4430a6549b86ab - - default default] 10.0.0.89 "GET /v2.0/policies/3caf39d1-cfb7-4a57-bc4a-dd45aa5b4d46/tags HTTP/1.1" status: 200 len: 227 time: 0.0170777
2026-06-25 23:32:13.192 9 INFO neutron.wsgi [None req-e9879d75-c370-4f1a-815b-88f7a149acb4 019e41d859f1449aa62d97a7efb0a952 813a7136484d4a75bb4430a6549b86ab - - default default] 10.0.0.89 "PUT /v2.0/policies/3caf39d1-cfb7-4a57-bc4a-dd45aa5b4d46/tags/black.or.white HTTP/1.1" status: 201 len: 201 time: 0.0311899
2026-06-25 23:32:13.214 9 INFO neutron.wsgi [None req-43d7712c-5e49-4e35-9f71-a0eb04b89e10 019e41d859f1449aa62d97a7efb0a952 813a7136484d4a75bb4430a6549b86ab - - default default] 10.0.0.89 "GET /v2.0/policies/3caf39d1-cfb7-4a57-bc4a-dd45aa5b4d46/tags HTTP/1.1" status: 200 len: 245 time: 0.0173972
2026-06-25 23:32:13.260 10 INFO neutron.wsgi [req-778cfee3-5244-4459-adbf-f33a4a03f9f2 req-d855520b-c8da-4097-af20-8b497bf7c8c3 4305f2eb0a454ae7afbde0d0e0f17c49 a9466336b3fd40b1bbb1e9a2323ae8bb - - 72461810ce124ffeba27c79f004d6667 72461810ce124ffeba27c79f004d6667] 10.0.0.169 "GET /v2.0/ports?device_id=494a9856-ff14-4293-bc54-14842095c35e HTTP/1.1" status: 200 len: 1630 time: 0.0558834
2026-06-25 23:32:13.277 10 INFO neutron.wsgi [None req-df7cc320-46f9-4130-8f8f-c2c17892fe10 9089057e8b3b45cbba9ee2e7a472e3b0 72744b09b8ba48b8a3e6b17504fc11fd - - default default] 10.0.0.89 "DELETE /v2.0/security-groups/d4fa190b-3cb9-46ae-855f-64f348873bb7 HTTP/1.1" status: 204 len: 168 time: 0.2308280
2026-06-25 23:32:13.307 10 INFO neutron.wsgi [req-778cfee3-5244-4459-adbf-f33a4a03f9f2 req-cf273ea0-2eb0-419a-ae97-594fa4574d67 4305f2eb0a454ae7afbde0d0e0f17c49 a9466336b3fd40b1bbb1e9a2323ae8bb - - 72461810ce124ffeba27c79f004d6667 72461810ce124ffeba27c79f004d6667] 10.0.0.169 "GET /v2.0/security-groups?id=6d3f88fd-6a74-41b5-8fed-a540d51bea1b&fields=id&fields=name HTTP/1.1" status: 200 len: 310 time: 0.0412476
2026-06-25 23:32:13.520 9 INFO neutron.wsgi [None req-30981fa7-190e-44c7-9def-9e44738ca17f 019e41d859f1449aa62d97a7efb0a952 813a7136484d4a75bb4430a6549b86ab - - default default] 10.0.0.89 "PUT /v2.0/policies/3caf39d1-cfb7-4a57-bc4a-dd45aa5b4d46/tags HTTP/1.1" status: 200 len: 230 time: 0.3024392
2026-06-25 23:32:13.538 9 INFO neutron.wsgi [None req-348f9a84-aa36-4fdd-99ae-01e7b2b4b076 019e41d859f1449aa62d97a7efb0a952 813a7136484d4a75bb4430a6549b86ab - - default default] 10.0.0.89 "GET /v2.0/policies/3caf39d1-cfb7-4a57-bc4a-dd45aa5b4d46/tags HTTP/1.1" status: 200 len: 230 time: 0.0127618
2026-06-25 23:32:13.556 9 INFO neutron.wsgi [None req-b3871cc3-31e7-485f-9c09-7c16740c8554 019e41d859f1449aa62d97a7efb0a952 813a7136484d4a75bb4430a6549b86ab - - default default] 10.0.0.89 "GET /v2.0/policies/3caf39d1-cfb7-4a57-bc4a-dd45aa5b4d46/tags/red HTTP/1.1" status: 204 len: 168 time: 0.0128365
2026-06-25 23:32:13.595 9 INFO neutron.api.v2.resource [None req-b22f7ab4-fb2f-462d-bffe-3b15291c6b25 019e41d859f1449aa62d97a7efb0a952 813a7136484d4a75bb4430a6549b86ab - - default default] show failed (client error): The resource could not be found.
2026-06-25 23:32:13.596 9 INFO neutron.wsgi [None req-b22f7ab4-fb2f-462d-bffe-3b15291c6b25 019e41d859f1449aa62d97a7efb0a952 813a7136484d4a75bb4430a6549b86ab - - default default] 10.0.0.89 "GET /v2.0/policies/3caf39d1-cfb7-4a57-bc4a-dd45aa5b4d46/tags/green HTTP/1.1" status: 404 len: 299 time: 0.0279715
2026-06-25 23:32:13.642 9 INFO neutron.wsgi [None req-9aba0aaa-4bac-4991-bab4-602e70743343 019e41d859f1449aa62d97a7efb0a952 813a7136484d4a75bb4430a6549b86ab - - default default] 10.0.0.89 "DELETE /v2.0/policies/3caf39d1-cfb7-4a57-bc4a-dd45aa5b4d46/tags/red HTTP/1.1" status: 204 len: 168 time: 0.0354207
2026-06-25 23:32:13.666 9 INFO neutron.wsgi [None req-a98ec5ab-8078-4cd8-80f2-c9c8b3b0765e 019e41d859f1449aa62d97a7efb0a952 813a7136484d4a75bb4430a6549b86ab - - default default] 10.0.0.89 "GET /v2.0/policies/3caf39d1-cfb7-4a57-bc4a-dd45aa5b4d46/tags HTTP/1.1" status: 200 len: 223 time: 0.0206449
2026-06-25 23:32:13.688 9 INFO neutron.api.v2.resource [None req-b79e0388-52f2-4d35-bfe9-f2cb19548a29 019e41d859f1449aa62d97a7efb0a952 813a7136484d4a75bb4430a6549b86ab - - default default] delete failed (client error): The resource could not be found.
2026-06-25 23:32:13.689 9 INFO neutron.wsgi [None req-b79e0388-52f2-4d35-bfe9-f2cb19548a29 019e41d859f1449aa62d97a7efb0a952 813a7136484d4a75bb4430a6549b86ab - - default default] 10.0.0.89 "DELETE /v2.0/policies/3caf39d1-cfb7-4a57-bc4a-dd45aa5b4d46/tags/green HTTP/1.1" status: 404 len: 299 time: 0.0189166
2026-06-25 23:32:13.733 9 INFO neutron.wsgi [None req-5bed3f0d-a501-4cef-9690-6e8a6ff55dce 019e41d859f1449aa62d97a7efb0a952 813a7136484d4a75bb4430a6549b86ab - - default default] 10.0.0.89 "DELETE /v2.0/policies/3caf39d1-cfb7-4a57-bc4a-dd45aa5b4d46/tags HTTP/1.1" status: 204 len: 168 time: 0.0403049
2026-06-25 23:32:13.752 9 INFO neutron.wsgi [None req-3fc770e5-981c-41cb-8a0c-a8fbc4eb3102 019e41d859f1449aa62d97a7efb0a952 813a7136484d4a75bb4430a6549b86ab - - default default] 10.0.0.89 "GET /v2.0/policies/3caf39d1-cfb7-4a57-bc4a-dd45aa5b4d46/tags HTTP/1.1" status: 200 len: 205 time: 0.0146444
2026-06-25 23:32:13.801 9 INFO neutron.wsgi [None req-87ea8523-be78-4c35-bdaf-1d6d9ae170e9 019e41d859f1449aa62d97a7efb0a952 813a7136484d4a75bb4430a6549b86ab - - default default] 10.0.0.89 "DELETE /v2.0/qos/policies/3caf39d1-cfb7-4a57-bc4a-dd45aa5b4d46 HTTP/1.1" status: 204 len: 168 time: 0.0449243
2026-06-25 23:32:14.626 9 INFO neutron.db.ovn_revision_numbers_db [None req-52fd304f-9ad1-483d-9f9f-c7c8f0d2f471 9089057e8b3b45cbba9ee2e7a472e3b0 72744b09b8ba48b8a3e6b17504fc11fd - - default default] Successfully bumped revision number for resource fc83ef95-f4ff-4bd4-a9e1-cadc2867f5ba (type: security_groups) to 1
2026-06-25 23:32:14.640 9 INFO neutron.db.ovn_revision_numbers_db [None req-52fd304f-9ad1-483d-9f9f-c7c8f0d2f471 9089057e8b3b45cbba9ee2e7a472e3b0 72744b09b8ba48b8a3e6b17504fc11fd - - default default] Successfully bumped revision number for resource 8d6e3343-05a6-40d6-a6ff-93c1b3e1991e (type: security_group_rules) to 0
2026-06-25 23:32:14.655 9 INFO neutron.db.ovn_revision_numbers_db [None req-52fd304f-9ad1-483d-9f9f-c7c8f0d2f471 9089057e8b3b45cbba9ee2e7a472e3b0 72744b09b8ba48b8a3e6b17504fc11fd - - default default] Successfully bumped revision number for resource 97d6f200-9de1-48f7-a255-623eb422286d (type: security_group_rules) to 0
2026-06-25 23:32:14.667 9 INFO neutron.db.ovn_revision_numbers_db [None req-52fd304f-9ad1-483d-9f9f-c7c8f0d2f471 9089057e8b3b45cbba9ee2e7a472e3b0 72744b09b8ba48b8a3e6b17504fc11fd - - default default] Successfully bumped revision number for resource ba319a14-5e56-4f30-9776-4b72ffa1a178 (type: security_group_rules) to 0
2026-06-25 23:32:14.682 9 INFO neutron.db.ovn_revision_numbers_db [None req-52fd304f-9ad1-483d-9f9f-c7c8f0d2f471 9089057e8b3b45cbba9ee2e7a472e3b0 72744b09b8ba48b8a3e6b17504fc11fd - - default default] Successfully bumped revision number for resource e1573d2b-9923-48d4-ac2b-fb1bbb29962a (type: security_group_rules) to 0
2026-06-25 23:32:14.701 9 INFO neutron.wsgi [None req-52fd304f-9ad1-483d-9f9f-c7c8f0d2f471 9089057e8b3b45cbba9ee2e7a472e3b0 72744b09b8ba48b8a3e6b17504fc11fd - - default default] 10.0.0.89 "GET /v2.0/security-groups?tenant_id=2554d429e8b24dff8967c9c3d67738ae&name=default HTTP/1.1" status: 200 len: 2996 time: 0.3317666
2026-06-25 23:32:14.873 9 INFO neutron.wsgi [None req-566ba0a6-d7b9-43f3-8e90-795357b40a86 9089057e8b3b45cbba9ee2e7a472e3b0 72744b09b8ba48b8a3e6b17504fc11fd - - default default] 10.0.0.89 "DELETE /v2.0/security-groups/fc83ef95-f4ff-4bd4-a9e1-cadc2867f5ba HTTP/1.1" status: 204 len: 168 time: 0.1677446
2026-06-25 23:32:15.183 10 INFO neutron.db.ovn_revision_numbers_db [None req-b7d81c35-a207-4b26-b576-e7acd3b67bfd 9089057e8b3b45cbba9ee2e7a472e3b0 72744b09b8ba48b8a3e6b17504fc11fd - - default default] Successfully bumped revision number for resource 05c3fbb5-49a3-4384-b6a6-1cee16b36a2c (type: security_groups) to 1
2026-06-25 23:32:15.200 10 INFO neutron.db.ovn_revision_numbers_db [None req-b7d81c35-a207-4b26-b576-e7acd3b67bfd 9089057e8b3b45cbba9ee2e7a472e3b0 72744b09b8ba48b8a3e6b17504fc11fd - - default default] Successfully bumped revision number for resource 4d448c88-bb23-445a-a00e-213907d4cf67 (type: security_group_rules) to 0
2026-06-25 23:32:15.222 10 INFO neutron.db.ovn_revision_numbers_db [None req-b7d81c35-a207-4b26-b576-e7acd3b67bfd 9089057e8b3b45cbba9ee2e7a472e3b0 72744b09b8ba48b8a3e6b17504fc11fd - - default default] Successfully bumped revision number for resource 73c4a862-54e5-4dc2-afe5-0807c59779d5 (type: security_group_rules) to 0
2026-06-25 23:32:15.243 10 INFO neutron.db.ovn_revision_numbers_db [None req-b7d81c35-a207-4b26-b576-e7acd3b67bfd 9089057e8b3b45cbba9ee2e7a472e3b0 72744b09b8ba48b8a3e6b17504fc11fd - - default default] Successfully bumped revision number for resource a2e1eb96-df50-4904-b1e2-14d5e28c7e91 (type: security_group_rules) to 0
2026-06-25 23:32:15.258 10 INFO neutron.db.ovn_revision_numbers_db [None req-b7d81c35-a207-4b26-b576-e7acd3b67bfd 9089057e8b3b45cbba9ee2e7a472e3b0 72744b09b8ba48b8a3e6b17504fc11fd - - default default] Successfully bumped revision number for resource cba9d833-93f5-46f4-b3f7-9852b5e03c90 (type: security_group_rules) to 0
2026-06-25 23:32:15.285 10 INFO neutron.wsgi [None req-b7d81c35-a207-4b26-b576-e7acd3b67bfd 9089057e8b3b45cbba9ee2e7a472e3b0 72744b09b8ba48b8a3e6b17504fc11fd - - default default] 10.0.0.89 "GET /v2.0/security-groups?tenant_id=813a7136484d4a75bb4430a6549b86ab&name=default HTTP/1.1" status: 200 len: 2996 time: 0.2475500
2026-06-25 23:32:15.721 9 INFO neutron.db.ovn_revision_numbers_db [None req-e5483e09-b593-4357-8ed9-aac23f519693 9089057e8b3b45cbba9ee2e7a472e3b0 72744b09b8ba48b8a3e6b17504fc11fd - - default default] Successfully bumped revision number for resource 0a5d4094-0f38-46a3-a28a-cfb5f0fc417e (type: security_groups) to 1
2026-06-25 23:32:15.737 9 INFO neutron.db.ovn_revision_numbers_db [None req-e5483e09-b593-4357-8ed9-aac23f519693 9089057e8b3b45cbba9ee2e7a472e3b0 72744b09b8ba48b8a3e6b17504fc11fd - - default default] Successfully bumped revision number for resource 6f29411a-a80d-4c28-9606-c32c15be8258 (type: security_group_rules) to 0
2026-06-25 23:32:15.741 10 INFO neutron.wsgi [None req-b580e4b7-e13b-448b-8ad1-775b64c48bed 9089057e8b3b45cbba9ee2e7a472e3b0 72744b09b8ba48b8a3e6b17504fc11fd - - default default] 10.0.0.89 "DELETE /v2.0/security-groups/05c3fbb5-49a3-4384-b6a6-1cee16b36a2c HTTP/1.1" status: 204 len: 168 time: 0.4515162
2026-06-25 23:32:15.756 9 INFO neutron.db.ovn_revision_numbers_db [None req-e5483e09-b593-4357-8ed9-aac23f519693 9089057e8b3b45cbba9ee2e7a472e3b0 72744b09b8ba48b8a3e6b17504fc11fd - - default default] Successfully bumped revision number for resource 82304789-250d-4d7f-b7d3-6c4b0aef3fa5 (type: security_group_rules) to 0
2026-06-25 23:32:15.772 9 INFO neutron.db.ovn_revision_numbers_db [None req-e5483e09-b593-4357-8ed9-aac23f519693 9089057e8b3b45cbba9ee2e7a472e3b0 72744b09b8ba48b8a3e6b17504fc11fd - - default default] Successfully bumped revision number for resource b3ee53e8-c159-4739-813e-961ce4306a1f (type: security_group_rules) to 0
2026-06-25 23:32:15.786 9 INFO neutron.db.ovn_revision_numbers_db [None req-e5483e09-b593-4357-8ed9-aac23f519693 9089057e8b3b45cbba9ee2e7a472e3b0 72744b09b8ba48b8a3e6b17504fc11fd - - default default] Successfully bumped revision number for resource b5b26c4c-2a7f-4007-9c9b-fed700810896 (type: security_group_rules) to 0
2026-06-25 23:32:15.808 9 INFO neutron.wsgi [None req-e5483e09-b593-4357-8ed9-aac23f519693 9089057e8b3b45cbba9ee2e7a472e3b0 72744b09b8ba48b8a3e6b17504fc11fd - - default default] 10.0.0.89 "GET /v2.0/security-groups?tenant_id=13ea08c127b74d7dad1261b187885ec0&name=default HTTP/1.1" status: 200 len: 2996 time: 0.4161017
2026-06-25 23:32:16.119 9 INFO neutron.wsgi [None req-659b5819-f6f5-44fd-973b-c09e491c07a2 9089057e8b3b45cbba9ee2e7a472e3b0 72744b09b8ba48b8a3e6b17504fc11fd - - default default] 10.0.0.89 "DELETE /v2.0/security-groups/0a5d4094-0f38-46a3-a28a-cfb5f0fc417e HTTP/1.1" status: 204 len: 168 time: 0.3015137
2026-06-25 23:32:17.275 10 INFO neutron.db.ovn_revision_numbers_db [None req-2e3d1e97-b4c0-4906-956f-9ac0fb071f1c 9089057e8b3b45cbba9ee2e7a472e3b0 72744b09b8ba48b8a3e6b17504fc11fd - - default default] Successfully bumped revision number for resource e792f2ab-a60f-466f-bcab-e0c78d5ed7de (type: security_groups) to 1
2026-06-25 23:32:17.289 10 INFO neutron.db.ovn_revision_numbers_db [None req-2e3d1e97-b4c0-4906-956f-9ac0fb071f1c 9089057e8b3b45cbba9ee2e7a472e3b0 72744b09b8ba48b8a3e6b17504fc11fd - - default default] Successfully bumped revision number for resource 69015f7c-b154-4379-b5c0-2b88395bbb3c (type: security_group_rules) to 0
2026-06-25 23:32:17.301 10 INFO neutron.db.ovn_revision_numbers_db [None req-2e3d1e97-b4c0-4906-956f-9ac0fb071f1c 9089057e8b3b45cbba9ee2e7a472e3b0 72744b09b8ba48b8a3e6b17504fc11fd - - default default] Successfully bumped revision number for resource 6dcf0efb-4035-4327-b374-4cd4c71f5a0d (type: security_group_rules) to 0
2026-06-25 23:32:17.312 10 INFO neutron.db.ovn_revision_numbers_db [None req-2e3d1e97-b4c0-4906-956f-9ac0fb071f1c 9089057e8b3b45cbba9ee2e7a472e3b0 72744b09b8ba48b8a3e6b17504fc11fd - - default default] Successfully bumped revision number for resource 9da5a96b-19dd-4db6-9fd1-1bcdf64d94d2 (type: security_group_rules) to 0
2026-06-25 23:32:17.324 10 INFO neutron.db.ovn_revision_numbers_db [None req-2e3d1e97-b4c0-4906-956f-9ac0fb071f1c 9089057e8b3b45cbba9ee2e7a472e3b0 72744b09b8ba48b8a3e6b17504fc11fd - - default default] Successfully bumped revision number for resource add53a50-6cf3-44dc-b811-ba906c2eab63 (type: security_group_rules) to 0
2026-06-25 23:32:17.346 10 INFO neutron.wsgi [None req-2e3d1e97-b4c0-4906-956f-9ac0fb071f1c 9089057e8b3b45cbba9ee2e7a472e3b0 72744b09b8ba48b8a3e6b17504fc11fd - - default default] 10.0.0.89 "GET /v2.0/security-groups?tenant_id=ed0a123a1d0f423cb3cfa46446532370&name=default HTTP/1.1" status: 200 len: 2996 time: 0.3499713
2026-06-25 23:32:17.522 10 INFO neutron.wsgi [None req-1a3d3931-31b2-4bdd-a265-626513546b23 9089057e8b3b45cbba9ee2e7a472e3b0 72744b09b8ba48b8a3e6b17504fc11fd - - default default] 10.0.0.89 "DELETE /v2.0/security-groups/e792f2ab-a60f-466f-bcab-e0c78d5ed7de HTTP/1.1" status: 204 len: 168 time: 0.1706347
2026-06-25 23:32:17.770 10 INFO neutron.db.ovn_revision_numbers_db [None req-0721cd42-4a33-4ad1-abb9-f918e88655e1 9089057e8b3b45cbba9ee2e7a472e3b0 72744b09b8ba48b8a3e6b17504fc11fd - - default default] Successfully bumped revision number for resource e32bd1bb-0bfc-4c4c-afc2-a391d91f63d7 (type: security_groups) to 1
2026-06-25 23:32:17.782 10 INFO neutron.db.ovn_revision_numbers_db [None req-0721cd42-4a33-4ad1-abb9-f918e88655e1 9089057e8b3b45cbba9ee2e7a472e3b0 72744b09b8ba48b8a3e6b17504fc11fd - - default default] Successfully bumped revision number for resource 03bcc6a3-dc99-4011-9630-2e2c25a632b6 (type: security_group_rules) to 0
