2026-06-25 23:30:41.470 10 WARNING neutron_lib.context [None req-d007878a-f52b-4cd8-a218-5fc78c2ff93b 6d0014778d53433fa8b2910c2651a92d 4e5ec60649134274a749bff35ec7570e - - default default] Method 'is_advsvc' is deprecated since 2023.2 release (neutron-lib 3.8.0) and will be removed once support for the old RBAC API policies will be removed from Neutron. Please use method 'is_service_role' instead.
2026-06-25 23:30:41.631 10 INFO neutron.db.ovn_revision_numbers_db [None req-4efdca94-e6e0-4e80-a195-de8280ec2ae8 9089057e8b3b45cbba9ee2e7a472e3b0 72744b09b8ba48b8a3e6b17504fc11fd - - default default] Successfully bumped revision number for resource 23d62863-390c-4138-8d2d-3d3cc7223891 (type: ports) to 2
2026-06-25 23:30:41.670 10 INFO neutron.db.ovn_revision_numbers_db [None req-4efdca94-e6e0-4e80-a195-de8280ec2ae8 9089057e8b3b45cbba9ee2e7a472e3b0 72744b09b8ba48b8a3e6b17504fc11fd - - default default] Successfully bumped revision number for resource 2d3b6de3-d4d3-4ddd-a035-e8e6013a3bd1 (type: subnets) to 0
2026-06-25 23:30:41.691 10 INFO neutron.wsgi [None req-4efdca94-e6e0-4e80-a195-de8280ec2ae8 9089057e8b3b45cbba9ee2e7a472e3b0 72744b09b8ba48b8a3e6b17504fc11fd - - default default] 10.0.0.89 "POST /v2.0/subnets HTTP/1.1" status: 201 len: 862 time: 0.8124702
2026-06-25 23:30:41.747 10 WARNING neutron.scheduler.dhcp_agent_scheduler [None req-d007878a-f52b-4cd8-a218-5fc78c2ff93b 6d0014778d53433fa8b2910c2651a92d 4e5ec60649134274a749bff35ec7570e - - default default] No more DHCP agents
2026-06-25 23:30:41.749 10 WARNING neutron.api.rpc.agentnotifiers.dhcp_rpc_agent_api [None req-d007878a-f52b-4cd8-a218-5fc78c2ff93b 6d0014778d53433fa8b2910c2651a92d 4e5ec60649134274a749bff35ec7570e - - default default] Unable to schedule network c5211a09-6f61-4e79-ad11-77c4dfc9b3cc: no agents available; will retry on subsequent port and subnet creation events.
2026-06-25 23:30:41.929 9 INFO neutron.wsgi [req-c5d1cbcb-37b0-4d83-b69a-0237991ccc11 req-ab8c9209-1e30-4d21-bdd9-75816235218e 46963e97232842c4816e8b2343a4d083 6b2b1f4bf15c4185aeb76fff62f553cd - - default default] 199.204.45.223 "GET /v2.0/networks?id=dab8d3ce-c796-4f37-b303-36e631b5d7a8 HTTP/1.1" status: 200 len: 859 time: 0.0843773
2026-06-25 23:30:41.999 9 INFO neutron.wsgi [req-c5d1cbcb-37b0-4d83-b69a-0237991ccc11 req-4a97ce25-606a-4a21-be92-87fcd08a1469 46963e97232842c4816e8b2343a4d083 6b2b1f4bf15c4185aeb76fff62f553cd - - default default] 199.204.45.223 "GET /v2.0/security-groups?fields=id&fields=name&tenant_id=6b2b1f4bf15c4185aeb76fff62f553cd HTTP/1.1" status: 200 len: 472 time: 0.0551724
2026-06-25 23:30:42.011 9 WARNING neutron_lib.context [req-c5d1cbcb-37b0-4d83-b69a-0237991ccc11 req-8ae94e5e-78f3-42b8-9b2e-f1f7f7343a57 46963e97232842c4816e8b2343a4d083 6b2b1f4bf15c4185aeb76fff62f553cd - - default default] Method 'is_advsvc' is deprecated since 2023.2 release (neutron-lib 3.8.0) and will be removed once support for the old RBAC API policies will be removed from Neutron. Please use method 'is_service_role' instead.
2026-06-25 23:30:42.290 10 WARNING neutron.scheduler.dhcp_agent_scheduler [None req-259087a8-557f-4a96-8ebd-56be870de8df 9089057e8b3b45cbba9ee2e7a472e3b0 72744b09b8ba48b8a3e6b17504fc11fd - - default default] No more DHCP agents
2026-06-25 23:30:42.299 10 WARNING neutron.api.rpc.agentnotifiers.dhcp_rpc_agent_api [None req-259087a8-557f-4a96-8ebd-56be870de8df 9089057e8b3b45cbba9ee2e7a472e3b0 72744b09b8ba48b8a3e6b17504fc11fd - - default default] Unable to schedule network a6b061e7-ef29-4b14-9ccc-96c438219742: no agents available; will retry on subsequent port and subnet creation events.
2026-06-25 23:30:42.337 9 WARNING neutron.scheduler.dhcp_agent_scheduler [req-c5d1cbcb-37b0-4d83-b69a-0237991ccc11 req-8ae94e5e-78f3-42b8-9b2e-f1f7f7343a57 46963e97232842c4816e8b2343a4d083 6b2b1f4bf15c4185aeb76fff62f553cd - - default default] No more DHCP agents
2026-06-25 23:30:42.342 9 WARNING neutron.api.rpc.agentnotifiers.dhcp_rpc_agent_api [req-c5d1cbcb-37b0-4d83-b69a-0237991ccc11 req-8ae94e5e-78f3-42b8-9b2e-f1f7f7343a57 46963e97232842c4816e8b2343a4d083 6b2b1f4bf15c4185aeb76fff62f553cd - - default default] Unable to schedule network dab8d3ce-c796-4f37-b303-36e631b5d7a8: no agents available; will retry on subsequent port and subnet creation events.
2026-06-25 23:30:42.356 10 INFO neutron.wsgi [req-a5382dd2-a0d2-4ee9-be2b-ac865e840e3a req-8977b2c0-d704-4757-a60a-fa316bb02c51 46963e97232842c4816e8b2343a4d083 6b2b1f4bf15c4185aeb76fff62f553cd - - default default] 10.0.0.227 "GET /v2.0/ports?device_id=bc91f956-d87b-4e4e-9086-5da276897e3e HTTP/1.1" status: 200 len: 1156 time: 0.0590529
2026-06-25 23:30:42.426 10 INFO neutron.wsgi [req-a5382dd2-a0d2-4ee9-be2b-ac865e840e3a req-cde012fd-b205-4ee2-bca6-e572f54c9fc1 46963e97232842c4816e8b2343a4d083 6b2b1f4bf15c4185aeb76fff62f553cd - - default default] 10.0.0.227 "GET /v2.0/security-groups?id=85f3bd7b-f1b6-4bad-8c33-0be5ac96bbcb&fields=id&fields=name HTTP/1.1" status: 200 len: 312 time: 0.0613892
2026-06-25 23:30:42.499 9 INFO neutron.db.ovn_revision_numbers_db [req-c5d1cbcb-37b0-4d83-b69a-0237991ccc11 req-8ae94e5e-78f3-42b8-9b2e-f1f7f7343a57 46963e97232842c4816e8b2343a4d083 6b2b1f4bf15c4185aeb76fff62f553cd - - default default] Successfully bumped revision number for resource 1888398f-6a31-4603-85c8-47bbad90a1a5 (type: ports) to 1
2026-06-25 23:30:42.523 9 INFO neutron.wsgi [req-c5d1cbcb-37b0-4d83-b69a-0237991ccc11 req-8ae94e5e-78f3-42b8-9b2e-f1f7f7343a57 46963e97232842c4816e8b2343a4d083 6b2b1f4bf15c4185aeb76fff62f553cd - - default default] 199.204.45.223 "POST /v2.0/ports HTTP/1.1" status: 201 len: 1158 time: 0.5174568
2026-06-25 23:30:42.524 10 INFO neutron.db.ovn_revision_numbers_db [None req-d007878a-f52b-4cd8-a218-5fc78c2ff93b 6d0014778d53433fa8b2910c2651a92d 4e5ec60649134274a749bff35ec7570e - - default default] Successfully bumped revision number for resource fdf347d0-ed9d-446a-bbae-eb2e351f34db (type: ports) to 2 /var/lib/openstack/lib/python3.10/site-packages/pycadf/identifier.py:71: UserWarning: Invalid uuid: neutron. To ensure interoperability, identifiers should be a valid uuid. warnings.warn(('Invalid uuid: %s. To ensure interoperability, '
2026-06-25 23:30:42.534 10 INFO neutron.db.ovn_revision_numbers_db [None req-259087a8-557f-4a96-8ebd-56be870de8df 9089057e8b3b45cbba9ee2e7a472e3b0 72744b09b8ba48b8a3e6b17504fc11fd - - default default] Successfully bumped revision number for resource 649dc049-b25d-4279-8cb9-6f90bb19199b (type: ports) to 1
2026-06-25 23:30:42.579 10 INFO neutron.db.ovn_revision_numbers_db [None req-d007878a-f52b-4cd8-a218-5fc78c2ff93b 6d0014778d53433fa8b2910c2651a92d 4e5ec60649134274a749bff35ec7570e - - default default] Successfully bumped revision number for resource 31b6c11e-3035-41a3-8d45-8a71938f103d (type: subnets) to 0
2026-06-25 23:30:42.600 10 INFO neutron.wsgi [None req-d007878a-f52b-4cd8-a218-5fc78c2ff93b 6d0014778d53433fa8b2910c2651a92d 4e5ec60649134274a749bff35ec7570e - - default default] 10.0.0.89 "POST /v2.0/subnets HTTP/1.1" status: 201 len: 801 time: 1.1351306
2026-06-25 23:30:42.611 10 WARNING neutron_lib.context [None req-1254547f-1956-488e-b0b3-b12e2f645642 6d0014778d53433fa8b2910c2651a92d 4e5ec60649134274a749bff35ec7570e - - default default] Method 'is_advsvc' is deprecated since 2023.2 release (neutron-lib 3.8.0) and will be removed once support for the old RBAC API policies will be removed from Neutron. Please use method 'is_service_role' instead.
2026-06-25 23:30:42.899 9 INFO neutron.db.ovn_revision_numbers_db [req-c5d1cbcb-37b0-4d83-b69a-0237991ccc11 req-41393459-c996-4b52-9e77-36d8b4333aac 4305f2eb0a454ae7afbde0d0e0f17c49 a9466336b3fd40b1bbb1e9a2323ae8bb - - 72461810ce124ffeba27c79f004d6667 72461810ce124ffeba27c79f004d6667] Successfully bumped revision number for resource 1888398f-6a31-4603-85c8-47bbad90a1a5 (type: ports) to 2
2026-06-25 23:30:43.123 9 INFO neutron.db.ovn_revision_numbers_db [req-c5d1cbcb-37b0-4d83-b69a-0237991ccc11 req-41393459-c996-4b52-9e77-36d8b4333aac 4305f2eb0a454ae7afbde0d0e0f17c49 a9466336b3fd40b1bbb1e9a2323ae8bb - - 72461810ce124ffeba27c79f004d6667 72461810ce124ffeba27c79f004d6667] Successfully bumped revision number for resource 1888398f-6a31-4603-85c8-47bbad90a1a5 (type: ports) to 2
2026-06-25 23:30:43.133 10 WARNING neutron.scheduler.dhcp_agent_scheduler [None req-1254547f-1956-488e-b0b3-b12e2f645642 6d0014778d53433fa8b2910c2651a92d 4e5ec60649134274a749bff35ec7570e - - default default] No more DHCP agents
2026-06-25 23:30:43.138 9 INFO neutron.wsgi [req-c5d1cbcb-37b0-4d83-b69a-0237991ccc11 req-41393459-c996-4b52-9e77-36d8b4333aac 4305f2eb0a454ae7afbde0d0e0f17c49 a9466336b3fd40b1bbb1e9a2323ae8bb - - 72461810ce124ffeba27c79f004d6667 72461810ce124ffeba27c79f004d6667] 199.204.45.223 "PUT /v2.0/ports/1888398f-6a31-4603-85c8-47bbad90a1a5 HTTP/1.1" status: 200 len: 1376 time: 0.6083586
2026-06-25 23:30:43.144 10 WARNING neutron.api.rpc.agentnotifiers.dhcp_rpc_agent_api [None req-1254547f-1956-488e-b0b3-b12e2f645642 6d0014778d53433fa8b2910c2651a92d 4e5ec60649134274a749bff35ec7570e - - default default] Unable to schedule network f5eb7efa-9921-4fc1-9f8d-abd0fee62430: no agents available; will retry on subsequent port and subnet creation events.
2026-06-25 23:30:43.179 9 INFO neutron.notifiers.nova [-] Nova event matching ['req-3c7279f4-5cfb-45fe-91fa-256a6643dd88'] response: {'name': 'network-changed', 'server_uuid': 'bc91f956-d87b-4e4e-9086-5da276897e3e', 'tag': '1888398f-6a31-4603-85c8-47bbad90a1a5', 'status': 'completed', 'code': 200} /var/lib/openstack/lib/python3.10/site-packages/pycadf/identifier.py:71: UserWarning: Invalid uuid: neutron. To ensure interoperability, identifiers should be a valid uuid. warnings.warn(('Invalid uuid: %s. To ensure interoperability, '
2026-06-25 23:30:43.231 9 INFO neutron.wsgi [req-c5d1cbcb-37b0-4d83-b69a-0237991ccc11 req-a4f050f0-ff19-479b-a957-346ddf9b6c4a 4305f2eb0a454ae7afbde0d0e0f17c49 a9466336b3fd40b1bbb1e9a2323ae8bb - - 72461810ce124ffeba27c79f004d6667 72461810ce124ffeba27c79f004d6667] 199.204.45.223 "GET /v2.0/ports?tenant_id=6b2b1f4bf15c4185aeb76fff62f553cd&device_id=bc91f956-d87b-4e4e-9086-5da276897e3e HTTP/1.1" status: 200 len: 1407 time: 0.0418060
2026-06-25 23:30:43.263 9 INFO neutron.wsgi [req-c5d1cbcb-37b0-4d83-b69a-0237991ccc11 req-ebf06c4d-8125-42cf-ab1e-ce119feff245 4305f2eb0a454ae7afbde0d0e0f17c49 a9466336b3fd40b1bbb1e9a2323ae8bb - - 72461810ce124ffeba27c79f004d6667 72461810ce124ffeba27c79f004d6667] 199.204.45.223 "GET /v2.0/floatingips?fixed_ip_address=10.100.0.8&port_id=1888398f-6a31-4603-85c8-47bbad90a1a5 HTTP/1.1" status: 200 len: 217 time: 0.0247991
2026-06-25 23:30:43.300 9 INFO neutron.wsgi [req-c5d1cbcb-37b0-4d83-b69a-0237991ccc11 req-ac308cc2-ddf4-4054-8225-861064ff8c86 4305f2eb0a454ae7afbde0d0e0f17c49 a9466336b3fd40b1bbb1e9a2323ae8bb - - 72461810ce124ffeba27c79f004d6667 72461810ce124ffeba27c79f004d6667] 199.204.45.223 "GET /v2.0/subnets?id=2c8b4969-2f3c-43fc-9784-f666ab442d03 HTTP/1.1" status: 200 len: 852 time: 0.0295286
2026-06-25 23:30:43.327 9 INFO neutron.wsgi [req-c5d1cbcb-37b0-4d83-b69a-0237991ccc11 req-f989422b-d95f-4fec-ae9e-c7f8afa1d10a 4305f2eb0a454ae7afbde0d0e0f17c49 a9466336b3fd40b1bbb1e9a2323ae8bb - - 72461810ce124ffeba27c79f004d6667 72461810ce124ffeba27c79f004d6667] 199.204.45.223 "GET /v2.0/ports?network_id=dab8d3ce-c796-4f37-b303-36e631b5d7a8&device_owner=network%3Adhcp HTTP/1.1" status: 200 len: 210 time: 0.0182357
2026-06-25 23:30:43.394 9 INFO neutron.wsgi [req-c5d1cbcb-37b0-4d83-b69a-0237991ccc11 req-e2136a3d-ae84-4745-91ce-86e0ce9d064f 4305f2eb0a454ae7afbde0d0e0f17c49 a9466336b3fd40b1bbb1e9a2323ae8bb - - 72461810ce124ffeba27c79f004d6667 72461810ce124ffeba27c79f004d6667] 199.204.45.223 "GET /v2.0/networks/dab8d3ce-c796-4f37-b303-36e631b5d7a8?fields=segments HTTP/1.1" status: 200 len: 212 time: 0.0605044
2026-06-25 23:30:43.420 10 INFO neutron.plugins.ml2.drivers.ovn.mech_driver.mech_driver [None req-80ac8514-3889-44ae-b8d3-40148fbfc6ac - - - - - -] OVN reports status up for port: 649dc049-b25d-4279-8cb9-6f90bb19199b
2026-06-25 23:30:43.442 10 INFO neutron.plugins.ml2.plugin [None req-80ac8514-3889-44ae-b8d3-40148fbfc6ac - - - - - -] Attempt 1 to provision port 649dc049-b25d-4279-8cb9-6f90bb19199b
2026-06-25 23:30:43.458 9 INFO neutron.plugins.ml2.drivers.ovn.mech_driver.ovsdb.ovsdb_monitor [None req-9a75640a-8120-4de4-ab04-0c51dbe867d7 - - - - - -] Router 6a34e6e8-7368-44ba-b577-b8c3d1fb5dba is bound to host instance
2026-06-25 23:30:43.474 10 INFO neutron.db.ovn_revision_numbers_db [None req-259087a8-557f-4a96-8ebd-56be870de8df 9089057e8b3b45cbba9ee2e7a472e3b0 72744b09b8ba48b8a3e6b17504fc11fd - - default default] Successfully bumped revision number for resource 649dc049-b25d-4279-8cb9-6f90bb19199b (type: router_ports) to 1
2026-06-25 23:30:43.508 9 INFO neutron.wsgi [req-c5d1cbcb-37b0-4d83-b69a-0237991ccc11 req-707f02c1-1444-48f5-aa5c-51d203be74f4 4305f2eb0a454ae7afbde0d0e0f17c49 a9466336b3fd40b1bbb1e9a2323ae8bb - - 72461810ce124ffeba27c79f004d6667 72461810ce124ffeba27c79f004d6667] 199.204.45.223 "GET /v2.0/networks/dab8d3ce-c796-4f37-b303-36e631b5d7a8?fields=provider%3Aphysical_network&fields=provider%3Anetwork_type HTTP/1.1" status: 200 len: 277 time: 0.1086588
2026-06-25 23:30:43.569 10 INFO neutron.wsgi [req-eac9ee4e-29a8-486a-a4d7-6fcb6f6a4c91 req-02487c1d-a398-473b-8a89-f49bcfcd2ec8 46963e97232842c4816e8b2343a4d083 6b2b1f4bf15c4185aeb76fff62f553cd - - default default] 10.0.0.227 "GET /v2.0/ports?device_id=bc91f956-d87b-4e4e-9086-5da276897e3e HTTP/1.1" status: 200 len: 1168 time: 0.0736759
2026-06-25 23:30:43.617 9 INFO neutron.wsgi [req-0b0dc3d3-c6d0-4a55-bc54-31d1cb804a5a req-76980eb9-86a4-4425-aef7-c55fff1d59c2 4305f2eb0a454ae7afbde0d0e0f17c49 a9466336b3fd40b1bbb1e9a2323ae8bb - - 72461810ce124ffeba27c79f004d6667 72461810ce124ffeba27c79f004d6667] 199.204.45.223 "GET /v2.0/ports?tenant_id=6b2b1f4bf15c4185aeb76fff62f553cd&device_id=bc91f956-d87b-4e4e-9086-5da276897e3e HTTP/1.1" status: 200 len: 1407 time: 0.0654483
2026-06-25 23:30:43.632 10 INFO neutron.db.ovn_revision_numbers_db [None req-259087a8-557f-4a96-8ebd-56be870de8df 9089057e8b3b45cbba9ee2e7a472e3b0 72744b09b8ba48b8a3e6b17504fc11fd - - default default] Successfully bumped revision number for resource 6a34e6e8-7368-44ba-b577-b8c3d1fb5dba (type: routers) to 2
2026-06-25 23:30:43.640 10 INFO neutron.wsgi [req-eac9ee4e-29a8-486a-a4d7-6fcb6f6a4c91 req-973a8897-30e1-48ca-a4ff-4f99f51dc95f 46963e97232842c4816e8b2343a4d083 6b2b1f4bf15c4185aeb76fff62f553cd - - default default] 10.0.0.227 "GET /v2.0/security-groups?id=85f3bd7b-f1b6-4bad-8c33-0be5ac96bbcb&fields=id&fields=name HTTP/1.1" status: 200 len: 312 time: 0.0650713
2026-06-25 23:30:43.662 10 INFO neutron.wsgi [None req-259087a8-557f-4a96-8ebd-56be870de8df 9089057e8b3b45cbba9ee2e7a472e3b0 72744b09b8ba48b8a3e6b17504fc11fd - - default default] 10.0.0.89 "POST /v2.0/routers HTTP/1.1" status: 201 len: 873 time: 1.9653819
2026-06-25 23:30:43.719 9 INFO neutron.wsgi [req-0b0dc3d3-c6d0-4a55-bc54-31d1cb804a5a req-7f69a11f-52cf-4566-9edf-ce10639e717f 4305f2eb0a454ae7afbde0d0e0f17c49 a9466336b3fd40b1bbb1e9a2323ae8bb - - 72461810ce124ffeba27c79f004d6667 72461810ce124ffeba27c79f004d6667] 199.204.45.223 "GET /v2.0/networks?id=dab8d3ce-c796-4f37-b303-36e631b5d7a8 HTTP/1.1" status: 200 len: 958 time: 0.0939968
2026-06-25 23:30:43.761 9 INFO neutron.wsgi [req-0b0dc3d3-c6d0-4a55-bc54-31d1cb804a5a req-256b22e6-1c47-43a9-9277-854abffc5397 4305f2eb0a454ae7afbde0d0e0f17c49 a9466336b3fd40b1bbb1e9a2323ae8bb - - 72461810ce124ffeba27c79f004d6667 72461810ce124ffeba27c79f004d6667] 199.204.45.223 "GET /v2.0/floatingips?fixed_ip_address=10.100.0.8&port_id=1888398f-6a31-4603-85c8-47bbad90a1a5 HTTP/1.1" status: 200 len: 217 time: 0.0339131
2026-06-25 23:30:43.803 9 INFO neutron.wsgi [req-0b0dc3d3-c6d0-4a55-bc54-31d1cb804a5a req-2e99cc83-0c12-43e7-a023-ec75b788b42d 4305f2eb0a454ae7afbde0d0e0f17c49 a9466336b3fd40b1bbb1e9a2323ae8bb - - 72461810ce124ffeba27c79f004d6667 72461810ce124ffeba27c79f004d6667] 199.204.45.223 "GET /v2.0/subnets?id=2c8b4969-2f3c-43fc-9784-f666ab442d03 HTTP/1.1" status: 200 len: 852 time: 0.0353069
2026-06-25 23:30:43.828 9 INFO neutron.wsgi [req-0b0dc3d3-c6d0-4a55-bc54-31d1cb804a5a req-dd5f4354-441c-4caf-9fba-a4d36bd98dab 4305f2eb0a454ae7afbde0d0e0f17c49 a9466336b3fd40b1bbb1e9a2323ae8bb - - 72461810ce124ffeba27c79f004d6667 72461810ce124ffeba27c79f004d6667] 199.204.45.223 "GET /v2.0/ports?network_id=dab8d3ce-c796-4f37-b303-36e631b5d7a8&device_owner=network%3Adhcp HTTP/1.1" status: 200 len: 210 time: 0.0165246
2026-06-25 23:30:43.903 10 INFO neutron.db.ovn_revision_numbers_db [None req-1254547f-1956-488e-b0b3-b12e2f645642 6d0014778d53433fa8b2910c2651a92d 4e5ec60649134274a749bff35ec7570e - - default default] Successfully bumped revision number for resource 44803cc2-e020-44ed-a9d0-aefc0cacb107 (type: ports) to 2
2026-06-25 23:30:43.961 10 INFO neutron.db.ovn_revision_numbers_db [None req-1254547f-1956-488e-b0b3-b12e2f645642 6d0014778d53433fa8b2910c2651a92d 4e5ec60649134274a749bff35ec7570e - - default default] Successfully bumped revision number for resource 2e1f82b4-8a7c-438a-b657-cc7d47eed71c (type: subnets) to 0
2026-06-25 23:30:43.982 10 INFO neutron.wsgi [None req-1254547f-1956-488e-b0b3-b12e2f645642 6d0014778d53433fa8b2910c2651a92d 4e5ec60649134274a749bff35ec7570e - - default default] 10.0.0.89 "POST /v2.0/subnets HTTP/1.1" status: 201 len: 801 time: 1.3773904
2026-06-25 23:30:43.993 10 WARNING neutron_lib.context [None req-3d7756e5-08d8-4083-a957-f45860af62de 6d0014778d53433fa8b2910c2651a92d 4e5ec60649134274a749bff35ec7570e - - default default] Method 'is_advsvc' is deprecated since 2023.2 release (neutron-lib 3.8.0) and will be removed once support for the old RBAC API policies will be removed from Neutron. Please use method 'is_service_role' instead.
2026-06-25 23:30:44.153 9 INFO neutron.wsgi [req-0b0dc3d3-c6d0-4a55-bc54-31d1cb804a5a req-9c2117b3-be77-4482-b969-d698a46266f0 4305f2eb0a454ae7afbde0d0e0f17c49 a9466336b3fd40b1bbb1e9a2323ae8bb - - 72461810ce124ffeba27c79f004d6667 72461810ce124ffeba27c79f004d6667] 199.204.45.223 "GET /v2.0/networks/dab8d3ce-c796-4f37-b303-36e631b5d7a8?fields=segments HTTP/1.1" status: 200 len: 212 time: 0.3181610
2026-06-25 23:30:44.230 9 INFO neutron.wsgi [req-0b0dc3d3-c6d0-4a55-bc54-31d1cb804a5a req-81bf1b6f-e24f-40f3-95ff-e3972a9adabe 4305f2eb0a454ae7afbde0d0e0f17c49 a9466336b3fd40b1bbb1e9a2323ae8bb - - 72461810ce124ffeba27c79f004d6667 72461810ce124ffeba27c79f004d6667] 199.204.45.223 "GET /v2.0/networks/dab8d3ce-c796-4f37-b303-36e631b5d7a8?fields=provider%3Aphysical_network&fields=provider%3Anetwork_type HTTP/1.1" status: 200 len: 277 time: 0.0581572
2026-06-25 23:30:44.377 10 INFO neutron.db.ovn_revision_numbers_db [None req-3d7756e5-08d8-4083-a957-f45860af62de 6d0014778d53433fa8b2910c2651a92d 4e5ec60649134274a749bff35ec7570e - - default default] Successfully bumped revision number for resource 81a3a53a-39dc-4d4d-97e1-6ae44e01a90e (type: routers) to 1
2026-06-25 23:30:44.395 9 INFO neutron.db.ovn_revision_numbers_db [None req-9a75640a-8120-4de4-ab04-0c51dbe867d7 - - - - - -] Successfully bumped revision number for resource 649dc049-b25d-4279-8cb9-6f90bb19199b (type: ports) to 1
2026-06-25 23:30:44.398 10 INFO neutron.wsgi [None req-3d7756e5-08d8-4083-a957-f45860af62de 6d0014778d53433fa8b2910c2651a92d 4e5ec60649134274a749bff35ec7570e - - default default] 10.0.0.89 "POST /v2.0/routers HTTP/1.1" status: 201 len: 686 time: 0.4083111
2026-06-25 23:30:44.435 10 WARNING neutron.scheduler.dhcp_agent_scheduler [None req-bc352363-1770-43f2-ac9c-cc92cccde436 9089057e8b3b45cbba9ee2e7a472e3b0 72744b09b8ba48b8a3e6b17504fc11fd - - default default] No more DHCP agents
2026-06-25 23:30:44.436 10 WARNING neutron.api.rpc.agentnotifiers.dhcp_rpc_agent_api [None req-bc352363-1770-43f2-ac9c-cc92cccde436 9089057e8b3b45cbba9ee2e7a472e3b0 72744b09b8ba48b8a3e6b17504fc11fd - - default default] Unable to schedule network 45dd9165-d650-4241-ad29-e63e3a3c2024: no agents available; will retry on subsequent port and subnet creation events.
2026-06-25 23:30:44.575 10 INFO neutron.db.ovn_revision_numbers_db [None req-bc352363-1770-43f2-ac9c-cc92cccde436 9089057e8b3b45cbba9ee2e7a472e3b0 72744b09b8ba48b8a3e6b17504fc11fd - - default default] Successfully bumped revision number for resource dc162fb4-f7db-446d-abc7-f9362c4f4e3a (type: ports) to 1
2026-06-25 23:30:44.746 9 INFO neutron.db.ovn_revision_numbers_db [None req-9a75640a-8120-4de4-ab04-0c51dbe867d7 - - - - - -] Successfully bumped revision number for resource 649dc049-b25d-4279-8cb9-6f90bb19199b (type: router_ports) to 3
2026-06-25 23:30:44.754 10 INFO neutron.wsgi [req-71de48aa-a2b6-4646-b83f-f30c238c4202 req-5ad37c25-099d-447b-98b9-679978141b41 46963e97232842c4816e8b2343a4d083 6b2b1f4bf15c4185aeb76fff62f553cd - - default default] 10.0.0.227 "GET /v2.0/ports?device_id=bc91f956-d87b-4e4e-9086-5da276897e3e HTTP/1.1" status: 200 len: 1168 time: 0.0402353
2026-06-25 23:30:44.803 10 INFO neutron.wsgi [req-71de48aa-a2b6-4646-b83f-f30c238c4202 req-85033764-5169-4598-bfcf-d70f9328d76e 46963e97232842c4816e8b2343a4d083 6b2b1f4bf15c4185aeb76fff62f553cd - - default default] 10.0.0.227 "GET /v2.0/security-groups?id=85f3bd7b-f1b6-4bad-8c33-0be5ac96bbcb&fields=id&fields=name HTTP/1.1" status: 200 len: 312 time: 0.0429468
2026-06-25 23:30:44.898 9 WARNING neutron.scheduler.dhcp_agent_scheduler [None req-52079a50-649c-4377-aed0-0b37dc1391aa 6d0014778d53433fa8b2910c2651a92d 4e5ec60649134274a749bff35ec7570e - - default default] No more DHCP agents
2026-06-25 23:30:44.902 9 WARNING neutron.api.rpc.agentnotifiers.dhcp_rpc_agent_api [None req-52079a50-649c-4377-aed0-0b37dc1391aa 6d0014778d53433fa8b2910c2651a92d 4e5ec60649134274a749bff35ec7570e - - default default] Unable to schedule network c5211a09-6f61-4e79-ad11-77c4dfc9b3cc: no agents available; will retry on subsequent port and subnet creation events.
2026-06-25 23:30:44.966 10 INFO neutron.db.ovn_revision_numbers_db [None req-bc352363-1770-43f2-ac9c-cc92cccde436 9089057e8b3b45cbba9ee2e7a472e3b0 72744b09b8ba48b8a3e6b17504fc11fd - - default default] Successfully bumped revision number for resource dc162fb4-f7db-446d-abc7-f9362c4f4e3a (type: router_ports) to 1
2026-06-25 23:30:44.983 9 INFO neutron.db.ovn_revision_numbers_db [None req-9a75640a-8120-4de4-ab04-0c51dbe867d7 - - - - - -] Successfully bumped revision number for resource 649dc049-b25d-4279-8cb9-6f90bb19199b (type: ports) to 2
2026-06-25 23:30:44.991 9 WARNING neutron.plugins.ml2.drivers.ovn.mech_driver.ovsdb.ovn_client [None req-aaba1074-abd1-4a59-bbf0-16f74f6b2b65 - - - - - -] No hosting information found for port 48c49abb-9b36-41ee-997d-3c5d57b6e579: RuntimeError: No hosting information found for port 48c49abb-9b36-41ee-997d-3c5d57b6e579
2026-06-25 23:30:45.028 9 INFO neutron.plugins.ml2.drivers.ovn.mech_driver.mech_driver [None req-aaba1074-abd1-4a59-bbf0-16f74f6b2b65 - - - - - -] OVN reports status up for port: 1888398f-6a31-4603-85c8-47bbad90a1a5
2026-06-25 23:30:45.050 9 INFO neutron.plugins.ml2.plugin [None req-aaba1074-abd1-4a59-bbf0-16f74f6b2b65 - - - - - -] Attempt 1 to provision port 1888398f-6a31-4603-85c8-47bbad90a1a5
2026-06-25 23:30:45.130 10 INFO neutron.db.ovn_revision_numbers_db [None req-bc352363-1770-43f2-ac9c-cc92cccde436 9089057e8b3b45cbba9ee2e7a472e3b0 72744b09b8ba48b8a3e6b17504fc11fd - - default default] Successfully bumped revision number for resource dc162fb4-f7db-446d-abc7-f9362c4f4e3a (type: ports) to 1
2026-06-25 23:30:45.218 10 WARNING neutron.scheduler.dhcp_agent_scheduler [None req-bc352363-1770-43f2-ac9c-cc92cccde436 9089057e8b3b45cbba9ee2e7a472e3b0 72744b09b8ba48b8a3e6b17504fc11fd - - default default] No more DHCP agents
2026-06-25 23:30:45.221 10 WARNING neutron.api.rpc.agentnotifiers.dhcp_rpc_agent_api [None req-bc352363-1770-43f2-ac9c-cc92cccde436 9089057e8b3b45cbba9ee2e7a472e3b0 72744b09b8ba48b8a3e6b17504fc11fd - - default default] Unable to schedule network 45dd9165-d650-4241-ad29-e63e3a3c2024: no agents available; will retry on subsequent port and subnet creation events.
2026-06-25 23:30:45.243 9 INFO neutron.db.ovn_revision_numbers_db [None req-52079a50-649c-4377-aed0-0b37dc1391aa 6d0014778d53433fa8b2910c2651a92d 4e5ec60649134274a749bff35ec7570e - - default default] Successfully bumped revision number for resource 66c5d986-f2b2-49cd-82a8-1f872a705494 (type: ports) to 1
2026-06-25 23:30:45.308 9 INFO neutron.notifiers.nova [-] Nova event matching ['req-e13866ed-f29b-4eb4-8db1-4f5d4dc009d0'] response: {'server_uuid': 'bc91f956-d87b-4e4e-9086-5da276897e3e', 'name': 'network-vif-plugged', 'status': 'completed', 'tag': '1888398f-6a31-4603-85c8-47bbad90a1a5', 'code': 200}
2026-06-25 23:30:45.500 9 INFO neutron.db.ovn_revision_numbers_db [None req-9a75640a-8120-4de4-ab04-0c51dbe867d7 - - - - - -] Successfully bumped revision number for resource 649dc049-b25d-4279-8cb9-6f90bb19199b (type: ports) to 4
2026-06-25 23:30:45.670 9 INFO neutron.db.ovn_revision_numbers_db [None req-aaba1074-abd1-4a59-bbf0-16f74f6b2b65 - - - - - -] Successfully bumped revision number for resource 1888398f-6a31-4603-85c8-47bbad90a1a5 (type: ports) to 4
2026-06-25 23:30:45.767 9 INFO neutron.plugins.ml2.drivers.ovn.mech_driver.mech_driver [None req-aaba1074-abd1-4a59-bbf0-16f74f6b2b65 - - - - - -] OVN reports status up for port: dc162fb4-f7db-446d-abc7-f9362c4f4e3a
2026-06-25 23:30:45.791 9 INFO neutron.plugins.ml2.plugin [None req-aaba1074-abd1-4a59-bbf0-16f74f6b2b65 - - - - - -] Attempt 1 to provision port dc162fb4-f7db-446d-abc7-f9362c4f4e3a
2026-06-25 23:30:45.930 9 INFO neutron.db.ovn_revision_numbers_db [None req-9a75640a-8120-4de4-ab04-0c51dbe867d7 - - - - - -] Successfully bumped revision number for resource 649dc049-b25d-4279-8cb9-6f90bb19199b (type: router_ports) to 4
2026-06-25 23:30:45.976 9 INFO neutron.db.ovn_revision_numbers_db [None req-52079a50-649c-4377-aed0-0b37dc1391aa 6d0014778d53433fa8b2910c2651a92d 4e5ec60649134274a749bff35ec7570e - - default default] Successfully bumped revision number for resource 66c5d986-f2b2-49cd-82a8-1f872a705494 (type: router_ports) to 1
2026-06-25 23:30:46.026 10 INFO neutron.wsgi [req-c213ecb5-0aa8-44cf-8289-4f64d2fe6513 req-bd713c66-3b36-47d4-b1b3-fc9b1c049052 46963e97232842c4816e8b2343a4d083 6b2b1f4bf15c4185aeb76fff62f553cd - - default default] 10.0.0.227 "GET /v2.0/ports?device_id=bc91f956-d87b-4e4e-9086-5da276897e3e HTTP/1.1" status: 200 len: 1170 time: 0.1440310
2026-06-25 23:30:46.101 10 INFO neutron.wsgi [req-c213ecb5-0aa8-44cf-8289-4f64d2fe6513 req-175a6e4e-1864-4f59-90a8-896538f080d8 46963e97232842c4816e8b2343a4d083 6b2b1f4bf15c4185aeb76fff62f553cd - - default default] 10.0.0.227 "GET /v2.0/security-groups?id=85f3bd7b-f1b6-4bad-8c33-0be5ac96bbcb&fields=id&fields=name HTTP/1.1" status: 200 len: 312 time: 0.0619738
2026-06-25 23:30:46.103 10 INFO neutron.db.ovn_revision_numbers_db [None req-bc352363-1770-43f2-ac9c-cc92cccde436 9089057e8b3b45cbba9ee2e7a472e3b0 72744b09b8ba48b8a3e6b17504fc11fd - - default default] Successfully bumped revision number for resource dc162fb4-f7db-446d-abc7-f9362c4f4e3a (type: router_ports) to 1
2026-06-25 23:30:46.105 10 INFO neutron.wsgi [None req-bc352363-1770-43f2-ac9c-cc92cccde436 9089057e8b3b45cbba9ee2e7a472e3b0 72744b09b8ba48b8a3e6b17504fc11fd - - default default] 10.0.0.89 "PUT /v2.0/routers/6a34e6e8-7368-44ba-b577-b8c3d1fb5dba/add_router_interface HTTP/1.1" status: 200 len: 503 time: 2.4337680
2026-06-25 23:30:46.221 10 INFO neutron.wsgi [req-e6066844-8e42-4f95-a384-623507f11163 req-794072c9-255b-4514-9b83-6c479a3aa7c8 46963e97232842c4816e8b2343a4d083 6b2b1f4bf15c4185aeb76fff62f553cd - - default default] 10.0.0.227 "GET /v2.0/ports?device_id=bc91f956-d87b-4e4e-9086-5da276897e3e HTTP/1.1" status: 200 len: 1170 time: 0.0434022
2026-06-25 23:30:46.259 10 INFO neutron.wsgi [req-e6066844-8e42-4f95-a384-623507f11163 req-9ace7182-c64e-42fb-b574-a682454f746e 46963e97232842c4816e8b2343a4d083 6b2b1f4bf15c4185aeb76fff62f553cd - - default default] 10.0.0.227 "GET /v2.0/security-groups?id=85f3bd7b-f1b6-4bad-8c33-0be5ac96bbcb&fields=id&fields=name HTTP/1.1" status: 200 len: 312 time: 0.0324931
2026-06-25 23:30:46.336 10 INFO neutron.wsgi [None req-aea7b80b-6f0c-4c49-9df5-528fc861e01e 1030ffd1afba4af199947b02cd6b6a0a a9fb9699e07c40bc86a3c33bba3d51bd - - default default] 10.0.0.89 "GET /v2.0/ports?device_id=bc91f956-d87b-4e4e-9086-5da276897e3e HTTP/1.1" status: 200 len: 1404 time: 0.0422018
2026-06-25 23:30:46.449 9 INFO neutron.db.ovn_revision_numbers_db [None req-52079a50-649c-4377-aed0-0b37dc1391aa 6d0014778d53433fa8b2910c2651a92d 4e5ec60649134274a749bff35ec7570e - - default default] Successfully bumped revision number for resource 66c5d986-f2b2-49cd-82a8-1f872a705494 (type: ports) to 1
2026-06-25 23:30:46.512 9 INFO neutron.db.ovn_revision_numbers_db [None req-aaba1074-abd1-4a59-bbf0-16f74f6b2b65 - - - - - -] Successfully bumped revision number for resource dc162fb4-f7db-446d-abc7-f9362c4f4e3a (type: ports) to 2
2026-06-25 23:30:46.556 9 WARNING neutron.scheduler.dhcp_agent_scheduler [None req-52079a50-649c-4377-aed0-0b37dc1391aa 6d0014778d53433fa8b2910c2651a92d 4e5ec60649134274a749bff35ec7570e - - default default] No more DHCP agents
2026-06-25 23:30:46.559 9 WARNING neutron.api.rpc.agentnotifiers.dhcp_rpc_agent_api [None req-52079a50-649c-4377-aed0-0b37dc1391aa 6d0014778d53433fa8b2910c2651a92d 4e5ec60649134274a749bff35ec7570e - - default default] Unable to schedule network c5211a09-6f61-4e79-ad11-77c4dfc9b3cc: no agents available; will retry on subsequent port and subnet creation events.
2026-06-25 23:30:46.593 10 INFO neutron.db.l3_db [None req-2d61176e-9ac5-4f91-8513-7ac0fcdd0cfc 46963e97232842c4816e8b2343a4d083 6b2b1f4bf15c4185aeb76fff62f553cd - - default default] Floating IP 8bb40fe0-55d1-409f-91df-c1fd9e14d985 associated. External IP: 10.96.250.208, port: 1888398f-6a31-4603-85c8-47bbad90a1a5.
2026-06-25 23:30:46.619 9 INFO neutron.db.ovn_revision_numbers_db [None req-aaba1074-abd1-4a59-bbf0-16f74f6b2b65 - - - - - -] Successfully bumped revision number for resource dc162fb4-f7db-446d-abc7-f9362c4f4e3a (type: router_ports) to 2
2026-06-25 23:30:46.714 9 INFO neutron.db.ovn_revision_numbers_db [None req-52079a50-649c-4377-aed0-0b37dc1391aa 6d0014778d53433fa8b2910c2651a92d 4e5ec60649134274a749bff35ec7570e - - default default] Successfully bumped revision number for resource 66c5d986-f2b2-49cd-82a8-1f872a705494 (type: router_ports) to 1
2026-06-25 23:30:46.715 10 WARNING neutron_lib.context [None req-586cbb8f-8fb8-409a-963a-495fad28f88b 4ec4345b05f14b0999ee72ffe4233379 43a0c8c274ae41cab5f13d9d4d98ad78 - - default default] Method 'is_advsvc' is deprecated since 2023.2 release (neutron-lib 3.8.0) and will be removed once support for the old RBAC API policies will be removed from Neutron. Please use method 'is_service_role' instead.
2026-06-25 23:30:46.717 9 INFO neutron.wsgi [None req-52079a50-649c-4377-aed0-0b37dc1391aa 6d0014778d53433fa8b2910c2651a92d 4e5ec60649134274a749bff35ec7570e - - default default] 10.0.0.89 "PUT /v2.0/routers/81a3a53a-39dc-4d4d-97e1-6ae44e01a90e/add_router_interface HTTP/1.1" status: 200 len: 503 time: 2.3129058 /var/lib/openstack/lib/python3.10/site-packages/pycadf/identifier.py:71: UserWarning: Invalid uuid: neutron. To ensure interoperability, identifiers should be a valid uuid. warnings.warn(('Invalid uuid: %s. To ensure interoperability, '
2026-06-25 23:30:46.802 9 INFO neutron.wsgi [None req-ac64f88e-e36f-4db2-8151-dc60774d35f4 6d0014778d53433fa8b2910c2651a92d 4e5ec60649134274a749bff35ec7570e - - default default] 10.0.0.89 "GET /v2.0/ports/66c5d986-f2b2-49cd-82a8-1f872a705494 HTTP/1.1" status: 200 len: 1135 time: 0.0770619
2026-06-25 23:30:46.825 10 INFO neutron.db.ovn_revision_numbers_db [None req-2d61176e-9ac5-4f91-8513-7ac0fcdd0cfc 46963e97232842c4816e8b2343a4d083 6b2b1f4bf15c4185aeb76fff62f553cd - - default default] Successfully bumped revision number for resource 8bb40fe0-55d1-409f-91df-c1fd9e14d985 (type: floatingips) to 4
2026-06-25 23:30:46.932 10 INFO neutron.db.ovn_revision_numbers_db [None req-586cbb8f-8fb8-409a-963a-495fad28f88b 4ec4345b05f14b0999ee72ffe4233379 43a0c8c274ae41cab5f13d9d4d98ad78 - - default default] Successfully bumped revision number for resource 072153bd-fba3-49ba-a622-5b1917ab8731 (type: security_groups) to 1
2026-06-25 23:30:46.953 10 INFO neutron.db.ovn_revision_numbers_db [None req-586cbb8f-8fb8-409a-963a-495fad28f88b 4ec4345b05f14b0999ee72ffe4233379 43a0c8c274ae41cab5f13d9d4d98ad78 - - default default] Successfully bumped revision number for resource 25386cc6-f2e6-463e-b055-bae85e5f2dc8 (type: security_group_rules) to 0
2026-06-25 23:30:46.967 10 INFO neutron.db.ovn_revision_numbers_db [None req-2d61176e-9ac5-4f91-8513-7ac0fcdd0cfc 46963e97232842c4816e8b2343a4d083 6b2b1f4bf15c4185aeb76fff62f553cd - - default default] Successfully bumped revision number for resource 8bb40fe0-55d1-409f-91df-c1fd9e14d985 (type: floatingips) to 5
2026-06-25 23:30:46.988 10 INFO neutron.db.ovn_revision_numbers_db [None req-586cbb8f-8fb8-409a-963a-495fad28f88b 4ec4345b05f14b0999ee72ffe4233379 43a0c8c274ae41cab5f13d9d4d98ad78 - - default default] Successfully bumped revision number for resource 2a4cce4b-4f9b-4429-841b-4f1063066e9c (type: security_group_rules) to 0
2026-06-25 23:30:47.015 10 INFO neutron.wsgi [None req-586cbb8f-8fb8-409a-963a-495fad28f88b 4ec4345b05f14b0999ee72ffe4233379 43a0c8c274ae41cab5f13d9d4d98ad78 - - default default] 10.0.0.89 "POST /v2.0/security-groups HTTP/1.1" status: 201 len: 1811 time: 0.3053129
2026-06-25 23:30:47.017 10 INFO neutron.wsgi [None req-2d61176e-9ac5-4f91-8513-7ac0fcdd0cfc 46963e97232842c4816e8b2343a4d083 6b2b1f4bf15c4185aeb76fff62f553cd - - default default] 10.0.0.89 "PUT /v2.0/floatingips/8bb40fe0-55d1-409f-91df-c1fd9e14d985 HTTP/1.1" status: 200 len: 1049 time: 0.6767452 /var/lib/openstack/lib/python3.10/site-packages/pycadf/identifier.py:71: UserWarning: Invalid uuid: neutron. To ensure interoperability, identifiers should be a valid uuid. warnings.warn(('Invalid uuid: %s. To ensure interoperability, '
2026-06-25 23:30:47.029 10 WARNING neutron_lib.context [None req-8238b2f5-0553-43a6-b0cb-0c2f0a43f1ca 4ec4345b05f14b0999ee72ffe4233379 43a0c8c274ae41cab5f13d9d4d98ad78 - - default default] Method 'is_advsvc' is deprecated since 2023.2 release (neutron-lib 3.8.0) and will be removed once support for the old RBAC API policies will be removed from Neutron. Please use method 'is_service_role' instead.
2026-06-25 23:30:47.052 10 INFO neutron.notifiers.nova [-] Nova event matching ['req-ace5669e-b62c-4936-89fa-a7568226c34e'] response: {'name': 'network-changed', 'server_uuid': 'bc91f956-d87b-4e4e-9086-5da276897e3e', 'tag': '1888398f-6a31-4603-85c8-47bbad90a1a5', 'status': 'completed', 'code': 200}
2026-06-25 23:30:47.081 10 INFO neutron.wsgi [None req-284c950e-fe13-4d2a-ac1d-1d595910d39e 46963e97232842c4816e8b2343a4d083 6b2b1f4bf15c4185aeb76fff62f553cd - - default default] 10.0.0.89 "GET /v2.0/floatingips/8bb40fe0-55d1-409f-91df-c1fd9e14d985 HTTP/1.1" status: 200 len: 1051 time: 0.0565674
2026-06-25 23:30:47.116 9 INFO neutron.wsgi [req-9b08f588-89c9-493f-a98c-62f54a2209c6 req-f41663a4-6748-41e1-9122-d2d43172259c 4305f2eb0a454ae7afbde0d0e0f17c49 a9466336b3fd40b1bbb1e9a2323ae8bb - - 72461810ce124ffeba27c79f004d6667 72461810ce124ffeba27c79f004d6667] 199.204.45.223 "GET /v2.0/ports?tenant_id=6b2b1f4bf15c4185aeb76fff62f553cd&device_id=bc91f956-d87b-4e4e-9086-5da276897e3e HTTP/1.1" status: 200 len: 1409 time: 0.0520563
2026-06-25 23:30:47.187 10 INFO neutron.db.ovn_revision_numbers_db [None req-8238b2f5-0553-43a6-b0cb-0c2f0a43f1ca 4ec4345b05f14b0999ee72ffe4233379 43a0c8c274ae41cab5f13d9d4d98ad78 - - default default] Successfully bumped revision number for resource e92203d4-c36d-4137-86ad-9366efc8c975 (type: security_group_rules) to 0
2026-06-25 23:30:47.204 9 INFO neutron.wsgi [req-9b08f588-89c9-493f-a98c-62f54a2209c6 req-876cadd6-a293-46e0-98db-246c5a525d37 4305f2eb0a454ae7afbde0d0e0f17c49 a9466336b3fd40b1bbb1e9a2323ae8bb - - 72461810ce124ffeba27c79f004d6667 72461810ce124ffeba27c79f004d6667] 199.204.45.223 "GET /v2.0/networks?id=dab8d3ce-c796-4f37-b303-36e631b5d7a8 HTTP/1.1" status: 200 len: 958 time: 0.0827856
2026-06-25 23:30:47.217 10 INFO neutron.wsgi [None req-8238b2f5-0553-43a6-b0cb-0c2f0a43f1ca 4ec4345b05f14b0999ee72ffe4233379 43a0c8c274ae41cab5f13d9d4d98ad78 - - default default] 10.0.0.89 "POST /v2.0/security-group-rules HTTP/1.1" status: 201 len: 764 time: 0.1930783
2026-06-25 23:30:47.226 10 WARNING neutron_lib.context [None req-72c53ef4-b7e7-40c1-8d8b-8fb5421b4b77 4ec4345b05f14b0999ee72ffe4233379 43a0c8c274ae41cab5f13d9d4d98ad78 - - default default] Method 'is_advsvc' is deprecated since 2023.2 release (neutron-lib 3.8.0) and will be removed once support for the old RBAC API policies will be removed from Neutron. Please use method 'is_service_role' instead.
2026-06-25 23:30:47.267 9 INFO neutron.wsgi [req-9b08f588-89c9-493f-a98c-62f54a2209c6 req-51a963fd-0832-4f73-9963-653689bc60cc 4305f2eb0a454ae7afbde0d0e0f17c49 a9466336b3fd40b1bbb1e9a2323ae8bb - - 72461810ce124ffeba27c79f004d6667 72461810ce124ffeba27c79f004d6667] 199.204.45.223 "GET /v2.0/floatingips?fixed_ip_address=10.100.0.8&port_id=1888398f-6a31-4603-85c8-47bbad90a1a5 HTTP/1.1" status: 200 len: 1059 time: 0.0570967
2026-06-25 23:30:47.319 9 INFO neutron.wsgi [req-9b08f588-89c9-493f-a98c-62f54a2209c6 req-0ea94ee6-3ed0-4e6b-bd46-ffffa771fc80 4305f2eb0a454ae7afbde0d0e0f17c49 a9466336b3fd40b1bbb1e9a2323ae8bb - - 72461810ce124ffeba27c79f004d6667 72461810ce124ffeba27c79f004d6667] 199.204.45.223 "GET /v2.0/subnets?id=2c8b4969-2f3c-43fc-9784-f666ab442d03 HTTP/1.1" status: 200 len: 852 time: 0.0468488
2026-06-25 23:30:47.350 9 INFO neutron.notifiers.nova [-] Nova event matching ['req-e73b767c-6319-4696-be58-1ffaaba2ecb0'] response: {'server_uuid': 'bc91f956-d87b-4e4e-9086-5da276897e3e', 'name': 'network-vif-plugged', 'status': 'completed', 'tag': '1888398f-6a31-4603-85c8-47bbad90a1a5', 'code': 200}
2026-06-25 23:30:47.353 10 INFO neutron.db.ovn_revision_numbers_db [None req-72c53ef4-b7e7-40c1-8d8b-8fb5421b4b77 4ec4345b05f14b0999ee72ffe4233379 43a0c8c274ae41cab5f13d9d4d98ad78 - - default default] Successfully bumped revision number for resource bcae808d-2520-4ade-bc6a-94edba7a1fa4 (type: security_group_rules) to 0
2026-06-25 23:30:47.358 9 INFO neutron.wsgi [req-9b08f588-89c9-493f-a98c-62f54a2209c6 req-acdebea4-2533-4dfa-b0ee-5ed5bf8b0aff 4305f2eb0a454ae7afbde0d0e0f17c49 a9466336b3fd40b1bbb1e9a2323ae8bb - - 72461810ce124ffeba27c79f004d6667 72461810ce124ffeba27c79f004d6667] 199.204.45.223 "GET /v2.0/ports?network_id=dab8d3ce-c796-4f37-b303-36e631b5d7a8&device_owner=network%3Adhcp HTTP/1.1" status: 200 len: 210 time: 0.0299373
2026-06-25 23:30:47.374 9 WARNING neutron.scheduler.dhcp_agent_scheduler [None req-c663052f-5ce9-4058-8673-337323c9c6b0 6d0014778d53433fa8b2910c2651a92d 4e5ec60649134274a749bff35ec7570e - - default default] No more DHCP agents
2026-06-25 23:30:47.377 10 INFO neutron.wsgi [None req-72c53ef4-b7e7-40c1-8d8b-8fb5421b4b77 4ec4345b05f14b0999ee72ffe4233379 43a0c8c274ae41cab5f13d9d4d98ad78 - - default default] 10.0.0.89 "POST /v2.0/security-group-rules HTTP/1.1" status: 201 len: 763 time: 0.1565351
2026-06-25 23:30:47.380 9 WARNING neutron.api.rpc.agentnotifiers.dhcp_rpc_agent_api [None req-c663052f-5ce9-4058-8673-337323c9c6b0 6d0014778d53433fa8b2910c2651a92d 4e5ec60649134274a749bff35ec7570e - - default default] Unable to schedule network f5eb7efa-9921-4fc1-9f8d-abd0fee62430: no agents available; will retry on subsequent port and subnet creation events.
2026-06-25 23:30:47.391 10 WARNING neutron_lib.context [None req-49e795a6-01f0-414c-9014-1eb6b6e8699f 4ec4345b05f14b0999ee72ffe4233379 43a0c8c274ae41cab5f13d9d4d98ad78 - - default default] Method 'is_advsvc' is deprecated since 2023.2 release (neutron-lib 3.8.0) and will be removed once support for the old RBAC API policies will be removed from Neutron. Please use method 'is_service_role' instead.
2026-06-25 23:30:47.441 9 INFO neutron.wsgi [req-9b08f588-89c9-493f-a98c-62f54a2209c6 req-c1a19cf2-e517-43c2-a2b2-02207ef3b662 4305f2eb0a454ae7afbde0d0e0f17c49 a9466336b3fd40b1bbb1e9a2323ae8bb - - 72461810ce124ffeba27c79f004d6667 72461810ce124ffeba27c79f004d6667] 199.204.45.223 "GET /v2.0/networks/dab8d3ce-c796-4f37-b303-36e631b5d7a8?fields=segments HTTP/1.1" status: 200 len: 212 time: 0.0763900
2026-06-25 23:30:47.503 10 INFO neutron.db.ovn_revision_numbers_db [None req-49e795a6-01f0-414c-9014-1eb6b6e8699f 4ec4345b05f14b0999ee72ffe4233379 43a0c8c274ae41cab5f13d9d4d98ad78 - - default default] Successfully bumped revision number for resource 23380419-0f61-4bec-bf8b-54624581f52d (type: security_group_rules) to 0
2026-06-25 23:30:47.520 9 INFO neutron.wsgi [req-9b08f588-89c9-493f-a98c-62f54a2209c6 req-1975ef01-64d1-4f1e-821d-4341c2ff9fbe 4305f2eb0a454ae7afbde0d0e0f17c49 a9466336b3fd40b1bbb1e9a2323ae8bb - - 72461810ce124ffeba27c79f004d6667 72461810ce124ffeba27c79f004d6667] 199.204.45.223 "GET /v2.0/networks/dab8d3ce-c796-4f37-b303-36e631b5d7a8?fields=provider%3Aphysical_network&fields=provider%3Anetwork_type HTTP/1.1" status: 200 len: 277 time: 0.0687108
2026-06-25 23:30:47.533 10 INFO neutron.wsgi [None req-49e795a6-01f0-414c-9014-1eb6b6e8699f 4ec4345b05f14b0999ee72ffe4233379 43a0c8c274ae41cab5f13d9d4d98ad78 - - default default] 10.0.0.89 "POST /v2.0/security-group-rules HTTP/1.1" status: 201 len: 769 time: 0.1497524
2026-06-25 23:30:47.552 10 WARNING neutron_lib.context [None req-65a973d9-ad7e-47ba-98c0-31f4aef0f042 4ec4345b05f14b0999ee72ffe4233379 43a0c8c274ae41cab5f13d9d4d98ad78 - - default default] Method 'is_advsvc' is deprecated since 2023.2 release (neutron-lib 3.8.0) and will be removed once support for the old RBAC API policies will be removed from Neutron. Please use method 'is_service_role' instead.
2026-06-25 23:30:47.571 9 INFO neutron.db.ovn_revision_numbers_db [None req-c663052f-5ce9-4058-8673-337323c9c6b0 6d0014778d53433fa8b2910c2651a92d 4e5ec60649134274a749bff35ec7570e - - default default] Successfully bumped revision number for resource 8b5927cb-e6cd-4dd6-baa1-ac0ad99cf9f3 (type: ports) to 1
2026-06-25 23:30:47.671 10 INFO neutron.db.ovn_revision_numbers_db [None req-65a973d9-ad7e-47ba-98c0-31f4aef0f042 4ec4345b05f14b0999ee72ffe4233379 43a0c8c274ae41cab5f13d9d4d98ad78 - - default default] Successfully bumped revision number for resource 8d1ed152-24be-4ed0-a7ef-dc890a85de43 (type: security_group_rules) to 0
2026-06-25 23:30:47.701 10 INFO neutron.wsgi [None req-65a973d9-ad7e-47ba-98c0-31f4aef0f042 4ec4345b05f14b0999ee72ffe4233379 43a0c8c274ae41cab5f13d9d4d98ad78 - - default default] 10.0.0.89 "POST /v2.0/security-group-rules HTTP/1.1" status: 201 len: 768 time: 0.1561854
2026-06-25 23:30:47.717 10 WARNING neutron_lib.context [None req-5818c66d-4f72-4218-bf63-1ca825ea1a80 4ec4345b05f14b0999ee72ffe4233379 43a0c8c274ae41cab5f13d9d4d98ad78 - - default default] Method 'is_advsvc' is deprecated since 2023.2 release (neutron-lib 3.8.0) and will be removed once support for the old RBAC API policies will be removed from Neutron. Please use method 'is_service_role' instead.
2026-06-25 23:30:47.733 10 INFO neutron.db.securitygroups_db [None req-5818c66d-4f72-4218-bf63-1ca825ea1a80 4ec4345b05f14b0999ee72ffe4233379 43a0c8c274ae41cab5f13d9d4d98ad78 - - default default] Project 43a0c8c274ae41cab5f13d9d4d98ad78 added a security group rule with legacy IPv6 ICMP protocol name icmp, ipv6-icmp should be used instead. It was automatically converted.
2026-06-25 23:30:47.832 10 INFO neutron.db.ovn_revision_numbers_db [None req-5818c66d-4f72-4218-bf63-1ca825ea1a80 4ec4345b05f14b0999ee72ffe4233379 43a0c8c274ae41cab5f13d9d4d98ad78 - - default default] Successfully bumped revision number for resource b63b2fa7-798a-45e8-8b2b-bc90d2d4729c (type: security_group_rules) to 0
2026-06-25 23:30:47.876 10 INFO neutron.wsgi [None req-5818c66d-4f72-4218-bf63-1ca825ea1a80 4ec4345b05f14b0999ee72ffe4233379 43a0c8c274ae41cab5f13d9d4d98ad78 - - default default] 10.0.0.89 "POST /v2.0/security-group-rules HTTP/1.1" status: 201 len: 774 time: 0.1679606
2026-06-25 23:30:47.885 10 WARNING neutron_lib.context [None req-66152776-abe6-4000-8bba-5bfebef55d4a 4ec4345b05f14b0999ee72ffe4233379 43a0c8c274ae41cab5f13d9d4d98ad78 - - default default] Method 'is_advsvc' is deprecated since 2023.2 release (neutron-lib 3.8.0) and will be removed once support for the old RBAC API policies will be removed from Neutron. Please use method 'is_service_role' instead.
2026-06-25 23:30:47.905 10 INFO neutron.db.securitygroups_db [None req-66152776-abe6-4000-8bba-5bfebef55d4a 4ec4345b05f14b0999ee72ffe4233379 43a0c8c274ae41cab5f13d9d4d98ad78 - - default default] Project 43a0c8c274ae41cab5f13d9d4d98ad78 added a security group rule with legacy IPv6 ICMP protocol name icmp, ipv6-icmp should be used instead. It was automatically converted.
2026-06-25 23:30:48.033 10 INFO neutron.db.ovn_revision_numbers_db [None req-66152776-abe6-4000-8bba-5bfebef55d4a 4ec4345b05f14b0999ee72ffe4233379 43a0c8c274ae41cab5f13d9d4d98ad78 - - default default] Successfully bumped revision number for resource 14b20c68-7dad-40e6-8115-c0d37b18c7c4 (type: security_group_rules) to 0
2026-06-25 23:30:48.036 9 INFO neutron.db.ovn_revision_numbers_db [None req-c663052f-5ce9-4058-8673-337323c9c6b0 6d0014778d53433fa8b2910c2651a92d 4e5ec60649134274a749bff35ec7570e - - default default] Successfully bumped revision number for resource 8b5927cb-e6cd-4dd6-baa1-ac0ad99cf9f3 (type: router_ports) to 1
2026-06-25 23:30:48.066 10 INFO neutron.wsgi [None req-66152776-abe6-4000-8bba-5bfebef55d4a 4ec4345b05f14b0999ee72ffe4233379 43a0c8c274ae41cab5f13d9d4d98ad78 - - default default] 10.0.0.89 "POST /v2.0/security-group-rules HTTP/1.1" status: 201 len: 773 time: 0.1850526
2026-06-25 23:30:48.192 9 INFO neutron.db.ovn_revision_numbers_db [None req-c663052f-5ce9-4058-8673-337323c9c6b0 6d0014778d53433fa8b2910c2651a92d 4e5ec60649134274a749bff35ec7570e - - default default] Successfully bumped revision number for resource 8b5927cb-e6cd-4dd6-baa1-ac0ad99cf9f3 (type: ports) to 1
2026-06-25 23:30:48.268 9 WARNING neutron.scheduler.dhcp_agent_scheduler [None req-c663052f-5ce9-4058-8673-337323c9c6b0 6d0014778d53433fa8b2910c2651a92d 4e5ec60649134274a749bff35ec7570e - - default default] No more DHCP agents
2026-06-25 23:30:48.269 9 WARNING neutron.api.rpc.agentnotifiers.dhcp_rpc_agent_api [None req-c663052f-5ce9-4058-8673-337323c9c6b0 6d0014778d53433fa8b2910c2651a92d 4e5ec60649134274a749bff35ec7570e - - default default] Unable to schedule network f5eb7efa-9921-4fc1-9f8d-abd0fee62430: no agents available; will retry on subsequent port and subnet creation events.
2026-06-25 23:30:48.396 9 INFO neutron.db.ovn_revision_numbers_db [None req-c663052f-5ce9-4058-8673-337323c9c6b0 6d0014778d53433fa8b2910c2651a92d 4e5ec60649134274a749bff35ec7570e - - default default] Successfully bumped revision number for resource 8b5927cb-e6cd-4dd6-baa1-ac0ad99cf9f3 (type: router_ports) to 1
2026-06-25 23:30:48.398 9 INFO neutron.wsgi [None req-c663052f-5ce9-4058-8673-337323c9c6b0 6d0014778d53433fa8b2910c2651a92d 4e5ec60649134274a749bff35ec7570e - - default default] 10.0.0.89 "PUT /v2.0/routers/81a3a53a-39dc-4d4d-97e1-6ae44e01a90e/add_router_interface HTTP/1.1" status: 200 len: 503 time: 1.5905333
2026-06-25 23:30:48.455 10 WARNING neutron_lib.context [None req-8806cb64-26ec-4153-a8a2-99da2ce880ab 4ec4345b05f14b0999ee72ffe4233379 43a0c8c274ae41cab5f13d9d4d98ad78 - - default default] Method 'is_advsvc' is deprecated since 2023.2 release (neutron-lib 3.8.0) and will be removed once support for the old RBAC API policies will be removed from Neutron. Please use method 'is_service_role' instead.
2026-06-25 23:30:48.483 9 INFO neutron.wsgi [None req-55546f9a-be04-436e-8946-daad2a481716 6d0014778d53433fa8b2910c2651a92d 4e5ec60649134274a749bff35ec7570e - - default default] 10.0.0.89 "GET /v2.0/ports/8b5927cb-e6cd-4dd6-baa1-ac0ad99cf9f3 HTTP/1.1" status: 200 len: 1135 time: 0.0791972
2026-06-25 23:30:48.527 9 INFO neutron.wsgi [None req-1721e3f1-d382-49fe-85a2-334636c2603f 6d0014778d53433fa8b2910c2651a92d 4e5ec60649134274a749bff35ec7570e - - default default] 10.0.0.89 "GET /v2.0/ports/8b5927cb-e6cd-4dd6-baa1-ac0ad99cf9f3 HTTP/1.1" status: 200 len: 1135 time: 0.0384336
2026-06-25 23:30:48.581 10 INFO neutron.db.ovn_revision_numbers_db [None req-8806cb64-26ec-4153-a8a2-99da2ce880ab 4ec4345b05f14b0999ee72ffe4233379 43a0c8c274ae41cab5f13d9d4d98ad78 - - default default] Successfully bumped revision number for resource dbd75da0-5358-4418-9ac2-79d71277d9b6 (type: security_groups) to 1
2026-06-25 23:30:48.601 10 INFO neutron.db.ovn_revision_numbers_db [None req-8806cb64-26ec-4153-a8a2-99da2ce880ab 4ec4345b05f14b0999ee72ffe4233379 43a0c8c274ae41cab5f13d9d4d98ad78 - - default default] Successfully bumped revision number for resource 28ce637d-99aa-4ee0-a215-5d21213ed042 (type: security_group_rules) to 0
2026-06-25 23:30:48.624 10 INFO neutron.db.ovn_revision_numbers_db [None req-8806cb64-26ec-4153-a8a2-99da2ce880ab 4ec4345b05f14b0999ee72ffe4233379 43a0c8c274ae41cab5f13d9d4d98ad78 - - default default] Successfully bumped revision number for resource 96a65e0d-6a33-40e9-a67a-3636502153c7 (type: security_group_rules) to 0
2026-06-25 23:30:48.650 10 INFO neutron.wsgi [None req-8806cb64-26ec-4153-a8a2-99da2ce880ab 4ec4345b05f14b0999ee72ffe4233379 43a0c8c274ae41cab5f13d9d4d98ad78 - - default default] 10.0.0.89 "POST /v2.0/security-groups HTTP/1.1" status: 201 len: 1796 time: 0.2037230
2026-06-25 23:30:48.660 10 WARNING neutron_lib.context [None req-8f8752ea-d0a4-4610-8848-749767f9de0f 4ec4345b05f14b0999ee72ffe4233379 43a0c8c274ae41cab5f13d9d4d98ad78 - - default default] Method 'is_advsvc' is deprecated since 2023.2 release (neutron-lib 3.8.0) and will be removed once support for the old RBAC API policies will be removed from Neutron. Please use method 'is_service_role' instead.
