2026-06-25 23:28:49.463 9 INFO neutron.db.ovn_revision_numbers_db [None req-18f77dd1-5802-4938-b533-cb5edd0e2501 9089057e8b3b45cbba9ee2e7a472e3b0 72744b09b8ba48b8a3e6b17504fc11fd - - default default] Successfully bumped revision number for resource a40e0951-14f2-41d3-a3e1-2e54eaa0d49d (type: routers) to 2
2026-06-25 23:28:49.477 9 INFO neutron.wsgi [None req-18f77dd1-5802-4938-b533-cb5edd0e2501 9089057e8b3b45cbba9ee2e7a472e3b0 72744b09b8ba48b8a3e6b17504fc11fd - - default default] 10.0.0.89 "POST /v2.0/routers HTTP/1.1" status: 201 len: 881 time: 2.7437432
2026-06-25 23:28:49.601 9 WARNING neutron_lib.context [None req-17f4548f-5eb3-4244-b580-aae82f9b94b3 e77e1ea2aefa4075b3d545a6e9061913 d9ad21821c3749f689ffd2db0be72157 - - default default] Method 'is_advsvc' is deprecated since 2023.2 release (neutron-lib 3.8.0) and will be removed once support for the old RBAC API policies will be removed from Neutron. Please use method 'is_service_role' instead.
2026-06-25 23:28:49.629 9 INFO neutron.db.ovn_revision_numbers_db [None req-9a75640a-8120-4de4-ab04-0c51dbe867d7 - - - - - -] Successfully bumped revision number for resource e2cfacf1-964f-4144-b0d4-a9d70fc5f33d (type: router_ports) to 4
2026-06-25 23:28:49.653 9 INFO neutron.plugins.ml2.drivers.ovn.mech_driver.ovsdb.ovsdb_monitor [None req-9a75640a-8120-4de4-ab04-0c51dbe867d7 - - - - - -] Router a40e0951-14f2-41d3-a3e1-2e54eaa0d49d is bound to host instance
2026-06-25 23:28:49.863 10 WARNING neutron_lib.context [req-0348f008-45b5-4c96-9c16-048e327136bb req-5ed35ac2-bba2-4c94-8de8-64640746413c 50cbca233e2b4abdb96e24e1acd75635 dda58e1b594c4b15a3edbdf7b20169e5 - - default default] Method 'is_advsvc' is deprecated since 2023.2 release (neutron-lib 3.8.0) and will be removed once support for the old RBAC API policies will be removed from Neutron. Please use method 'is_service_role' instead.
2026-06-25 23:28:49.874 9 INFO neutron.db.ovn_revision_numbers_db [None req-17f4548f-5eb3-4244-b580-aae82f9b94b3 e77e1ea2aefa4075b3d545a6e9061913 d9ad21821c3749f689ffd2db0be72157 - - default default] Successfully bumped revision number for resource 838d7e17-e8e7-4244-bb21-8f883132ff24 (type: security_groups) to 1
2026-06-25 23:28:49.902 9 INFO neutron.db.ovn_revision_numbers_db [None req-17f4548f-5eb3-4244-b580-aae82f9b94b3 e77e1ea2aefa4075b3d545a6e9061913 d9ad21821c3749f689ffd2db0be72157 - - default default] Successfully bumped revision number for resource 199704b7-f9c8-446e-864f-99117c899318 (type: security_group_rules) to 0
2026-06-25 23:28:49.907 10 WARNING neutron.scheduler.dhcp_agent_scheduler [None req-472961e8-e9eb-4877-b6e9-5f216e739dcd 9089057e8b3b45cbba9ee2e7a472e3b0 72744b09b8ba48b8a3e6b17504fc11fd - - default default] No more DHCP agents
2026-06-25 23:28:49.910 10 WARNING neutron.api.rpc.agentnotifiers.dhcp_rpc_agent_api [None req-472961e8-e9eb-4877-b6e9-5f216e739dcd 9089057e8b3b45cbba9ee2e7a472e3b0 72744b09b8ba48b8a3e6b17504fc11fd - - default default] Unable to schedule network d0994273-7e88-4c72-ad94-60cf0f486af7: no agents available; will retry on subsequent port and subnet creation events.
2026-06-25 23:28:49.916 9 INFO neutron.db.ovn_revision_numbers_db [None req-17f4548f-5eb3-4244-b580-aae82f9b94b3 e77e1ea2aefa4075b3d545a6e9061913 d9ad21821c3749f689ffd2db0be72157 - - default default] Successfully bumped revision number for resource da81566b-3e51-403c-827e-0579722488be (type: security_group_rules) to 0
2026-06-25 23:28:49.947 9 INFO neutron.wsgi [None req-17f4548f-5eb3-4244-b580-aae82f9b94b3 e77e1ea2aefa4075b3d545a6e9061913 d9ad21821c3749f689ffd2db0be72157 - - default default] 10.0.0.89 "POST /v2.0/security-groups HTTP/1.1" status: 201 len: 1797 time: 0.3528438
2026-06-25 23:28:49.957 9 WARNING neutron_lib.context [None req-3bc1ef90-078e-46da-bc11-d937a0855102 e77e1ea2aefa4075b3d545a6e9061913 d9ad21821c3749f689ffd2db0be72157 - - default default] Method 'is_advsvc' is deprecated since 2023.2 release (neutron-lib 3.8.0) and will be removed once support for the old RBAC API policies will be removed from Neutron. Please use method 'is_service_role' instead.
2026-06-25 23:28:50.016 10 INFO neutron.db.ovn_revision_numbers_db [req-0348f008-45b5-4c96-9c16-048e327136bb req-5ed35ac2-bba2-4c94-8de8-64640746413c 50cbca233e2b4abdb96e24e1acd75635 dda58e1b594c4b15a3edbdf7b20169e5 - - default default] Successfully bumped revision number for resource 1b9a2255-3567-4fb1-ba77-2c01808425cd (type: security_groups) to 1
2026-06-25 23:28:50.042 10 INFO neutron.db.ovn_revision_numbers_db [req-0348f008-45b5-4c96-9c16-048e327136bb req-5ed35ac2-bba2-4c94-8de8-64640746413c 50cbca233e2b4abdb96e24e1acd75635 dda58e1b594c4b15a3edbdf7b20169e5 - - default default] Successfully bumped revision number for resource 7e950b9d-1c14-4880-9089-1f015e5153f3 (type: security_group_rules) to 0
2026-06-25 23:28:50.059 10 INFO neutron.db.ovn_revision_numbers_db [req-0348f008-45b5-4c96-9c16-048e327136bb req-5ed35ac2-bba2-4c94-8de8-64640746413c 50cbca233e2b4abdb96e24e1acd75635 dda58e1b594c4b15a3edbdf7b20169e5 - - default default] Successfully bumped revision number for resource e775e4e2-48c7-440e-a2a9-a4d2b95054ab (type: security_group_rules) to 0
2026-06-25 23:28:50.069 10 INFO neutron.db.ovn_revision_numbers_db [None req-472961e8-e9eb-4877-b6e9-5f216e739dcd 9089057e8b3b45cbba9ee2e7a472e3b0 72744b09b8ba48b8a3e6b17504fc11fd - - default default] Successfully bumped revision number for resource 05612ebc-fdbc-4906-a1ca-ea61d2b022a8 (type: ports) to 1
2026-06-25 23:28:50.074 10 INFO neutron.wsgi [req-0348f008-45b5-4c96-9c16-048e327136bb req-5ed35ac2-bba2-4c94-8de8-64640746413c 50cbca233e2b4abdb96e24e1acd75635 dda58e1b594c4b15a3edbdf7b20169e5 - - default default] 10.0.0.227 "POST /v2.0/security-groups HTTP/1.1" status: 201 len: 1823 time: 0.2552929
2026-06-25 23:28:50.106 10 WARNING neutron_lib.context [req-ba010b8a-865f-43fe-b5a3-d24ee61c2146 req-e43ae9dc-fd85-45ac-8910-c499ebb4c3a4 50cbca233e2b4abdb96e24e1acd75635 dda58e1b594c4b15a3edbdf7b20169e5 - - default default] Method 'is_advsvc' is deprecated since 2023.2 release (neutron-lib 3.8.0) and will be removed once support for the old RBAC API policies will be removed from Neutron. Please use method 'is_service_role' instead.
2026-06-25 23:28:50.183 9 INFO neutron.db.ovn_revision_numbers_db [None req-3bc1ef90-078e-46da-bc11-d937a0855102 e77e1ea2aefa4075b3d545a6e9061913 d9ad21821c3749f689ffd2db0be72157 - - default default] Successfully bumped revision number for resource b385d28a-ad4f-4e88-ad47-d99790106072 (type: security_group_rules) to 0
2026-06-25 23:28:50.226 9 INFO neutron.wsgi [None req-3bc1ef90-078e-46da-bc11-d937a0855102 e77e1ea2aefa4075b3d545a6e9061913 d9ad21821c3749f689ffd2db0be72157 - - default default] 10.0.0.89 "POST /v2.0/security-group-rules HTTP/1.1" status: 201 len: 764 time: 0.2734485
2026-06-25 23:28:50.233 9 WARNING neutron_lib.context [None req-3cf7b44d-1e07-4c6d-8c26-6e2c6fbc72ab e77e1ea2aefa4075b3d545a6e9061913 d9ad21821c3749f689ffd2db0be72157 - - default default] Method 'is_advsvc' is deprecated since 2023.2 release (neutron-lib 3.8.0) and will be removed once support for the old RBAC API policies will be removed from Neutron. Please use method 'is_service_role' instead.
2026-06-25 23:28:50.261 10 INFO neutron.db.ovn_revision_numbers_db [req-ba010b8a-865f-43fe-b5a3-d24ee61c2146 req-e43ae9dc-fd85-45ac-8910-c499ebb4c3a4 50cbca233e2b4abdb96e24e1acd75635 dda58e1b594c4b15a3edbdf7b20169e5 - - default default] Successfully bumped revision number for resource d4ffa43c-cfe6-44e3-a7ac-f0b3bb1821f9 (type: security_groups) to 1
2026-06-25 23:28:50.282 10 INFO neutron.db.ovn_revision_numbers_db [req-ba010b8a-865f-43fe-b5a3-d24ee61c2146 req-e43ae9dc-fd85-45ac-8910-c499ebb4c3a4 50cbca233e2b4abdb96e24e1acd75635 dda58e1b594c4b15a3edbdf7b20169e5 - - default default] Successfully bumped revision number for resource b5ec0459-7947-4eea-9cb7-2552897fbf4d (type: security_group_rules) to 0
2026-06-25 23:28:50.310 10 INFO neutron.db.ovn_revision_numbers_db [req-ba010b8a-865f-43fe-b5a3-d24ee61c2146 req-e43ae9dc-fd85-45ac-8910-c499ebb4c3a4 50cbca233e2b4abdb96e24e1acd75635 dda58e1b594c4b15a3edbdf7b20169e5 - - default default] Successfully bumped revision number for resource bb4d28ef-3024-44d4-b7f4-9b5d1fbf6ed1 (type: security_group_rules) to 0
2026-06-25 23:28:50.325 9 INFO neutron.db.ovn_revision_numbers_db [None req-9a75640a-8120-4de4-ab04-0c51dbe867d7 - - - - - -] Successfully bumped revision number for resource 6dfc69a2-4d8d-462d-bb20-2a162a2a0f89 (type: ports) to 1
2026-06-25 23:28:50.335 10 INFO neutron.wsgi [req-ba010b8a-865f-43fe-b5a3-d24ee61c2146 req-e43ae9dc-fd85-45ac-8910-c499ebb4c3a4 50cbca233e2b4abdb96e24e1acd75635 dda58e1b594c4b15a3edbdf7b20169e5 - - default default] 10.0.0.227 "POST /v2.0/security-groups HTTP/1.1" status: 201 len: 1823 time: 0.2338250
2026-06-25 23:28:50.396 9 INFO neutron.db.ovn_revision_numbers_db [None req-3cf7b44d-1e07-4c6d-8c26-6e2c6fbc72ab e77e1ea2aefa4075b3d545a6e9061913 d9ad21821c3749f689ffd2db0be72157 - - default default] Successfully bumped revision number for resource 959239e2-9019-4224-90b7-05bdb3dfb75a (type: security_group_rules) to 0
2026-06-25 23:28:50.434 9 INFO neutron.wsgi [None req-3cf7b44d-1e07-4c6d-8c26-6e2c6fbc72ab e77e1ea2aefa4075b3d545a6e9061913 d9ad21821c3749f689ffd2db0be72157 - - default default] 10.0.0.89 "POST /v2.0/security-group-rules HTTP/1.1" status: 201 len: 769 time: 0.2042472
2026-06-25 23:28:50.443 9 WARNING neutron_lib.context [None req-18eda470-8b7d-42ca-9432-1367e8b0f1d8 e77e1ea2aefa4075b3d545a6e9061913 d9ad21821c3749f689ffd2db0be72157 - - default default] Method 'is_advsvc' is deprecated since 2023.2 release (neutron-lib 3.8.0) and will be removed once support for the old RBAC API policies will be removed from Neutron. Please use method 'is_service_role' instead.
2026-06-25 23:28:50.446 10 INFO neutron.wsgi [req-5e5965b2-4eda-449b-8bff-8a4b7ce49016 req-9c1c6b38-0652-4d33-a9ae-7cce16808b77 50cbca233e2b4abdb96e24e1acd75635 dda58e1b594c4b15a3edbdf7b20169e5 - - default default] 10.0.0.227 "GET /v2.0/security-groups?tenant_id=dda58e1b594c4b15a3edbdf7b20169e5 HTTP/1.1" status: 200 len: 7796 time: 0.0840235
2026-06-25 23:28:50.507 10 INFO neutron.wsgi [req-5e5965b2-4eda-449b-8bff-8a4b7ce49016 req-6760f595-724b-4b08-b6a5-56822f1878e0 50cbca233e2b4abdb96e24e1acd75635 dda58e1b594c4b15a3edbdf7b20169e5 - - default default] 10.0.0.227 "GET /v2.0/security-groups/d1a6d9c1-750e-4dcf-a995-c31bc92ee450 HTTP/1.1" status: 200 len: 2994 time: 0.0514925
2026-06-25 23:28:50.555 10 INFO neutron.wsgi [req-5e5965b2-4eda-449b-8bff-8a4b7ce49016 req-a968a9bf-0c96-4411-a8dd-4046a49d2798 50cbca233e2b4abdb96e24e1acd75635 dda58e1b594c4b15a3edbdf7b20169e5 - - default default] 10.0.0.227 "GET /v2.0/security-groups/d1a6d9c1-750e-4dcf-a995-c31bc92ee450 HTTP/1.1" status: 200 len: 2994 time: 0.0403666
2026-06-25 23:28:50.557 10 INFO neutron.db.ovn_revision_numbers_db [None req-472961e8-e9eb-4877-b6e9-5f216e739dcd 9089057e8b3b45cbba9ee2e7a472e3b0 72744b09b8ba48b8a3e6b17504fc11fd - - default default] Successfully bumped revision number for resource 05612ebc-fdbc-4906-a1ca-ea61d2b022a8 (type: router_ports) to 1
2026-06-25 23:28:50.614 10 INFO neutron.wsgi [req-53e65dba-7301-4a4c-85cf-045cf5f2f125 req-179fbdec-73c0-477b-89a1-a47f0003163e 50cbca233e2b4abdb96e24e1acd75635 dda58e1b594c4b15a3edbdf7b20169e5 - - default default] 10.0.0.227 "GET /v2.0/security-groups/7bab94dd-634c-41a9-9caa-906aa292b1cd HTTP/1.1" status: 200 len: 1817 time: 0.0333486
2026-06-25 23:28:50.659 9 INFO neutron.db.ovn_revision_numbers_db [None req-9a75640a-8120-4de4-ab04-0c51dbe867d7 - - - - - -] Successfully bumped revision number for resource 6dfc69a2-4d8d-462d-bb20-2a162a2a0f89 (type: router_ports) to 3
2026-06-25 23:28:50.708 10 INFO neutron.db.ovn_revision_numbers_db [None req-472961e8-e9eb-4877-b6e9-5f216e739dcd 9089057e8b3b45cbba9ee2e7a472e3b0 72744b09b8ba48b8a3e6b17504fc11fd - - default default] Successfully bumped revision number for resource 05612ebc-fdbc-4906-a1ca-ea61d2b022a8 (type: ports) to 1
2026-06-25 23:28:50.768 10 INFO neutron.wsgi [req-53e65dba-7301-4a4c-85cf-045cf5f2f125 req-174cd264-94bc-45d9-aeb6-beab74bac8b2 50cbca233e2b4abdb96e24e1acd75635 dda58e1b594c4b15a3edbdf7b20169e5 - - default default] 10.0.0.227 "DELETE /v2.0/security-groups/7bab94dd-634c-41a9-9caa-906aa292b1cd HTTP/1.1" status: 204 len: 173 time: 0.1446025
2026-06-25 23:28:50.778 10 WARNING neutron.scheduler.dhcp_agent_scheduler [None req-472961e8-e9eb-4877-b6e9-5f216e739dcd 9089057e8b3b45cbba9ee2e7a472e3b0 72744b09b8ba48b8a3e6b17504fc11fd - - default default] No more DHCP agents
2026-06-25 23:28:50.779 10 WARNING neutron.api.rpc.agentnotifiers.dhcp_rpc_agent_api [None req-472961e8-e9eb-4877-b6e9-5f216e739dcd 9089057e8b3b45cbba9ee2e7a472e3b0 72744b09b8ba48b8a3e6b17504fc11fd - - default default] Unable to schedule network d0994273-7e88-4c72-ad94-60cf0f486af7: no agents available; will retry on subsequent port and subnet creation events.
2026-06-25 23:28:50.783 9 WARNING neutron.scheduler.dhcp_agent_scheduler [None req-18eda470-8b7d-42ca-9432-1367e8b0f1d8 e77e1ea2aefa4075b3d545a6e9061913 d9ad21821c3749f689ffd2db0be72157 - - default default] No more DHCP agents
2026-06-25 23:28:50.786 9 WARNING neutron.api.rpc.agentnotifiers.dhcp_rpc_agent_api [None req-18eda470-8b7d-42ca-9432-1367e8b0f1d8 e77e1ea2aefa4075b3d545a6e9061913 d9ad21821c3749f689ffd2db0be72157 - - default default] Unable to schedule network a6b061e7-ef29-4b14-9ccc-96c438219742: no agents available; will retry on subsequent port and subnet creation events.
2026-06-25 23:28:50.816 10 INFO neutron.api.v2.resource [req-bdfb0c0b-3b4a-49ec-9905-298c7daff2ad req-52c7b193-c7c0-475f-b3b3-b270cb6f21fe 50cbca233e2b4abdb96e24e1acd75635 dda58e1b594c4b15a3edbdf7b20169e5 - - default default] show failed (client error): The resource could not be found.
2026-06-25 23:28:50.817 10 INFO neutron.wsgi [req-bdfb0c0b-3b4a-49ec-9905-298c7daff2ad req-52c7b193-c7c0-475f-b3b3-b270cb6f21fe 50cbca233e2b4abdb96e24e1acd75635 dda58e1b594c4b15a3edbdf7b20169e5 - - default default] 10.0.0.227 "GET /v2.0/security-groups/7bab94dd-634c-41a9-9caa-906aa292b1cd HTTP/1.1" status: 404 len: 352 time: 0.0166659
2026-06-25 23:28:50.832 9 INFO neutron.db.ovn_revision_numbers_db [None req-9a75640a-8120-4de4-ab04-0c51dbe867d7 - - - - - -] Successfully bumped revision number for resource 6dfc69a2-4d8d-462d-bb20-2a162a2a0f89 (type: ports) to 2
2026-06-25 23:28:50.882 10 INFO neutron.wsgi [req-4dd531a8-67b8-44da-9a21-5733d9031df7 req-54d80a4e-0a72-41df-a86e-2e3b0370cb91 50cbca233e2b4abdb96e24e1acd75635 dda58e1b594c4b15a3edbdf7b20169e5 - - default default] 10.0.0.227 "GET /v2.0/security-groups/1b9a2255-3567-4fb1-ba77-2c01808425cd HTTP/1.1" status: 200 len: 1818 time: 0.0456204
2026-06-25 23:28:51.086 10 INFO neutron.wsgi [req-4dd531a8-67b8-44da-9a21-5733d9031df7 req-eccc21e4-3d64-468e-b5c2-8218f1b6b0b6 50cbca233e2b4abdb96e24e1acd75635 dda58e1b594c4b15a3edbdf7b20169e5 - - default default] 10.0.0.227 "DELETE /v2.0/security-groups/1b9a2255-3567-4fb1-ba77-2c01808425cd HTTP/1.1" status: 204 len: 173 time: 0.1964052
2026-06-25 23:28:51.117 10 INFO neutron.api.v2.resource [req-3d0c661e-ecf5-49ef-8576-95d59c8202b3 req-01c004ee-1a81-4ca7-bb81-621e15eaf53b 50cbca233e2b4abdb96e24e1acd75635 dda58e1b594c4b15a3edbdf7b20169e5 - - default default] show failed (client error): The resource could not be found.
2026-06-25 23:28:51.118 10 INFO neutron.wsgi [req-3d0c661e-ecf5-49ef-8576-95d59c8202b3 req-01c004ee-1a81-4ca7-bb81-621e15eaf53b 50cbca233e2b4abdb96e24e1acd75635 dda58e1b594c4b15a3edbdf7b20169e5 - - default default] 10.0.0.227 "GET /v2.0/security-groups/1b9a2255-3567-4fb1-ba77-2c01808425cd HTTP/1.1" status: 404 len: 352 time: 0.0135679
2026-06-25 23:28:51.193 10 INFO neutron.wsgi [req-80c2e6f7-3abd-4c4d-9439-90f601b29ef6 req-f369d841-ded8-40d5-ab87-cc9dc31414f2 50cbca233e2b4abdb96e24e1acd75635 dda58e1b594c4b15a3edbdf7b20169e5 - - default default] 10.0.0.227 "GET /v2.0/security-groups/d4ffa43c-cfe6-44e3-a7ac-f0b3bb1821f9 HTTP/1.1" status: 200 len: 1818 time: 0.0562394
2026-06-25 23:28:51.243 9 INFO neutron.db.ovn_revision_numbers_db [None req-18eda470-8b7d-42ca-9432-1367e8b0f1d8 e77e1ea2aefa4075b3d545a6e9061913 d9ad21821c3749f689ffd2db0be72157 - - default default] Successfully bumped revision number for resource dfdc4cf9-d3cb-42c2-a9ca-3825193e2969 (type: floatingips) to 0
2026-06-25 23:28:51.257 9 INFO neutron.wsgi [None req-18eda470-8b7d-42ca-9432-1367e8b0f1d8 e77e1ea2aefa4075b3d545a6e9061913 d9ad21821c3749f689ffd2db0be72157 - - default default] 10.0.0.89 "POST /v2.0/floatingips HTTP/1.1" status: 201 len: 751 time: 0.8183806
2026-06-25 23:28:51.261 9 INFO neutron.db.ovn_revision_numbers_db [None req-9a75640a-8120-4de4-ab04-0c51dbe867d7 - - - - - -] Successfully bumped revision number for resource 6dfc69a2-4d8d-462d-bb20-2a162a2a0f89 (type: ports) to 4
2026-06-25 23:28:51.462 9 INFO neutron.db.ovn_revision_numbers_db [None req-9a75640a-8120-4de4-ab04-0c51dbe867d7 - - - - - -] Successfully bumped revision number for resource 6dfc69a2-4d8d-462d-bb20-2a162a2a0f89 (type: router_ports) to 4
2026-06-25 23:28:51.509 10 INFO neutron.wsgi [req-80c2e6f7-3abd-4c4d-9439-90f601b29ef6 req-9dace157-84a9-46c6-b0a6-b4db106cd361 50cbca233e2b4abdb96e24e1acd75635 dda58e1b594c4b15a3edbdf7b20169e5 - - default default] 10.0.0.227 "DELETE /v2.0/security-groups/d4ffa43c-cfe6-44e3-a7ac-f0b3bb1821f9 HTTP/1.1" status: 204 len: 173 time: 0.3126149
2026-06-25 23:28:51.542 10 INFO neutron.api.v2.resource [req-26178ff4-e7ef-405d-964b-ed5ea26af176 req-328cf6ce-0398-4646-94bc-ac106555eb6d 50cbca233e2b4abdb96e24e1acd75635 dda58e1b594c4b15a3edbdf7b20169e5 - - default default] show failed (client error): The resource could not be found.
2026-06-25 23:28:51.543 10 INFO neutron.wsgi [req-26178ff4-e7ef-405d-964b-ed5ea26af176 req-328cf6ce-0398-4646-94bc-ac106555eb6d 50cbca233e2b4abdb96e24e1acd75635 dda58e1b594c4b15a3edbdf7b20169e5 - - default default] 10.0.0.227 "GET /v2.0/security-groups/d4ffa43c-cfe6-44e3-a7ac-f0b3bb1821f9 HTTP/1.1" status: 404 len: 352 time: 0.0145411
2026-06-25 23:28:51.612 10 INFO neutron.wsgi [req-ff166e1e-5fc7-4a97-8b70-befcf8ccc63e req-9ac67610-b66b-49f9-8e38-8c50755d88c0 50cbca233e2b4abdb96e24e1acd75635 dda58e1b594c4b15a3edbdf7b20169e5 - - default default] 10.0.0.227 "GET /v2.0/security-groups?tenant_id=dda58e1b594c4b15a3edbdf7b20169e5 HTTP/1.1" status: 200 len: 2997 time: 0.0468140
2026-06-25 23:28:51.692 10 INFO neutron.wsgi [req-ff166e1e-5fc7-4a97-8b70-befcf8ccc63e req-bda8882d-9ec6-45df-a1e3-c1ab834e7c2b 50cbca233e2b4abdb96e24e1acd75635 dda58e1b594c4b15a3edbdf7b20169e5 - - default default] 10.0.0.227 "GET /v2.0/security-groups/d1a6d9c1-750e-4dcf-a995-c31bc92ee450 HTTP/1.1" status: 200 len: 2994 time: 0.0617578
2026-06-25 23:28:51.701 10 INFO neutron.wsgi [req-776d16da-da21-4f6d-909b-f1fd56c85130 req-c5a162e7-4a67-4b0b-8097-18bac9c3c364 e77e1ea2aefa4075b3d545a6e9061913 d9ad21821c3749f689ffd2db0be72157 - - default default] 10.0.0.227 "GET /v2.0/security-groups?name=tempest-securitygroup--1531544461&fields=id&tenant_id=d9ad21821c3749f689ffd2db0be72157 HTTP/1.1" status: 200 len: 267 time: 0.0632782
2026-06-25 23:28:51.788 10 INFO neutron.wsgi [req-ff166e1e-5fc7-4a97-8b70-befcf8ccc63e req-f86f537e-1d6e-46f4-845f-7089183ee63a 50cbca233e2b4abdb96e24e1acd75635 dda58e1b594c4b15a3edbdf7b20169e5 - - default default] 10.0.0.227 "GET /v2.0/security-groups/d1a6d9c1-750e-4dcf-a995-c31bc92ee450 HTTP/1.1" status: 200 len: 2994 time: 0.0868151
2026-06-25 23:28:51.838 10 INFO neutron.wsgi [req-776d16da-da21-4f6d-909b-f1fd56c85130 req-92bdb02c-655b-46dc-bddf-34321fb484a3 e77e1ea2aefa4075b3d545a6e9061913 d9ad21821c3749f689ffd2db0be72157 - - default default] 10.0.0.227 "GET /v2.0/networks?id=ab7b8a19-35fb-42c1-9545-3bf73190891a HTTP/1.1" status: 200 len: 882 time: 0.1255224
2026-06-25 23:28:51.840 10 INFO neutron.api.v2.resource [req-c6fb6d19-04a7-4fff-9006-3931c9820515 req-d86bbd01-4583-43d9-853c-1ab16ebbe87a 50cbca233e2b4abdb96e24e1acd75635 dda58e1b594c4b15a3edbdf7b20169e5 - - default default] show failed (client error): The resource could not be found.
2026-06-25 23:28:51.841 10 INFO neutron.wsgi [req-c6fb6d19-04a7-4fff-9006-3931c9820515 req-d86bbd01-4583-43d9-853c-1ab16ebbe87a 50cbca233e2b4abdb96e24e1acd75635 dda58e1b594c4b15a3edbdf7b20169e5 - - default default] 10.0.0.227 "GET /v2.0/security-groups/d4ffa43c-cfe6-44e3-a7ac-f0b3bb1821f9 HTTP/1.1" status: 404 len: 352 time: 0.0180893
2026-06-25 23:28:51.866 10 INFO neutron.wsgi [req-776d16da-da21-4f6d-909b-f1fd56c85130 req-d1486cb3-6e28-43fe-994b-ea0919c3d809 e77e1ea2aefa4075b3d545a6e9061913 d9ad21821c3749f689ffd2db0be72157 - - default default] 10.0.0.227 "GET /v2.0/quotas/d9ad21821c3749f689ffd2db0be72157 HTTP/1.1" status: 200 len: 386 time: 0.0211055
2026-06-25 23:28:51.891 10 INFO neutron.db.ovn_revision_numbers_db [None req-472961e8-e9eb-4877-b6e9-5f216e739dcd 9089057e8b3b45cbba9ee2e7a472e3b0 72744b09b8ba48b8a3e6b17504fc11fd - - default default] Successfully bumped revision number for resource 05612ebc-fdbc-4906-a1ca-ea61d2b022a8 (type: router_ports) to 1
2026-06-25 23:28:51.893 10 INFO neutron.wsgi [None req-472961e8-e9eb-4877-b6e9-5f216e739dcd 9089057e8b3b45cbba9ee2e7a472e3b0 72744b09b8ba48b8a3e6b17504fc11fd - - default default] 10.0.0.89 "PUT /v2.0/routers/a40e0951-14f2-41d3-a3e1-2e54eaa0d49d/add_router_interface HTTP/1.1" status: 200 len: 503 time: 2.4110694
2026-06-25 23:28:51.916 10 INFO neutron.api.v2.resource [req-2110a029-a44e-471b-86b3-4d7f5e01afab req-a7aaa453-aa80-419f-9f52-f38864dc2b78 50cbca233e2b4abdb96e24e1acd75635 dda58e1b594c4b15a3edbdf7b20169e5 - - default default] show failed (client error): The resource could not be found.
2026-06-25 23:28:51.917 10 INFO neutron.wsgi [req-2110a029-a44e-471b-86b3-4d7f5e01afab req-a7aaa453-aa80-419f-9f52-f38864dc2b78 50cbca233e2b4abdb96e24e1acd75635 dda58e1b594c4b15a3edbdf7b20169e5 - - default default] 10.0.0.227 "GET /v2.0/security-groups/1b9a2255-3567-4fb1-ba77-2c01808425cd HTTP/1.1" status: 404 len: 352 time: 0.0351875
2026-06-25 23:28:51.960 10 INFO neutron.api.v2.resource [req-1ba5adf7-d969-4c26-b857-31abbe2674c5 req-99f7d2f1-4c19-4fd6-ab71-e7c8c7f300a2 50cbca233e2b4abdb96e24e1acd75635 dda58e1b594c4b15a3edbdf7b20169e5 - - default default] show failed (client error): The resource could not be found.
2026-06-25 23:28:51.961 10 INFO neutron.wsgi [req-1ba5adf7-d969-4c26-b857-31abbe2674c5 req-99f7d2f1-4c19-4fd6-ab71-e7c8c7f300a2 50cbca233e2b4abdb96e24e1acd75635 dda58e1b594c4b15a3edbdf7b20169e5 - - default default] 10.0.0.227 "GET /v2.0/security-groups/7bab94dd-634c-41a9-9caa-906aa292b1cd HTTP/1.1" status: 404 len: 352 time: 0.0214233
2026-06-25 23:28:52.025 10 INFO neutron.wsgi [req-776d16da-da21-4f6d-909b-f1fd56c85130 req-279f1afb-276a-4b99-8164-f2ba2d0dee79 e77e1ea2aefa4075b3d545a6e9061913 d9ad21821c3749f689ffd2db0be72157 - - default default] 10.0.0.227 "GET /v2.0/ports?tenant_id=d9ad21821c3749f689ffd2db0be72157&fields=id HTTP/1.1" status: 200 len: 302 time: 0.1512122
2026-06-25 23:28:52.056 10 WARNING neutron.plugins.ml2.drivers.ovn.mech_driver.ovsdb.ovn_client [None req-80ac8514-3889-44ae-b8d3-40148fbfc6ac - - - - - -] No hosting information found for port b4dc2282-006c-44d5-a319-cf9f296b5529: RuntimeError: No hosting information found for port b4dc2282-006c-44d5-a319-cf9f296b5529
2026-06-25 23:28:52.056 10 INFO neutron.plugins.ml2.drivers.ovn.mech_driver.mech_driver [None req-80ac8514-3889-44ae-b8d3-40148fbfc6ac - - - - - -] OVN reports status up for port: 03a9085d-1787-4f22-9ed1-fa7aa53bbe85
2026-06-25 23:28:52.064 10 INFO neutron.plugins.ml2.plugin [None req-80ac8514-3889-44ae-b8d3-40148fbfc6ac - - - - - -] Attempt 1 to provision port 03a9085d-1787-4f22-9ed1-fa7aa53bbe85
2026-06-25 23:28:52.402 10 WARNING neutron_lib.context [req-f22dd9d2-f819-4999-8713-b8953ffee0d0 req-5108d3f4-91d3-4760-a9bb-367c700978f6 4e48035da4b24807af6ab9c0e7e14599 c95c80d0a8ff442694282d8557d8619c - - default default] Method 'is_advsvc' is deprecated since 2023.2 release (neutron-lib 3.8.0) and will be removed once support for the old RBAC API policies will be removed from Neutron. Please use method 'is_service_role' instead.
2026-06-25 23:28:52.444 10 INFO neutron.wsgi [req-776d16da-da21-4f6d-909b-f1fd56c85130 req-5e1b6b53-a33b-4941-af9c-ccba459a17fe 4305f2eb0a454ae7afbde0d0e0f17c49 a9466336b3fd40b1bbb1e9a2323ae8bb - - 72461810ce124ffeba27c79f004d6667 72461810ce124ffeba27c79f004d6667] 10.0.0.227 "GET /v2.0/extensions HTTP/1.1" status: 200 len: 16980 time: 0.0590572
2026-06-25 23:28:52.559 10 INFO neutron.wsgi [req-776d16da-da21-4f6d-909b-f1fd56c85130 req-75eb823a-aeaf-4190-a8e9-0ef04d611c61 4305f2eb0a454ae7afbde0d0e0f17c49 a9466336b3fd40b1bbb1e9a2323ae8bb - - 72461810ce124ffeba27c79f004d6667 72461810ce124ffeba27c79f004d6667] 10.0.0.227 "GET /v2.0/networks/ab7b8a19-35fb-42c1-9545-3bf73190891a?fields=segments HTTP/1.1" status: 200 len: 212 time: 0.1055300
2026-06-25 23:28:52.678 10 INFO neutron.wsgi [req-776d16da-da21-4f6d-909b-f1fd56c85130 req-92143aa8-125b-4cfd-85b4-5c6ff874e3cf 4305f2eb0a454ae7afbde0d0e0f17c49 a9466336b3fd40b1bbb1e9a2323ae8bb - - 72461810ce124ffeba27c79f004d6667 72461810ce124ffeba27c79f004d6667] 10.0.0.227 "GET /v2.0/networks/ab7b8a19-35fb-42c1-9545-3bf73190891a?fields=provider%3Aphysical_network&fields=provider%3Anetwork_type HTTP/1.1" status: 200 len: 277 time: 0.1112237
2026-06-25 23:28:52.689 10 INFO neutron.db.ovn_revision_numbers_db [None req-80ac8514-3889-44ae-b8d3-40148fbfc6ac - - - - - -] Successfully bumped revision number for resource 03a9085d-1787-4f22-9ed1-fa7aa53bbe85 (type: ports) to 2
2026-06-25 23:28:52.705 10 INFO neutron.db.ovn_revision_numbers_db [req-f22dd9d2-f819-4999-8713-b8953ffee0d0 req-5108d3f4-91d3-4760-a9bb-367c700978f6 4e48035da4b24807af6ab9c0e7e14599 c95c80d0a8ff442694282d8557d8619c - - default default] Successfully bumped revision number for resource 0dc425e0-ae51-4ba7-b614-5e00527a132a (type: security_groups) to 1
2026-06-25 23:28:52.750 10 INFO neutron.db.ovn_revision_numbers_db [req-f22dd9d2-f819-4999-8713-b8953ffee0d0 req-5108d3f4-91d3-4760-a9bb-367c700978f6 4e48035da4b24807af6ab9c0e7e14599 c95c80d0a8ff442694282d8557d8619c - - default default] Successfully bumped revision number for resource 86fb1b61-32b9-4323-969a-e83823639d2d (type: security_group_rules) to 0
2026-06-25 23:28:52.782 10 INFO neutron.db.ovn_revision_numbers_db [req-f22dd9d2-f819-4999-8713-b8953ffee0d0 req-5108d3f4-91d3-4760-a9bb-367c700978f6 4e48035da4b24807af6ab9c0e7e14599 c95c80d0a8ff442694282d8557d8619c - - default default] Successfully bumped revision number for resource a6f1d413-b45a-47ec-860a-f6a266983155 (type: security_group_rules) to 0
2026-06-25 23:28:52.822 10 INFO neutron.wsgi [req-f22dd9d2-f819-4999-8713-b8953ffee0d0 req-5108d3f4-91d3-4760-a9bb-367c700978f6 4e48035da4b24807af6ab9c0e7e14599 c95c80d0a8ff442694282d8557d8619c - - default default] 10.0.0.227 "POST /v2.0/security-groups HTTP/1.1" status: 201 len: 1827 time: 0.4357371
2026-06-25 23:28:52.885 10 INFO neutron.db.ovn_revision_numbers_db [None req-80ac8514-3889-44ae-b8d3-40148fbfc6ac - - - - - -] Successfully bumped revision number for resource 03a9085d-1787-4f22-9ed1-fa7aa53bbe85 (type: router_ports) to 2
2026-06-25 23:28:52.890 10 INFO neutron.wsgi [req-881fbb3b-7d40-42fb-a473-5da51f5ed053 req-b80ab49d-71d0-4c69-a63e-a22706fdf8cd e77e1ea2aefa4075b3d545a6e9061913 d9ad21821c3749f689ffd2db0be72157 - - default default] 10.0.0.227 "GET /v2.0/ports?device_id=fef0eed3-54fc-4ade-90e4-02cfa0dcbcc8 HTTP/1.1" status: 200 len: 210 time: 0.0432436
2026-06-25 23:28:52.943 10 INFO neutron.wsgi [req-aa8b7663-22d8-4d2d-848d-ed51e9b8908e req-f3f0aa6c-e916-4d90-9df8-e6c32c24d3de 4e48035da4b24807af6ab9c0e7e14599 c95c80d0a8ff442694282d8557d8619c - - default default] 10.0.0.227 "GET /v2.0/security-groups/0dc425e0-ae51-4ba7-b614-5e00527a132a HTTP/1.1" status: 200 len: 1822 time: 0.0911210
2026-06-25 23:28:52.964 10 WARNING neutron_lib.context [req-aa8b7663-22d8-4d2d-848d-ed51e9b8908e req-45241b8c-73f5-4010-a1f3-c050683675aa 4e48035da4b24807af6ab9c0e7e14599 c95c80d0a8ff442694282d8557d8619c - - default default] Method 'is_advsvc' is deprecated since 2023.2 release (neutron-lib 3.8.0) and will be removed once support for the old RBAC API policies will be removed from Neutron. Please use method 'is_service_role' instead.
2026-06-25 23:28:53.183 10 INFO neutron.db.ovn_revision_numbers_db [req-aa8b7663-22d8-4d2d-848d-ed51e9b8908e req-45241b8c-73f5-4010-a1f3-c050683675aa 4e48035da4b24807af6ab9c0e7e14599 c95c80d0a8ff442694282d8557d8619c - - default default] Successfully bumped revision number for resource 60c693c3-9d11-4587-8a89-50abde1a6546 (type: security_group_rules) to 0
2026-06-25 23:28:53.206 10 INFO neutron.wsgi [req-aa8b7663-22d8-4d2d-848d-ed51e9b8908e req-45241b8c-73f5-4010-a1f3-c050683675aa 4e48035da4b24807af6ab9c0e7e14599 c95c80d0a8ff442694282d8557d8619c - - default default] 10.0.0.227 "POST /v2.0/security-group-rules HTTP/1.1" status: 201 len: 786 time: 0.2501578
2026-06-25 23:28:53.244 10 WARNING neutron_lib.context [req-ccf848c4-bd4b-4c5f-a8b0-fdbf680af01f req-73ce1f56-d2dc-458e-b17e-cd5d085f7db2 4e48035da4b24807af6ab9c0e7e14599 c95c80d0a8ff442694282d8557d8619c - - default default] Method 'is_advsvc' is deprecated since 2023.2 release (neutron-lib 3.8.0) and will be removed once support for the old RBAC API policies will be removed from Neutron. Please use method 'is_service_role' instead.
2026-06-25 23:28:53.388 10 INFO neutron.db.ovn_revision_numbers_db [req-ccf848c4-bd4b-4c5f-a8b0-fdbf680af01f req-73ce1f56-d2dc-458e-b17e-cd5d085f7db2 4e48035da4b24807af6ab9c0e7e14599 c95c80d0a8ff442694282d8557d8619c - - default default] Successfully bumped revision number for resource 6a4ff028-8a24-4777-9d76-2269a6b2d27b (type: security_groups) to 1
2026-06-25 23:28:53.414 10 INFO neutron.db.ovn_revision_numbers_db [req-ccf848c4-bd4b-4c5f-a8b0-fdbf680af01f req-73ce1f56-d2dc-458e-b17e-cd5d085f7db2 4e48035da4b24807af6ab9c0e7e14599 c95c80d0a8ff442694282d8557d8619c - - default default] Successfully bumped revision number for resource 67993b6b-704f-425b-a192-ca29c61faddd (type: security_group_rules) to 0
2026-06-25 23:28:53.432 10 INFO neutron.db.ovn_revision_numbers_db [req-ccf848c4-bd4b-4c5f-a8b0-fdbf680af01f req-73ce1f56-d2dc-458e-b17e-cd5d085f7db2 4e48035da4b24807af6ab9c0e7e14599 c95c80d0a8ff442694282d8557d8619c - - default default] Successfully bumped revision number for resource 8e279654-89b4-43f2-bf62-82fb38123178 (type: security_group_rules) to 0
2026-06-25 23:28:53.456 10 INFO neutron.wsgi [req-ccf848c4-bd4b-4c5f-a8b0-fdbf680af01f req-73ce1f56-d2dc-458e-b17e-cd5d085f7db2 4e48035da4b24807af6ab9c0e7e14599 c95c80d0a8ff442694282d8557d8619c - - default default] 10.0.0.227 "POST /v2.0/security-groups HTTP/1.1" status: 201 len: 1826 time: 0.2192452
2026-06-25 23:28:53.539 9 WARNING neutron.plugins.ml2.drivers.ovn.mech_driver.ovsdb.ovn_client [None req-aaba1074-abd1-4a59-bbf0-16f74f6b2b65 - - - - - -] No hosting information found for port 1df5a203-d94d-4c64-b285-96d00e1f2dde: RuntimeError: No hosting information found for port 1df5a203-d94d-4c64-b285-96d00e1f2dde
2026-06-25 23:28:53.539 9 INFO neutron.plugins.ml2.drivers.ovn.mech_driver.mech_driver [None req-aaba1074-abd1-4a59-bbf0-16f74f6b2b65 - - - - - -] OVN reports status up for port: 05612ebc-fdbc-4906-a1ca-ea61d2b022a8
2026-06-25 23:28:53.544 9 INFO neutron.plugins.ml2.plugin [None req-aaba1074-abd1-4a59-bbf0-16f74f6b2b65 - - - - - -] Attempt 1 to provision port 05612ebc-fdbc-4906-a1ca-ea61d2b022a8
2026-06-25 23:28:53.547 10 INFO neutron.wsgi [req-54a1c368-e99b-4f5f-a2ae-f37f4cafc1db req-f9bdaaca-91a5-4b65-a793-8200208842e1 4e48035da4b24807af6ab9c0e7e14599 c95c80d0a8ff442694282d8557d8619c - - default default] 10.0.0.227 "GET /v2.0/security-groups/6a4ff028-8a24-4777-9d76-2269a6b2d27b HTTP/1.1" status: 200 len: 1821 time: 0.0646555
2026-06-25 23:28:53.557 10 WARNING neutron_lib.context [req-54a1c368-e99b-4f5f-a2ae-f37f4cafc1db req-adf17d2f-b033-4f2b-b7d0-4c111fa814a3 4e48035da4b24807af6ab9c0e7e14599 c95c80d0a8ff442694282d8557d8619c - - default default] Method 'is_advsvc' is deprecated since 2023.2 release (neutron-lib 3.8.0) and will be removed once support for the old RBAC API policies will be removed from Neutron. Please use method 'is_service_role' instead.
2026-06-25 23:28:53.819 9 INFO neutron.db.ovn_revision_numbers_db [None req-aaba1074-abd1-4a59-bbf0-16f74f6b2b65 - - - - - -] Successfully bumped revision number for resource 05612ebc-fdbc-4906-a1ca-ea61d2b022a8 (type: ports) to 2
2026-06-25 23:28:53.862 10 INFO neutron.db.ovn_revision_numbers_db [req-54a1c368-e99b-4f5f-a2ae-f37f4cafc1db req-adf17d2f-b033-4f2b-b7d0-4c111fa814a3 4e48035da4b24807af6ab9c0e7e14599 c95c80d0a8ff442694282d8557d8619c - - default default] Successfully bumped revision number for resource 64c53a27-fd7a-4074-bc27-eb495305cdb7 (type: security_group_rules) to 0
2026-06-25 23:28:53.887 10 INFO neutron.wsgi [req-54a1c368-e99b-4f5f-a2ae-f37f4cafc1db req-adf17d2f-b033-4f2b-b7d0-4c111fa814a3 4e48035da4b24807af6ab9c0e7e14599 c95c80d0a8ff442694282d8557d8619c - - default default] 10.0.0.227 "POST /v2.0/security-group-rules HTTP/1.1" status: 201 len: 786 time: 0.3361056
2026-06-25 23:28:53.901 9 INFO neutron.db.ovn_revision_numbers_db [None req-aaba1074-abd1-4a59-bbf0-16f74f6b2b65 - - - - - -] Successfully bumped revision number for resource 05612ebc-fdbc-4906-a1ca-ea61d2b022a8 (type: router_ports) to 2 /var/lib/openstack/lib/python3.10/site-packages/pycadf/identifier.py:71: UserWarning: Invalid uuid: neutron. To ensure interoperability, identifiers should be a valid uuid. warnings.warn(('Invalid uuid: %s. To ensure interoperability, '
2026-06-25 23:28:53.954 10 INFO neutron.wsgi [None req-4cebc43a-6148-4c4a-ad96-1ae151dfb64e 9089057e8b3b45cbba9ee2e7a472e3b0 72744b09b8ba48b8a3e6b17504fc11fd - - default default] 10.0.0.89 "PUT /v2.0/routers/5921e413-b43b-43fb-aa98-ec475fe7b9c7/remove_router_interface HTTP/1.1" status: 200 len: 503 time: 1.9815943
2026-06-25 23:28:53.970 10 INFO neutron.wsgi [req-eae4088a-d24e-421c-9ced-24b3f4d2eb03 req-f8af9386-79e0-421a-88fa-086f9daa1746 4e48035da4b24807af6ab9c0e7e14599 c95c80d0a8ff442694282d8557d8619c - - default default] 10.0.0.227 "GET /v2.0/security-groups/6a4ff028-8a24-4777-9d76-2269a6b2d27b HTTP/1.1" status: 200 len: 2414 time: 0.0368137
2026-06-25 23:28:53.981 10 WARNING neutron_lib.context [req-eae4088a-d24e-421c-9ced-24b3f4d2eb03 req-f39e29d3-48c1-494e-b3cf-627f06f65c49 4e48035da4b24807af6ab9c0e7e14599 c95c80d0a8ff442694282d8557d8619c - - default default] Method 'is_advsvc' is deprecated since 2023.2 release (neutron-lib 3.8.0) and will be removed once support for the old RBAC API policies will be removed from Neutron. Please use method 'is_service_role' instead.
2026-06-25 23:28:54.085 10 INFO neutron.db.ovn_revision_numbers_db [req-eae4088a-d24e-421c-9ced-24b3f4d2eb03 req-f39e29d3-48c1-494e-b3cf-627f06f65c49 4e48035da4b24807af6ab9c0e7e14599 c95c80d0a8ff442694282d8557d8619c - - default default] Successfully bumped revision number for resource fdee041c-5115-4468-9ed8-6c797fc8031f (type: security_group_rules) to 0
2026-06-25 23:28:54.109 10 INFO neutron.wsgi [req-eae4088a-d24e-421c-9ced-24b3f4d2eb03 req-f39e29d3-48c1-494e-b3cf-627f06f65c49 4e48035da4b24807af6ab9c0e7e14599 c95c80d0a8ff442694282d8557d8619c - - default default] 10.0.0.227 "POST /v2.0/security-group-rules HTTP/1.1" status: 201 len: 791 time: 0.1331205
2026-06-25 23:28:54.203 10 INFO neutron.wsgi [req-b5c574b5-81ee-42c2-a536-233eb85b698a req-f616ce39-c994-4e08-876a-4ef7d70ec24f e77e1ea2aefa4075b3d545a6e9061913 d9ad21821c3749f689ffd2db0be72157 - - default default] 10.0.0.227 "GET /v2.0/ports?device_id=fef0eed3-54fc-4ade-90e4-02cfa0dcbcc8 HTTP/1.1" status: 200 len: 210 time: 0.0197940
2026-06-25 23:28:54.258 10 INFO neutron.wsgi [req-a8ad6ff3-e16a-444f-844b-82f7ff57e0f6 req-b4fac5b8-e8eb-443a-84ee-6c1dc5e85755 e685bc23c46b438ca3aedafd3028feb9 82420ca9c28b459db796c869ee68faaf - - default default] 10.0.0.227 "GET /v2.0/security-groups?name=tempest-securitygroup--894759814&fields=id&tenant_id=82420ca9c28b459db796c869ee68faaf HTTP/1.1" status: 200 len: 267 time: 0.0575721
2026-06-25 23:28:54.293 10 INFO neutron.wsgi [req-13680314-0145-460e-ba04-f339e9bb75cb req-b2289ba9-070d-4fbf-ba58-a8258a9d487f 4e48035da4b24807af6ab9c0e7e14599 c95c80d0a8ff442694282d8557d8619c - - default default] 10.0.0.227 "GET /v2.0/security-groups/6a4ff028-8a24-4777-9d76-2269a6b2d27b HTTP/1.1" status: 200 len: 3012 time: 0.0674610
2026-06-25 23:28:54.311 10 INFO neutron.wsgi [req-776d16da-da21-4f6d-909b-f1fd56c85130 req-f869ef91-cdf6-4b97-a783-41ae83a1fe06 e77e1ea2aefa4075b3d545a6e9061913 d9ad21821c3749f689ffd2db0be72157 - - default default] 199.204.45.223 "GET /v2.0/networks?id=ab7b8a19-35fb-42c1-9545-3bf73190891a HTTP/1.1" status: 200 len: 882 time: 0.1372731
2026-06-25 23:28:54.340 10 INFO neutron.wsgi [req-55aba214-8b57-4b87-b868-65d7b723c8a8 req-8e8ed594-9d8d-4d68-9de3-3fcf68e5385e 4e48035da4b24807af6ab9c0e7e14599 c95c80d0a8ff442694282d8557d8619c - - default default] 10.0.0.227 "GET /v2.0/security-group-rules/fdee041c-5115-4468-9ed8-6c797fc8031f HTTP/1.1" status: 200 len: 783 time: 0.0219917
2026-06-25 23:28:54.346 10 INFO neutron.wsgi [req-a8ad6ff3-e16a-444f-844b-82f7ff57e0f6 req-929883dd-1d74-44bb-9924-53b854e79003 e685bc23c46b438ca3aedafd3028feb9 82420ca9c28b459db796c869ee68faaf - - default default] 10.0.0.227 "GET /v2.0/networks?id=a221dd0e-73d7-4633-bc1a-1b6e782f7c9c HTTP/1.1" status: 200 len: 879 time: 0.0816841
2026-06-25 23:28:54.373 10 INFO neutron.wsgi [req-a8ad6ff3-e16a-444f-844b-82f7ff57e0f6 req-f390b8db-70e1-4b89-babb-43b9d3cba063 e685bc23c46b438ca3aedafd3028feb9 82420ca9c28b459db796c869ee68faaf - - default default] 10.0.0.227 "GET /v2.0/quotas/82420ca9c28b459db796c869ee68faaf HTTP/1.1" status: 200 len: 386 time: 0.0179389
2026-06-25 23:28:54.383 10 INFO neutron.wsgi [req-776d16da-da21-4f6d-909b-f1fd56c85130 req-894fdf50-8af4-401f-b649-4c4e50f0eb19 e77e1ea2aefa4075b3d545a6e9061913 d9ad21821c3749f689ffd2db0be72157 - - default default] 199.204.45.223 "GET /v2.0/security-groups?fields=id&fields=name&tenant_id=d9ad21821c3749f689ffd2db0be72157 HTTP/1.1" status: 200 len: 380 time: 0.0536942
2026-06-25 23:28:54.395 10 WARNING neutron_lib.context [req-776d16da-da21-4f6d-909b-f1fd56c85130 req-79e8e585-5c9a-42f8-aacc-97035698d9ea e77e1ea2aefa4075b3d545a6e9061913 d9ad21821c3749f689ffd2db0be72157 - - default default] Method 'is_advsvc' is deprecated since 2023.2 release (neutron-lib 3.8.0) and will be removed once support for the old RBAC API policies will be removed from Neutron. Please use method 'is_service_role' instead.
2026-06-25 23:28:54.406 10 INFO neutron.wsgi [req-55aba214-8b57-4b87-b868-65d7b723c8a8 req-7b98255e-35e6-4d7d-a0fd-702d06ce41a9 4e48035da4b24807af6ab9c0e7e14599 c95c80d0a8ff442694282d8557d8619c - - default default] 10.0.0.227 "GET /v2.0/security-groups/6a4ff028-8a24-4777-9d76-2269a6b2d27b HTTP/1.1" status: 200 len: 3012 time: 0.0556912
2026-06-25 23:28:54.525 10 INFO neutron.wsgi [req-a8ad6ff3-e16a-444f-844b-82f7ff57e0f6 req-84c8cd50-a888-47ee-bbc5-a3dd86968bb6 e685bc23c46b438ca3aedafd3028feb9 82420ca9c28b459db796c869ee68faaf - - default default] 10.0.0.227 "GET /v2.0/ports?tenant_id=82420ca9c28b459db796c869ee68faaf&fields=id HTTP/1.1" status: 200 len: 302 time: 0.1462302
2026-06-25 23:28:54.663 10 INFO neutron.wsgi [req-a8ad6ff3-e16a-444f-844b-82f7ff57e0f6 req-2da263ee-54ee-461e-a7f0-e6d14750da36 4305f2eb0a454ae7afbde0d0e0f17c49 a9466336b3fd40b1bbb1e9a2323ae8bb - - 72461810ce124ffeba27c79f004d6667 72461810ce124ffeba27c79f004d6667] 10.0.0.227 "GET /v2.0/networks/a221dd0e-73d7-4633-bc1a-1b6e782f7c9c?fields=segments HTTP/1.1" status: 200 len: 212 time: 0.1245375
2026-06-25 23:28:54.689 10 INFO neutron.wsgi [req-55aba214-8b57-4b87-b868-65d7b723c8a8 req-f83e7fd8-29d8-40fb-8f15-8a6dbbf4ad80 4e48035da4b24807af6ab9c0e7e14599 c95c80d0a8ff442694282d8557d8619c - - default default] 10.0.0.227 "DELETE /v2.0/security-group-rules/fdee041c-5115-4468-9ed8-6c797fc8031f HTTP/1.1" status: 204 len: 173 time: 0.2764454
2026-06-25 23:28:54.768 10 INFO neutron.wsgi [req-a8ad6ff3-e16a-444f-844b-82f7ff57e0f6 req-8ccbe373-7ba8-4c8f-9e8e-cc9725201599 4305f2eb0a454ae7afbde0d0e0f17c49 a9466336b3fd40b1bbb1e9a2323ae8bb - - 72461810ce124ffeba27c79f004d6667 72461810ce124ffeba27c79f004d6667] 10.0.0.227 "GET /v2.0/networks/a221dd0e-73d7-4633-bc1a-1b6e782f7c9c?fields=provider%3Aphysical_network&fields=provider%3Anetwork_type HTTP/1.1" status: 200 len: 277 time: 0.0968287
2026-06-25 23:28:54.778 10 INFO neutron.wsgi [req-41603750-a1d4-4557-b871-586475fb1790 req-5bc62800-7219-4226-b00e-aebd5e278068 4e48035da4b24807af6ab9c0e7e14599 c95c80d0a8ff442694282d8557d8619c - - default default] 10.0.0.227 "GET /v2.0/security-groups/6a4ff028-8a24-4777-9d76-2269a6b2d27b HTTP/1.1" status: 200 len: 2414 time: 0.0616100
2026-06-25 23:28:54.938 10 WARNING neutron.scheduler.dhcp_agent_scheduler [req-776d16da-da21-4f6d-909b-f1fd56c85130 req-79e8e585-5c9a-42f8-aacc-97035698d9ea e77e1ea2aefa4075b3d545a6e9061913 d9ad21821c3749f689ffd2db0be72157 - - default default] No more DHCP agents
2026-06-25 23:28:54.939 10 WARNING neutron.api.rpc.agentnotifiers.dhcp_rpc_agent_api [req-776d16da-da21-4f6d-909b-f1fd56c85130 req-79e8e585-5c9a-42f8-aacc-97035698d9ea e77e1ea2aefa4075b3d545a6e9061913 d9ad21821c3749f689ffd2db0be72157 - - default default] Unable to schedule network ab7b8a19-35fb-42c1-9545-3bf73190891a: no agents available; will retry on subsequent port and subnet creation events.
2026-06-25 23:28:55.005 10 INFO neutron.wsgi [req-41603750-a1d4-4557-b871-586475fb1790 req-0ddd8735-2121-4d00-a7f2-ede06b76fe98 4e48035da4b24807af6ab9c0e7e14599 c95c80d0a8ff442694282d8557d8619c - - default default] 10.0.0.227 "DELETE /v2.0/security-groups/6a4ff028-8a24-4777-9d76-2269a6b2d27b HTTP/1.1" status: 204 len: 173 time: 0.2153172 /var/lib/openstack/lib/python3.10/site-packages/pycadf/identifier.py:71: UserWarning: Invalid uuid: neutron. To ensure interoperability, identifiers should be a valid uuid. warnings.warn(('Invalid uuid: %s. To ensure interoperability, '
2026-06-25 23:28:55.044 9 INFO neutron.wsgi [None req-402adb58-9950-4002-8c13-d10c061e8198 9089057e8b3b45cbba9ee2e7a472e3b0 72744b09b8ba48b8a3e6b17504fc11fd - - default default] 10.0.0.89 "DELETE /v2.0/routers/5921e413-b43b-43fb-aa98-ec475fe7b9c7 HTTP/1.1" status: 204 len: 168 time: 1.0860603
2026-06-25 23:28:55.092 10 INFO neutron.wsgi [req-9177a25e-e3c0-4850-aeb8-dc9739ae8df4 req-db4b7e35-eaed-4eb6-b342-2fb2f95c2f52 4e48035da4b24807af6ab9c0e7e14599 c95c80d0a8ff442694282d8557d8619c - - default default] 10.0.0.227 "GET /v2.0/security-groups/0dc425e0-ae51-4ba7-b614-5e00527a132a HTTP/1.1" status: 200 len: 2415 time: 0.0564075
2026-06-25 23:28:55.140 10 INFO neutron.wsgi [req-0a9602fb-1e4a-4c0a-840d-20dff972a4a7 req-788befa5-9474-48b4-95ce-d151f192d950 e685bc23c46b438ca3aedafd3028feb9 82420ca9c28b459db796c869ee68faaf - - default default] 10.0.0.227 "GET /v2.0/ports?device_id=1ad8817c-0140-4e09-b3b2-29fbc0ef9e84 HTTP/1.1" status: 200 len: 210 time: 0.0243773
2026-06-25 23:28:55.146 10 INFO neutron.db.ovn_revision_numbers_db [req-776d16da-da21-4f6d-909b-f1fd56c85130 req-79e8e585-5c9a-42f8-aacc-97035698d9ea e77e1ea2aefa4075b3d545a6e9061913 d9ad21821c3749f689ffd2db0be72157 - - default default] Successfully bumped revision number for resource b13bccba-5e8d-4dfa-a4d4-5cb94ea45db0 (type: ports) to 1
2026-06-25 23:28:55.170 10 INFO neutron.wsgi [req-776d16da-da21-4f6d-909b-f1fd56c85130 req-79e8e585-5c9a-42f8-aacc-97035698d9ea e77e1ea2aefa4075b3d545a6e9061913 d9ad21821c3749f689ffd2db0be72157 - - default default] 199.204.45.223 "POST /v2.0/ports HTTP/1.1" status: 201 len: 1162 time: 0.7804685
2026-06-25 23:28:55.185 10 INFO neutron.wsgi [req-776d16da-da21-4f6d-909b-f1fd56c85130 req-fdc6bb66-eff7-4b3b-9714-4b8e8391e1f5 e77e1ea2aefa4075b3d545a6e9061913 d9ad21821c3749f689ffd2db0be72157 - - default default] 199.204.45.223 "GET /v2.0/extensions HTTP/1.1" status: 200 len: 16980 time: 0.0090206
2026-06-25 23:28:55.236 10 INFO neutron.wsgi [req-9177a25e-e3c0-4850-aeb8-dc9739ae8df4 req-3fff09b6-27ef-4e60-a2ff-a433d7989714 4e48035da4b24807af6ab9c0e7e14599 c95c80d0a8ff442694282d8557d8619c - - default default] 10.0.0.227 "DELETE /v2.0/security-groups/0dc425e0-ae51-4ba7-b614-5e00527a132a HTTP/1.1" status: 204 len: 173 time: 0.1285775
2026-06-25 23:28:55.257 9 INFO neutron.wsgi [None req-fe9a623c-fad2-4c0c-aa4d-9aa49b37c192 9089057e8b3b45cbba9ee2e7a472e3b0 72744b09b8ba48b8a3e6b17504fc11fd - - default default] 10.0.0.89 "DELETE /v2.0/subnets/1fe5f880-ac6f-4591-b754-fb63d5850fea HTTP/1.1" status: 204 len: 168 time: 0.2064760
2026-06-25 23:28:55.379 9 INFO neutron.wsgi [-] 10.0.0.131 "GET / HTTP/1.1" status: 200 len: 247 time: 0.0017495
2026-06-25 23:28:55.380 9 INFO neutron.wsgi [-] 10.0.0.131 "GET / HTTP/1.1" status: 200 len: 247 time: 0.0010121
2026-06-25 23:28:55.603 10 INFO neutron.wsgi [req-db5f462c-0695-4684-a2da-36e8f30e7407 req-52ecbab8-f00b-482b-a385-8ef1988b5eb8 e77e1ea2aefa4075b3d545a6e9061913 d9ad21821c3749f689ffd2db0be72157 - - default default] 10.0.0.227 "GET /v2.0/ports?device_id=fef0eed3-54fc-4ade-90e4-02cfa0dcbcc8 HTTP/1.1" status: 200 len: 1160 time: 0.0644627
2026-06-25 23:28:55.680 9 INFO neutron.wsgi [None req-b8e39d9b-b685-4354-b59f-f1bd9af81107 9089057e8b3b45cbba9ee2e7a472e3b0 72744b09b8ba48b8a3e6b17504fc11fd - - default default] 10.0.0.89 "DELETE /v2.0/networks/21f2e122-2eaa-4b3a-a02e-45825c049d76 HTTP/1.1" status: 204 len: 168 time: 0.4132304
2026-06-25 23:28:55.832 9 INFO neutron.wsgi [None req-fcebbeb6-c192-4e91-b5f8-8cf799bf1d0c 9089057e8b3b45cbba9ee2e7a472e3b0 72744b09b8ba48b8a3e6b17504fc11fd - - default default] 10.0.0.89 "GET /v2.0/security-groups?tenant_id=dda58e1b594c4b15a3edbdf7b20169e5&name=default HTTP/1.1" status: 200 len: 2992 time: 0.0437400
2026-06-25 23:28:55.843 10 INFO neutron.wsgi [req-db5f462c-0695-4684-a2da-36e8f30e7407 req-99ebc1e6-eac2-4afa-ab85-a96ef50f94a3 e77e1ea2aefa4075b3d545a6e9061913 d9ad21821c3749f689ffd2db0be72157 - - default default] 10.0.0.227 "GET /v2.0/security-groups?id=838d7e17-e8e7-4244-bb21-8f883132ff24&fields=id&fields=name HTTP/1.1" status: 200 len: 313 time: 0.2274678
2026-06-25 23:28:56.010 9 INFO neutron.wsgi [req-a8ad6ff3-e16a-444f-844b-82f7ff57e0f6 req-9c0a9a55-2cce-4368-95e2-99a33ab959ec e685bc23c46b438ca3aedafd3028feb9 82420ca9c28b459db796c869ee68faaf - - default default] 199.204.45.223 "GET /v2.0/networks?id=a221dd0e-73d7-4633-bc1a-1b6e782f7c9c HTTP/1.1" status: 200 len: 879 time: 0.1364911
2026-06-25 23:28:56.102 9 INFO neutron.wsgi [req-a8ad6ff3-e16a-444f-844b-82f7ff57e0f6 req-06f1056e-00da-4f52-8a92-a6e5ad80d7d6 e685bc23c46b438ca3aedafd3028feb9 82420ca9c28b459db796c869ee68faaf - - default default] 199.204.45.223 "GET /v2.0/security-groups?fields=id&fields=name&tenant_id=82420ca9c28b459db796c869ee68faaf HTTP/1.1" status: 200 len: 379 time: 0.0648553
2026-06-25 23:28:56.126 9 WARNING neutron_lib.context [req-a8ad6ff3-e16a-444f-844b-82f7ff57e0f6 req-09476ad0-5f73-437b-b411-c40c3d8a9318 e685bc23c46b438ca3aedafd3028feb9 82420ca9c28b459db796c869ee68faaf - - default default] Method 'is_advsvc' is deprecated since 2023.2 release (neutron-lib 3.8.0) and will be removed once support for the old RBAC API policies will be removed from Neutron. Please use method 'is_service_role' instead.
2026-06-25 23:28:56.167 9 INFO neutron.services.segments.plugin [-] Segment a32d20f1-1716-487f-82a7-6294c14c3bc5 resource provider aggregate not found
2026-06-25 23:28:56.181 9 INFO neutron.wsgi [None req-177e2685-7c24-41de-be2e-397be0a5fed1 9089057e8b3b45cbba9ee2e7a472e3b0 72744b09b8ba48b8a3e6b17504fc11fd - - default default] 10.0.0.89 "DELETE /v2.0/security-groups/d1a6d9c1-750e-4dcf-a995-c31bc92ee450 HTTP/1.1" status: 204 len: 168 time: 0.3433464
2026-06-25 23:28:56.189 9 INFO neutron.services.segments.plugin [-] Segment a32d20f1-1716-487f-82a7-6294c14c3bc5 resource provider not found; error: Placement Client Error (4xx): {"errors": [{"status": 404, "title": "Not Found", "detail": "The resource could not be found.\n\n No resource provider with uuid a32d20f1-1716-487f-82a7-6294c14c3bc5 found for delete ", "request_id": "req-d3f7b87a-339d-457d-a17f-6567ee6bb0df"}]}
2026-06-25 23:28:56.190 9 INFO neutron.services.segments.plugin [-] Segment a32d20f1-1716-487f-82a7-6294c14c3bc5 resource provider aggregate not found
2026-06-25 23:28:56.205 9 INFO neutron.services.segments.plugin [-] Segment a32d20f1-1716-487f-82a7-6294c14c3bc5 resource provider not found; error: Placement Client Error (4xx): {"errors": [{"status": 404, "title": "Not Found", "detail": "The resource could not be found.\n\n No resource provider with uuid a32d20f1-1716-487f-82a7-6294c14c3bc5 found for delete ", "request_id": "req-fdbb4e67-53aa-417c-8306-e0654256db9c"}]} /var/lib/openstack/lib/python3.10/site-packages/pycadf/identifier.py:71: UserWarning: Invalid uuid: neutron. To ensure interoperability, identifiers should be a valid uuid. warnings.warn(('Invalid uuid: %s. To ensure interoperability, '
2026-06-25 23:28:56.233 10 INFO neutron.wsgi [req-b759e5e3-fce4-41ab-8d70-7806327d08d1 req-c340d6c5-3d6a-4acf-884e-7f3c95056c3c e685bc23c46b438ca3aedafd3028feb9 82420ca9c28b459db796c869ee68faaf - - default default] 10.0.0.227 "GET /v2.0/ports?device_id=1ad8817c-0140-4e09-b3b2-29fbc0ef9e84 HTTP/1.1" status: 200 len: 210 time: 0.0361240
2026-06-25 23:28:56.249 10 INFO neutron.db.ovn_revision_numbers_db [req-776d16da-da21-4f6d-909b-f1fd56c85130 req-ee9198a5-9287-4805-95df-55051d6ff441 4305f2eb0a454ae7afbde0d0e0f17c49 a9466336b3fd40b1bbb1e9a2323ae8bb - - 72461810ce124ffeba27c79f004d6667 72461810ce124ffeba27c79f004d6667] Successfully bumped revision number for resource b13bccba-5e8d-4dfa-a4d4-5cb94ea45db0 (type: ports) to 2
2026-06-25 23:28:56.567 9 WARNING neutron.scheduler.dhcp_agent_scheduler [req-a8ad6ff3-e16a-444f-844b-82f7ff57e0f6 req-09476ad0-5f73-437b-b411-c40c3d8a9318 e685bc23c46b438ca3aedafd3028feb9 82420ca9c28b459db796c869ee68faaf - - default default] No more DHCP agents
