2026-06-25 23:30:18.346 10 WARNING neutron.api.rpc.agentnotifiers.dhcp_rpc_agent_api [None req-082b76b1-4fe7-4405-896f-ba6e54b98be1 4d0ebcc4c0d34e289faf4ad576049780 591a5d67b1884d3d9678af862eddd674 - - default default] Unable to schedule network 36f732d0-f6c3-4c62-a343-cf1f790b798d: no agents available; will retry on subsequent port and subnet creation events.
2026-06-25 23:30:18.368 10 INFO neutron.wsgi [req-1267b3c7-f383-4886-a39c-e679da6cc19f req-e2544aaf-4ff0-4075-b493-95267506c57a 46963e97232842c4816e8b2343a4d083 6b2b1f4bf15c4185aeb76fff62f553cd - - default default] 10.0.0.227 "GET /v2.0/ports?device_id=655274a8-fecb-40dc-accb-11c890071cde HTTP/1.1" status: 200 len: 1172 time: 0.0527248
2026-06-25 23:30:18.446 10 INFO neutron.wsgi [req-1267b3c7-f383-4886-a39c-e679da6cc19f req-b1b715e1-ebc7-40bb-bf22-b9c831eee43b 46963e97232842c4816e8b2343a4d083 6b2b1f4bf15c4185aeb76fff62f553cd - - default default] 10.0.0.227 "GET /v2.0/security-groups?id=8128f1d6-5021-47f1-a476-f381af47991d&fields=id&fields=name HTTP/1.1" status: 200 len: 313 time: 0.0610259
2026-06-25 23:30:18.489 10 INFO neutron.db.ovn_revision_numbers_db [None req-082b76b1-4fe7-4405-896f-ba6e54b98be1 4d0ebcc4c0d34e289faf4ad576049780 591a5d67b1884d3d9678af862eddd674 - - default default] Successfully bumped revision number for resource ab2538e3-7350-4088-b6c3-6be312b35805 (type: ports) to 1
2026-06-25 23:30:18.494 9 INFO neutron.db.ovn_revision_numbers_db [req-a0205fcc-3715-48c8-9251-f086bd25fdbd req-7472d5e5-41f9-4e0c-9f65-d277bdefda5c 4305f2eb0a454ae7afbde0d0e0f17c49 a9466336b3fd40b1bbb1e9a2323ae8bb - - 72461810ce124ffeba27c79f004d6667 72461810ce124ffeba27c79f004d6667] Successfully bumped revision number for resource ba677088-42df-4c5e-b0a7-88f01feb33f3 (type: ports) to 2
2026-06-25 23:30:18.510 9 INFO neutron.wsgi [req-a0205fcc-3715-48c8-9251-f086bd25fdbd req-7472d5e5-41f9-4e0c-9f65-d277bdefda5c 4305f2eb0a454ae7afbde0d0e0f17c49 a9466336b3fd40b1bbb1e9a2323ae8bb - - 72461810ce124ffeba27c79f004d6667 72461810ce124ffeba27c79f004d6667] 199.204.45.223 "PUT /v2.0/ports/ba677088-42df-4c5e-b0a7-88f01feb33f3 HTTP/1.1" status: 200 len: 1380 time: 0.7812552
2026-06-25 23:30:18.513 10 INFO neutron.wsgi [None req-082b76b1-4fe7-4405-896f-ba6e54b98be1 4d0ebcc4c0d34e289faf4ad576049780 591a5d67b1884d3d9678af862eddd674 - - default default] 10.0.0.89 "POST /v2.0/networks HTTP/1.1" status: 201 len: 848 time: 0.6946938
2026-06-25 23:30:18.522 10 WARNING neutron_lib.context [None req-e74fc724-24b0-448c-bab5-3ccbf51b1055 4d0ebcc4c0d34e289faf4ad576049780 591a5d67b1884d3d9678af862eddd674 - - default default] Method 'is_advsvc' is deprecated since 2023.2 release (neutron-lib 3.8.0) and will be removed once support for the old RBAC API policies will be removed from Neutron. Please use method 'is_service_role' instead. /var/lib/openstack/lib/python3.10/site-packages/pycadf/identifier.py:71: UserWarning: Invalid uuid: neutron. To ensure interoperability, identifiers should be a valid uuid. warnings.warn(('Invalid uuid: %s. To ensure interoperability, '
2026-06-25 23:30:18.595 9 INFO neutron.wsgi [req-a0205fcc-3715-48c8-9251-f086bd25fdbd req-cb55d446-875a-4da9-a57b-ff451bcb1b4f 4305f2eb0a454ae7afbde0d0e0f17c49 a9466336b3fd40b1bbb1e9a2323ae8bb - - 72461810ce124ffeba27c79f004d6667 72461810ce124ffeba27c79f004d6667] 199.204.45.223 "GET /v2.0/ports?tenant_id=6b2b1f4bf15c4185aeb76fff62f553cd&device_id=655274a8-fecb-40dc-accb-11c890071cde HTTP/1.1" status: 200 len: 1411 time: 0.0511422
2026-06-25 23:30:18.614 9 INFO neutron.notifiers.nova [-] Nova event matching ['req-182ce150-a84f-436f-8c86-2c4bb0f185f0'] response: {'name': 'network-changed', 'server_uuid': '655274a8-fecb-40dc-accb-11c890071cde', 'tag': 'ba677088-42df-4c5e-b0a7-88f01feb33f3', 'status': 'completed', 'code': 200}
2026-06-25 23:30:18.636 10 INFO neutron.db.segments_db [None req-e74fc724-24b0-448c-bab5-3ccbf51b1055 4d0ebcc4c0d34e289faf4ad576049780 591a5d67b1884d3d9678af862eddd674 - - default default] Added segment 436e4cf7-0c46-40df-b4e0-4da846ad45bf of type geneve for network fe5421a0-dab0-4202-bfdb-3450037686a5
2026-06-25 23:30:18.638 9 INFO neutron.wsgi [req-a0205fcc-3715-48c8-9251-f086bd25fdbd req-6143d229-41ee-4e41-b544-ac3ee34fe3f9 4305f2eb0a454ae7afbde0d0e0f17c49 a9466336b3fd40b1bbb1e9a2323ae8bb - - 72461810ce124ffeba27c79f004d6667 72461810ce124ffeba27c79f004d6667] 199.204.45.223 "GET /v2.0/floatingips?fixed_ip_address=10.100.0.13&port_id=ba677088-42df-4c5e-b0a7-88f01feb33f3 HTTP/1.1" status: 200 len: 217 time: 0.0335777
2026-06-25 23:30:18.677 9 INFO neutron.wsgi [req-a0205fcc-3715-48c8-9251-f086bd25fdbd req-603c43b5-a792-482a-bbf2-c20736d04c31 4305f2eb0a454ae7afbde0d0e0f17c49 a9466336b3fd40b1bbb1e9a2323ae8bb - - 72461810ce124ffeba27c79f004d6667 72461810ce124ffeba27c79f004d6667] 199.204.45.223 "GET /v2.0/subnets?id=2c8b4969-2f3c-43fc-9784-f666ab442d03 HTTP/1.1" status: 200 len: 852 time: 0.0337603
2026-06-25 23:30:18.717 9 INFO neutron.wsgi [req-a0205fcc-3715-48c8-9251-f086bd25fdbd req-6353cab2-b0bd-4e1d-8275-786b2b0f714c 4305f2eb0a454ae7afbde0d0e0f17c49 a9466336b3fd40b1bbb1e9a2323ae8bb - - 72461810ce124ffeba27c79f004d6667 72461810ce124ffeba27c79f004d6667] 199.204.45.223 "GET /v2.0/ports?network_id=dab8d3ce-c796-4f37-b303-36e631b5d7a8&device_owner=network%3Adhcp HTTP/1.1" status: 200 len: 210 time: 0.0323074
2026-06-25 23:30:18.794 9 INFO neutron.wsgi [req-a0205fcc-3715-48c8-9251-f086bd25fdbd req-889cc28b-afe5-4731-9906-94e3d1515e43 4305f2eb0a454ae7afbde0d0e0f17c49 a9466336b3fd40b1bbb1e9a2323ae8bb - - 72461810ce124ffeba27c79f004d6667 72461810ce124ffeba27c79f004d6667] 199.204.45.223 "GET /v2.0/networks/dab8d3ce-c796-4f37-b303-36e631b5d7a8?fields=segments HTTP/1.1" status: 200 len: 212 time: 0.0723178
2026-06-25 23:30:18.870 9 INFO neutron.wsgi [req-a0205fcc-3715-48c8-9251-f086bd25fdbd req-d043c82f-191c-4687-b99d-d8b7604f42b0 4305f2eb0a454ae7afbde0d0e0f17c49 a9466336b3fd40b1bbb1e9a2323ae8bb - - 72461810ce124ffeba27c79f004d6667 72461810ce124ffeba27c79f004d6667] 199.204.45.223 "GET /v2.0/networks/dab8d3ce-c796-4f37-b303-36e631b5d7a8?fields=provider%3Aphysical_network&fields=provider%3Anetwork_type HTTP/1.1" status: 200 len: 277 time: 0.0695665
2026-06-25 23:30:18.952 9 INFO neutron.wsgi [req-5cc93318-b1ed-4046-8586-4e266faeaea9 req-20c8be42-5c9f-4c28-8cbe-c61654b67670 4305f2eb0a454ae7afbde0d0e0f17c49 a9466336b3fd40b1bbb1e9a2323ae8bb - - 72461810ce124ffeba27c79f004d6667 72461810ce124ffeba27c79f004d6667] 199.204.45.223 "GET /v2.0/ports?tenant_id=6b2b1f4bf15c4185aeb76fff62f553cd&device_id=655274a8-fecb-40dc-accb-11c890071cde HTTP/1.1" status: 200 len: 1411 time: 0.0409842
2026-06-25 23:30:19.058 9 INFO neutron.wsgi [req-5cc93318-b1ed-4046-8586-4e266faeaea9 req-cb354273-0189-432f-bf70-df55f5973538 4305f2eb0a454ae7afbde0d0e0f17c49 a9466336b3fd40b1bbb1e9a2323ae8bb - - 72461810ce124ffeba27c79f004d6667 72461810ce124ffeba27c79f004d6667] 199.204.45.223 "GET /v2.0/networks?id=dab8d3ce-c796-4f37-b303-36e631b5d7a8 HTTP/1.1" status: 200 len: 958 time: 0.0956600
2026-06-25 23:30:19.075 9 INFO neutron.plugins.ml2.drivers.ovn.mech_driver.mech_driver [None req-aaba1074-abd1-4a59-bbf0-16f74f6b2b65 - - - - - -] OVN reports status up for port: ba677088-42df-4c5e-b0a7-88f01feb33f3
2026-06-25 23:30:19.091 9 INFO neutron.wsgi [req-5cc93318-b1ed-4046-8586-4e266faeaea9 req-4b531267-bd04-45e2-90d9-3054c50240c3 4305f2eb0a454ae7afbde0d0e0f17c49 a9466336b3fd40b1bbb1e9a2323ae8bb - - 72461810ce124ffeba27c79f004d6667 72461810ce124ffeba27c79f004d6667] 199.204.45.223 "GET /v2.0/floatingips?fixed_ip_address=10.100.0.13&port_id=ba677088-42df-4c5e-b0a7-88f01feb33f3 HTTP/1.1" status: 200 len: 217 time: 0.0282083
2026-06-25 23:30:19.095 10 INFO neutron.db.ovn_revision_numbers_db [None req-e74fc724-24b0-448c-bab5-3ccbf51b1055 4d0ebcc4c0d34e289faf4ad576049780 591a5d67b1884d3d9678af862eddd674 - - default default] Successfully bumped revision number for resource fe5421a0-dab0-4202-bfdb-3450037686a5 (type: networks) to 1
2026-06-25 23:30:19.107 9 INFO neutron.plugins.ml2.plugin [None req-aaba1074-abd1-4a59-bbf0-16f74f6b2b65 - - - - - -] Attempt 1 to provision port ba677088-42df-4c5e-b0a7-88f01feb33f3
2026-06-25 23:30:19.147 9 INFO neutron.wsgi [req-5cc93318-b1ed-4046-8586-4e266faeaea9 req-ad52d53f-7bc2-49c8-8a17-e5ec2a752803 4305f2eb0a454ae7afbde0d0e0f17c49 a9466336b3fd40b1bbb1e9a2323ae8bb - - 72461810ce124ffeba27c79f004d6667 72461810ce124ffeba27c79f004d6667] 199.204.45.223 "GET /v2.0/subnets?id=2c8b4969-2f3c-43fc-9784-f666ab442d03 HTTP/1.1" status: 200 len: 852 time: 0.0488353
2026-06-25 23:30:19.177 9 INFO neutron.wsgi [req-5cc93318-b1ed-4046-8586-4e266faeaea9 req-85dfc631-e9fa-4acf-a1b4-687fcd363844 4305f2eb0a454ae7afbde0d0e0f17c49 a9466336b3fd40b1bbb1e9a2323ae8bb - - 72461810ce124ffeba27c79f004d6667 72461810ce124ffeba27c79f004d6667] 199.204.45.223 "GET /v2.0/ports?network_id=dab8d3ce-c796-4f37-b303-36e631b5d7a8&device_owner=network%3Adhcp HTTP/1.1" status: 200 len: 210 time: 0.0242515
2026-06-25 23:30:19.215 10 INFO neutron.wsgi [None req-997ef9c6-2b51-4356-8207-ccb0fa2bf790 9089057e8b3b45cbba9ee2e7a472e3b0 72744b09b8ba48b8a3e6b17504fc11fd - - default default] 10.0.0.89 "PUT /v2.0/routers/5746bfd8-80b8-4053-b25e-7acea015bb6e/remove_router_interface HTTP/1.1" status: 200 len: 503 time: 1.6598880 /var/lib/openstack/lib/python3.10/site-packages/pycadf/identifier.py:71: UserWarning: Invalid uuid: neutron. To ensure interoperability, identifiers should be a valid uuid. warnings.warn(('Invalid uuid: %s. To ensure interoperability, '
2026-06-25 23:30:19.246 9 INFO neutron.wsgi [req-5cc93318-b1ed-4046-8586-4e266faeaea9 req-2505e592-2d3b-417e-9189-8c3a903f2064 4305f2eb0a454ae7afbde0d0e0f17c49 a9466336b3fd40b1bbb1e9a2323ae8bb - - 72461810ce124ffeba27c79f004d6667 72461810ce124ffeba27c79f004d6667] 199.204.45.223 "GET /v2.0/networks/dab8d3ce-c796-4f37-b303-36e631b5d7a8?fields=segments HTTP/1.1" status: 200 len: 212 time: 0.0651867
2026-06-25 23:30:19.340 9 INFO neutron.wsgi [req-5cc93318-b1ed-4046-8586-4e266faeaea9 req-2a9eb590-5d86-467d-84c2-b2214ac15958 4305f2eb0a454ae7afbde0d0e0f17c49 a9466336b3fd40b1bbb1e9a2323ae8bb - - 72461810ce124ffeba27c79f004d6667 72461810ce124ffeba27c79f004d6667] 199.204.45.223 "GET /v2.0/networks/dab8d3ce-c796-4f37-b303-36e631b5d7a8?fields=provider%3Aphysical_network&fields=provider%3Anetwork_type HTTP/1.1" status: 200 len: 277 time: 0.0858996
2026-06-25 23:30:19.404 10 WARNING neutron.scheduler.dhcp_agent_scheduler [None req-e74fc724-24b0-448c-bab5-3ccbf51b1055 4d0ebcc4c0d34e289faf4ad576049780 591a5d67b1884d3d9678af862eddd674 - - default default] No more DHCP agents
2026-06-25 23:30:19.407 10 WARNING neutron.api.rpc.agentnotifiers.dhcp_rpc_agent_api [None req-e74fc724-24b0-448c-bab5-3ccbf51b1055 4d0ebcc4c0d34e289faf4ad576049780 591a5d67b1884d3d9678af862eddd674 - - default default] Unable to schedule network fe5421a0-dab0-4202-bfdb-3450037686a5: no agents available; will retry on subsequent port and subnet creation events.
2026-06-25 23:30:19.499 9 INFO neutron.db.ovn_revision_numbers_db [None req-aaba1074-abd1-4a59-bbf0-16f74f6b2b65 - - - - - -] Successfully bumped revision number for resource ba677088-42df-4c5e-b0a7-88f01feb33f3 (type: ports) to 4
2026-06-25 23:30:19.508 10 INFO neutron.db.ovn_revision_numbers_db [None req-e74fc724-24b0-448c-bab5-3ccbf51b1055 4d0ebcc4c0d34e289faf4ad576049780 591a5d67b1884d3d9678af862eddd674 - - default default] Successfully bumped revision number for resource aa54f5c7-afd1-4097-8ee2-ed58074b1727 (type: ports) to 1
2026-06-25 23:30:19.545 10 INFO neutron.wsgi [None req-e74fc724-24b0-448c-bab5-3ccbf51b1055 4d0ebcc4c0d34e289faf4ad576049780 591a5d67b1884d3d9678af862eddd674 - - default default] 10.0.0.89 "POST /v2.0/networks HTTP/1.1" status: 201 len: 849 time: 1.0270257 /var/lib/openstack/lib/python3.10/site-packages/pycadf/identifier.py:71: UserWarning: Invalid uuid: neutron. To ensure interoperability, identifiers should be a valid uuid. warnings.warn(('Invalid uuid: %s. To ensure interoperability, '
2026-06-25 23:30:19.556 9 WARNING neutron_lib.context [None req-e5e33500-9fcb-47b7-b579-905581a53d8e 4d0ebcc4c0d34e289faf4ad576049780 591a5d67b1884d3d9678af862eddd674 - - default default] Method 'is_advsvc' is deprecated since 2023.2 release (neutron-lib 3.8.0) and will be removed once support for the old RBAC API policies will be removed from Neutron. Please use method 'is_service_role' instead.
2026-06-25 23:30:19.572 10 INFO neutron.wsgi [req-e66256af-5bb9-4aad-99c8-5ef3f76e0889 req-34365fcd-1d05-4282-baef-a95eda481fe4 46963e97232842c4816e8b2343a4d083 6b2b1f4bf15c4185aeb76fff62f553cd - - default default] 10.0.0.227 "GET /v2.0/ports?device_id=655274a8-fecb-40dc-accb-11c890071cde HTTP/1.1" status: 200 len: 1174 time: 0.0383439
2026-06-25 23:30:19.591 9 WARNING neutron_lib.context [None req-e5e33500-9fcb-47b7-b579-905581a53d8e 4d0ebcc4c0d34e289faf4ad576049780 591a5d67b1884d3d9678af862eddd674 - - default default] Method 'is_advsvc' is deprecated since 2023.2 release (neutron-lib 3.8.0) and will be removed once support for the old RBAC API policies will be removed from Neutron. Please use method 'is_service_role' instead.
2026-06-25 23:30:19.629 10 INFO neutron.wsgi [req-e66256af-5bb9-4aad-99c8-5ef3f76e0889 req-dfc49aba-c9de-405c-9a15-fc5c7e3e9740 46963e97232842c4816e8b2343a4d083 6b2b1f4bf15c4185aeb76fff62f553cd - - default default] 10.0.0.227 "GET /v2.0/security-groups?id=8128f1d6-5021-47f1-a476-f381af47991d&fields=id&fields=name HTTP/1.1" status: 200 len: 313 time: 0.0459473 /var/lib/openstack/lib/python3.10/site-packages/pycadf/identifier.py:71: UserWarning: Invalid uuid: neutron. To ensure interoperability, identifiers should be a valid uuid. warnings.warn(('Invalid uuid: %s. To ensure interoperability, '
2026-06-25 23:30:20.042 9 WARNING neutron.scheduler.dhcp_agent_scheduler [None req-e5e33500-9fcb-47b7-b579-905581a53d8e 4d0ebcc4c0d34e289faf4ad576049780 591a5d67b1884d3d9678af862eddd674 - - default default] No more DHCP agents
2026-06-25 23:30:20.044 9 WARNING neutron.api.rpc.agentnotifiers.dhcp_rpc_agent_api [None req-e5e33500-9fcb-47b7-b579-905581a53d8e 4d0ebcc4c0d34e289faf4ad576049780 591a5d67b1884d3d9678af862eddd674 - - default default] Unable to schedule network 36f732d0-f6c3-4c62-a343-cf1f790b798d: no agents available; will retry on subsequent port and subnet creation events.
2026-06-25 23:30:20.140 9 INFO neutron.db.ovn_revision_numbers_db [None req-e5e33500-9fcb-47b7-b579-905581a53d8e 4d0ebcc4c0d34e289faf4ad576049780 591a5d67b1884d3d9678af862eddd674 - - default default] Successfully bumped revision number for resource b8a1f3da-6b8c-44dc-a83b-f466d4e5ae12 (type: ports) to 1
2026-06-25 23:30:20.167 9 WARNING neutron.scheduler.dhcp_agent_scheduler [None req-e5e33500-9fcb-47b7-b579-905581a53d8e 4d0ebcc4c0d34e289faf4ad576049780 591a5d67b1884d3d9678af862eddd674 - - default default] No more DHCP agents
2026-06-25 23:30:20.169 9 WARNING neutron.api.rpc.agentnotifiers.dhcp_rpc_agent_api [None req-e5e33500-9fcb-47b7-b579-905581a53d8e 4d0ebcc4c0d34e289faf4ad576049780 591a5d67b1884d3d9678af862eddd674 - - default default] Unable to schedule network fe5421a0-dab0-4202-bfdb-3450037686a5: no agents available; will retry on subsequent port and subnet creation events.
2026-06-25 23:30:20.204 9 INFO neutron.db.ovn_revision_numbers_db [None req-93be9ddc-767e-4859-8ff5-c9da81baf840 9089057e8b3b45cbba9ee2e7a472e3b0 72744b09b8ba48b8a3e6b17504fc11fd - - default default] Successfully bumped revision number for resource 311e8f5a-93d5-49d0-97e9-b47d46cc06e7 (type: security_groups) to 1
2026-06-25 23:30:20.221 9 INFO neutron.db.ovn_revision_numbers_db [None req-93be9ddc-767e-4859-8ff5-c9da81baf840 9089057e8b3b45cbba9ee2e7a472e3b0 72744b09b8ba48b8a3e6b17504fc11fd - - default default] Successfully bumped revision number for resource 5381c0af-5efe-4557-9828-bf8f3be73e23 (type: security_group_rules) to 0
2026-06-25 23:30:20.246 10 INFO neutron.wsgi [None req-ed92d3f3-57e3-49e7-8e8b-97c297a8fe6b 9089057e8b3b45cbba9ee2e7a472e3b0 72744b09b8ba48b8a3e6b17504fc11fd - - default default] 10.0.0.89 "DELETE /v2.0/routers/5746bfd8-80b8-4053-b25e-7acea015bb6e HTTP/1.1" status: 204 len: 168 time: 1.0256228
2026-06-25 23:30:20.249 9 INFO neutron.db.ovn_revision_numbers_db [None req-93be9ddc-767e-4859-8ff5-c9da81baf840 9089057e8b3b45cbba9ee2e7a472e3b0 72744b09b8ba48b8a3e6b17504fc11fd - - default default] Successfully bumped revision number for resource 675d0758-27e5-4de2-b847-62542f8971e6 (type: security_group_rules) to 0
2026-06-25 23:30:20.259 9 INFO neutron.db.ovn_revision_numbers_db [None req-e5e33500-9fcb-47b7-b579-905581a53d8e 4d0ebcc4c0d34e289faf4ad576049780 591a5d67b1884d3d9678af862eddd674 - - default default] Successfully bumped revision number for resource bc95c9b6-1af3-4ef0-bdf1-e1c1d6e80a37 (type: ports) to 1
2026-06-25 23:30:20.263 9 INFO neutron.db.ovn_revision_numbers_db [None req-93be9ddc-767e-4859-8ff5-c9da81baf840 9089057e8b3b45cbba9ee2e7a472e3b0 72744b09b8ba48b8a3e6b17504fc11fd - - default default] Successfully bumped revision number for resource 8b7153e6-0d11-4c8b-b34e-6a9eebc52c94 (type: security_group_rules) to 0
2026-06-25 23:30:20.287 9 INFO neutron.db.ovn_revision_numbers_db [None req-93be9ddc-767e-4859-8ff5-c9da81baf840 9089057e8b3b45cbba9ee2e7a472e3b0 72744b09b8ba48b8a3e6b17504fc11fd - - default default] Successfully bumped revision number for resource 8ef087db-6a78-441d-ae31-5ee69dd2c103 (type: security_group_rules) to 0
2026-06-25 23:30:20.301 9 INFO neutron.wsgi [None req-e5e33500-9fcb-47b7-b579-905581a53d8e 4d0ebcc4c0d34e289faf4ad576049780 591a5d67b1884d3d9678af862eddd674 - - default default] 10.0.0.89 "POST /v2.0/ports HTTP/1.1" status: 201 len: 1705 time: 0.7497613
2026-06-25 23:30:20.312 9 INFO neutron.wsgi [None req-93be9ddc-767e-4859-8ff5-c9da81baf840 9089057e8b3b45cbba9ee2e7a472e3b0 72744b09b8ba48b8a3e6b17504fc11fd - - default default] 10.0.0.89 "GET /v2.0/security-groups?tenant_id=f3dc2556c2954c26b42eb4b106b4b500&name=default HTTP/1.1" status: 200 len: 2996 time: 0.4588139 /var/lib/openstack/lib/python3.10/site-packages/pycadf/identifier.py:71: UserWarning: Invalid uuid: neutron. To ensure interoperability, identifiers should be a valid uuid. warnings.warn(('Invalid uuid: %s. To ensure interoperability, '
2026-06-25 23:30:20.419 9 INFO neutron.wsgi [None req-31adc4e1-b27b-410a-a992-1eede96528c0 4d0ebcc4c0d34e289faf4ad576049780 591a5d67b1884d3d9678af862eddd674 - - default default] 10.0.0.89 "GET /v2.0/ports HTTP/1.1" status: 200 len: 3212 time: 0.1057982
2026-06-25 23:30:20.476 10 INFO neutron.wsgi [None req-b2495dc8-aa02-4075-a87e-6704fd77eff6 9089057e8b3b45cbba9ee2e7a472e3b0 72744b09b8ba48b8a3e6b17504fc11fd - - default default] 10.0.0.89 "DELETE /v2.0/subnets/0023e111-80f4-47b6-805f-8c338f28dd80 HTTP/1.1" status: 204 len: 168 time: 0.2259607
2026-06-25 23:30:20.561 10 INFO neutron.wsgi [None req-22e1c5ce-fd79-44ff-9bdc-04bfd4289ace 9089057e8b3b45cbba9ee2e7a472e3b0 72744b09b8ba48b8a3e6b17504fc11fd - - default default] 10.0.0.89 "DELETE /v2.0/security-groups/311e8f5a-93d5-49d0-97e9-b47d46cc06e7 HTTP/1.1" status: 204 len: 168 time: 0.2437396
2026-06-25 23:30:20.652 9 INFO neutron.wsgi [None req-7083a7fa-d342-43bf-9dae-8221b16a71dc 4d0ebcc4c0d34e289faf4ad576049780 591a5d67b1884d3d9678af862eddd674 - - default default] 10.0.0.89 "DELETE /v2.0/ports/b8a1f3da-6b8c-44dc-a83b-f466d4e5ae12 HTTP/1.1" status: 204 len: 168 time: 0.2280874
2026-06-25 23:30:20.654 9 INFO neutron.notifiers.nova [-] Nova event matching ['req-9f03e874-0704-49ef-94cc-de64c10e5df1'] response: {'server_uuid': '655274a8-fecb-40dc-accb-11c890071cde', 'name': 'network-vif-plugged', 'status': 'completed', 'tag': 'ba677088-42df-4c5e-b0a7-88f01feb33f3', 'code': 200}
2026-06-25 23:30:20.654 9 INFO neutron.notifiers.nova [-] Nova event matching ['req-9f03e874-0704-49ef-94cc-de64c10e5df1'] response: {'server_uuid': '655274a8-fecb-40dc-accb-11c890071cde', 'name': 'network-vif-plugged', 'status': 'completed', 'tag': 'ba677088-42df-4c5e-b0a7-88f01feb33f3', 'code': 200}
2026-06-25 23:30:20.739 10 INFO neutron.wsgi [req-d9bbc06e-a528-4efe-8594-4ecf4c803e37 req-920bcf3e-8185-4b5c-b169-e900f94e251a 46963e97232842c4816e8b2343a4d083 6b2b1f4bf15c4185aeb76fff62f553cd - - default default] 10.0.0.227 "GET /v2.0/ports?device_id=655274a8-fecb-40dc-accb-11c890071cde HTTP/1.1" status: 200 len: 1174 time: 0.0385032
2026-06-25 23:30:20.805 10 INFO neutron.wsgi [req-d9bbc06e-a528-4efe-8594-4ecf4c803e37 req-79cfe503-bb8a-4f46-8c35-5751fffe798c 46963e97232842c4816e8b2343a4d083 6b2b1f4bf15c4185aeb76fff62f553cd - - default default] 10.0.0.227 "GET /v2.0/security-groups?id=8128f1d6-5021-47f1-a476-f381af47991d&fields=id&fields=name HTTP/1.1" status: 200 len: 313 time: 0.0582645
2026-06-25 23:30:20.860 10 INFO neutron.services.segments.plugin [-] Segment 6d7497cf-28a4-44f6-bb6d-9a9372d1e94f resource provider aggregate not found
2026-06-25 23:30:20.867 10 INFO neutron.services.segments.plugin [-] Segment 6d7497cf-28a4-44f6-bb6d-9a9372d1e94f resource provider aggregate not found
2026-06-25 23:30:20.881 10 INFO neutron.services.segments.plugin [-] Segment 6d7497cf-28a4-44f6-bb6d-9a9372d1e94f resource provider not found; error: Placement Client Error (4xx): {"errors": [{"status": 404, "title": "Not Found", "detail": "The resource could not be found.\n\n No resource provider with uuid 6d7497cf-28a4-44f6-bb6d-9a9372d1e94f found for delete ", "request_id": "req-8f0e7166-8fde-4d55-b481-857ada34d9db"}]}
2026-06-25 23:30:20.886 10 INFO neutron.services.segments.plugin [-] Segment 6d7497cf-28a4-44f6-bb6d-9a9372d1e94f resource provider not found; error: Placement Client Error (4xx): {"errors": [{"status": 404, "title": "Not Found", "detail": "The resource could not be found.\n\n No resource provider with uuid 6d7497cf-28a4-44f6-bb6d-9a9372d1e94f found for delete ", "request_id": "req-f96e1af6-90b6-4496-94a2-41660c0dcf96"}]}
2026-06-25 23:30:20.904 10 INFO neutron.wsgi [None req-0790a772-f8a0-41d8-b99f-88f78b986034 9089057e8b3b45cbba9ee2e7a472e3b0 72744b09b8ba48b8a3e6b17504fc11fd - - default default] 10.0.0.89 "DELETE /v2.0/networks/bed805db-6605-4806-a48a-a5c3bb089fe9 HTTP/1.1" status: 204 len: 168 time: 0.4223325
2026-06-25 23:30:20.930 9 INFO neutron.wsgi [None req-e755dcfd-2618-47fc-8204-5c6a6eb723d7 4d0ebcc4c0d34e289faf4ad576049780 591a5d67b1884d3d9678af862eddd674 - - default default] 10.0.0.89 "DELETE /v2.0/ports/bc95c9b6-1af3-4ef0-bdf1-e1c1d6e80a37 HTTP/1.1" status: 204 len: 168 time: 0.2744062
2026-06-25 23:30:20.986 9 INFO neutron.wsgi [None req-911bd2ab-e11c-46eb-917c-e368f4c7a1c3 4d0ebcc4c0d34e289faf4ad576049780 591a5d67b1884d3d9678af862eddd674 - - default default] 10.0.0.89 "GET /v2.0/ports HTTP/1.1" status: 200 len: 1718 time: 0.0463333
2026-06-25 23:30:20.999 9 WARNING neutron_lib.context [None req-7fd5acc9-8bc9-4ab2-9292-7c0e5443c94b 4d0ebcc4c0d34e289faf4ad576049780 591a5d67b1884d3d9678af862eddd674 - - default default] Method 'is_advsvc' is deprecated since 2023.2 release (neutron-lib 3.8.0) and will be removed once support for the old RBAC API policies will be removed from Neutron. Please use method 'is_service_role' instead.
2026-06-25 23:30:21.073 9 INFO neutron.db.segments_db [None req-7fd5acc9-8bc9-4ab2-9292-7c0e5443c94b 4d0ebcc4c0d34e289faf4ad576049780 591a5d67b1884d3d9678af862eddd674 - - default default] Added segment b83ca29f-3967-4f04-8ea6-fb07f53a44b9 of type geneve for network 2c735fba-fbe4-4228-a7b0-0bcbeb7b73d5
2026-06-25 23:30:21.143 9 INFO neutron.wsgi [None req-680d7423-1ed1-4c7d-bca4-12400c9f65c8 9089057e8b3b45cbba9ee2e7a472e3b0 72744b09b8ba48b8a3e6b17504fc11fd - - default default] 10.0.0.89 "GET /v2.0/security-groups?tenant_id=ac886487eb4d4e799e55ed9d3fc714c4&name=default HTTP/1.1" status: 200 len: 2996 time: 0.0491025
2026-06-25 23:30:21.232 9 INFO neutron.db.ovn_revision_numbers_db [None req-7fd5acc9-8bc9-4ab2-9292-7c0e5443c94b 4d0ebcc4c0d34e289faf4ad576049780 591a5d67b1884d3d9678af862eddd674 - - default default] Successfully bumped revision number for resource 2c735fba-fbe4-4228-a7b0-0bcbeb7b73d5 (type: networks) to 1
2026-06-25 23:30:21.408 9 WARNING neutron.scheduler.dhcp_agent_scheduler [None req-7fd5acc9-8bc9-4ab2-9292-7c0e5443c94b 4d0ebcc4c0d34e289faf4ad576049780 591a5d67b1884d3d9678af862eddd674 - - default default] No more DHCP agents
2026-06-25 23:30:21.412 9 WARNING neutron.api.rpc.agentnotifiers.dhcp_rpc_agent_api [None req-7fd5acc9-8bc9-4ab2-9292-7c0e5443c94b 4d0ebcc4c0d34e289faf4ad576049780 591a5d67b1884d3d9678af862eddd674 - - default default] Unable to schedule network 2c735fba-fbe4-4228-a7b0-0bcbeb7b73d5: no agents available; will retry on subsequent port and subnet creation events.
2026-06-25 23:30:21.434 9 INFO neutron.wsgi [None req-ff8866e0-c9e5-48cf-a985-73aee361121a 9089057e8b3b45cbba9ee2e7a472e3b0 72744b09b8ba48b8a3e6b17504fc11fd - - default default] 10.0.0.89 "DELETE /v2.0/security-groups/9cec6fc0-244b-42a1-804b-e1ccd5b26508 HTTP/1.1" status: 204 len: 168 time: 0.2845376
2026-06-25 23:30:21.494 9 INFO neutron.db.ovn_revision_numbers_db [None req-7fd5acc9-8bc9-4ab2-9292-7c0e5443c94b 4d0ebcc4c0d34e289faf4ad576049780 591a5d67b1884d3d9678af862eddd674 - - default default] Successfully bumped revision number for resource 662f3331-4a5f-47d6-b36a-0830ab81b3d4 (type: ports) to 1
2026-06-25 23:30:21.516 9 INFO neutron.wsgi [None req-7fd5acc9-8bc9-4ab2-9292-7c0e5443c94b 4d0ebcc4c0d34e289faf4ad576049780 591a5d67b1884d3d9678af862eddd674 - - default default] 10.0.0.89 "POST /v2.0/networks HTTP/1.1" status: 201 len: 849 time: 0.5217435
2026-06-25 23:30:21.525 9 WARNING neutron_lib.context [None req-a3ad109c-cecb-4f24-83ba-917639e8dc5b 4d0ebcc4c0d34e289faf4ad576049780 591a5d67b1884d3d9678af862eddd674 - - default default] Method 'is_advsvc' is deprecated since 2023.2 release (neutron-lib 3.8.0) and will be removed once support for the old RBAC API policies will be removed from Neutron. Please use method 'is_service_role' instead.
2026-06-25 23:30:21.600 9 INFO neutron.db.segments_db [None req-a3ad109c-cecb-4f24-83ba-917639e8dc5b 4d0ebcc4c0d34e289faf4ad576049780 591a5d67b1884d3d9678af862eddd674 - - default default] Added segment 4af01607-05d8-4be5-b77e-60de57852cec of type geneve for network 57a3d6ef-28ef-46fc-9454-d7e268a65437
2026-06-25 23:30:21.719 9 INFO neutron.db.ovn_revision_numbers_db [None req-a3ad109c-cecb-4f24-83ba-917639e8dc5b 4d0ebcc4c0d34e289faf4ad576049780 591a5d67b1884d3d9678af862eddd674 - - default default] Successfully bumped revision number for resource 57a3d6ef-28ef-46fc-9454-d7e268a65437 (type: networks) to 1
2026-06-25 23:30:21.881 9 WARNING neutron.scheduler.dhcp_agent_scheduler [None req-a3ad109c-cecb-4f24-83ba-917639e8dc5b 4d0ebcc4c0d34e289faf4ad576049780 591a5d67b1884d3d9678af862eddd674 - - default default] No more DHCP agents
2026-06-25 23:30:21.882 9 WARNING neutron.api.rpc.agentnotifiers.dhcp_rpc_agent_api [None req-a3ad109c-cecb-4f24-83ba-917639e8dc5b 4d0ebcc4c0d34e289faf4ad576049780 591a5d67b1884d3d9678af862eddd674 - - default default] Unable to schedule network 57a3d6ef-28ef-46fc-9454-d7e268a65437: no agents available; will retry on subsequent port and subnet creation events.
2026-06-25 23:30:21.976 9 INFO neutron.db.ovn_revision_numbers_db [None req-a3ad109c-cecb-4f24-83ba-917639e8dc5b 4d0ebcc4c0d34e289faf4ad576049780 591a5d67b1884d3d9678af862eddd674 - - default default] Successfully bumped revision number for resource 798020c0-cb6b-4cac-8f64-41f4bbbd6818 (type: ports) to 1
2026-06-25 23:30:21.982 10 INFO neutron.wsgi [req-a16be450-b7fe-4a4a-9ed1-b06573350c07 req-4b3f54ad-c03a-4127-a0d0-e36f299ec2fb 46963e97232842c4816e8b2343a4d083 6b2b1f4bf15c4185aeb76fff62f553cd - - default default] 10.0.0.227 "GET /v2.0/ports?device_id=655274a8-fecb-40dc-accb-11c890071cde HTTP/1.1" status: 200 len: 1174 time: 0.1036170
2026-06-25 23:30:22.006 9 INFO neutron.wsgi [None req-a3ad109c-cecb-4f24-83ba-917639e8dc5b 4d0ebcc4c0d34e289faf4ad576049780 591a5d67b1884d3d9678af862eddd674 - - default default] 10.0.0.89 "POST /v2.0/networks HTTP/1.1" status: 201 len: 848 time: 0.4849792
2026-06-25 23:30:22.033 10 INFO neutron.wsgi [req-a16be450-b7fe-4a4a-9ed1-b06573350c07 req-64b0c1cd-8816-437d-99c4-9cae66453c23 46963e97232842c4816e8b2343a4d083 6b2b1f4bf15c4185aeb76fff62f553cd - - default default] 10.0.0.227 "GET /v2.0/security-groups?id=8128f1d6-5021-47f1-a476-f381af47991d&fields=id&fields=name HTTP/1.1" status: 200 len: 313 time: 0.0437462
2026-06-25 23:30:22.051 9 WARNING neutron_lib.context [None req-ec04676f-3815-4d8c-84bd-c5f60d02a267 4d0ebcc4c0d34e289faf4ad576049780 591a5d67b1884d3d9678af862eddd674 - - default default] Method 'is_advsvc' is deprecated since 2023.2 release (neutron-lib 3.8.0) and will be removed once support for the old RBAC API policies will be removed from Neutron. Please use method 'is_service_role' instead.
2026-06-25 23:30:22.099 9 WARNING neutron_lib.context [None req-ec04676f-3815-4d8c-84bd-c5f60d02a267 4d0ebcc4c0d34e289faf4ad576049780 591a5d67b1884d3d9678af862eddd674 - - default default] Method 'is_advsvc' is deprecated since 2023.2 release (neutron-lib 3.8.0) and will be removed once support for the old RBAC API policies will be removed from Neutron. Please use method 'is_service_role' instead.
2026-06-25 23:30:22.143 10 INFO neutron.wsgi [req-89a49a3a-929a-408b-b23a-6b7c9d4f9887 req-e466feda-7a25-4ffd-8812-c678199c5d63 46963e97232842c4816e8b2343a4d083 6b2b1f4bf15c4185aeb76fff62f553cd - - default default] 10.0.0.227 "GET /v2.0/ports?device_id=655274a8-fecb-40dc-accb-11c890071cde HTTP/1.1" status: 200 len: 1174 time: 0.0384538
2026-06-25 23:30:22.215 10 INFO neutron.wsgi [req-89a49a3a-929a-408b-b23a-6b7c9d4f9887 req-abaddcbf-b394-42c9-bb65-fbc82296d079 46963e97232842c4816e8b2343a4d083 6b2b1f4bf15c4185aeb76fff62f553cd - - default default] 10.0.0.227 "GET /v2.0/security-groups?id=8128f1d6-5021-47f1-a476-f381af47991d&fields=id&fields=name HTTP/1.1" status: 200 len: 313 time: 0.0611069
2026-06-25 23:30:22.473 9 INFO neutron.wsgi [None req-3566de0d-c28b-4d90-97d8-fc31700a51b5 1030ffd1afba4af199947b02cd6b6a0a a9fb9699e07c40bc86a3c33bba3d51bd - - default default] 10.0.0.89 "GET /v2.0/ports?device_id=655274a8-fecb-40dc-accb-11c890071cde HTTP/1.1" status: 200 len: 1408 time: 0.2341704
2026-06-25 23:30:22.486 10 WARNING neutron_lib.context [None req-a9650156-ac1e-4d44-8da5-e7e0649f526a 46963e97232842c4816e8b2343a4d083 6b2b1f4bf15c4185aeb76fff62f553cd - - default default] Method 'is_advsvc' is deprecated since 2023.2 release (neutron-lib 3.8.0) and will be removed once support for the old RBAC API policies will be removed from Neutron. Please use method 'is_service_role' instead.
2026-06-25 23:30:22.673 9 WARNING neutron.scheduler.dhcp_agent_scheduler [None req-ec04676f-3815-4d8c-84bd-c5f60d02a267 4d0ebcc4c0d34e289faf4ad576049780 591a5d67b1884d3d9678af862eddd674 - - default default] No more DHCP agents
2026-06-25 23:30:22.678 9 WARNING neutron.api.rpc.agentnotifiers.dhcp_rpc_agent_api [None req-ec04676f-3815-4d8c-84bd-c5f60d02a267 4d0ebcc4c0d34e289faf4ad576049780 591a5d67b1884d3d9678af862eddd674 - - default default] Unable to schedule network 2c735fba-fbe4-4228-a7b0-0bcbeb7b73d5: no agents available; will retry on subsequent port and subnet creation events.
2026-06-25 23:30:22.770 10 WARNING neutron.scheduler.dhcp_agent_scheduler [None req-a9650156-ac1e-4d44-8da5-e7e0649f526a 46963e97232842c4816e8b2343a4d083 6b2b1f4bf15c4185aeb76fff62f553cd - - default default] No more DHCP agents
2026-06-25 23:30:22.771 10 WARNING neutron.api.rpc.agentnotifiers.dhcp_rpc_agent_api [None req-a9650156-ac1e-4d44-8da5-e7e0649f526a 46963e97232842c4816e8b2343a4d083 6b2b1f4bf15c4185aeb76fff62f553cd - - default default] Unable to schedule network a6b061e7-ef29-4b14-9ccc-96c438219742: no agents available; will retry on subsequent port and subnet creation events.
2026-06-25 23:30:23.180 9 INFO neutron.db.ovn_revision_numbers_db [None req-ec04676f-3815-4d8c-84bd-c5f60d02a267 4d0ebcc4c0d34e289faf4ad576049780 591a5d67b1884d3d9678af862eddd674 - - default default] Successfully bumped revision number for resource 662f3331-4a5f-47d6-b36a-0830ab81b3d4 (type: ports) to 2
2026-06-25 23:30:23.209 10 INFO neutron.db.l3_db [None req-a9650156-ac1e-4d44-8da5-e7e0649f526a 46963e97232842c4816e8b2343a4d083 6b2b1f4bf15c4185aeb76fff62f553cd - - default default] Floating IP 8bb40fe0-55d1-409f-91df-c1fd9e14d985 associated. External IP: 10.96.250.208, port: ba677088-42df-4c5e-b0a7-88f01feb33f3.
2026-06-25 23:30:23.214 9 INFO neutron.db.ovn_revision_numbers_db [None req-ec04676f-3815-4d8c-84bd-c5f60d02a267 4d0ebcc4c0d34e289faf4ad576049780 591a5d67b1884d3d9678af862eddd674 - - default default] Successfully bumped revision number for resource bf4d0db4-b523-4eab-a099-9af907917b6c (type: subnets) to 0
2026-06-25 23:30:23.237 9 WARNING neutron.scheduler.dhcp_agent_scheduler [None req-ec04676f-3815-4d8c-84bd-c5f60d02a267 4d0ebcc4c0d34e289faf4ad576049780 591a5d67b1884d3d9678af862eddd674 - - default default] No more DHCP agents
2026-06-25 23:30:23.239 9 WARNING neutron.api.rpc.agentnotifiers.dhcp_rpc_agent_api [None req-ec04676f-3815-4d8c-84bd-c5f60d02a267 4d0ebcc4c0d34e289faf4ad576049780 591a5d67b1884d3d9678af862eddd674 - - default default] Unable to schedule network 57a3d6ef-28ef-46fc-9454-d7e268a65437: no agents available; will retry on subsequent port and subnet creation events.
2026-06-25 23:30:23.419 10 INFO neutron.db.ovn_revision_numbers_db [None req-a9650156-ac1e-4d44-8da5-e7e0649f526a 46963e97232842c4816e8b2343a4d083 6b2b1f4bf15c4185aeb76fff62f553cd - - default default] Successfully bumped revision number for resource 8bb40fe0-55d1-409f-91df-c1fd9e14d985 (type: floatingips) to 0
2026-06-25 23:30:23.481 9 INFO neutron.db.ovn_revision_numbers_db [None req-a878b45b-d76f-44a0-8d21-220653f06cc7 9089057e8b3b45cbba9ee2e7a472e3b0 72744b09b8ba48b8a3e6b17504fc11fd - - default default] Successfully bumped revision number for resource 88757c60-f109-4e77-a2b5-5f79b4c0170a (type: security_groups) to 1
2026-06-25 23:30:23.504 9 INFO neutron.db.ovn_revision_numbers_db [None req-a878b45b-d76f-44a0-8d21-220653f06cc7 9089057e8b3b45cbba9ee2e7a472e3b0 72744b09b8ba48b8a3e6b17504fc11fd - - default default] Successfully bumped revision number for resource 055d7b9c-e6c6-4604-a081-5912de781920 (type: security_group_rules) to 0
2026-06-25 23:30:23.521 9 INFO neutron.db.ovn_revision_numbers_db [None req-a878b45b-d76f-44a0-8d21-220653f06cc7 9089057e8b3b45cbba9ee2e7a472e3b0 72744b09b8ba48b8a3e6b17504fc11fd - - default default] Successfully bumped revision number for resource 7020debb-e083-4ec4-ac9d-3b0d3838e6f3 (type: security_group_rules) to 0
2026-06-25 23:30:23.532 10 INFO neutron.db.ovn_revision_numbers_db [None req-a9650156-ac1e-4d44-8da5-e7e0649f526a 46963e97232842c4816e8b2343a4d083 6b2b1f4bf15c4185aeb76fff62f553cd - - default default] Successfully bumped revision number for resource 8bb40fe0-55d1-409f-91df-c1fd9e14d985 (type: floatingips) to 1
2026-06-25 23:30:23.537 9 INFO neutron.db.ovn_revision_numbers_db [None req-a878b45b-d76f-44a0-8d21-220653f06cc7 9089057e8b3b45cbba9ee2e7a472e3b0 72744b09b8ba48b8a3e6b17504fc11fd - - default default] Successfully bumped revision number for resource 72f5a3a0-d7b2-43ac-8ae3-ed96fcd2a881 (type: security_group_rules) to 0
2026-06-25 23:30:23.556 9 INFO neutron.db.ovn_revision_numbers_db [None req-a878b45b-d76f-44a0-8d21-220653f06cc7 9089057e8b3b45cbba9ee2e7a472e3b0 72744b09b8ba48b8a3e6b17504fc11fd - - default default] Successfully bumped revision number for resource 8a2c9b90-d4d9-442d-b482-1486177b8d91 (type: security_group_rules) to 0
2026-06-25 23:30:23.565 10 INFO neutron.wsgi [None req-a9650156-ac1e-4d44-8da5-e7e0649f526a 46963e97232842c4816e8b2343a4d083 6b2b1f4bf15c4185aeb76fff62f553cd - - default default] 10.0.0.89 "POST /v2.0/floatingips HTTP/1.1" status: 201 len: 1055 time: 1.0859344
2026-06-25 23:30:23.599 10 INFO neutron.notifiers.nova [-] Nova event matching ['req-8626fe6b-8530-4e8a-aed3-9ecc66359d23'] response: {'name': 'network-changed', 'server_uuid': '655274a8-fecb-40dc-accb-11c890071cde', 'tag': 'ba677088-42df-4c5e-b0a7-88f01feb33f3', 'status': 'completed', 'code': 200}
2026-06-25 23:30:23.612 10 INFO neutron.wsgi [None req-670c028e-79b0-4644-8829-9d97be195482 46963e97232842c4816e8b2343a4d083 6b2b1f4bf15c4185aeb76fff62f553cd - - default default] 10.0.0.89 "GET /v2.0/floatingips/8bb40fe0-55d1-409f-91df-c1fd9e14d985 HTTP/1.1" status: 200 len: 1052 time: 0.0393500 /var/lib/openstack/lib/python3.10/site-packages/pycadf/identifier.py:71: UserWarning: Invalid uuid: neutron. To ensure interoperability, identifiers should be a valid uuid. warnings.warn(('Invalid uuid: %s. To ensure interoperability, '
2026-06-25 23:30:23.635 9 INFO neutron.db.segments_db [None req-a878b45b-d76f-44a0-8d21-220653f06cc7 9089057e8b3b45cbba9ee2e7a472e3b0 72744b09b8ba48b8a3e6b17504fc11fd - - default default] Added segment 3a8a5b2f-7b0a-4213-a3ec-3a8bbf8341d6 of type geneve for network d2c58ff2-9892-41c7-9acd-07b0975d5eb5
2026-06-25 23:30:23.671 9 INFO neutron.wsgi [req-b54fdc47-4aa2-4314-be5f-e462765d8c6f req-9de51e83-8251-4e58-9ffb-b11373b74b6b 4305f2eb0a454ae7afbde0d0e0f17c49 a9466336b3fd40b1bbb1e9a2323ae8bb - - 72461810ce124ffeba27c79f004d6667 72461810ce124ffeba27c79f004d6667] 199.204.45.223 "GET /v2.0/ports?tenant_id=6b2b1f4bf15c4185aeb76fff62f553cd&device_id=655274a8-fecb-40dc-accb-11c890071cde HTTP/1.1" status: 200 len: 1413 time: 0.0538666
2026-06-25 23:30:23.788 9 INFO neutron.wsgi [req-b54fdc47-4aa2-4314-be5f-e462765d8c6f req-b5451a8b-b608-4457-b1e9-e7a995296332 4305f2eb0a454ae7afbde0d0e0f17c49 a9466336b3fd40b1bbb1e9a2323ae8bb - - 72461810ce124ffeba27c79f004d6667 72461810ce124ffeba27c79f004d6667] 199.204.45.223 "GET /v2.0/networks?id=dab8d3ce-c796-4f37-b303-36e631b5d7a8 HTTP/1.1" status: 200 len: 958 time: 0.1106863
2026-06-25 23:30:23.906 9 INFO neutron.wsgi [req-b54fdc47-4aa2-4314-be5f-e462765d8c6f req-105858c4-3a97-4a42-aefe-5b6247338f05 4305f2eb0a454ae7afbde0d0e0f17c49 a9466336b3fd40b1bbb1e9a2323ae8bb - - 72461810ce124ffeba27c79f004d6667 72461810ce124ffeba27c79f004d6667] 199.204.45.223 "GET /v2.0/floatingips?fixed_ip_address=10.100.0.13&port_id=ba677088-42df-4c5e-b0a7-88f01feb33f3 HTTP/1.1" status: 200 len: 1060 time: 0.1110032
2026-06-25 23:30:23.907 9 INFO neutron.db.ovn_revision_numbers_db [None req-a878b45b-d76f-44a0-8d21-220653f06cc7 9089057e8b3b45cbba9ee2e7a472e3b0 72744b09b8ba48b8a3e6b17504fc11fd - - default default] Successfully bumped revision number for resource d2c58ff2-9892-41c7-9acd-07b0975d5eb5 (type: networks) to 1
2026-06-25 23:30:23.960 9 INFO neutron.wsgi [req-b54fdc47-4aa2-4314-be5f-e462765d8c6f req-2b65cc79-8f96-49f7-b9c8-109db0141ac8 4305f2eb0a454ae7afbde0d0e0f17c49 a9466336b3fd40b1bbb1e9a2323ae8bb - - 72461810ce124ffeba27c79f004d6667 72461810ce124ffeba27c79f004d6667] 199.204.45.223 "GET /v2.0/subnets?id=2c8b4969-2f3c-43fc-9784-f666ab442d03 HTTP/1.1" status: 200 len: 852 time: 0.0428729
2026-06-25 23:30:23.995 9 INFO neutron.wsgi [req-b54fdc47-4aa2-4314-be5f-e462765d8c6f req-aba0c6d2-73c2-43f7-8c6c-3488ba78a95b 4305f2eb0a454ae7afbde0d0e0f17c49 a9466336b3fd40b1bbb1e9a2323ae8bb - - 72461810ce124ffeba27c79f004d6667 72461810ce124ffeba27c79f004d6667] 199.204.45.223 "GET /v2.0/ports?network_id=dab8d3ce-c796-4f37-b303-36e631b5d7a8&device_owner=network%3Adhcp HTTP/1.1" status: 200 len: 210 time: 0.0256534
2026-06-25 23:30:24.023 9 INFO neutron.db.ovn_revision_numbers_db [None req-ec04676f-3815-4d8c-84bd-c5f60d02a267 4d0ebcc4c0d34e289faf4ad576049780 591a5d67b1884d3d9678af862eddd674 - - default default] Successfully bumped revision number for resource 798020c0-cb6b-4cac-8f64-41f4bbbd6818 (type: ports) to 2
2026-06-25 23:30:24.095 9 INFO neutron.db.ovn_revision_numbers_db [None req-ec04676f-3815-4d8c-84bd-c5f60d02a267 4d0ebcc4c0d34e289faf4ad576049780 591a5d67b1884d3d9678af862eddd674 - - default default] Successfully bumped revision number for resource 4fb94fc8-c183-4d2e-a649-dc7b35280fcd (type: subnets) to 0
2026-06-25 23:30:24.102 9 INFO neutron.wsgi [req-b54fdc47-4aa2-4314-be5f-e462765d8c6f req-80e47d52-f28f-4793-9079-771a7f2c4d0d 4305f2eb0a454ae7afbde0d0e0f17c49 a9466336b3fd40b1bbb1e9a2323ae8bb - - 72461810ce124ffeba27c79f004d6667 72461810ce124ffeba27c79f004d6667] 199.204.45.223 "GET /v2.0/networks/dab8d3ce-c796-4f37-b303-36e631b5d7a8?fields=segments HTTP/1.1" status: 200 len: 212 time: 0.0955293
2026-06-25 23:30:24.121 9 INFO neutron.wsgi [None req-ec04676f-3815-4d8c-84bd-c5f60d02a267 4d0ebcc4c0d34e289faf4ad576049780 591a5d67b1884d3d9678af862eddd674 - - default default] 10.0.0.89 "POST /v2.0/subnets HTTP/1.1" status: 201 len: 1426 time: 2.0787237
2026-06-25 23:30:24.171 9 INFO neutron.wsgi [req-b54fdc47-4aa2-4314-be5f-e462765d8c6f req-25c78fc6-3577-4227-866b-9930bce99c2d 4305f2eb0a454ae7afbde0d0e0f17c49 a9466336b3fd40b1bbb1e9a2323ae8bb - - 72461810ce124ffeba27c79f004d6667 72461810ce124ffeba27c79f004d6667] 199.204.45.223 "GET /v2.0/networks/dab8d3ce-c796-4f37-b303-36e631b5d7a8?fields=provider%3Aphysical_network&fields=provider%3Anetwork_type HTTP/1.1" status: 200 len: 277 time: 0.0625172
2026-06-25 23:30:24.190 10 INFO neutron.wsgi [None req-f843a6c7-cb1d-45b7-a98a-723520579a7d 4d0ebcc4c0d34e289faf4ad576049780 591a5d67b1884d3d9678af862eddd674 - - default default] 10.0.0.89 "GET /v2.0/subnets HTTP/1.1" status: 200 len: 2034 time: 0.0458381
2026-06-25 23:30:24.223 9 WARNING neutron.scheduler.dhcp_agent_scheduler [None req-a878b45b-d76f-44a0-8d21-220653f06cc7 9089057e8b3b45cbba9ee2e7a472e3b0 72744b09b8ba48b8a3e6b17504fc11fd - - default default] No more DHCP agents
2026-06-25 23:30:24.226 9 WARNING neutron.api.rpc.agentnotifiers.dhcp_rpc_agent_api [None req-a878b45b-d76f-44a0-8d21-220653f06cc7 9089057e8b3b45cbba9ee2e7a472e3b0 72744b09b8ba48b8a3e6b17504fc11fd - - default default] Unable to schedule network d2c58ff2-9892-41c7-9acd-07b0975d5eb5: no agents available; will retry on subsequent port and subnet creation events.
2026-06-25 23:30:24.326 9 INFO neutron.db.ovn_revision_numbers_db [None req-a878b45b-d76f-44a0-8d21-220653f06cc7 9089057e8b3b45cbba9ee2e7a472e3b0 72744b09b8ba48b8a3e6b17504fc11fd - - default default] Successfully bumped revision number for resource 7779b732-a044-48b7-b3a9-2fbafa3fabde (type: ports) to 1
2026-06-25 23:30:24.349 9 INFO neutron.wsgi [None req-a878b45b-d76f-44a0-8d21-220653f06cc7 9089057e8b3b45cbba9ee2e7a472e3b0 72744b09b8ba48b8a3e6b17504fc11fd - - default default] 10.0.0.89 "POST /v2.0/networks HTTP/1.1" status: 201 len: 945 time: 1.2482166
2026-06-25 23:30:24.444 10 INFO neutron.wsgi [None req-e65d4228-cc31-4d34-b58b-bb27d5c29f16 4d0ebcc4c0d34e289faf4ad576049780 591a5d67b1884d3d9678af862eddd674 - - default default] 10.0.0.89 "DELETE /v2.0/subnets/bf4d0db4-b523-4eab-a099-9af907917b6c HTTP/1.1" status: 204 len: 168 time: 0.2462912
2026-06-25 23:30:24.574 10 WARNING neutron.scheduler.dhcp_agent_scheduler [None req-a21ea749-a6a1-455d-9a1e-c08ded93a0cd 9089057e8b3b45cbba9ee2e7a472e3b0 72744b09b8ba48b8a3e6b17504fc11fd - - default default] No more DHCP agents
2026-06-25 23:30:24.578 10 WARNING neutron.api.rpc.agentnotifiers.dhcp_rpc_agent_api [None req-a21ea749-a6a1-455d-9a1e-c08ded93a0cd 9089057e8b3b45cbba9ee2e7a472e3b0 72744b09b8ba48b8a3e6b17504fc11fd - - default default] Unable to schedule network d2c58ff2-9892-41c7-9acd-07b0975d5eb5: no agents available; will retry on subsequent port and subnet creation events.
2026-06-25 23:30:24.713 10 INFO neutron.wsgi [None req-4a2960e3-38c2-4ee1-8a9b-ab52b5e26685 4d0ebcc4c0d34e289faf4ad576049780 591a5d67b1884d3d9678af862eddd674 - - default default] 10.0.0.89 "DELETE /v2.0/subnets/4fb94fc8-c183-4d2e-a649-dc7b35280fcd HTTP/1.1" status: 204 len: 168 time: 0.2618382
2026-06-25 23:30:24.755 10 INFO neutron.wsgi [None req-bd9c78dd-18f5-4162-9ffb-896a37692e36 4d0ebcc4c0d34e289faf4ad576049780 591a5d67b1884d3d9678af862eddd674 - - default default] 10.0.0.89 "GET /v2.0/subnets HTTP/1.1" status: 200 len: 820 time: 0.0383186
2026-06-25 23:30:24.910 9 INFO neutron.wsgi [None req-21c0f5af-e0c1-4558-aa4f-5da890c6771f 95bd515fc84d421fa35eb4a55112feb2 723198a00f9a4232a28a542f3ce63de7 - - default default] 10.0.0.254 "GET /v2.0/extensions HTTP/1.1" status: 200 len: 16980 time: 0.0433335
2026-06-25 23:30:25.040 9 INFO neutron.wsgi [None req-95c59ff8-e620-4d71-8ed0-5e47e07d5e4c 95bd515fc84d421fa35eb4a55112feb2 723198a00f9a4232a28a542f3ce63de7 - - default default] 10.0.0.254 "GET /v2.0/quotas/723198a00f9a4232a28a542f3ce63de7/details HTTP/1.1" status: 200 len: 756 time: 0.1037540
2026-06-25 23:30:25.378 9 INFO neutron.wsgi [-] 10.0.0.131 "GET / HTTP/1.1" status: 200 len: 247 time: 0.0020967
2026-06-25 23:30:25.380 9 INFO neutron.wsgi [-] 10.0.0.131 "GET / HTTP/1.1" status: 200 len: 247 time: 0.0019360
2026-06-25 23:30:25.498 10 INFO neutron.services.segments.plugin [-] Segment 4af01607-05d8-4be5-b77e-60de57852cec resource provider aggregate not found
2026-06-25 23:30:25.503 10 INFO neutron.services.segments.plugin [-] Segment 4af01607-05d8-4be5-b77e-60de57852cec resource provider aggregate not found
2026-06-25 23:30:25.515 10 INFO neutron.services.segments.plugin [-] Segment 4af01607-05d8-4be5-b77e-60de57852cec resource provider not found; error: Placement Client Error (4xx): {"errors": [{"status": 404, "title": "Not Found", "detail": "The resource could not be found.\n\n No resource provider with uuid 4af01607-05d8-4be5-b77e-60de57852cec found for delete ", "request_id": "req-e5c0a5cd-ef55-44ca-a690-e3bcfab15913"}]}
2026-06-25 23:30:25.515 10 INFO neutron.db.ovn_revision_numbers_db [None req-a21ea749-a6a1-455d-9a1e-c08ded93a0cd 9089057e8b3b45cbba9ee2e7a472e3b0 72744b09b8ba48b8a3e6b17504fc11fd - - default default] Successfully bumped revision number for resource 7779b732-a044-48b7-b3a9-2fbafa3fabde (type: ports) to 2
2026-06-25 23:30:25.521 10 INFO neutron.services.segments.plugin [-] Segment 4af01607-05d8-4be5-b77e-60de57852cec resource provider not found; error: Placement Client Error (4xx): {"errors": [{"status": 404, "title": "Not Found", "detail": "The resource could not be found.\n\n No resource provider with uuid 4af01607-05d8-4be5-b77e-60de57852cec found for delete ", "request_id": "req-286a5afc-80e3-410e-a6ae-376c2386d475"}]}
2026-06-25 23:30:25.539 10 INFO neutron.wsgi [None req-edfcf1e1-4b27-4950-9e3e-9adbaace488b 4d0ebcc4c0d34e289faf4ad576049780 591a5d67b1884d3d9678af862eddd674 - - default default] 10.0.0.89 "DELETE /v2.0/networks/57a3d6ef-28ef-46fc-9454-d7e268a65437 HTTP/1.1" status: 204 len: 168 time: 0.7775257
2026-06-25 23:30:25.554 10 INFO neutron.db.ovn_revision_numbers_db [None req-a21ea749-a6a1-455d-9a1e-c08ded93a0cd 9089057e8b3b45cbba9ee2e7a472e3b0 72744b09b8ba48b8a3e6b17504fc11fd - - default default] Successfully bumped revision number for resource 9c68ef0e-22ad-4a32-9fc7-534a880a1f4f (type: subnets) to 0
2026-06-25 23:30:25.566 10 INFO neutron.wsgi [None req-a21ea749-a6a1-455d-9a1e-c08ded93a0cd 9089057e8b3b45cbba9ee2e7a472e3b0 72744b09b8ba48b8a3e6b17504fc11fd - - default default] 10.0.0.89 "POST /v2.0/subnets HTTP/1.1" status: 201 len: 866 time: 1.2091777
2026-06-25 23:30:25.934 9 INFO neutron.services.segments.plugin [-] Segment b83ca29f-3967-4f04-8ea6-fb07f53a44b9 resource provider aggregate not found
2026-06-25 23:30:25.941 9 INFO neutron.services.segments.plugin [-] Segment b83ca29f-3967-4f04-8ea6-fb07f53a44b9 resource provider aggregate not found
2026-06-25 23:30:25.959 9 INFO neutron.services.segments.plugin [-] Segment b83ca29f-3967-4f04-8ea6-fb07f53a44b9 resource provider not found; error: Placement Client Error (4xx): {"errors": [{"status": 404, "title": "Not Found", "detail": "The resource could not be found.\n\n No resource provider with uuid b83ca29f-3967-4f04-8ea6-fb07f53a44b9 found for delete ", "request_id": "req-18d61d6b-c312-4645-993e-8395434674c7"}]}
2026-06-25 23:30:25.960 9 INFO neutron.services.segments.plugin [-] Segment b83ca29f-3967-4f04-8ea6-fb07f53a44b9 resource provider not found; error: Placement Client Error (4xx): {"errors": [{"status": 404, "title": "Not Found", "detail": "The resource could not be found.\n\n No resource provider with uuid b83ca29f-3967-4f04-8ea6-fb07f53a44b9 found for delete ", "request_id": "req-3c6a2a31-f7e6-4232-bc2c-62f994240114"}]}
2026-06-25 23:30:25.980 9 INFO neutron.wsgi [None req-5689308d-3eec-4950-8fb4-64d564cf9eb1 4d0ebcc4c0d34e289faf4ad576049780 591a5d67b1884d3d9678af862eddd674 - - default default] 10.0.0.89 "DELETE /v2.0/networks/2c735fba-fbe4-4228-a7b0-0bcbeb7b73d5 HTTP/1.1" status: 204 len: 168 time: 0.4361472
2026-06-25 23:30:25.986 10 WARNING neutron.scheduler.dhcp_agent_scheduler [None req-cc76359f-e535-4981-b162-d354ac9c73ae 9089057e8b3b45cbba9ee2e7a472e3b0 72744b09b8ba48b8a3e6b17504fc11fd - - default default] No more DHCP agents
2026-06-25 23:30:25.990 10 WARNING neutron.api.rpc.agentnotifiers.dhcp_rpc_agent_api [None req-cc76359f-e535-4981-b162-d354ac9c73ae 9089057e8b3b45cbba9ee2e7a472e3b0 72744b09b8ba48b8a3e6b17504fc11fd - - default default] Unable to schedule network a6b061e7-ef29-4b14-9ccc-96c438219742: no agents available; will retry on subsequent port and subnet creation events.
2026-06-25 23:30:26.234 10 INFO neutron.db.ovn_revision_numbers_db [None req-cc76359f-e535-4981-b162-d354ac9c73ae 9089057e8b3b45cbba9ee2e7a472e3b0 72744b09b8ba48b8a3e6b17504fc11fd - - default default] Successfully bumped revision number for resource e884cd77-63a5-4e42-ba71-d252f17a69bf (type: ports) to 1
2026-06-25 23:30:26.507 10 INFO neutron.wsgi [None req-3f713736-c839-4449-b435-2e9dfccad63d 4d0ebcc4c0d34e289faf4ad576049780 591a5d67b1884d3d9678af862eddd674 - - default default] 10.0.0.89 "DELETE /v2.0/networks/fe5421a0-dab0-4202-bfdb-3450037686a5 HTTP/1.1" status: 204 len: 168 time: 0.5184467
2026-06-25 23:30:26.853 10 INFO neutron.plugins.ml2.drivers.ovn.mech_driver.mech_driver [None req-80ac8514-3889-44ae-b8d3-40148fbfc6ac - - - - - -] OVN reports status up for port: e884cd77-63a5-4e42-ba71-d252f17a69bf
2026-06-25 23:30:26.863 10 INFO neutron.plugins.ml2.plugin [None req-80ac8514-3889-44ae-b8d3-40148fbfc6ac - - - - - -] Attempt 1 to provision port e884cd77-63a5-4e42-ba71-d252f17a69bf
