2026-06-25 23:31:01.791 9 INFO neutron.wsgi [req-325d6167-fa27-402c-b109-f5a28e66a988 req-738c597a-6c87-46af-8eea-027f9f38bdf5 46963e97232842c4816e8b2343a4d083 6b2b1f4bf15c4185aeb76fff62f553cd - - default default] 199.204.45.223 "DELETE /v2.0/ports/ba677088-42df-4c5e-b0a7-88f01feb33f3 HTTP/1.1" status: 204 len: 173 time: 0.2920859
2026-06-25 23:31:01.799 10 WARNING neutron.scheduler.dhcp_agent_scheduler [None req-06a54627-7576-474d-bded-eeb0ba23b4d7 6d0014778d53433fa8b2910c2651a92d 4e5ec60649134274a749bff35ec7570e - - default default] No more DHCP agents
2026-06-25 23:31:01.802 10 WARNING neutron.api.rpc.agentnotifiers.dhcp_rpc_agent_api [None req-06a54627-7576-474d-bded-eeb0ba23b4d7 6d0014778d53433fa8b2910c2651a92d 4e5ec60649134274a749bff35ec7570e - - default default] Unable to schedule network a4570ec0-5303-46bd-9c1c-f14874156c34: no agents available; will retry on subsequent port and subnet creation events.
2026-06-25 23:31:01.823 9 INFO neutron.notifiers.nova [-] Nova event matching ['req-f3527c72-187b-40a9-8899-6237e1094b9f'] response: {'server_uuid': '655274a8-fecb-40dc-accb-11c890071cde', 'name': 'network-vif-deleted', 'tag': 'ba677088-42df-4c5e-b0a7-88f01feb33f3', 'status': 'completed', 'code': 200}
2026-06-25 23:31:02.187 9 WARNING neutron.plugins.ml2.drivers.ovn.mech_driver.ovsdb.ovn_client [None req-aaba1074-abd1-4a59-bbf0-16f74f6b2b65 - - - - - -] No port found with ID 8b5927cb-e6cd-4dd6-baa1-ac0ad99cf9f3: RuntimeError: No port found with ID 8b5927cb-e6cd-4dd6-baa1-ac0ad99cf9f3
2026-06-25 23:31:02.212 9 INFO neutron.plugins.ml2.drivers.ovn.mech_driver.mech_driver [None req-aaba1074-abd1-4a59-bbf0-16f74f6b2b65 - - - - - -] OVN reports status down for port: 6c1a945f-bebc-4951-9bfd-99e3aca16c0d
2026-06-25 23:31:02.280 10 INFO neutron.db.ovn_revision_numbers_db [None req-06a54627-7576-474d-bded-eeb0ba23b4d7 6d0014778d53433fa8b2910c2651a92d 4e5ec60649134274a749bff35ec7570e - - default default] Successfully bumped revision number for resource 97766a2f-2f23-4b55-a896-ca2485972848 (type: ports) to 2
2026-06-25 23:31:02.307 10 INFO neutron.db.ovn_revision_numbers_db [None req-06a54627-7576-474d-bded-eeb0ba23b4d7 6d0014778d53433fa8b2910c2651a92d 4e5ec60649134274a749bff35ec7570e - - default default] Successfully bumped revision number for resource 251b25d7-1fa1-46ef-bf23-c807f3005ddd (type: subnets) to 0
2026-06-25 23:31:02.333 10 INFO neutron.wsgi [None req-06a54627-7576-474d-bded-eeb0ba23b4d7 6d0014778d53433fa8b2910c2651a92d 4e5ec60649134274a749bff35ec7570e - - default default] 10.0.0.89 "POST /v2.0/subnets HTTP/1.1" status: 201 len: 801 time: 0.8137839
2026-06-25 23:31:02.342 10 WARNING neutron_lib.context [None req-ff53fbd7-c649-4bcf-9f5f-160ebd2b0eb2 6d0014778d53433fa8b2910c2651a92d 4e5ec60649134274a749bff35ec7570e - - default default] Method 'is_advsvc' is deprecated since 2023.2 release (neutron-lib 3.8.0) and will be removed once support for the old RBAC API policies will be removed from Neutron. Please use method 'is_service_role' instead.
2026-06-25 23:31:02.498 9 INFO neutron.db.ovn_revision_numbers_db [None req-aaba1074-abd1-4a59-bbf0-16f74f6b2b65 - - - - - -] Successfully bumped revision number for resource 6c1a945f-bebc-4951-9bfd-99e3aca16c0d (type: ports) to 5
2026-06-25 23:31:02.503 10 INFO neutron.db.ovn_revision_numbers_db [None req-ff53fbd7-c649-4bcf-9f5f-160ebd2b0eb2 6d0014778d53433fa8b2910c2651a92d 4e5ec60649134274a749bff35ec7570e - - default default] Successfully bumped revision number for resource 7c1ca38c-c018-4e28-9d72-3925294ee4cd (type: routers) to 1
2026-06-25 23:31:02.507 9 INFO neutron.services.segments.plugin [-] Segment 1e954665-9deb-4cf7-a4bb-96efe8f2f631 resource provider aggregate not found
2026-06-25 23:31:02.512 9 INFO neutron.services.segments.plugin [-] Segment 1e954665-9deb-4cf7-a4bb-96efe8f2f631 resource provider aggregate not found
2026-06-25 23:31:02.519 10 INFO neutron.wsgi [None req-ff53fbd7-c649-4bcf-9f5f-160ebd2b0eb2 6d0014778d53433fa8b2910c2651a92d 4e5ec60649134274a749bff35ec7570e - - default default] 10.0.0.89 "POST /v2.0/routers HTTP/1.1" status: 201 len: 687 time: 0.1814685
2026-06-25 23:31:02.520 9 INFO neutron.services.segments.plugin [-] Segment 1e954665-9deb-4cf7-a4bb-96efe8f2f631 resource provider not found; error: Placement Client Error (4xx): {"errors": [{"status": 404, "title": "Not Found", "detail": "The resource could not be found.\n\n No resource provider with uuid 1e954665-9deb-4cf7-a4bb-96efe8f2f631 found for delete ", "request_id": "req-cb800b51-6144-4c37-9cea-9ba067876502"}]}
2026-06-25 23:31:02.522 9 WARNING neutron.plugins.ml2.drivers.ovn.mech_driver.ovsdb.ovn_client [None req-aaba1074-abd1-4a59-bbf0-16f74f6b2b65 - - - - - -] Logical_Switch_Port %s host information not removed, the port state is up
2026-06-25 23:31:02.522 9 INFO neutron.plugins.ml2.drivers.ovn.mech_driver.mech_driver [None req-aaba1074-abd1-4a59-bbf0-16f74f6b2b65 - - - - - -] OVN reports status up for port: 6c1a945f-bebc-4951-9bfd-99e3aca16c0d
2026-06-25 23:31:02.525 10 INFO neutron.wsgi [None req-c54b9f63-cb91-4cc7-9f15-b74734d19061 46963e97232842c4816e8b2343a4d083 6b2b1f4bf15c4185aeb76fff62f553cd - - default default] 10.0.0.89 "DELETE /v2.0/security-groups/8128f1d6-5021-47f1-a476-f381af47991d HTTP/1.1" status: 204 len: 168 time: 0.2132995
2026-06-25 23:31:02.528 9 INFO neutron.services.segments.plugin [-] Segment 1e954665-9deb-4cf7-a4bb-96efe8f2f631 resource provider not found; error: Placement Client Error (4xx): {"errors": [{"status": 404, "title": "Not Found", "detail": "The resource could not be found.\n\n No resource provider with uuid 1e954665-9deb-4cf7-a4bb-96efe8f2f631 found for delete ", "request_id": "req-25222bbb-d1ac-40f8-9032-e29265bc0f02"}]} /var/lib/openstack/lib/python3.10/site-packages/pycadf/identifier.py:71: UserWarning: Invalid uuid: neutron. To ensure interoperability, identifiers should be a valid uuid. warnings.warn(('Invalid uuid: %s. To ensure interoperability, '
2026-06-25 23:31:02.534 9 WARNING neutron_lib.context [None req-bb8c07f5-34d1-4bc5-8698-ee2b704065ed 6d0014778d53433fa8b2910c2651a92d 4e5ec60649134274a749bff35ec7570e - - default default] Method 'is_advsvc' is deprecated since 2023.2 release (neutron-lib 3.8.0) and will be removed once support for the old RBAC API policies will be removed from Neutron. Please use method 'is_service_role' instead.
2026-06-25 23:31:02.560 9 INFO neutron.plugins.ml2.plugin [None req-aaba1074-abd1-4a59-bbf0-16f74f6b2b65 - - - - - -] Attempt 1 to provision port 6c1a945f-bebc-4951-9bfd-99e3aca16c0d
2026-06-25 23:31:02.901 9 INFO neutron.db.ovn_revision_numbers_db [None req-aaba1074-abd1-4a59-bbf0-16f74f6b2b65 - - - - - -] Successfully bumped revision number for resource 6c1a945f-bebc-4951-9bfd-99e3aca16c0d (type: ports) to 6
2026-06-25 23:31:02.909 9 WARNING neutron.scheduler.dhcp_agent_scheduler [None req-bb8c07f5-34d1-4bc5-8698-ee2b704065ed 6d0014778d53433fa8b2910c2651a92d 4e5ec60649134274a749bff35ec7570e - - default default] No more DHCP agents
2026-06-25 23:31:02.913 9 WARNING neutron.api.rpc.agentnotifiers.dhcp_rpc_agent_api [None req-bb8c07f5-34d1-4bc5-8698-ee2b704065ed 6d0014778d53433fa8b2910c2651a92d 4e5ec60649134274a749bff35ec7570e - - default default] Unable to schedule network a4570ec0-5303-46bd-9c1c-f14874156c34: no agents available; will retry on subsequent port and subnet creation events.
2026-06-25 23:31:02.996 9 INFO neutron.plugins.ml2.drivers.ovn.mech_driver.mech_driver [None req-aaba1074-abd1-4a59-bbf0-16f74f6b2b65 - - - - - -] OVN reports status down for port: 1888398f-6a31-4603-85c8-47bbad90a1a5
2026-06-25 23:31:03.017 9 INFO neutron.plugins.ml2.drivers.ovn.mech_driver.mech_driver [None req-aaba1074-abd1-4a59-bbf0-16f74f6b2b65 - - - - - -] OVN reports status down for port: ba677088-42df-4c5e-b0a7-88f01feb33f3
2026-06-25 23:31:03.131 9 INFO neutron.db.ovn_revision_numbers_db [None req-bb8c07f5-34d1-4bc5-8698-ee2b704065ed 6d0014778d53433fa8b2910c2651a92d 4e5ec60649134274a749bff35ec7570e - - default default] Successfully bumped revision number for resource ea5bffb3-62a9-4c2b-9822-fe833d4c90a1 (type: ports) to 1
2026-06-25 23:31:03.149 9 INFO neutron.wsgi [None req-bb8c07f5-34d1-4bc5-8698-ee2b704065ed 6d0014778d53433fa8b2910c2651a92d 4e5ec60649134274a749bff35ec7570e - - default default] 10.0.0.89 "POST /v2.0/ports HTTP/1.1" status: 201 len: 1150 time: 0.6227026 /var/lib/openstack/lib/python3.10/site-packages/pycadf/identifier.py:71: UserWarning: Invalid uuid: neutron. To ensure interoperability, identifiers should be a valid uuid. warnings.warn(('Invalid uuid: %s. To ensure interoperability, '
2026-06-25 23:31:03.661 10 INFO neutron.wsgi [None req-4659bf6e-1369-49a4-b123-9880f50445aa 46963e97232842c4816e8b2343a4d083 6b2b1f4bf15c4185aeb76fff62f553cd - - default default] 10.0.0.89 "PUT /v2.0/routers/e8b0ffce-8a94-4f8c-bb6d-d8c0e46c840b/remove_router_interface HTTP/1.1" status: 200 len: 503 time: 1.1039944 /var/lib/openstack/lib/python3.10/site-packages/pycadf/identifier.py:71: UserWarning: Invalid uuid: neutron. To ensure interoperability, identifiers should be a valid uuid. warnings.warn(('Invalid uuid: %s. To ensure interoperability, '
2026-06-25 23:31:03.771 10 INFO neutron.plugins.ml2.drivers.ovn.mech_driver.mech_driver [None req-80ac8514-3889-44ae-b8d3-40148fbfc6ac - - - - - -] OVN reports status up for port: ea5bffb3-62a9-4c2b-9822-fe833d4c90a1
2026-06-25 23:31:03.779 10 INFO neutron.plugins.ml2.plugin [None req-80ac8514-3889-44ae-b8d3-40148fbfc6ac - - - - - -] Attempt 1 to provision port ea5bffb3-62a9-4c2b-9822-fe833d4c90a1
2026-06-25 23:31:03.791 9 INFO neutron.db.ovn_revision_numbers_db [None req-86f2955a-d8d5-443a-a64f-5b46f5bf9599 6d0014778d53433fa8b2910c2651a92d 4e5ec60649134274a749bff35ec7570e - - default default] Successfully bumped revision number for resource ea5bffb3-62a9-4c2b-9822-fe833d4c90a1 (type: router_ports) to 2
2026-06-25 23:31:03.867 9 INFO neutron.notifiers.nova [-] Nova event matching ['req-bde8d2da-1018-4271-8c6e-81301723804f'] response: {'server_uuid': '61e0ce69-fe5d-4357-93f9-477c8b61201c', 'name': 'network-vif-unplugged', 'status': 'completed', 'tag': '6c1a945f-bebc-4951-9bfd-99e3aca16c0d', 'code': 200}
2026-06-25 23:31:03.867 9 INFO neutron.notifiers.nova [-] Nova event matching ['req-bde8d2da-1018-4271-8c6e-81301723804f'] response: {'server_uuid': '61e0ce69-fe5d-4357-93f9-477c8b61201c', 'name': 'network-vif-plugged', 'status': 'completed', 'tag': '6c1a945f-bebc-4951-9bfd-99e3aca16c0d', 'code': 200}
2026-06-25 23:31:03.867 9 INFO neutron.notifiers.nova [-] Nova event matching ['req-bde8d2da-1018-4271-8c6e-81301723804f'] response: {'server_uuid': '61e0ce69-fe5d-4357-93f9-477c8b61201c', 'name': 'network-vif-plugged', 'status': 'completed', 'tag': '6c1a945f-bebc-4951-9bfd-99e3aca16c0d', 'code': 200}
2026-06-25 23:31:03.868 9 INFO neutron.notifiers.nova [-] Nova event matching ['req-bde8d2da-1018-4271-8c6e-81301723804f'] response: {'server_uuid': '61e0ce69-fe5d-4357-93f9-477c8b61201c', 'name': 'network-vif-plugged', 'status': 'completed', 'tag': '6c1a945f-bebc-4951-9bfd-99e3aca16c0d', 'code': 200}
2026-06-25 23:31:03.900 10 INFO neutron.wsgi [None req-781777c0-5b5c-4700-8bdc-34679b2c1e5a 46963e97232842c4816e8b2343a4d083 6b2b1f4bf15c4185aeb76fff62f553cd - - default default] 10.0.0.89 "DELETE /v2.0/subnets/2c8b4969-2f3c-43fc-9784-f666ab442d03 HTTP/1.1" status: 204 len: 168 time: 0.2310426
2026-06-25 23:31:04.002 9 INFO neutron.db.ovn_revision_numbers_db [None req-86f2955a-d8d5-443a-a64f-5b46f5bf9599 6d0014778d53433fa8b2910c2651a92d 4e5ec60649134274a749bff35ec7570e - - default default] Successfully bumped revision number for resource ea5bffb3-62a9-4c2b-9822-fe833d4c90a1 (type: ports) to 2
2026-06-25 23:31:04.164 10 INFO neutron.db.ovn_revision_numbers_db [None req-80ac8514-3889-44ae-b8d3-40148fbfc6ac - - - - - -] Successfully bumped revision number for resource ea5bffb3-62a9-4c2b-9822-fe833d4c90a1 (type: ports) to 3
2026-06-25 23:31:04.289 10 INFO neutron.db.ovn_revision_numbers_db [None req-80ac8514-3889-44ae-b8d3-40148fbfc6ac - - - - - -] Successfully bumped revision number for resource ea5bffb3-62a9-4c2b-9822-fe833d4c90a1 (type: router_ports) to 3
2026-06-25 23:31:04.515 9 INFO neutron.db.ovn_revision_numbers_db [None req-86f2955a-d8d5-443a-a64f-5b46f5bf9599 6d0014778d53433fa8b2910c2651a92d 4e5ec60649134274a749bff35ec7570e - - default default] Successfully bumped revision number for resource ea5bffb3-62a9-4c2b-9822-fe833d4c90a1 (type: ports) to 3
2026-06-25 23:31:04.570 9 WARNING neutron.scheduler.dhcp_agent_scheduler [None req-86f2955a-d8d5-443a-a64f-5b46f5bf9599 6d0014778d53433fa8b2910c2651a92d 4e5ec60649134274a749bff35ec7570e - - default default] No more DHCP agents
2026-06-25 23:31:04.571 9 WARNING neutron.api.rpc.agentnotifiers.dhcp_rpc_agent_api [None req-86f2955a-d8d5-443a-a64f-5b46f5bf9599 6d0014778d53433fa8b2910c2651a92d 4e5ec60649134274a749bff35ec7570e - - default default] Unable to schedule network a4570ec0-5303-46bd-9c1c-f14874156c34: no agents available; will retry on subsequent port and subnet creation events.
2026-06-25 23:31:04.701 9 INFO neutron.db.ovn_revision_numbers_db [None req-86f2955a-d8d5-443a-a64f-5b46f5bf9599 6d0014778d53433fa8b2910c2651a92d 4e5ec60649134274a749bff35ec7570e - - default default] Successfully bumped revision number for resource ea5bffb3-62a9-4c2b-9822-fe833d4c90a1 (type: router_ports) to 3
2026-06-25 23:31:04.704 9 INFO neutron.wsgi [None req-86f2955a-d8d5-443a-a64f-5b46f5bf9599 6d0014778d53433fa8b2910c2651a92d 4e5ec60649134274a749bff35ec7570e - - default default] 10.0.0.89 "PUT /v2.0/routers/7c1ca38c-c018-4e28-9d72-3925294ee4cd/add_router_interface HTTP/1.1" status: 200 len: 503 time: 1.5495324 /var/lib/openstack/lib/python3.10/site-packages/pycadf/identifier.py:71: UserWarning: Invalid uuid: neutron. To ensure interoperability, identifiers should be a valid uuid. warnings.warn(('Invalid uuid: %s. To ensure interoperability, '
2026-06-25 23:31:04.781 9 INFO neutron.wsgi [None req-b3bf315f-552d-498c-8653-28aa43f6b984 6d0014778d53433fa8b2910c2651a92d 4e5ec60649134274a749bff35ec7570e - - default default] 10.0.0.89 "GET /v2.0/ports/ea5bffb3-62a9-4c2b-9822-fe833d4c90a1 HTTP/1.1" status: 200 len: 1208 time: 0.0728512
2026-06-25 23:31:05.030 10 INFO neutron.wsgi [None req-8acd2720-ac4b-4ada-8f46-c8f7d10cbe1b 46963e97232842c4816e8b2343a4d083 6b2b1f4bf15c4185aeb76fff62f553cd - - default default] 10.0.0.89 "DELETE /v2.0/routers/e8b0ffce-8a94-4f8c-bb6d-d8c0e46c840b HTTP/1.1" status: 204 len: 168 time: 1.1255329 /var/lib/openstack/lib/python3.10/site-packages/pycadf/identifier.py:71: UserWarning: Invalid uuid: neutron. To ensure interoperability, identifiers should be a valid uuid. warnings.warn(('Invalid uuid: %s. To ensure interoperability, '
2026-06-25 23:31:05.385 10 INFO neutron.services.segments.plugin [-] Segment 210eacdb-9801-4e8f-bc2b-dc31f9eaac30 resource provider aggregate not found
2026-06-25 23:31:05.390 10 INFO neutron.services.segments.plugin [-] Segment 210eacdb-9801-4e8f-bc2b-dc31f9eaac30 resource provider aggregate not found
2026-06-25 23:31:05.406 10 INFO neutron.services.segments.plugin [-] Segment 210eacdb-9801-4e8f-bc2b-dc31f9eaac30 resource provider not found; error: Placement Client Error (4xx): {"errors": [{"status": 404, "title": "Not Found", "detail": "The resource could not be found.\n\n No resource provider with uuid 210eacdb-9801-4e8f-bc2b-dc31f9eaac30 found for delete ", "request_id": "req-5bf465dc-c92e-4bbf-9e98-c01671c528e0"}]}
2026-06-25 23:31:05.412 10 INFO neutron.services.segments.plugin [-] Segment 210eacdb-9801-4e8f-bc2b-dc31f9eaac30 resource provider not found; error: Placement Client Error (4xx): {"errors": [{"status": 404, "title": "Not Found", "detail": "The resource could not be found.\n\n No resource provider with uuid 210eacdb-9801-4e8f-bc2b-dc31f9eaac30 found for delete ", "request_id": "req-c3dda9d5-0e7c-47ab-b412-2914e5731ff8"}]}
2026-06-25 23:31:05.432 10 INFO neutron.wsgi [None req-0cd13c9a-b114-4e4e-9f3a-9bd1137db988 46963e97232842c4816e8b2343a4d083 6b2b1f4bf15c4185aeb76fff62f553cd - - default default] 10.0.0.89 "DELETE /v2.0/networks/dab8d3ce-c796-4f37-b303-36e631b5d7a8 HTTP/1.1" status: 204 len: 168 time: 0.3919139
2026-06-25 23:31:05.477 9 INFO neutron.wsgi [None req-56be89d2-1d77-44f9-960e-e23c2db3f171 6d0014778d53433fa8b2910c2651a92d 4e5ec60649134274a749bff35ec7570e - - default default] 10.0.0.89 "PUT /v2.0/routers/7c1ca38c-c018-4e28-9d72-3925294ee4cd/remove_router_interface HTTP/1.1" status: 200 len: 503 time: 0.6897786 /var/lib/openstack/lib/python3.10/site-packages/pycadf/identifier.py:71: UserWarning: Invalid uuid: neutron. To ensure interoperability, identifiers should be a valid uuid. warnings.warn(('Invalid uuid: %s. To ensure interoperability, '
2026-06-25 23:31:05.548 9 INFO neutron.api.v2.resource [None req-7eaafc66-3848-47e7-8184-d93533636808 6d0014778d53433fa8b2910c2651a92d 4e5ec60649134274a749bff35ec7570e - - default default] remove_router_interface failed (client error): The resource could not be found.
2026-06-25 23:31:05.549 9 INFO neutron.wsgi [None req-7eaafc66-3848-47e7-8184-d93533636808 6d0014778d53433fa8b2910c2651a92d 4e5ec60649134274a749bff35ec7570e - - default default] 10.0.0.89 "PUT /v2.0/routers/7c1ca38c-c018-4e28-9d72-3925294ee4cd/remove_router_interface HTTP/1.1" status: 404 len: 398 time: 0.0680792
2026-06-25 23:31:05.573 9 INFO neutron.wsgi [None req-f1921d63-7a92-47f6-be8f-47bdacd4e0b8 6d0014778d53433fa8b2910c2651a92d 4e5ec60649134274a749bff35ec7570e - - default default] 10.0.0.89 "GET /v2.0/ports?device_id=7c1ca38c-c018-4e28-9d72-3925294ee4cd HTTP/1.1" status: 200 len: 205 time: 0.0203695
2026-06-25 23:31:05.852 10 INFO neutron.wsgi [None req-e7ec9387-f2cf-42be-bf63-2c37c92189cc 6d0014778d53433fa8b2910c2651a92d 4e5ec60649134274a749bff35ec7570e - - default default] 10.0.0.89 "DELETE /v2.0/routers/7c1ca38c-c018-4e28-9d72-3925294ee4cd HTTP/1.1" status: 204 len: 168 time: 0.2734358
2026-06-25 23:31:06.072 10 INFO neutron.wsgi [None req-45c783f4-5fc7-4196-90b0-6e5284d92823 6d0014778d53433fa8b2910c2651a92d 4e5ec60649134274a749bff35ec7570e - - default default] 10.0.0.89 "DELETE /v2.0/subnets/251b25d7-1fa1-46ef-bf23-c807f3005ddd HTTP/1.1" status: 204 len: 168 time: 0.2156298
2026-06-25 23:31:06.316 9 INFO neutron.db.ovn_revision_numbers_db [None req-f7755619-53ab-484e-bd95-32bdb1d141ef 9089057e8b3b45cbba9ee2e7a472e3b0 72744b09b8ba48b8a3e6b17504fc11fd - - default default] Successfully bumped revision number for resource 7b0cc5ee-4b26-4f54-bf4f-ade56513f7b4 (type: security_groups) to 1
2026-06-25 23:31:06.336 9 INFO neutron.db.ovn_revision_numbers_db [None req-f7755619-53ab-484e-bd95-32bdb1d141ef 9089057e8b3b45cbba9ee2e7a472e3b0 72744b09b8ba48b8a3e6b17504fc11fd - - default default] Successfully bumped revision number for resource 1e16a562-4d5a-45d8-a692-49264422d41d (type: security_group_rules) to 0
2026-06-25 23:31:06.350 9 INFO neutron.db.ovn_revision_numbers_db [None req-f7755619-53ab-484e-bd95-32bdb1d141ef 9089057e8b3b45cbba9ee2e7a472e3b0 72744b09b8ba48b8a3e6b17504fc11fd - - default default] Successfully bumped revision number for resource 5ac79688-10e0-48c4-9358-6fb996591c39 (type: security_group_rules) to 0
2026-06-25 23:31:06.365 9 INFO neutron.db.ovn_revision_numbers_db [None req-f7755619-53ab-484e-bd95-32bdb1d141ef 9089057e8b3b45cbba9ee2e7a472e3b0 72744b09b8ba48b8a3e6b17504fc11fd - - default default] Successfully bumped revision number for resource dce7c1e1-8475-458c-8f0b-52e0b5500bd7 (type: security_group_rules) to 0
2026-06-25 23:31:06.377 9 INFO neutron.db.ovn_revision_numbers_db [None req-f7755619-53ab-484e-bd95-32bdb1d141ef 9089057e8b3b45cbba9ee2e7a472e3b0 72744b09b8ba48b8a3e6b17504fc11fd - - default default] Successfully bumped revision number for resource e21d4fb9-34ff-406e-b0fa-90b211e155ed (type: security_group_rules) to 0
2026-06-25 23:31:06.406 9 INFO neutron.wsgi [None req-f7755619-53ab-484e-bd95-32bdb1d141ef 9089057e8b3b45cbba9ee2e7a472e3b0 72744b09b8ba48b8a3e6b17504fc11fd - - default default] 10.0.0.89 "GET /v2.0/security-groups?tenant_id=a9fb9699e07c40bc86a3c33bba3d51bd&name=default HTTP/1.1" status: 200 len: 2996 time: 0.3346615
2026-06-25 23:31:06.414 10 INFO neutron.wsgi [None req-a4391e2f-3e22-421f-b02b-0910e72be228 6d0014778d53433fa8b2910c2651a92d 4e5ec60649134274a749bff35ec7570e - - default default] 10.0.0.89 "DELETE /v2.0/networks/a4570ec0-5303-46bd-9c1c-f14874156c34 HTTP/1.1" status: 204 len: 168 time: 0.3323908
2026-06-25 23:31:06.429 9 WARNING neutron_lib.context [None req-da22de56-a1b4-4aba-9e19-c608b9ed12c7 6d0014778d53433fa8b2910c2651a92d 4e5ec60649134274a749bff35ec7570e - - default default] Method 'is_advsvc' is deprecated since 2023.2 release (neutron-lib 3.8.0) and will be removed once support for the old RBAC API policies will be removed from Neutron. Please use method 'is_service_role' instead.
2026-06-25 23:31:06.521 9 INFO neutron.db.segments_db [None req-da22de56-a1b4-4aba-9e19-c608b9ed12c7 6d0014778d53433fa8b2910c2651a92d 4e5ec60649134274a749bff35ec7570e - - default default] Added segment 5ae08301-69ce-47de-a6c4-41c3acac399c of type geneve for network b5b4531e-7a10-40a9-9b20-3494ffe70688
2026-06-25 23:31:06.692 9 INFO neutron.wsgi [None req-2fb731dd-0481-4f02-bdd9-28e20291885e 9089057e8b3b45cbba9ee2e7a472e3b0 72744b09b8ba48b8a3e6b17504fc11fd - - default default] 10.0.0.89 "DELETE /v2.0/security-groups/7b0cc5ee-4b26-4f54-bf4f-ade56513f7b4 HTTP/1.1" status: 204 len: 168 time: 0.2816069
2026-06-25 23:31:06.696 9 INFO neutron.db.ovn_revision_numbers_db [None req-da22de56-a1b4-4aba-9e19-c608b9ed12c7 6d0014778d53433fa8b2910c2651a92d 4e5ec60649134274a749bff35ec7570e - - default default] Successfully bumped revision number for resource b5b4531e-7a10-40a9-9b20-3494ffe70688 (type: networks) to 1
2026-06-25 23:31:06.845 9 INFO neutron.wsgi [None req-f7123f05-3871-4824-8925-29dadc4d90d3 9089057e8b3b45cbba9ee2e7a472e3b0 72744b09b8ba48b8a3e6b17504fc11fd - - default default] 10.0.0.89 "GET /v2.0/security-groups?tenant_id=6b2b1f4bf15c4185aeb76fff62f553cd&name=default HTTP/1.1" status: 200 len: 2996 time: 0.0629222
2026-06-25 23:31:06.911 9 WARNING neutron.scheduler.dhcp_agent_scheduler [None req-da22de56-a1b4-4aba-9e19-c608b9ed12c7 6d0014778d53433fa8b2910c2651a92d 4e5ec60649134274a749bff35ec7570e - - default default] No more DHCP agents
2026-06-25 23:31:06.913 9 WARNING neutron.api.rpc.agentnotifiers.dhcp_rpc_agent_api [None req-da22de56-a1b4-4aba-9e19-c608b9ed12c7 6d0014778d53433fa8b2910c2651a92d 4e5ec60649134274a749bff35ec7570e - - default default] Unable to schedule network b5b4531e-7a10-40a9-9b20-3494ffe70688: no agents available; will retry on subsequent port and subnet creation events.
2026-06-25 23:31:07.041 9 INFO neutron.db.ovn_revision_numbers_db [None req-da22de56-a1b4-4aba-9e19-c608b9ed12c7 6d0014778d53433fa8b2910c2651a92d 4e5ec60649134274a749bff35ec7570e - - default default] Successfully bumped revision number for resource 2db32362-1f9c-4985-8cd1-bdb4662a5142 (type: ports) to 1
2026-06-25 23:31:07.065 9 INFO neutron.wsgi [None req-da22de56-a1b4-4aba-9e19-c608b9ed12c7 6d0014778d53433fa8b2910c2651a92d 4e5ec60649134274a749bff35ec7570e - - default default] 10.0.0.89 "POST /v2.0/networks HTTP/1.1" status: 201 len: 829 time: 0.6425467
2026-06-25 23:31:07.077 9 WARNING neutron_lib.context [None req-65f3de46-71c7-4c0d-9b5b-fe4d9aff7b10 6d0014778d53433fa8b2910c2651a92d 4e5ec60649134274a749bff35ec7570e - - default default] Method 'is_advsvc' is deprecated since 2023.2 release (neutron-lib 3.8.0) and will be removed once support for the old RBAC API policies will be removed from Neutron. Please use method 'is_service_role' instead.
2026-06-25 23:31:07.093 10 INFO neutron.wsgi [None req-b914b9c6-ee8f-473b-8e56-7c13e80fdf4c 9089057e8b3b45cbba9ee2e7a472e3b0 72744b09b8ba48b8a3e6b17504fc11fd - - default default] 10.0.0.89 "DELETE /v2.0/security-groups/f8dff609-b33f-4b7a-9d50-346eb363a35e HTTP/1.1" status: 204 len: 168 time: 0.2423248
2026-06-25 23:31:07.327 9 WARNING neutron.scheduler.dhcp_agent_scheduler [None req-65f3de46-71c7-4c0d-9b5b-fe4d9aff7b10 6d0014778d53433fa8b2910c2651a92d 4e5ec60649134274a749bff35ec7570e - - default default] No more DHCP agents
2026-06-25 23:31:07.329 9 WARNING neutron.api.rpc.agentnotifiers.dhcp_rpc_agent_api [None req-65f3de46-71c7-4c0d-9b5b-fe4d9aff7b10 6d0014778d53433fa8b2910c2651a92d 4e5ec60649134274a749bff35ec7570e - - default default] Unable to schedule network b5b4531e-7a10-40a9-9b20-3494ffe70688: no agents available; will retry on subsequent port and subnet creation events.
2026-06-25 23:31:07.432 10 INFO neutron.services.segments.plugin [-] Segment a10aa568-faac-4839-bbc3-cce85a1fca30 resource provider aggregate not found
2026-06-25 23:31:07.437 10 INFO neutron.services.segments.plugin [-] Segment a10aa568-faac-4839-bbc3-cce85a1fca30 resource provider aggregate not found
2026-06-25 23:31:07.444 10 INFO neutron.services.segments.plugin [-] Segment a10aa568-faac-4839-bbc3-cce85a1fca30 resource provider not found; error: Placement Client Error (4xx): {"errors": [{"status": 404, "title": "Not Found", "detail": "The resource could not be found.\n\n No resource provider with uuid a10aa568-faac-4839-bbc3-cce85a1fca30 found for delete ", "request_id": "req-65b6664f-f5b8-4d35-9019-5d7026463c7f"}]}
2026-06-25 23:31:07.450 10 INFO neutron.services.segments.plugin [-] Segment a10aa568-faac-4839-bbc3-cce85a1fca30 resource provider not found; error: Placement Client Error (4xx): {"errors": [{"status": 404, "title": "Not Found", "detail": "The resource could not be found.\n\n No resource provider with uuid a10aa568-faac-4839-bbc3-cce85a1fca30 found for delete ", "request_id": "req-04c34ee6-96b5-436f-823e-64549fcfbe82"}]}
2026-06-25 23:31:07.814 9 INFO neutron.db.ovn_revision_numbers_db [None req-65f3de46-71c7-4c0d-9b5b-fe4d9aff7b10 6d0014778d53433fa8b2910c2651a92d 4e5ec60649134274a749bff35ec7570e - - default default] Successfully bumped revision number for resource 2db32362-1f9c-4985-8cd1-bdb4662a5142 (type: ports) to 2
2026-06-25 23:31:07.844 9 INFO neutron.db.ovn_revision_numbers_db [None req-65f3de46-71c7-4c0d-9b5b-fe4d9aff7b10 6d0014778d53433fa8b2910c2651a92d 4e5ec60649134274a749bff35ec7570e - - default default] Successfully bumped revision number for resource 8e919d23-53dc-4e37-a5a1-3607e40eb858 (type: subnets) to 0
2026-06-25 23:31:07.861 9 INFO neutron.wsgi [None req-65f3de46-71c7-4c0d-9b5b-fe4d9aff7b10 6d0014778d53433fa8b2910c2651a92d 4e5ec60649134274a749bff35ec7570e - - default default] 10.0.0.89 "POST /v2.0/subnets HTTP/1.1" status: 201 len: 801 time: 0.7904637
2026-06-25 23:31:07.871 9 WARNING neutron_lib.context [None req-5efb690a-91e1-4336-87a9-d6edd6e75d05 6d0014778d53433fa8b2910c2651a92d 4e5ec60649134274a749bff35ec7570e - - default default] Method 'is_advsvc' is deprecated since 2023.2 release (neutron-lib 3.8.0) and will be removed once support for the old RBAC API policies will be removed from Neutron. Please use method 'is_service_role' instead.
2026-06-25 23:31:08.036 9 INFO neutron.db.ovn_revision_numbers_db [None req-5efb690a-91e1-4336-87a9-d6edd6e75d05 6d0014778d53433fa8b2910c2651a92d 4e5ec60649134274a749bff35ec7570e - - default default] Successfully bumped revision number for resource 35887f44-5531-4f10-ba83-b4dbd151a1d6 (type: routers) to 1
2026-06-25 23:31:08.052 9 INFO neutron.wsgi [None req-5efb690a-91e1-4336-87a9-d6edd6e75d05 6d0014778d53433fa8b2910c2651a92d 4e5ec60649134274a749bff35ec7570e - - default default] 10.0.0.89 "POST /v2.0/routers HTTP/1.1" status: 201 len: 687 time: 0.1850934
2026-06-25 23:31:08.683 9 WARNING neutron.scheduler.dhcp_agent_scheduler [None req-2db992ca-da1b-45b5-8ef3-5a7ec532cb4d 6d0014778d53433fa8b2910c2651a92d 4e5ec60649134274a749bff35ec7570e - - default default] No more DHCP agents
2026-06-25 23:31:08.686 9 WARNING neutron.api.rpc.agentnotifiers.dhcp_rpc_agent_api [None req-2db992ca-da1b-45b5-8ef3-5a7ec532cb4d 6d0014778d53433fa8b2910c2651a92d 4e5ec60649134274a749bff35ec7570e - - default default] Unable to schedule network b5b4531e-7a10-40a9-9b20-3494ffe70688: no agents available; will retry on subsequent port and subnet creation events.
2026-06-25 23:31:08.839 9 INFO neutron.db.ovn_revision_numbers_db [None req-2db992ca-da1b-45b5-8ef3-5a7ec532cb4d 6d0014778d53433fa8b2910c2651a92d 4e5ec60649134274a749bff35ec7570e - - default default] Successfully bumped revision number for resource 3c4e54e3-ba28-4744-9028-4e90af1a0531 (type: ports) to 1
2026-06-25 23:31:09.206 9 INFO neutron.plugins.ml2.drivers.ovn.mech_driver.mech_driver [None req-aaba1074-abd1-4a59-bbf0-16f74f6b2b65 - - - - - -] OVN reports status up for port: 3c4e54e3-ba28-4744-9028-4e90af1a0531
2026-06-25 23:31:09.216 9 INFO neutron.plugins.ml2.plugin [None req-aaba1074-abd1-4a59-bbf0-16f74f6b2b65 - - - - - -] Attempt 1 to provision port 3c4e54e3-ba28-4744-9028-4e90af1a0531
2026-06-25 23:31:09.237 9 INFO neutron.db.ovn_revision_numbers_db [None req-2db992ca-da1b-45b5-8ef3-5a7ec532cb4d 6d0014778d53433fa8b2910c2651a92d 4e5ec60649134274a749bff35ec7570e - - default default] Successfully bumped revision number for resource 3c4e54e3-ba28-4744-9028-4e90af1a0531 (type: router_ports) to 1
2026-06-25 23:31:09.450 9 INFO neutron.db.ovn_revision_numbers_db [None req-2db992ca-da1b-45b5-8ef3-5a7ec532cb4d 6d0014778d53433fa8b2910c2651a92d 4e5ec60649134274a749bff35ec7570e - - default default] Successfully bumped revision number for resource 3c4e54e3-ba28-4744-9028-4e90af1a0531 (type: ports) to 1
2026-06-25 23:31:09.538 9 WARNING neutron.scheduler.dhcp_agent_scheduler [None req-2db992ca-da1b-45b5-8ef3-5a7ec532cb4d 6d0014778d53433fa8b2910c2651a92d 4e5ec60649134274a749bff35ec7570e - - default default] No more DHCP agents
2026-06-25 23:31:09.541 9 WARNING neutron.api.rpc.agentnotifiers.dhcp_rpc_agent_api [None req-2db992ca-da1b-45b5-8ef3-5a7ec532cb4d 6d0014778d53433fa8b2910c2651a92d 4e5ec60649134274a749bff35ec7570e - - default default] Unable to schedule network b5b4531e-7a10-40a9-9b20-3494ffe70688: no agents available; will retry on subsequent port and subnet creation events.
2026-06-25 23:31:09.598 10 WARNING neutron.plugins.ml2.drivers.ovn.mech_driver.ovsdb.ovn_client [None req-80ac8514-3889-44ae-b8d3-40148fbfc6ac - - - - - -] No port found with ID ea5bffb3-62a9-4c2b-9822-fe833d4c90a1: RuntimeError: No port found with ID ea5bffb3-62a9-4c2b-9822-fe833d4c90a1
2026-06-25 23:31:09.607 9 INFO neutron.db.ovn_revision_numbers_db [None req-aaba1074-abd1-4a59-bbf0-16f74f6b2b65 - - - - - -] Successfully bumped revision number for resource 3c4e54e3-ba28-4744-9028-4e90af1a0531 (type: ports) to 2
2026-06-25 23:31:09.700 9 INFO neutron.db.ovn_revision_numbers_db [None req-aaba1074-abd1-4a59-bbf0-16f74f6b2b65 - - - - - -] Successfully bumped revision number for resource 3c4e54e3-ba28-4744-9028-4e90af1a0531 (type: router_ports) to 2
2026-06-25 23:31:09.721 9 INFO neutron.db.ovn_revision_numbers_db [None req-2db992ca-da1b-45b5-8ef3-5a7ec532cb4d 6d0014778d53433fa8b2910c2651a92d 4e5ec60649134274a749bff35ec7570e - - default default] Successfully bumped revision number for resource 3c4e54e3-ba28-4744-9028-4e90af1a0531 (type: router_ports) to 2
2026-06-25 23:31:09.723 9 INFO neutron.wsgi [None req-2db992ca-da1b-45b5-8ef3-5a7ec532cb4d 6d0014778d53433fa8b2910c2651a92d 4e5ec60649134274a749bff35ec7570e - - default default] 10.0.0.89 "PUT /v2.0/routers/35887f44-5531-4f10-ba83-b4dbd151a1d6/add_router_interface HTTP/1.1" status: 200 len: 503 time: 1.6627569
2026-06-25 23:31:09.768 9 INFO neutron.wsgi [None req-d5c0f7f6-5c83-4c97-8a2a-3137583c74c1 6d0014778d53433fa8b2910c2651a92d 4e5ec60649134274a749bff35ec7570e - - default default] 10.0.0.89 "GET /v2.0/ports/3c4e54e3-ba28-4744-9028-4e90af1a0531 HTTP/1.1" status: 200 len: 1137 time: 0.0364017
2026-06-25 23:31:09.893 10 INFO neutron.wsgi [None req-3bddf182-46db-4c3a-8030-5008ae6131e5 6d0014778d53433fa8b2910c2651a92d 4e5ec60649134274a749bff35ec7570e - - default default] 10.0.0.89 "GET /v2.0/ports/3c4e54e3-ba28-4744-9028-4e90af1a0531 HTTP/1.1" status: 200 len: 1137 time: 0.1190431
2026-06-25 23:31:09.933 10 INFO neutron.wsgi [req-c1c5507d-20d7-45c5-a105-2458063938ae req-e2f7f755-b710-44c8-91e4-f04dfa84c9ff 4305f2eb0a454ae7afbde0d0e0f17c49 a9466336b3fd40b1bbb1e9a2323ae8bb - - 72461810ce124ffeba27c79f004d6667 72461810ce124ffeba27c79f004d6667] 10.0.0.169 "GET /v2.0/ports?device_id=61e0ce69-fe5d-4357-93f9-477c8b61201c HTTP/1.1" status: 200 len: 1413 time: 0.0363688
2026-06-25 23:31:09.980 10 INFO neutron.wsgi [req-c1c5507d-20d7-45c5-a105-2458063938ae req-8de4d18e-48b2-4cd2-b39c-a3f247db21b6 4305f2eb0a454ae7afbde0d0e0f17c49 a9466336b3fd40b1bbb1e9a2323ae8bb - - 72461810ce124ffeba27c79f004d6667 72461810ce124ffeba27c79f004d6667] 10.0.0.169 "GET /v2.0/security-groups?id=be38f38c-7617-4fbf-a6d3-fb1f37c971dd&fields=id&fields=name HTTP/1.1" status: 200 len: 312 time: 0.0383377
2026-06-25 23:31:10.379 10 INFO neutron.wsgi [-] 10.0.0.131 "GET / HTTP/1.1" status: 200 len: 247 time: 0.0025380
2026-06-25 23:31:10.382 10 INFO neutron.wsgi [-] 10.0.0.131 "GET / HTTP/1.1" status: 200 len: 247 time: 0.0016456
2026-06-25 23:31:10.575 9 INFO neutron.wsgi [None req-fe39d436-03cd-4f7a-a021-294c7d1598d6 6d0014778d53433fa8b2910c2651a92d 4e5ec60649134274a749bff35ec7570e - - default default] 10.0.0.89 "PUT /v2.0/routers/35887f44-5531-4f10-ba83-b4dbd151a1d6/remove_router_interface HTTP/1.1" status: 200 len: 503 time: 0.6761239
2026-06-25 23:31:10.600 10 INFO neutron.wsgi [None req-4d74ff28-989a-4158-9393-e5b20d4bc48f 6d0014778d53433fa8b2910c2651a92d 4e5ec60649134274a749bff35ec7570e - - default default] 10.0.0.89 "GET /v2.0/ports?device_id=35887f44-5531-4f10-ba83-b4dbd151a1d6 HTTP/1.1" status: 200 len: 205 time: 0.0202820
2026-06-25 23:31:10.856 10 INFO neutron.wsgi [None req-75947fe5-c26c-44c7-962a-57be292914e8 6d0014778d53433fa8b2910c2651a92d 4e5ec60649134274a749bff35ec7570e - - default default] 10.0.0.89 "DELETE /v2.0/routers/35887f44-5531-4f10-ba83-b4dbd151a1d6 HTTP/1.1" status: 204 len: 168 time: 0.2516503
2026-06-25 23:31:11.090 10 INFO neutron.wsgi [None req-a18b5798-d4e9-42bd-a8a8-c5860683acab 6d0014778d53433fa8b2910c2651a92d 4e5ec60649134274a749bff35ec7570e - - default default] 10.0.0.89 "DELETE /v2.0/subnets/8e919d23-53dc-4e37-a5a1-3607e40eb858 HTTP/1.1" status: 204 len: 168 time: 0.2278478 /var/lib/openstack/lib/python3.10/site-packages/pycadf/identifier.py:71: UserWarning: Invalid uuid: neutron. To ensure interoperability, identifiers should be a valid uuid. warnings.warn(('Invalid uuid: %s. To ensure interoperability, '
2026-06-25 23:31:11.283 10 WARNING neutron_lib.context [None req-cb1256b2-2e15-4114-9e17-4e1557b87101 afcec2963a6d44989b27fbfba37c9b03 176c971711b54561aaee482bd0f74595 - - default default] Method 'is_advsvc' is deprecated since 2023.2 release (neutron-lib 3.8.0) and will be removed once support for the old RBAC API policies will be removed from Neutron. Please use method 'is_service_role' instead.
2026-06-25 23:31:11.457 9 INFO neutron.services.segments.plugin [-] Segment 5ae08301-69ce-47de-a6c4-41c3acac399c resource provider aggregate not found
2026-06-25 23:31:11.462 9 INFO neutron.services.segments.plugin [-] Segment 5ae08301-69ce-47de-a6c4-41c3acac399c resource provider aggregate not found
2026-06-25 23:31:11.479 9 INFO neutron.services.segments.plugin [-] Segment 5ae08301-69ce-47de-a6c4-41c3acac399c resource provider not found; error: Placement Client Error (4xx): {"errors": [{"status": 404, "title": "Not Found", "detail": "The resource could not be found.\n\n No resource provider with uuid 5ae08301-69ce-47de-a6c4-41c3acac399c found for delete ", "request_id": "req-71f94db6-649c-484e-b8b7-ea618b021670"}]}
2026-06-25 23:31:11.480 9 INFO neutron.services.segments.plugin [-] Segment 5ae08301-69ce-47de-a6c4-41c3acac399c resource provider not found; error: Placement Client Error (4xx): {"errors": [{"status": 404, "title": "Not Found", "detail": "The resource could not be found.\n\n No resource provider with uuid 5ae08301-69ce-47de-a6c4-41c3acac399c found for delete ", "request_id": "req-2d828262-c2c6-42ba-8c8f-b42eb153ef62"}]}
2026-06-25 23:31:11.500 9 INFO neutron.wsgi [None req-e701f181-3abd-4d5f-a918-554f9b4c5aa4 6d0014778d53433fa8b2910c2651a92d 4e5ec60649134274a749bff35ec7570e - - default default] 10.0.0.89 "DELETE /v2.0/networks/b5b4531e-7a10-40a9-9b20-3494ffe70688 HTTP/1.1" status: 204 len: 168 time: 0.4037132
2026-06-25 23:31:11.527 10 WARNING neutron_lib.context [None req-40205b23-358a-48e8-9aad-b989876670c0 6d0014778d53433fa8b2910c2651a92d 4e5ec60649134274a749bff35ec7570e - - default default] Method 'is_advsvc' is deprecated since 2023.2 release (neutron-lib 3.8.0) and will be removed once support for the old RBAC API policies will be removed from Neutron. Please use method 'is_service_role' instead.
2026-06-25 23:31:11.572 10 INFO neutron.wsgi [req-894570fd-fe13-4b2b-b380-867b2e34dbf2 req-6f669c45-687d-40a1-916f-01bca569a2cd 4ec4345b05f14b0999ee72ffe4233379 43a0c8c274ae41cab5f13d9d4d98ad78 - - default default] 10.0.0.227 "GET /v2.0/ports?device_id=5110db79-c092-4861-ae88-c4b3657b5d6f HTTP/1.1" status: 200 len: 1210 time: 0.1168582
2026-06-25 23:31:11.593 10 WARNING neutron.scheduler.dhcp_agent_scheduler [None req-cb1256b2-2e15-4114-9e17-4e1557b87101 afcec2963a6d44989b27fbfba37c9b03 176c971711b54561aaee482bd0f74595 - - default default] No more DHCP agents
2026-06-25 23:31:11.605 10 WARNING neutron.api.rpc.agentnotifiers.dhcp_rpc_agent_api [None req-cb1256b2-2e15-4114-9e17-4e1557b87101 afcec2963a6d44989b27fbfba37c9b03 176c971711b54561aaee482bd0f74595 - - default default] Unable to schedule network a6b061e7-ef29-4b14-9ccc-96c438219742: no agents available; will retry on subsequent port and subnet creation events.
2026-06-25 23:31:11.666 10 INFO neutron.wsgi [req-894570fd-fe13-4b2b-b380-867b2e34dbf2 req-a593399f-dcd5-48cc-ba0b-546ddeff8a3f 4ec4345b05f14b0999ee72ffe4233379 43a0c8c274ae41cab5f13d9d4d98ad78 - - default default] 10.0.0.227 "GET /v2.0/security-groups?id=072153bd-fba3-49ba-a622-5b1917ab8731&id=dbd75da0-5358-4418-9ac2-79d71277d9b6&fields=id&fields=name HTTP/1.1" status: 200 len: 406 time: 0.0846241
2026-06-25 23:31:11.841 9 INFO neutron.wsgi [None req-382497da-dd22-4296-9a74-da77e505ecf0 bc6d7e9dcd7d4a749bbeeb40d079ebf1 8223162bdea2461cb87bd9b2a28564eb - - default default] 10.0.0.89 "GET /v2.0/ports?device_id=5110db79-c092-4861-ae88-c4b3657b5d6f HTTP/1.1" status: 200 len: 1443 time: 0.1486921
2026-06-25 23:31:11.939 9 INFO neutron.wsgi [None req-8274b372-8fd7-4e23-be6f-4869f44f6235 4ec4345b05f14b0999ee72ffe4233379 43a0c8c274ae41cab5f13d9d4d98ad78 - - default default] 10.0.0.89 "GET /v2.0/floatingips?floating_network_id=a6b061e7-ef29-4b14-9ccc-96c438219742&port_id=f2770e9c-24a3-493a-8d7b-d925025325f5 HTTP/1.1" status: 200 len: 1054 time: 0.0921161
2026-06-25 23:31:12.279 10 INFO neutron.wsgi [req-9058a8ad-96c0-452f-8d41-4564f2fee58a req-a329347b-1449-4e51-a18c-9e1bcdf1da72 4305f2eb0a454ae7afbde0d0e0f17c49 a9466336b3fd40b1bbb1e9a2323ae8bb - - 72461810ce124ffeba27c79f004d6667 72461810ce124ffeba27c79f004d6667] 10.0.0.169 "GET /v2.0/ports?device_id=5110db79-c092-4861-ae88-c4b3657b5d6f HTTP/1.1" status: 200 len: 1448 time: 0.0602889
2026-06-25 23:31:12.338 10 INFO neutron.db.ovn_revision_numbers_db [None req-cb1256b2-2e15-4114-9e17-4e1557b87101 afcec2963a6d44989b27fbfba37c9b03 176c971711b54561aaee482bd0f74595 - - default default] Successfully bumped revision number for resource ca99ea76-ebb2-46a1-8b18-72443d252347 (type: floatingips) to 0
2026-06-25 23:31:12.343 10 WARNING neutron.scheduler.dhcp_agent_scheduler [None req-40205b23-358a-48e8-9aad-b989876670c0 6d0014778d53433fa8b2910c2651a92d 4e5ec60649134274a749bff35ec7570e - - default default] No more DHCP agents
2026-06-25 23:31:12.350 10 WARNING neutron.api.rpc.agentnotifiers.dhcp_rpc_agent_api [None req-40205b23-358a-48e8-9aad-b989876670c0 6d0014778d53433fa8b2910c2651a92d 4e5ec60649134274a749bff35ec7570e - - default default] Unable to schedule network a6b061e7-ef29-4b14-9ccc-96c438219742: no agents available; will retry on subsequent port and subnet creation events.
2026-06-25 23:31:12.355 10 INFO neutron.wsgi [req-9058a8ad-96c0-452f-8d41-4564f2fee58a req-1e1084b5-a88a-452c-8cf5-9fbd7dfcb3ae 4305f2eb0a454ae7afbde0d0e0f17c49 a9466336b3fd40b1bbb1e9a2323ae8bb - - 72461810ce124ffeba27c79f004d6667 72461810ce124ffeba27c79f004d6667] 10.0.0.169 "GET /v2.0/security-groups?id=072153bd-fba3-49ba-a622-5b1917ab8731&id=dbd75da0-5358-4418-9ac2-79d71277d9b6&fields=id&fields=name HTTP/1.1" status: 200 len: 406 time: 0.0691283
2026-06-25 23:31:12.365 10 INFO neutron.wsgi [None req-cb1256b2-2e15-4114-9e17-4e1557b87101 afcec2963a6d44989b27fbfba37c9b03 176c971711b54561aaee482bd0f74595 - - default default] 10.0.0.89 "POST /v2.0/floatingips HTTP/1.1" status: 201 len: 751 time: 1.2363992
2026-06-25 23:31:12.377 9 WARNING neutron_lib.context [None req-3a61fc9f-4373-42c3-bc39-b14553cc4cb0 afcec2963a6d44989b27fbfba37c9b03 176c971711b54561aaee482bd0f74595 - - default default] Method 'is_advsvc' is deprecated since 2023.2 release (neutron-lib 3.8.0) and will be removed once support for the old RBAC API policies will be removed from Neutron. Please use method 'is_service_role' instead.
2026-06-25 23:31:12.499 10 INFO neutron.db.ovn_revision_numbers_db [None req-40205b23-358a-48e8-9aad-b989876670c0 6d0014778d53433fa8b2910c2651a92d 4e5ec60649134274a749bff35ec7570e - - default default] Successfully bumped revision number for resource fd2da261-f80e-49ce-a55c-24194ee5b664 (type: ports) to 1
2026-06-25 23:31:12.646 9 WARNING neutron.scheduler.dhcp_agent_scheduler [None req-3a61fc9f-4373-42c3-bc39-b14553cc4cb0 afcec2963a6d44989b27fbfba37c9b03 176c971711b54561aaee482bd0f74595 - - default default] No more DHCP agents
2026-06-25 23:31:12.649 9 WARNING neutron.api.rpc.agentnotifiers.dhcp_rpc_agent_api [None req-3a61fc9f-4373-42c3-bc39-b14553cc4cb0 afcec2963a6d44989b27fbfba37c9b03 176c971711b54561aaee482bd0f74595 - - default default] Unable to schedule network a6b061e7-ef29-4b14-9ccc-96c438219742: no agents available; will retry on subsequent port and subnet creation events.
2026-06-25 23:31:12.961 9 INFO neutron.db.ovn_revision_numbers_db [None req-3a61fc9f-4373-42c3-bc39-b14553cc4cb0 afcec2963a6d44989b27fbfba37c9b03 176c971711b54561aaee482bd0f74595 - - default default] Successfully bumped revision number for resource 657f27b7-d83b-4566-82be-ef3ab0de1bf8 (type: floatingips) to 0
2026-06-25 23:31:12.980 9 INFO neutron.wsgi [None req-3a61fc9f-4373-42c3-bc39-b14553cc4cb0 afcec2963a6d44989b27fbfba37c9b03 176c971711b54561aaee482bd0f74595 - - default default] 10.0.0.89 "POST /v2.0/floatingips HTTP/1.1" status: 201 len: 751 time: 0.6102891
2026-06-25 23:31:12.992 9 WARNING neutron_lib.context [None req-531020da-77a7-4367-90eb-dcca6130cee1 afcec2963a6d44989b27fbfba37c9b03 176c971711b54561aaee482bd0f74595 - - default default] Method 'is_advsvc' is deprecated since 2023.2 release (neutron-lib 3.8.0) and will be removed once support for the old RBAC API policies will be removed from Neutron. Please use method 'is_service_role' instead.
2026-06-25 23:31:13.070 10 INFO neutron.db.ovn_revision_numbers_db [None req-40205b23-358a-48e8-9aad-b989876670c0 6d0014778d53433fa8b2910c2651a92d 4e5ec60649134274a749bff35ec7570e - - default default] Successfully bumped revision number for resource fd2da261-f80e-49ce-a55c-24194ee5b664 (type: router_ports) to 1
2026-06-25 23:31:13.136 10 INFO neutron.db.ovn_revision_numbers_db [None req-40205b23-358a-48e8-9aad-b989876670c0 6d0014778d53433fa8b2910c2651a92d 4e5ec60649134274a749bff35ec7570e - - default default] Successfully bumped revision number for resource fa5860a7-d8f2-4189-b2f7-4bf066afde8d (type: routers) to 2
2026-06-25 23:31:13.149 10 INFO neutron.wsgi [None req-40205b23-358a-48e8-9aad-b989876670c0 6d0014778d53433fa8b2910c2651a92d 4e5ec60649134274a749bff35ec7570e - - default default] 10.0.0.89 "POST /v2.0/routers HTTP/1.1" status: 201 len: 868 time: 1.6319082
2026-06-25 23:31:13.229 10 INFO neutron.wsgi [None req-26e14444-e4af-4177-9d1d-f8bf70248dab 6d0014778d53433fa8b2910c2651a92d 4e5ec60649134274a749bff35ec7570e - - default default] 10.0.0.89 "GET /v2.0/routers/fa5860a7-d8f2-4189-b2f7-4bf066afde8d HTTP/1.1" status: 200 len: 869 time: 0.0747261
2026-06-25 23:31:13.585 9 INFO neutron.wsgi [req-fac21a48-f679-44d4-9231-9c9c056aa4e3 req-ce7f3838-996b-4c42-b23e-d9e0fb6c939d 4305f2eb0a454ae7afbde0d0e0f17c49 a9466336b3fd40b1bbb1e9a2323ae8bb - - 72461810ce124ffeba27c79f004d6667 72461810ce124ffeba27c79f004d6667] 199.204.45.223 "GET /v2.0/ports?device_id=61e0ce69-fe5d-4357-93f9-477c8b61201c&fields=binding%3Ahost_id&fields=binding%3Avif_type HTTP/1.1" status: 200 len: 265 time: 0.3523293
2026-06-25 23:31:13.603 9 WARNING neutron.scheduler.dhcp_agent_scheduler [None req-531020da-77a7-4367-90eb-dcca6130cee1 afcec2963a6d44989b27fbfba37c9b03 176c971711b54561aaee482bd0f74595 - - default default] No more DHCP agents
2026-06-25 23:31:13.607 9 WARNING neutron.api.rpc.agentnotifiers.dhcp_rpc_agent_api [None req-531020da-77a7-4367-90eb-dcca6130cee1 afcec2963a6d44989b27fbfba37c9b03 176c971711b54561aaee482bd0f74595 - - default default] Unable to schedule network a6b061e7-ef29-4b14-9ccc-96c438219742: no agents available; will retry on subsequent port and subnet creation events.
2026-06-25 23:31:13.639 9 INFO neutron.wsgi [None req-2eb7da65-404a-4770-a236-151efd4cfb74 6d0014778d53433fa8b2910c2651a92d 4e5ec60649134274a749bff35ec7570e - - default default] 10.0.0.89 "GET /v2.0/routers HTTP/1.1" status: 200 len: 872 time: 0.4063256
2026-06-25 23:31:13.674 9 INFO neutron.wsgi [req-fac21a48-f679-44d4-9231-9c9c056aa4e3 req-0d661822-5baa-4ab3-8da8-bec8f997739e 4305f2eb0a454ae7afbde0d0e0f17c49 a9466336b3fd40b1bbb1e9a2323ae8bb - - 72461810ce124ffeba27c79f004d6667 72461810ce124ffeba27c79f004d6667] 199.204.45.223 "GET /v2.0/ports?tenant_id=cb4a3d7fa5be4bf6a93d1d41929458b9&device_id=61e0ce69-fe5d-4357-93f9-477c8b61201c HTTP/1.1" status: 200 len: 1413 time: 0.0522268
2026-06-25 23:31:13.777 9 INFO neutron.wsgi [req-fac21a48-f679-44d4-9231-9c9c056aa4e3 req-53cecdc4-880e-4d49-bb21-70da197a35c9 4305f2eb0a454ae7afbde0d0e0f17c49 a9466336b3fd40b1bbb1e9a2323ae8bb - - 72461810ce124ffeba27c79f004d6667 72461810ce124ffeba27c79f004d6667] 199.204.45.223 "GET /v2.0/networks?id=d2c58ff2-9892-41c7-9acd-07b0975d5eb5 HTTP/1.1" status: 200 len: 973 time: 0.0806518
2026-06-25 23:31:13.851 9 INFO neutron.wsgi [req-fac21a48-f679-44d4-9231-9c9c056aa4e3 req-8a6b464e-6008-4968-be06-6c3597b10b66 4305f2eb0a454ae7afbde0d0e0f17c49 a9466336b3fd40b1bbb1e9a2323ae8bb - - 72461810ce124ffeba27c79f004d6667 72461810ce124ffeba27c79f004d6667] 199.204.45.223 "GET /v2.0/floatingips?fixed_ip_address=10.100.0.14&port_id=6c1a945f-bebc-4951-9bfd-99e3aca16c0d HTTP/1.1" status: 200 len: 1060 time: 0.0677624
2026-06-25 23:31:13.906 9 INFO neutron.wsgi [req-fac21a48-f679-44d4-9231-9c9c056aa4e3 req-a1df08e5-27da-4c93-b7da-c7412feb01e0 4305f2eb0a454ae7afbde0d0e0f17c49 a9466336b3fd40b1bbb1e9a2323ae8bb - - 72461810ce124ffeba27c79f004d6667 72461810ce124ffeba27c79f004d6667] 199.204.45.223 "GET /v2.0/subnets?id=9c68ef0e-22ad-4a32-9fc7-534a880a1f4f HTTP/1.1" status: 200 len: 869 time: 0.0354266
2026-06-25 23:31:13.938 9 INFO neutron.wsgi [req-fac21a48-f679-44d4-9231-9c9c056aa4e3 req-69966c8a-3f40-4a83-b5be-7d97c55bcd1d 4305f2eb0a454ae7afbde0d0e0f17c49 a9466336b3fd40b1bbb1e9a2323ae8bb - - 72461810ce124ffeba27c79f004d6667 72461810ce124ffeba27c79f004d6667] 199.204.45.223 "GET /v2.0/ports?network_id=d2c58ff2-9892-41c7-9acd-07b0975d5eb5&device_owner=network%3Adhcp HTTP/1.1" status: 200 len: 210 time: 0.0252385
2026-06-25 23:31:14.059 9 INFO neutron.wsgi [req-fac21a48-f679-44d4-9231-9c9c056aa4e3 req-f09013d2-0b20-42c0-8a29-b1f6d70938cd 4305f2eb0a454ae7afbde0d0e0f17c49 a9466336b3fd40b1bbb1e9a2323ae8bb - - 72461810ce124ffeba27c79f004d6667 72461810ce124ffeba27c79f004d6667] 199.204.45.223 "GET /v2.0/networks/d2c58ff2-9892-41c7-9acd-07b0975d5eb5?fields=segments HTTP/1.1" status: 200 len: 212 time: 0.1150360
2026-06-25 23:31:14.116 10 INFO neutron.db.ovn_revision_numbers_db [None req-c9aa26dd-5a82-4767-8990-d8a768b6398b 6d0014778d53433fa8b2910c2651a92d 4e5ec60649134274a749bff35ec7570e - - default default] Successfully bumped revision number for resource fa5860a7-d8f2-4189-b2f7-4bf066afde8d (type: routers) to 3
2026-06-25 23:31:14.120 10 INFO neutron.wsgi [None req-c9aa26dd-5a82-4767-8990-d8a768b6398b 6d0014778d53433fa8b2910c2651a92d 4e5ec60649134274a749bff35ec7570e - - default default] 10.0.0.89 "PUT /v2.0/routers/fa5860a7-d8f2-4189-b2f7-4bf066afde8d HTTP/1.1" status: 200 len: 876 time: 0.4759483
2026-06-25 23:31:14.128 10 INFO neutron.wsgi [req-44c1ec6c-0459-41d7-a5d7-b6a445a6792f req-accb646c-f6b8-4632-ba4e-1294fe958dd3 8a68d3793a3347adbbfe5c1b8409e507 cb4a3d7fa5be4bf6a93d1d41929458b9 - - default default] 10.0.0.227 "GET /v2.0/ports?device_id=61e0ce69-fe5d-4357-93f9-477c8b61201c HTTP/1.1" status: 200 len: 1174 time: 0.0982029
2026-06-25 23:31:14.157 9 INFO neutron.db.ovn_revision_numbers_db [None req-531020da-77a7-4367-90eb-dcca6130cee1 afcec2963a6d44989b27fbfba37c9b03 176c971711b54561aaee482bd0f74595 - - default default] Successfully bumped revision number for resource 035fcecb-4a35-4c6b-9e90-479bb1facf1b (type: floatingips) to 0
2026-06-25 23:31:14.178 10 INFO neutron.wsgi [req-44c1ec6c-0459-41d7-a5d7-b6a445a6792f req-63c1a981-563a-4975-a731-c194edcf744d 8a68d3793a3347adbbfe5c1b8409e507 cb4a3d7fa5be4bf6a93d1d41929458b9 - - default default] 10.0.0.227 "GET /v2.0/security-groups?id=be38f38c-7617-4fbf-a6d3-fb1f37c971dd&fields=id&fields=name HTTP/1.1" status: 200 len: 312 time: 0.0394320
2026-06-25 23:31:14.185 9 INFO neutron.wsgi [req-fac21a48-f679-44d4-9231-9c9c056aa4e3 req-0a068747-8f34-4f46-9eff-f7b214b00ffb 4305f2eb0a454ae7afbde0d0e0f17c49 a9466336b3fd40b1bbb1e9a2323ae8bb - - 72461810ce124ffeba27c79f004d6667 72461810ce124ffeba27c79f004d6667] 199.204.45.223 "GET /v2.0/networks/d2c58ff2-9892-41c7-9acd-07b0975d5eb5?fields=provider%3Aphysical_network&fields=provider%3Anetwork_type HTTP/1.1" status: 200 len: 277 time: 0.1189086
