2026-06-25 23:30:26.873 9 INFO neutron.wsgi [None req-fa209c5f-9c48-4f7d-825a-c9a198d40e41 4d0ebcc4c0d34e289faf4ad576049780 591a5d67b1884d3d9678af862eddd674 - - default default] 10.0.0.89 "DELETE /v2.0/networks/36f732d0-f6c3-4c62-a343-cf1f790b798d HTTP/1.1" status: 204 len: 168 time: 0.3617980
2026-06-25 23:30:26.876 9 INFO neutron.plugins.ml2.drivers.ovn.mech_driver.ovsdb.ovsdb_monitor [None req-9a75640a-8120-4de4-ab04-0c51dbe867d7 - - - - - -] Router 8232c0a3-2eed-4fb5-b11c-0fa1e0f0cec2 is bound to host instance
2026-06-25 23:30:26.881 10 INFO neutron.db.ovn_revision_numbers_db [None req-cc76359f-e535-4981-b162-d354ac9c73ae 9089057e8b3b45cbba9ee2e7a472e3b0 72744b09b8ba48b8a3e6b17504fc11fd - - default default] Successfully bumped revision number for resource e884cd77-63a5-4e42-ba71-d252f17a69bf (type: router_ports) to 1
2026-06-25 23:30:26.957 10 INFO neutron.db.ovn_revision_numbers_db [None req-cc76359f-e535-4981-b162-d354ac9c73ae 9089057e8b3b45cbba9ee2e7a472e3b0 72744b09b8ba48b8a3e6b17504fc11fd - - default default] Successfully bumped revision number for resource 8232c0a3-2eed-4fb5-b11c-0fa1e0f0cec2 (type: routers) to 2
2026-06-25 23:30:26.970 10 INFO neutron.wsgi [None req-cc76359f-e535-4981-b162-d354ac9c73ae 9089057e8b3b45cbba9ee2e7a472e3b0 72744b09b8ba48b8a3e6b17504fc11fd - - default default] 10.0.0.89 "POST /v2.0/routers HTTP/1.1" status: 201 len: 877 time: 1.3985970
2026-06-25 23:30:27.381 10 WARNING neutron.scheduler.dhcp_agent_scheduler [None req-294c6e0e-d597-4bba-bb82-bd977c7de18f 9089057e8b3b45cbba9ee2e7a472e3b0 72744b09b8ba48b8a3e6b17504fc11fd - - default default] No more DHCP agents
2026-06-25 23:30:27.384 10 WARNING neutron.api.rpc.agentnotifiers.dhcp_rpc_agent_api [None req-294c6e0e-d597-4bba-bb82-bd977c7de18f 9089057e8b3b45cbba9ee2e7a472e3b0 72744b09b8ba48b8a3e6b17504fc11fd - - default default] Unable to schedule network d2c58ff2-9892-41c7-9acd-07b0975d5eb5: no agents available; will retry on subsequent port and subnet creation events.
2026-06-25 23:30:27.397 10 INFO neutron.wsgi [None req-3cf6cb86-86bd-4979-9294-8832e1a2484a 95bd515fc84d421fa35eb4a55112feb2 723198a00f9a4232a28a542f3ce63de7 - - default default] 10.0.0.254 "GET /v2.0/extensions HTTP/1.1" status: 200 len: 16980 time: 0.0097373
2026-06-25 23:30:27.497 10 INFO neutron.wsgi [None req-ca062e85-1491-48b1-93f1-964ef9b6ba56 9089057e8b3b45cbba9ee2e7a472e3b0 72744b09b8ba48b8a3e6b17504fc11fd - - default default] 10.0.0.89 "GET /v2.0/security-groups?tenant_id=591a5d67b1884d3d9678af862eddd674&name=default HTTP/1.1" status: 200 len: 2996 time: 0.1359591
2026-06-25 23:30:27.535 9 INFO neutron.wsgi [None req-a91b8bc0-d7e9-44b4-a8d1-a9e691f5d3f7 95bd515fc84d421fa35eb4a55112feb2 723198a00f9a4232a28a542f3ce63de7 - - default default] 10.0.0.254 "GET /v2.0/quotas/723198a00f9a4232a28a542f3ce63de7/details HTTP/1.1" status: 200 len: 756 time: 0.1238906
2026-06-25 23:30:27.537 10 INFO neutron.services.segments.plugin [-] Segment 436e4cf7-0c46-40df-b4e0-4da846ad45bf resource provider aggregate not found
2026-06-25 23:30:27.541 10 INFO neutron.services.segments.plugin [-] Segment 436e4cf7-0c46-40df-b4e0-4da846ad45bf resource provider aggregate not found
2026-06-25 23:30:27.564 10 INFO neutron.services.segments.plugin [-] Segment 436e4cf7-0c46-40df-b4e0-4da846ad45bf resource provider not found; error: Placement Client Error (4xx): {"errors": [{"status": 404, "title": "Not Found", "detail": "The resource could not be found.\n\n No resource provider with uuid 436e4cf7-0c46-40df-b4e0-4da846ad45bf found for delete ", "request_id": "req-3100ce94-b3c2-4a9a-acec-8b2a7f5c4d41"}]}
2026-06-25 23:30:27.564 10 INFO neutron.services.segments.plugin [-] Segment 436e4cf7-0c46-40df-b4e0-4da846ad45bf resource provider not found; error: Placement Client Error (4xx): {"errors": [{"status": 404, "title": "Not Found", "detail": "The resource could not be found.\n\n No resource provider with uuid 436e4cf7-0c46-40df-b4e0-4da846ad45bf found for delete ", "request_id": "req-191e93d1-9adb-4d47-84fb-469bc4cda6cb"}]}
2026-06-25 23:30:27.595 10 INFO neutron.db.ovn_revision_numbers_db [None req-294c6e0e-d597-4bba-bb82-bd977c7de18f 9089057e8b3b45cbba9ee2e7a472e3b0 72744b09b8ba48b8a3e6b17504fc11fd - - default default] Successfully bumped revision number for resource 4540923d-79d4-47fb-b6c2-a241e1214d80 (type: ports) to 1
2026-06-25 23:30:27.598 9 INFO neutron.db.ovn_revision_numbers_db [None req-9a75640a-8120-4de4-ab04-0c51dbe867d7 - - - - - -] Successfully bumped revision number for resource e884cd77-63a5-4e42-ba71-d252f17a69bf (type: ports) to 1
2026-06-25 23:30:27.825 9 INFO neutron.wsgi [None req-79a5352e-467d-4eed-ad24-656cbc55c82b 9089057e8b3b45cbba9ee2e7a472e3b0 72744b09b8ba48b8a3e6b17504fc11fd - - default default] 10.0.0.89 "DELETE /v2.0/security-groups/6af42767-2388-42e2-a117-3156d88b0656 HTTP/1.1" status: 204 len: 168 time: 0.3209810
2026-06-25 23:30:27.901 9 INFO neutron.db.ovn_revision_numbers_db [None req-9a75640a-8120-4de4-ab04-0c51dbe867d7 - - - - - -] Successfully bumped revision number for resource e884cd77-63a5-4e42-ba71-d252f17a69bf (type: router_ports) to 3
2026-06-25 23:30:27.982 9 INFO neutron.services.segments.plugin [-] Segment 69125405-2b15-4bf0-8cab-dc4c8112a43c resource provider aggregate not found
2026-06-25 23:30:27.994 9 INFO neutron.services.segments.plugin [-] Segment 69125405-2b15-4bf0-8cab-dc4c8112a43c resource provider aggregate not found
2026-06-25 23:30:28.008 9 INFO neutron.services.segments.plugin [-] Segment 69125405-2b15-4bf0-8cab-dc4c8112a43c resource provider not found; error: Placement Client Error (4xx): {"errors": [{"status": 404, "title": "Not Found", "detail": "The resource could not be found.\n\n No resource provider with uuid 69125405-2b15-4bf0-8cab-dc4c8112a43c found for delete ", "request_id": "req-c182c836-1a72-4295-ab69-5933a86e6cc0"}]}
2026-06-25 23:30:28.015 10 INFO neutron.db.ovn_revision_numbers_db [None req-294c6e0e-d597-4bba-bb82-bd977c7de18f 9089057e8b3b45cbba9ee2e7a472e3b0 72744b09b8ba48b8a3e6b17504fc11fd - - default default] Successfully bumped revision number for resource 4540923d-79d4-47fb-b6c2-a241e1214d80 (type: router_ports) to 1
2026-06-25 23:30:28.018 9 INFO neutron.services.segments.plugin [-] Segment 69125405-2b15-4bf0-8cab-dc4c8112a43c resource provider not found; error: Placement Client Error (4xx): {"errors": [{"status": 404, "title": "Not Found", "detail": "The resource could not be found.\n\n No resource provider with uuid 69125405-2b15-4bf0-8cab-dc4c8112a43c found for delete ", "request_id": "req-03b36d60-dbfd-4486-b789-56dca327b6f9"}]}
2026-06-25 23:30:28.087 9 INFO neutron.db.ovn_revision_numbers_db [None req-9a75640a-8120-4de4-ab04-0c51dbe867d7 - - - - - -] Successfully bumped revision number for resource e884cd77-63a5-4e42-ba71-d252f17a69bf (type: ports) to 2
2026-06-25 23:30:28.150 10 INFO neutron.db.ovn_revision_numbers_db [None req-294c6e0e-d597-4bba-bb82-bd977c7de18f 9089057e8b3b45cbba9ee2e7a472e3b0 72744b09b8ba48b8a3e6b17504fc11fd - - default default] Successfully bumped revision number for resource 4540923d-79d4-47fb-b6c2-a241e1214d80 (type: ports) to 1
2026-06-25 23:30:28.211 10 WARNING neutron.scheduler.dhcp_agent_scheduler [None req-294c6e0e-d597-4bba-bb82-bd977c7de18f 9089057e8b3b45cbba9ee2e7a472e3b0 72744b09b8ba48b8a3e6b17504fc11fd - - default default] No more DHCP agents
2026-06-25 23:30:28.212 10 WARNING neutron.api.rpc.agentnotifiers.dhcp_rpc_agent_api [None req-294c6e0e-d597-4bba-bb82-bd977c7de18f 9089057e8b3b45cbba9ee2e7a472e3b0 72744b09b8ba48b8a3e6b17504fc11fd - - default default] Unable to schedule network d2c58ff2-9892-41c7-9acd-07b0975d5eb5: no agents available; will retry on subsequent port and subnet creation events.
2026-06-25 23:30:28.306 9 INFO neutron.db.ovn_revision_numbers_db [None req-9a75640a-8120-4de4-ab04-0c51dbe867d7 - - - - - -] Successfully bumped revision number for resource e884cd77-63a5-4e42-ba71-d252f17a69bf (type: ports) to 4
2026-06-25 23:30:28.478 9 INFO neutron.db.ovn_revision_numbers_db [None req-9a75640a-8120-4de4-ab04-0c51dbe867d7 - - - - - -] Successfully bumped revision number for resource e884cd77-63a5-4e42-ba71-d252f17a69bf (type: router_ports) to 4
2026-06-25 23:30:28.949 10 INFO neutron.db.ovn_revision_numbers_db [None req-294c6e0e-d597-4bba-bb82-bd977c7de18f 9089057e8b3b45cbba9ee2e7a472e3b0 72744b09b8ba48b8a3e6b17504fc11fd - - default default] Successfully bumped revision number for resource 4540923d-79d4-47fb-b6c2-a241e1214d80 (type: router_ports) to 1
2026-06-25 23:30:28.952 10 INFO neutron.wsgi [None req-294c6e0e-d597-4bba-bb82-bd977c7de18f 9089057e8b3b45cbba9ee2e7a472e3b0 72744b09b8ba48b8a3e6b17504fc11fd - - default default] 10.0.0.89 "PUT /v2.0/routers/8232c0a3-2eed-4fb5-b11c-0fa1e0f0cec2/add_router_interface HTTP/1.1" status: 200 len: 503 time: 1.9781532
2026-06-25 23:30:29.480 10 INFO neutron.plugins.ml2.drivers.ovn.mech_driver.mech_driver [None req-80ac8514-3889-44ae-b8d3-40148fbfc6ac - - - - - -] OVN reports status up for port: 4540923d-79d4-47fb-b6c2-a241e1214d80
2026-06-25 23:30:29.486 10 INFO neutron.plugins.ml2.plugin [None req-80ac8514-3889-44ae-b8d3-40148fbfc6ac - - - - - -] Attempt 1 to provision port 4540923d-79d4-47fb-b6c2-a241e1214d80
2026-06-25 23:30:29.564 9 WARNING neutron_lib.context [None req-75bb03a7-8674-4eef-8204-e6e0557425d0 8a68d3793a3347adbbfe5c1b8409e507 cb4a3d7fa5be4bf6a93d1d41929458b9 - - default default] Method 'is_advsvc' is deprecated since 2023.2 release (neutron-lib 3.8.0) and will be removed once support for the old RBAC API policies will be removed from Neutron. Please use method 'is_service_role' instead.
2026-06-25 23:30:29.696 9 INFO neutron.db.ovn_revision_numbers_db [None req-75bb03a7-8674-4eef-8204-e6e0557425d0 8a68d3793a3347adbbfe5c1b8409e507 cb4a3d7fa5be4bf6a93d1d41929458b9 - - default default] Successfully bumped revision number for resource be38f38c-7617-4fbf-a6d3-fb1f37c971dd (type: security_groups) to 1
2026-06-25 23:30:29.719 9 INFO neutron.db.ovn_revision_numbers_db [None req-75bb03a7-8674-4eef-8204-e6e0557425d0 8a68d3793a3347adbbfe5c1b8409e507 cb4a3d7fa5be4bf6a93d1d41929458b9 - - default default] Successfully bumped revision number for resource 2d10d06a-fc9d-4d6d-abb6-b33fe0fb8fae (type: security_group_rules) to 0
2026-06-25 23:30:29.737 9 INFO neutron.db.ovn_revision_numbers_db [None req-75bb03a7-8674-4eef-8204-e6e0557425d0 8a68d3793a3347adbbfe5c1b8409e507 cb4a3d7fa5be4bf6a93d1d41929458b9 - - default default] Successfully bumped revision number for resource a8507016-8e64-4ebe-aeaf-ba3e1cb495ed (type: security_group_rules) to 0
2026-06-25 23:30:29.759 9 INFO neutron.wsgi [None req-75bb03a7-8674-4eef-8204-e6e0557425d0 8a68d3793a3347adbbfe5c1b8409e507 cb4a3d7fa5be4bf6a93d1d41929458b9 - - default default] 10.0.0.89 "POST /v2.0/security-groups HTTP/1.1" status: 201 len: 1796 time: 0.2004812
2026-06-25 23:30:29.768 9 WARNING neutron_lib.context [None req-0c15ba07-cdf5-4d9f-aae8-703085b70962 8a68d3793a3347adbbfe5c1b8409e507 cb4a3d7fa5be4bf6a93d1d41929458b9 - - default default] Method 'is_advsvc' is deprecated since 2023.2 release (neutron-lib 3.8.0) and will be removed once support for the old RBAC API policies will be removed from Neutron. Please use method 'is_service_role' instead.
2026-06-25 23:30:29.830 10 INFO neutron.db.ovn_revision_numbers_db [None req-80ac8514-3889-44ae-b8d3-40148fbfc6ac - - - - - -] Successfully bumped revision number for resource 4540923d-79d4-47fb-b6c2-a241e1214d80 (type: ports) to 2
2026-06-25 23:30:29.895 9 INFO neutron.db.ovn_revision_numbers_db [None req-0c15ba07-cdf5-4d9f-aae8-703085b70962 8a68d3793a3347adbbfe5c1b8409e507 cb4a3d7fa5be4bf6a93d1d41929458b9 - - default default] Successfully bumped revision number for resource bc1b5dfc-63ec-4563-b16d-e3d36cf35198 (type: security_group_rules) to 0
2026-06-25 23:30:29.911 10 INFO neutron.db.ovn_revision_numbers_db [None req-80ac8514-3889-44ae-b8d3-40148fbfc6ac - - - - - -] Successfully bumped revision number for resource 4540923d-79d4-47fb-b6c2-a241e1214d80 (type: router_ports) to 2
2026-06-25 23:30:29.914 9 WARNING neutron_lib.context [None req-e8dc7fa8-45bd-45f2-84e1-5629d2bbcfe3 276300f3264142e0a03483bf04dc898d 743a628cde314249aaf90e698661112b - - default default] Method 'is_advsvc' is deprecated since 2023.2 release (neutron-lib 3.8.0) and will be removed once support for the old RBAC API policies will be removed from Neutron. Please use method 'is_service_role' instead.
2026-06-25 23:30:29.923 9 INFO neutron.wsgi [None req-0c15ba07-cdf5-4d9f-aae8-703085b70962 8a68d3793a3347adbbfe5c1b8409e507 cb4a3d7fa5be4bf6a93d1d41929458b9 - - default default] 10.0.0.89 "POST /v2.0/security-group-rules HTTP/1.1" status: 201 len: 764 time: 0.1597426
2026-06-25 23:30:29.933 10 WARNING neutron_lib.context [None req-4a6b6cbe-d33a-44de-ad73-efba3e9a3e5f 8a68d3793a3347adbbfe5c1b8409e507 cb4a3d7fa5be4bf6a93d1d41929458b9 - - default default] Method 'is_advsvc' is deprecated since 2023.2 release (neutron-lib 3.8.0) and will be removed once support for the old RBAC API policies will be removed from Neutron. Please use method 'is_service_role' instead.
2026-06-25 23:30:30.081 9 INFO neutron.db.ovn_revision_numbers_db [None req-e8dc7fa8-45bd-45f2-84e1-5629d2bbcfe3 276300f3264142e0a03483bf04dc898d 743a628cde314249aaf90e698661112b - - default default] Successfully bumped revision number for resource 545344eb-dd1b-405c-a049-a4a0487b0a0d (type: security_groups) to 1
2026-06-25 23:30:30.099 9 INFO neutron.db.ovn_revision_numbers_db [None req-e8dc7fa8-45bd-45f2-84e1-5629d2bbcfe3 276300f3264142e0a03483bf04dc898d 743a628cde314249aaf90e698661112b - - default default] Successfully bumped revision number for resource 045ce5fe-83cf-4f13-a27d-125b24bceef7 (type: security_group_rules) to 0
2026-06-25 23:30:30.118 10 INFO neutron.db.ovn_revision_numbers_db [None req-4a6b6cbe-d33a-44de-ad73-efba3e9a3e5f 8a68d3793a3347adbbfe5c1b8409e507 cb4a3d7fa5be4bf6a93d1d41929458b9 - - default default] Successfully bumped revision number for resource 8f7af584-a0fb-4c1c-9ce2-48eed053e8a8 (type: security_group_rules) to 0
2026-06-25 23:30:30.121 9 INFO neutron.db.ovn_revision_numbers_db [None req-e8dc7fa8-45bd-45f2-84e1-5629d2bbcfe3 276300f3264142e0a03483bf04dc898d 743a628cde314249aaf90e698661112b - - default default] Successfully bumped revision number for resource 453143b3-3499-4ccf-a878-5b0ed90fe57a (type: security_group_rules) to 0
2026-06-25 23:30:30.138 9 INFO neutron.db.ovn_revision_numbers_db [None req-e8dc7fa8-45bd-45f2-84e1-5629d2bbcfe3 276300f3264142e0a03483bf04dc898d 743a628cde314249aaf90e698661112b - - default default] Successfully bumped revision number for resource 6695e833-64a0-4c94-b650-ba49ec8dbde2 (type: security_group_rules) to 0
2026-06-25 23:30:30.147 10 INFO neutron.wsgi [None req-4a6b6cbe-d33a-44de-ad73-efba3e9a3e5f 8a68d3793a3347adbbfe5c1b8409e507 cb4a3d7fa5be4bf6a93d1d41929458b9 - - default default] 10.0.0.89 "POST /v2.0/security-group-rules HTTP/1.1" status: 201 len: 769 time: 0.2190869
2026-06-25 23:30:30.157 9 WARNING neutron_lib.context [None req-c0468dfb-7002-4f62-ab68-28a159e923cd 8a68d3793a3347adbbfe5c1b8409e507 cb4a3d7fa5be4bf6a93d1d41929458b9 - - default default] Method 'is_advsvc' is deprecated since 2023.2 release (neutron-lib 3.8.0) and will be removed once support for the old RBAC API policies will be removed from Neutron. Please use method 'is_service_role' instead.
2026-06-25 23:30:30.162 9 INFO neutron.db.ovn_revision_numbers_db [None req-e8dc7fa8-45bd-45f2-84e1-5629d2bbcfe3 276300f3264142e0a03483bf04dc898d 743a628cde314249aaf90e698661112b - - default default] Successfully bumped revision number for resource c380affc-90ec-40de-961b-682890279790 (type: security_group_rules) to 0
2026-06-25 23:30:30.233 9 INFO neutron.db.segments_db [None req-e8dc7fa8-45bd-45f2-84e1-5629d2bbcfe3 276300f3264142e0a03483bf04dc898d 743a628cde314249aaf90e698661112b - - default default] Added segment 7ac2227a-def8-473c-98c9-c9916339a241 of type geneve for network 90fff68d-7ff8-46cb-acb5-64518b9e53bc
2026-06-25 23:30:30.331 10 INFO neutron.db.ovn_revision_numbers_db [None req-cd0fbe9b-c3a7-41bc-a809-0cbee26e3ac8 9089057e8b3b45cbba9ee2e7a472e3b0 72744b09b8ba48b8a3e6b17504fc11fd - - default default] Successfully bumped revision number for resource c7796ec1-430d-48b0-ac14-cb05a562e71d (type: security_groups) to 1
2026-06-25 23:30:30.348 10 INFO neutron.db.ovn_revision_numbers_db [None req-cd0fbe9b-c3a7-41bc-a809-0cbee26e3ac8 9089057e8b3b45cbba9ee2e7a472e3b0 72744b09b8ba48b8a3e6b17504fc11fd - - default default] Successfully bumped revision number for resource 1c854b66-8b13-42b9-9805-d05357aa547e (type: security_group_rules) to 0
2026-06-25 23:30:30.363 10 INFO neutron.db.ovn_revision_numbers_db [None req-cd0fbe9b-c3a7-41bc-a809-0cbee26e3ac8 9089057e8b3b45cbba9ee2e7a472e3b0 72744b09b8ba48b8a3e6b17504fc11fd - - default default] Successfully bumped revision number for resource 58c6c3cb-b29e-4836-96f3-4fb632600b38 (type: security_group_rules) to 0
2026-06-25 23:30:30.379 10 INFO neutron.db.ovn_revision_numbers_db [None req-cd0fbe9b-c3a7-41bc-a809-0cbee26e3ac8 9089057e8b3b45cbba9ee2e7a472e3b0 72744b09b8ba48b8a3e6b17504fc11fd - - default default] Successfully bumped revision number for resource 6ba3a6f5-15f7-42e2-9406-9f08caf22694 (type: security_group_rules) to 0
2026-06-25 23:30:30.391 10 INFO neutron.db.ovn_revision_numbers_db [None req-cd0fbe9b-c3a7-41bc-a809-0cbee26e3ac8 9089057e8b3b45cbba9ee2e7a472e3b0 72744b09b8ba48b8a3e6b17504fc11fd - - default default] Successfully bumped revision number for resource 9a42f6bb-f10e-44d3-96e7-55fbeb463ea7 (type: security_group_rules) to 0
2026-06-25 23:30:30.413 9 INFO neutron.db.ovn_revision_numbers_db [None req-e8dc7fa8-45bd-45f2-84e1-5629d2bbcfe3 276300f3264142e0a03483bf04dc898d 743a628cde314249aaf90e698661112b - - default default] Successfully bumped revision number for resource 90fff68d-7ff8-46cb-acb5-64518b9e53bc (type: networks) to 1
2026-06-25 23:30:30.414 10 INFO neutron.wsgi [None req-cd0fbe9b-c3a7-41bc-a809-0cbee26e3ac8 9089057e8b3b45cbba9ee2e7a472e3b0 72744b09b8ba48b8a3e6b17504fc11fd - - default default] 10.0.0.89 "GET /v2.0/security-groups?tenant_id=723198a00f9a4232a28a542f3ce63de7&name=default HTTP/1.1" status: 200 len: 2996 time: 0.3205786
2026-06-25 23:30:30.542 9 WARNING neutron.scheduler.dhcp_agent_scheduler [None req-c0468dfb-7002-4f62-ab68-28a159e923cd 8a68d3793a3347adbbfe5c1b8409e507 cb4a3d7fa5be4bf6a93d1d41929458b9 - - default default] No more DHCP agents
2026-06-25 23:30:30.550 9 WARNING neutron.api.rpc.agentnotifiers.dhcp_rpc_agent_api [None req-c0468dfb-7002-4f62-ab68-28a159e923cd 8a68d3793a3347adbbfe5c1b8409e507 cb4a3d7fa5be4bf6a93d1d41929458b9 - - default default] Unable to schedule network a6b061e7-ef29-4b14-9ccc-96c438219742: no agents available; will retry on subsequent port and subnet creation events.
2026-06-25 23:30:30.593 10 INFO neutron.wsgi [None req-770ea0cd-6a0e-4d14-97c1-d4497f17422a 9089057e8b3b45cbba9ee2e7a472e3b0 72744b09b8ba48b8a3e6b17504fc11fd - - default default] 10.0.0.89 "DELETE /v2.0/security-groups/c7796ec1-430d-48b0-ac14-cb05a562e71d HTTP/1.1" status: 204 len: 168 time: 0.1733031
2026-06-25 23:30:30.654 9 WARNING neutron.scheduler.dhcp_agent_scheduler [None req-e8dc7fa8-45bd-45f2-84e1-5629d2bbcfe3 276300f3264142e0a03483bf04dc898d 743a628cde314249aaf90e698661112b - - default default] No more DHCP agents
2026-06-25 23:30:30.659 9 WARNING neutron.api.rpc.agentnotifiers.dhcp_rpc_agent_api [None req-e8dc7fa8-45bd-45f2-84e1-5629d2bbcfe3 276300f3264142e0a03483bf04dc898d 743a628cde314249aaf90e698661112b - - default default] Unable to schedule network 90fff68d-7ff8-46cb-acb5-64518b9e53bc: no agents available; will retry on subsequent port and subnet creation events.
2026-06-25 23:30:30.756 9 INFO neutron.db.ovn_revision_numbers_db [None req-e8dc7fa8-45bd-45f2-84e1-5629d2bbcfe3 276300f3264142e0a03483bf04dc898d 743a628cde314249aaf90e698661112b - - default default] Successfully bumped revision number for resource f99279f3-d877-4755-81ff-59f8bce84c03 (type: ports) to 1
2026-06-25 23:30:30.790 9 INFO neutron.wsgi [None req-e8dc7fa8-45bd-45f2-84e1-5629d2bbcfe3 276300f3264142e0a03483bf04dc898d 743a628cde314249aaf90e698661112b - - default default] 10.0.0.89 "POST /v2.0/networks HTTP/1.1" status: 201 len: 843 time: 1.1206234
2026-06-25 23:30:30.828 10 WARNING neutron_lib.context [None req-f82fd0c5-a8c4-4366-8fdb-39d053d3e2b5 276300f3264142e0a03483bf04dc898d 743a628cde314249aaf90e698661112b - - default default] Method 'is_advsvc' is deprecated since 2023.2 release (neutron-lib 3.8.0) and will be removed once support for the old RBAC API policies will be removed from Neutron. Please use method 'is_service_role' instead.
2026-06-25 23:30:30.927 9 INFO neutron.db.ovn_revision_numbers_db [None req-c0468dfb-7002-4f62-ab68-28a159e923cd 8a68d3793a3347adbbfe5c1b8409e507 cb4a3d7fa5be4bf6a93d1d41929458b9 - - default default] Successfully bumped revision number for resource f7661d43-f827-4297-bb52-b09b384b99fa (type: floatingips) to 0
2026-06-25 23:30:30.945 9 INFO neutron.wsgi [None req-c0468dfb-7002-4f62-ab68-28a159e923cd 8a68d3793a3347adbbfe5c1b8409e507 cb4a3d7fa5be4bf6a93d1d41929458b9 - - default default] 10.0.0.89 "POST /v2.0/floatingips HTTP/1.1" status: 201 len: 751 time: 0.7933517
2026-06-25 23:30:31.073 10 WARNING neutron.scheduler.dhcp_agent_scheduler [None req-f82fd0c5-a8c4-4366-8fdb-39d053d3e2b5 276300f3264142e0a03483bf04dc898d 743a628cde314249aaf90e698661112b - - default default] No more DHCP agents
2026-06-25 23:30:31.077 10 WARNING neutron.api.rpc.agentnotifiers.dhcp_rpc_agent_api [None req-f82fd0c5-a8c4-4366-8fdb-39d053d3e2b5 276300f3264142e0a03483bf04dc898d 743a628cde314249aaf90e698661112b - - default default] Unable to schedule network 90fff68d-7ff8-46cb-acb5-64518b9e53bc: no agents available; will retry on subsequent port and subnet creation events.
2026-06-25 23:30:31.449 10 INFO neutron.wsgi [req-e8f5e8f0-fd5b-4fe8-ba13-9520345f673a req-bb53d696-acc0-4fb6-8360-e1be6f3f16cc 8a68d3793a3347adbbfe5c1b8409e507 cb4a3d7fa5be4bf6a93d1d41929458b9 - - default default] 10.0.0.227 "GET /v2.0/security-groups?name=tempest-securitygroup--765038248&fields=id&tenant_id=cb4a3d7fa5be4bf6a93d1d41929458b9 HTTP/1.1" status: 200 len: 267 time: 0.0438392
2026-06-25 23:30:31.506 10 INFO neutron.db.ovn_revision_numbers_db [None req-f82fd0c5-a8c4-4366-8fdb-39d053d3e2b5 276300f3264142e0a03483bf04dc898d 743a628cde314249aaf90e698661112b - - default default] Successfully bumped revision number for resource f99279f3-d877-4755-81ff-59f8bce84c03 (type: ports) to 2
2026-06-25 23:30:31.519 10 INFO neutron.wsgi [req-e8f5e8f0-fd5b-4fe8-ba13-9520345f673a req-a0f62261-8197-486b-9602-1299a8b94e06 8a68d3793a3347adbbfe5c1b8409e507 cb4a3d7fa5be4bf6a93d1d41929458b9 - - default default] 10.0.0.227 "GET /v2.0/networks?id=d2c58ff2-9892-41c7-9acd-07b0975d5eb5 HTTP/1.1" status: 200 len: 875 time: 0.0633945
2026-06-25 23:30:31.538 10 INFO neutron.wsgi [req-e8f5e8f0-fd5b-4fe8-ba13-9520345f673a req-d623a1ca-e3f7-4851-afa2-cb7d3c82dea3 8a68d3793a3347adbbfe5c1b8409e507 cb4a3d7fa5be4bf6a93d1d41929458b9 - - default default] 10.0.0.227 "GET /v2.0/quotas/cb4a3d7fa5be4bf6a93d1d41929458b9 HTTP/1.1" status: 200 len: 386 time: 0.0104825
2026-06-25 23:30:31.549 10 INFO neutron.db.ovn_revision_numbers_db [None req-f82fd0c5-a8c4-4366-8fdb-39d053d3e2b5 276300f3264142e0a03483bf04dc898d 743a628cde314249aaf90e698661112b - - default default] Successfully bumped revision number for resource d1d853e9-2a59-4c9e-b302-ca02a8acea88 (type: subnets) to 0
2026-06-25 23:30:31.570 10 INFO neutron.wsgi [None req-f82fd0c5-a8c4-4366-8fdb-39d053d3e2b5 276300f3264142e0a03483bf04dc898d 743a628cde314249aaf90e698661112b - - default default] 10.0.0.89 "POST /v2.0/subnets HTTP/1.1" status: 201 len: 816 time: 0.7490466
2026-06-25 23:30:31.583 9 WARNING neutron_lib.context [None req-f823b00e-dccd-4efa-ba5a-3f210cb38ee3 276300f3264142e0a03483bf04dc898d 743a628cde314249aaf90e698661112b - - default default] Method 'is_advsvc' is deprecated since 2023.2 release (neutron-lib 3.8.0) and will be removed once support for the old RBAC API policies will be removed from Neutron. Please use method 'is_service_role' instead.
2026-06-25 23:30:31.618 10 INFO neutron.wsgi [req-e8f5e8f0-fd5b-4fe8-ba13-9520345f673a req-8fdbed88-5d42-4907-964e-e7341b77b7fd 8a68d3793a3347adbbfe5c1b8409e507 cb4a3d7fa5be4bf6a93d1d41929458b9 - - default default] 10.0.0.227 "GET /v2.0/ports?tenant_id=cb4a3d7fa5be4bf6a93d1d41929458b9&fields=id HTTP/1.1" status: 200 len: 302 time: 0.0749884
2026-06-25 23:30:31.664 9 INFO neutron.db.segments_db [None req-f823b00e-dccd-4efa-ba5a-3f210cb38ee3 276300f3264142e0a03483bf04dc898d 743a628cde314249aaf90e698661112b - - default default] Added segment 080d0186-d137-4c46-96d1-ae8c69586df8 of type geneve for network 3986806f-047d-40e8-a9d6-3e5f18f27fdb
2026-06-25 23:30:31.678 10 INFO neutron.wsgi [req-e8f5e8f0-fd5b-4fe8-ba13-9520345f673a req-dd337718-3d71-4726-8941-fe18c8a174a8 4305f2eb0a454ae7afbde0d0e0f17c49 a9466336b3fd40b1bbb1e9a2323ae8bb - - 72461810ce124ffeba27c79f004d6667 72461810ce124ffeba27c79f004d6667] 10.0.0.227 "GET /v2.0/networks/d2c58ff2-9892-41c7-9acd-07b0975d5eb5?fields=segments HTTP/1.1" status: 200 len: 212 time: 0.0473506
2026-06-25 23:30:31.729 10 INFO neutron.wsgi [req-e8f5e8f0-fd5b-4fe8-ba13-9520345f673a req-38129f24-8e89-44dd-ad07-096d1cb38e95 4305f2eb0a454ae7afbde0d0e0f17c49 a9466336b3fd40b1bbb1e9a2323ae8bb - - 72461810ce124ffeba27c79f004d6667 72461810ce124ffeba27c79f004d6667] 10.0.0.227 "GET /v2.0/networks/d2c58ff2-9892-41c7-9acd-07b0975d5eb5?fields=provider%3Aphysical_network&fields=provider%3Anetwork_type HTTP/1.1" status: 200 len: 277 time: 0.0462141
2026-06-25 23:30:31.807 9 INFO neutron.db.ovn_revision_numbers_db [None req-f823b00e-dccd-4efa-ba5a-3f210cb38ee3 276300f3264142e0a03483bf04dc898d 743a628cde314249aaf90e698661112b - - default default] Successfully bumped revision number for resource 3986806f-047d-40e8-a9d6-3e5f18f27fdb (type: networks) to 1
2026-06-25 23:30:31.843 10 INFO neutron.wsgi [req-19104a8f-afd0-40ec-bc42-5677ae3a84fa req-ca017b70-fd59-4ac3-8a8a-ea91df073d95 8a68d3793a3347adbbfe5c1b8409e507 cb4a3d7fa5be4bf6a93d1d41929458b9 - - default default] 10.0.0.227 "GET /v2.0/ports?device_id=61e0ce69-fe5d-4357-93f9-477c8b61201c HTTP/1.1" status: 200 len: 210 time: 0.0185096
2026-06-25 23:30:31.993 9 WARNING neutron.scheduler.dhcp_agent_scheduler [None req-f823b00e-dccd-4efa-ba5a-3f210cb38ee3 276300f3264142e0a03483bf04dc898d 743a628cde314249aaf90e698661112b - - default default] No more DHCP agents
2026-06-25 23:30:32.000 9 WARNING neutron.api.rpc.agentnotifiers.dhcp_rpc_agent_api [None req-f823b00e-dccd-4efa-ba5a-3f210cb38ee3 276300f3264142e0a03483bf04dc898d 743a628cde314249aaf90e698661112b - - default default] Unable to schedule network 3986806f-047d-40e8-a9d6-3e5f18f27fdb: no agents available; will retry on subsequent port and subnet creation events.
2026-06-25 23:30:32.086 9 INFO neutron.db.ovn_revision_numbers_db [None req-f823b00e-dccd-4efa-ba5a-3f210cb38ee3 276300f3264142e0a03483bf04dc898d 743a628cde314249aaf90e698661112b - - default default] Successfully bumped revision number for resource e5b23e4f-6f5d-43ee-abbf-7f9506be7d91 (type: ports) to 1
2026-06-25 23:30:32.106 9 INFO neutron.wsgi [None req-f823b00e-dccd-4efa-ba5a-3f210cb38ee3 276300f3264142e0a03483bf04dc898d 743a628cde314249aaf90e698661112b - - default default] 10.0.0.89 "POST /v2.0/networks HTTP/1.1" status: 201 len: 842 time: 0.5284197
2026-06-25 23:30:32.287 9 INFO neutron.db.ovn_revision_numbers_db [None req-d712b017-ea1c-44a7-b6f8-1279050a3fb7 276300f3264142e0a03483bf04dc898d 743a628cde314249aaf90e698661112b - - default default] Successfully bumped revision number for resource 3986806f-047d-40e8-a9d6-3e5f18f27fdb (type: networks) to 2
2026-06-25 23:30:32.291 9 INFO neutron.wsgi [None req-d712b017-ea1c-44a7-b6f8-1279050a3fb7 276300f3264142e0a03483bf04dc898d 743a628cde314249aaf90e698661112b - - default default] 10.0.0.89 "PUT /v2.0/networks/3986806f-047d-40e8-a9d6-3e5f18f27fdb HTTP/1.1" status: 200 len: 792 time: 0.1789963
2026-06-25 23:30:32.301 9 WARNING neutron_lib.context [None req-e7e3f3cb-5e8f-48df-9036-dbe5a5a47bf8 276300f3264142e0a03483bf04dc898d 743a628cde314249aaf90e698661112b - - default default] Method 'is_advsvc' is deprecated since 2023.2 release (neutron-lib 3.8.0) and will be removed once support for the old RBAC API policies will be removed from Neutron. Please use method 'is_service_role' instead.
2026-06-25 23:30:32.544 9 INFO neutron.wsgi [req-e8f5e8f0-fd5b-4fe8-ba13-9520345f673a req-1bb61886-0054-4f65-97c1-5e423ea44910 8a68d3793a3347adbbfe5c1b8409e507 cb4a3d7fa5be4bf6a93d1d41929458b9 - - default default] 199.204.45.223 "GET /v2.0/networks?id=d2c58ff2-9892-41c7-9acd-07b0975d5eb5 HTTP/1.1" status: 200 len: 875 time: 0.0813630
2026-06-25 23:30:32.545 9 WARNING neutron.scheduler.dhcp_agent_scheduler [None req-e7e3f3cb-5e8f-48df-9036-dbe5a5a47bf8 276300f3264142e0a03483bf04dc898d 743a628cde314249aaf90e698661112b - - default default] No more DHCP agents
2026-06-25 23:30:32.547 9 WARNING neutron.api.rpc.agentnotifiers.dhcp_rpc_agent_api [None req-e7e3f3cb-5e8f-48df-9036-dbe5a5a47bf8 276300f3264142e0a03483bf04dc898d 743a628cde314249aaf90e698661112b - - default default] Unable to schedule network 3986806f-047d-40e8-a9d6-3e5f18f27fdb: no agents available; will retry on subsequent port and subnet creation events.
2026-06-25 23:30:32.608 9 INFO neutron.wsgi [req-e8f5e8f0-fd5b-4fe8-ba13-9520345f673a req-85b20015-e222-477c-bb75-5a63108749ed 8a68d3793a3347adbbfe5c1b8409e507 cb4a3d7fa5be4bf6a93d1d41929458b9 - - default default] 199.204.45.223 "GET /v2.0/security-groups?fields=id&fields=name&tenant_id=cb4a3d7fa5be4bf6a93d1d41929458b9 HTTP/1.1" status: 200 len: 379 time: 0.0572555
2026-06-25 23:30:32.619 9 WARNING neutron_lib.context [req-e8f5e8f0-fd5b-4fe8-ba13-9520345f673a req-04ccb1be-2f72-49c2-9da0-d9cc2b555976 8a68d3793a3347adbbfe5c1b8409e507 cb4a3d7fa5be4bf6a93d1d41929458b9 - - default default] Method 'is_advsvc' is deprecated since 2023.2 release (neutron-lib 3.8.0) and will be removed once support for the old RBAC API policies will be removed from Neutron. Please use method 'is_service_role' instead.
2026-06-25 23:30:32.630 10 INFO neutron.db.ovn_revision_numbers_db [None req-d4b19d0f-0ec4-4997-b188-89bac952bea2 9089057e8b3b45cbba9ee2e7a472e3b0 72744b09b8ba48b8a3e6b17504fc11fd - - default default] Successfully bumped revision number for resource a5a1d892-96b3-4152-b0e4-2872faeb02ac (type: security_groups) to 1
2026-06-25 23:30:32.653 10 INFO neutron.db.ovn_revision_numbers_db [None req-d4b19d0f-0ec4-4997-b188-89bac952bea2 9089057e8b3b45cbba9ee2e7a472e3b0 72744b09b8ba48b8a3e6b17504fc11fd - - default default] Successfully bumped revision number for resource 13c18429-26d9-4546-a734-27891b23be8d (type: security_group_rules) to 0
2026-06-25 23:30:32.669 10 INFO neutron.db.ovn_revision_numbers_db [None req-d4b19d0f-0ec4-4997-b188-89bac952bea2 9089057e8b3b45cbba9ee2e7a472e3b0 72744b09b8ba48b8a3e6b17504fc11fd - - default default] Successfully bumped revision number for resource 4ccc3eab-04f1-4524-b3ae-362bd8318f75 (type: security_group_rules) to 0
2026-06-25 23:30:32.685 10 INFO neutron.db.ovn_revision_numbers_db [None req-d4b19d0f-0ec4-4997-b188-89bac952bea2 9089057e8b3b45cbba9ee2e7a472e3b0 72744b09b8ba48b8a3e6b17504fc11fd - - default default] Successfully bumped revision number for resource 7aece444-32ac-4636-b925-373897813946 (type: security_group_rules) to 0
2026-06-25 23:30:32.702 10 INFO neutron.db.ovn_revision_numbers_db [None req-d4b19d0f-0ec4-4997-b188-89bac952bea2 9089057e8b3b45cbba9ee2e7a472e3b0 72744b09b8ba48b8a3e6b17504fc11fd - - default default] Successfully bumped revision number for resource eca41ee7-fa03-4f5d-8cd2-375a82c3685f (type: security_group_rules) to 0
2026-06-25 23:30:32.761 10 INFO neutron.db.segments_db [None req-d4b19d0f-0ec4-4997-b188-89bac952bea2 9089057e8b3b45cbba9ee2e7a472e3b0 72744b09b8ba48b8a3e6b17504fc11fd - - default default] Added segment 4117bf7a-f6d8-4f7c-b0c3-00f4e71f8a86 of type geneve for network b869432e-5ab6-4150-9af1-a8c28b3c9dab
2026-06-25 23:30:32.894 10 INFO neutron.db.ovn_revision_numbers_db [None req-d4b19d0f-0ec4-4997-b188-89bac952bea2 9089057e8b3b45cbba9ee2e7a472e3b0 72744b09b8ba48b8a3e6b17504fc11fd - - default default] Successfully bumped revision number for resource b869432e-5ab6-4150-9af1-a8c28b3c9dab (type: networks) to 1
2026-06-25 23:30:32.950 10 INFO neutron.wsgi [req-1aa6302f-30ae-4ff4-9b3f-bdd44acbf826 req-c97e32dc-b22d-430a-82d1-1d811665cf77 8a68d3793a3347adbbfe5c1b8409e507 cb4a3d7fa5be4bf6a93d1d41929458b9 - - default default] 10.0.0.227 "GET /v2.0/ports?device_id=61e0ce69-fe5d-4357-93f9-477c8b61201c HTTP/1.1" status: 200 len: 210 time: 0.0326281
2026-06-25 23:30:33.134 10 WARNING neutron.scheduler.dhcp_agent_scheduler [None req-d4b19d0f-0ec4-4997-b188-89bac952bea2 9089057e8b3b45cbba9ee2e7a472e3b0 72744b09b8ba48b8a3e6b17504fc11fd - - default default] No more DHCP agents
2026-06-25 23:30:33.135 10 WARNING neutron.api.rpc.agentnotifiers.dhcp_rpc_agent_api [None req-d4b19d0f-0ec4-4997-b188-89bac952bea2 9089057e8b3b45cbba9ee2e7a472e3b0 72744b09b8ba48b8a3e6b17504fc11fd - - default default] Unable to schedule network b869432e-5ab6-4150-9af1-a8c28b3c9dab: no agents available; will retry on subsequent port and subnet creation events.
2026-06-25 23:30:33.226 10 INFO neutron.db.ovn_revision_numbers_db [None req-d4b19d0f-0ec4-4997-b188-89bac952bea2 9089057e8b3b45cbba9ee2e7a472e3b0 72744b09b8ba48b8a3e6b17504fc11fd - - default default] Successfully bumped revision number for resource aa467926-69db-4587-8a32-6f86ec7dd2c1 (type: ports) to 1
2026-06-25 23:30:33.246 9 WARNING neutron.scheduler.dhcp_agent_scheduler [req-e8f5e8f0-fd5b-4fe8-ba13-9520345f673a req-04ccb1be-2f72-49c2-9da0-d9cc2b555976 8a68d3793a3347adbbfe5c1b8409e507 cb4a3d7fa5be4bf6a93d1d41929458b9 - - default default] No more DHCP agents
2026-06-25 23:30:33.249 10 INFO neutron.wsgi [None req-d4b19d0f-0ec4-4997-b188-89bac952bea2 9089057e8b3b45cbba9ee2e7a472e3b0 72744b09b8ba48b8a3e6b17504fc11fd - - default default] 10.0.0.89 "POST /v2.0/networks HTTP/1.1" status: 201 len: 942 time: 0.9111710
2026-06-25 23:30:33.250 9 WARNING neutron.api.rpc.agentnotifiers.dhcp_rpc_agent_api [req-e8f5e8f0-fd5b-4fe8-ba13-9520345f673a req-04ccb1be-2f72-49c2-9da0-d9cc2b555976 8a68d3793a3347adbbfe5c1b8409e507 cb4a3d7fa5be4bf6a93d1d41929458b9 - - default default] Unable to schedule network d2c58ff2-9892-41c7-9acd-07b0975d5eb5: no agents available; will retry on subsequent port and subnet creation events. /var/lib/openstack/lib/python3.10/site-packages/pycadf/identifier.py:71: UserWarning: Invalid uuid: neutron. To ensure interoperability, identifiers should be a valid uuid. warnings.warn(('Invalid uuid: %s. To ensure interoperability, '
2026-06-25 23:30:33.439 9 INFO neutron.db.ovn_revision_numbers_db [None req-e7e3f3cb-5e8f-48df-9036-dbe5a5a47bf8 276300f3264142e0a03483bf04dc898d 743a628cde314249aaf90e698661112b - - default default] Successfully bumped revision number for resource e5b23e4f-6f5d-43ee-abbf-7f9506be7d91 (type: ports) to 2
2026-06-25 23:30:33.506 9 WARNING neutron.scheduler.dhcp_agent_scheduler [None req-9f41740c-5fdf-4528-a5c6-4d33c604fce7 9089057e8b3b45cbba9ee2e7a472e3b0 72744b09b8ba48b8a3e6b17504fc11fd - - default default] No more DHCP agents
2026-06-25 23:30:33.511 9 WARNING neutron.api.rpc.agentnotifiers.dhcp_rpc_agent_api [None req-9f41740c-5fdf-4528-a5c6-4d33c604fce7 9089057e8b3b45cbba9ee2e7a472e3b0 72744b09b8ba48b8a3e6b17504fc11fd - - default default] Unable to schedule network b869432e-5ab6-4150-9af1-a8c28b3c9dab: no agents available; will retry on subsequent port and subnet creation events.
2026-06-25 23:30:33.513 9 INFO neutron.db.ovn_revision_numbers_db [None req-e7e3f3cb-5e8f-48df-9036-dbe5a5a47bf8 276300f3264142e0a03483bf04dc898d 743a628cde314249aaf90e698661112b - - default default] Successfully bumped revision number for resource 09029b6f-5788-4850-8488-d4eb132734cf (type: subnets) to 0
2026-06-25 23:30:33.532 9 INFO neutron.db.ovn_revision_numbers_db [req-e8f5e8f0-fd5b-4fe8-ba13-9520345f673a req-04ccb1be-2f72-49c2-9da0-d9cc2b555976 8a68d3793a3347adbbfe5c1b8409e507 cb4a3d7fa5be4bf6a93d1d41929458b9 - - default default] Successfully bumped revision number for resource 6c1a945f-bebc-4951-9bfd-99e3aca16c0d (type: ports) to 1
2026-06-25 23:30:33.539 9 INFO neutron.wsgi [None req-e7e3f3cb-5e8f-48df-9036-dbe5a5a47bf8 276300f3264142e0a03483bf04dc898d 743a628cde314249aaf90e698661112b - - default default] 10.0.0.89 "POST /v2.0/subnets HTTP/1.1" status: 201 len: 801 time: 1.2423100
2026-06-25 23:30:33.563 9 INFO neutron.wsgi [req-e8f5e8f0-fd5b-4fe8-ba13-9520345f673a req-04ccb1be-2f72-49c2-9da0-d9cc2b555976 8a68d3793a3347adbbfe5c1b8409e507 cb4a3d7fa5be4bf6a93d1d41929458b9 - - default default] 199.204.45.223 "POST /v2.0/ports HTTP/1.1" status: 201 len: 1162 time: 0.9477828
2026-06-25 23:30:33.593 10 INFO neutron.wsgi [req-9a911b29-9295-4235-a61e-03483a9ef078 req-1b4f979c-e020-4d00-b49d-e614cd4c2212 4305f2eb0a454ae7afbde0d0e0f17c49 a9466336b3fd40b1bbb1e9a2323ae8bb - - 72461810ce124ffeba27c79f004d6667 72461810ce124ffeba27c79f004d6667] 10.0.0.169 "GET /v2.0/ports?device_id=655274a8-fecb-40dc-accb-11c890071cde HTTP/1.1" status: 200 len: 1413 time: 0.1641841
2026-06-25 23:30:33.654 10 INFO neutron.wsgi [req-9a911b29-9295-4235-a61e-03483a9ef078 req-47e2864d-af2e-4fd1-ab77-c11dbc03054c 4305f2eb0a454ae7afbde0d0e0f17c49 a9466336b3fd40b1bbb1e9a2323ae8bb - - 72461810ce124ffeba27c79f004d6667 72461810ce124ffeba27c79f004d6667] 10.0.0.169 "GET /v2.0/security-groups?id=8128f1d6-5021-47f1-a476-f381af47991d&fields=id&fields=name HTTP/1.1" status: 200 len: 313 time: 0.0541444
2026-06-25 23:30:33.894 10 INFO neutron.db.ovn_revision_numbers_db [None req-60f1c0f9-c30c-4adf-b071-cfc8941faa5d 276300f3264142e0a03483bf04dc898d 743a628cde314249aaf90e698661112b - - default default] Successfully bumped revision number for resource 09029b6f-5788-4850-8488-d4eb132734cf (type: subnets) to 1
2026-06-25 23:30:33.898 10 INFO neutron.wsgi [None req-60f1c0f9-c30c-4adf-b071-cfc8941faa5d 276300f3264142e0a03483bf04dc898d 743a628cde314249aaf90e698661112b - - default default] 10.0.0.89 "PUT /v2.0/subnets/09029b6f-5788-4850-8488-d4eb132734cf HTTP/1.1" status: 200 len: 806 time: 0.3462787
2026-06-25 23:30:34.085 10 INFO neutron.wsgi [req-3c0fd4d7-4b20-4db8-8b42-f472ef56e2ce req-d60f6167-e9e3-4db7-9b64-85df06b1f3fb 8a68d3793a3347adbbfe5c1b8409e507 cb4a3d7fa5be4bf6a93d1d41929458b9 - - default default] 10.0.0.227 "GET /v2.0/ports?device_id=61e0ce69-fe5d-4357-93f9-477c8b61201c HTTP/1.1" status: 200 len: 1172 time: 0.0510137
2026-06-25 23:30:34.097 9 INFO neutron.db.ovn_revision_numbers_db [req-e8f5e8f0-fd5b-4fe8-ba13-9520345f673a req-8d2b5a79-f342-4ca6-89ad-5e3642780e19 4305f2eb0a454ae7afbde0d0e0f17c49 a9466336b3fd40b1bbb1e9a2323ae8bb - - 72461810ce124ffeba27c79f004d6667 72461810ce124ffeba27c79f004d6667] Successfully bumped revision number for resource 6c1a945f-bebc-4951-9bfd-99e3aca16c0d (type: ports) to 2
2026-06-25 23:30:34.146 9 INFO neutron.db.ovn_revision_numbers_db [None req-9f41740c-5fdf-4528-a5c6-4d33c604fce7 9089057e8b3b45cbba9ee2e7a472e3b0 72744b09b8ba48b8a3e6b17504fc11fd - - default default] Successfully bumped revision number for resource aa467926-69db-4587-8a32-6f86ec7dd2c1 (type: ports) to 2
2026-06-25 23:30:34.153 10 INFO neutron.wsgi [req-3c0fd4d7-4b20-4db8-8b42-f472ef56e2ce req-fb33745c-039a-42d8-85be-424e19ec6469 8a68d3793a3347adbbfe5c1b8409e507 cb4a3d7fa5be4bf6a93d1d41929458b9 - - default default] 10.0.0.227 "GET /v2.0/security-groups?id=be38f38c-7617-4fbf-a6d3-fb1f37c971dd&fields=id&fields=name HTTP/1.1" status: 200 len: 312 time: 0.0616720
2026-06-25 23:30:34.185 9 INFO neutron.db.ovn_revision_numbers_db [None req-9f41740c-5fdf-4528-a5c6-4d33c604fce7 9089057e8b3b45cbba9ee2e7a472e3b0 72744b09b8ba48b8a3e6b17504fc11fd - - default default] Successfully bumped revision number for resource 3fb2f90d-b64d-4183-80a7-672a082c290f (type: subnets) to 0
2026-06-25 23:30:34.222 9 INFO neutron.wsgi [None req-9f41740c-5fdf-4528-a5c6-4d33c604fce7 9089057e8b3b45cbba9ee2e7a472e3b0 72744b09b8ba48b8a3e6b17504fc11fd - - default default] 10.0.0.89 "POST /v2.0/subnets HTTP/1.1" status: 201 len: 862 time: 0.9678543
2026-06-25 23:30:34.330 9 INFO neutron.db.ovn_revision_numbers_db [req-e8f5e8f0-fd5b-4fe8-ba13-9520345f673a req-8d2b5a79-f342-4ca6-89ad-5e3642780e19 4305f2eb0a454ae7afbde0d0e0f17c49 a9466336b3fd40b1bbb1e9a2323ae8bb - - 72461810ce124ffeba27c79f004d6667 72461810ce124ffeba27c79f004d6667] Successfully bumped revision number for resource 6c1a945f-bebc-4951-9bfd-99e3aca16c0d (type: ports) to 2
2026-06-25 23:30:34.347 9 INFO neutron.wsgi [req-e8f5e8f0-fd5b-4fe8-ba13-9520345f673a req-8d2b5a79-f342-4ca6-89ad-5e3642780e19 4305f2eb0a454ae7afbde0d0e0f17c49 a9466336b3fd40b1bbb1e9a2323ae8bb - - 72461810ce124ffeba27c79f004d6667 72461810ce124ffeba27c79f004d6667] 199.204.45.223 "PUT /v2.0/ports/6c1a945f-bebc-4951-9bfd-99e3aca16c0d HTTP/1.1" status: 200 len: 1380 time: 0.7748075
2026-06-25 23:30:34.382 9 INFO neutron.notifiers.nova [-] Nova event matching ['req-cb373718-daf7-4f8e-8e61-cb9b8569d6b3'] response: {'name': 'network-changed', 'server_uuid': '61e0ce69-fe5d-4357-93f9-477c8b61201c', 'tag': '6c1a945f-bebc-4951-9bfd-99e3aca16c0d', 'status': 'completed', 'code': 200} /var/lib/openstack/lib/python3.10/site-packages/pycadf/identifier.py:71: UserWarning: Invalid uuid: neutron. To ensure interoperability, identifiers should be a valid uuid. warnings.warn(('Invalid uuid: %s. To ensure interoperability, '
2026-06-25 23:30:34.428 9 INFO neutron.wsgi [req-e8f5e8f0-fd5b-4fe8-ba13-9520345f673a req-a5ee4e67-27a3-46ae-91ff-19a97847af52 4305f2eb0a454ae7afbde0d0e0f17c49 a9466336b3fd40b1bbb1e9a2323ae8bb - - 72461810ce124ffeba27c79f004d6667 72461810ce124ffeba27c79f004d6667] 199.204.45.223 "GET /v2.0/ports?tenant_id=cb4a3d7fa5be4bf6a93d1d41929458b9&device_id=61e0ce69-fe5d-4357-93f9-477c8b61201c HTTP/1.1" status: 200 len: 1411 time: 0.0346656
2026-06-25 23:30:34.454 9 INFO neutron.wsgi [req-e8f5e8f0-fd5b-4fe8-ba13-9520345f673a req-e7a53712-a19b-4ef8-a7c7-59c63d12fb78 4305f2eb0a454ae7afbde0d0e0f17c49 a9466336b3fd40b1bbb1e9a2323ae8bb - - 72461810ce124ffeba27c79f004d6667 72461810ce124ffeba27c79f004d6667] 199.204.45.223 "GET /v2.0/floatingips?fixed_ip_address=10.100.0.14&port_id=6c1a945f-bebc-4951-9bfd-99e3aca16c0d HTTP/1.1" status: 200 len: 217 time: 0.0209305
2026-06-25 23:30:34.490 9 INFO neutron.wsgi [req-e8f5e8f0-fd5b-4fe8-ba13-9520345f673a req-e80bfaf8-ef56-4266-89df-3d85fbd8cd06 4305f2eb0a454ae7afbde0d0e0f17c49 a9466336b3fd40b1bbb1e9a2323ae8bb - - 72461810ce124ffeba27c79f004d6667 72461810ce124ffeba27c79f004d6667] 199.204.45.223 "GET /v2.0/subnets?id=9c68ef0e-22ad-4a32-9fc7-534a880a1f4f HTTP/1.1" status: 200 len: 869 time: 0.0298111
2026-06-25 23:30:34.512 9 INFO neutron.wsgi [req-e8f5e8f0-fd5b-4fe8-ba13-9520345f673a req-e0a10ce1-f223-4d29-b9d8-8c108c3a5b19 4305f2eb0a454ae7afbde0d0e0f17c49 a9466336b3fd40b1bbb1e9a2323ae8bb - - 72461810ce124ffeba27c79f004d6667 72461810ce124ffeba27c79f004d6667] 199.204.45.223 "GET /v2.0/ports?network_id=d2c58ff2-9892-41c7-9acd-07b0975d5eb5&device_owner=network%3Adhcp HTTP/1.1" status: 200 len: 210 time: 0.0172336
2026-06-25 23:30:34.572 9 INFO neutron.wsgi [req-e8f5e8f0-fd5b-4fe8-ba13-9520345f673a req-3d110a74-870b-4735-b6ef-4eccbdb30c57 4305f2eb0a454ae7afbde0d0e0f17c49 a9466336b3fd40b1bbb1e9a2323ae8bb - - 72461810ce124ffeba27c79f004d6667 72461810ce124ffeba27c79f004d6667] 199.204.45.223 "GET /v2.0/networks/d2c58ff2-9892-41c7-9acd-07b0975d5eb5?fields=segments HTTP/1.1" status: 200 len: 212 time: 0.0539987
2026-06-25 23:30:34.610 10 INFO neutron.services.segments.plugin [-] Segment 080d0186-d137-4c46-96d1-ae8c69586df8 resource provider aggregate not found
2026-06-25 23:30:34.623 10 INFO neutron.services.segments.plugin [-] Segment 080d0186-d137-4c46-96d1-ae8c69586df8 resource provider aggregate not found
2026-06-25 23:30:34.628 9 INFO neutron.wsgi [req-e8f5e8f0-fd5b-4fe8-ba13-9520345f673a req-5b979b83-65c8-41ee-8c76-dc9456a7b4b0 4305f2eb0a454ae7afbde0d0e0f17c49 a9466336b3fd40b1bbb1e9a2323ae8bb - - 72461810ce124ffeba27c79f004d6667 72461810ce124ffeba27c79f004d6667] 199.204.45.223 "GET /v2.0/networks/d2c58ff2-9892-41c7-9acd-07b0975d5eb5?fields=provider%3Aphysical_network&fields=provider%3Anetwork_type HTTP/1.1" status: 200 len: 277 time: 0.0512297
2026-06-25 23:30:34.646 10 INFO neutron.services.segments.plugin [-] Segment 080d0186-d137-4c46-96d1-ae8c69586df8 resource provider not found; error: Placement Client Error (4xx): {"errors": [{"status": 404, "title": "Not Found", "detail": "The resource could not be found.\n\n No resource provider with uuid 080d0186-d137-4c46-96d1-ae8c69586df8 found for delete ", "request_id": "req-de53adb5-81f7-4489-931a-35205565ad72"}]}
2026-06-25 23:30:34.649 10 INFO neutron.services.segments.plugin [-] Segment 080d0186-d137-4c46-96d1-ae8c69586df8 resource provider not found; error: Placement Client Error (4xx): {"errors": [{"status": 404, "title": "Not Found", "detail": "The resource could not be found.\n\n No resource provider with uuid 080d0186-d137-4c46-96d1-ae8c69586df8 found for delete ", "request_id": "req-dc61c622-6a2c-49ca-a8bd-43f141aac3a1"}]}
2026-06-25 23:30:34.675 10 INFO neutron.wsgi [None req-b5f2e45d-e26c-4c39-9611-86c1f6bb249e 276300f3264142e0a03483bf04dc898d 743a628cde314249aaf90e698661112b - - default default] 10.0.0.89 "DELETE /v2.0/networks/3986806f-047d-40e8-a9d6-3e5f18f27fdb HTTP/1.1" status: 204 len: 168 time: 0.7717292
2026-06-25 23:30:34.697 9 INFO neutron.pecan_wsgi.hooks.translation [None req-7479f2ac-e014-44c9-8931-04cc71acc3f3 276300f3264142e0a03483bf04dc898d 743a628cde314249aaf90e698661112b - - default default] DELETE failed (client error): The resource could not be found.
2026-06-25 23:30:34.699 9 INFO neutron.wsgi [None req-7479f2ac-e014-44c9-8931-04cc71acc3f3 276300f3264142e0a03483bf04dc898d 743a628cde314249aaf90e698661112b - - default default] 10.0.0.89 "DELETE /v2.0/networks/3986806f-047d-40e8-a9d6-3e5f18f27fdb HTTP/1.1" status: 404 len: 339 time: 0.0180058
2026-06-25 23:30:34.708 9 INFO neutron.wsgi [req-27ac6caf-e1dd-4486-b1d0-912634f3279b req-6c5ad906-579e-4fbe-82b9-a2694d076e00 4305f2eb0a454ae7afbde0d0e0f17c49 a9466336b3fd40b1bbb1e9a2323ae8bb - - 72461810ce124ffeba27c79f004d6667 72461810ce124ffeba27c79f004d6667] 199.204.45.223 "GET /v2.0/ports?tenant_id=cb4a3d7fa5be4bf6a93d1d41929458b9&device_id=61e0ce69-fe5d-4357-93f9-477c8b61201c HTTP/1.1" status: 200 len: 1411 time: 0.0449345
2026-06-25 23:30:34.770 9 INFO neutron.wsgi [req-27ac6caf-e1dd-4486-b1d0-912634f3279b req-b5582b23-895c-4f6d-9a79-25ba72de615f 4305f2eb0a454ae7afbde0d0e0f17c49 a9466336b3fd40b1bbb1e9a2323ae8bb - - 72461810ce124ffeba27c79f004d6667 72461810ce124ffeba27c79f004d6667] 199.204.45.223 "GET /v2.0/networks?id=d2c58ff2-9892-41c7-9acd-07b0975d5eb5 HTTP/1.1" status: 200 len: 973 time: 0.0582600
2026-06-25 23:30:34.804 9 INFO neutron.wsgi [req-27ac6caf-e1dd-4486-b1d0-912634f3279b req-fa4469c3-da93-40cf-bacc-6f6f63aa3cd5 4305f2eb0a454ae7afbde0d0e0f17c49 a9466336b3fd40b1bbb1e9a2323ae8bb - - 72461810ce124ffeba27c79f004d6667 72461810ce124ffeba27c79f004d6667] 199.204.45.223 "GET /v2.0/floatingips?fixed_ip_address=10.100.0.14&port_id=6c1a945f-bebc-4951-9bfd-99e3aca16c0d HTTP/1.1" status: 200 len: 217 time: 0.0290816
2026-06-25 23:30:34.813 10 WARNING neutron.plugins.ml2.drivers.ovn.mech_driver.ovsdb.ovn_client [None req-80ac8514-3889-44ae-b8d3-40148fbfc6ac - - - - - -] No hosting information found for port 4540923d-79d4-47fb-b6c2-a241e1214d80: RuntimeError: No hosting information found for port 4540923d-79d4-47fb-b6c2-a241e1214d80
2026-06-25 23:30:34.834 9 INFO neutron.plugins.ml2.drivers.ovn.mech_driver.mech_driver [None req-aaba1074-abd1-4a59-bbf0-16f74f6b2b65 - - - - - -] OVN reports status up for port: 6c1a945f-bebc-4951-9bfd-99e3aca16c0d
2026-06-25 23:30:34.835 10 INFO neutron.wsgi [None req-c3a15da8-9b6b-4ea5-af3d-6bff90590e7c 276300f3264142e0a03483bf04dc898d 743a628cde314249aaf90e698661112b - - default default] 10.0.0.89 "GET /v2.0/networks?router%3Aexternal=True HTTP/1.1" status: 200 len: 845 time: 0.1255918
2026-06-25 23:30:34.849 9 INFO neutron.plugins.ml2.plugin [None req-aaba1074-abd1-4a59-bbf0-16f74f6b2b65 - - - - - -] Attempt 1 to provision port 6c1a945f-bebc-4951-9bfd-99e3aca16c0d
2026-06-25 23:30:34.857 9 INFO neutron.wsgi [req-27ac6caf-e1dd-4486-b1d0-912634f3279b req-cebc0c54-1487-46de-8016-aad6b36201ec 4305f2eb0a454ae7afbde0d0e0f17c49 a9466336b3fd40b1bbb1e9a2323ae8bb - - 72461810ce124ffeba27c79f004d6667 72461810ce124ffeba27c79f004d6667] 199.204.45.223 "GET /v2.0/subnets?id=9c68ef0e-22ad-4a32-9fc7-534a880a1f4f HTTP/1.1" status: 200 len: 869 time: 0.0492284
2026-06-25 23:30:34.889 9 INFO neutron.wsgi [req-27ac6caf-e1dd-4486-b1d0-912634f3279b req-788aeaae-ebbe-4282-9f1b-2afe1315e9b7 4305f2eb0a454ae7afbde0d0e0f17c49 a9466336b3fd40b1bbb1e9a2323ae8bb - - 72461810ce124ffeba27c79f004d6667 72461810ce124ffeba27c79f004d6667] 199.204.45.223 "GET /v2.0/ports?network_id=d2c58ff2-9892-41c7-9acd-07b0975d5eb5&device_owner=network%3Adhcp HTTP/1.1" status: 200 len: 210 time: 0.0180371
2026-06-25 23:30:34.890 10 WARNING neutron.scheduler.dhcp_agent_scheduler [None req-6ca34257-50dd-487e-8c1c-9365cec64600 9089057e8b3b45cbba9ee2e7a472e3b0 72744b09b8ba48b8a3e6b17504fc11fd - - default default] No more DHCP agents
2026-06-25 23:30:34.891 10 WARNING neutron.api.rpc.agentnotifiers.dhcp_rpc_agent_api [None req-6ca34257-50dd-487e-8c1c-9365cec64600 9089057e8b3b45cbba9ee2e7a472e3b0 72744b09b8ba48b8a3e6b17504fc11fd - - default default] Unable to schedule network a6b061e7-ef29-4b14-9ccc-96c438219742: no agents available; will retry on subsequent port and subnet creation events.
2026-06-25 23:30:34.911 10 INFO neutron.wsgi [None req-e91f02b7-9d87-4d0d-8e81-39a32b22f2c2 276300f3264142e0a03483bf04dc898d 743a628cde314249aaf90e698661112b - - default default] 10.0.0.89 "GET /v2.0/subnets?network_id=a6b061e7-ef29-4b14-9ccc-96c438219742 HTTP/1.1" status: 200 len: 820 time: 0.0700021
