2026-04-01 17:43:01.485 7 INFO neutron.db.ovn_revision_numbers_db [None req-bffa09bd-15f9-476d-82a1-5d266f6b3437 386080364fe14d2c9f3f61ebc947ca3c bcbb8d3db7eb4897a431c6d96031f640 - - default default] Successfully bumped revision number for resource 80a2285b-bc40-4878-aa2b-750ace3fc102 (type: security_group_rules) to 0 [pid: 7|app: 0|req: 875/1685] 10.0.0.197 () {32 vars in 773 bytes} [Wed Apr 1 17:43:01 2026] GET /v2.0/security-groups?tenant_id=b6388f2de9b34ca59cc3cf7713e4871e&name=default => generated 2925 bytes in 418 msecs (HTTP/1.1 200) 4 headers in 158 bytes (1 switches on core 0) [pid: 8|app: 0|req: 811/1686] 10.0.0.197 () {32 vars in 723 bytes} [Wed Apr 1 17:43:01 2026] DELETE /v2.0/subnets/6afec140-8929-403d-9d8c-a4af1f5896e1 => generated 0 bytes in 198 msecs (HTTP/1.1 204) 3 headers in 131 bytes (1 switches on core 0)
2026-04-01 17:43:01.804 8 INFO neutron_taas.services.taas.taas_plugin [None req-def1efd3-1307-4268-b826-2be31c92e5df 727f2446b5464525ba8cdfa88912af28 e0140351de1f437f8fce2820c55eb9b2 - - default default] TaaS: Handle Delete Port: b1b27b2c-b9bc-441a-98e9-8dacf095bd55
2026-04-01 17:43:01.806 8 INFO neutron_taas.services.taas.tap_mirror_plugin [None req-def1efd3-1307-4268-b826-2be31c92e5df 727f2446b5464525ba8cdfa88912af28 e0140351de1f437f8fce2820c55eb9b2 - - default default] Tap Mirror: Handle Delete Port: b1b27b2c-b9bc-441a-98e9-8dacf095bd55 [pid: 7|app: 0|req: 876/1687] 10.0.0.197 () {32 vars in 739 bytes} [Wed Apr 1 17:43:01 2026] DELETE /v2.0/security-groups/a9380c0b-d585-4f9c-a171-5b46a6bfd633 => generated 0 bytes in 286 msecs (HTTP/1.1 204) 2 headers in 112 bytes (1 switches on core 0) [pid: 8|app: 0|req: 812/1688] 10.0.0.197 () {32 vars in 725 bytes} [Wed Apr 1 17:43:01 2026] DELETE /v2.0/networks/44175492-5f97-45ac-8d5e-e660337f0d18 => generated 0 bytes in 394 msecs (HTTP/1.1 204) 3 headers in 131 bytes (1 switches on core 0)
2026-04-01 17:43:02.068 7 INFO neutron.db.ovn_revision_numbers_db [None req-0f168164-4a93-4c4e-81d9-6b94f252ad76 386080364fe14d2c9f3f61ebc947ca3c bcbb8d3db7eb4897a431c6d96031f640 - - default default] Successfully bumped revision number for resource 89dfe893-aaeb-4f6d-b81c-fcb9553a656d (type: security_groups) to 1
2026-04-01 17:43:02.080 7 INFO neutron.db.ovn_revision_numbers_db [None req-0f168164-4a93-4c4e-81d9-6b94f252ad76 386080364fe14d2c9f3f61ebc947ca3c bcbb8d3db7eb4897a431c6d96031f640 - - default default] Successfully bumped revision number for resource 18f70c83-bff2-4c8a-a7b9-c5f598d6aaf5 (type: security_group_rules) to 0
2026-04-01 17:43:02.092 7 INFO neutron.db.ovn_revision_numbers_db [None req-0f168164-4a93-4c4e-81d9-6b94f252ad76 386080364fe14d2c9f3f61ebc947ca3c bcbb8d3db7eb4897a431c6d96031f640 - - default default] Successfully bumped revision number for resource 4859a7fc-ecaf-4d20-a3f6-9758e054b1e5 (type: security_group_rules) to 0
2026-04-01 17:43:02.105 7 INFO neutron.db.ovn_revision_numbers_db [None req-0f168164-4a93-4c4e-81d9-6b94f252ad76 386080364fe14d2c9f3f61ebc947ca3c bcbb8d3db7eb4897a431c6d96031f640 - - default default] Successfully bumped revision number for resource 95cb1192-5e4f-4d65-befa-b6d331818faf (type: security_group_rules) to 0
2026-04-01 17:43:02.117 7 INFO neutron.db.ovn_revision_numbers_db [None req-0f168164-4a93-4c4e-81d9-6b94f252ad76 386080364fe14d2c9f3f61ebc947ca3c bcbb8d3db7eb4897a431c6d96031f640 - - default default] Successfully bumped revision number for resource d3ad2719-1781-49ee-bea0-4b51f4fb53df (type: security_group_rules) to 0 [pid: 7|app: 0|req: 877/1689] 10.0.0.197 () {32 vars in 773 bytes} [Wed Apr 1 17:43:01 2026] GET /v2.0/security-groups?tenant_id=57fcaa84d3a8476082ad94f53e830d5d&name=default => generated 2925 bytes in 216 msecs (HTTP/1.1 200) 4 headers in 158 bytes (1 switches on core 0)
2026-04-01 17:43:02.301 8 INFO neutron.services.segments.plugin [-] Segment 3c5cc0ca-fa1b-48c5-b876-4698bfc12d89 resource provider aggregate not found
2026-04-01 17:43:02.319 8 INFO neutron.services.segments.plugin [-] Segment 3c5cc0ca-fa1b-48c5-b876-4698bfc12d89 resource provider not found; error: Placement Client Error (4xx): {"errors": [{"status": 404, "title": "Not Found", "detail": "The resource could not be found.\n\n No resource provider with uuid 3c5cc0ca-fa1b-48c5-b876-4698bfc12d89 found for delete ", "request_id": "req-5b44d65b-b798-41cd-bdb1-32f3a047a124"}]}
2026-04-01 17:43:02.333 8 INFO neutron.services.segments.plugin [-] Segment 3c5cc0ca-fa1b-48c5-b876-4698bfc12d89 resource provider aggregate not found
2026-04-01 17:43:02.351 8 INFO neutron.services.segments.plugin [-] Segment 3c5cc0ca-fa1b-48c5-b876-4698bfc12d89 resource provider not found; error: Placement Client Error (4xx): {"errors": [{"status": 404, "title": "Not Found", "detail": "The resource could not be found.\n\n No resource provider with uuid 3c5cc0ca-fa1b-48c5-b876-4698bfc12d89 found for delete ", "request_id": "req-b1c0377f-2e88-43a5-a64a-726d47c65c38"}]} [pid: 7|app: 0|req: 878/1690] 10.0.0.197 () {32 vars in 739 bytes} [Wed Apr 1 17:43:02 2026] DELETE /v2.0/security-groups/89dfe893-aaeb-4f6d-b81c-fcb9553a656d => generated 0 bytes in 225 msecs (HTTP/1.1 204) 2 headers in 112 bytes (1 switches on core 0) [pid: 7|app: 0|req: 879/1691] 10.0.0.197 () {32 vars in 773 bytes} [Wed Apr 1 17:43:02 2026] GET /v2.0/security-groups?tenant_id=11132795fe2e427fb095cfc9e9f7d41c&name=default => generated 2925 bytes in 35 msecs (HTTP/1.1 200) 4 headers in 158 bytes (1 switches on core 0)
2026-04-01 17:43:02.491 8 WARNING neutron.scheduler.dhcp_agent_scheduler [None req-d59dcaf0-0a0c-478e-91c3-a972857b94ba 727f2446b5464525ba8cdfa88912af28 e0140351de1f437f8fce2820c55eb9b2 - - default default] No more DHCP agents
2026-04-01 17:43:02.492 8 WARNING neutron.api.rpc.agentnotifiers.dhcp_rpc_agent_api [None req-d59dcaf0-0a0c-478e-91c3-a972857b94ba 727f2446b5464525ba8cdfa88912af28 e0140351de1f437f8fce2820c55eb9b2 - - default default] Unable to schedule network 36cf73e1-708e-45e1-a5cb-74f9c29227ec: no agents available; will retry on subsequent port and subnet creation events.
2026-04-01 17:43:02.665 8 INFO neutron.db.ovn_revision_numbers_db [None req-d59dcaf0-0a0c-478e-91c3-a972857b94ba 727f2446b5464525ba8cdfa88912af28 e0140351de1f437f8fce2820c55eb9b2 - - default default] Successfully bumped revision number for resource f039992a-f6d3-4523-9302-dd8740ba0e2a (type: ports) to 1 [pid: 7|app: 0|req: 880/1692] 10.0.0.197 () {32 vars in 739 bytes} [Wed Apr 1 17:43:02 2026] DELETE /v2.0/security-groups/7cdff9a6-338c-4184-8c0c-f20a483ed08f => generated 0 bytes in 244 msecs (HTTP/1.1 204) 2 headers in 112 bytes (1 switches on core 0)
2026-04-01 17:43:03.058 7 INFO neutron.db.ovn_revision_numbers_db [None req-66f2dae3-1c1e-4cce-95b8-b1ce240b4c89 92ff9f9ee3014cd882f712cb2891999e 8ca2291e7bf64332aeab3e3714261036 - - default default] Successfully bumped revision number for resource 52c1e734-53cc-4704-9b13-0e8b035be78d (type: security_groups) to 1
2026-04-01 17:43:03.068 7 INFO neutron.db.ovn_revision_numbers_db [None req-66f2dae3-1c1e-4cce-95b8-b1ce240b4c89 92ff9f9ee3014cd882f712cb2891999e 8ca2291e7bf64332aeab3e3714261036 - - default default] Successfully bumped revision number for resource 28f97875-17ce-476c-bc0b-2a8556b14b2e (type: security_group_rules) to 0
2026-04-01 17:43:03.084 7 INFO neutron.db.ovn_revision_numbers_db [None req-66f2dae3-1c1e-4cce-95b8-b1ce240b4c89 92ff9f9ee3014cd882f712cb2891999e 8ca2291e7bf64332aeab3e3714261036 - - default default] Successfully bumped revision number for resource 3f621d43-144f-4b81-9b09-0e5252cb29b9 (type: security_group_rules) to 0
2026-04-01 17:43:03.097 7 INFO neutron.db.ovn_revision_numbers_db [None req-66f2dae3-1c1e-4cce-95b8-b1ce240b4c89 92ff9f9ee3014cd882f712cb2891999e 8ca2291e7bf64332aeab3e3714261036 - - default default] Successfully bumped revision number for resource 7f1abdbc-742b-45dd-bb60-f63c1c373d7e (type: security_group_rules) to 0
2026-04-01 17:43:03.111 7 INFO neutron.db.ovn_revision_numbers_db [None req-66f2dae3-1c1e-4cce-95b8-b1ce240b4c89 92ff9f9ee3014cd882f712cb2891999e 8ca2291e7bf64332aeab3e3714261036 - - default default] Successfully bumped revision number for resource cf2a29b6-3026-4024-9ef8-73de9cda05c0 (type: security_group_rules) to 0
2026-04-01 17:43:03.185 7 INFO neutron.db.segments_db [None req-66f2dae3-1c1e-4cce-95b8-b1ce240b4c89 92ff9f9ee3014cd882f712cb2891999e 8ca2291e7bf64332aeab3e3714261036 - - default default] Added segment 1abf47ef-8307-4036-8798-faebfa7ea45f of type geneve for network 5fcf1fc8-971e-491b-9b3c-4d6e8faccda6
2026-04-01 17:43:03.304 7 INFO neutron.db.ovn_revision_numbers_db [None req-66f2dae3-1c1e-4cce-95b8-b1ce240b4c89 92ff9f9ee3014cd882f712cb2891999e 8ca2291e7bf64332aeab3e3714261036 - - default default] Successfully bumped revision number for resource 5fcf1fc8-971e-491b-9b3c-4d6e8faccda6 (type: networks) to 1
2026-04-01 17:43:03.306 8 INFO neutron.plugins.ml2.drivers.ovn.mech_driver.ovsdb.commands [None req-490b8c99-7dd9-4e37-a6d7-d9bd00256ebf - - - - - -] Schedule LRP lrp-f039992a-f6d3-4523-9302-dd8740ba0e2a on gateway 402fbbd0-ece4-41d3-af10-30c29018d4ce with priority 1
2026-04-01 17:43:03.380 8 INFO neutron.db.ovn_revision_numbers_db [None req-d59dcaf0-0a0c-478e-91c3-a972857b94ba 727f2446b5464525ba8cdfa88912af28 e0140351de1f437f8fce2820c55eb9b2 - - default default] Successfully bumped revision number for resource f039992a-f6d3-4523-9302-dd8740ba0e2a (type: router_ports) to 1
2026-04-01 17:43:03.456 8 INFO neutron.db.ovn_revision_numbers_db [None req-d59dcaf0-0a0c-478e-91c3-a972857b94ba 727f2446b5464525ba8cdfa88912af28 e0140351de1f437f8fce2820c55eb9b2 - - default default] Successfully bumped revision number for resource 8a399662-b9a0-4901-aef0-8bf3a63006d6 (type: routers) to 2 [pid: 8|app: 0|req: 813/1693] 10.0.0.197 () {34 vars in 668 bytes} [Wed Apr 1 17:43:02 2026] POST /v2.0/routers => generated 948 bytes in 1415 msecs (HTTP/1.1 201) 4 headers in 162 bytes (1 switches on core 0)
2026-04-01 17:43:03.495 7 WARNING neutron.scheduler.dhcp_agent_scheduler [None req-66f2dae3-1c1e-4cce-95b8-b1ce240b4c89 92ff9f9ee3014cd882f712cb2891999e 8ca2291e7bf64332aeab3e3714261036 - - default default] No more DHCP agents
2026-04-01 17:43:03.497 7 WARNING neutron.api.rpc.agentnotifiers.dhcp_rpc_agent_api [None req-66f2dae3-1c1e-4cce-95b8-b1ce240b4c89 92ff9f9ee3014cd882f712cb2891999e 8ca2291e7bf64332aeab3e3714261036 - - default default] Unable to schedule network 5fcf1fc8-971e-491b-9b3c-4d6e8faccda6: no agents available; will retry on subsequent port and subnet creation events.
2026-04-01 17:43:03.554 7 INFO neutron.plugins.ml2.drivers.ovn.mech_driver.mech_driver [None req-92d157b4-7790-4ada-87ad-16476aa7b14e - - - - - -] OVN reports status down for port: 057e7f90-449a-4481-93a4-10d2474399ad [pid: 8|app: 0|req: 814/1694] 10.0.0.197 () {32 vars in 720 bytes} [Wed Apr 1 17:43:03 2026] GET /v2.0/routers/8a399662-b9a0-4901-aef0-8bf3a63006d6 => generated 954 bytes in 90 msecs (HTTP/1.1 200) 4 headers in 157 bytes (1 switches on core 0)
2026-04-01 17:43:03.611 7 INFO neutron.db.ovn_revision_numbers_db [None req-66f2dae3-1c1e-4cce-95b8-b1ce240b4c89 92ff9f9ee3014cd882f712cb2891999e 8ca2291e7bf64332aeab3e3714261036 - - default default] Successfully bumped revision number for resource 057e7f90-449a-4481-93a4-10d2474399ad (type: ports) to 1 [pid: 7|app: 0|req: 881/1695] 10.0.0.197 () {34 vars in 669 bytes} [Wed Apr 1 17:43:02 2026] POST /v2.0/networks => generated 664 bytes in 922 msecs (HTTP/1.1 201) 4 headers in 162 bytes (1 switches on core 0) [pid: 8|app: 0|req: 815/1696] 10.0.0.197 () {32 vars in 646 bytes} [Wed Apr 1 17:43:03 2026] GET /v2.0/routers => generated 957 bytes in 90 msecs (HTTP/1.1 200) 4 headers in 157 bytes (1 switches on core 0)
2026-04-01 17:43:03.888 7 WARNING neutron.scheduler.dhcp_agent_scheduler [None req-de60ddf2-6429-4b87-a7b5-d1c08a081f2c 92ff9f9ee3014cd882f712cb2891999e 8ca2291e7bf64332aeab3e3714261036 - - default default] No more DHCP agents
2026-04-01 17:43:03.889 7 WARNING neutron.api.rpc.agentnotifiers.dhcp_rpc_agent_api [None req-de60ddf2-6429-4b87-a7b5-d1c08a081f2c 92ff9f9ee3014cd882f712cb2891999e 8ca2291e7bf64332aeab3e3714261036 - - default default] Unable to schedule network 5fcf1fc8-971e-491b-9b3c-4d6e8faccda6: no agents available; will retry on subsequent port and subnet creation events.
2026-04-01 17:43:03.977 7 INFO neutron.db.ovn_revision_numbers_db [None req-de60ddf2-6429-4b87-a7b5-d1c08a081f2c 92ff9f9ee3014cd882f712cb2891999e 8ca2291e7bf64332aeab3e3714261036 - - default default] Successfully bumped revision number for resource 36b1bba6-fc42-41e9-bce2-f6a6e05b42ee (type: ports) to 1 [pid: 7|app: 0|req: 882/1697] 10.0.0.197 () {34 vars in 664 bytes} [Wed Apr 1 17:43:03 2026] POST /v2.0/ports => generated 775 bytes in 359 msecs (HTTP/1.1 201) 4 headers in 162 bytes (1 switches on core 0) /var/lib/openstack/lib/python3.12/site-packages/pycadf/identifier.py:70: UserWarning: Invalid uuid: neutron. To ensure interoperability, identifiers should be a valid uuid. warnings.warn(('Invalid uuid: %s. To ensure interoperability, '
2026-04-01 17:43:04.110 8 INFO neutron.db.ovn_revision_numbers_db [None req-96f6c9c6-a407-4263-bd84-f7737d8ddb22 727f2446b5464525ba8cdfa88912af28 e0140351de1f437f8fce2820c55eb9b2 - - default default] Successfully bumped revision number for resource 8a399662-b9a0-4901-aef0-8bf3a63006d6 (type: routers) to 3 [pid: 8|app: 0|req: 816/1698] 10.0.0.197 () {34 vars in 740 bytes} [Wed Apr 1 17:43:03 2026] PUT /v2.0/routers/8a399662-b9a0-4901-aef0-8bf3a63006d6 => generated 961 bytes in 450 msecs (HTTP/1.1 200) 4 headers in 157 bytes (1 switches on core 0)
2026-04-01 17:43:04.120 7 INFO neutron.db.segments_db [None req-d58715be-c1c8-4230-b4c0-76c81f239d59 92ff9f9ee3014cd882f712cb2891999e 8ca2291e7bf64332aeab3e3714261036 - - default default] Added segment 5e788822-7cb2-4269-8676-ed0e0ccbaf8d of type geneve for network e368db86-8113-427b-a18d-04debfd1de70 [pid: 8|app: 0|req: 817/1699] 10.0.0.197 () {32 vars in 720 bytes} [Wed Apr 1 17:43:04 2026] GET /v2.0/routers/8a399662-b9a0-4901-aef0-8bf3a63006d6 => generated 961 bytes in 48 msecs (HTTP/1.1 200) 4 headers in 157 bytes (1 switches on core 0) [pid: 8|app: 0|req: 818/1700] 10.0.0.197 () {32 vars in 735 bytes} [Wed Apr 1 17:43:04 2026] GET /v2.0/ports?device_id=8a399662-b9a0-4901-aef0-8bf3a63006d6 => generated 12 bytes in 20 msecs (HTTP/1.1 200) 4 headers in 156 bytes (1 switches on core 0)
2026-04-01 17:43:04.225 7 INFO neutron.db.ovn_revision_numbers_db [None req-d58715be-c1c8-4230-b4c0-76c81f239d59 92ff9f9ee3014cd882f712cb2891999e 8ca2291e7bf64332aeab3e3714261036 - - default default] Successfully bumped revision number for resource e368db86-8113-427b-a18d-04debfd1de70 (type: networks) to 1
2026-04-01 17:43:04.391 7 WARNING neutron.scheduler.dhcp_agent_scheduler [None req-d58715be-c1c8-4230-b4c0-76c81f239d59 92ff9f9ee3014cd882f712cb2891999e 8ca2291e7bf64332aeab3e3714261036 - - default default] No more DHCP agents
2026-04-01 17:43:04.392 7 WARNING neutron.api.rpc.agentnotifiers.dhcp_rpc_agent_api [None req-d58715be-c1c8-4230-b4c0-76c81f239d59 92ff9f9ee3014cd882f712cb2891999e 8ca2291e7bf64332aeab3e3714261036 - - default default] Unable to schedule network e368db86-8113-427b-a18d-04debfd1de70: no agents available; will retry on subsequent port and subnet creation events.
2026-04-01 17:43:04.487 7 INFO neutron.db.ovn_revision_numbers_db [None req-d58715be-c1c8-4230-b4c0-76c81f239d59 92ff9f9ee3014cd882f712cb2891999e 8ca2291e7bf64332aeab3e3714261036 - - default default] Successfully bumped revision number for resource 789b4b04-0f0d-4b40-875d-c4a0a2900943 (type: ports) to 1 [pid: 7|app: 0|req: 883/1701] 10.0.0.197 () {34 vars in 669 bytes} [Wed Apr 1 17:43:04 2026] POST /v2.0/networks => generated 650 bytes in 484 msecs (HTTP/1.1 201) 4 headers in 162 bytes (1 switches on core 0)
2026-04-01 17:43:04.527 8 INFO neutron_taas.services.taas.taas_plugin [None req-adf98ee2-3af7-417d-8810-0c62410baf60 727f2446b5464525ba8cdfa88912af28 e0140351de1f437f8fce2820c55eb9b2 - - default default] TaaS: Handle Delete Port: f039992a-f6d3-4523-9302-dd8740ba0e2a
2026-04-01 17:43:04.529 8 INFO neutron_taas.services.taas.tap_mirror_plugin [None req-adf98ee2-3af7-417d-8810-0c62410baf60 727f2446b5464525ba8cdfa88912af28 e0140351de1f437f8fce2820c55eb9b2 - - default default] Tap Mirror: Handle Delete Port: f039992a-f6d3-4523-9302-dd8740ba0e2a
2026-04-01 17:43:04.699 7 WARNING neutron.scheduler.dhcp_agent_scheduler [None req-911ffad1-5427-47ab-b1a3-cc52296c494d 92ff9f9ee3014cd882f712cb2891999e 8ca2291e7bf64332aeab3e3714261036 - - default default] No more DHCP agents
2026-04-01 17:43:04.700 7 WARNING neutron.api.rpc.agentnotifiers.dhcp_rpc_agent_api [None req-911ffad1-5427-47ab-b1a3-cc52296c494d 92ff9f9ee3014cd882f712cb2891999e 8ca2291e7bf64332aeab3e3714261036 - - default default] Unable to schedule network e368db86-8113-427b-a18d-04debfd1de70: no agents available; will retry on subsequent port and subnet creation events. [pid: 8|app: 0|req: 819/1702] 10.0.0.197 () {32 vars in 723 bytes} [Wed Apr 1 17:43:04 2026] DELETE /v2.0/routers/8a399662-b9a0-4901-aef0-8bf3a63006d6 => generated 0 bytes in 705 msecs (HTTP/1.1 204) 2 headers in 112 bytes (1 switches on core 0) [pid: 8|app: 0|req: 820/1703] 10.0.0.197 () {32 vars in 735 bytes} [Wed Apr 1 17:43:04 2026] GET /v2.0/ports?device_id=8a399662-b9a0-4901-aef0-8bf3a63006d6 => generated 12 bytes in 22 msecs (HTTP/1.1 200) 4 headers in 156 bytes (1 switches on core 0)
2026-04-01 17:43:04.970 8 INFO neutron.api.v2.resource [None req-69559c53-7a6a-47d4-b960-4ee3941eafdc 727f2446b5464525ba8cdfa88912af28 e0140351de1f437f8fce2820c55eb9b2 - - default default] delete failed (client error): The resource could not be found. [pid: 8|app: 0|req: 821/1704] 10.0.0.197 () {32 vars in 723 bytes} [Wed Apr 1 17:43:04 2026] DELETE /v2.0/routers/8a399662-b9a0-4901-aef0-8bf3a63006d6 => generated 135 bytes in 28 msecs (HTTP/1.1 404) 4 headers in 164 bytes (1 switches on core 0) [pid: 8|app: 0|req: 822/1705] 10.0.0.197 () {32 vars in 735 bytes} [Wed Apr 1 17:43:04 2026] GET /v2.0/ports?device_id=e64ef5e2-2873-4839-a985-aff039b28393 => generated 12 bytes in 17 msecs (HTTP/1.1 200) 4 headers in 156 bytes (1 switches on core 0)
2026-04-01 17:43:05.018 8 INFO neutron.api.v2.resource [None req-99cea37a-c43a-418e-8c77-3803dda58dc2 727f2446b5464525ba8cdfa88912af28 e0140351de1f437f8fce2820c55eb9b2 - - default default] delete failed (client error): The resource could not be found. [pid: 8|app: 0|req: 823/1706] 10.0.0.197 () {32 vars in 723 bytes} [Wed Apr 1 17:43:04 2026] DELETE /v2.0/routers/e64ef5e2-2873-4839-a985-aff039b28393 => generated 135 bytes in 22 msecs (HTTP/1.1 404) 4 headers in 164 bytes (1 switches on core 0)
2026-04-01 17:43:05.033 8 WARNING neutron.plugins.ml2.drivers.ovn.mech_driver.ovsdb.ovn_client [None req-cb6ddd09-4e75-4425-b29b-eb566ad51bfb - - - - - -] No port found with ID 34f85f08-a4ad-46dd-bd62-b1587daa6f4a: RuntimeError: No port found with ID 34f85f08-a4ad-46dd-bd62-b1587daa6f4a
2026-04-01 17:43:05.059 8 INFO neutron.pecan_wsgi.hooks.translation [None req-693873f4-52e4-45c9-bc5a-f33040984a6f 727f2446b5464525ba8cdfa88912af28 e0140351de1f437f8fce2820c55eb9b2 - - default default] DELETE failed (client error): The resource could not be found. [pid: 8|app: 0|req: 824/1707] 10.0.0.197 () {32 vars in 723 bytes} [Wed Apr 1 17:43:05 2026] DELETE /v2.0/subnets/6afec140-8929-403d-9d8c-a4af1f5896e1 => generated 136 bytes in 45 msecs (HTTP/1.1 404) 4 headers in 164 bytes (1 switches on core 0)
2026-04-01 17:43:05.073 8 INFO neutron.plugins.ml2.drivers.ovn.mech_driver.mech_driver [None req-cb6ddd09-4e75-4425-b29b-eb566ad51bfb - - - - - -] OVN reports status down for port: f039992a-f6d3-4523-9302-dd8740ba0e2a
2026-04-01 17:43:05.094 8 INFO neutron.plugins.ml2.drivers.ovn.mech_driver.mech_driver [None req-cb6ddd09-4e75-4425-b29b-eb566ad51bfb - - - - - -] OVN reports status up for port: f039992a-f6d3-4523-9302-dd8740ba0e2a [pid: 8|app: 0|req: 825/1708] 10.0.0.197 () {32 vars in 735 bytes} [Wed Apr 1 17:43:05 2026] GET /v2.0/ports?device_id=618118a7-9e22-4db9-8753-652a613f42b7 => generated 12 bytes in 28 msecs (HTTP/1.1 200) 4 headers in 156 bytes (1 switches on core 0)
2026-04-01 17:43:05.133 8 INFO neutron.plugins.ml2.drivers.ovn.mech_driver.mech_driver [None req-cb6ddd09-4e75-4425-b29b-eb566ad51bfb - - - - - -] OVN reports status down for port: 36b1bba6-fc42-41e9-bce2-f6a6e05b42ee
2026-04-01 17:43:05.145 8 INFO neutron.api.v2.resource [None req-990ddb0d-4616-436d-9c1b-0ebddcb75c33 727f2446b5464525ba8cdfa88912af28 e0140351de1f437f8fce2820c55eb9b2 - - default default] delete failed (client error): The resource could not be found. [pid: 8|app: 0|req: 826/1709] 10.0.0.197 () {32 vars in 723 bytes} [Wed Apr 1 17:43:05 2026] DELETE /v2.0/routers/618118a7-9e22-4db9-8753-652a613f42b7 => generated 135 bytes in 46 msecs (HTTP/1.1 404) 4 headers in 164 bytes (1 switches on core 0)
2026-04-01 17:43:05.162 7 INFO neutron.db.ovn_revision_numbers_db [None req-8e835fdb-e0e5-483c-814e-bb077b5fc236 - - - - - -] Successfully bumped revision number for resource 789b4b04-0f0d-4b40-875d-c4a0a2900943 (type: ports) to 2
2026-04-01 17:43:05.176 8 INFO neutron.pecan_wsgi.hooks.translation [None req-def838d2-88c2-4ddd-9d21-15c73b03c2ac 727f2446b5464525ba8cdfa88912af28 e0140351de1f437f8fce2820c55eb9b2 - - default default] DELETE failed (client error): The resource could not be found. [pid: 8|app: 0|req: 827/1710] 10.0.0.197 () {32 vars in 723 bytes} [Wed Apr 1 17:43:05 2026] DELETE /v2.0/subnets/d68c6761-58e4-4833-8cfd-4d8aa513e12e => generated 136 bytes in 30 msecs (HTTP/1.1 404) 4 headers in 164 bytes (1 switches on core 0)
2026-04-01 17:43:05.196 7 INFO neutron.db.ovn_revision_numbers_db [None req-8e835fdb-e0e5-483c-814e-bb077b5fc236 - - - - - -] Successfully bumped revision number for resource 61a62253-624d-41cf-b3ff-4ad671f7128a (type: subnets) to 0 [pid: 8|app: 0|req: 828/1711] 10.0.0.197 () {32 vars in 735 bytes} [Wed Apr 1 17:43:05 2026] GET /v2.0/ports?device_id=fc23d2db-2538-4567-bffd-6804c3fdea25 => generated 12 bytes in 25 msecs (HTTP/1.1 200) 4 headers in 156 bytes (1 switches on core 0) [pid: 7|app: 0|req: 884/1712] 10.0.0.197 () {34 vars in 668 bytes} [Wed Apr 1 17:43:04 2026] POST /v2.0/subnets => generated 626 bytes in 689 msecs (HTTP/1.1 201) 4 headers in 162 bytes (1 switches on core 0)
2026-04-01 17:43:05.238 7 INFO neutron.api.v2.resource [None req-885cdfe6-d5b2-4894-8167-32f235f78acd 727f2446b5464525ba8cdfa88912af28 e0140351de1f437f8fce2820c55eb9b2 - - default default] delete failed (client error): The resource could not be found. [pid: 7|app: 0|req: 885/1713] 10.0.0.197 () {32 vars in 723 bytes} [Wed Apr 1 17:43:05 2026] DELETE /v2.0/routers/fc23d2db-2538-4567-bffd-6804c3fdea25 => generated 135 bytes in 20 msecs (HTTP/1.1 404) 4 headers in 164 bytes (1 switches on core 0)
2026-04-01 17:43:05.259 7 INFO neutron.pecan_wsgi.hooks.translation [None req-0986fc94-e968-4c81-8c73-4e09d6ec4552 727f2446b5464525ba8cdfa88912af28 e0140351de1f437f8fce2820c55eb9b2 - - default default] DELETE failed (client error): The resource could not be found. [pid: 7|app: 0|req: 886/1714] 10.0.0.197 () {32 vars in 723 bytes} [Wed Apr 1 17:43:05 2026] DELETE /v2.0/subnets/28c504cb-686f-457d-a72c-88d7de385deb => generated 136 bytes in 17 msecs (HTTP/1.1 404) 4 headers in 164 bytes (1 switches on core 0)
2026-04-01 17:43:05.277 8 INFO neutron.plugins.ml2.drivers.ovn.mech_driver.mech_driver [None req-cb6ddd09-4e75-4425-b29b-eb566ad51bfb - - - - - -] OVN reports status down for port: 789b4b04-0f0d-4b40-875d-c4a0a2900943
2026-04-01 17:43:05.279 7 INFO neutron.pecan_wsgi.hooks.translation [None req-3517fb9b-259a-41d9-8dd6-861e8900cd98 727f2446b5464525ba8cdfa88912af28 e0140351de1f437f8fce2820c55eb9b2 - - default default] DELETE failed (client error): The resource could not be found. [pid: 7|app: 0|req: 887/1715] 10.0.0.197 () {32 vars in 723 bytes} [Wed Apr 1 17:43:05 2026] DELETE /v2.0/subnets/44ca2adb-5a1d-43c6-9ddb-5d86e173abb8 => generated 136 bytes in 15 msecs (HTTP/1.1 404) 4 headers in 164 bytes (1 switches on core 0)
2026-04-01 17:43:05.559 8 WARNING neutron.scheduler.dhcp_agent_scheduler [None req-110ff031-a668-4ec7-908f-7e5343271eaa 92ff9f9ee3014cd882f712cb2891999e 8ca2291e7bf64332aeab3e3714261036 - - default default] No more DHCP agents
2026-04-01 17:43:05.560 8 WARNING neutron.api.rpc.agentnotifiers.dhcp_rpc_agent_api [None req-110ff031-a668-4ec7-908f-7e5343271eaa 92ff9f9ee3014cd882f712cb2891999e 8ca2291e7bf64332aeab3e3714261036 - - default default] Unable to schedule network e368db86-8113-427b-a18d-04debfd1de70: no agents available; will retry on subsequent port and subnet creation events.
2026-04-01 17:43:05.679 7 INFO neutron.plugins.ml2.drivers.ovn.mech_driver.mech_driver [None req-92d157b4-7790-4ada-87ad-16476aa7b14e - - - - - -] OVN reports status down for port: bb47968d-d7bc-414c-a6fc-fd5c8b3864c1
2026-04-01 17:43:05.722 8 INFO neutron.db.ovn_revision_numbers_db [None req-110ff031-a668-4ec7-908f-7e5343271eaa 92ff9f9ee3014cd882f712cb2891999e 8ca2291e7bf64332aeab3e3714261036 - - default default] Successfully bumped revision number for resource bb47968d-d7bc-414c-a6fc-fd5c8b3864c1 (type: ports) to 1 [pid: 8|app: 0|req: 829/1716] 10.0.0.197 () {34 vars in 664 bytes} [Wed Apr 1 17:43:05 2026] POST /v2.0/ports => generated 950 bytes in 567 msecs (HTTP/1.1 201) 4 headers in 162 bytes (1 switches on core 0) /var/lib/openstack/lib/python3.12/site-packages/pycadf/identifier.py:70: UserWarning: Invalid uuid: neutron. To ensure interoperability, identifiers should be a valid uuid. warnings.warn(('Invalid uuid: %s. To ensure interoperability, '
2026-04-01 17:43:05.948 8 INFO neutron_taas.services.taas.taas_plugin [None req-610f9777-b0a0-4337-b346-98da92af13b0 92ff9f9ee3014cd882f712cb2891999e 8ca2291e7bf64332aeab3e3714261036 - - default default] TaaS: Handle Delete Port: bb47968d-d7bc-414c-a6fc-fd5c8b3864c1
2026-04-01 17:43:05.952 8 INFO neutron_taas.services.taas.tap_mirror_plugin [None req-610f9777-b0a0-4337-b346-98da92af13b0 92ff9f9ee3014cd882f712cb2891999e 8ca2291e7bf64332aeab3e3714261036 - - default default] Tap Mirror: Handle Delete Port: bb47968d-d7bc-414c-a6fc-fd5c8b3864c1 [pid: 7|app: 0|req: 888/1717] 10.0.0.197 () {32 vars in 773 bytes} [Wed Apr 1 17:43:05 2026] GET /v2.0/security-groups?tenant_id=e0140351de1f437f8fce2820c55eb9b2&name=default => generated 2925 bytes in 188 msecs (HTTP/1.1 200) 4 headers in 158 bytes (1 switches on core 0) [pid: 8|app: 0|req: 830/1718] 10.0.0.197 () {32 vars in 719 bytes} [Wed Apr 1 17:43:05 2026] DELETE /v2.0/ports/bb47968d-d7bc-414c-a6fc-fd5c8b3864c1 => generated 0 bytes in 369 msecs (HTTP/1.1 204) 3 headers in 131 bytes (1 switches on core 0) [pid: 7|app: 0|req: 889/1719] 10.0.0.197 () {32 vars in 739 bytes} [Wed Apr 1 17:43:05 2026] DELETE /v2.0/security-groups/0d5f74d4-7188-4823-a964-1a1b0f812892 => generated 0 bytes in 220 msecs (HTTP/1.1 204) 2 headers in 112 bytes (1 switches on core 0)
2026-04-01 17:43:06.203 7 INFO neutron.pecan_wsgi.hooks.translation [None req-1cca0f55-051c-4125-b67b-a6e8b6bec585 92ff9f9ee3014cd882f712cb2891999e 8ca2291e7bf64332aeab3e3714261036 - - default default] DELETE failed (client error): The resource could not be found. [pid: 7|app: 0|req: 890/1720] 10.0.0.197 () {32 vars in 719 bytes} [Wed Apr 1 17:43:06 2026] DELETE /v2.0/ports/bb47968d-d7bc-414c-a6fc-fd5c8b3864c1 => generated 132 bytes in 17 msecs (HTTP/1.1 404) 4 headers in 164 bytes (1 switches on core 0)
2026-04-01 17:43:06.229 7 INFO neutron.pecan_wsgi.hooks.translation [None req-52e8fe0e-d792-45a2-a366-1db0739cab98 92ff9f9ee3014cd882f712cb2891999e 8ca2291e7bf64332aeab3e3714261036 - - default default] GET failed (client error): The resource could not be found. [pid: 7|app: 0|req: 891/1721] 10.0.0.197 () {32 vars in 716 bytes} [Wed Apr 1 17:43:06 2026] GET /v2.0/ports/bb47968d-d7bc-414c-a6fc-fd5c8b3864c1 => generated 132 bytes in 17 msecs (HTTP/1.1 404) 4 headers in 164 bytes (1 switches on core 0) [pid: 7|app: 0|req: 892/1722] 10.0.0.197 () {32 vars in 723 bytes} [Wed Apr 1 17:43:06 2026] DELETE /v2.0/subnets/61a62253-624d-41cf-b3ff-4ad671f7128a => generated 0 bytes in 205 msecs (HTTP/1.1 204) 3 headers in 131 bytes (1 switches on core 0)
2026-04-01 17:43:06.569 7 INFO neutron_taas.services.taas.taas_plugin [None req-d7a8e303-2699-43d2-8713-f85d44a9409d 92ff9f9ee3014cd882f712cb2891999e 8ca2291e7bf64332aeab3e3714261036 - - default default] TaaS: Handle Delete Port: 789b4b04-0f0d-4b40-875d-c4a0a2900943
2026-04-01 17:43:06.572 7 INFO neutron_taas.services.taas.tap_mirror_plugin [None req-d7a8e303-2699-43d2-8713-f85d44a9409d 92ff9f9ee3014cd882f712cb2891999e 8ca2291e7bf64332aeab3e3714261036 - - default default] Tap Mirror: Handle Delete Port: 789b4b04-0f0d-4b40-875d-c4a0a2900943
2026-04-01 17:43:06.611 8 WARNING neutron.scheduler.dhcp_agent_scheduler [None req-dd26158c-9ca2-4711-93b8-b65c126c4f53 768de75a69714a54b11259158311cad4 6bb6ea891282482498ce93f04e34436c - - default default] No more DHCP agents
2026-04-01 17:43:06.612 8 WARNING neutron.api.rpc.agentnotifiers.dhcp_rpc_agent_api [None req-dd26158c-9ca2-4711-93b8-b65c126c4f53 768de75a69714a54b11259158311cad4 6bb6ea891282482498ce93f04e34436c - - default default] Unable to schedule network 36cf73e1-708e-45e1-a5cb-74f9c29227ec: no agents available; will retry on subsequent port and subnet creation events.
2026-04-01 17:43:06.758 7 INFO neutron.services.segments.plugin [-] Segment 5e788822-7cb2-4269-8676-ed0e0ccbaf8d resource provider aggregate not found
2026-04-01 17:43:06.767 7 INFO neutron.services.segments.plugin [-] Segment 5e788822-7cb2-4269-8676-ed0e0ccbaf8d resource provider aggregate not found
2026-04-01 17:43:06.779 7 INFO neutron.services.segments.plugin [-] Segment 5e788822-7cb2-4269-8676-ed0e0ccbaf8d resource provider not found; error: Placement Client Error (4xx): {"errors": [{"status": 404, "title": "Not Found", "detail": "The resource could not be found.\n\n No resource provider with uuid 5e788822-7cb2-4269-8676-ed0e0ccbaf8d found for delete ", "request_id": "req-d1aab244-d4ee-4f65-a077-97d4068a50ef"}]}
2026-04-01 17:43:06.782 7 INFO neutron.services.segments.plugin [-] Segment 5e788822-7cb2-4269-8676-ed0e0ccbaf8d resource provider not found; error: Placement Client Error (4xx): {"errors": [{"status": 404, "title": "Not Found", "detail": "The resource could not be found.\n\n No resource provider with uuid 5e788822-7cb2-4269-8676-ed0e0ccbaf8d found for delete ", "request_id": "req-60b02ab1-06a2-481c-8c8e-8f7b1e126e30"}]} [pid: 7|app: 0|req: 893/1723] 10.0.0.197 () {32 vars in 725 bytes} [Wed Apr 1 17:43:06 2026] DELETE /v2.0/networks/e368db86-8113-427b-a18d-04debfd1de70 => generated 0 bytes in 381 msecs (HTTP/1.1 204) 3 headers in 131 bytes (1 switches on core 0)
2026-04-01 17:43:06.923 7 INFO neutron.db.segments_db [None req-1f2bdf8c-658c-4c87-9a22-936b97407aee 92ff9f9ee3014cd882f712cb2891999e 8ca2291e7bf64332aeab3e3714261036 - - default default] Added segment 59dd5449-d04a-4527-8c39-d0a2f3488ae2 of type geneve for network 4e98ca89-3d80-4224-ba4d-f25b07b87a33 [pid: 8|app: 0|req: 831/1724] 10.0.0.197 () {34 vars in 675 bytes} [Wed Apr 1 17:43:06 2026] POST /v2.0/floatingips => generated 552 bytes in 772 msecs (HTTP/1.1 201) 4 headers in 162 bytes (1 switches on core 0) [pid: 8|app: 0|req: 832/1725] 10.0.0.197 () {34 vars in 758 bytes} [Wed Apr 1 17:43:06 2026] PUT /v2.0/floatingips/fceb2b2b-dc05-4358-ae22-682660668356/tags => generated 25 bytes in 85 msecs (HTTP/1.1 200) 4 headers in 156 bytes (1 switches on core 0)
2026-04-01 17:43:07.077 7 INFO neutron.db.ovn_revision_numbers_db [None req-1f2bdf8c-658c-4c87-9a22-936b97407aee 92ff9f9ee3014cd882f712cb2891999e 8ca2291e7bf64332aeab3e3714261036 - - default default] Successfully bumped revision number for resource 4e98ca89-3d80-4224-ba4d-f25b07b87a33 (type: networks) to 1 [pid: 8|app: 0|req: 833/1726] 10.0.0.197 () {32 vars in 738 bytes} [Wed Apr 1 17:43:07 2026] GET /v2.0/floatingips/fceb2b2b-dc05-4358-ae22-682660668356/tags => generated 25 bytes in 43 msecs (HTTP/1.1 200) 4 headers in 156 bytes (1 switches on core 0) [pid: 8|app: 0|req: 834/1727] 10.0.0.197 () {34 vars in 769 bytes} [Wed Apr 1 17:43:07 2026] PUT /v2.0/floatingips/fceb2b2b-dc05-4358-ae22-682660668356/tags/green => generated 4 bytes in 66 msecs (HTTP/1.1 201) 4 headers in 160 bytes (1 switches on core 0) [pid: 8|app: 0|req: 835/1728] 10.0.0.197 () {32 vars in 738 bytes} [Wed Apr 1 17:43:07 2026] GET /v2.0/floatingips/fceb2b2b-dc05-4358-ae22-682660668356/tags => generated 34 bytes in 37 msecs (HTTP/1.1 200) 4 headers in 156 bytes (1 switches on core 0) [pid: 8|app: 0|req: 836/1729] 10.0.0.197 () {34 vars in 765 bytes} [Wed Apr 1 17:43:07 2026] PUT /v2.0/floatingips/fceb2b2b-dc05-4358-ae22-682660668356/tags/red => generated 4 bytes in 59 msecs (HTTP/1.1 201) 4 headers in 160 bytes (1 switches on core 0)
2026-04-01 17:43:07.263 7 WARNING neutron.scheduler.dhcp_agent_scheduler [None req-1f2bdf8c-658c-4c87-9a22-936b97407aee 92ff9f9ee3014cd882f712cb2891999e 8ca2291e7bf64332aeab3e3714261036 - - default default] No more DHCP agents
2026-04-01 17:43:07.265 7 WARNING neutron.api.rpc.agentnotifiers.dhcp_rpc_agent_api [None req-1f2bdf8c-658c-4c87-9a22-936b97407aee 92ff9f9ee3014cd882f712cb2891999e 8ca2291e7bf64332aeab3e3714261036 - - default default] Unable to schedule network 4e98ca89-3d80-4224-ba4d-f25b07b87a33: no agents available; will retry on subsequent port and subnet creation events. [pid: 8|app: 0|req: 837/1730] 10.0.0.197 () {32 vars in 738 bytes} [Wed Apr 1 17:43:07 2026] GET /v2.0/floatingips/fceb2b2b-dc05-4358-ae22-682660668356/tags => generated 34 bytes in 37 msecs (HTTP/1.1 200) 4 headers in 156 bytes (1 switches on core 0)
2026-04-01 17:43:07.336 8 INFO neutron.plugins.ml2.drivers.ovn.mech_driver.mech_driver [None req-cb6ddd09-4e75-4425-b29b-eb566ad51bfb - - - - - -] OVN reports status down for port: 99ad8577-ad91-46b8-a0e2-d8650ede0fa0
2026-04-01 17:43:07.351 7 INFO neutron.db.ovn_revision_numbers_db [None req-1f2bdf8c-658c-4c87-9a22-936b97407aee 92ff9f9ee3014cd882f712cb2891999e 8ca2291e7bf64332aeab3e3714261036 - - default default] Successfully bumped revision number for resource 99ad8577-ad91-46b8-a0e2-d8650ede0fa0 (type: ports) to 1 [pid: 7|app: 0|req: 894/1731] 10.0.0.197 () {34 vars in 669 bytes} [Wed Apr 1 17:43:06 2026] POST /v2.0/networks => generated 650 bytes in 547 msecs (HTTP/1.1 201) 4 headers in 162 bytes (1 switches on core 0) [pid: 8|app: 0|req: 838/1732] 10.0.0.197 () {34 vars in 787 bytes} [Wed Apr 1 17:43:07 2026] PUT /v2.0/floatingips/fceb2b2b-dc05-4358-ae22-682660668356/tags/black.or.white => generated 4 bytes in 120 msecs (HTTP/1.1 201) 4 headers in 160 bytes (1 switches on core 0) [pid: 8|app: 0|req: 839/1733] 10.0.0.197 () {32 vars in 738 bytes} [Wed Apr 1 17:43:07 2026] GET /v2.0/floatingips/fceb2b2b-dc05-4358-ae22-682660668356/tags => generated 52 bytes in 64 msecs (HTTP/1.1 200) 4 headers in 156 bytes (1 switches on core 0) [pid: 8|app: 0|req: 840/1734] 10.0.0.197 () {34 vars in 758 bytes} [Wed Apr 1 17:43:07 2026] PUT /v2.0/floatingips/fceb2b2b-dc05-4358-ae22-682660668356/tags => generated 37 bytes in 60 msecs (HTTP/1.1 200) 4 headers in 156 bytes (1 switches on core 0)
2026-04-01 17:43:07.591 7 WARNING neutron.scheduler.dhcp_agent_scheduler [None req-13215687-db16-4242-95c2-500e17c8dc6f 92ff9f9ee3014cd882f712cb2891999e 8ca2291e7bf64332aeab3e3714261036 - - default default] No more DHCP agents
2026-04-01 17:43:07.592 7 WARNING neutron.api.rpc.agentnotifiers.dhcp_rpc_agent_api [None req-13215687-db16-4242-95c2-500e17c8dc6f 92ff9f9ee3014cd882f712cb2891999e 8ca2291e7bf64332aeab3e3714261036 - - default default] Unable to schedule network 4e98ca89-3d80-4224-ba4d-f25b07b87a33: no agents available; will retry on subsequent port and subnet creation events. [pid: 8|app: 0|req: 841/1735] 10.0.0.197 () {32 vars in 738 bytes} [Wed Apr 1 17:43:07 2026] GET /v2.0/floatingips/fceb2b2b-dc05-4358-ae22-682660668356/tags => generated 37 bytes in 36 msecs (HTTP/1.1 200) 4 headers in 156 bytes (1 switches on core 0) [pid: 8|app: 0|req: 842/1736] 10.0.0.197 () {32 vars in 746 bytes} [Wed Apr 1 17:43:07 2026] GET /v2.0/floatingips/fceb2b2b-dc05-4358-ae22-682660668356/tags/red => generated 0 bytes in 35 msecs (HTTP/1.1 204) 2 headers in 112 bytes (1 switches on core 0)
2026-04-01 17:43:07.675 8 INFO neutron.api.v2.resource [None req-9f4d492b-76cc-4c1c-abd7-e8b2d3ede80c 768de75a69714a54b11259158311cad4 6bb6ea891282482498ce93f04e34436c - - default default] show failed (client error): The resource could not be found. [pid: 8|app: 0|req: 843/1737] 10.0.0.197 () {32 vars in 750 bytes} [Wed Apr 1 17:43:07 2026] GET /v2.0/floatingips/fceb2b2b-dc05-4358-ae22-682660668356/tags/green => generated 99 bytes in 35 msecs (HTTP/1.1 404) 4 headers in 163 bytes (1 switches on core 0) [pid: 8|app: 0|req: 844/1738] 10.0.0.197 () {32 vars in 749 bytes} [Wed Apr 1 17:43:07 2026] DELETE /v2.0/floatingips/fceb2b2b-dc05-4358-ae22-682660668356/tags/red => generated 0 bytes in 49 msecs (HTTP/1.1 204) 2 headers in 112 bytes (1 switches on core 0) [pid: 8|app: 0|req: 845/1739] 10.0.0.197 () {32 vars in 738 bytes} [Wed Apr 1 17:43:07 2026] GET /v2.0/floatingips/fceb2b2b-dc05-4358-ae22-682660668356/tags => generated 30 bytes in 39 msecs (HTTP/1.1 200) 4 headers in 156 bytes (1 switches on core 0)
2026-04-01 17:43:07.813 8 INFO neutron.api.v2.resource [None req-17b9af48-ba5d-45ee-b937-3681a2847703 768de75a69714a54b11259158311cad4 6bb6ea891282482498ce93f04e34436c - - default default] delete failed (client error): The resource could not be found. [pid: 8|app: 0|req: 846/1740] 10.0.0.197 () {32 vars in 753 bytes} [Wed Apr 1 17:43:07 2026] DELETE /v2.0/floatingips/fceb2b2b-dc05-4358-ae22-682660668356/tags/green => generated 99 bytes in 36 msecs (HTTP/1.1 404) 4 headers in 163 bytes (1 switches on core 0) [pid: 8|app: 0|req: 847/1741] 10.0.0.197 () {32 vars in 741 bytes} [Wed Apr 1 17:43:07 2026] DELETE /v2.0/floatingips/fceb2b2b-dc05-4358-ae22-682660668356/tags => generated 0 bytes in 49 msecs (HTTP/1.1 204) 2 headers in 112 bytes (1 switches on core 0) [pid: 8|app: 0|req: 848/1742] 10.0.0.197 () {32 vars in 738 bytes} [Wed Apr 1 17:43:07 2026] GET /v2.0/floatingips/fceb2b2b-dc05-4358-ae22-682660668356/tags => generated 12 bytes in 56 msecs (HTTP/1.1 200) 4 headers in 156 bytes (1 switches on core 0)
2026-04-01 17:43:08.066 7 INFO neutron.db.ovn_revision_numbers_db [None req-2f1f4269-7298-4da6-afc7-a43a449fe325 - - - - - -] Successfully bumped revision number for resource 99ad8577-ad91-46b8-a0e2-d8650ede0fa0 (type: ports) to 2
2026-04-01 17:43:08.106 8 INFO neutron_taas.services.taas.taas_plugin [None req-ccfb0a86-5954-413a-8085-0c99f5b243a7 768de75a69714a54b11259158311cad4 6bb6ea891282482498ce93f04e34436c - - default default] TaaS: Handle Delete Port: 4556561f-cab2-477d-8763-2be7bf2ab97d
2026-04-01 17:43:08.108 7 INFO neutron.db.ovn_revision_numbers_db [None req-2f1f4269-7298-4da6-afc7-a43a449fe325 - - - - - -] Successfully bumped revision number for resource d28f49c8-5151-464f-a957-0c4ffcc8d0ae (type: subnets) to 0
2026-04-01 17:43:08.109 8 INFO neutron_taas.services.taas.tap_mirror_plugin [None req-ccfb0a86-5954-413a-8085-0c99f5b243a7 768de75a69714a54b11259158311cad4 6bb6ea891282482498ce93f04e34436c - - default default] Tap Mirror: Handle Delete Port: 4556561f-cab2-477d-8763-2be7bf2ab97d [pid: 7|app: 0|req: 895/1743] 10.0.0.197 () {34 vars in 668 bytes} [Wed Apr 1 17:43:07 2026] POST /v2.0/subnets => generated 626 bytes in 743 msecs (HTTP/1.1 201) 4 headers in 162 bytes (1 switches on core 0) [pid: 8|app: 0|req: 849/1744] 10.0.0.197 () {32 vars in 731 bytes} [Wed Apr 1 17:43:07 2026] DELETE /v2.0/floatingips/fceb2b2b-dc05-4358-ae22-682660668356 => generated 0 bytes in 336 msecs (HTTP/1.1 204) 2 headers in 112 bytes (1 switches on core 0)
2026-04-01 17:43:08.372 7 WARNING neutron.scheduler.dhcp_agent_scheduler [None req-7b6f1147-0673-438a-bbcf-1a69f0b903a3 92ff9f9ee3014cd882f712cb2891999e 8ca2291e7bf64332aeab3e3714261036 - - default default] No more DHCP agents
2026-04-01 17:43:08.374 7 WARNING neutron.api.rpc.agentnotifiers.dhcp_rpc_agent_api [None req-7b6f1147-0673-438a-bbcf-1a69f0b903a3 92ff9f9ee3014cd882f712cb2891999e 8ca2291e7bf64332aeab3e3714261036 - - default default] Unable to schedule network 4e98ca89-3d80-4224-ba4d-f25b07b87a33: no agents available; will retry on subsequent port and subnet creation events.
2026-04-01 17:43:08.486 7 INFO neutron.plugins.ml2.drivers.ovn.mech_driver.mech_driver [None req-92d157b4-7790-4ada-87ad-16476aa7b14e - - - - - -] OVN reports status down for port: a25164cb-7fbb-47de-bf57-95293b561c8f [pid: 8|app: 0|req: 850/1745] 10.0.0.197 () {34 vars in 675 bytes} [Wed Apr 1 17:43:08 2026] POST /v2.0/subnetpools => generated 548 bytes in 267 msecs (HTTP/1.1 201) 4 headers in 162 bytes (1 switches on core 0)
2026-04-01 17:43:08.543 7 INFO neutron.db.ovn_revision_numbers_db [None req-7b6f1147-0673-438a-bbcf-1a69f0b903a3 92ff9f9ee3014cd882f712cb2891999e 8ca2291e7bf64332aeab3e3714261036 - - default default] Successfully bumped revision number for resource a25164cb-7fbb-47de-bf57-95293b561c8f (type: ports) to 1 [pid: 7|app: 0|req: 896/1746] 10.0.0.197 () {34 vars in 664 bytes} [Wed Apr 1 17:43:08 2026] POST /v2.0/ports => generated 916 bytes in 458 msecs (HTTP/1.1 201) 4 headers in 162 bytes (1 switches on core 0) [pid: 7|app: 0|req: 897/1747] 10.0.0.197 () {32 vars in 728 bytes} [Wed Apr 1 17:43:08 2026] GET /v2.0/subnetpools/34b073b2-4fea-4e08-8013-853aef1eb20f => generated 548 bytes in 14 msecs (HTTP/1.1 200) 4 headers in 157 bytes (1 switches on core 0)
2026-04-01 17:43:08.719 7 INFO neutron_taas.services.taas.taas_plugin [None req-d7796faf-0f89-4a1c-922c-6fbbe4074c8d 92ff9f9ee3014cd882f712cb2891999e 8ca2291e7bf64332aeab3e3714261036 - - default default] TaaS: Handle Delete Port: a25164cb-7fbb-47de-bf57-95293b561c8f
2026-04-01 17:43:08.722 7 INFO neutron_taas.services.taas.tap_mirror_plugin [None req-d7796faf-0f89-4a1c-922c-6fbbe4074c8d 92ff9f9ee3014cd882f712cb2891999e 8ca2291e7bf64332aeab3e3714261036 - - default default] Tap Mirror: Handle Delete Port: a25164cb-7fbb-47de-bf57-95293b561c8f
2026-04-01 17:43:08.883 8 INFO neutron.db.ovn_revision_numbers_db [None req-5ac6c2a1-806d-4616-ab7f-0d095ff80f4a 386080364fe14d2c9f3f61ebc947ca3c bcbb8d3db7eb4897a431c6d96031f640 - - default default] Successfully bumped revision number for resource 22b43734-daeb-4889-ac4a-c448b82ab016 (type: security_groups) to 1
2026-04-01 17:43:08.901 8 INFO neutron.db.ovn_revision_numbers_db [None req-5ac6c2a1-806d-4616-ab7f-0d095ff80f4a 386080364fe14d2c9f3f61ebc947ca3c bcbb8d3db7eb4897a431c6d96031f640 - - default default] Successfully bumped revision number for resource 6717372f-4331-45f6-ac08-473829b69ab9 (type: security_group_rules) to 0
2026-04-01 17:43:08.915 8 INFO neutron.db.ovn_revision_numbers_db [None req-5ac6c2a1-806d-4616-ab7f-0d095ff80f4a 386080364fe14d2c9f3f61ebc947ca3c bcbb8d3db7eb4897a431c6d96031f640 - - default default] Successfully bumped revision number for resource bed5dc98-5bad-4ae9-98e1-e0edca93716f (type: security_group_rules) to 0 [pid: 7|app: 0|req: 898/1748] 10.0.0.197 () {32 vars in 719 bytes} [Wed Apr 1 17:43:08 2026] DELETE /v2.0/ports/a25164cb-7fbb-47de-bf57-95293b561c8f => generated 0 bytes in 313 msecs (HTTP/1.1 204) 3 headers in 131 bytes (1 switches on core 0)
2026-04-01 17:43:08.927 8 INFO neutron.db.ovn_revision_numbers_db [None req-5ac6c2a1-806d-4616-ab7f-0d095ff80f4a 386080364fe14d2c9f3f61ebc947ca3c bcbb8d3db7eb4897a431c6d96031f640 - - default default] Successfully bumped revision number for resource c1f983a4-fd32-4315-9f74-b002c79644da (type: security_group_rules) to 0
2026-04-01 17:43:08.939 8 INFO neutron.db.ovn_revision_numbers_db [None req-5ac6c2a1-806d-4616-ab7f-0d095ff80f4a 386080364fe14d2c9f3f61ebc947ca3c bcbb8d3db7eb4897a431c6d96031f640 - - default default] Successfully bumped revision number for resource d53c7b6c-62f5-4ef9-8ebb-c8c17c873a0d (type: security_group_rules) to 0 [pid: 8|app: 0|req: 851/1749] 10.0.0.197 () {32 vars in 773 bytes} [Wed Apr 1 17:43:08 2026] GET /v2.0/security-groups?tenant_id=2beb0042a2e24ffb9382d9a66c243570&name=default => generated 2925 bytes in 439 msecs (HTTP/1.1 200) 4 headers in 158 bytes (1 switches on core 0) [pid: 7|app: 0|req: 899/1750] 10.0.0.197 () {34 vars in 748 bytes} [Wed Apr 1 17:43:08 2026] PUT /v2.0/subnetpools/34b073b2-4fea-4e08-8013-853aef1eb20f => generated 501 bytes in 62 msecs (HTTP/1.1 200) 4 headers in 157 bytes (1 switches on core 0)
2026-04-01 17:43:08.994 7 INFO neutron.pecan_wsgi.hooks.translation [None req-34062b2f-7286-4523-92e6-075b11a55cfe 92ff9f9ee3014cd882f712cb2891999e 8ca2291e7bf64332aeab3e3714261036 - - default default] GET failed (client error): The resource could not be found. [pid: 7|app: 0|req: 900/1751] 10.0.0.197 () {32 vars in 716 bytes} [Wed Apr 1 17:43:08 2026] GET /v2.0/ports/a25164cb-7fbb-47de-bf57-95293b561c8f => generated 132 bytes in 15 msecs (HTTP/1.1 404) 4 headers in 164 bytes (1 switches on core 0) [pid: 7|app: 0|req: 901/1752] 10.0.0.197 () {32 vars in 731 bytes} [Wed Apr 1 17:43:08 2026] DELETE /v2.0/subnetpools/34b073b2-4fea-4e08-8013-853aef1eb20f => generated 0 bytes in 43 msecs (HTTP/1.1 204) 2 headers in 112 bytes (1 switches on core 0)
2026-04-01 17:43:09.132 8 INFO neutron.db.ovn_revision_numbers_db [None req-58d6a265-ee55-44e6-af85-752f81ebe6e1 386080364fe14d2c9f3f61ebc947ca3c bcbb8d3db7eb4897a431c6d96031f640 - - default default] Successfully bumped revision number for resource eea63ff7-ebc8-4ba1-9fa9-284bcd537ca3 (type: security_groups) to 1
2026-04-01 17:43:09.145 8 INFO neutron.db.ovn_revision_numbers_db [None req-58d6a265-ee55-44e6-af85-752f81ebe6e1 386080364fe14d2c9f3f61ebc947ca3c bcbb8d3db7eb4897a431c6d96031f640 - - default default] Successfully bumped revision number for resource 2244e12a-7cd1-4515-aa04-72f5fcd9813f (type: security_group_rules) to 0
2026-04-01 17:43:09.155 8 INFO neutron.db.ovn_revision_numbers_db [None req-58d6a265-ee55-44e6-af85-752f81ebe6e1 386080364fe14d2c9f3f61ebc947ca3c bcbb8d3db7eb4897a431c6d96031f640 - - default default] Successfully bumped revision number for resource 476e8dcc-11fa-4456-9c70-498056f82715 (type: security_group_rules) to 0
2026-04-01 17:43:09.167 8 INFO neutron.db.ovn_revision_numbers_db [None req-58d6a265-ee55-44e6-af85-752f81ebe6e1 386080364fe14d2c9f3f61ebc947ca3c bcbb8d3db7eb4897a431c6d96031f640 - - default default] Successfully bumped revision number for resource 4dc08e18-f780-4bd6-a3ed-6dd5c9a7f54b (type: security_group_rules) to 0
2026-04-01 17:43:09.177 8 INFO neutron.db.ovn_revision_numbers_db [None req-58d6a265-ee55-44e6-af85-752f81ebe6e1 386080364fe14d2c9f3f61ebc947ca3c bcbb8d3db7eb4897a431c6d96031f640 - - default default] Successfully bumped revision number for resource 58cd7bd5-ad34-4c97-b728-605e53a463fd (type: security_group_rules) to 0 [pid: 8|app: 0|req: 852/1753] 10.0.0.197 () {32 vars in 773 bytes} [Wed Apr 1 17:43:08 2026] GET /v2.0/security-groups?tenant_id=6bb6ea891282482498ce93f04e34436c&name=default => generated 2925 bytes in 243 msecs (HTTP/1.1 200) 4 headers in 158 bytes (1 switches on core 0) [pid: 7|app: 0|req: 902/1754] 10.0.0.197 () {32 vars in 739 bytes} [Wed Apr 1 17:43:09 2026] DELETE /v2.0/security-groups/22b43734-daeb-4889-ac4a-c448b82ab016 => generated 0 bytes in 251 msecs (HTTP/1.1 204) 2 headers in 112 bytes (1 switches on core 0)
2026-04-01 17:43:09.299 7 INFO neutron.api.v2.resource [None req-2bf6d9fb-2234-4aa4-8929-d101a21e9981 b77eb7d59d34463ca3d4118e09dc3cf7 f3815aa23f7c4efdb5bab753c50b5227 - - default default] show failed (client error): The resource could not be found. [pid: 7|app: 0|req: 903/1755] 10.0.0.197 () {32 vars in 728 bytes} [Wed Apr 1 17:43:09 2026] GET /v2.0/subnetpools/34b073b2-4fea-4e08-8013-853aef1eb20f => generated 145 bytes in 9 msecs (HTTP/1.1 404) 4 headers in 164 bytes (1 switches on core 0) [pid: 8|app: 0|req: 853/1756] 10.0.0.197 () {32 vars in 723 bytes} [Wed Apr 1 17:43:09 2026] DELETE /v2.0/subnets/d28f49c8-5151-464f-a957-0c4ffcc8d0ae => generated 0 bytes in 160 msecs (HTTP/1.1 204) 3 headers in 131 bytes (1 switches on core 0)
2026-04-01 17:43:09.396 8 INFO neutron.api.v2.resource [None req-6d639fdd-ef53-426b-89a1-9e4bb6fad399 b77eb7d59d34463ca3d4118e09dc3cf7 f3815aa23f7c4efdb5bab753c50b5227 - - default default] delete failed (client error): The resource could not be found. [pid: 8|app: 0|req: 854/1757] 10.0.0.197 () {32 vars in 731 bytes} [Wed Apr 1 17:43:09 2026] DELETE /v2.0/subnetpools/34b073b2-4fea-4e08-8013-853aef1eb20f => generated 145 bytes in 13 msecs (HTTP/1.1 404) 4 headers in 164 bytes (1 switches on core 0)
2026-04-01 17:43:09.512 8 INFO neutron.db.ovn_revision_numbers_db [None req-071626dc-9c4a-4170-abc2-930e5552ff33 386080364fe14d2c9f3f61ebc947ca3c bcbb8d3db7eb4897a431c6d96031f640 - - default default] Successfully bumped revision number for resource 4b7e32d0-7c22-4612-a00a-215b158c9553 (type: security_groups) to 1
2026-04-01 17:43:09.525 8 INFO neutron.db.ovn_revision_numbers_db [None req-071626dc-9c4a-4170-abc2-930e5552ff33 386080364fe14d2c9f3f61ebc947ca3c bcbb8d3db7eb4897a431c6d96031f640 - - default default] Successfully bumped revision number for resource 14ae5550-7910-496d-95f1-ee6cc3ae9399 (type: security_group_rules) to 0
2026-04-01 17:43:09.538 8 INFO neutron.db.ovn_revision_numbers_db [None req-071626dc-9c4a-4170-abc2-930e5552ff33 386080364fe14d2c9f3f61ebc947ca3c bcbb8d3db7eb4897a431c6d96031f640 - - default default] Successfully bumped revision number for resource 75eecdd0-226e-4082-9f0a-aa8322063202 (type: security_group_rules) to 0
2026-04-01 17:43:09.550 8 INFO neutron.db.ovn_revision_numbers_db [None req-071626dc-9c4a-4170-abc2-930e5552ff33 386080364fe14d2c9f3f61ebc947ca3c bcbb8d3db7eb4897a431c6d96031f640 - - default default] Successfully bumped revision number for resource 9116a4a4-0cf8-46b3-abc3-4d5488b92d5d (type: security_group_rules) to 0
