2026-04-01 17:08:25.483 8 INFO neutron.api.extensions [None req-73d96302-279f-4e78-a920-32f6de18ed74 - - - - - -] Loaded extension: empty-string-filtering
2026-04-01 17:08:25.483 8 INFO neutron.api.extensions [None req-73d96302-279f-4e78-a920-32f6de18ed74 - - - - - -] Extension expose-l3-conntrack-helper not supported by any of loaded plugins
2026-04-01 17:08:25.484 8 INFO neutron.api.extensions [None req-73d96302-279f-4e78-a920-32f6de18ed74 - - - - - -] Extension expose-port-forwarding-in-fip not supported by any of loaded plugins
2026-04-01 17:08:25.485 8 INFO neutron.api.extensions [None req-73d96302-279f-4e78-a920-32f6de18ed74 - - - - - -] Loaded extension: external-net
2026-04-01 17:08:25.485 8 INFO neutron.api.extensions [None req-73d96302-279f-4e78-a920-32f6de18ed74 - - - - - -] Loaded extension: extra_dhcp_opt
2026-04-01 17:08:25.486 8 INFO neutron.api.extensions [None req-73d96302-279f-4e78-a920-32f6de18ed74 - - - - - -] Loaded extension: extraroute
2026-04-01 17:08:25.486 8 INFO neutron.api.extensions [None req-73d96302-279f-4e78-a920-32f6de18ed74 - - - - - -] Extension extraroute-atomic not supported by any of loaded plugins
2026-04-01 17:08:25.487 7 INFO neutron.quota.resource_registry [None req-e7f4cdc5-c075-45ce-bacd-ae000f1566fd - - - - - -] Creating instance of CountableResource for resource:rbac_policy
2026-04-01 17:08:25.487 7 WARNING neutron.quota.resource_registry [None req-e7f4cdc5-c075-45ce-bacd-ae000f1566fd - - - - - -] rbac_policy is already registered
2026-04-01 17:08:25.487 8 INFO neutron.api.extensions [None req-73d96302-279f-4e78-a920-32f6de18ed74 - - - - - -] Extension filter-validation not supported by any of loaded plugins
2026-04-01 17:08:25.487 7 INFO neutron.quota.resource_registry [None req-e7f4cdc5-c075-45ce-bacd-ae000f1566fd - - - - - -] Creating instance of TrackedResource for resource:security_group
2026-04-01 17:08:25.487 7 WARNING neutron.quota.resource_registry [None req-e7f4cdc5-c075-45ce-bacd-ae000f1566fd - - - - - -] security_group is already registered
2026-04-01 17:08:25.487 8 INFO neutron.api.extensions [None req-73d96302-279f-4e78-a920-32f6de18ed74 - - - - - -] Extension floating-ip-port-forwarding-description not supported by any of loaded plugins
2026-04-01 17:08:25.488 7 INFO neutron.quota.resource_registry [None req-e7f4cdc5-c075-45ce-bacd-ae000f1566fd - - - - - -] Creating instance of TrackedResource for resource:security_group_rule
2026-04-01 17:08:25.488 7 WARNING neutron.quota.resource_registry [None req-e7f4cdc5-c075-45ce-bacd-ae000f1566fd - - - - - -] security_group_rule is already registered
2026-04-01 17:08:25.488 8 INFO neutron.api.extensions [None req-73d96302-279f-4e78-a920-32f6de18ed74 - - - - - -] Loaded extension: floating-ip-port-forwarding-detail
2026-04-01 17:08:25.488 8 INFO neutron.api.extensions [None req-73d96302-279f-4e78-a920-32f6de18ed74 - - - - - -] Extension floating-ip-port-forwarding-port-ranges not supported by any of loaded plugins
2026-04-01 17:08:25.489 7 INFO neutron.quota.resource_registry [None req-e7f4cdc5-c075-45ce-bacd-ae000f1566fd - - - - - -] Creating instance of TrackedResource for resource:subnetpool
2026-04-01 17:08:25.489 7 WARNING neutron.quota.resource_registry [None req-e7f4cdc5-c075-45ce-bacd-ae000f1566fd - - - - - -] subnetpool is already registered
2026-04-01 17:08:25.489 8 INFO neutron.api.extensions [None req-73d96302-279f-4e78-a920-32f6de18ed74 - - - - - -] Loaded extension: fip-port-details
2026-04-01 17:08:25.489 7 INFO neutron.quota.resource_registry [None req-e7f4cdc5-c075-45ce-bacd-ae000f1566fd - - - - - -] Creating instance of CountableResource for resource:trunk
2026-04-01 17:08:25.489 7 WARNING neutron.quota.resource_registry [None req-e7f4cdc5-c075-45ce-bacd-ae000f1566fd - - - - - -] trunk is already registered
2026-04-01 17:08:25.490 7 INFO neutron.quota.resource_registry [None req-e7f4cdc5-c075-45ce-bacd-ae000f1566fd - - - - - -] Creating instance of CountableResource for resource:ikepolicy
2026-04-01 17:08:25.490 8 INFO neutron.api.extensions [None req-73d96302-279f-4e78-a920-32f6de18ed74 - - - - - -] Loaded extension: flavors
2026-04-01 17:08:25.490 7 WARNING neutron.quota.resource_registry [None req-e7f4cdc5-c075-45ce-bacd-ae000f1566fd - - - - - -] ikepolicy is already registered
2026-04-01 17:08:25.490 7 INFO neutron.quota.resource_registry [None req-e7f4cdc5-c075-45ce-bacd-ae000f1566fd - - - - - -] Creating instance of CountableResource for resource:ipsecpolicy
2026-04-01 17:08:25.490 7 WARNING neutron.quota.resource_registry [None req-e7f4cdc5-c075-45ce-bacd-ae000f1566fd - - - - - -] ipsecpolicy is already registered
2026-04-01 17:08:25.491 7 INFO neutron.quota.resource_registry [None req-e7f4cdc5-c075-45ce-bacd-ae000f1566fd - - - - - -] Creating instance of CountableResource for resource:endpoint_group
2026-04-01 17:08:25.491 7 WARNING neutron.quota.resource_registry [None req-e7f4cdc5-c075-45ce-bacd-ae000f1566fd - - - - - -] endpoint_group is already registered
2026-04-01 17:08:25.491 8 INFO neutron.api.extensions [None req-73d96302-279f-4e78-a920-32f6de18ed74 - - - - - -] Extension floating-ip-port-forwarding not supported by any of loaded plugins
2026-04-01 17:08:25.491 7 INFO neutron.quota.resource_registry [None req-e7f4cdc5-c075-45ce-bacd-ae000f1566fd - - - - - -] Creating instance of CountableResource for resource:vpnservice
2026-04-01 17:08:25.491 7 WARNING neutron.quota.resource_registry [None req-e7f4cdc5-c075-45ce-bacd-ae000f1566fd - - - - - -] vpnservice is already registered
2026-04-01 17:08:25.492 7 INFO neutron.quota.resource_registry [None req-e7f4cdc5-c075-45ce-bacd-ae000f1566fd - - - - - -] Creating instance of CountableResource for resource:ipsec_site_connection
2026-04-01 17:08:25.492 8 INFO neutron.api.extensions [None req-73d96302-279f-4e78-a920-32f6de18ed74 - - - - - -] Loaded extension: floatingip-pools
2026-04-01 17:08:25.492 7 WARNING neutron.quota.resource_registry [None req-e7f4cdc5-c075-45ce-bacd-ae000f1566fd - - - - - -] ipsec_site_connection is already registered
2026-04-01 17:08:25.492 7 INFO neutron.quota.resource_registry [None req-e7f4cdc5-c075-45ce-bacd-ae000f1566fd - - - - - -] Creating instance of CountableResource for resource:ipsecpolicy
2026-04-01 17:08:25.492 8 INFO neutron.api.extensions [None req-73d96302-279f-4e78-a920-32f6de18ed74 - - - - - -] Loaded extension: ip_allocation
2026-04-01 17:08:25.492 7 WARNING neutron.quota.resource_registry [None req-e7f4cdc5-c075-45ce-bacd-ae000f1566fd - - - - - -] ipsecpolicy is already registered
2026-04-01 17:08:25.493 7 INFO neutron.quota.resource_registry [None req-e7f4cdc5-c075-45ce-bacd-ae000f1566fd - - - - - -] Creating instance of CountableResource for resource:ikepolicy
2026-04-01 17:08:25.493 8 INFO neutron.api.extensions [None req-73d96302-279f-4e78-a920-32f6de18ed74 - - - - - -] Extension ip-substring-filtering not supported by any of loaded plugins
2026-04-01 17:08:25.493 7 WARNING neutron.quota.resource_registry [None req-e7f4cdc5-c075-45ce-bacd-ae000f1566fd - - - - - -] ikepolicy is already registered
2026-04-01 17:08:25.494 8 INFO neutron.api.extensions [None req-73d96302-279f-4e78-a920-32f6de18ed74 - - - - - -] Loaded extension: l2_adjacency
2026-04-01 17:08:25.495 8 INFO neutron.api.extensions [None req-73d96302-279f-4e78-a920-32f6de18ed74 - - - - - -] Loaded extension: router
2026-04-01 17:08:25.496 8 INFO neutron.api.extensions [None req-73d96302-279f-4e78-a920-32f6de18ed74 - - - - - -] Extension l3-conntrack-helper not supported by any of loaded plugins
2026-04-01 17:08:25.497 8 INFO neutron.api.extensions [None req-73d96302-279f-4e78-a920-32f6de18ed74 - - - - - -] Loaded extension: enable-default-route-bfd
2026-04-01 17:08:25.498 8 INFO neutron.api.extensions [None req-73d96302-279f-4e78-a920-32f6de18ed74 - - - - - -] Loaded extension: enable-default-route-ecmp
2026-04-01 17:08:25.498 8 INFO neutron.api.extensions [None req-73d96302-279f-4e78-a920-32f6de18ed74 - - - - - -] Loaded extension: ext-gw-mode
2026-04-01 17:08:25.499 8 INFO neutron.api.extensions [None req-73d96302-279f-4e78-a920-32f6de18ed74 - - - - - -] Loaded extension: l3-ha
2026-04-01 17:08:25.499 8 INFO neutron.api.extensions [None req-73d96302-279f-4e78-a920-32f6de18ed74 - - - - - -] Extension l3-ext-ndp-proxy not supported by any of loaded plugins
2026-04-01 17:08:25.500 8 INFO neutron.api.extensions [None req-73d96302-279f-4e78-a920-32f6de18ed74 - - - - - -] Loaded extension: external-gateway-multihoming
2026-04-01 17:08:25.500 8 INFO neutron.api.extensions [None req-73d96302-279f-4e78-a920-32f6de18ed74 - - - - - -] Loaded extension: l3-flavors
2026-04-01 17:08:25.501 8 INFO neutron.api.extensions [None req-73d96302-279f-4e78-a920-32f6de18ed74 - - - - - -] Extension l3-ndp-proxy not supported by any of loaded plugins
2026-04-01 17:08:25.502 8 INFO neutron.api.extensions [None req-73d96302-279f-4e78-a920-32f6de18ed74 - - - - - -] Extension l3-port-ip-change-not-allowed not supported by any of loaded plugins
2026-04-01 17:08:25.504 8 INFO neutron.api.extensions [None req-73d96302-279f-4e78-a920-32f6de18ed74 - - - - - -] Extension l3_agent_scheduler not supported by any of loaded plugins
2026-04-01 17:08:25.505 8 INFO neutron.api.extensions [None req-73d96302-279f-4e78-a920-32f6de18ed74 - - - - - -] Extension local_ip not supported by any of loaded plugins
2026-04-01 17:08:25.506 8 INFO neutron.api.extensions [None req-73d96302-279f-4e78-a920-32f6de18ed74 - - - - - -] Loaded extension: logging
2026-04-01 17:08:25.507 8 INFO neutron.api.extensions [None req-73d96302-279f-4e78-a920-32f6de18ed74 - - - - - -] Extension metering not supported by any of loaded plugins
2026-04-01 17:08:25.508 8 INFO neutron.api.extensions [None req-73d96302-279f-4e78-a920-32f6de18ed74 - - - - - -] Extension metering_source_and_destination_fields not supported by any of loaded plugins
2026-04-01 17:08:25.508 8 INFO neutron.api.extensions [None req-73d96302-279f-4e78-a920-32f6de18ed74 - - - - - -] Loaded extension: multi-provider
2026-04-01 17:08:25.509 8 INFO neutron.api.extensions [None req-73d96302-279f-4e78-a920-32f6de18ed74 - - - - - -] Loaded extension: net-mtu
2026-04-01 17:08:25.510 8 INFO neutron.api.extensions [None req-73d96302-279f-4e78-a920-32f6de18ed74 - - - - - -] Loaded extension: net-mtu-writable
2026-04-01 17:08:25.510 8 INFO neutron.api.extensions [None req-73d96302-279f-4e78-a920-32f6de18ed74 - - - - - -] Loaded extension: network_availability_zone
2026-04-01 17:08:25.511 8 INFO neutron.api.extensions [None req-73d96302-279f-4e78-a920-32f6de18ed74 - - - - - -] Extension network_ha not supported by any of loaded plugins
2026-04-01 17:08:25.511 8 INFO neutron.api.extensions [None req-73d96302-279f-4e78-a920-32f6de18ed74 - - - - - -] Loaded extension: network-ip-availability
2026-04-01 17:08:25.512 8 INFO neutron.api.extensions [None req-73d96302-279f-4e78-a920-32f6de18ed74 - - - - - -] Extension network-segment-range not supported by any of loaded plugins
2026-04-01 17:08:25.513 8 INFO neutron.api.extensions [None req-73d96302-279f-4e78-a920-32f6de18ed74 - - - - - -] Loaded extension: pagination
2026-04-01 17:08:25.514 8 INFO neutron.api.extensions [None req-73d96302-279f-4e78-a920-32f6de18ed74 - - - - - -] Loaded extension: port-device-profile
2026-04-01 17:08:25.514 8 INFO neutron.api.extensions [None req-73d96302-279f-4e78-a920-32f6de18ed74 - - - - - -] Extension port-hardware-offload-type not supported by any of loaded plugins
2026-04-01 17:08:25.515 8 INFO neutron.api.extensions [None req-73d96302-279f-4e78-a920-32f6de18ed74 - - - - - -] Extension port-hint-ovs-tx-steering not supported by any of loaded plugins
2026-04-01 17:08:25.515 8 INFO neutron.api.extensions [None req-73d96302-279f-4e78-a920-32f6de18ed74 - - - - - -] Extension port-hints not supported by any of loaded plugins
2026-04-01 17:08:25.516 8 INFO neutron.api.extensions [None req-73d96302-279f-4e78-a920-32f6de18ed74 - - - - - -] Extension port-mac-override not supported by any of loaded plugins
2026-04-01 17:08:25.516 8 INFO neutron.api.extensions [None req-73d96302-279f-4e78-a920-32f6de18ed74 - - - - - -] Loaded extension: port-mac-address-regenerate
2026-04-01 17:08:25.517 8 INFO neutron.api.extensions [None req-73d96302-279f-4e78-a920-32f6de18ed74 - - - - - -] Loaded extension: port-numa-affinity-policy
2026-04-01 17:08:25.517 8 INFO neutron.api.extensions [None req-73d96302-279f-4e78-a920-32f6de18ed74 - - - - - -] Loaded extension: port-numa-affinity-policy-socket
2026-04-01 17:08:25.518 8 INFO neutron.api.extensions [None req-73d96302-279f-4e78-a920-32f6de18ed74 - - - - - -] Loaded extension: port-resource-request
2026-04-01 17:08:25.518 8 INFO neutron.api.extensions [None req-73d96302-279f-4e78-a920-32f6de18ed74 - - - - - -] Loaded extension: port-resource-request-groups
2026-04-01 17:08:25.519 8 INFO neutron.api.extensions [None req-73d96302-279f-4e78-a920-32f6de18ed74 - - - - - -] Extension port-trusted-vif not supported by any of loaded plugins
2026-04-01 17:08:25.520 8 INFO neutron.api.extensions [None req-73d96302-279f-4e78-a920-32f6de18ed74 - - - - - -] Loaded extension: binding
2026-04-01 17:08:25.520 8 INFO neutron.api.extensions [None req-73d96302-279f-4e78-a920-32f6de18ed74 - - - - - -] Loaded extension: binding-extended
2026-04-01 17:08:25.521 8 INFO neutron.api.extensions [None req-73d96302-279f-4e78-a920-32f6de18ed74 - - - - - -] Loaded extension: port-security
2026-04-01 17:08:25.521 8 INFO neutron.api.extensions [None req-73d96302-279f-4e78-a920-32f6de18ed74 - - - - - -] Loaded extension: project-id
2026-04-01 17:08:25.522 8 INFO neutron.api.extensions [None req-73d96302-279f-4e78-a920-32f6de18ed74 - - - - - -] Loaded extension: provider
2026-04-01 17:08:25.523 8 INFO neutron.api.extensions [None req-73d96302-279f-4e78-a920-32f6de18ed74 - - - - - -] Loaded extension: qinq
2026-04-01 17:08:25.525 8 INFO neutron.api.extensions [None req-73d96302-279f-4e78-a920-32f6de18ed74 - - - - - -] Loaded extension: qos
2026-04-01 17:08:25.526 8 INFO neutron.api.extensions [None req-73d96302-279f-4e78-a920-32f6de18ed74 - - - - - -] Loaded extension: qos-bw-limit-direction
2026-04-01 17:08:25.526 8 INFO neutron.api.extensions [None req-73d96302-279f-4e78-a920-32f6de18ed74 - - - - - -] Loaded extension: qos-bw-minimum-ingress
2026-04-01 17:08:25.527 8 INFO neutron.api.extensions [None req-73d96302-279f-4e78-a920-32f6de18ed74 - - - - - -] Loaded extension: qos-default
2026-04-01 17:08:25.527 8 INFO neutron.api.extensions [None req-73d96302-279f-4e78-a920-32f6de18ed74 - - - - - -] Loaded extension: qos-fip
2026-04-01 17:08:25.528 8 INFO neutron.api.extensions [None req-73d96302-279f-4e78-a920-32f6de18ed74 - - - - - -] Extension qos-fip-network-policy not supported by any of loaded plugins
2026-04-01 17:08:25.528 8 INFO neutron.api.extensions [None req-73d96302-279f-4e78-a920-32f6de18ed74 - - - - - -] Loaded extension: qos-gateway-ip
2026-04-01 17:08:25.529 8 INFO neutron.api.extensions [None req-73d96302-279f-4e78-a920-32f6de18ed74 - - - - - -] Loaded extension: qos-port-network-policy
2026-04-01 17:08:25.529 7 WARNING keystonemiddleware._common.config [None req-e7f4cdc5-c075-45ce-bacd-ae000f1566fd - - - - - -] The option "audit_map_file" is not known to keystonemiddleware
2026-04-01 17:08:25.530 8 INFO neutron.api.extensions [None req-73d96302-279f-4e78-a920-32f6de18ed74 - - - - - -] Loaded extension: qos-pps-minimum
2026-04-01 17:08:25.530 8 INFO neutron.api.extensions [None req-73d96302-279f-4e78-a920-32f6de18ed74 - - - - - -] Loaded extension: qos-pps-minimum-rule-alias
2026-04-01 17:08:25.531 8 INFO neutron.api.extensions [None req-73d96302-279f-4e78-a920-32f6de18ed74 - - - - - -] Loaded extension: qos-pps
2026-04-01 17:08:25.532 8 INFO neutron.api.extensions [None req-73d96302-279f-4e78-a920-32f6de18ed74 - - - - - -] Loaded extension: qos-rule-type-details
2026-04-01 17:08:25.532 8 INFO neutron.api.extensions [None req-73d96302-279f-4e78-a920-32f6de18ed74 - - - - - -] Loaded extension: qos-rule-type-filter
2026-04-01 17:08:25.533 8 INFO neutron.api.extensions [None req-73d96302-279f-4e78-a920-32f6de18ed74 - - - - - -] Loaded extension: qos-rules-alias
2026-04-01 17:08:25.533 8 INFO neutron.api.extensions [None req-73d96302-279f-4e78-a920-32f6de18ed74 - - - - - -] Loaded extension: quota-check-limit
2026-04-01 17:08:25.534 8 INFO neutron.api.extensions [None req-73d96302-279f-4e78-a920-32f6de18ed74 - - - - - -] Loaded extension: quota-check-limit-default
2026-04-01 17:08:25.536 7 WARNING oslo_config.cfg [None req-e7f4cdc5-c075-45ce-bacd-ae000f1566fd - - - - - -] Deprecated: Option "auth_uri" from group "keystone_authtoken" is deprecated. Use option "www_authenticate_uri" from group "keystone_authtoken".
2026-04-01 17:08:25.536 8 INFO neutron.api.extensions [None req-73d96302-279f-4e78-a920-32f6de18ed74 - - - - - -] Loaded extension: quotas
2026-04-01 17:08:25.537 8 INFO neutron.api.extensions [None req-73d96302-279f-4e78-a920-32f6de18ed74 - - - - - -] Loaded extension: quota_details
2026-04-01 17:08:25.539 8 INFO neutron.api.extensions [None req-73d96302-279f-4e78-a920-32f6de18ed74 - - - - - -] Loaded extension: rbac-policies
2026-04-01 17:08:25.539 8 INFO neutron.api.extensions [None req-73d96302-279f-4e78-a920-32f6de18ed74 - - - - - -] Extension rbac-address-group not supported by any of loaded plugins
2026-04-01 17:08:25.540 8 INFO neutron.api.extensions [None req-73d96302-279f-4e78-a920-32f6de18ed74 - - - - - -] Loaded extension: rbac-address-scope
2026-04-01 17:08:25.541 8 INFO neutron.api.extensions [None req-73d96302-279f-4e78-a920-32f6de18ed74 - - - - - -] Loaded extension: rbac-security-groups
2026-04-01 17:08:25.541 8 INFO neutron.api.extensions [None req-73d96302-279f-4e78-a920-32f6de18ed74 - - - - - -] Extension rbac-subnetpool not supported by any of loaded plugins
2026-04-01 17:08:25.542 8 INFO neutron.api.extensions [None req-73d96302-279f-4e78-a920-32f6de18ed74 - - - - - -] Loaded extension: revision-if-match
2026-04-01 17:08:25.542 8 INFO neutron.api.extensions [None req-73d96302-279f-4e78-a920-32f6de18ed74 - - - - - -] Loaded extension: standard-attr-revisions
2026-04-01 17:08:25.543 8 INFO neutron.api.extensions [None req-73d96302-279f-4e78-a920-32f6de18ed74 - - - - - -] Loaded extension: router_availability_zone
2026-04-01 17:08:25.544 8 INFO neutron.api.extensions [None req-73d96302-279f-4e78-a920-32f6de18ed74 - - - - - -] Extension router-service-type not supported by any of loaded plugins
2026-04-01 17:08:25.545 8 INFO neutron.api.extensions [None req-73d96302-279f-4e78-a920-32f6de18ed74 - - - - - -] Loaded extension: security-groups-default-rules
2026-04-01 17:08:25.546 8 INFO neutron.api.extensions [None req-73d96302-279f-4e78-a920-32f6de18ed74 - - - - - -] Loaded extension: security-groups-normalized-cidr
2026-04-01 17:08:25.547 8 INFO neutron.api.extensions [None req-73d96302-279f-4e78-a920-32f6de18ed74 - - - - - -] Extension port-security-groups-filtering not supported by any of loaded plugins
2026-04-01 17:08:25.547 8 INFO neutron.api.extensions [None req-73d96302-279f-4e78-a920-32f6de18ed74 - - - - - -] Loaded extension: security-groups-remote-address-group
2026-04-01 17:08:25.548 8 INFO neutron.api.extensions [None req-73d96302-279f-4e78-a920-32f6de18ed74 - - - - - -] Loaded extension: security-groups-rules-belongs-to-default-sg
2026-04-01 17:08:25.548 8 INFO neutron.api.extensions [None req-73d96302-279f-4e78-a920-32f6de18ed74 - - - - - -] Loaded extension: security-groups-shared-filtering
2026-04-01 17:08:25.551 7 WARNING neutron.plugins.ml2.drivers.ovn.mech_driver.mech_driver [None req-e7f4cdc5-c075-45ce-bacd-ae000f1566fd - - - - - -] uWSGI must provide a start time using the configuration parameter "start-time %t" in the configuration file
2026-04-01 17:08:25.553 8 INFO neutron.api.extensions [None req-73d96302-279f-4e78-a920-32f6de18ed74 - - - - - -] Loaded extension: security-group
2026-04-01 17:08:25.555 8 INFO neutron.api.extensions [None req-73d96302-279f-4e78-a920-32f6de18ed74 - - - - - -] Loaded extension: segment
2026-04-01 17:08:25.555 8 INFO neutron.api.extensions [None req-73d96302-279f-4e78-a920-32f6de18ed74 - - - - - -] Loaded extension: segments-peer-subnet-host-routes
2026-04-01 17:08:25.556 8 INFO neutron.api.extensions [None req-73d96302-279f-4e78-a920-32f6de18ed74 - - - - - -] Loaded extension: service-type
2026-04-01 17:08:25.556 8 INFO neutron.api.extensions [None req-73d96302-279f-4e78-a920-32f6de18ed74 - - - - - -] Loaded extension: sorting
2026-04-01 17:08:25.557 8 INFO neutron.api.extensions [None req-73d96302-279f-4e78-a920-32f6de18ed74 - - - - - -] Loaded extension: standard-attr-segment
2026-04-01 17:08:25.557 8 INFO neutron.api.extensions [None req-73d96302-279f-4e78-a920-32f6de18ed74 - - - - - -] Loaded extension: standard-attr-description
2026-04-01 17:08:25.558 8 INFO neutron.api.extensions [None req-73d96302-279f-4e78-a920-32f6de18ed74 - - - - - -] Loaded extension: stateful-security-group
2026-04-01 17:08:25.558 8 WARNING neutron.api.extensions [None req-73d96302-279f-4e78-a920-32f6de18ed74 - - - - - -] Did not find expected name "Stdattrs_common" in /var/lib/openstack/lib/python3.12/site-packages/neutron/extensions/stdattrs_common.py
2026-04-01 17:08:25.559 8 INFO neutron.api.extensions [None req-73d96302-279f-4e78-a920-32f6de18ed74 - - - - - -] Loaded extension: subnet-dns-publish-fixed-ip
2026-04-01 17:08:25.559 8 INFO neutron.api.extensions [None req-73d96302-279f-4e78-a920-32f6de18ed74 - - - - - -] Loaded extension: subnet-external-network
2026-04-01 17:08:25.560 8 INFO neutron.api.extensions [None req-73d96302-279f-4e78-a920-32f6de18ed74 - - - - - -] Extension subnet_onboard not supported by any of loaded plugins
2026-04-01 17:08:25.561 8 INFO neutron.api.extensions [None req-73d96302-279f-4e78-a920-32f6de18ed74 - - - - - -] Loaded extension: subnet-segmentid-writable
2026-04-01 17:08:25.561 8 INFO neutron.api.extensions [None req-73d96302-279f-4e78-a920-32f6de18ed74 - - - - - -] Loaded extension: subnet-service-types
2026-04-01 17:08:25.562 8 INFO neutron.api.extensions [None req-73d96302-279f-4e78-a920-32f6de18ed74 - - - - - -] Loaded extension: subnet_allocation
2026-04-01 17:08:25.562 8 INFO neutron.api.extensions [None req-73d96302-279f-4e78-a920-32f6de18ed74 - - - - - -] Loaded extension: subnetpool-prefix-ops
2026-04-01 17:08:25.563 8 INFO neutron.api.extensions [None req-73d96302-279f-4e78-a920-32f6de18ed74 - - - - - -] Loaded extension: tag-creation
2026-04-01 17:08:25.563 8 INFO neutron.api.extensions [None req-73d96302-279f-4e78-a920-32f6de18ed74 - - - - - -] Extension tag-ports-during-bulk-creation not supported by any of loaded plugins
2026-04-01 17:08:25.568 7 INFO neutron.db.ovn_hash_ring_db [None req-e7f4cdc5-c075-45ce-bacd-ae000f1566fd - - - - - -] Nodes from host "neutron-server-fbb8d69cf-g4m2r" and group "mechanism_driver" removed from the Hash Ring created at
2026-04-01 17:08:25+00:00
2026-04-01 17:08:25.571 7 INFO neutron.db.ovn_hash_ring_db [None req-e7f4cdc5-c075-45ce-bacd-ae000f1566fd - - - - - -] Node eef4e21e7ce9540ea90071fcdef49b1a from host "neutron-server-fbb8d69cf-g4m2r" and group "mechanism_driver" added to the Hash Ring
2026-04-01 17:08:25.571 8 INFO neutron.api.extensions [None req-73d96302-279f-4e78-a920-32f6de18ed74 - - - - - -] Loaded extension: standard-attr-tag
2026-04-01 17:08:25.573 8 INFO neutron.api.extensions [None req-73d96302-279f-4e78-a920-32f6de18ed74 - - - - - -] Loaded extension: standard-attr-timestamp
2026-04-01 17:08:25.574 8 INFO neutron.api.extensions [None req-73d96302-279f-4e78-a920-32f6de18ed74 - - - - - -] Loaded extension: trunk
2026-04-01 17:08:25.575 8 INFO neutron.api.extensions [None req-73d96302-279f-4e78-a920-32f6de18ed74 - - - - - -] Loaded extension: trunk-details
2026-04-01 17:08:25.575 8 INFO neutron.api.extensions [None req-73d96302-279f-4e78-a920-32f6de18ed74 - - - - - -] Extension uplink-status-propagation not supported by any of loaded plugins
2026-04-01 17:08:25.576 8 INFO neutron.api.extensions [None req-73d96302-279f-4e78-a920-32f6de18ed74 - - - - - -] Extension uplink-status-propagation-updatable not supported by any of loaded plugins
2026-04-01 17:08:25.577 8 INFO neutron.api.extensions [None req-73d96302-279f-4e78-a920-32f6de18ed74 - - - - - -] Loaded extension: vlan-transparent
2026-04-01 17:08:25.578 8 INFO neutron.api.extensions [None req-73d96302-279f-4e78-a920-32f6de18ed74 - - - - - -] Loaded extension: vpn-aes-ctr
2026-04-01 17:08:25.579 7 INFO neutron.plugins.ml2.drivers.ovn.mech_driver.mech_driver [None req-e7f4cdc5-c075-45ce-bacd-ae000f1566fd - - - - - -] Hash Ring probing thread for node eef4e21e7ce9540ea90071fcdef49b1a has started
2026-04-01 17:08:25.580 7 INFO neutron.plugins.ml2.drivers.ovn.mech_driver.ovsdb.impl_idl_ovn [None req-e7f4cdc5-c075-45ce-bacd-ae000f1566fd - - - - - -] Getting OvsdbNbOvnIdl for WorkerService with retry
2026-04-01 17:08:25.581 8 INFO neutron.api.extensions [None req-73d96302-279f-4e78-a920-32f6de18ed74 - - - - - -] Loaded extension: vpn-agent-scheduler
2026-04-01 17:08:25.582 8 INFO neutron.api.extensions [None req-73d96302-279f-4e78-a920-32f6de18ed74 - - - - - -] Loaded extension: vpn-endpoint-groups
2026-04-01 17:08:25.583 8 INFO neutron.api.extensions [None req-73d96302-279f-4e78-a920-32f6de18ed74 - - - - - -] Loaded extension: vpn-flavors
2026-04-01 17:08:25.584 8 INFO neutron.api.extensions [None req-73d96302-279f-4e78-a920-32f6de18ed74 - - - - - -] Loaded extension: vpnaas
2026-04-01 17:08:25.586 8 INFO neutron.api.extensions [None req-73d96302-279f-4e78-a920-32f6de18ed74 - - - - - -] Loaded extension: taas
2026-04-01 17:08:25.587 8 INFO neutron.api.extensions [None req-73d96302-279f-4e78-a920-32f6de18ed74 - - - - - -] Loaded extension: tap-mirror
2026-04-01 17:08:25.587 8 INFO neutron.api.extensions [None req-73d96302-279f-4e78-a920-32f6de18ed74 - - - - - -] Loaded extension: taas-vlan-filter
2026-04-01 17:08:25.590 8 INFO neutron.quota.resource_registry [None req-73d96302-279f-4e78-a920-32f6de18ed74 - - - - - -] Creating instance of TrackedResource for resource:network
2026-04-01 17:08:25.590 8 INFO neutron.quota.resource_registry [None req-73d96302-279f-4e78-a920-32f6de18ed74 - - - - - -] Creating instance of TrackedResource for resource:subnet
2026-04-01 17:08:25.590 8 INFO neutron.quota.resource_registry [None req-73d96302-279f-4e78-a920-32f6de18ed74 - - - - - -] Creating instance of TrackedResource for resource:subnetpool
2026-04-01 17:08:25.590 8 INFO neutron.quota.resource_registry [None req-73d96302-279f-4e78-a920-32f6de18ed74 - - - - - -] Creating instance of TrackedResource for resource:port
2026-04-01 17:08:25.593 8 INFO neutron.quota.resource_registry [None req-73d96302-279f-4e78-a920-32f6de18ed74 - - - - - -] Creating instance of TrackedResource for resource:router
2026-04-01 17:08:25.594 8 INFO neutron.quota.resource_registry [None req-73d96302-279f-4e78-a920-32f6de18ed74 - - - - - -] Creating instance of TrackedResource for resource:floatingip
2026-04-01 17:08:25.599 8 INFO neutron.quota.resource_registry [None req-73d96302-279f-4e78-a920-32f6de18ed74 - - - - - -] Creating instance of CountableResource for resource:rbac_policy
2026-04-01 17:08:25.599 8 INFO neutron.quota.resource_registry [None req-73d96302-279f-4e78-a920-32f6de18ed74 - - - - - -] Creating instance of TrackedResource for resource:security_group
2026-04-01 17:08:25.600 8 INFO neutron.quota.resource_registry [None req-73d96302-279f-4e78-a920-32f6de18ed74 - - - - - -] Creating instance of TrackedResource for resource:security_group_rule
2026-04-01 17:08:25.601 8 INFO neutron.quota.resource_registry [None req-73d96302-279f-4e78-a920-32f6de18ed74 - - - - - -] Creating instance of TrackedResource for resource:subnetpool
2026-04-01 17:08:25.601 8 WARNING neutron.quota.resource_registry [None req-73d96302-279f-4e78-a920-32f6de18ed74 - - - - - -] subnetpool is already registered
2026-04-01 17:08:25.601 8 INFO neutron.quota.resource_registry [None req-73d96302-279f-4e78-a920-32f6de18ed74 - - - - - -] Creating instance of CountableResource for resource:trunk
2026-04-01 17:08:25.602 8 INFO neutron.quota.resource_registry [None req-73d96302-279f-4e78-a920-32f6de18ed74 - - - - - -] Creating instance of CountableResource for resource:ikepolicy
2026-04-01 17:08:25.602 8 INFO neutron.quota.resource_registry [None req-73d96302-279f-4e78-a920-32f6de18ed74 - - - - - -] Creating instance of CountableResource for resource:ipsecpolicy
2026-04-01 17:08:25.603 8 INFO neutron.quota.resource_registry [None req-73d96302-279f-4e78-a920-32f6de18ed74 - - - - - -] Creating instance of CountableResource for resource:endpoint_group
2026-04-01 17:08:25.603 8 INFO neutron.quota.resource_registry [None req-73d96302-279f-4e78-a920-32f6de18ed74 - - - - - -] Creating instance of CountableResource for resource:vpnservice
2026-04-01 17:08:25.604 8 INFO neutron.quota.resource_registry [None req-73d96302-279f-4e78-a920-32f6de18ed74 - - - - - -] Creating instance of CountableResource for resource:ipsec_site_connection
2026-04-01 17:08:25.604 8 INFO neutron.quota.resource_registry [None req-73d96302-279f-4e78-a920-32f6de18ed74 - - - - - -] Creating instance of CountableResource for resource:ipsecpolicy
2026-04-01 17:08:25.604 8 WARNING neutron.quota.resource_registry [None req-73d96302-279f-4e78-a920-32f6de18ed74 - - - - - -] ipsecpolicy is already registered
2026-04-01 17:08:25.605 8 INFO neutron.quota.resource_registry [None req-73d96302-279f-4e78-a920-32f6de18ed74 - - - - - -] Creating instance of CountableResource for resource:ikepolicy
2026-04-01 17:08:25.605 8 WARNING neutron.quota.resource_registry [None req-73d96302-279f-4e78-a920-32f6de18ed74 - - - - - -] ikepolicy is already registered
2026-04-01 17:08:25.610 8 INFO neutron.quota.resource_registry [None req-73d96302-279f-4e78-a920-32f6de18ed74 - - - - - -] Creating instance of TrackedResource for resource:router
2026-04-01 17:08:25.610 8 WARNING neutron.quota.resource_registry [None req-73d96302-279f-4e78-a920-32f6de18ed74 - - - - - -] router is already registered
2026-04-01 17:08:25.610 8 INFO neutron.quota.resource_registry [None req-73d96302-279f-4e78-a920-32f6de18ed74 - - - - - -] Creating instance of TrackedResource for resource:floatingip
2026-04-01 17:08:25.610 8 WARNING neutron.quota.resource_registry [None req-73d96302-279f-4e78-a920-32f6de18ed74 - - - - - -] floatingip is already registered
2026-04-01 17:08:25.611 7 INFO ovsdbapp.backend.ovs_idl.vlog [None req-e7f4cdc5-c075-45ce-bacd-ae000f1566fd - - - - - -] tcp:10.98.7.75:6641: connecting...
2026-04-01 17:08:25.611 7 INFO ovsdbapp.backend.ovs_idl.vlog [None req-e7f4cdc5-c075-45ce-bacd-ae000f1566fd - - - - - -] tcp:10.98.7.75:6641: connected
2026-04-01 17:08:25.616 8 INFO neutron.quota.resource_registry [None req-73d96302-279f-4e78-a920-32f6de18ed74 - - - - - -] Creating instance of CountableResource for resource:rbac_policy
2026-04-01 17:08:25.616 8 WARNING neutron.quota.resource_registry [None req-73d96302-279f-4e78-a920-32f6de18ed74 - - - - - -] rbac_policy is already registered
2026-04-01 17:08:25.617 8 INFO neutron.quota.resource_registry [None req-73d96302-279f-4e78-a920-32f6de18ed74 - - - - - -] Creating instance of TrackedResource for resource:security_group
2026-04-01 17:08:25.617 8 WARNING neutron.quota.resource_registry [None req-73d96302-279f-4e78-a920-32f6de18ed74 - - - - - -] security_group is already registered
2026-04-01 17:08:25.618 8 INFO neutron.quota.resource_registry [None req-73d96302-279f-4e78-a920-32f6de18ed74 - - - - - -] Creating instance of TrackedResource for resource:security_group_rule
2026-04-01 17:08:25.618 8 WARNING neutron.quota.resource_registry [None req-73d96302-279f-4e78-a920-32f6de18ed74 - - - - - -] security_group_rule is already registered
2026-04-01 17:08:25.619 8 INFO neutron.quota.resource_registry [None req-73d96302-279f-4e78-a920-32f6de18ed74 - - - - - -] Creating instance of TrackedResource for resource:subnetpool
2026-04-01 17:08:25.620 8 WARNING neutron.quota.resource_registry [None req-73d96302-279f-4e78-a920-32f6de18ed74 - - - - - -] subnetpool is already registered
2026-04-01 17:08:25.620 8 INFO neutron.quota.resource_registry [None req-73d96302-279f-4e78-a920-32f6de18ed74 - - - - - -] Creating instance of CountableResource for resource:trunk
2026-04-01 17:08:25.620 8 WARNING neutron.quota.resource_registry [None req-73d96302-279f-4e78-a920-32f6de18ed74 - - - - - -] trunk is already registered
2026-04-01 17:08:25.621 8 INFO neutron.quota.resource_registry [None req-73d96302-279f-4e78-a920-32f6de18ed74 - - - - - -] Creating instance of CountableResource for resource:ikepolicy
2026-04-01 17:08:25.621 8 WARNING neutron.quota.resource_registry [None req-73d96302-279f-4e78-a920-32f6de18ed74 - - - - - -] ikepolicy is already registered
2026-04-01 17:08:25.622 8 INFO neutron.quota.resource_registry [None req-73d96302-279f-4e78-a920-32f6de18ed74 - - - - - -] Creating instance of CountableResource for resource:ipsecpolicy
2026-04-01 17:08:25.622 8 WARNING neutron.quota.resource_registry [None req-73d96302-279f-4e78-a920-32f6de18ed74 - - - - - -] ipsecpolicy is already registered
2026-04-01 17:08:25.623 8 INFO neutron.quota.resource_registry [None req-73d96302-279f-4e78-a920-32f6de18ed74 - - - - - -] Creating instance of CountableResource for resource:endpoint_group
2026-04-01 17:08:25.623 8 WARNING neutron.quota.resource_registry [None req-73d96302-279f-4e78-a920-32f6de18ed74 - - - - - -] endpoint_group is already registered
2026-04-01 17:08:25.623 8 INFO neutron.quota.resource_registry [None req-73d96302-279f-4e78-a920-32f6de18ed74 - - - - - -] Creating instance of CountableResource for resource:vpnservice
2026-04-01 17:08:25.624 8 WARNING neutron.quota.resource_registry [None req-73d96302-279f-4e78-a920-32f6de18ed74 - - - - - -] vpnservice is already registered
2026-04-01 17:08:25.624 8 INFO neutron.quota.resource_registry [None req-73d96302-279f-4e78-a920-32f6de18ed74 - - - - - -] Creating instance of CountableResource for resource:ipsec_site_connection
2026-04-01 17:08:25.624 8 WARNING neutron.quota.resource_registry [None req-73d96302-279f-4e78-a920-32f6de18ed74 - - - - - -] ipsec_site_connection is already registered
2026-04-01 17:08:25.625 8 INFO neutron.quota.resource_registry [None req-73d96302-279f-4e78-a920-32f6de18ed74 - - - - - -] Creating instance of CountableResource for resource:ipsecpolicy
2026-04-01 17:08:25.625 8 WARNING neutron.quota.resource_registry [None req-73d96302-279f-4e78-a920-32f6de18ed74 - - - - - -] ipsecpolicy is already registered
2026-04-01 17:08:25.625 8 INFO neutron.quota.resource_registry [None req-73d96302-279f-4e78-a920-32f6de18ed74 - - - - - -] Creating instance of CountableResource for resource:ikepolicy
2026-04-01 17:08:25.626 8 WARNING neutron.quota.resource_registry [None req-73d96302-279f-4e78-a920-32f6de18ed74 - - - - - -] ikepolicy is already registered
2026-04-01 17:08:25.662 8 WARNING keystonemiddleware._common.config [None req-73d96302-279f-4e78-a920-32f6de18ed74 - - - - - -] The option "audit_map_file" is not known to keystonemiddleware
2026-04-01 17:08:25.669 8 WARNING oslo_config.cfg [None req-73d96302-279f-4e78-a920-32f6de18ed74 - - - - - -] Deprecated: Option "auth_uri" from group "keystone_authtoken" is deprecated. Use option "www_authenticate_uri" from group "keystone_authtoken".
2026-04-01 17:08:25.689 8 WARNING neutron.plugins.ml2.drivers.ovn.mech_driver.mech_driver [None req-73d96302-279f-4e78-a920-32f6de18ed74 - - - - - -] uWSGI must provide a start time using the configuration parameter "start-time %t" in the configuration file
2026-04-01 17:08:25.698 7 INFO neutron.plugins.ml2.drivers.ovn.mech_driver.ovsdb.impl_idl_ovn [None req-e7f4cdc5-c075-45ce-bacd-ae000f1566fd - - - - - -] Getting OvsdbSbOvnIdl for WorkerService with retry
2026-04-01 17:08:25.705 8 INFO neutron.db.ovn_hash_ring_db [None req-73d96302-279f-4e78-a920-32f6de18ed74 - - - - - -] Nodes from host "neutron-server-fbb8d69cf-g4m2r" and group "mechanism_driver" removed from the Hash Ring created at
2026-04-01 17:08:25+00:00
2026-04-01 17:08:25.707 8 INFO neutron.db.ovn_hash_ring_db [None req-73d96302-279f-4e78-a920-32f6de18ed74 - - - - - -] Node f437f765663d5e9b958d29e2363bcd87 from host "neutron-server-fbb8d69cf-g4m2r" and group "mechanism_driver" added to the Hash Ring
2026-04-01 17:08:25.715 8 INFO neutron.plugins.ml2.drivers.ovn.mech_driver.mech_driver [None req-73d96302-279f-4e78-a920-32f6de18ed74 - - - - - -] Hash Ring probing thread for node f437f765663d5e9b958d29e2363bcd87 has started
2026-04-01 17:08:25.716 8 INFO neutron.plugins.ml2.drivers.ovn.mech_driver.ovsdb.impl_idl_ovn [None req-73d96302-279f-4e78-a920-32f6de18ed74 - - - - - -] Getting OvsdbNbOvnIdl for WorkerService with retry
2026-04-01 17:08:25.727 7 INFO ovsdbapp.backend.ovs_idl.vlog [None req-e7f4cdc5-c075-45ce-bacd-ae000f1566fd - - - - - -] tcp:10.110.200.253:6642: connecting...
2026-04-01 17:08:25.727 7 INFO ovsdbapp.backend.ovs_idl.vlog [None req-e7f4cdc5-c075-45ce-bacd-ae000f1566fd - - - - - -] tcp:10.110.200.253:6642: connected
2026-04-01 17:08:25.750 8 INFO ovsdbapp.backend.ovs_idl.vlog [None req-73d96302-279f-4e78-a920-32f6de18ed74 - - - - - -] tcp:10.98.7.75:6641: connecting...
2026-04-01 17:08:25.751 8 INFO ovsdbapp.backend.ovs_idl.vlog [None req-73d96302-279f-4e78-a920-32f6de18ed74 - - - - - -] tcp:10.98.7.75:6641: connected
2026-04-01 17:08:25.758 7 INFO neutron.plugins.ml2.drivers.ovn.mech_driver.mech_driver [None req-e7f4cdc5-c075-45ce-bacd-ae000f1566fd - - - - - -] WorkerService process has finished the post initialization
2026-04-01 17:08:25.759 7 INFO neutron.plugins.ml2.drivers.ovn.mech_driver.ovsdb.extensions.qos [-] Starting OVNClientQosExtension
2026-04-01 17:08:25.760 7 INFO neutron.plugins.ml2.drivers.ovn.mech_driver.ovsdb.extensions.placement [-] Starting OVNClientPlacementExtension
2026-04-01 17:08:25.783 7 INFO ovsdbapp.backend.ovs_idl.vlog [None req-e7f4cdc5-c075-45ce-bacd-ae000f1566fd - - - - - -] tcp:10.98.7.75:6641: connecting...
2026-04-01 17:08:25.783 7 INFO ovsdbapp.backend.ovs_idl.vlog [None req-e7f4cdc5-c075-45ce-bacd-ae000f1566fd - - - - - -] tcp:10.98.7.75:6641: connected
2026-04-01 17:08:25.807 8 INFO neutron.plugins.ml2.drivers.ovn.mech_driver.ovsdb.impl_idl_ovn [None req-73d96302-279f-4e78-a920-32f6de18ed74 - - - - - -] Getting OvsdbSbOvnIdl for WorkerService with retry
2026-04-01 17:08:25.824 7 INFO ovsdbapp.backend.ovs_idl.vlog [None req-e7f4cdc5-c075-45ce-bacd-ae000f1566fd - - - - - -] tcp:10.98.7.75:6641: connecting...
2026-04-01 17:08:25.825 7 INFO ovsdbapp.backend.ovs_idl.vlog [None req-e7f4cdc5-c075-45ce-bacd-ae000f1566fd - - - - - -] tcp:10.98.7.75:6641: connected
2026-04-01 17:08:25.829 8 INFO ovsdbapp.backend.ovs_idl.vlog [None req-73d96302-279f-4e78-a920-32f6de18ed74 - - - - - -] tcp:10.110.200.253:6642: connecting...
2026-04-01 17:08:25.829 8 INFO ovsdbapp.backend.ovs_idl.vlog [None req-73d96302-279f-4e78-a920-32f6de18ed74 - - - - - -] tcp:10.110.200.253:6642: connected WSGI app 0 (mountpoint='') ready in 10 seconds on interpreter 0x7fbf97c76668 pid: 7 (default app)
2026-04-01 17:08:25.870 8 INFO neutron.plugins.ml2.drivers.ovn.mech_driver.mech_driver [None req-73d96302-279f-4e78-a920-32f6de18ed74 - - - - - -] WorkerService process has finished the post initialization
2026-04-01 17:08:25.896 8 INFO ovsdbapp.backend.ovs_idl.vlog [None req-73d96302-279f-4e78-a920-32f6de18ed74 - - - - - -] tcp:10.98.7.75:6641: connecting...
2026-04-01 17:08:25.896 8 INFO ovsdbapp.backend.ovs_idl.vlog [None req-73d96302-279f-4e78-a920-32f6de18ed74 - - - - - -] tcp:10.98.7.75:6641: connected
2026-04-01 17:08:25.947 8 INFO ovsdbapp.backend.ovs_idl.vlog [None req-73d96302-279f-4e78-a920-32f6de18ed74 - - - - - -] tcp:10.98.7.75:6641: connecting...
2026-04-01 17:08:25.947 8 INFO ovsdbapp.backend.ovs_idl.vlog [None req-73d96302-279f-4e78-a920-32f6de18ed74 - - - - - -] tcp:10.98.7.75:6641: connected WSGI app 0 (mountpoint='') ready in 10 seconds on interpreter 0x7fbf97c76668 pid: 8 (default app) /var/lib/openstack/lib/python3.12/site-packages/pycadf/identifier.py:70: UserWarning: Invalid uuid: unknown. To ensure interoperability, identifiers should be a valid uuid. warnings.warn(('Invalid uuid: %s. To ensure interoperability, '
2026-04-01 17:08:33.153 8 INFO neutron.pecan_wsgi.hooks.translation [None req-61df1a94-6e6b-416b-b210-683da31251dc 386080364fe14d2c9f3f61ebc947ca3c bcbb8d3db7eb4897a431c6d96031f640 - - default default] GET failed (client error): The resource could not be found. [pid: 8|app: 0|req: 1/4] 199.19.213.205 () {44 vars in 926 bytes} [Wed Apr 1 17:08:32 2026] GET /v2.0/networks/public => generated 108 bytes in 831 msecs (HTTP/1.1 404) 4 headers in 164 bytes (1 switches on core 0) /var/lib/openstack/lib/python3.12/site-packages/pycadf/identifier.py:70: UserWarning: Invalid uuid: unknown. To ensure interoperability, identifiers should be a valid uuid. warnings.warn(('Invalid uuid: %s. To ensure interoperability, ' [pid: 7|app: 0|req: 4/5] 199.19.213.205 () {44 vars in 948 bytes} [Wed Apr 1 17:08:33 2026] GET /v2.0/networks?name=public => generated 15 bytes in 368 msecs (HTTP/1.1 200) 4 headers in 156 bytes (1 switches on core 0)
2026-04-01 17:08:33.869 8 INFO neutron.plugins.ml2.drivers.ovn.mech_driver.ovsdb.extensions.qos [None req-54f8be02-9a17-402b-9925-40631ddbc8e7 386080364fe14d2c9f3f61ebc947ca3c bcbb8d3db7eb4897a431c6d96031f640 - - default default] Starting OVNClientQosExtension
2026-04-01 17:08:33.869 8 INFO neutron.plugins.ml2.drivers.ovn.mech_driver.ovsdb.extensions.placement [None req-54f8be02-9a17-402b-9925-40631ddbc8e7 386080364fe14d2c9f3f61ebc947ca3c bcbb8d3db7eb4897a431c6d96031f640 - - default default] Starting OVNClientPlacementExtension
2026-04-01 17:08:33.912 8 INFO neutron.db.ovn_revision_numbers_db [None req-54f8be02-9a17-402b-9925-40631ddbc8e7 386080364fe14d2c9f3f61ebc947ca3c bcbb8d3db7eb4897a431c6d96031f640 - - default default] Successfully bumped revision number for resource ba760997-b2fa-427e-90b5-bc34fe3a5451 (type: security_groups) to 1
2026-04-01 17:08:33.927 8 INFO neutron.db.ovn_revision_numbers_db [None req-54f8be02-9a17-402b-9925-40631ddbc8e7 386080364fe14d2c9f3f61ebc947ca3c bcbb8d3db7eb4897a431c6d96031f640 - - default default] Successfully bumped revision number for resource 252c6daf-6613-4ec9-bc48-226d4bb9a707 (type: security_group_rules) to 0
2026-04-01 17:08:33.943 8 INFO neutron.db.ovn_revision_numbers_db [None req-54f8be02-9a17-402b-9925-40631ddbc8e7 386080364fe14d2c9f3f61ebc947ca3c bcbb8d3db7eb4897a431c6d96031f640 - - default default] Successfully bumped revision number for resource 75d8405e-8928-44f2-a942-87cb99898dc0 (type: security_group_rules) to 0
2026-04-01 17:08:33.954 8 INFO neutron.db.ovn_revision_numbers_db [None req-54f8be02-9a17-402b-9925-40631ddbc8e7 386080364fe14d2c9f3f61ebc947ca3c bcbb8d3db7eb4897a431c6d96031f640 - - default default] Successfully bumped revision number for resource a60b5e2e-f05e-45d6-a20a-5d3a886fccd1 (type: security_group_rules) to 0
2026-04-01 17:08:33.963 8 INFO neutron.db.ovn_revision_numbers_db [None req-54f8be02-9a17-402b-9925-40631ddbc8e7 386080364fe14d2c9f3f61ebc947ca3c bcbb8d3db7eb4897a431c6d96031f640 - - default default] Successfully bumped revision number for resource ac117862-874e-45f7-8b7f-469ced3896bc (type: security_group_rules) to 0
2026-04-01 17:08:34.047 8 WARNING neutron.services.revisions.revision_plugin [None req-54f8be02-9a17-402b-9925-40631ddbc8e7 386080364fe14d2c9f3f61ebc947ca3c bcbb8d3db7eb4897a431c6d96031f640 - - default default] Could not find related network for resource to bump revision.
2026-04-01 17:08:34.066 8 INFO neutron.db.segments_db [None req-54f8be02-9a17-402b-9925-40631ddbc8e7 386080364fe14d2c9f3f61ebc947ca3c bcbb8d3db7eb4897a431c6d96031f640 - - default default] Added segment 2f5fbfed-fec5-4c10-8fc6-c29469dc1617 of type flat for network 36cf73e1-708e-45e1-a5cb-74f9c29227ec
2026-04-01 17:08:34.186 7 INFO neutron.plugins.ml2.drivers.ovn.mech_driver.mech_driver [-] OVN reports status down for port: provnet-2f5fbfed-fec5-4c10-8fc6-c29469dc1617
2026-04-01 17:08:34.204 8 INFO neutron.db.ovn_revision_numbers_db [None req-54f8be02-9a17-402b-9925-40631ddbc8e7 386080364fe14d2c9f3f61ebc947ca3c bcbb8d3db7eb4897a431c6d96031f640 - - default default] Successfully bumped revision number for resource 36cf73e1-708e-45e1-a5cb-74f9c29227ec (type: networks) to 1
2026-04-01 17:08:34.449 8 WARNING neutron.scheduler.dhcp_agent_scheduler [None req-54f8be02-9a17-402b-9925-40631ddbc8e7 386080364fe14d2c9f3f61ebc947ca3c bcbb8d3db7eb4897a431c6d96031f640 - - default default] No more DHCP agents
2026-04-01 17:08:34.451 8 WARNING neutron.api.rpc.agentnotifiers.dhcp_rpc_agent_api [None req-54f8be02-9a17-402b-9925-40631ddbc8e7 386080364fe14d2c9f3f61ebc947ca3c bcbb8d3db7eb4897a431c6d96031f640 - - default default] Unable to schedule network 36cf73e1-708e-45e1-a5cb-74f9c29227ec: no agents available; will retry on subsequent port and subnet creation events.
2026-04-01 17:08:34.506 7 INFO neutron.plugins.ml2.drivers.ovn.mech_driver.mech_driver [None req-9862f1af-ec51-40d6-951d-a5044569760a - - - - - -] OVN reports status down for port: 54e93a78-696f-4176-bac9-99dd1db92fee
2026-04-01 17:08:34.725 8 INFO neutron.db.ovn_revision_numbers_db [None req-54f8be02-9a17-402b-9925-40631ddbc8e7 386080364fe14d2c9f3f61ebc947ca3c bcbb8d3db7eb4897a431c6d96031f640 - - default default] Successfully bumped revision number for resource 54e93a78-696f-4176-bac9-99dd1db92fee (type: ports) to 1 [pid: 8|app: 0|req: 2/6] 199.19.213.205 () {48 vars in 966 bytes} [Wed Apr 1 17:08:33 2026] POST /v2.0/networks => generated 744 bytes in 1220 msecs (HTTP/1.1 201) 4 headers in 162 bytes (1 switches on core 0)
2026-04-01 17:08:36.073 7 INFO neutron.pecan_wsgi.hooks.translation [None req-71052775-f83e-4373-85c4-0d6bc7bf472b 386080364fe14d2c9f3f61ebc947ca3c bcbb8d3db7eb4897a431c6d96031f640 - - default default] GET failed (client error): The resource could not be found. [pid: 7|app: 0|req: 5/7] 199.19.213.205 () {44 vars in 926 bytes} [Wed Apr 1 17:08:35 2026] GET /v2.0/networks/public => generated 108 bytes in 372 msecs (HTTP/1.1 404) 4 headers in 164 bytes (1 switches on core 0) [pid: 8|app: 0|req: 3/8] 199.19.213.205 () {44 vars in 948 bytes} [Wed Apr 1 17:08:36 2026] GET /v2.0/networks?name=public => generated 753 bytes in 42 msecs (HTTP/1.1 200) 4 headers in 157 bytes (1 switches on core 0)
2026-04-01 17:08:36.155 7 INFO neutron.pecan_wsgi.hooks.translation [None req-5533e0af-3edf-42aa-af86-64a3fdbb4d8b 386080364fe14d2c9f3f61ebc947ca3c bcbb8d3db7eb4897a431c6d96031f640 - - default default] GET failed (client error): The resource could not be found. [pid: 7|app: 0|req: 6/9] 199.19.213.205 () {44 vars in 1033 bytes} [Wed Apr 1 17:08:36 2026] GET /v2.0/subnets/public-subnet?network_id=36cf73e1-708e-45e1-a5cb-74f9c29227ec => generated 113 bytes in 28 msecs (HTTP/1.1 404) 4 headers in 164 bytes (1 switches on core 0) [pid: 8|app: 0|req: 4/10] 199.19.213.205 () {44 vars in 1056 bytes} [Wed Apr 1 17:08:36 2026] GET /v2.0/subnets?name=public-subnet&network_id=36cf73e1-708e-45e1-a5cb-74f9c29227ec => generated 14 bytes in 24 msecs (HTTP/1.1 200) 4 headers in 156 bytes (1 switches on core 0)
2026-04-01 17:08:36.637 7 WARNING neutron.scheduler.dhcp_agent_scheduler [None req-bd72bb9b-b3a7-4dcc-a13d-afef068a8de5 386080364fe14d2c9f3f61ebc947ca3c bcbb8d3db7eb4897a431c6d96031f640 - - default default] No more DHCP agents
2026-04-01 17:08:36.638 7 WARNING neutron.api.rpc.agentnotifiers.dhcp_rpc_agent_api [None req-bd72bb9b-b3a7-4dcc-a13d-afef068a8de5 386080364fe14d2c9f3f61ebc947ca3c bcbb8d3db7eb4897a431c6d96031f640 - - default default] Unable to schedule network 36cf73e1-708e-45e1-a5cb-74f9c29227ec: no agents available; will retry on subsequent port and subnet creation events.
2026-04-01 17:08:37.427 7 INFO neutron.db.ovn_revision_numbers_db [None req-8c08e31e-8880-45a6-aa46-e4169f9aeb6b - - - - - -] Successfully bumped revision number for resource 54e93a78-696f-4176-bac9-99dd1db92fee (type: ports) to 2
2026-04-01 17:08:37.477 7 INFO neutron.db.ovn_revision_numbers_db [None req-8c08e31e-8880-45a6-aa46-e4169f9aeb6b - - - - - -] Successfully bumped revision number for resource b52ba9e2-a7aa-48d6-9de8-eec9f96700f0 (type: subnets) to 0 [pid: 7|app: 0|req: 7/11] 199.19.213.205 () {48 vars in 964 bytes} [Wed Apr 1 17:08:36 2026] POST /v2.0/subnets => generated 664 bytes in 1308 msecs (HTTP/1.1 201) 4 headers in 162 bytes (1 switches on core 0)
2026-04-01 17:13:21.156 7 INFO neutron.pecan_wsgi.hooks.translation [None req-5606676a-312b-4b86-9769-b580f08b6761 386080364fe14d2c9f3f61ebc947ca3c bcbb8d3db7eb4897a431c6d96031f640 - - default default] GET failed (client error): The resource could not be found. [pid: 7|app: 0|req: 25/47] 199.19.213.205 () {44 vars in 936 bytes} [Wed Apr 1 17:13:21 2026] GET /v2.0/networks/lb-mgmt-net => generated 113 bytes in 111 msecs (HTTP/1.1 404) 4 headers in 164 bytes (1 switches on core 0) [pid: 8|app: 0|req: 23/48] 199.19.213.205 () {44 vars in 958 bytes} [Wed Apr 1 17:13:21 2026] GET /v2.0/networks?name=lb-mgmt-net => generated 15 bytes in 17 msecs (HTTP/1.1 200) 4 headers in 156 bytes (1 switches on core 0)
2026-04-01 17:13:21.269 7 INFO neutron.db.segments_db [None req-a5a17ea2-6cbd-4117-a5c1-d9857f30a89e 386080364fe14d2c9f3f61ebc947ca3c bcbb8d3db7eb4897a431c6d96031f640 - - default default] Added segment 2440740c-66c0-432b-b85e-595cd1ed1f3e of type geneve for network 782d0cc2-6c9d-4881-ba23-bfbd1019f5f5
2026-04-01 17:13:21.415 7 INFO neutron.db.ovn_revision_numbers_db [None req-a5a17ea2-6cbd-4117-a5c1-d9857f30a89e 386080364fe14d2c9f3f61ebc947ca3c bcbb8d3db7eb4897a431c6d96031f640 - - default default] Successfully bumped revision number for resource 782d0cc2-6c9d-4881-ba23-bfbd1019f5f5 (type: networks) to 1
2026-04-01 17:13:21.591 7 WARNING neutron.scheduler.dhcp_agent_scheduler [None req-a5a17ea2-6cbd-4117-a5c1-d9857f30a89e 386080364fe14d2c9f3f61ebc947ca3c bcbb8d3db7eb4897a431c6d96031f640 - - default default] No more DHCP agents
