2026-04-01 17:43:45.759 8 INFO neutron.db.ovn_revision_numbers_db [None req-26430f4d-8f56-43bb-87ab-e8b6c161d263 - - - - - -] Successfully bumped revision number for resource 4f9fab10-e3aa-4297-a747-9d8713e7a3e9 (type: ports) to 1
2026-04-01 17:43:45.790 8 INFO neutron.plugins.ml2.drivers.ovn.mech_driver.mech_driver [None req-e317c7f0-f84c-4eb9-80fd-bc523db5a0f6 - - - - - -] OVN reports status down for port: 30cdb6d4-d4d2-4bb9-a068-f1ad89211169
2026-04-01 17:43:45.979 8 INFO neutron.notifiers.nova [-] Nova event matching ['req-89c4e4ec-36be-483f-9209-ae80d6e47199'] response: {'server_uuid': 'cf71a51a-c3a8-4154-bd4a-3e8206bc3ee3', 'name': 'network-vif-unplugged', 'status': 'completed', 'tag': '30cdb6d4-d4d2-4bb9-a068-f1ad89211169', 'code': 200}
2026-04-01 17:43:46.195 8 INFO neutron.db.ovn_revision_numbers_db [None req-26430f4d-8f56-43bb-87ab-e8b6c161d263 - - - - - -] Successfully bumped revision number for resource 4f9fab10-e3aa-4297-a747-9d8713e7a3e9 (type: ports) to 3
2026-04-01 17:43:46.220 8 INFO neutron.db.ovn_revision_numbers_db [None req-e317c7f0-f84c-4eb9-80fd-bc523db5a0f6 - - - - - -] Successfully bumped revision number for resource 30cdb6d4-d4d2-4bb9-a068-f1ad89211169 (type: ports) to 6
2026-04-01 17:43:46.268 8 INFO neutron.db.segments_db [None req-26430f4d-8f56-43bb-87ab-e8b6c161d263 - - - - - -] Added segment 8e883c96-1152-48d1-963a-abb70610af0a of type geneve for network e8214e3f-ad15-4c99-b71a-ba00a9f54a9d
2026-04-01 17:43:46.359 7 INFO neutron.db.ovn_revision_numbers_db [None req-e2470c10-7206-4a7a-be43-ef7f426e38ef 45c06358bb4d45c99c2f6baa7ca4b6f2 6d0fbeb937c241b6b1f637e6e7eed1a7 - - default default] Successfully bumped revision number for resource 076f1dfa-3a41-4154-8ced-43701af92502 (type: security_groups) to 1
2026-04-01 17:43:46.374 7 INFO neutron.db.ovn_revision_numbers_db [None req-e2470c10-7206-4a7a-be43-ef7f426e38ef 45c06358bb4d45c99c2f6baa7ca4b6f2 6d0fbeb937c241b6b1f637e6e7eed1a7 - - default default] Successfully bumped revision number for resource 145e53ba-002c-4fc2-9e51-930fb54d5aa8 (type: security_group_rules) to 0
2026-04-01 17:43:46.386 7 INFO neutron.db.ovn_revision_numbers_db [None req-e2470c10-7206-4a7a-be43-ef7f426e38ef 45c06358bb4d45c99c2f6baa7ca4b6f2 6d0fbeb937c241b6b1f637e6e7eed1a7 - - default default] Successfully bumped revision number for resource b8b17ead-474a-4b25-9a0d-611ebfff211b (type: security_group_rules) to 0
2026-04-01 17:43:46.399 8 INFO neutron.db.ovn_revision_numbers_db [None req-1d09c398-720e-482d-872d-e6903da3f937 - - - - - -] Successfully bumped revision number for resource e8214e3f-ad15-4c99-b71a-ba00a9f54a9d (type: networks) to 1
2026-04-01 17:43:46.403 7 INFO neutron.db.ovn_revision_numbers_db [None req-e2470c10-7206-4a7a-be43-ef7f426e38ef 45c06358bb4d45c99c2f6baa7ca4b6f2 6d0fbeb937c241b6b1f637e6e7eed1a7 - - default default] Successfully bumped revision number for resource fccd81c6-d15e-40ae-a7e0-8fd4db26ac7f (type: security_group_rules) to 0
2026-04-01 17:43:46.437 7 INFO neutron.db.ovn_revision_numbers_db [None req-e2470c10-7206-4a7a-be43-ef7f426e38ef 45c06358bb4d45c99c2f6baa7ca4b6f2 6d0fbeb937c241b6b1f637e6e7eed1a7 - - default default] Successfully bumped revision number for resource fd3b93f7-1e73-4ee8-ac36-dcb48baa355e (type: security_group_rules) to 0
2026-04-01 17:43:46.533 7 INFO neutron.db.segments_db [None req-e2470c10-7206-4a7a-be43-ef7f426e38ef 45c06358bb4d45c99c2f6baa7ca4b6f2 6d0fbeb937c241b6b1f637e6e7eed1a7 - - default default] Added segment a60c96b6-4360-4d54-a76e-4146199f7d77 of type geneve for network 288f9f2c-7639-4fa3-99ce-de9fc9da3788
2026-04-01 17:43:46.538 8 WARNING neutron.scheduler.dhcp_agent_scheduler [None req-1d09c398-720e-482d-872d-e6903da3f937 - - - - - -] No more DHCP agents
2026-04-01 17:43:46.539 8 WARNING neutron.api.rpc.agentnotifiers.dhcp_rpc_agent_api [None req-1d09c398-720e-482d-872d-e6903da3f937 - - - - - -] Unable to schedule network e8214e3f-ad15-4c99-b71a-ba00a9f54a9d: no agents available; will retry on subsequent port and subnet creation events.
2026-04-01 17:43:46.586 8 INFO neutron.plugins.ml2.drivers.ovn.mech_driver.mech_driver [None req-876599be-2ab5-4083-aa8b-03f44e4b07e3 - - - - - -] OVN reports status down for port: d925d397-80c0-4e3d-adb1-257f38f92700
2026-04-01 17:43:46.643 8 INFO neutron.db.ovn_revision_numbers_db [None req-1d09c398-720e-482d-872d-e6903da3f937 - - - - - -] Successfully bumped revision number for resource d925d397-80c0-4e3d-adb1-257f38f92700 (type: ports) to 1
2026-04-01 17:43:46.660 7 INFO neutron.db.segments_db [None req-e2470c10-7206-4a7a-be43-ef7f426e38ef 45c06358bb4d45c99c2f6baa7ca4b6f2 6d0fbeb937c241b6b1f637e6e7eed1a7 - - default default] Added segment f304c914-8062-4aeb-a758-25e6d2aa0c12 of type geneve for network 5439cd40-67ea-4991-b5b7-794c43cbd31e
2026-04-01 17:43:46.785 8 WARNING neutron.scheduler.dhcp_agent_scheduler [None req-1d09c398-720e-482d-872d-e6903da3f937 - - - - - -] No more DHCP agents
2026-04-01 17:43:46.786 8 WARNING neutron.api.rpc.agentnotifiers.dhcp_rpc_agent_api [None req-1d09c398-720e-482d-872d-e6903da3f937 - - - - - -] Unable to schedule network e8214e3f-ad15-4c99-b71a-ba00a9f54a9d: no agents available; will retry on subsequent port and subnet creation events.
2026-04-01 17:43:46.799 7 INFO neutron.db.ovn_revision_numbers_db [None req-e2470c10-7206-4a7a-be43-ef7f426e38ef 45c06358bb4d45c99c2f6baa7ca4b6f2 6d0fbeb937c241b6b1f637e6e7eed1a7 - - default default] Successfully bumped revision number for resource 288f9f2c-7639-4fa3-99ce-de9fc9da3788 (type: networks) to 1
2026-04-01 17:43:46.812 8 INFO neutron.db.ovn_revision_numbers_db [None req-1d09c398-720e-482d-872d-e6903da3f937 - - - - - -] Successfully bumped revision number for resource 9190432a-8b1f-43c8-a9a9-67df86aff6d2 (type: subnets) to 0
2026-04-01 17:43:46.976 7 WARNING neutron.scheduler.dhcp_agent_scheduler [None req-e2470c10-7206-4a7a-be43-ef7f426e38ef 45c06358bb4d45c99c2f6baa7ca4b6f2 6d0fbeb937c241b6b1f637e6e7eed1a7 - - default default] No more DHCP agents
2026-04-01 17:43:46.977 7 WARNING neutron.api.rpc.agentnotifiers.dhcp_rpc_agent_api [None req-e2470c10-7206-4a7a-be43-ef7f426e38ef 45c06358bb4d45c99c2f6baa7ca4b6f2 6d0fbeb937c241b6b1f637e6e7eed1a7 - - default default] Unable to schedule network 288f9f2c-7639-4fa3-99ce-de9fc9da3788: no agents available; will retry on subsequent port and subnet creation events.
2026-04-01 17:43:47.034 8 INFO neutron.plugins.ml2.drivers.ovn.mech_driver.mech_driver [None req-876599be-2ab5-4083-aa8b-03f44e4b07e3 - - - - - -] OVN reports status down for port: a0b4a7f7-4042-4b7d-8e31-f054d6a2ac24
2026-04-01 17:43:47.062 7 INFO neutron.db.ovn_revision_numbers_db [None req-e2470c10-7206-4a7a-be43-ef7f426e38ef 45c06358bb4d45c99c2f6baa7ca4b6f2 6d0fbeb937c241b6b1f637e6e7eed1a7 - - default default] Successfully bumped revision number for resource a0b4a7f7-4042-4b7d-8e31-f054d6a2ac24 (type: ports) to 1
2026-04-01 17:43:47.139 7 INFO neutron.db.ovn_revision_numbers_db [None req-e2470c10-7206-4a7a-be43-ef7f426e38ef 45c06358bb4d45c99c2f6baa7ca4b6f2 6d0fbeb937c241b6b1f637e6e7eed1a7 - - default default] Successfully bumped revision number for resource 5439cd40-67ea-4991-b5b7-794c43cbd31e (type: networks) to 1
2026-04-01 17:43:47.252 8 WARNING neutron.scheduler.dhcp_agent_scheduler [None req-1d09c398-720e-482d-872d-e6903da3f937 - - - - - -] No more DHCP agents
2026-04-01 17:43:47.254 8 WARNING neutron.api.rpc.agentnotifiers.dhcp_rpc_agent_api [None req-1d09c398-720e-482d-872d-e6903da3f937 - - - - - -] Unable to schedule network e8214e3f-ad15-4c99-b71a-ba00a9f54a9d: no agents available; will retry on subsequent port and subnet creation events.
2026-04-01 17:43:47.320 7 WARNING neutron.scheduler.dhcp_agent_scheduler [None req-e2470c10-7206-4a7a-be43-ef7f426e38ef 45c06358bb4d45c99c2f6baa7ca4b6f2 6d0fbeb937c241b6b1f637e6e7eed1a7 - - default default] No more DHCP agents
2026-04-01 17:43:47.322 7 WARNING neutron.api.rpc.agentnotifiers.dhcp_rpc_agent_api [None req-e2470c10-7206-4a7a-be43-ef7f426e38ef 45c06358bb4d45c99c2f6baa7ca4b6f2 6d0fbeb937c241b6b1f637e6e7eed1a7 - - default default] Unable to schedule network 5439cd40-67ea-4991-b5b7-794c43cbd31e: no agents available; will retry on subsequent port and subnet creation events.
2026-04-01 17:43:47.352 8 INFO neutron.plugins.ml2.drivers.ovn.mech_driver.mech_driver [None req-876599be-2ab5-4083-aa8b-03f44e4b07e3 - - - - - -] OVN reports status down for port: 20feafc1-9135-4ff5-8026-d9861c5de892
2026-04-01 17:43:47.418 7 INFO neutron.db.ovn_revision_numbers_db [None req-e2470c10-7206-4a7a-be43-ef7f426e38ef 45c06358bb4d45c99c2f6baa7ca4b6f2 6d0fbeb937c241b6b1f637e6e7eed1a7 - - default default] Successfully bumped revision number for resource 8be94000-c0d1-4945-9b00-0b4cca56ec20 (type: ports) to 1
2026-04-01 17:43:47.423 8 INFO neutron.db.ovn_revision_numbers_db [None req-1d09c398-720e-482d-872d-e6903da3f937 - - - - - -] Successfully bumped revision number for resource 20feafc1-9135-4ff5-8026-d9861c5de892 (type: ports) to 1 [pid: 7|app: 0|req: 995/1969] 10.0.0.197 () {34 vars in 669 bytes} [Wed Apr 1 17:43:45 2026] POST /v2.0/networks => generated 1284 bytes in 1936 msecs (HTTP/1.1 201) 4 headers in 163 bytes (1 switches on core 0)
2026-04-01 17:43:47.535 7 INFO neutron.db.segments_db [None req-370f289a-b45b-49c6-8bfb-577f67b2c906 b6b48c2fb9ca4e0188a5021618c41558 c55e15e8f05246dab5f7264dfa402b49 - - default default] Added segment f151ca1e-aaa8-4987-acee-99ca2d6a2a24 of type geneve for network 7c9aaf19-7124-4328-8a48-cdce1cde54ee
2026-04-01 17:43:47.652 7 INFO neutron.db.ovn_revision_numbers_db [None req-370f289a-b45b-49c6-8bfb-577f67b2c906 b6b48c2fb9ca4e0188a5021618c41558 c55e15e8f05246dab5f7264dfa402b49 - - default default] Successfully bumped revision number for resource 7c9aaf19-7124-4328-8a48-cdce1cde54ee (type: networks) to 1
2026-04-01 17:43:47.842 7 WARNING neutron.scheduler.dhcp_agent_scheduler [None req-370f289a-b45b-49c6-8bfb-577f67b2c906 b6b48c2fb9ca4e0188a5021618c41558 c55e15e8f05246dab5f7264dfa402b49 - - default default] No more DHCP agents
2026-04-01 17:43:47.844 7 WARNING neutron.api.rpc.agentnotifiers.dhcp_rpc_agent_api [None req-370f289a-b45b-49c6-8bfb-577f67b2c906 b6b48c2fb9ca4e0188a5021618c41558 c55e15e8f05246dab5f7264dfa402b49 - - default default] Unable to schedule network 7c9aaf19-7124-4328-8a48-cdce1cde54ee: no agents available; will retry on subsequent port and subnet creation events.
2026-04-01 17:43:47.922 7 INFO neutron.db.ovn_revision_numbers_db [None req-370f289a-b45b-49c6-8bfb-577f67b2c906 b6b48c2fb9ca4e0188a5021618c41558 c55e15e8f05246dab5f7264dfa402b49 - - default default] Successfully bumped revision number for resource bc28da59-dd6e-41fd-92f8-bb3060c1b97e (type: ports) to 1 [pid: 7|app: 0|req: 996/1970] 10.0.0.197 () {34 vars in 669 bytes} [Wed Apr 1 17:43:47 2026] POST /v2.0/networks => generated 651 bytes in 507 msecs (HTTP/1.1 201) 4 headers in 162 bytes (1 switches on core 0) [pid: 7|app: 0|req: 997/1971] 10.0.0.210 () {34 vars in 989 bytes} [Wed Apr 1 17:43:47 2026] GET /v2.0/ports?device_id=cf71a51a-c3a8-4154-bd4a-3e8206bc3ee3 => generated 973 bytes in 48 msecs (HTTP/1.1 200) 4 headers in 157 bytes (1 switches on core 0)
2026-04-01 17:43:48.023 8 INFO neutron.notifiers.nova [-] Nova event matching ['req-3868fc32-c7c0-4a41-a179-1de7a28edbca'] response: {'server_uuid': 'cf71a51a-c3a8-4154-bd4a-3e8206bc3ee3', 'name': 'network-vif-unplugged', 'status': 'completed', 'tag': '30cdb6d4-d4d2-4bb9-a068-f1ad89211169', 'code': 200}
2026-04-01 17:43:48.023 8 INFO neutron.plugins.ml2.drivers.ovn.mech_driver.mech_driver [None req-876599be-2ab5-4083-aa8b-03f44e4b07e3 - - - - - -] OVN reports status up for port: 20feafc1-9135-4ff5-8026-d9861c5de892 [pid: 7|app: 0|req: 998/1972] 199.19.213.205 () {34 vars in 993 bytes} [Wed Apr 1 17:43:47 2026] GET /v2.0/ports?device_id=cf71a51a-c3a8-4154-bd4a-3e8206bc3ee3 => generated 973 bytes in 47 msecs (HTTP/1.1 200) 4 headers in 157 bytes (1 switches on core 0)
2026-04-01 17:43:48.061 8 INFO neutron.plugins.ml2.plugin [None req-876599be-2ab5-4083-aa8b-03f44e4b07e3 - - - - - -] Attempt 1 to provision port 20feafc1-9135-4ff5-8026-d9861c5de892 [pid: 7|app: 0|req: 999/1973] 10.0.0.197 () {32 vars in 648 bytes} [Wed Apr 1 17:43:48 2026] GET /v2.0/networks => generated 1971 bytes in 50 msecs (HTTP/1.1 200) 4 headers in 158 bytes (1 switches on core 0)
2026-04-01 17:43:48.158 8 WARNING neutron.scheduler.dhcp_agent_scheduler [None req-1d09c398-720e-482d-872d-e6903da3f937 - - - - - -] No more DHCP agents
2026-04-01 17:43:48.163 8 WARNING neutron.api.rpc.agentnotifiers.dhcp_rpc_agent_api [None req-1d09c398-720e-482d-872d-e6903da3f937 - - - - - -] Unable to schedule network e8214e3f-ad15-4c99-b71a-ba00a9f54a9d: no agents available; will retry on subsequent port and subnet creation events.
2026-04-01 17:43:48.199 7 INFO neutron.db.segments_db [None req-ea196eda-6a27-4ffb-acbf-fd9b7a7e4858 b6b48c2fb9ca4e0188a5021618c41558 c55e15e8f05246dab5f7264dfa402b49 - - default default] Added segment b2ab55f7-422a-4b18-bd9d-00d8a2682873 of type geneve for network 4b868014-7717-432a-a0b0-a895536cbf97
2026-04-01 17:43:48.208 7 WARNING neutron.plugins.ml2.drivers.ovn.mech_driver.ovsdb.ovn_client [None req-92d157b4-7790-4ada-87ad-16476aa7b14e - - - - - -] No hosting information found for port f3203e8b-722a-458d-b49d-eccfc36991a8: RuntimeError: No hosting information found for port f3203e8b-722a-458d-b49d-eccfc36991a8
2026-04-01 17:43:48.208 7 INFO neutron.plugins.ml2.drivers.ovn.mech_driver.mech_driver [None req-92d157b4-7790-4ada-87ad-16476aa7b14e - - - - - -] OVN reports status down for port: 97e3ac84-da94-40b6-bca5-b905242df777
2026-04-01 17:43:48.331 7 WARNING neutron.plugins.ml2.drivers.ovn.mech_driver.ovsdb.ovn_client [None req-92d157b4-7790-4ada-87ad-16476aa7b14e - - - - - -] Logical_Switch_Port %s host information not removed, the port state is up
2026-04-01 17:43:48.333 7 INFO neutron.plugins.ml2.drivers.ovn.mech_driver.mech_driver [None req-92d157b4-7790-4ada-87ad-16476aa7b14e - - - - - -] OVN reports status up for port: 97e3ac84-da94-40b6-bca5-b905242df777
2026-04-01 17:43:48.351 7 INFO neutron.plugins.ml2.plugin [None req-92d157b4-7790-4ada-87ad-16476aa7b14e - - - - - -] Attempt 1 to provision port 97e3ac84-da94-40b6-bca5-b905242df777
2026-04-01 17:43:48.409 7 INFO neutron.db.ovn_revision_numbers_db [None req-ea196eda-6a27-4ffb-acbf-fd9b7a7e4858 b6b48c2fb9ca4e0188a5021618c41558 c55e15e8f05246dab5f7264dfa402b49 - - default default] Successfully bumped revision number for resource 4b868014-7717-432a-a0b0-a895536cbf97 (type: networks) to 1
2026-04-01 17:43:48.715 7 WARNING neutron.scheduler.dhcp_agent_scheduler [None req-ea196eda-6a27-4ffb-acbf-fd9b7a7e4858 b6b48c2fb9ca4e0188a5021618c41558 c55e15e8f05246dab5f7264dfa402b49 - - default default] No more DHCP agents
2026-04-01 17:43:48.719 7 WARNING neutron.api.rpc.agentnotifiers.dhcp_rpc_agent_api [None req-ea196eda-6a27-4ffb-acbf-fd9b7a7e4858 b6b48c2fb9ca4e0188a5021618c41558 c55e15e8f05246dab5f7264dfa402b49 - - default default] Unable to schedule network 4b868014-7717-432a-a0b0-a895536cbf97: no agents available; will retry on subsequent port and subnet creation events.
2026-04-01 17:43:48.851 7 INFO neutron.db.ovn_revision_numbers_db [None req-ea196eda-6a27-4ffb-acbf-fd9b7a7e4858 b6b48c2fb9ca4e0188a5021618c41558 c55e15e8f05246dab5f7264dfa402b49 - - default default] Successfully bumped revision number for resource 47450159-5d4d-476b-9de5-97ff68f85b43 (type: ports) to 1 [pid: 7|app: 0|req: 1000/1974] 10.0.0.197 () {34 vars in 669 bytes} [Wed Apr 1 17:43:48 2026] POST /v2.0/networks => generated 651 bytes in 792 msecs (HTTP/1.1 201) 4 headers in 162 bytes (1 switches on core 0) [pid: 7|app: 0|req: 1001/1975] 10.0.0.210 () {34 vars in 1039 bytes} [Wed Apr 1 17:43:48 2026] GET /v2.0/security-groups?id=efbc5e63-810e-48aa-acea-09c235d6c99c&fields=id&fields=name => generated 88 bytes in 69 msecs (HTTP/1.1 200) 4 headers in 156 bytes (1 switches on core 0)
2026-04-01 17:43:49.034 7 INFO neutron.db.ovn_revision_numbers_db [None req-92d157b4-7790-4ada-87ad-16476aa7b14e - - - - - -] Successfully bumped revision number for resource 97e3ac84-da94-40b6-bca5-b905242df777 (type: ports) to 2
2026-04-01 17:43:49.192 7 INFO neutron_taas.services.taas.taas_plugin [req-d77a9f8e-0289-4bae-9e14-eb433f48e7ff req-01cf5140-fc73-4f2e-8926-aed7ae17bf8c 61505a6ba5a14aff8fb06a44e005cd74 c538cd6d938c4ea18352dea43354725c - - default default] TaaS: Handle Delete Port: 30cdb6d4-d4d2-4bb9-a068-f1ad89211169
2026-04-01 17:43:49.195 7 INFO neutron_taas.services.taas.tap_mirror_plugin [req-d77a9f8e-0289-4bae-9e14-eb433f48e7ff req-01cf5140-fc73-4f2e-8926-aed7ae17bf8c 61505a6ba5a14aff8fb06a44e005cd74 c538cd6d938c4ea18352dea43354725c - - default default] Tap Mirror: Handle Delete Port: 30cdb6d4-d4d2-4bb9-a068-f1ad89211169
2026-04-01 17:43:49.288 8 INFO neutron.db.ovn_revision_numbers_db [None req-876599be-2ab5-4083-aa8b-03f44e4b07e3 - - - - - -] Successfully bumped revision number for resource 20feafc1-9135-4ff5-8026-d9861c5de892 (type: ports) to 2 [pid: 7|app: 0|req: 1002/1976] 199.19.213.205 () {36 vars in 996 bytes} [Wed Apr 1 17:43:48 2026] DELETE /v2.0/ports/30cdb6d4-d4d2-4bb9-a068-f1ad89211169 => generated 0 bytes in 373 msecs (HTTP/1.1 204) 3 headers in 131 bytes (1 switches on core 0)
2026-04-01 17:43:49.367 7 INFO neutron.notifiers.nova [-] Nova event matching ['req-a3d2f03d-7358-4ee9-bfdc-c949ad7d5533'] response: {'server_uuid': 'cf71a51a-c3a8-4154-bd4a-3e8206bc3ee3', 'name': 'network-vif-deleted', 'tag': '30cdb6d4-d4d2-4bb9-a068-f1ad89211169', 'status': 'completed', 'code': 200}
2026-04-01 17:43:49.443 7 INFO neutron_taas.services.taas.taas_plugin [None req-b6e71e3f-2e0d-49bd-a536-bc98624f2f0b 45c06358bb4d45c99c2f6baa7ca4b6f2 6d0fbeb937c241b6b1f637e6e7eed1a7 - - default default] TaaS: Handle Delete Port: a0b4a7f7-4042-4b7d-8e31-f054d6a2ac24
2026-04-01 17:43:49.445 7 INFO neutron_taas.services.taas.tap_mirror_plugin [None req-b6e71e3f-2e0d-49bd-a536-bc98624f2f0b 45c06358bb4d45c99c2f6baa7ca4b6f2 6d0fbeb937c241b6b1f637e6e7eed1a7 - - default default] Tap Mirror: Handle Delete Port: a0b4a7f7-4042-4b7d-8e31-f054d6a2ac24
2026-04-01 17:43:49.546 8 INFO neutron.db.ovn_revision_numbers_db [None req-1d09c398-720e-482d-872d-e6903da3f937 - - - - - -] Successfully bumped revision number for resource 20feafc1-9135-4ff5-8026-d9861c5de892 (type: router_ports) to 1
2026-04-01 17:43:49.656 7 INFO neutron.services.segments.plugin [-] Segment a60c96b6-4360-4d54-a76e-4146199f7d77 resource provider aggregate not found
2026-04-01 17:43:49.658 7 INFO neutron.services.segments.plugin [-] Segment a60c96b6-4360-4d54-a76e-4146199f7d77 resource provider aggregate not found
2026-04-01 17:43:49.672 7 INFO neutron.services.segments.plugin [-] Segment a60c96b6-4360-4d54-a76e-4146199f7d77 resource provider not found; error: Placement Client Error (4xx): {"errors": [{"status": 404, "title": "Not Found", "detail": "The resource could not be found.\n\n No resource provider with uuid a60c96b6-4360-4d54-a76e-4146199f7d77 found for delete ", "request_id": "req-bf6dc7f5-4183-439c-b2bd-d77b24c27ad1"}]}
2026-04-01 17:43:49.683 7 INFO neutron.services.segments.plugin [-] Segment a60c96b6-4360-4d54-a76e-4146199f7d77 resource provider not found; error: Placement Client Error (4xx): {"errors": [{"status": 404, "title": "Not Found", "detail": "The resource could not be found.\n\n No resource provider with uuid a60c96b6-4360-4d54-a76e-4146199f7d77 found for delete ", "request_id": "req-904d0967-82f9-4cc6-b113-a2463f5a1f81"}]} [pid: 7|app: 0|req: 1003/1977] 10.0.0.197 () {32 vars in 725 bytes} [Wed Apr 1 17:43:49 2026] DELETE /v2.0/networks/288f9f2c-7639-4fa3-99ce-de9fc9da3788 => generated 0 bytes in 371 msecs (HTTP/1.1 204) 3 headers in 131 bytes (1 switches on core 0) [pid: 7|app: 0|req: 1004/1978] 10.0.0.197 () {34 vars in 752 bytes} [Wed Apr 1 17:43:49 2026] PUT /v2.0/networks/c0016c96-3e3b-42b9-98e1-f6781b4260ca/tags => generated 17 bytes in 58 msecs (HTTP/1.1 200) 4 headers in 156 bytes (1 switches on core 0)
2026-04-01 17:43:49.769 8 WARNING neutron.scheduler.dhcp_agent_scheduler [None req-1d09c398-720e-482d-872d-e6903da3f937 - - - - - -] No more DHCP agents
2026-04-01 17:43:49.770 8 WARNING neutron.api.rpc.agentnotifiers.dhcp_rpc_agent_api [None req-1d09c398-720e-482d-872d-e6903da3f937 - - - - - -] Unable to schedule network e8214e3f-ad15-4c99-b71a-ba00a9f54a9d: no agents available; will retry on subsequent port and subnet creation events.
2026-04-01 17:43:49.894 8 INFO neutron.db.ovn_revision_numbers_db [None req-1d09c398-720e-482d-872d-e6903da3f937 - - - - - -] Successfully bumped revision number for resource 1fc48f86-e9eb-4095-b1a3-fd369adc2c70 (type: ports) to 1
2026-04-01 17:43:49.897 7 INFO neutron_taas.services.taas.taas_plugin [None req-8365d6f4-b2bd-4a40-8827-c6fc6a2ae70a 45c06358bb4d45c99c2f6baa7ca4b6f2 6d0fbeb937c241b6b1f637e6e7eed1a7 - - default default] TaaS: Handle Delete Port: 8be94000-c0d1-4945-9b00-0b4cca56ec20
2026-04-01 17:43:49.900 7 INFO neutron_taas.services.taas.tap_mirror_plugin [None req-8365d6f4-b2bd-4a40-8827-c6fc6a2ae70a 45c06358bb4d45c99c2f6baa7ca4b6f2 6d0fbeb937c241b6b1f637e6e7eed1a7 - - default default] Tap Mirror: Handle Delete Port: 8be94000-c0d1-4945-9b00-0b4cca56ec20 [pid: 7|app: 0|req: 1005/1979] 10.0.0.197 () {32 vars in 725 bytes} [Wed Apr 1 17:43:49 2026] DELETE /v2.0/networks/5439cd40-67ea-4991-b5b7-794c43cbd31e => generated 0 bytes in 343 msecs (HTTP/1.1 204) 3 headers in 131 bytes (1 switches on core 0)
2026-04-01 17:43:50.142 8 INFO neutron.db.ovn_revision_numbers_db [None req-1d09c398-720e-482d-872d-e6903da3f937 - - - - - -] Successfully bumped revision number for resource 1fc48f86-e9eb-4095-b1a3-fd369adc2c70 (type: ports) to 3 [pid: 7|app: 0|req: 1006/1980] 10.0.0.197 () {34 vars in 752 bytes} [Wed Apr 1 17:43:50 2026] PUT /v2.0/networks/c0535a64-46c4-47f6-a788-b5ff30482579/tags => generated 25 bytes in 63 msecs (HTTP/1.1 200) 4 headers in 156 bytes (1 switches on core 0) [pid: 7|app: 0|req: 1007/1981] 10.0.0.210 () {34 vars in 989 bytes} [Wed Apr 1 17:43:50 2026] GET /v2.0/ports?device_id=cf71a51a-c3a8-4154-bd4a-3e8206bc3ee3 => generated 12 bytes in 20 msecs (HTTP/1.1 200) 4 headers in 156 bytes (1 switches on core 0) [pid: 7|app: 0|req: 1008/1982] 10.0.0.197 () {32 vars in 648 bytes} [Wed Apr 1 17:43:50 2026] GET /v2.0/networks => generated 689 bytes in 43 msecs (HTTP/1.1 200) 4 headers in 157 bytes (1 switches on core 0) [pid: 7|app: 0|req: 1009/1983] 10.0.0.197 () {34 vars in 752 bytes} [Wed Apr 1 17:43:50 2026] PUT /v2.0/networks/e0c441ae-06ff-4969-83e7-95133a908479/tags => generated 34 bytes in 64 msecs (HTTP/1.1 200) 4 headers in 156 bytes (1 switches on core 0) [pid: 8|app: 0|req: 975/1984] 10.0.0.197 () {34 vars in 684 bytes} [Wed Apr 1 17:43:44 2026] POST /v2.0/vpn/vpnservices => generated 457 bytes in 5488 msecs (HTTP/1.1 201) 4 headers in 162 bytes (1 switches on core 0) /var/lib/openstack/lib/python3.12/site-packages/pycadf/identifier.py:70: UserWarning: Invalid uuid: neutron. To ensure interoperability, identifiers should be a valid uuid. warnings.warn(('Invalid uuid: %s. To ensure interoperability, '
2026-04-01 17:43:50.392 7 INFO neutron.db.segments_db [None req-301ca787-2e84-4217-8913-53b4cccd8c4b 45c06358bb4d45c99c2f6baa7ca4b6f2 6d0fbeb937c241b6b1f637e6e7eed1a7 - - default default] Added segment 9557f986-978a-49ff-a3ab-1ba176fb18ff of type geneve for network 33b8b21d-82ef-4267-9296-50d7cf677bdc [pid: 8|app: 0|req: 976/1985] 10.0.0.197 () {34 vars in 752 bytes} [Wed Apr 1 17:43:50 2026] PUT /v2.0/networks/7c9aaf19-7124-4328-8a48-cdce1cde54ee/tags => generated 19 bytes in 60 msecs (HTTP/1.1 200) 4 headers in 156 bytes (1 switches on core 0)
2026-04-01 17:43:50.506 7 INFO neutron.db.ovn_revision_numbers_db [None req-301ca787-2e84-4217-8913-53b4cccd8c4b 45c06358bb4d45c99c2f6baa7ca4b6f2 6d0fbeb937c241b6b1f637e6e7eed1a7 - - default default] Successfully bumped revision number for resource 33b8b21d-82ef-4267-9296-50d7cf677bdc (type: networks) to 1
2026-04-01 17:43:50.697 7 WARNING neutron.scheduler.dhcp_agent_scheduler [None req-301ca787-2e84-4217-8913-53b4cccd8c4b 45c06358bb4d45c99c2f6baa7ca4b6f2 6d0fbeb937c241b6b1f637e6e7eed1a7 - - default default] No more DHCP agents
2026-04-01 17:43:50.699 7 WARNING neutron.api.rpc.agentnotifiers.dhcp_rpc_agent_api [None req-301ca787-2e84-4217-8913-53b4cccd8c4b 45c06358bb4d45c99c2f6baa7ca4b6f2 6d0fbeb937c241b6b1f637e6e7eed1a7 - - default default] Unable to schedule network 33b8b21d-82ef-4267-9296-50d7cf677bdc: no agents available; will retry on subsequent port and subnet creation events.
2026-04-01 17:43:50.780 7 INFO neutron.db.ovn_revision_numbers_db [None req-301ca787-2e84-4217-8913-53b4cccd8c4b 45c06358bb4d45c99c2f6baa7ca4b6f2 6d0fbeb937c241b6b1f637e6e7eed1a7 - - default default] Successfully bumped revision number for resource fbbfc87e-addc-4ae5-b750-f08fb9ce4b01 (type: ports) to 1 [pid: 7|app: 0|req: 1010/1986] 10.0.0.197 () {34 vars in 669 bytes} [Wed Apr 1 17:43:50 2026] POST /v2.0/networks => generated 669 bytes in 507 msecs (HTTP/1.1 201) 4 headers in 162 bytes (1 switches on core 0) [pid: 8|app: 0|req: 977/1987] 10.0.0.197 () {34 vars in 684 bytes} [Wed Apr 1 17:43:50 2026] POST /v2.0/vpn/vpnservices => generated 422 bytes in 404 msecs (HTTP/1.1 201) 4 headers in 162 bytes (1 switches on core 0) [pid: 7|app: 0|req: 1011/1988] 10.0.0.197 () {32 vars in 665 bytes} [Wed Apr 1 17:43:50 2026] GET /v2.0/networks?tags=red => generated 1988 bytes in 63 msecs (HTTP/1.1 200) 4 headers in 158 bytes (1 switches on core 0) [pid: 7|app: 0|req: 1012/1989] 10.0.0.197 () {34 vars in 683 bytes} [Wed Apr 1 17:43:50 2026] POST /v2.0/vpn/ikepolicies => generated 402 bytes in 49 msecs (HTTP/1.1 201) 4 headers in 162 bytes (1 switches on core 0)
2026-04-01 17:43:50.947 8 INFO neutron.db.segments_db [None req-fd4c701e-0a05-4dc8-91ba-3398cbe096d6 45c06358bb4d45c99c2f6baa7ca4b6f2 6d0fbeb937c241b6b1f637e6e7eed1a7 - - default default] Added segment 70b3fd9e-0321-4c04-875a-10eed1ff20d8 of type geneve for network c52be834-0daf-48e2-84b6-f9c68e837eba [pid: 7|app: 0|req: 1013/1990] 10.0.0.197 () {32 vars in 679 bytes} [Wed Apr 1 17:43:50 2026] GET /v2.0/networks?tags=red%2Cblue => generated 1337 bytes in 44 msecs (HTTP/1.1 200) 4 headers in 158 bytes (1 switches on core 0) [pid: 7|app: 0|req: 1014/1991] 10.0.0.197 () {34 vars in 687 bytes} [Wed Apr 1 17:43:50 2026] POST /v2.0/vpn/ipsecpolicies => generated 412 bytes in 58 msecs (HTTP/1.1 201) 4 headers in 162 bytes (1 switches on core 0)
2026-04-01 17:43:51.056 8 INFO neutron.db.ovn_revision_numbers_db [None req-fd4c701e-0a05-4dc8-91ba-3398cbe096d6 45c06358bb4d45c99c2f6baa7ca4b6f2 6d0fbeb937c241b6b1f637e6e7eed1a7 - - default default] Successfully bumped revision number for resource c52be834-0daf-48e2-84b6-f9c68e837eba (type: networks) to 1 [pid: 7|app: 0|req: 1015/1992] 10.0.0.197 () {32 vars in 675 bytes} [Wed Apr 1 17:43:51 2026] GET /v2.0/networks?tags-any=blue => generated 1337 bytes in 64 msecs (HTTP/1.1 200) 4 headers in 158 bytes (1 switches on core 0) [pid: 7|app: 0|req: 1016/1993] 10.0.0.197 () {34 vars in 692 bytes} [Wed Apr 1 17:43:51 2026] POST /v2.0/vpn/endpoint-groups => generated 328 bytes in 63 msecs (HTTP/1.1 201) 4 headers in 162 bytes (1 switches on core 0) [pid: 7|app: 0|req: 1017/1994] 10.0.0.197 () {32 vars in 687 bytes} [Wed Apr 1 17:43:51 2026] GET /v2.0/networks?tags-any=red%2Cblue => generated 1988 bytes in 39 msecs (HTTP/1.1 200) 4 headers in 158 bytes (1 switches on core 0) [pid: 7|app: 0|req: 1018/1995] 10.0.0.197 () {34 vars in 692 bytes} [Wed Apr 1 17:43:51 2026] POST /v2.0/vpn/endpoint-groups => generated 320 bytes in 34 msecs (HTTP/1.1 201) 4 headers in 162 bytes (1 switches on core 0)
2026-04-01 17:43:51.228 8 WARNING neutron.scheduler.dhcp_agent_scheduler [None req-fd4c701e-0a05-4dc8-91ba-3398cbe096d6 45c06358bb4d45c99c2f6baa7ca4b6f2 6d0fbeb937c241b6b1f637e6e7eed1a7 - - default default] No more DHCP agents
2026-04-01 17:43:51.230 8 WARNING neutron.api.rpc.agentnotifiers.dhcp_rpc_agent_api [None req-fd4c701e-0a05-4dc8-91ba-3398cbe096d6 45c06358bb4d45c99c2f6baa7ca4b6f2 6d0fbeb937c241b6b1f637e6e7eed1a7 - - default default] Unable to schedule network c52be834-0daf-48e2-84b6-f9c68e837eba: no agents available; will retry on subsequent port and subnet creation events.
2026-04-01 17:43:51.309 8 INFO neutron.db.ovn_revision_numbers_db [None req-fd4c701e-0a05-4dc8-91ba-3398cbe096d6 45c06358bb4d45c99c2f6baa7ca4b6f2 6d0fbeb937c241b6b1f637e6e7eed1a7 - - default default] Successfully bumped revision number for resource 2011c9ac-af5f-4c3a-b22f-066298f97cff (type: ports) to 1 [pid: 7|app: 0|req: 1019/1996] 10.0.0.197 () {32 vars in 673 bytes} [Wed Apr 1 17:43:51 2026] GET /v2.0/networks?not-tags=red => generated 1988 bytes in 99 msecs (HTTP/1.1 200) 4 headers in 158 bytes (1 switches on core 0) [pid: 8|app: 0|req: 978/1997] 10.0.0.197 () {34 vars in 669 bytes} [Wed Apr 1 17:43:50 2026] POST /v2.0/networks => generated 669 bytes in 478 msecs (HTTP/1.1 201) 4 headers in 162 bytes (1 switches on core 0) [pid: 8|app: 0|req: 979/1998] 10.0.0.210 () {34 vars in 989 bytes} [Wed Apr 1 17:43:51 2026] GET /v2.0/ports?device_id=cf71a51a-c3a8-4154-bd4a-3e8206bc3ee3 => generated 12 bytes in 20 msecs (HTTP/1.1 200) 4 headers in 156 bytes (1 switches on core 0) [pid: 8|app: 0|req: 980/1999] 10.0.0.197 () {32 vars in 687 bytes} [Wed Apr 1 17:43:51 2026] GET /v2.0/networks?not-tags=red%2Cblue => generated 2639 bytes in 78 msecs (HTTP/1.1 200) 4 headers in 158 bytes (1 switches on core 0)
2026-04-01 17:43:51.700 7 INFO neutron.services.segments.plugin [-] Segment f304c914-8062-4aeb-a758-25e6d2aa0c12 resource provider aggregate not found
2026-04-01 17:43:51.713 7 INFO neutron.services.segments.plugin [-] Segment f304c914-8062-4aeb-a758-25e6d2aa0c12 resource provider aggregate not found
2026-04-01 17:43:51.721 7 INFO neutron.services.segments.plugin [-] Segment f304c914-8062-4aeb-a758-25e6d2aa0c12 resource provider not found; error: Placement Client Error (4xx): {"errors": [{"status": 404, "title": "Not Found", "detail": "The resource could not be found.\n\n No resource provider with uuid f304c914-8062-4aeb-a758-25e6d2aa0c12 found for delete ", "request_id": "req-5e74aa9b-c124-4c8b-9bf4-86291c1f1500"}]}
2026-04-01 17:43:51.736 7 INFO neutron.services.segments.plugin [-] Segment f304c914-8062-4aeb-a758-25e6d2aa0c12 resource provider not found; error: Placement Client Error (4xx): {"errors": [{"status": 404, "title": "Not Found", "detail": "The resource could not be found.\n\n No resource provider with uuid f304c914-8062-4aeb-a758-25e6d2aa0c12 found for delete ", "request_id": "req-c8d05db4-3403-42c4-851c-d49ff3e44ea1"}]}
2026-04-01 17:43:51.807 8 WARNING neutron.scheduler.dhcp_agent_scheduler [None req-7b94e4e7-97f2-4fda-a49d-bf718b48e50b 45c06358bb4d45c99c2f6baa7ca4b6f2 6d0fbeb937c241b6b1f637e6e7eed1a7 - - default default] No more DHCP agents
2026-04-01 17:43:51.808 8 WARNING neutron.api.rpc.agentnotifiers.dhcp_rpc_agent_api [None req-7b94e4e7-97f2-4fda-a49d-bf718b48e50b 45c06358bb4d45c99c2f6baa7ca4b6f2 6d0fbeb937c241b6b1f637e6e7eed1a7 - - default default] Unable to schedule network 33b8b21d-82ef-4267-9296-50d7cf677bdc: no agents available; will retry on subsequent port and subnet creation events.
2026-04-01 17:43:51.895 8 INFO neutron.db.ovn_revision_numbers_db [None req-7b94e4e7-97f2-4fda-a49d-bf718b48e50b 45c06358bb4d45c99c2f6baa7ca4b6f2 6d0fbeb937c241b6b1f637e6e7eed1a7 - - default default] Successfully bumped revision number for resource ca9f424b-d9a4-4b24-935a-8fb8076fcd04 (type: ports) to 1
2026-04-01 17:43:51.938 8 WARNING neutron.scheduler.dhcp_agent_scheduler [None req-7b94e4e7-97f2-4fda-a49d-bf718b48e50b 45c06358bb4d45c99c2f6baa7ca4b6f2 6d0fbeb937c241b6b1f637e6e7eed1a7 - - default default] No more DHCP agents
2026-04-01 17:43:51.940 8 WARNING neutron.api.rpc.agentnotifiers.dhcp_rpc_agent_api [None req-7b94e4e7-97f2-4fda-a49d-bf718b48e50b 45c06358bb4d45c99c2f6baa7ca4b6f2 6d0fbeb937c241b6b1f637e6e7eed1a7 - - default default] Unable to schedule network c52be834-0daf-48e2-84b6-f9c68e837eba: no agents available; will retry on subsequent port and subnet creation events.
2026-04-01 17:43:52.034 8 INFO neutron.db.ovn_revision_numbers_db [None req-7b94e4e7-97f2-4fda-a49d-bf718b48e50b 45c06358bb4d45c99c2f6baa7ca4b6f2 6d0fbeb937c241b6b1f637e6e7eed1a7 - - default default] Successfully bumped revision number for resource c9ef7adb-43c5-4f3c-ab32-51ab170c4222 (type: ports) to 1 [pid: 8|app: 0|req: 981/2000] 10.0.0.197 () {34 vars in 664 bytes} [Wed Apr 1 17:43:51 2026] POST /v2.0/ports => generated 1505 bytes in 687 msecs (HTTP/1.1 201) 4 headers in 163 bytes (1 switches on core 0) /var/lib/openstack/lib/python3.12/site-packages/pycadf/identifier.py:70: UserWarning: Invalid uuid: neutron. To ensure interoperability, identifiers should be a valid uuid. warnings.warn(('Invalid uuid: %s. To ensure interoperability, ' [pid: 8|app: 0|req: 982/2001] 10.0.0.197 () {32 vars in 683 bytes} [Wed Apr 1 17:43:52 2026] GET /v2.0/networks?not-tags-any=blue => generated 2639 bytes in 77 msecs (HTTP/1.1 200) 4 headers in 158 bytes (1 switches on core 0)
2026-04-01 17:43:52.204 7 INFO neutron.db.ovn_revision_numbers_db [None req-f9ecec41-9973-4e22-b6bb-55a31a2457b4 2e6e67bd9a234acf80ca469e43942ebf 201693b6902c482c98a982dda58434d0 - - default default] Successfully bumped revision number for resource ac55c4c0-d63f-4854-acfe-37319db817fc (type: routers) to 5 [pid: 8|app: 0|req: 983/2002] 10.0.0.197 () {32 vars in 642 bytes} [Wed Apr 1 17:43:52 2026] GET /v2.0/ports => generated 3017 bytes in 48 msecs (HTTP/1.1 200) 4 headers in 158 bytes (1 switches on core 0) [pid: 7|app: 0|req: 1020/2003] 10.0.0.197 () {34 vars in 706 bytes} [Wed Apr 1 17:43:51 2026] POST /v2.0/vpn/ipsec-site-connections => generated 803 bytes in 922 msecs (HTTP/1.1 201) 4 headers in 162 bytes (1 switches on core 0) [pid: 8|app: 0|req: 984/2004] 10.0.0.197 () {32 vars in 695 bytes} [Wed Apr 1 17:43:52 2026] GET /v2.0/networks?not-tags-any=red%2Cblue => generated 1988 bytes in 55 msecs (HTTP/1.1 200) 4 headers in 158 bytes (1 switches on core 0) [pid: 8|app: 0|req: 985/2005] 10.0.0.197 () {34 vars in 692 bytes} [Wed Apr 1 17:43:52 2026] POST /v2.0/vpn/endpoint-groups => generated 290 bytes in 54 msecs (HTTP/1.1 201) 4 headers in 162 bytes (1 switches on core 0)
2026-04-01 17:43:52.393 7 INFO neutron_taas.services.taas.taas_plugin [None req-21e4b87e-4a05-403f-882e-53fe46f4cacd 45c06358bb4d45c99c2f6baa7ca4b6f2 6d0fbeb937c241b6b1f637e6e7eed1a7 - - default default] TaaS: Handle Delete Port: ca9f424b-d9a4-4b24-935a-8fb8076fcd04
2026-04-01 17:43:52.397 7 INFO neutron_taas.services.taas.tap_mirror_plugin [None req-21e4b87e-4a05-403f-882e-53fe46f4cacd 45c06358bb4d45c99c2f6baa7ca4b6f2 6d0fbeb937c241b6b1f637e6e7eed1a7 - - default default] Tap Mirror: Handle Delete Port: ca9f424b-d9a4-4b24-935a-8fb8076fcd04
2026-04-01 17:43:52.491 8 INFO neutron_taas.services.taas.taas_plugin [None req-670d155c-cc3c-459f-887f-b089525ee76e b6b48c2fb9ca4e0188a5021618c41558 c55e15e8f05246dab5f7264dfa402b49 - - default default] TaaS: Handle Delete Port: 766bba50-f7ab-42c8-ae11-8dc17ccd10ff
2026-04-01 17:43:52.497 8 INFO neutron_taas.services.taas.tap_mirror_plugin [None req-670d155c-cc3c-459f-887f-b089525ee76e b6b48c2fb9ca4e0188a5021618c41558 c55e15e8f05246dab5f7264dfa402b49 - - default default] Tap Mirror: Handle Delete Port: 766bba50-f7ab-42c8-ae11-8dc17ccd10ff [pid: 7|app: 0|req: 1021/2006] 10.0.0.197 () {32 vars in 719 bytes} [Wed Apr 1 17:43:52 2026] DELETE /v2.0/ports/ca9f424b-d9a4-4b24-935a-8fb8076fcd04 => generated 0 bytes in 274 msecs (HTTP/1.1 204) 3 headers in 131 bytes (1 switches on core 0) [pid: 7|app: 0|req: 1022/2007] 10.0.0.197 () {32 vars in 747 bytes} [Wed Apr 1 17:43:52 2026] DELETE /v2.0/vpn/endpoint-groups/a3c58b0b-40c1-4965-a8de-793c79704886 => generated 0 bytes in 36 msecs (HTTP/1.1 204) 2 headers in 112 bytes (1 switches on core 0) [pid: 7|app: 0|req: 1023/2008] 10.0.0.210 () {34 vars in 989 bytes} [Wed Apr 1 17:43:52 2026] GET /v2.0/ports?device_id=cf71a51a-c3a8-4154-bd4a-3e8206bc3ee3 => generated 12 bytes in 20 msecs (HTTP/1.1 200) 4 headers in 156 bytes (1 switches on core 0)
2026-04-01 17:43:52.699 8 INFO neutron.services.segments.plugin [-] Segment 627c9d96-69a0-4695-b994-5a74224b6c67 resource provider aggregate not found
2026-04-01 17:43:52.705 8 INFO neutron.services.segments.plugin [-] Segment 627c9d96-69a0-4695-b994-5a74224b6c67 resource provider aggregate not found
2026-04-01 17:43:52.718 8 INFO neutron.services.segments.plugin [-] Segment 627c9d96-69a0-4695-b994-5a74224b6c67 resource provider not found; error: Placement Client Error (4xx): {"errors": [{"status": 404, "title": "Not Found", "detail": "The resource could not be found.\n\n No resource provider with uuid 627c9d96-69a0-4695-b994-5a74224b6c67 found for delete ", "request_id": "req-28465ffe-c565-4b59-9112-2f4c7dde0bc4"}]}
2026-04-01 17:43:52.725 8 INFO neutron.services.segments.plugin [-] Segment 627c9d96-69a0-4695-b994-5a74224b6c67 resource provider not found; error: Placement Client Error (4xx): {"errors": [{"status": 404, "title": "Not Found", "detail": "The resource could not be found.\n\n No resource provider with uuid 627c9d96-69a0-4695-b994-5a74224b6c67 found for delete ", "request_id": "req-14993489-aaad-4d10-a103-b6b05d884cff"}]} [pid: 8|app: 0|req: 986/2009] 10.0.0.197 () {32 vars in 725 bytes} [Wed Apr 1 17:43:52 2026] DELETE /v2.0/networks/c0016c96-3e3b-42b9-98e1-f6781b4260ca => generated 0 bytes in 401 msecs (HTTP/1.1 204) 3 headers in 131 bytes (1 switches on core 0) [pid: 8|app: 0|req: 987/2010] 10.0.0.197 () {32 vars in 670 bytes} [Wed Apr 1 17:43:52 2026] GET /v2.0/vpn/endpoint-groups => generated 633 bytes in 11 msecs (HTTP/1.1 200) 4 headers in 157 bytes (1 switches on core 0)
2026-04-01 17:43:52.768 7 INFO neutron_taas.services.taas.taas_plugin [None req-fc0a9d91-f646-4db3-8b76-45f5fe064f4d 45c06358bb4d45c99c2f6baa7ca4b6f2 6d0fbeb937c241b6b1f637e6e7eed1a7 - - default default] TaaS: Handle Delete Port: c9ef7adb-43c5-4f3c-ab32-51ab170c4222
2026-04-01 17:43:52.771 7 INFO neutron_taas.services.taas.tap_mirror_plugin [None req-fc0a9d91-f646-4db3-8b76-45f5fe064f4d 45c06358bb4d45c99c2f6baa7ca4b6f2 6d0fbeb937c241b6b1f637e6e7eed1a7 - - default default] Tap Mirror: Handle Delete Port: c9ef7adb-43c5-4f3c-ab32-51ab170c4222 [pid: 7|app: 0|req: 1024/2011] 10.0.0.197 () {32 vars in 719 bytes} [Wed Apr 1 17:43:52 2026] DELETE /v2.0/ports/c9ef7adb-43c5-4f3c-ab32-51ab170c4222 => generated 0 bytes in 301 msecs (HTTP/1.1 204) 3 headers in 131 bytes (1 switches on core 0) [pid: 7|app: 0|req: 1025/2012] 10.0.0.197 () {32 vars in 670 bytes} [Wed Apr 1 17:43:52 2026] GET /v2.0/vpn/endpoint-groups => generated 633 bytes in 11 msecs (HTTP/1.1 200) 4 headers in 157 bytes (1 switches on core 0)
2026-04-01 17:43:52.901 8 INFO neutron_taas.services.taas.taas_plugin [None req-9b2c7280-904c-4451-acb8-c99e3e6a6fe8 b6b48c2fb9ca4e0188a5021618c41558 c55e15e8f05246dab5f7264dfa402b49 - - default default] TaaS: Handle Delete Port: 13554d41-b0ec-42fb-80a9-d3a736da400c
2026-04-01 17:43:52.904 8 INFO neutron_taas.services.taas.tap_mirror_plugin [None req-9b2c7280-904c-4451-acb8-c99e3e6a6fe8 b6b48c2fb9ca4e0188a5021618c41558 c55e15e8f05246dab5f7264dfa402b49 - - default default] Tap Mirror: Handle Delete Port: 13554d41-b0ec-42fb-80a9-d3a736da400c [pid: 7|app: 0|req: 1026/2013] 10.0.0.197 () {32 vars in 642 bytes} [Wed Apr 1 17:43:52 2026] GET /v2.0/ports => generated 1523 bytes in 36 msecs (HTTP/1.1 200) 4 headers in 158 bytes (1 switches on core 0)
2026-04-01 17:43:53.029 7 INFO neutron.db.segments_db [None req-8863b7dc-f409-4ecc-9328-00d5398444c0 45c06358bb4d45c99c2f6baa7ca4b6f2 6d0fbeb937c241b6b1f637e6e7eed1a7 - - default default] Added segment ea18efb9-47bd-4ddc-8b83-aa5f41ff380b of type geneve for network 01f4dfe2-88c8-4041-8489-a875ef777222
2026-04-01 17:43:53.133 7 INFO neutron.db.ovn_revision_numbers_db [None req-8863b7dc-f409-4ecc-9328-00d5398444c0 45c06358bb4d45c99c2f6baa7ca4b6f2 6d0fbeb937c241b6b1f637e6e7eed1a7 - - default default] Successfully bumped revision number for resource 01f4dfe2-88c8-4041-8489-a875ef777222 (type: networks) to 1 [pid: 8|app: 0|req: 988/2014] 10.0.0.197 () {32 vars in 725 bytes} [Wed Apr 1 17:43:52 2026] DELETE /v2.0/networks/c0535a64-46c4-47f6-a788-b5ff30482579 => generated 0 bytes in 375 msecs (HTTP/1.1 204) 3 headers in 131 bytes (1 switches on core 0)
2026-04-01 17:43:53.276 8 INFO neutron_taas.services.taas.taas_plugin [None req-03ebb55b-35e2-4950-8bf3-e79da3310147 b6b48c2fb9ca4e0188a5021618c41558 c55e15e8f05246dab5f7264dfa402b49 - - default default] TaaS: Handle Delete Port: cedd3bc4-4463-44a6-90bf-39af00694d13
2026-04-01 17:43:53.278 8 INFO neutron_taas.services.taas.tap_mirror_plugin [None req-03ebb55b-35e2-4950-8bf3-e79da3310147 b6b48c2fb9ca4e0188a5021618c41558 c55e15e8f05246dab5f7264dfa402b49 - - default default] Tap Mirror: Handle Delete Port: cedd3bc4-4463-44a6-90bf-39af00694d13
2026-04-01 17:43:53.314 7 WARNING neutron.scheduler.dhcp_agent_scheduler [None req-8863b7dc-f409-4ecc-9328-00d5398444c0 45c06358bb4d45c99c2f6baa7ca4b6f2 6d0fbeb937c241b6b1f637e6e7eed1a7 - - default default] No more DHCP agents
2026-04-01 17:43:53.315 7 WARNING neutron.api.rpc.agentnotifiers.dhcp_rpc_agent_api [None req-8863b7dc-f409-4ecc-9328-00d5398444c0 45c06358bb4d45c99c2f6baa7ca4b6f2 6d0fbeb937c241b6b1f637e6e7eed1a7 - - default default] Unable to schedule network 01f4dfe2-88c8-4041-8489-a875ef777222: no agents available; will retry on subsequent port and subnet creation events.
2026-04-01 17:43:53.414 7 INFO neutron.db.ovn_revision_numbers_db [None req-8863b7dc-f409-4ecc-9328-00d5398444c0 45c06358bb4d45c99c2f6baa7ca4b6f2 6d0fbeb937c241b6b1f637e6e7eed1a7 - - default default] Successfully bumped revision number for resource 395e5b03-5569-474c-8220-ea24b95e3e72 (type: ports) to 1 [pid: 7|app: 0|req: 1027/2015] 10.0.0.197 () {34 vars in 669 bytes} [Wed Apr 1 17:43:52 2026] POST /v2.0/networks => generated 669 bytes in 502 msecs (HTTP/1.1 201) 4 headers in 162 bytes (1 switches on core 0) [pid: 8|app: 0|req: 989/2016] 10.0.0.197 () {32 vars in 725 bytes} [Wed Apr 1 17:43:53 2026] DELETE /v2.0/networks/e0c441ae-06ff-4969-83e7-95133a908479 => generated 0 bytes in 369 msecs (HTTP/1.1 204) 3 headers in 131 bytes (1 switches on core 0) [pid: 7|app: 0|req: 1028/2017] 10.0.0.197 () {34 vars in 684 bytes} [Wed Apr 1 17:43:53 2026] POST /v2.0/vpn/ikepolicies => generated 403 bytes in 87 msecs (HTTP/1.1 201) 4 headers in 162 bytes (1 switches on core 0)
2026-04-01 17:43:53.602 8 INFO neutron.db.segments_db [None req-95bde119-18ec-42a2-bab1-b12f6e183abf 45c06358bb4d45c99c2f6baa7ca4b6f2 6d0fbeb937c241b6b1f637e6e7eed1a7 - - default default] Added segment b5510b53-99de-40d4-a8cf-fba301b27aee of type geneve for network 68b314a5-91bc-4bff-ad40-f6e24def8ee5
2026-04-01 17:43:53.641 7 INFO neutron_taas.services.taas.taas_plugin [None req-2c709a30-13e0-45aa-bb0d-8dfec9f25727 b6b48c2fb9ca4e0188a5021618c41558 c55e15e8f05246dab5f7264dfa402b49 - - default default] TaaS: Handle Delete Port: bc28da59-dd6e-41fd-92f8-bb3060c1b97e
2026-04-01 17:43:53.645 7 INFO neutron_taas.services.taas.tap_mirror_plugin [None req-2c709a30-13e0-45aa-bb0d-8dfec9f25727 b6b48c2fb9ca4e0188a5021618c41558 c55e15e8f05246dab5f7264dfa402b49 - - default default] Tap Mirror: Handle Delete Port: bc28da59-dd6e-41fd-92f8-bb3060c1b97e
2026-04-01 17:43:53.694 8 INFO neutron.db.ovn_revision_numbers_db [None req-95bde119-18ec-42a2-bab1-b12f6e183abf 45c06358bb4d45c99c2f6baa7ca4b6f2 6d0fbeb937c241b6b1f637e6e7eed1a7 - - default default] Successfully bumped revision number for resource 68b314a5-91bc-4bff-ad40-f6e24def8ee5 (type: networks) to 1
2026-04-01 17:43:53.864 7 INFO neutron.services.segments.plugin [-] Segment f151ca1e-aaa8-4987-acee-99ca2d6a2a24 resource provider aggregate not found
2026-04-01 17:43:53.871 7 INFO neutron.services.segments.plugin [-] Segment f151ca1e-aaa8-4987-acee-99ca2d6a2a24 resource provider aggregate not found
2026-04-01 17:43:53.889 7 INFO neutron.services.segments.plugin [-] Segment f151ca1e-aaa8-4987-acee-99ca2d6a2a24 resource provider not found; error: Placement Client Error (4xx): {"errors": [{"status": 404, "title": "Not Found", "detail": "The resource could not be found.\n\n No resource provider with uuid f151ca1e-aaa8-4987-acee-99ca2d6a2a24 found for delete ", "request_id": "req-5445a003-c463-473b-87c2-1cc9bf944681"}]}
2026-04-01 17:43:53.891 7 INFO neutron.services.segments.plugin [-] Segment f151ca1e-aaa8-4987-acee-99ca2d6a2a24 resource provider not found; error: Placement Client Error (4xx): {"errors": [{"status": 404, "title": "Not Found", "detail": "The resource could not be found.\n\n No resource provider with uuid f151ca1e-aaa8-4987-acee-99ca2d6a2a24 found for delete ", "request_id": "req-b8356dcb-4bbe-4631-aa53-40c79ccee398"}]} [pid: 7|app: 0|req: 1029/2018] 10.0.0.197 () {32 vars in 725 bytes} [Wed Apr 1 17:43:53 2026] DELETE /v2.0/networks/7c9aaf19-7124-4328-8a48-cdce1cde54ee => generated 0 bytes in 384 msecs (HTTP/1.1 204) 3 headers in 131 bytes (1 switches on core 0) [pid: 7|app: 0|req: 1030/2019] 10.0.0.197 () {32 vars in 662 bytes} [Wed Apr 1 17:43:53 2026] GET /v2.0/vpn/ikepolicies => generated 796 bytes in 12 msecs (HTTP/1.1 200) 4 headers in 157 bytes (1 switches on core 0)
2026-04-01 17:43:53.925 8 WARNING neutron.scheduler.dhcp_agent_scheduler [None req-95bde119-18ec-42a2-bab1-b12f6e183abf 45c06358bb4d45c99c2f6baa7ca4b6f2 6d0fbeb937c241b6b1f637e6e7eed1a7 - - default default] No more DHCP agents
2026-04-01 17:43:53.926 8 WARNING neutron.api.rpc.agentnotifiers.dhcp_rpc_agent_api [None req-95bde119-18ec-42a2-bab1-b12f6e183abf 45c06358bb4d45c99c2f6baa7ca4b6f2 6d0fbeb937c241b6b1f637e6e7eed1a7 - - default default] Unable to schedule network 68b314a5-91bc-4bff-ad40-f6e24def8ee5: no agents available; will retry on subsequent port and subnet creation events.
2026-04-01 17:43:54.048 8 INFO neutron.db.ovn_revision_numbers_db [None req-95bde119-18ec-42a2-bab1-b12f6e183abf 45c06358bb4d45c99c2f6baa7ca4b6f2 6d0fbeb937c241b6b1f637e6e7eed1a7 - - default default] Successfully bumped revision number for resource a4206e4e-1d44-481c-80e4-8f2986e83b02 (type: ports) to 1 [pid: 8|app: 0|req: 990/2020] 10.0.0.197 () {34 vars in 669 bytes} [Wed Apr 1 17:43:53 2026] POST /v2.0/networks => generated 668 bytes in 555 msecs (HTTP/1.1 201) 4 headers in 162 bytes (1 switches on core 0)
2026-04-01 17:43:54.094 7 INFO neutron_taas.services.taas.taas_plugin [None req-6cfff7be-ab70-4bbe-b60d-c02d79a3eb13 b6b48c2fb9ca4e0188a5021618c41558 c55e15e8f05246dab5f7264dfa402b49 - - default default] TaaS: Handle Delete Port: 47450159-5d4d-476b-9de5-97ff68f85b43
2026-04-01 17:43:54.096 7 INFO neutron_taas.services.taas.tap_mirror_plugin [None req-6cfff7be-ab70-4bbe-b60d-c02d79a3eb13 b6b48c2fb9ca4e0188a5021618c41558 c55e15e8f05246dab5f7264dfa402b49 - - default default] Tap Mirror: Handle Delete Port: 47450159-5d4d-476b-9de5-97ff68f85b43 [pid: 8|app: 0|req: 991/2021] 10.0.0.197 () {32 vars in 739 bytes} [Wed Apr 1 17:43:54 2026] DELETE /v2.0/vpn/ikepolicies/e07be59d-3141-42f4-8077-10e8db4f8f8f => generated 0 bytes in 34 msecs (HTTP/1.1 204) 2 headers in 112 bytes (1 switches on core 0) [pid: 8|app: 0|req: 992/2022] 10.0.0.197 () {34 vars in 688 bytes} [Wed Apr 1 17:43:54 2026] POST /v2.0/vpn/ipsecpolicies => generated 411 bytes in 46 msecs (HTTP/1.1 201) 4 headers in 162 bytes (1 switches on core 0) [pid: 8|app: 0|req: 993/2023] 10.0.0.197 () {32 vars in 666 bytes} [Wed Apr 1 17:43:54 2026] GET /v2.0/vpn/ipsecpolicies => generated 812 bytes in 15 msecs (HTTP/1.1 200) 4 headers in 157 bytes (1 switches on core 0) [pid: 8|app: 0|req: 994/2024] 10.0.0.197 () {32 vars in 743 bytes} [Wed Apr 1 17:43:54 2026] DELETE /v2.0/vpn/ipsecpolicies/a51a86b8-df10-402c-92f8-1032efaec371 => generated 0 bytes in 52 msecs (HTTP/1.1 204) 2 headers in 112 bytes (1 switches on core 0) [pid: 7|app: 0|req: 1031/2025] 10.0.0.197 () {32 vars in 725 bytes} [Wed Apr 1 17:43:53 2026] DELETE /v2.0/networks/4b868014-7717-432a-a0b0-a895536cbf97 => generated 0 bytes in 379 msecs (HTTP/1.1 204) 3 headers in 131 bytes (1 switches on core 0)
2026-04-01 17:43:54.396 7 INFO neutron.db.segments_db [None req-e72e9473-35b8-47f2-986d-b3d2a30d9d49 2e6e67bd9a234acf80ca469e43942ebf 201693b6902c482c98a982dda58434d0 - - default default] Added segment 21786535-6a5b-4d86-86b2-cb6c7d7b8f3e of type geneve for network 0e15e64f-8569-4118-8406-6d7b668afd62
2026-04-01 17:43:54.404 7 WARNING neutron.plugins.ml2.drivers.ovn.mech_driver.ovsdb.ovn_client [None req-f10a9e22-6e6e-4869-840a-2bcf326eb9c8 - - - - - -] No hosting information found for port 97e3ac84-da94-40b6-bca5-b905242df777: RuntimeError: No hosting information found for port 97e3ac84-da94-40b6-bca5-b905242df777
2026-04-01 17:43:54.405 7 INFO neutron.plugins.ml2.drivers.ovn.mech_driver.mech_driver [None req-f10a9e22-6e6e-4869-840a-2bcf326eb9c8 - - - - - -] OVN reports status down for port: 766bba50-f7ab-42c8-ae11-8dc17ccd10ff
2026-04-01 17:43:54.572 7 INFO neutron.db.ovn_revision_numbers_db [None req-f10a9e22-6e6e-4869-840a-2bcf326eb9c8 - - - - - -] Successfully bumped revision number for resource 97e3ac84-da94-40b6-bca5-b905242df777 (type: router_ports) to 2
2026-04-01 17:43:54.573 7 INFO neutron.plugins.ml2.drivers.ovn.mech_driver.mech_driver [None req-f10a9e22-6e6e-4869-840a-2bcf326eb9c8 - - - - - -] OVN reports status down for port: 13554d41-b0ec-42fb-80a9-d3a736da400c
2026-04-01 17:43:54.595 7 INFO neutron.plugins.ml2.drivers.ovn.mech_driver.mech_driver [None req-f10a9e22-6e6e-4869-840a-2bcf326eb9c8 - - - - - -] OVN reports status down for port: 8be94000-c0d1-4945-9b00-0b4cca56ec20
2026-04-01 17:43:54.612 8 WARNING neutron.scheduler.dhcp_agent_scheduler [None req-d0b4d04c-bbfe-460e-8df6-40b9f2dddef2 45c06358bb4d45c99c2f6baa7ca4b6f2 6d0fbeb937c241b6b1f637e6e7eed1a7 - - default default] No more DHCP agents
