2026-04-01 17:43:54.614 8 WARNING neutron.api.rpc.agentnotifiers.dhcp_rpc_agent_api [None req-d0b4d04c-bbfe-460e-8df6-40b9f2dddef2 45c06358bb4d45c99c2f6baa7ca4b6f2 6d0fbeb937c241b6b1f637e6e7eed1a7 - - default default] Unable to schedule network 01f4dfe2-88c8-4041-8489-a875ef777222: no agents available; will retry on subsequent port and subnet creation events.
2026-04-01 17:43:54.623 7 INFO neutron.plugins.ml2.drivers.ovn.mech_driver.mech_driver [None req-f10a9e22-6e6e-4869-840a-2bcf326eb9c8 - - - - - -] OVN reports status down for port: bc28da59-dd6e-41fd-92f8-bb3060c1b97e
2026-04-01 17:43:54.626 7 INFO neutron.db.ovn_revision_numbers_db [None req-e72e9473-35b8-47f2-986d-b3d2a30d9d49 2e6e67bd9a234acf80ca469e43942ebf 201693b6902c482c98a982dda58434d0 - - default default] Successfully bumped revision number for resource 0e15e64f-8569-4118-8406-6d7b668afd62 (type: networks) to 1
2026-04-01 17:43:54.724 7 INFO neutron.plugins.ml2.drivers.ovn.mech_driver.mech_driver [None req-f10a9e22-6e6e-4869-840a-2bcf326eb9c8 - - - - - -] OVN reports status down for port: 1fc48f86-e9eb-4095-b1a3-fd369adc2c70
2026-04-01 17:43:54.746 8 INFO neutron.services.segments.plugin [-] Segment 8f85797f-1e23-4d5d-b03d-804bb4acc0fd resource provider aggregate not found
2026-04-01 17:43:54.758 8 INFO neutron.services.segments.plugin [-] Segment 8f85797f-1e23-4d5d-b03d-804bb4acc0fd resource provider aggregate not found
2026-04-01 17:43:54.775 8 INFO neutron.services.segments.plugin [-] Segment 8f85797f-1e23-4d5d-b03d-804bb4acc0fd resource provider not found; error: Placement Client Error (4xx): {"errors": [{"status": 404, "title": "Not Found", "detail": "The resource could not be found.\n\n No resource provider with uuid 8f85797f-1e23-4d5d-b03d-804bb4acc0fd found for delete ", "request_id": "req-82dcf8f7-b5da-4abe-9514-733fcf093c54"}]}
2026-04-01 17:43:54.796 8 INFO neutron.services.segments.plugin [-] Segment 8f85797f-1e23-4d5d-b03d-804bb4acc0fd resource provider not found; error: Placement Client Error (4xx): {"errors": [{"status": 404, "title": "Not Found", "detail": "The resource could not be found.\n\n No resource provider with uuid 8f85797f-1e23-4d5d-b03d-804bb4acc0fd found for delete ", "request_id": "req-4b76024d-2f69-4e57-8c5a-215d4172d41c"}]}
2026-04-01 17:43:54.804 8 INFO neutron.services.segments.plugin [-] Segment b7331bf8-b729-43d6-86c8-63e8bbb62be5 resource provider aggregate not found
2026-04-01 17:43:54.824 8 INFO neutron.services.segments.plugin [-] Segment b7331bf8-b729-43d6-86c8-63e8bbb62be5 resource provider aggregate not found
2026-04-01 17:43:54.831 8 INFO neutron.services.segments.plugin [-] Segment b7331bf8-b729-43d6-86c8-63e8bbb62be5 resource provider not found; error: Placement Client Error (4xx): {"errors": [{"status": 404, "title": "Not Found", "detail": "The resource could not be found.\n\n No resource provider with uuid b7331bf8-b729-43d6-86c8-63e8bbb62be5 found for delete ", "request_id": "req-6480ddf9-ba59-4dda-9fc8-1d7a980a2040"}]}
2026-04-01 17:43:54.844 8 INFO neutron.services.segments.plugin [-] Segment b7331bf8-b729-43d6-86c8-63e8bbb62be5 resource provider not found; error: Placement Client Error (4xx): {"errors": [{"status": 404, "title": "Not Found", "detail": "The resource could not be found.\n\n No resource provider with uuid b7331bf8-b729-43d6-86c8-63e8bbb62be5 found for delete ", "request_id": "req-14d0a8da-70a7-4a17-9645-25f9aea970a3"}]}
2026-04-01 17:43:54.858 7 INFO neutron.plugins.ml2.drivers.ovn.mech_driver.mech_driver [None req-f10a9e22-6e6e-4869-840a-2bcf326eb9c8 - - - - - -] OVN reports status down for port: 2011c9ac-af5f-4c3a-b22f-066298f97cff
2026-04-01 17:43:54.912 7 WARNING neutron.scheduler.dhcp_agent_scheduler [None req-e72e9473-35b8-47f2-986d-b3d2a30d9d49 2e6e67bd9a234acf80ca469e43942ebf 201693b6902c482c98a982dda58434d0 - - default default] No more DHCP agents
2026-04-01 17:43:54.914 7 WARNING neutron.api.rpc.agentnotifiers.dhcp_rpc_agent_api [None req-e72e9473-35b8-47f2-986d-b3d2a30d9d49 2e6e67bd9a234acf80ca469e43942ebf 201693b6902c482c98a982dda58434d0 - - default default] Unable to schedule network 0e15e64f-8569-4118-8406-6d7b668afd62: no agents available; will retry on subsequent port and subnet creation events.
2026-04-01 17:43:54.959 7 INFO neutron.plugins.ml2.drivers.ovn.mech_driver.mech_driver [None req-f10a9e22-6e6e-4869-840a-2bcf326eb9c8 - - - - - -] OVN reports status down for port: ca9f424b-d9a4-4b24-935a-8fb8076fcd04
2026-04-01 17:43:54.974 7 INFO neutron.plugins.ml2.drivers.ovn.mech_driver.mech_driver [None req-f10a9e22-6e6e-4869-840a-2bcf326eb9c8 - - - - - -] OVN reports status down for port: 395e5b03-5569-474c-8220-ea24b95e3e72
2026-04-01 17:43:55.064 7 INFO neutron.db.ovn_revision_numbers_db [None req-e72e9473-35b8-47f2-986d-b3d2a30d9d49 2e6e67bd9a234acf80ca469e43942ebf 201693b6902c482c98a982dda58434d0 - - default default] Successfully bumped revision number for resource 98630b29-4c6f-4d57-9350-6397bef5c64b (type: ports) to 1
2026-04-01 17:43:55.097 8 INFO neutron.db.ovn_revision_numbers_db [None req-8a21ecbf-0363-4f95-8841-395740a8c930 - - - - - -] Successfully bumped revision number for resource 395e5b03-5569-474c-8220-ea24b95e3e72 (type: ports) to 2
2026-04-01 17:43:55.102 7 INFO neutron.plugins.ml2.drivers.ovn.mech_driver.mech_driver [None req-f10a9e22-6e6e-4869-840a-2bcf326eb9c8 - - - - - -] OVN reports status down for port: a4206e4e-1d44-481c-80e4-8f2986e83b02 [pid: 7|app: 0|req: 1032/2026] 10.0.0.197 () {34 vars in 669 bytes} [Wed Apr 1 17:43:54 2026] POST /v2.0/networks => generated 650 bytes in 801 msecs (HTTP/1.1 201) 4 headers in 162 bytes (1 switches on core 0)
2026-04-01 17:43:55.135 8 INFO neutron.db.ovn_revision_numbers_db [None req-8a21ecbf-0363-4f95-8841-395740a8c930 - - - - - -] Successfully bumped revision number for resource 67af5fef-2a4b-466a-ae59-48d655fc43bd (type: subnets) to 0
2026-04-01 17:43:55.166 8 WARNING neutron.scheduler.dhcp_agent_scheduler [None req-d0b4d04c-bbfe-460e-8df6-40b9f2dddef2 45c06358bb4d45c99c2f6baa7ca4b6f2 6d0fbeb937c241b6b1f637e6e7eed1a7 - - default default] No more DHCP agents
2026-04-01 17:43:55.168 8 WARNING neutron.api.rpc.agentnotifiers.dhcp_rpc_agent_api [None req-d0b4d04c-bbfe-460e-8df6-40b9f2dddef2 45c06358bb4d45c99c2f6baa7ca4b6f2 6d0fbeb937c241b6b1f637e6e7eed1a7 - - default default] Unable to schedule network 68b314a5-91bc-4bff-ad40-f6e24def8ee5: no agents available; will retry on subsequent port and subnet creation events.
2026-04-01 17:43:55.379 8 WARNING neutron.plugins.ml2.drivers.ovn.mech_driver.ovsdb.ovn_client [None req-8b71b4b8-6884-4ca8-b889-7647e0107852 - - - - - -] No hosting information found for port 20feafc1-9135-4ff5-8026-d9861c5de892: RuntimeError: No hosting information found for port 20feafc1-9135-4ff5-8026-d9861c5de892
2026-04-01 17:43:55.380 8 INFO neutron.plugins.ml2.drivers.ovn.mech_driver.mech_driver [None req-8b71b4b8-6884-4ca8-b889-7647e0107852 - - - - - -] OVN reports status down for port: 47450159-5d4d-476b-9de5-97ff68f85b43
2026-04-01 17:43:55.452 7 INFO neutron_taas.services.taas.taas_plugin [None req-7aaf2310-fd4c-40c6-8a74-8c869e492a94 386080364fe14d2c9f3f61ebc947ca3c bcbb8d3db7eb4897a431c6d96031f640 - - default default] TaaS: Handle Delete Port: aab51774-09a1-4b78-860c-d1c498caae06
2026-04-01 17:43:55.455 7 INFO neutron_taas.services.taas.tap_mirror_plugin [None req-7aaf2310-fd4c-40c6-8a74-8c869e492a94 386080364fe14d2c9f3f61ebc947ca3c bcbb8d3db7eb4897a431c6d96031f640 - - default default] Tap Mirror: Handle Delete Port: aab51774-09a1-4b78-860c-d1c498caae06
2026-04-01 17:43:55.531 8 INFO neutron.db.ovn_revision_numbers_db [None req-8b71b4b8-6884-4ca8-b889-7647e0107852 - - - - - -] Successfully bumped revision number for resource 20feafc1-9135-4ff5-8026-d9861c5de892 (type: router_ports) to 2
2026-04-01 17:43:55.532 8 INFO neutron.plugins.ml2.drivers.ovn.mech_driver.mech_driver [None req-8b71b4b8-6884-4ca8-b889-7647e0107852 - - - - - -] OVN reports status down for port: fbbfc87e-addc-4ae5-b750-f08fb9ce4b01
2026-04-01 17:43:55.669 8 INFO neutron.plugins.ml2.drivers.ovn.mech_driver.mech_driver [None req-8b71b4b8-6884-4ca8-b889-7647e0107852 - - - - - -] OVN reports status down for port: c9ef7adb-43c5-4f3c-ab32-51ab170c4222
2026-04-01 17:43:55.688 8 INFO neutron.plugins.ml2.drivers.ovn.mech_driver.mech_driver [None req-8b71b4b8-6884-4ca8-b889-7647e0107852 - - - - - -] OVN reports status down for port: 98630b29-4c6f-4d57-9350-6397bef5c64b
2026-04-01 17:43:55.753 8 INFO neutron.db.ovn_revision_numbers_db [None req-216cf6d9-5142-40fd-a085-c1206b235ee0 - - - - - -] Successfully bumped revision number for resource a4206e4e-1d44-481c-80e4-8f2986e83b02 (type: ports) to 2
2026-04-01 17:43:55.814 8 INFO neutron.db.ovn_revision_numbers_db [None req-216cf6d9-5142-40fd-a085-c1206b235ee0 - - - - - -] Successfully bumped revision number for resource 6d535cd3-d421-4470-8f65-2a586644e488 (type: subnets) to 0 [pid: 8|app: 0|req: 995/2027] 10.0.0.197 () {34 vars in 668 bytes} [Wed Apr 1 17:43:54 2026] POST /v2.0/subnets => generated 1272 bytes in 1595 msecs (HTTP/1.1 201) 4 headers in 163 bytes (1 switches on core 0)
2026-04-01 17:43:55.911 7 INFO neutron.services.segments.plugin [-] Segment b2ab55f7-422a-4b18-bd9d-00d8a2682873 resource provider aggregate not found
2026-04-01 17:43:55.937 7 INFO neutron.services.segments.plugin [-] Segment b2ab55f7-422a-4b18-bd9d-00d8a2682873 resource provider not found; error: Placement Client Error (4xx): {"errors": [{"status": 404, "title": "Not Found", "detail": "The resource could not be found.\n\n No resource provider with uuid b2ab55f7-422a-4b18-bd9d-00d8a2682873 found for delete ", "request_id": "req-2001ac86-d0a9-4129-915f-f7501e84e543"}]}
2026-04-01 17:43:55.940 7 INFO neutron.services.segments.plugin [-] Segment b2ab55f7-422a-4b18-bd9d-00d8a2682873 resource provider aggregate not found
2026-04-01 17:43:55.960 7 INFO neutron.services.segments.plugin [-] Segment b2ab55f7-422a-4b18-bd9d-00d8a2682873 resource provider not found; error: Placement Client Error (4xx): {"errors": [{"status": 404, "title": "Not Found", "detail": "The resource could not be found.\n\n No resource provider with uuid b2ab55f7-422a-4b18-bd9d-00d8a2682873 found for delete ", "request_id": "req-79600c2d-6b0d-4809-897d-37e1979472de"}]}
2026-04-01 17:43:56.056 8 WARNING neutron.scheduler.dhcp_agent_scheduler [None req-8b438c5c-7bc9-49bb-9930-22c7d38253a1 2e6e67bd9a234acf80ca469e43942ebf 201693b6902c482c98a982dda58434d0 - - default default] No more DHCP agents
2026-04-01 17:43:56.057 8 WARNING neutron.api.rpc.agentnotifiers.dhcp_rpc_agent_api [None req-8b438c5c-7bc9-49bb-9930-22c7d38253a1 2e6e67bd9a234acf80ca469e43942ebf 201693b6902c482c98a982dda58434d0 - - default default] Unable to schedule network 0e15e64f-8569-4118-8406-6d7b668afd62: no agents available; will retry on subsequent port and subnet creation events. [pid: 7|app: 0|req: 1033/2028] 10.0.0.197 () {34 vars in 788 bytes} [Wed Apr 1 17:43:55 2026] PUT /v2.0/routers/61466bbd-a1f2-4e07-9fbf-6fd9763a6929/remove_router_interface => generated 309 bytes in 1068 msecs (HTTP/1.1 200) 4 headers in 157 bytes (1 switches on core 0) /var/lib/openstack/lib/python3.12/site-packages/pycadf/identifier.py:70: UserWarning: Invalid uuid: neutron. To ensure interoperability, identifiers should be a valid uuid. warnings.warn(('Invalid uuid: %s. To ensure interoperability, '
2026-04-01 17:43:56.579 7 INFO neutron.db.ovn_revision_numbers_db [None req-5853eed5-8cb2-4b2f-a78d-e28ebfe864d3 386080364fe14d2c9f3f61ebc947ca3c bcbb8d3db7eb4897a431c6d96031f640 - - default default] Successfully bumped revision number for resource f3775b9a-0611-4ae4-9425-46b737335437 (type: security_groups) to 1
2026-04-01 17:43:56.596 7 INFO neutron.db.ovn_revision_numbers_db [None req-5853eed5-8cb2-4b2f-a78d-e28ebfe864d3 386080364fe14d2c9f3f61ebc947ca3c bcbb8d3db7eb4897a431c6d96031f640 - - default default] Successfully bumped revision number for resource 14b0e7f4-b7bf-4a2b-a20c-8dcc3246fb18 (type: security_group_rules) to 0
2026-04-01 17:43:56.607 8 INFO neutron.db.ovn_revision_numbers_db [None req-27133e64-22a8-4453-8ee2-09170fd79a96 - - - - - -] Successfully bumped revision number for resource 98630b29-4c6f-4d57-9350-6397bef5c64b (type: ports) to 2
2026-04-01 17:43:56.609 7 INFO neutron.db.ovn_revision_numbers_db [None req-5853eed5-8cb2-4b2f-a78d-e28ebfe864d3 386080364fe14d2c9f3f61ebc947ca3c bcbb8d3db7eb4897a431c6d96031f640 - - default default] Successfully bumped revision number for resource 80306e3c-875f-4f4c-be57-fed19f31e6c9 (type: security_group_rules) to 0
2026-04-01 17:43:56.629 7 INFO neutron.db.ovn_revision_numbers_db [None req-5853eed5-8cb2-4b2f-a78d-e28ebfe864d3 386080364fe14d2c9f3f61ebc947ca3c bcbb8d3db7eb4897a431c6d96031f640 - - default default] Successfully bumped revision number for resource 85b108e9-4a8d-4630-a534-55eab77ca824 (type: security_group_rules) to 0
2026-04-01 17:43:56.657 8 INFO neutron.db.ovn_revision_numbers_db [None req-27133e64-22a8-4453-8ee2-09170fd79a96 - - - - - -] Successfully bumped revision number for resource fa79188f-6d70-43be-8ede-7d28b54f5aa0 (type: subnets) to 0
2026-04-01 17:43:56.664 7 INFO neutron.db.ovn_revision_numbers_db [None req-5853eed5-8cb2-4b2f-a78d-e28ebfe864d3 386080364fe14d2c9f3f61ebc947ca3c bcbb8d3db7eb4897a431c6d96031f640 - - default default] Successfully bumped revision number for resource 978dab72-499f-44db-a62e-c11a5c601b05 (type: security_group_rules) to 0 [pid: 8|app: 0|req: 996/2029] 10.0.0.197 () {34 vars in 668 bytes} [Wed Apr 1 17:43:55 2026] POST /v2.0/subnets => generated 629 bytes in 844 msecs (HTTP/1.1 201) 4 headers in 162 bytes (1 switches on core 0) [pid: 7|app: 0|req: 1034/2030] 10.0.0.197 () {32 vars in 773 bytes} [Wed Apr 1 17:43:56 2026] GET /v2.0/security-groups?tenant_id=be223c7025cb43a7be1d7b3bcf46d830&name=default => generated 2925 bytes in 537 msecs (HTTP/1.1 200) 4 headers in 158 bytes (1 switches on core 0) [pid: 8|app: 0|req: 997/2031] 10.0.0.197 () {32 vars in 646 bytes} [Wed Apr 1 17:43:56 2026] GET /v2.0/subnets => generated 1908 bytes in 34 msecs (HTTP/1.1 200) 4 headers in 158 bytes (1 switches on core 0)
2026-04-01 17:43:57.039 7 INFO neutron_taas.services.taas.taas_plugin [None req-f44418b5-2064-4fcf-98de-ba472c469350 386080364fe14d2c9f3f61ebc947ca3c bcbb8d3db7eb4897a431c6d96031f640 - - default default] TaaS: Handle Delete Port: a4cdc0a3-f76e-4b24-828f-46bf92ba6d27
2026-04-01 17:43:57.043 7 INFO neutron_taas.services.taas.tap_mirror_plugin [None req-f44418b5-2064-4fcf-98de-ba472c469350 386080364fe14d2c9f3f61ebc947ca3c bcbb8d3db7eb4897a431c6d96031f640 - - default default] Tap Mirror: Handle Delete Port: a4cdc0a3-f76e-4b24-828f-46bf92ba6d27
2026-04-01 17:43:57.211 8 WARNING neutron.scheduler.dhcp_agent_scheduler [None req-7fa64482-b660-40fa-9b25-5d7015a6415b 2e6e67bd9a234acf80ca469e43942ebf 201693b6902c482c98a982dda58434d0 - - default default] No more DHCP agents
2026-04-01 17:43:57.212 8 WARNING neutron.api.rpc.agentnotifiers.dhcp_rpc_agent_api [None req-7fa64482-b660-40fa-9b25-5d7015a6415b 2e6e67bd9a234acf80ca469e43942ebf 201693b6902c482c98a982dda58434d0 - - default default] Unable to schedule network 36cf73e1-708e-45e1-a5cb-74f9c29227ec: no agents available; will retry on subsequent port and subnet creation events.
2026-04-01 17:43:57.364 8 INFO neutron.plugins.ml2.drivers.ovn.mech_driver.mech_driver [None req-8b71b4b8-6884-4ca8-b889-7647e0107852 - - - - - -] OVN reports status down for port: 7ef11957-b3da-48a7-aa83-be165c40b496
2026-04-01 17:43:57.471 8 INFO neutron.db.ovn_revision_numbers_db [None req-7fa64482-b660-40fa-9b25-5d7015a6415b 2e6e67bd9a234acf80ca469e43942ebf 201693b6902c482c98a982dda58434d0 - - default default] Successfully bumped revision number for resource 7ef11957-b3da-48a7-aa83-be165c40b496 (type: ports) to 1 [pid: 7|app: 0|req: 1035/2034] 10.0.0.197 () {32 vars in 723 bytes} [Wed Apr 1 17:43:56 2026] DELETE /v2.0/routers/61466bbd-a1f2-4e07-9fbf-6fd9763a6929 => generated 0 bytes in 823 msecs (HTTP/1.1 204) 2 headers in 112 bytes (1 switches on core 0)
2026-04-01 17:43:57.622 8 INFO neutron.plugins.ml2.drivers.ovn.mech_driver.mech_driver [None req-8b71b4b8-6884-4ca8-b889-7647e0107852 - - - - - -] OVN reports status up for port: 4f9fab10-e3aa-4297-a747-9d8713e7a3e9
2026-04-01 17:43:57.639 8 INFO neutron.plugins.ml2.plugin [None req-8b71b4b8-6884-4ca8-b889-7647e0107852 - - - - - -] Attempt 1 to provision port 4f9fab10-e3aa-4297-a747-9d8713e7a3e9 [pid: 7|app: 0|req: 1036/2035] 10.0.0.197 () {32 vars in 723 bytes} [Wed Apr 1 17:43:57 2026] DELETE /v2.0/subnets/67af5fef-2a4b-466a-ae59-48d655fc43bd => generated 0 bytes in 174 msecs (HTTP/1.1 204) 3 headers in 131 bytes (1 switches on core 0) [pid: 7|app: 0|req: 1037/2036] 10.0.0.197 () {32 vars in 739 bytes} [Wed Apr 1 17:43:57 2026] DELETE /v2.0/security-groups/f3775b9a-0611-4ae4-9425-46b737335437 => generated 0 bytes in 218 msecs (HTTP/1.1 204) 2 headers in 112 bytes (1 switches on core 0) [pid: 7|app: 0|req: 1038/2037] 10.0.0.197 () {32 vars in 723 bytes} [Wed Apr 1 17:43:57 2026] DELETE /v2.0/subnets/72dfe7ed-3625-419f-8fdc-23487e294872 => generated 0 bytes in 174 msecs (HTTP/1.1 204) 3 headers in 131 bytes (1 switches on core 0)
2026-04-01 17:43:58.118 8 INFO neutron.db.ovn_revision_numbers_db [None req-8b71b4b8-6884-4ca8-b889-7647e0107852 - - - - - -] Successfully bumped revision number for resource 4f9fab10-e3aa-4297-a747-9d8713e7a3e9 (type: ports) to 4 [pid: 7|app: 0|req: 1039/2038] 10.0.0.197 () {32 vars in 723 bytes} [Wed Apr 1 17:43:58 2026] DELETE /v2.0/subnets/6d535cd3-d421-4470-8f65-2a586644e488 => generated 0 bytes in 187 msecs (HTTP/1.1 204) 3 headers in 131 bytes (1 switches on core 0) [pid: 7|app: 0|req: 1040/2039] 10.0.0.197 () {32 vars in 773 bytes} [Wed Apr 1 17:43:58 2026] GET /v2.0/security-groups?tenant_id=c55e15e8f05246dab5f7264dfa402b49&name=default => generated 2925 bytes in 33 msecs (HTTP/1.1 200) 4 headers in 158 bytes (1 switches on core 0)
2026-04-01 17:43:58.345 7 INFO neutron.plugins.ml2.drivers.ovn.mech_driver.mech_driver [None req-f10a9e22-6e6e-4869-840a-2bcf326eb9c8 - - - - - -] OVN reports status up for port: 1fc48f86-e9eb-4095-b1a3-fd369adc2c70
2026-04-01 17:43:58.370 7 INFO neutron.plugins.ml2.plugin [None req-f10a9e22-6e6e-4869-840a-2bcf326eb9c8 - - - - - -] Attempt 1 to provision port 1fc48f86-e9eb-4095-b1a3-fd369adc2c70
2026-04-01 17:43:58.538 7 INFO neutron_taas.services.taas.taas_plugin [None req-6f89121b-cd47-44a3-abae-1cb138050651 386080364fe14d2c9f3f61ebc947ca3c bcbb8d3db7eb4897a431c6d96031f640 - - default default] TaaS: Handle Delete Port: 28dfc460-0be1-4889-b96e-23a90ffb7d50
2026-04-01 17:43:58.543 7 INFO neutron_taas.services.taas.tap_mirror_plugin [None req-6f89121b-cd47-44a3-abae-1cb138050651 386080364fe14d2c9f3f61ebc947ca3c bcbb8d3db7eb4897a431c6d96031f640 - - default default] Tap Mirror: Handle Delete Port: 28dfc460-0be1-4889-b96e-23a90ffb7d50
2026-04-01 17:43:58.559 8 INFO neutron.plugins.ml2.drivers.ovn.mech_driver.ovsdb.commands [None req-490b8c99-7dd9-4e37-a6d7-d9bd00256ebf - - - - - -] Schedule LRP lrp-7ef11957-b3da-48a7-aa83-be165c40b496 on gateway 402fbbd0-ece4-41d3-af10-30c29018d4ce with priority 1
2026-04-01 17:43:58.602 8 INFO neutron.plugins.ml2.drivers.ovn.mech_driver.mech_driver [None req-072aa1bd-2326-4edd-a82c-fe54f23c9bd1 - - - - - -] OVN reports status up for port: 7ef11957-b3da-48a7-aa83-be165c40b496
2026-04-01 17:43:58.641 8 INFO neutron.plugins.ml2.plugin [None req-072aa1bd-2326-4edd-a82c-fe54f23c9bd1 - - - - - -] Attempt 1 to provision port 7ef11957-b3da-48a7-aa83-be165c40b496
2026-04-01 17:43:58.682 8 INFO neutron.db.ovn_revision_numbers_db [None req-7fa64482-b660-40fa-9b25-5d7015a6415b 2e6e67bd9a234acf80ca469e43942ebf 201693b6902c482c98a982dda58434d0 - - default default] Successfully bumped revision number for resource 7ef11957-b3da-48a7-aa83-be165c40b496 (type: router_ports) to 1
2026-04-01 17:43:58.799 7 INFO neutron.db.ovn_revision_numbers_db [None req-f10a9e22-6e6e-4869-840a-2bcf326eb9c8 - - - - - -] Successfully bumped revision number for resource 1fc48f86-e9eb-4095-b1a3-fd369adc2c70 (type: ports) to 4
2026-04-01 17:43:58.846 8 INFO neutron.db.ovn_revision_numbers_db [None req-7fa64482-b660-40fa-9b25-5d7015a6415b 2e6e67bd9a234acf80ca469e43942ebf 201693b6902c482c98a982dda58434d0 - - default default] Successfully bumped revision number for resource d57b4c31-eeae-4335-b727-074620d3fe65 (type: routers) to 2 [pid: 8|app: 0|req: 1000/2040] 10.0.0.197 () {34 vars in 668 bytes} [Wed Apr 1 17:43:56 2026] POST /v2.0/routers => generated 937 bytes in 2173 msecs (HTTP/1.1 201) 4 headers in 162 bytes (1 switches on core 0) [pid: 8|app: 0|req: 1001/2041] 10.0.0.197 () {32 vars in 646 bytes} [Wed Apr 1 17:43:58 2026] GET /v2.0/subnets => generated 649 bytes in 36 msecs (HTTP/1.1 200) 4 headers in 157 bytes (1 switches on core 0)
2026-04-01 17:43:58.950 7 INFO neutron.services.segments.plugin [-] Segment 48bb2c77-19ff-49cc-b784-29ce02a236c8 resource provider aggregate not found
2026-04-01 17:43:58.966 7 INFO neutron.services.segments.plugin [-] Segment 48bb2c77-19ff-49cc-b784-29ce02a236c8 resource provider aggregate not found
2026-04-01 17:43:58.988 7 INFO neutron.services.segments.plugin [-] Segment 48bb2c77-19ff-49cc-b784-29ce02a236c8 resource provider not found; error: Placement Client Error (4xx): {"errors": [{"status": 404, "title": "Not Found", "detail": "The resource could not be found.\n\n No resource provider with uuid 48bb2c77-19ff-49cc-b784-29ce02a236c8 found for delete ", "request_id": "req-91dfa770-5f16-4680-8c13-6d8495458638"}]}
2026-04-01 17:43:58.991 7 INFO neutron.services.segments.plugin [-] Segment 48bb2c77-19ff-49cc-b784-29ce02a236c8 resource provider not found; error: Placement Client Error (4xx): {"errors": [{"status": 404, "title": "Not Found", "detail": "The resource could not be found.\n\n No resource provider with uuid 48bb2c77-19ff-49cc-b784-29ce02a236c8 found for delete ", "request_id": "req-39d8f6f0-9bfa-4c57-a455-ee89a0b1e5ad"}]} [pid: 7|app: 0|req: 1041/2042] 10.0.0.197 () {32 vars in 725 bytes} [Wed Apr 1 17:43:58 2026] DELETE /v2.0/networks/69fd07bb-d96f-4cb0-b927-fd82fa5c6265 => generated 0 bytes in 748 msecs (HTTP/1.1 204) 3 headers in 131 bytes (1 switches on core 0) [pid: 8|app: 0|req: 1002/2043] 10.0.0.197 () {32 vars in 739 bytes} [Wed Apr 1 17:43:58 2026] DELETE /v2.0/security-groups/a5259617-cc56-4f94-b8a1-074fb8832125 => generated 0 bytes in 260 msecs (HTTP/1.1 204) 2 headers in 112 bytes (1 switches on core 0)
2026-04-01 17:43:59.305 8 INFO neutron_taas.services.taas.taas_plugin [None req-06c4624f-7a05-4ad6-96b2-3edf53e12cc1 45c06358bb4d45c99c2f6baa7ca4b6f2 6d0fbeb937c241b6b1f637e6e7eed1a7 - - default default] TaaS: Handle Delete Port: a4206e4e-1d44-481c-80e4-8f2986e83b02
2026-04-01 17:43:59.307 8 INFO neutron_taas.services.taas.tap_mirror_plugin [None req-06c4624f-7a05-4ad6-96b2-3edf53e12cc1 45c06358bb4d45c99c2f6baa7ca4b6f2 6d0fbeb937c241b6b1f637e6e7eed1a7 - - default default] Tap Mirror: Handle Delete Port: a4206e4e-1d44-481c-80e4-8f2986e83b02
2026-04-01 17:43:59.479 8 INFO neutron.services.segments.plugin [-] Segment b5510b53-99de-40d4-a8cf-fba301b27aee resource provider aggregate not found
2026-04-01 17:43:59.485 8 INFO neutron.services.segments.plugin [-] Segment b5510b53-99de-40d4-a8cf-fba301b27aee resource provider aggregate not found
2026-04-01 17:43:59.499 8 INFO neutron.services.segments.plugin [-] Segment b5510b53-99de-40d4-a8cf-fba301b27aee resource provider not found; error: Placement Client Error (4xx): {"errors": [{"status": 404, "title": "Not Found", "detail": "The resource could not be found.\n\n No resource provider with uuid b5510b53-99de-40d4-a8cf-fba301b27aee found for delete ", "request_id": "req-99d9147b-3a70-499c-ae3e-3d28fc11b1b8"}]}
2026-04-01 17:43:59.505 8 INFO neutron.services.segments.plugin [-] Segment b5510b53-99de-40d4-a8cf-fba301b27aee resource provider not found; error: Placement Client Error (4xx): {"errors": [{"status": 404, "title": "Not Found", "detail": "The resource could not be found.\n\n No resource provider with uuid b5510b53-99de-40d4-a8cf-fba301b27aee found for delete ", "request_id": "req-0db85020-7f1c-41b8-8c8f-6bdb53c41609"}]} [pid: 8|app: 0|req: 1003/2044] 10.0.0.197 () {32 vars in 725 bytes} [Wed Apr 1 17:43:59 2026] DELETE /v2.0/networks/68b314a5-91bc-4bff-ad40-f6e24def8ee5 => generated 0 bytes in 345 msecs (HTTP/1.1 204) 3 headers in 131 bytes (1 switches on core 0) [pid: 8|app: 0|req: 1004/2045] 10.0.0.197 () {32 vars in 773 bytes} [Wed Apr 1 17:43:59 2026] GET /v2.0/security-groups?tenant_id=c538cd6d938c4ea18352dea43354725c&name=default => generated 2925 bytes in 32 msecs (HTTP/1.1 200) 4 headers in 158 bytes (1 switches on core 0)
2026-04-01 17:43:59.649 7 WARNING neutron.scheduler.dhcp_agent_scheduler [None req-082bdc96-13b9-4d3c-ba0d-09efa2d0aa88 2e6e67bd9a234acf80ca469e43942ebf 201693b6902c482c98a982dda58434d0 - - default default] No more DHCP agents
2026-04-01 17:43:59.650 7 WARNING neutron.api.rpc.agentnotifiers.dhcp_rpc_agent_api [None req-082bdc96-13b9-4d3c-ba0d-09efa2d0aa88 2e6e67bd9a234acf80ca469e43942ebf 201693b6902c482c98a982dda58434d0 - - default default] Unable to schedule network 0e15e64f-8569-4118-8406-6d7b668afd62: no agents available; will retry on subsequent port and subnet creation events.
2026-04-01 17:43:59.712 8 INFO neutron.db.ovn_revision_numbers_db [None req-c174fe98-f061-43a0-8ded-c7e9d207b08d 386080364fe14d2c9f3f61ebc947ca3c bcbb8d3db7eb4897a431c6d96031f640 - - default default] Successfully bumped revision number for resource d5c5509d-cf9b-41e8-9b37-1e112fab32e6 (type: security_groups) to 1
2026-04-01 17:43:59.725 8 INFO neutron.db.ovn_revision_numbers_db [None req-c174fe98-f061-43a0-8ded-c7e9d207b08d 386080364fe14d2c9f3f61ebc947ca3c bcbb8d3db7eb4897a431c6d96031f640 - - default default] Successfully bumped revision number for resource 2e3faa9e-299d-4bc3-aa9f-1bc7cd45baa5 (type: security_group_rules) to 0
2026-04-01 17:43:59.738 8 INFO neutron.db.ovn_revision_numbers_db [None req-c174fe98-f061-43a0-8ded-c7e9d207b08d 386080364fe14d2c9f3f61ebc947ca3c bcbb8d3db7eb4897a431c6d96031f640 - - default default] Successfully bumped revision number for resource 8a2b3b2d-4958-42cf-9fed-3f53e3e1634f (type: security_group_rules) to 0
2026-04-01 17:43:59.758 8 INFO neutron.db.ovn_revision_numbers_db [None req-c174fe98-f061-43a0-8ded-c7e9d207b08d 386080364fe14d2c9f3f61ebc947ca3c bcbb8d3db7eb4897a431c6d96031f640 - - default default] Successfully bumped revision number for resource cc482b41-2a99-4540-9966-2aada3c58bcb (type: security_group_rules) to 0
2026-04-01 17:43:59.776 7 INFO neutron.plugins.ml2.drivers.ovn.mech_driver.mech_driver [None req-7d2c9849-e13e-4167-83a8-28021043774c - - - - - -] OVN reports status down for port: 07cd854a-234d-46af-b5ff-d2f50b5582e0
2026-04-01 17:43:59.778 8 INFO neutron.db.ovn_revision_numbers_db [None req-c174fe98-f061-43a0-8ded-c7e9d207b08d 386080364fe14d2c9f3f61ebc947ca3c bcbb8d3db7eb4897a431c6d96031f640 - - default default] Successfully bumped revision number for resource fe4f6e0c-d57b-455f-a199-71f83e73bf95 (type: security_group_rules) to 0 [pid: 8|app: 0|req: 1005/2046] 10.0.0.197 () {32 vars in 773 bytes} [Wed Apr 1 17:43:59 2026] GET /v2.0/security-groups?tenant_id=ee0748dfbfa14e79875713f848a981c7&name=default => generated 2925 bytes in 251 msecs (HTTP/1.1 200) 4 headers in 158 bytes (1 switches on core 0)
2026-04-01 17:43:59.831 7 INFO neutron.db.ovn_revision_numbers_db [None req-082bdc96-13b9-4d3c-ba0d-09efa2d0aa88 2e6e67bd9a234acf80ca469e43942ebf 201693b6902c482c98a982dda58434d0 - - default default] Successfully bumped revision number for resource 07cd854a-234d-46af-b5ff-d2f50b5582e0 (type: ports) to 1
2026-04-01 17:43:59.933 8 INFO neutron_taas.services.taas.taas_plugin [None req-f7e6832a-6433-4512-a95d-341b619ddbbf 45c06358bb4d45c99c2f6baa7ca4b6f2 6d0fbeb937c241b6b1f637e6e7eed1a7 - - default default] TaaS: Handle Delete Port: 395e5b03-5569-474c-8220-ea24b95e3e72
2026-04-01 17:43:59.936 8 INFO neutron_taas.services.taas.tap_mirror_plugin [None req-f7e6832a-6433-4512-a95d-341b619ddbbf 45c06358bb4d45c99c2f6baa7ca4b6f2 6d0fbeb937c241b6b1f637e6e7eed1a7 - - default default] Tap Mirror: Handle Delete Port: 395e5b03-5569-474c-8220-ea24b95e3e72 [pid: 8|app: 0|req: 1006/2047] 10.0.0.197 () {32 vars in 725 bytes} [Wed Apr 1 17:43:59 2026] DELETE /v2.0/networks/01f4dfe2-88c8-4041-8489-a875ef777222 => generated 0 bytes in 319 msecs (HTTP/1.1 204) 3 headers in 131 bytes (1 switches on core 0) [pid: 8|app: 0|req: 1007/2048] 10.0.0.197 () {32 vars in 739 bytes} [Wed Apr 1 17:44:00 2026] DELETE /v2.0/security-groups/efbc5e63-810e-48aa-acea-09c235d6c99c => generated 0 bytes in 231 msecs (HTTP/1.1 204) 2 headers in 112 bytes (1 switches on core 0)
2026-04-01 17:44:00.534 7 INFO neutron.plugins.ml2.drivers.ovn.mech_driver.mech_driver [None req-7d2c9849-e13e-4167-83a8-28021043774c - - - - - -] OVN reports status up for port: 07cd854a-234d-46af-b5ff-d2f50b5582e0
2026-04-01 17:44:00.569 7 INFO neutron.plugins.ml2.plugin [None req-7d2c9849-e13e-4167-83a8-28021043774c - - - - - -] Attempt 1 to provision port 07cd854a-234d-46af-b5ff-d2f50b5582e0 [pid: 8|app: 0|req: 1008/2049] 10.0.0.197 () {32 vars in 739 bytes} [Wed Apr 1 17:44:00 2026] DELETE /v2.0/security-groups/d5c5509d-cf9b-41e8-9b37-1e112fab32e6 => generated 0 bytes in 250 msecs (HTTP/1.1 204) 2 headers in 112 bytes (1 switches on core 0)
2026-04-01 17:44:00.683 7 WARNING neutron.scheduler.dhcp_agent_scheduler [None req-082bdc96-13b9-4d3c-ba0d-09efa2d0aa88 2e6e67bd9a234acf80ca469e43942ebf 201693b6902c482c98a982dda58434d0 - - default default] No more DHCP agents
2026-04-01 17:44:00.686 7 WARNING neutron.api.rpc.agentnotifiers.dhcp_rpc_agent_api [None req-082bdc96-13b9-4d3c-ba0d-09efa2d0aa88 2e6e67bd9a234acf80ca469e43942ebf 201693b6902c482c98a982dda58434d0 - - default default] Unable to schedule network 0e15e64f-8569-4118-8406-6d7b668afd62: no agents available; will retry on subsequent port and subnet creation events.
2026-04-01 17:44:00.740 8 INFO neutron_taas.services.taas.taas_plugin [None req-a8bd18e3-fe23-49c4-aead-b31b810e41e4 45c06358bb4d45c99c2f6baa7ca4b6f2 6d0fbeb937c241b6b1f637e6e7eed1a7 - - default default] TaaS: Handle Delete Port: 2011c9ac-af5f-4c3a-b22f-066298f97cff
2026-04-01 17:44:00.748 8 INFO neutron_taas.services.taas.tap_mirror_plugin [None req-a8bd18e3-fe23-49c4-aead-b31b810e41e4 45c06358bb4d45c99c2f6baa7ca4b6f2 6d0fbeb937c241b6b1f637e6e7eed1a7 - - default default] Tap Mirror: Handle Delete Port: 2011c9ac-af5f-4c3a-b22f-066298f97cff [pid: 8|app: 0|req: 1009/2050] 10.0.0.197 () {32 vars in 725 bytes} [Wed Apr 1 17:44:00 2026] DELETE /v2.0/networks/c52be834-0daf-48e2-84b6-f9c68e837eba => generated 0 bytes in 328 msecs (HTTP/1.1 204) 3 headers in 131 bytes (1 switches on core 0)
2026-04-01 17:44:01.048 8 INFO neutron_taas.services.taas.taas_plugin [None req-5d84ad55-d7da-4ec0-b7b7-8af122a2edf6 45c06358bb4d45c99c2f6baa7ca4b6f2 6d0fbeb937c241b6b1f637e6e7eed1a7 - - default default] TaaS: Handle Delete Port: fbbfc87e-addc-4ae5-b750-f08fb9ce4b01
2026-04-01 17:44:01.050 8 INFO neutron_taas.services.taas.tap_mirror_plugin [None req-5d84ad55-d7da-4ec0-b7b7-8af122a2edf6 45c06358bb4d45c99c2f6baa7ca4b6f2 6d0fbeb937c241b6b1f637e6e7eed1a7 - - default default] Tap Mirror: Handle Delete Port: fbbfc87e-addc-4ae5-b750-f08fb9ce4b01 [pid: 8|app: 0|req: 1010/2051] 10.0.0.197 () {32 vars in 725 bytes} [Wed Apr 1 17:44:00 2026] DELETE /v2.0/networks/33b8b21d-82ef-4267-9296-50d7cf677bdc => generated 0 bytes in 389 msecs (HTTP/1.1 204) 3 headers in 131 bytes (1 switches on core 0)
2026-04-01 17:44:01.482 7 INFO neutron.db.ovn_revision_numbers_db [None req-082bdc96-13b9-4d3c-ba0d-09efa2d0aa88 2e6e67bd9a234acf80ca469e43942ebf 201693b6902c482c98a982dda58434d0 - - default default] Successfully bumped revision number for resource 07cd854a-234d-46af-b5ff-d2f50b5582e0 (type: router_ports) to 1 [pid: 7|app: 0|req: 1042/2052] 10.0.0.197 () {34 vars in 782 bytes} [Wed Apr 1 17:43:59 2026] PUT /v2.0/routers/d57b4c31-eeae-4335-b727-074620d3fe65/add_router_interface => generated 309 bytes in 2419 msecs (HTTP/1.1 200) 4 headers in 157 bytes (1 switches on core 0)
2026-04-01 17:44:01.529 8 INFO neutron.services.segments.plugin [-] Segment ea18efb9-47bd-4ddc-8b83-aa5f41ff380b resource provider aggregate not found
2026-04-01 17:44:01.535 8 INFO neutron.services.segments.plugin [-] Segment ea18efb9-47bd-4ddc-8b83-aa5f41ff380b resource provider aggregate not found
2026-04-01 17:44:01.555 8 INFO neutron.services.segments.plugin [-] Segment ea18efb9-47bd-4ddc-8b83-aa5f41ff380b resource provider not found; error: Placement Client Error (4xx): {"errors": [{"status": 404, "title": "Not Found", "detail": "The resource could not be found.\n\n No resource provider with uuid ea18efb9-47bd-4ddc-8b83-aa5f41ff380b found for delete ", "request_id": "req-3873f00a-d6dd-4507-a6ab-90cf60ad62af"}]}
2026-04-01 17:44:01.560 8 INFO neutron.services.segments.plugin [-] Segment ea18efb9-47bd-4ddc-8b83-aa5f41ff380b resource provider not found; error: Placement Client Error (4xx): {"errors": [{"status": 404, "title": "Not Found", "detail": "The resource could not be found.\n\n No resource provider with uuid ea18efb9-47bd-4ddc-8b83-aa5f41ff380b found for delete ", "request_id": "req-f8dd3bd6-489e-4f08-a975-da57461b4988"}]}
2026-04-01 17:44:01.575 8 INFO neutron.services.segments.plugin [-] Segment 70b3fd9e-0321-4c04-875a-10eed1ff20d8 resource provider aggregate not found
2026-04-01 17:44:01.582 8 INFO neutron.services.segments.plugin [-] Segment 70b3fd9e-0321-4c04-875a-10eed1ff20d8 resource provider aggregate not found
2026-04-01 17:44:01.595 7 INFO neutron.db.ovn_revision_numbers_db [None req-7d2c9849-e13e-4167-83a8-28021043774c - - - - - -] Successfully bumped revision number for resource 07cd854a-234d-46af-b5ff-d2f50b5582e0 (type: ports) to 2
2026-04-01 17:44:01.602 8 INFO neutron.services.segments.plugin [-] Segment 70b3fd9e-0321-4c04-875a-10eed1ff20d8 resource provider not found; error: Placement Client Error (4xx): {"errors": [{"status": 404, "title": "Not Found", "detail": "The resource could not be found.\n\n No resource provider with uuid 70b3fd9e-0321-4c04-875a-10eed1ff20d8 found for delete ", "request_id": "req-625d42ca-a067-460a-be18-2b5ee015235c"}]}
2026-04-01 17:44:01.615 8 INFO neutron.services.segments.plugin [-] Segment 70b3fd9e-0321-4c04-875a-10eed1ff20d8 resource provider not found; error: Placement Client Error (4xx): {"errors": [{"status": 404, "title": "Not Found", "detail": "The resource could not be found.\n\n No resource provider with uuid 70b3fd9e-0321-4c04-875a-10eed1ff20d8 found for delete ", "request_id": "req-2f705c56-77e9-4ef4-bf58-1d565980ad03"}]}
2026-04-01 17:44:01.633 8 INFO neutron.services.segments.plugin [-] Segment 9557f986-978a-49ff-a3ab-1ba176fb18ff resource provider aggregate not found
2026-04-01 17:44:01.634 8 INFO neutron.services.segments.plugin [-] Segment 9557f986-978a-49ff-a3ab-1ba176fb18ff resource provider aggregate not found
2026-04-01 17:44:01.681 8 INFO neutron.services.segments.plugin [-] Segment 9557f986-978a-49ff-a3ab-1ba176fb18ff resource provider not found; error: Placement Client Error (4xx): {"errors": [{"status": 404, "title": "Not Found", "detail": "The resource could not be found.\n\n No resource provider with uuid 9557f986-978a-49ff-a3ab-1ba176fb18ff found for delete ", "request_id": "req-5e0c6eef-cf35-43d1-862d-5a5038d1c9f3"}]}
2026-04-01 17:44:01.681 8 INFO neutron.services.segments.plugin [-] Segment 9557f986-978a-49ff-a3ab-1ba176fb18ff resource provider not found; error: Placement Client Error (4xx): {"errors": [{"status": 404, "title": "Not Found", "detail": "The resource could not be found.\n\n No resource provider with uuid 9557f986-978a-49ff-a3ab-1ba176fb18ff found for delete ", "request_id": "req-f740462f-1c16-4ca0-8089-634826d0c2b1"}]}
2026-04-01 17:44:02.118 8 WARNING neutron.scheduler.dhcp_agent_scheduler [None req-d61e1224-b719-4bbe-b478-f2602f4cad48 - - - - - -] No more DHCP agents
2026-04-01 17:44:02.120 8 WARNING neutron.api.rpc.agentnotifiers.dhcp_rpc_agent_api [None req-d61e1224-b719-4bbe-b478-f2602f4cad48 - - - - - -] Unable to schedule network 36cf73e1-708e-45e1-a5cb-74f9c29227ec: no agents available; will retry on subsequent port and subnet creation events. [pid: 7|app: 0|req: 1043/2053] 10.0.0.197 () {32 vars in 773 bytes} [Wed Apr 1 17:44:01 2026] GET /v2.0/security-groups?tenant_id=6d0fbeb937c241b6b1f637e6e7eed1a7&name=default => generated 2925 bytes in 286 msecs (HTTP/1.1 200) 4 headers in 158 bytes (1 switches on core 0)
2026-04-01 17:44:02.285 8 INFO neutron.db.ovn_revision_numbers_db [None req-d61e1224-b719-4bbe-b478-f2602f4cad48 - - - - - -] Successfully bumped revision number for resource e4a3f094-7f37-44bc-a130-7b92c8f9e75a (type: ports) to 1 [pid: 7|app: 0|req: 1044/2054] 10.0.0.197 () {32 vars in 739 bytes} [Wed Apr 1 17:44:02 2026] DELETE /v2.0/security-groups/076f1dfa-3a41-4154-8ced-43701af92502 => generated 0 bytes in 330 msecs (HTTP/1.1 204) 2 headers in 112 bytes (1 switches on core 0)
2026-04-01 17:44:02.539 8 INFO neutron.db.ovn_revision_numbers_db [None req-d61e1224-b719-4bbe-b478-f2602f4cad48 - - - - - -] Successfully bumped revision number for resource e4a3f094-7f37-44bc-a130-7b92c8f9e75a (type: ports) to 3
2026-04-01 17:44:02.598 8 INFO neutron.db.segments_db [None req-d61e1224-b719-4bbe-b478-f2602f4cad48 - - - - - -] Added segment a40a4af9-5ebd-4eea-b494-ceaee94bae31 of type geneve for network e99ce036-c80a-41fc-9096-ddf6aee21bc5
2026-04-01 17:44:02.715 8 INFO neutron.db.ovn_revision_numbers_db [None req-c5616400-d7ec-4c9c-bbc4-dc8f19ef93fd - - - - - -] Successfully bumped revision number for resource e99ce036-c80a-41fc-9096-ddf6aee21bc5 (type: networks) to 1
2026-04-01 17:44:02.859 8 WARNING neutron.scheduler.dhcp_agent_scheduler [None req-c5616400-d7ec-4c9c-bbc4-dc8f19ef93fd - - - - - -] No more DHCP agents
2026-04-01 17:44:02.860 8 WARNING neutron.api.rpc.agentnotifiers.dhcp_rpc_agent_api [None req-c5616400-d7ec-4c9c-bbc4-dc8f19ef93fd - - - - - -] Unable to schedule network e99ce036-c80a-41fc-9096-ddf6aee21bc5: no agents available; will retry on subsequent port and subnet creation events.
2026-04-01 17:44:02.945 8 INFO neutron.db.ovn_revision_numbers_db [None req-c5616400-d7ec-4c9c-bbc4-dc8f19ef93fd - - - - - -] Successfully bumped revision number for resource c9c3f702-d4b6-406d-9095-8224a27e5b60 (type: ports) to 1
2026-04-01 17:44:03.071 8 WARNING neutron.scheduler.dhcp_agent_scheduler [None req-c5616400-d7ec-4c9c-bbc4-dc8f19ef93fd - - - - - -] No more DHCP agents
2026-04-01 17:44:03.072 8 WARNING neutron.api.rpc.agentnotifiers.dhcp_rpc_agent_api [None req-c5616400-d7ec-4c9c-bbc4-dc8f19ef93fd - - - - - -] Unable to schedule network e99ce036-c80a-41fc-9096-ddf6aee21bc5: no agents available; will retry on subsequent port and subnet creation events.
2026-04-01 17:44:03.105 8 INFO neutron.db.ovn_revision_numbers_db [None req-c5616400-d7ec-4c9c-bbc4-dc8f19ef93fd - - - - - -] Successfully bumped revision number for resource c2a9632b-ec8c-4280-b15a-b70bcf4c2429 (type: subnets) to 0
2026-04-01 17:44:03.473 8 WARNING neutron.scheduler.dhcp_agent_scheduler [None req-c5616400-d7ec-4c9c-bbc4-dc8f19ef93fd - - - - - -] No more DHCP agents
2026-04-01 17:44:03.475 8 WARNING neutron.api.rpc.agentnotifiers.dhcp_rpc_agent_api [None req-c5616400-d7ec-4c9c-bbc4-dc8f19ef93fd - - - - - -] Unable to schedule network e99ce036-c80a-41fc-9096-ddf6aee21bc5: no agents available; will retry on subsequent port and subnet creation events.
2026-04-01 17:44:03.637 8 INFO neutron.db.ovn_revision_numbers_db [None req-c5616400-d7ec-4c9c-bbc4-dc8f19ef93fd - - - - - -] Successfully bumped revision number for resource 96530aa5-a847-4ad6-b999-eb0e0cd1b21a (type: ports) to 1
2026-04-01 17:44:03.928 7 INFO neutron.db.ovn_revision_numbers_db [None req-50e77d34-6a67-4d55-9ad0-edd17688e0ce 493ec40c93374ac18be87b79b3881030 dd420f65c1024dd49f9e981a35620eb4 - - default default] Successfully bumped revision number for resource 8f5b8eec-bba7-476b-87c5-8156d9b90b8c (type: security_groups) to 1
2026-04-01 17:44:03.945 7 INFO neutron.db.ovn_revision_numbers_db [None req-50e77d34-6a67-4d55-9ad0-edd17688e0ce 493ec40c93374ac18be87b79b3881030 dd420f65c1024dd49f9e981a35620eb4 - - default default] Successfully bumped revision number for resource 6fd7e299-778d-476f-821b-d4fd6aa8d95a (type: security_group_rules) to 0
2026-04-01 17:44:03.961 7 INFO neutron.db.ovn_revision_numbers_db [None req-50e77d34-6a67-4d55-9ad0-edd17688e0ce 493ec40c93374ac18be87b79b3881030 dd420f65c1024dd49f9e981a35620eb4 - - default default] Successfully bumped revision number for resource 927eb402-89c2-451d-97e1-1d7cac9bcba3 (type: security_group_rules) to 0
2026-04-01 17:44:03.979 7 INFO neutron.db.ovn_revision_numbers_db [None req-50e77d34-6a67-4d55-9ad0-edd17688e0ce 493ec40c93374ac18be87b79b3881030 dd420f65c1024dd49f9e981a35620eb4 - - default default] Successfully bumped revision number for resource e0e98fbe-85eb-45c4-a67b-c2174d68d60e (type: security_group_rules) to 0
2026-04-01 17:44:03.994 7 INFO neutron.db.ovn_revision_numbers_db [None req-50e77d34-6a67-4d55-9ad0-edd17688e0ce 493ec40c93374ac18be87b79b3881030 dd420f65c1024dd49f9e981a35620eb4 - - default default] Successfully bumped revision number for resource ecb1506f-cf0e-40eb-9492-a12e5d0d0439 (type: security_group_rules) to 0
2026-04-01 17:44:04.079 7 INFO neutron.db.segments_db [None req-50e77d34-6a67-4d55-9ad0-edd17688e0ce 493ec40c93374ac18be87b79b3881030 dd420f65c1024dd49f9e981a35620eb4 - - default default] Added segment fc242ceb-fb6f-43f1-857f-b3d31ec300a4 of type geneve for network 23a30b01-fa49-4bf6-a304-59f39fee700c
2026-04-01 17:44:04.191 8 WARNING neutron.plugins.ml2.drivers.ovn.mech_driver.ovsdb.ovn_client [None req-072aa1bd-2326-4edd-a82c-fe54f23c9bd1 - - - - - -] No hosting information found for port 7ef11957-b3da-48a7-aa83-be165c40b496: RuntimeError: No hosting information found for port 7ef11957-b3da-48a7-aa83-be165c40b496
2026-04-01 17:44:04.192 8 INFO neutron.plugins.ml2.drivers.ovn.mech_driver.mech_driver [None req-072aa1bd-2326-4edd-a82c-fe54f23c9bd1 - - - - - -] OVN reports status down for port: c9c3f702-d4b6-406d-9095-8224a27e5b60
2026-04-01 17:44:04.215 7 INFO neutron.db.ovn_revision_numbers_db [None req-50e77d34-6a67-4d55-9ad0-edd17688e0ce 493ec40c93374ac18be87b79b3881030 dd420f65c1024dd49f9e981a35620eb4 - - default default] Successfully bumped revision number for resource 23a30b01-fa49-4bf6-a304-59f39fee700c (type: networks) to 1
2026-04-01 17:44:04.319 8 INFO neutron.plugins.ml2.drivers.ovn.mech_driver.mech_driver [None req-072aa1bd-2326-4edd-a82c-fe54f23c9bd1 - - - - - -] OVN reports status down for port: 96530aa5-a847-4ad6-b999-eb0e0cd1b21a
2026-04-01 17:44:04.425 7 WARNING neutron.scheduler.dhcp_agent_scheduler [None req-50e77d34-6a67-4d55-9ad0-edd17688e0ce 493ec40c93374ac18be87b79b3881030 dd420f65c1024dd49f9e981a35620eb4 - - default default] No more DHCP agents
2026-04-01 17:44:04.426 7 WARNING neutron.api.rpc.agentnotifiers.dhcp_rpc_agent_api [None req-50e77d34-6a67-4d55-9ad0-edd17688e0ce 493ec40c93374ac18be87b79b3881030 dd420f65c1024dd49f9e981a35620eb4 - - default default] Unable to schedule network 23a30b01-fa49-4bf6-a304-59f39fee700c: no agents available; will retry on subsequent port and subnet creation events.
2026-04-01 17:44:04.469 8 INFO neutron.plugins.ml2.drivers.ovn.mech_driver.mech_driver [None req-072aa1bd-2326-4edd-a82c-fe54f23c9bd1 - - - - - -] OVN reports status up for port: 96530aa5-a847-4ad6-b999-eb0e0cd1b21a
2026-04-01 17:44:04.517 8 INFO neutron.plugins.ml2.plugin [None req-072aa1bd-2326-4edd-a82c-fe54f23c9bd1 - - - - - -] Attempt 1 to provision port 96530aa5-a847-4ad6-b999-eb0e0cd1b21a
2026-04-01 17:44:04.548 7 INFO neutron.db.ovn_revision_numbers_db [None req-50e77d34-6a67-4d55-9ad0-edd17688e0ce 493ec40c93374ac18be87b79b3881030 dd420f65c1024dd49f9e981a35620eb4 - - default default] Successfully bumped revision number for resource 44377cfe-7401-40d9-bcbf-c03871ef7cb8 (type: ports) to 1 [pid: 7|app: 0|req: 1045/2055] 10.0.0.197 () {34 vars in 670 bytes} [Wed Apr 1 17:44:03 2026] POST /v2.0/networks => generated 652 bytes in 1041 msecs (HTTP/1.1 201) 4 headers in 162 bytes (1 switches on core 0)
2026-04-01 17:44:04.645 8 WARNING neutron.scheduler.dhcp_agent_scheduler [None req-c5616400-d7ec-4c9c-bbc4-dc8f19ef93fd - - - - - -] No more DHCP agents
2026-04-01 17:44:04.649 8 WARNING neutron.api.rpc.agentnotifiers.dhcp_rpc_agent_api [None req-c5616400-d7ec-4c9c-bbc4-dc8f19ef93fd - - - - - -] Unable to schedule network e99ce036-c80a-41fc-9096-ddf6aee21bc5: no agents available; will retry on subsequent port and subnet creation events.
2026-04-01 17:44:04.854 7 INFO neutron.db.ovn_revision_numbers_db [None req-7afcfb1b-2fad-4915-9643-5e3330b34440 95143b92802e4b7db7b07c0a5962a51d eb4a115f9b284e158e55a921a3e79df4 - - default default] Successfully bumped revision number for resource 6e8b66f5-5a35-461a-af18-81d78c166b39 (type: security_groups) to 1
2026-04-01 17:44:04.867 7 INFO neutron.db.ovn_revision_numbers_db [None req-7afcfb1b-2fad-4915-9643-5e3330b34440 95143b92802e4b7db7b07c0a5962a51d eb4a115f9b284e158e55a921a3e79df4 - - default default] Successfully bumped revision number for resource 1920aef4-c9a5-454a-acd0-acef60e0107a (type: security_group_rules) to 0
2026-04-01 17:44:04.878 7 INFO neutron.db.ovn_revision_numbers_db [None req-7afcfb1b-2fad-4915-9643-5e3330b34440 95143b92802e4b7db7b07c0a5962a51d eb4a115f9b284e158e55a921a3e79df4 - - default default] Successfully bumped revision number for resource 824b57be-4f81-4d91-90b1-7b9c4ebf8d9f (type: security_group_rules) to 0
2026-04-01 17:44:04.892 7 INFO neutron.db.ovn_revision_numbers_db [None req-7afcfb1b-2fad-4915-9643-5e3330b34440 95143b92802e4b7db7b07c0a5962a51d eb4a115f9b284e158e55a921a3e79df4 - - default default] Successfully bumped revision number for resource cbfa141f-a8a3-4dda-8dea-d4733cea39bb (type: security_group_rules) to 0
2026-04-01 17:44:04.907 7 INFO neutron.db.ovn_revision_numbers_db [None req-7afcfb1b-2fad-4915-9643-5e3330b34440 95143b92802e4b7db7b07c0a5962a51d eb4a115f9b284e158e55a921a3e79df4 - - default default] Successfully bumped revision number for resource f5616ce1-e34e-45e2-a55a-60d53db50bc9 (type: security_group_rules) to 0
2026-04-01 17:44:05.013 7 INFO neutron.db.ovn_revision_numbers_db [None req-7afcfb1b-2fad-4915-9643-5e3330b34440 95143b92802e4b7db7b07c0a5962a51d eb4a115f9b284e158e55a921a3e79df4 - - default default] Successfully bumped revision number for resource 75d1425d-6c0e-42ab-b40d-f0ca6e548aa6 (type: security_groups) to 1
2026-04-01 17:44:05.026 7 INFO neutron.db.ovn_revision_numbers_db [None req-7afcfb1b-2fad-4915-9643-5e3330b34440 95143b92802e4b7db7b07c0a5962a51d eb4a115f9b284e158e55a921a3e79df4 - - default default] Successfully bumped revision number for resource 5cc98526-5f2d-41a0-82d0-011cccf70247 (type: security_group_rules) to 0
2026-04-01 17:44:05.038 7 INFO neutron.db.ovn_revision_numbers_db [None req-7afcfb1b-2fad-4915-9643-5e3330b34440 95143b92802e4b7db7b07c0a5962a51d eb4a115f9b284e158e55a921a3e79df4 - - default default] Successfully bumped revision number for resource aa40dcf7-2472-47b3-9176-b98675ac41a1 (type: security_group_rules) to 0 [pid: 7|app: 0|req: 1046/2056] 10.0.0.197 () {34 vars in 683 bytes} [Wed Apr 1 17:44:04 2026] POST /v2.0/security-groups => generated 1601 bytes in 499 msecs (HTTP/1.1 201) 4 headers in 163 bytes (1 switches on core 0)
2026-04-01 17:44:05.273 8 INFO neutron.db.ovn_revision_numbers_db [None req-072aa1bd-2326-4edd-a82c-fe54f23c9bd1 - - - - - -] Successfully bumped revision number for resource 96530aa5-a847-4ad6-b999-eb0e0cd1b21a (type: ports) to 2
2026-04-01 17:44:05.292 7 INFO neutron.db.ovn_revision_numbers_db [None req-53225b04-155a-494e-a765-b85e03edb51c 97fe125560ee477f97a9dc7fd847f523 a03e7094d8a04617814a9cde28b47909 - - default default] Successfully bumped revision number for resource 64aa8c58-9ef4-49e5-bb8a-560e5aadefc1 (type: security_groups) to 1
2026-04-01 17:44:05.305 7 INFO neutron.db.ovn_revision_numbers_db [None req-53225b04-155a-494e-a765-b85e03edb51c 97fe125560ee477f97a9dc7fd847f523 a03e7094d8a04617814a9cde28b47909 - - default default] Successfully bumped revision number for resource 1900c418-2f11-4b64-b89d-92eb99581003 (type: security_group_rules) to 0
2026-04-01 17:44:05.320 7 INFO neutron.db.ovn_revision_numbers_db [None req-53225b04-155a-494e-a765-b85e03edb51c 97fe125560ee477f97a9dc7fd847f523 a03e7094d8a04617814a9cde28b47909 - - default default] Successfully bumped revision number for resource ab8baba5-10b8-4bf8-a5f6-c75360224877 (type: security_group_rules) to 0
2026-04-01 17:44:05.331 7 INFO neutron.db.ovn_revision_numbers_db [None req-53225b04-155a-494e-a765-b85e03edb51c 97fe125560ee477f97a9dc7fd847f523 a03e7094d8a04617814a9cde28b47909 - - default default] Successfully bumped revision number for resource e2df5623-9fa8-4465-a46c-077acec89122 (type: security_group_rules) to 0
2026-04-01 17:44:05.342 7 INFO neutron.db.ovn_revision_numbers_db [None req-53225b04-155a-494e-a765-b85e03edb51c 97fe125560ee477f97a9dc7fd847f523 a03e7094d8a04617814a9cde28b47909 - - default default] Successfully bumped revision number for resource f4a7a94f-4797-49d8-a3cf-911c9fe5e5bd (type: security_group_rules) to 0
2026-04-01 17:44:05.430 7 INFO neutron.db.segments_db [None req-53225b04-155a-494e-a765-b85e03edb51c 97fe125560ee477f97a9dc7fd847f523 a03e7094d8a04617814a9cde28b47909 - - default default] Added segment e72c1ace-ccbe-49e3-80cd-fbb4b420e432 of type geneve for network 5323db5f-1b61-400a-be8a-c1e57a002ca7
2026-04-01 17:44:05.516 8 INFO neutron.db.ovn_revision_numbers_db [None req-c5616400-d7ec-4c9c-bbc4-dc8f19ef93fd - - - - - -] Successfully bumped revision number for resource 96530aa5-a847-4ad6-b999-eb0e0cd1b21a (type: router_ports) to 1
