2026-06-26 04:50:24.312 9 INFO neutron.wsgi [None req-aadba5e8-2b84-4d11-9287-0cdd560008f3 01dcb50cd7654acc9deb843f10a6f916 927f7f798fac44eb9bca508c4599dcc8 - - default default] 10.0.0.27 "DELETE /v2.0/networks/d0f66fae-1004-47ee-828f-1d3e0d2e55fd HTTP/1.1" status: 204 len: 168 time: 0.3546829
2026-06-26 04:50:24.702 10 INFO neutron.wsgi [None req-b6f291de-7a08-4b58-975e-5713d6a6a5b4 01dcb50cd7654acc9deb843f10a6f916 927f7f798fac44eb9bca508c4599dcc8 - - default default] 10.0.0.27 "DELETE /v2.0/networks/11c2ea2e-f62e-4c06-8cb6-8ea10276bdad HTTP/1.1" status: 204 len: 168 time: 0.3868554
2026-06-26 04:50:25.116 9 INFO neutron.wsgi [None req-69daf8e0-3308-41ed-9316-ddf59c1d6cc9 01dcb50cd7654acc9deb843f10a6f916 927f7f798fac44eb9bca508c4599dcc8 - - default default] 10.0.0.27 "DELETE /v2.0/networks/3318f1cc-c5ee-4a1e-8462-ec56127ab711 HTTP/1.1" status: 204 len: 168 time: 0.4083440
2026-06-26 04:50:25.546 9 INFO neutron.services.segments.plugin [-] Segment f567c188-5f07-4e82-94af-e28195cfea82 resource provider aggregate not found
2026-06-26 04:50:25.551 9 INFO neutron.services.segments.plugin [-] Segment f567c188-5f07-4e82-94af-e28195cfea82 resource provider aggregate not found
2026-06-26 04:50:25.561 9 INFO neutron.services.segments.plugin [-] Segment f567c188-5f07-4e82-94af-e28195cfea82 resource provider not found; error: Placement Client Error (4xx): {"errors": [{"status": 404, "title": "Not Found", "detail": "The resource could not be found.\n\n No resource provider with uuid f567c188-5f07-4e82-94af-e28195cfea82 found for delete ", "request_id": "req-591b9558-5d19-44aa-b4e4-971aa8241587"}]}
2026-06-26 04:50:25.575 9 INFO neutron.services.segments.plugin [-] Segment f567c188-5f07-4e82-94af-e28195cfea82 resource provider not found; error: Placement Client Error (4xx): {"errors": [{"status": 404, "title": "Not Found", "detail": "The resource could not be found.\n\n No resource provider with uuid f567c188-5f07-4e82-94af-e28195cfea82 found for delete ", "request_id": "req-3cd3d0a9-c023-4c59-a2a4-a3488b0eb962"}]}
2026-06-26 04:50:25.579 9 INFO neutron.services.segments.plugin [-] Segment a801295e-00d9-4e0c-adbb-7c6cd90a77e4 resource provider aggregate not found
2026-06-26 04:50:25.590 9 INFO neutron.services.segments.plugin [-] Segment a801295e-00d9-4e0c-adbb-7c6cd90a77e4 resource provider aggregate not found
2026-06-26 04:50:25.602 9 INFO neutron.services.segments.plugin [-] Segment a801295e-00d9-4e0c-adbb-7c6cd90a77e4 resource provider not found; error: Placement Client Error (4xx): {"errors": [{"status": 404, "title": "Not Found", "detail": "The resource could not be found.\n\n No resource provider with uuid a801295e-00d9-4e0c-adbb-7c6cd90a77e4 found for delete ", "request_id": "req-d56a1082-6031-43f7-ba45-7330777f335d"}]}
2026-06-26 04:50:25.606 9 INFO neutron.services.segments.plugin [-] Segment a801295e-00d9-4e0c-adbb-7c6cd90a77e4 resource provider not found; error: Placement Client Error (4xx): {"errors": [{"status": 404, "title": "Not Found", "detail": "The resource could not be found.\n\n No resource provider with uuid a801295e-00d9-4e0c-adbb-7c6cd90a77e4 found for delete ", "request_id": "req-3a69697d-e7d2-4f6b-81a3-9e4f118f66f0"}]}
2026-06-26 04:50:25.957 10 INFO neutron.services.segments.plugin [-] Segment f9fa4856-64b8-49ae-9df4-82b6b9bf093f resource provider aggregate not found
2026-06-26 04:50:25.961 10 INFO neutron.services.segments.plugin [-] Segment f9fa4856-64b8-49ae-9df4-82b6b9bf093f resource provider aggregate not found
2026-06-26 04:50:25.968 10 INFO neutron.services.segments.plugin [-] Segment f9fa4856-64b8-49ae-9df4-82b6b9bf093f resource provider not found; error: Placement Client Error (4xx): {"errors": [{"status": 404, "title": "Not Found", "detail": "The resource could not be found.\n\n No resource provider with uuid f9fa4856-64b8-49ae-9df4-82b6b9bf093f found for delete ", "request_id": "req-48cb7c81-5911-46bb-abbe-9dafb19630ac"}]}
2026-06-26 04:50:25.978 10 INFO neutron.services.segments.plugin [-] Segment f9fa4856-64b8-49ae-9df4-82b6b9bf093f resource provider not found; error: Placement Client Error (4xx): {"errors": [{"status": 404, "title": "Not Found", "detail": "The resource could not be found.\n\n No resource provider with uuid f9fa4856-64b8-49ae-9df4-82b6b9bf093f found for delete ", "request_id": "req-c4e14c26-34e7-47e4-a8d0-040cafb3a8ed"}]}
2026-06-26 04:50:26.443 10 INFO neutron.db.ovn_revision_numbers_db [None req-f18c0692-3d8a-45fb-ad46-0fcef14348dd dfa2b7c6895248229874da3d0cd52dce 05bac32385d141389de08b3cebdce2ac - - default default] Successfully bumped revision number for resource 2754dda4-62d5-4351-be7c-8b30b43cde42 (type: security_groups) to 1
2026-06-26 04:50:26.458 10 INFO neutron.db.ovn_revision_numbers_db [None req-f18c0692-3d8a-45fb-ad46-0fcef14348dd dfa2b7c6895248229874da3d0cd52dce 05bac32385d141389de08b3cebdce2ac - - default default] Successfully bumped revision number for resource 0ccc3d1a-0d1c-46e4-85ca-e54ba6e98480 (type: security_group_rules) to 0
2026-06-26 04:50:26.472 10 INFO neutron.db.ovn_revision_numbers_db [None req-f18c0692-3d8a-45fb-ad46-0fcef14348dd dfa2b7c6895248229874da3d0cd52dce 05bac32385d141389de08b3cebdce2ac - - default default] Successfully bumped revision number for resource 8920e563-a84e-41c1-92e5-52873cff3fc0 (type: security_group_rules) to 0
2026-06-26 04:50:26.487 10 INFO neutron.db.ovn_revision_numbers_db [None req-f18c0692-3d8a-45fb-ad46-0fcef14348dd dfa2b7c6895248229874da3d0cd52dce 05bac32385d141389de08b3cebdce2ac - - default default] Successfully bumped revision number for resource ba1acdaf-46d4-42c4-88f3-2b4c1e8003c6 (type: security_group_rules) to 0
2026-06-26 04:50:26.504 10 INFO neutron.db.ovn_revision_numbers_db [None req-f18c0692-3d8a-45fb-ad46-0fcef14348dd dfa2b7c6895248229874da3d0cd52dce 05bac32385d141389de08b3cebdce2ac - - default default] Successfully bumped revision number for resource f208a1cc-588e-4975-be8c-42605b99872c (type: security_group_rules) to 0
2026-06-26 04:50:26.531 10 INFO neutron.wsgi [None req-f18c0692-3d8a-45fb-ad46-0fcef14348dd dfa2b7c6895248229874da3d0cd52dce 05bac32385d141389de08b3cebdce2ac - - default default] 10.0.0.27 "GET /v2.0/security-groups?tenant_id=7480004f82df4b918e6950f7c7861030&name=default HTTP/1.1" status: 200 len: 2996 time: 0.4206967
2026-06-26 04:50:26.742 9 INFO neutron.wsgi [None req-f6997b8d-30c8-45d6-90bb-fd994a1d9d6c dfa2b7c6895248229874da3d0cd52dce 05bac32385d141389de08b3cebdce2ac - - default default] 10.0.0.27 "DELETE /v2.0/security-groups/2754dda4-62d5-4351-be7c-8b30b43cde42 HTTP/1.1" status: 204 len: 168 time: 0.2016914
2026-06-26 04:50:26.901 9 INFO neutron.wsgi [None req-6e206833-7a90-41f4-a9a8-e2bea2a91472 dfa2b7c6895248229874da3d0cd52dce 05bac32385d141389de08b3cebdce2ac - - default default] 10.0.0.27 "GET /v2.0/security-groups?tenant_id=927f7f798fac44eb9bca508c4599dcc8&name=default HTTP/1.1" status: 200 len: 2996 time: 0.0351169
2026-06-26 04:50:26.988 10 INFO neutron.wsgi [-] 10.0.0.183 "GET / HTTP/1.1" status: 200 len: 246 time: 0.0028858
2026-06-26 04:50:26.992 10 INFO neutron.wsgi [-] 10.0.0.183 "GET / HTTP/1.1" status: 200 len: 246 time: 0.0021875
2026-06-26 04:50:27.139 9 INFO neutron.wsgi [None req-17a7532e-28b6-48e1-b2e7-12b43037f4db dfa2b7c6895248229874da3d0cd52dce 05bac32385d141389de08b3cebdce2ac - - default default] 10.0.0.27 "DELETE /v2.0/security-groups/1dba7dfb-d6e3-4801-9328-15347be68f7e HTTP/1.1" status: 204 len: 168 time: 0.2321332
2026-06-26 04:50:27.514 9 INFO neutron.db.ovn_revision_numbers_db [None req-3474d340-a33d-4c67-a18f-fbc028b6232d dfa2b7c6895248229874da3d0cd52dce 05bac32385d141389de08b3cebdce2ac - - default default] Successfully bumped revision number for resource f01eb2e7-5efa-4115-bc32-34dd901d0da2 (type: security_groups) to 1
2026-06-26 04:50:27.564 9 INFO neutron.db.ovn_revision_numbers_db [None req-3474d340-a33d-4c67-a18f-fbc028b6232d dfa2b7c6895248229874da3d0cd52dce 05bac32385d141389de08b3cebdce2ac - - default default] Successfully bumped revision number for resource 269999e7-faab-478a-9aa2-ad5aa75848fe (type: security_group_rules) to 0
2026-06-26 04:50:27.587 9 INFO neutron.db.ovn_revision_numbers_db [None req-3474d340-a33d-4c67-a18f-fbc028b6232d dfa2b7c6895248229874da3d0cd52dce 05bac32385d141389de08b3cebdce2ac - - default default] Successfully bumped revision number for resource 3f9eebea-252a-4d87-ba6e-2f50d7426b0b (type: security_group_rules) to 0
2026-06-26 04:50:27.607 9 INFO neutron.db.ovn_revision_numbers_db [None req-3474d340-a33d-4c67-a18f-fbc028b6232d dfa2b7c6895248229874da3d0cd52dce 05bac32385d141389de08b3cebdce2ac - - default default] Successfully bumped revision number for resource 9503c1ad-4cca-49f7-9da4-aea72fb42433 (type: security_group_rules) to 0
2026-06-26 04:50:27.624 9 INFO neutron.db.ovn_revision_numbers_db [None req-3474d340-a33d-4c67-a18f-fbc028b6232d dfa2b7c6895248229874da3d0cd52dce 05bac32385d141389de08b3cebdce2ac - - default default] Successfully bumped revision number for resource af1e500b-0520-40a7-a927-486c2abfebfe (type: security_group_rules) to 0
2026-06-26 04:50:27.646 9 INFO neutron.wsgi [None req-3474d340-a33d-4c67-a18f-fbc028b6232d dfa2b7c6895248229874da3d0cd52dce 05bac32385d141389de08b3cebdce2ac - - default default] 10.0.0.27 "GET /v2.0/security-groups?tenant_id=8f4630b7bbd8424ea12227f5fd2ec3d8&name=default HTTP/1.1" status: 200 len: 2996 time: 0.2542598
2026-06-26 04:50:27.704 10 INFO neutron.db.ovn_revision_numbers_db [None req-20b36575-fc5e-466b-9373-998041185d24 dfa2b7c6895248229874da3d0cd52dce 05bac32385d141389de08b3cebdce2ac - - default default] Successfully bumped revision number for resource ee9c94c7-9607-41ca-b6af-03648e8cd9f5 (type: security_groups) to 1
2026-06-26 04:50:27.718 10 INFO neutron.db.ovn_revision_numbers_db [None req-20b36575-fc5e-466b-9373-998041185d24 dfa2b7c6895248229874da3d0cd52dce 05bac32385d141389de08b3cebdce2ac - - default default] Successfully bumped revision number for resource 09f58f9d-0c1b-4579-8734-0c5212bbe1a2 (type: security_group_rules) to 0
2026-06-26 04:50:27.739 10 INFO neutron.db.ovn_revision_numbers_db [None req-20b36575-fc5e-466b-9373-998041185d24 dfa2b7c6895248229874da3d0cd52dce 05bac32385d141389de08b3cebdce2ac - - default default] Successfully bumped revision number for resource c5451f26-eb59-4c75-b6bc-a1bbdd142a42 (type: security_group_rules) to 0
2026-06-26 04:50:27.761 10 INFO neutron.db.ovn_revision_numbers_db [None req-20b36575-fc5e-466b-9373-998041185d24 dfa2b7c6895248229874da3d0cd52dce 05bac32385d141389de08b3cebdce2ac - - default default] Successfully bumped revision number for resource cb9dc059-e1eb-47d0-bca2-0a8a28359e50 (type: security_group_rules) to 0
2026-06-26 04:50:27.779 10 INFO neutron.db.ovn_revision_numbers_db [None req-20b36575-fc5e-466b-9373-998041185d24 dfa2b7c6895248229874da3d0cd52dce 05bac32385d141389de08b3cebdce2ac - - default default] Successfully bumped revision number for resource cc429353-3370-4667-b083-290a17def523 (type: security_group_rules) to 0
2026-06-26 04:50:27.805 10 INFO neutron.wsgi [None req-20b36575-fc5e-466b-9373-998041185d24 dfa2b7c6895248229874da3d0cd52dce 05bac32385d141389de08b3cebdce2ac - - default default] 10.0.0.27 "GET /v2.0/security-groups?tenant_id=1dc6a5a6cd5646f6b9d307648cbb8b60&name=default HTTP/1.1" status: 200 len: 2996 time: 0.3852720
2026-06-26 04:50:27.856 9 INFO neutron.wsgi [None req-3fa46dd1-f886-42d5-88c8-b401275dd79e dfa2b7c6895248229874da3d0cd52dce 05bac32385d141389de08b3cebdce2ac - - default default] 10.0.0.27 "DELETE /v2.0/security-groups/f01eb2e7-5efa-4115-bc32-34dd901d0da2 HTTP/1.1" status: 204 len: 168 time: 0.2045670
2026-06-26 04:50:28.000 10 INFO neutron.wsgi [None req-b59388c0-5156-4fd3-9429-604824a571b0 dfa2b7c6895248229874da3d0cd52dce 05bac32385d141389de08b3cebdce2ac - - default default] 10.0.0.27 "DELETE /v2.0/security-groups/ee9c94c7-9607-41ca-b6af-03648e8cd9f5 HTTP/1.1" status: 204 len: 168 time: 0.1889596
2026-06-26 04:50:28.279 10 INFO neutron.db.ovn_revision_numbers_db [None req-4fb44257-3765-4657-8c9f-c87d1b3c2482 dfa2b7c6895248229874da3d0cd52dce 05bac32385d141389de08b3cebdce2ac - - default default] Successfully bumped revision number for resource d66bd7e7-4b71-4174-88a2-b6deab3b6c57 (type: security_groups) to 1
2026-06-26 04:50:28.297 10 INFO neutron.db.ovn_revision_numbers_db [None req-4fb44257-3765-4657-8c9f-c87d1b3c2482 dfa2b7c6895248229874da3d0cd52dce 05bac32385d141389de08b3cebdce2ac - - default default] Successfully bumped revision number for resource 56102c84-5b90-440a-af26-d691c2132934 (type: security_group_rules) to 0
2026-06-26 04:50:28.311 10 INFO neutron.db.ovn_revision_numbers_db [None req-4fb44257-3765-4657-8c9f-c87d1b3c2482 dfa2b7c6895248229874da3d0cd52dce 05bac32385d141389de08b3cebdce2ac - - default default] Successfully bumped revision number for resource 9f72fa51-35d7-4ee3-bee6-8dd70e574c58 (type: security_group_rules) to 0
2026-06-26 04:50:28.323 10 INFO neutron.db.ovn_revision_numbers_db [None req-4fb44257-3765-4657-8c9f-c87d1b3c2482 dfa2b7c6895248229874da3d0cd52dce 05bac32385d141389de08b3cebdce2ac - - default default] Successfully bumped revision number for resource b02b0a29-dd8d-4387-8436-700b2e4d6aa3 (type: security_group_rules) to 0
2026-06-26 04:50:28.344 10 INFO neutron.db.ovn_revision_numbers_db [None req-4fb44257-3765-4657-8c9f-c87d1b3c2482 dfa2b7c6895248229874da3d0cd52dce 05bac32385d141389de08b3cebdce2ac - - default default] Successfully bumped revision number for resource be8c4e3a-a3ff-4845-a3bf-e01dcf1a86bc (type: security_group_rules) to 0
2026-06-26 04:50:28.371 10 INFO neutron.wsgi [None req-4fb44257-3765-4657-8c9f-c87d1b3c2482 dfa2b7c6895248229874da3d0cd52dce 05bac32385d141389de08b3cebdce2ac - - default default] 10.0.0.27 "GET /v2.0/security-groups?tenant_id=a507eb476435415eb46dce5c700af9a7&name=default HTTP/1.1" status: 200 len: 2996 time: 0.1936195
2026-06-26 04:50:28.567 10 INFO neutron.wsgi [None req-54138f94-9b6f-4ae6-9cb9-f39e5e451bab dfa2b7c6895248229874da3d0cd52dce 05bac32385d141389de08b3cebdce2ac - - default default] 10.0.0.27 "DELETE /v2.0/security-groups/d66bd7e7-4b71-4174-88a2-b6deab3b6c57 HTTP/1.1" status: 204 len: 168 time: 0.1894507
2026-06-26 04:50:30.617 10 INFO neutron.wsgi [None req-5ac1b4f4-d5b1-4628-83c3-0cecc8701fbd dfa2b7c6895248229874da3d0cd52dce 05bac32385d141389de08b3cebdce2ac - - default default] 10.0.0.122 "GET /v2.0/network-ip-availabilities HTTP/1.1" status: 200 len: 3363 time: 0.1040058
2026-06-26 04:50:30.675 10 INFO neutron.wsgi [None req-96a9d783-aed5-4f11-bb89-f96857d732bd dfa2b7c6895248229874da3d0cd52dce 05bac32385d141389de08b3cebdce2ac - - default default] 10.0.0.122 "GET /v2.0/ports HTTP/1.1" status: 200 len: 19893 time: 0.0566502
2026-06-26 04:50:30.783 10 INFO neutron.wsgi [None req-fd9cb7d1-8846-4732-b164-e3b46faa4529 dfa2b7c6895248229874da3d0cd52dce 05bac32385d141389de08b3cebdce2ac - - default default] 10.0.0.122 "GET /v2.0/routers HTTP/1.1" status: 200 len: 849 time: 0.0969617
2026-06-26 04:50:30.799 10 INFO neutron.wsgi [None req-774e1f2e-10d1-46a8-9180-93e13e37f4d1 dfa2b7c6895248229874da3d0cd52dce 05bac32385d141389de08b3cebdce2ac - - default default] 10.0.0.122 "GET /v2.0/agents?binary=ovn-controller HTTP/1.1" status: 200 len: 591 time: 0.0151756
2026-06-26 04:50:30.858 10 INFO neutron.wsgi [None req-c52ca74c-e98a-424e-a67f-1304a604bcef dfa2b7c6895248229874da3d0cd52dce 05bac32385d141389de08b3cebdce2ac - - default default] 10.0.0.122 "GET /v2.0/subnets HTTP/1.1" status: 200 len: 5497 time: 0.0559027
2026-06-26 04:50:30.872 10 INFO neutron.wsgi [None req-c5a5ec78-40c6-49df-b85d-0b7e43ff8e0e dfa2b7c6895248229874da3d0cd52dce 05bac32385d141389de08b3cebdce2ac - - default default] 10.0.0.122 "GET /v2.0/subnetpools HTTP/1.1" status: 200 len: 193 time: 0.0104642
2026-06-26 04:50:31.199 10 INFO neutron.wsgi [None req-baa46303-895b-4efd-b661-edac753c8d81 dfa2b7c6895248229874da3d0cd52dce 05bac32385d141389de08b3cebdce2ac - - default default] 10.0.0.122 "GET /v2.0/networks HTTP/1.1" status: 200 len: 4719 time: 0.3256097
2026-06-26 04:50:31.235 10 INFO neutron.wsgi [None req-731b84ad-3fbd-4e2b-bf78-fe02354f1e50 dfa2b7c6895248229874da3d0cd52dce 05bac32385d141389de08b3cebdce2ac - - default default] 10.0.0.122 "GET /v2.0/subnets HTTP/1.1" status: 200 len: 5497 time: 0.0334687
2026-06-26 04:50:31.321 10 INFO neutron.wsgi [None req-943f8cf0-0616-47f1-bebe-bb6c2e48032f dfa2b7c6895248229874da3d0cd52dce 05bac32385d141389de08b3cebdce2ac - - default default] 10.0.0.122 "GET /v2.0/security-groups HTTP/1.1" status: 200 len: 29060 time: 0.0825152
2026-06-26 04:50:31.387 10 INFO neutron.wsgi [None req-4dbe07bd-35d3-40f4-8475-08751aa17d57 dfa2b7c6895248229874da3d0cd52dce 05bac32385d141389de08b3cebdce2ac - - default default] 10.0.0.122 "GET /v2.0/floatingips HTTP/1.1" status: 200 len: 1877 time: 0.0611722
2026-06-26 04:50:31.401 10 INFO neutron.wsgi [None req-a4dc4d4a-ff7a-4082-840a-a5c0b628efe3 dfa2b7c6895248229874da3d0cd52dce 05bac32385d141389de08b3cebdce2ac - - default default] 10.0.0.122 "GET /v2.0/agents HTTP/1.1" status: 200 len: 997 time: 0.0126867
2026-06-26 04:50:32.767 9 INFO neutron.db.ovn_revision_numbers_db [None req-78604b6a-347f-4546-95a7-b9489e0c0c25 dfa2b7c6895248229874da3d0cd52dce 05bac32385d141389de08b3cebdce2ac - - default default] Successfully bumped revision number for resource 875a881a-3240-4044-bec8-158a77fde0be (type: security_groups) to 1
2026-06-26 04:50:32.771 9 INFO neutron.db.ovn_revision_numbers_db [None req-7ba564ed-ba15-464d-8ef7-0834e70f61a7 2b6d82398dd44d85b2d9ddd46668318a 11ad62e2b145427b9c49fabe2ef1b97b - - default default] Successfully bumped revision number for resource 7eacab33-6ba7-4893-935a-60666ef8d872 (type: security_groups) to 1
2026-06-26 04:50:32.786 9 INFO neutron.db.ovn_revision_numbers_db [None req-78604b6a-347f-4546-95a7-b9489e0c0c25 dfa2b7c6895248229874da3d0cd52dce 05bac32385d141389de08b3cebdce2ac - - default default] Successfully bumped revision number for resource 065e2ab5-046a-42a9-883d-89e9a0a91e94 (type: security_group_rules) to 0
2026-06-26 04:50:32.788 9 INFO neutron.db.ovn_revision_numbers_db [None req-7ba564ed-ba15-464d-8ef7-0834e70f61a7 2b6d82398dd44d85b2d9ddd46668318a 11ad62e2b145427b9c49fabe2ef1b97b - - default default] Successfully bumped revision number for resource 21e384d7-def9-455c-b28d-5c6825733cb2 (type: security_group_rules) to 0
2026-06-26 04:50:32.800 9 INFO neutron.db.ovn_revision_numbers_db [None req-78604b6a-347f-4546-95a7-b9489e0c0c25 dfa2b7c6895248229874da3d0cd52dce 05bac32385d141389de08b3cebdce2ac - - default default] Successfully bumped revision number for resource 6cdbcac6-31b1-4a1d-be31-c1ba4a2055ed (type: security_group_rules) to 0
2026-06-26 04:50:32.802 9 INFO neutron.db.ovn_revision_numbers_db [None req-7ba564ed-ba15-464d-8ef7-0834e70f61a7 2b6d82398dd44d85b2d9ddd46668318a 11ad62e2b145427b9c49fabe2ef1b97b - - default default] Successfully bumped revision number for resource 469d8091-f178-409a-bdbc-8baf5786f5fe (type: security_group_rules) to 0
2026-06-26 04:50:32.815 9 INFO neutron.db.ovn_revision_numbers_db [None req-78604b6a-347f-4546-95a7-b9489e0c0c25 dfa2b7c6895248229874da3d0cd52dce 05bac32385d141389de08b3cebdce2ac - - default default] Successfully bumped revision number for resource a311b1ab-75b7-4561-a0ed-82ff9660f3f0 (type: security_group_rules) to 0
2026-06-26 04:50:32.817 9 INFO neutron.db.ovn_revision_numbers_db [None req-7ba564ed-ba15-464d-8ef7-0834e70f61a7 2b6d82398dd44d85b2d9ddd46668318a 11ad62e2b145427b9c49fabe2ef1b97b - - default default] Successfully bumped revision number for resource bfb696a9-13c5-4a88-806f-4923c5ed3ae9 (type: security_group_rules) to 0
2026-06-26 04:50:32.830 9 INFO neutron.db.ovn_revision_numbers_db [None req-78604b6a-347f-4546-95a7-b9489e0c0c25 dfa2b7c6895248229874da3d0cd52dce 05bac32385d141389de08b3cebdce2ac - - default default] Successfully bumped revision number for resource cf36abda-910f-4442-9468-0f0847932fb6 (type: security_group_rules) to 0
2026-06-26 04:50:32.832 9 INFO neutron.db.ovn_revision_numbers_db [None req-7ba564ed-ba15-464d-8ef7-0834e70f61a7 2b6d82398dd44d85b2d9ddd46668318a 11ad62e2b145427b9c49fabe2ef1b97b - - default default] Successfully bumped revision number for resource dcf1c7c7-4c3f-4704-9ca9-298c3d844da0 (type: security_group_rules) to 0
2026-06-26 04:50:32.855 9 INFO neutron.wsgi [None req-78604b6a-347f-4546-95a7-b9489e0c0c25 dfa2b7c6895248229874da3d0cd52dce 05bac32385d141389de08b3cebdce2ac - - default default] 10.0.0.27 "GET /v2.0/security-groups?tenant_id=b1a5ba634ffa4bdeb19e56b2cc156e37&name=default HTTP/1.1" status: 200 len: 2996 time: 0.3745029
2026-06-26 04:50:32.911 9 INFO neutron.db.ovn_revision_numbers_db [None req-7ba564ed-ba15-464d-8ef7-0834e70f61a7 2b6d82398dd44d85b2d9ddd46668318a 11ad62e2b145427b9c49fabe2ef1b97b - - default default] Successfully bumped revision number for resource 481406f5-1323-472a-af90-a21ef8c522a7 (type: security_groups) to 1
2026-06-26 04:50:32.939 9 INFO neutron.db.ovn_revision_numbers_db [None req-7ba564ed-ba15-464d-8ef7-0834e70f61a7 2b6d82398dd44d85b2d9ddd46668318a 11ad62e2b145427b9c49fabe2ef1b97b - - default default] Successfully bumped revision number for resource e567d509-3b05-4ac0-9ea0-0c1118de1c92 (type: security_group_rules) to 0
2026-06-26 04:50:32.967 9 INFO neutron.db.ovn_revision_numbers_db [None req-7ba564ed-ba15-464d-8ef7-0834e70f61a7 2b6d82398dd44d85b2d9ddd46668318a 11ad62e2b145427b9c49fabe2ef1b97b - - default default] Successfully bumped revision number for resource fcc79edc-aa50-47a3-a0d6-80c30b799306 (type: security_group_rules) to 0
2026-06-26 04:50:32.991 9 INFO neutron.wsgi [None req-7ba564ed-ba15-464d-8ef7-0834e70f61a7 2b6d82398dd44d85b2d9ddd46668318a 11ad62e2b145427b9c49fabe2ef1b97b - - default default] 10.0.0.27 "POST /v2.0/security-groups HTTP/1.1" status: 201 len: 1737 time: 0.4691358
2026-06-26 04:50:33.085 10 INFO neutron.wsgi [None req-8ecb3548-a38f-49c3-b3cc-03b5fc8610cb dfa2b7c6895248229874da3d0cd52dce 05bac32385d141389de08b3cebdce2ac - - default default] 10.0.0.27 "DELETE /v2.0/security-groups/875a881a-3240-4044-bec8-158a77fde0be HTTP/1.1" status: 204 len: 168 time: 0.2210209
2026-06-26 04:50:33.124 9 INFO neutron.db.ovn_revision_numbers_db [None req-fade0b6b-ce32-4b3f-ba34-eee25eaaafe7 2b6d82398dd44d85b2d9ddd46668318a 11ad62e2b145427b9c49fabe2ef1b97b - - default default] Successfully bumped revision number for resource 5023db2e-5bc6-4c02-8f44-8ec270f03898 (type: security_groups) to 1
2026-06-26 04:50:33.142 9 INFO neutron.db.ovn_revision_numbers_db [None req-fade0b6b-ce32-4b3f-ba34-eee25eaaafe7 2b6d82398dd44d85b2d9ddd46668318a 11ad62e2b145427b9c49fabe2ef1b97b - - default default] Successfully bumped revision number for resource 3d8b67d4-69df-472d-8361-8c1e0043c1ef (type: security_group_rules) to 0
2026-06-26 04:50:33.156 9 INFO neutron.db.ovn_revision_numbers_db [None req-fade0b6b-ce32-4b3f-ba34-eee25eaaafe7 2b6d82398dd44d85b2d9ddd46668318a 11ad62e2b145427b9c49fabe2ef1b97b - - default default] Successfully bumped revision number for resource bf6b73b6-d363-4e67-be28-be4e932fe942 (type: security_group_rules) to 0
2026-06-26 04:50:33.181 9 INFO neutron.wsgi [None req-fade0b6b-ce32-4b3f-ba34-eee25eaaafe7 2b6d82398dd44d85b2d9ddd46668318a 11ad62e2b145427b9c49fabe2ef1b97b - - default default] 10.0.0.27 "POST /v2.0/security-groups HTTP/1.1" status: 201 len: 1737 time: 0.1844256
2026-06-26 04:50:33.371 9 INFO neutron.db.ovn_revision_numbers_db [None req-42be8715-3353-45cf-a1d2-cba6f6336b23 2b6d82398dd44d85b2d9ddd46668318a 11ad62e2b145427b9c49fabe2ef1b97b - - default default] Successfully bumped revision number for resource 6a402458-e7af-4f26-8265-8b831d49901c (type: security_groups) to 1
2026-06-26 04:50:33.397 9 INFO neutron.db.ovn_revision_numbers_db [None req-42be8715-3353-45cf-a1d2-cba6f6336b23 2b6d82398dd44d85b2d9ddd46668318a 11ad62e2b145427b9c49fabe2ef1b97b - - default default] Successfully bumped revision number for resource cae16b73-7306-4728-8ae9-7cf9c02fe505 (type: security_group_rules) to 0
2026-06-26 04:50:33.426 9 INFO neutron.db.ovn_revision_numbers_db [None req-42be8715-3353-45cf-a1d2-cba6f6336b23 2b6d82398dd44d85b2d9ddd46668318a 11ad62e2b145427b9c49fabe2ef1b97b - - default default] Successfully bumped revision number for resource d6019551-07f5-4448-885a-b14a85ab33dd (type: security_group_rules) to 0
2026-06-26 04:50:33.478 9 INFO neutron.wsgi [None req-42be8715-3353-45cf-a1d2-cba6f6336b23 2b6d82398dd44d85b2d9ddd46668318a 11ad62e2b145427b9c49fabe2ef1b97b - - default default] 10.0.0.27 "POST /v2.0/security-groups HTTP/1.1" status: 201 len: 1737 time: 0.2880454
2026-06-26 04:50:33.605 9 INFO neutron.db.ovn_revision_numbers_db [None req-0170aa91-6312-4fab-b30c-c0d4bf2347b0 2b6d82398dd44d85b2d9ddd46668318a 11ad62e2b145427b9c49fabe2ef1b97b - - default default] Successfully bumped revision number for resource ada8468e-58a1-449b-af83-8dd8ca35dc7b (type: security_groups) to 1
2026-06-26 04:50:33.619 9 INFO neutron.db.ovn_revision_numbers_db [None req-0170aa91-6312-4fab-b30c-c0d4bf2347b0 2b6d82398dd44d85b2d9ddd46668318a 11ad62e2b145427b9c49fabe2ef1b97b - - default default] Successfully bumped revision number for resource 47a8cbb9-0756-4d4b-bf38-14a705ee830c (type: security_group_rules) to 0
2026-06-26 04:50:33.632 9 INFO neutron.db.ovn_revision_numbers_db [None req-0170aa91-6312-4fab-b30c-c0d4bf2347b0 2b6d82398dd44d85b2d9ddd46668318a 11ad62e2b145427b9c49fabe2ef1b97b - - default default] Successfully bumped revision number for resource a853a234-fb43-4a11-b541-7a9cd18d0df0 (type: security_group_rules) to 0
2026-06-26 04:50:33.651 9 INFO neutron.wsgi [None req-0170aa91-6312-4fab-b30c-c0d4bf2347b0 2b6d82398dd44d85b2d9ddd46668318a 11ad62e2b145427b9c49fabe2ef1b97b - - default default] 10.0.0.27 "POST /v2.0/security-groups HTTP/1.1" status: 201 len: 1737 time: 0.1648877
2026-06-26 04:50:33.753 9 INFO neutron.db.ovn_revision_numbers_db [None req-34ce6fdb-8377-448a-8878-c6703b7b60e8 2b6d82398dd44d85b2d9ddd46668318a 11ad62e2b145427b9c49fabe2ef1b97b - - default default] Successfully bumped revision number for resource cfc520a6-e22c-4f82-b8eb-6dce49d1abc5 (type: security_groups) to 1
2026-06-26 04:50:33.767 9 INFO neutron.db.ovn_revision_numbers_db [None req-34ce6fdb-8377-448a-8878-c6703b7b60e8 2b6d82398dd44d85b2d9ddd46668318a 11ad62e2b145427b9c49fabe2ef1b97b - - default default] Successfully bumped revision number for resource 298abed2-7cee-4c13-9074-c8ad74951f5c (type: security_group_rules) to 0
2026-06-26 04:50:33.781 9 INFO neutron.db.ovn_revision_numbers_db [None req-34ce6fdb-8377-448a-8878-c6703b7b60e8 2b6d82398dd44d85b2d9ddd46668318a 11ad62e2b145427b9c49fabe2ef1b97b - - default default] Successfully bumped revision number for resource b88ce807-93fb-44d1-954b-ef7a5eb24df4 (type: security_group_rules) to 0
2026-06-26 04:50:33.821 9 INFO neutron.wsgi [None req-34ce6fdb-8377-448a-8878-c6703b7b60e8 2b6d82398dd44d85b2d9ddd46668318a 11ad62e2b145427b9c49fabe2ef1b97b - - default default] 10.0.0.27 "POST /v2.0/security-groups HTTP/1.1" status: 201 len: 1737 time: 0.1625388
2026-06-26 04:50:33.863 9 INFO neutron.wsgi [None req-1248c5a7-5993-4fdc-817b-7e62991fc3a7 2b6d82398dd44d85b2d9ddd46668318a 11ad62e2b145427b9c49fabe2ef1b97b - - default default] 10.0.0.27 "PUT /v2.0/security-groups/481406f5-1323-472a-af90-a21ef8c522a7/tags HTTP/1.1" status: 200 len: 210 time: 0.0360715
2026-06-26 04:50:33.901 9 INFO neutron.wsgi [None req-795912c9-b2e6-4e17-87fa-77f3de7b991f 2b6d82398dd44d85b2d9ddd46668318a 11ad62e2b145427b9c49fabe2ef1b97b - - default default] 10.0.0.27 "PUT /v2.0/security-groups/5023db2e-5bc6-4c02-8f44-8ec270f03898/tags HTTP/1.1" status: 200 len: 218 time: 0.0307047
2026-06-26 04:50:33.953 9 INFO neutron.wsgi [None req-cf84eb24-cf34-4f3e-a700-c76cbbe12039 2b6d82398dd44d85b2d9ddd46668318a 11ad62e2b145427b9c49fabe2ef1b97b - - default default] 10.0.0.27 "PUT /v2.0/security-groups/6a402458-e7af-4f26-8265-8b831d49901c/tags HTTP/1.1" status: 200 len: 227 time: 0.0461979
2026-06-26 04:50:33.985 9 INFO neutron.wsgi [None req-f98bd8af-baac-4c0d-b77b-9e992f84b390 2b6d82398dd44d85b2d9ddd46668318a 11ad62e2b145427b9c49fabe2ef1b97b - - default default] 10.0.0.27 "PUT /v2.0/security-groups/ada8468e-58a1-449b-af83-8dd8ca35dc7b/tags HTTP/1.1" status: 200 len: 212 time: 0.0242608
2026-06-26 04:50:34.062 10 INFO neutron.wsgi [None req-5e1fb382-febf-423d-9b47-a9c62b775a4d 2b6d82398dd44d85b2d9ddd46668318a 11ad62e2b145427b9c49fabe2ef1b97b - - default default] 10.0.0.27 "GET /v2.0/security-groups?tags=red HTTP/1.1" status: 200 len: 4813 time: 0.0641320
2026-06-26 04:50:34.110 10 INFO neutron.wsgi [None req-ce813f42-cd45-4131-86a6-27dcdcb32d2f 2b6d82398dd44d85b2d9ddd46668318a 11ad62e2b145427b9c49fabe2ef1b97b - - default default] 10.0.0.27 "GET /v2.0/security-groups?tags=red%2Cblue HTTP/1.1" status: 200 len: 3289 time: 0.0420697
2026-06-26 04:50:34.155 10 INFO neutron.wsgi [None req-574027dc-263e-4120-b440-8eb2f41b4d94 2b6d82398dd44d85b2d9ddd46668318a 11ad62e2b145427b9c49fabe2ef1b97b - - default default] 10.0.0.27 "GET /v2.0/security-groups?tags-any=blue HTTP/1.1" status: 200 len: 3289 time: 0.0388966
2026-06-26 04:50:34.198 10 INFO neutron.wsgi [None req-bd27a9b0-06da-4c5e-99b1-131beb4c7017 2b6d82398dd44d85b2d9ddd46668318a 11ad62e2b145427b9c49fabe2ef1b97b - - default default] 10.0.0.27 "GET /v2.0/security-groups?tags-any=red%2Cblue HTTP/1.1" status: 200 len: 4813 time: 0.0356717
2026-06-26 04:50:34.259 10 INFO neutron.wsgi [None req-987c19ca-1f27-4934-b4ab-b1f19aafc2e7 2b6d82398dd44d85b2d9ddd46668318a 11ad62e2b145427b9c49fabe2ef1b97b - - default default] 10.0.0.27 "GET /v2.0/security-groups?not-tags=red HTTP/1.1" status: 200 len: 6041 time: 0.0544817
2026-06-26 04:50:34.317 10 INFO neutron.wsgi [None req-9ea97993-019d-4a7d-aa6b-3c467608116c 2b6d82398dd44d85b2d9ddd46668318a 11ad62e2b145427b9c49fabe2ef1b97b - - default default] 10.0.0.27 "GET /v2.0/security-groups?not-tags=red%2Cblue HTTP/1.1" status: 200 len: 7565 time: 0.0506642
2026-06-26 04:50:34.378 10 INFO neutron.wsgi [None req-6039dce2-c310-414e-8ac5-ad38790bbf8b 2b6d82398dd44d85b2d9ddd46668318a 11ad62e2b145427b9c49fabe2ef1b97b - - default default] 10.0.0.27 "GET /v2.0/security-groups?not-tags-any=blue HTTP/1.1" status: 200 len: 7565 time: 0.0551324
2026-06-26 04:50:34.427 10 INFO neutron.wsgi [None req-25a06695-ed34-4dc7-bd2b-f3f52caf39ee 2b6d82398dd44d85b2d9ddd46668318a 11ad62e2b145427b9c49fabe2ef1b97b - - default default] 10.0.0.27 "GET /v2.0/security-groups?not-tags-any=red%2Cblue HTTP/1.1" status: 200 len: 6041 time: 0.0435257
2026-06-26 04:50:34.553 10 INFO neutron.wsgi [None req-4ca18298-c51b-4fdb-ab0b-e67bf6cf2420 2b6d82398dd44d85b2d9ddd46668318a 11ad62e2b145427b9c49fabe2ef1b97b - - default default] 10.0.0.27 "DELETE /v2.0/security-groups/481406f5-1323-472a-af90-a21ef8c522a7 HTTP/1.1" status: 204 len: 168 time: 0.1193681
2026-06-26 04:50:34.673 10 INFO neutron.wsgi [None req-37d3d139-4cc9-45d8-96d7-e610d9f9b972 2b6d82398dd44d85b2d9ddd46668318a 11ad62e2b145427b9c49fabe2ef1b97b - - default default] 10.0.0.27 "DELETE /v2.0/security-groups/5023db2e-5bc6-4c02-8f44-8ec270f03898 HTTP/1.1" status: 204 len: 168 time: 0.1156807
2026-06-26 04:50:34.765 10 INFO neutron.wsgi [None req-29512277-c472-4084-a0f2-a91f5bdaf3a0 2b6d82398dd44d85b2d9ddd46668318a 11ad62e2b145427b9c49fabe2ef1b97b - - default default] 10.0.0.27 "DELETE /v2.0/security-groups/6a402458-e7af-4f26-8265-8b831d49901c HTTP/1.1" status: 204 len: 168 time: 0.0871012
2026-06-26 04:50:34.854 10 INFO neutron.wsgi [None req-d984e802-dba2-462a-8fd8-db202253ec71 2b6d82398dd44d85b2d9ddd46668318a 11ad62e2b145427b9c49fabe2ef1b97b - - default default] 10.0.0.27 "DELETE /v2.0/security-groups/ada8468e-58a1-449b-af83-8dd8ca35dc7b HTTP/1.1" status: 204 len: 168 time: 0.0853877
2026-06-26 04:50:34.950 10 INFO neutron.wsgi [None req-411b7ba2-c46f-4a59-bc90-16c3da1ff083 2b6d82398dd44d85b2d9ddd46668318a 11ad62e2b145427b9c49fabe2ef1b97b - - default default] 10.0.0.27 "DELETE /v2.0/security-groups/cfc520a6-e22c-4f82-b8eb-6dce49d1abc5 HTTP/1.1" status: 204 len: 168 time: 0.0912251
2026-06-26 04:50:36.114 9 INFO neutron.db.ovn_revision_numbers_db [None req-90dd58b0-00ee-4c67-bdfa-178eb22fcbff dfa2b7c6895248229874da3d0cd52dce 05bac32385d141389de08b3cebdce2ac - - default default] Successfully bumped revision number for resource bd3264d1-4c08-4d48-931f-a4140d9a6e5a (type: security_groups) to 1
2026-06-26 04:50:36.127 9 INFO neutron.db.ovn_revision_numbers_db [None req-90dd58b0-00ee-4c67-bdfa-178eb22fcbff dfa2b7c6895248229874da3d0cd52dce 05bac32385d141389de08b3cebdce2ac - - default default] Successfully bumped revision number for resource 5dadfc22-d827-4e4b-99a1-07b0e53719a2 (type: security_group_rules) to 0
2026-06-26 04:50:36.140 9 INFO neutron.db.ovn_revision_numbers_db [None req-90dd58b0-00ee-4c67-bdfa-178eb22fcbff dfa2b7c6895248229874da3d0cd52dce 05bac32385d141389de08b3cebdce2ac - - default default] Successfully bumped revision number for resource 6091a232-eeed-42a9-ad2b-2eec01cc2a4d (type: security_group_rules) to 0
2026-06-26 04:50:36.152 9 INFO neutron.db.ovn_revision_numbers_db [None req-90dd58b0-00ee-4c67-bdfa-178eb22fcbff dfa2b7c6895248229874da3d0cd52dce 05bac32385d141389de08b3cebdce2ac - - default default] Successfully bumped revision number for resource 632c39f7-b415-45f5-bff4-873fd455a142 (type: security_group_rules) to 0
2026-06-26 04:50:36.164 9 INFO neutron.db.ovn_revision_numbers_db [None req-90dd58b0-00ee-4c67-bdfa-178eb22fcbff dfa2b7c6895248229874da3d0cd52dce 05bac32385d141389de08b3cebdce2ac - - default default] Successfully bumped revision number for resource c3aea943-8804-419c-80be-7e0176c1a18c (type: security_group_rules) to 0
2026-06-26 04:50:36.186 9 INFO neutron.wsgi [None req-90dd58b0-00ee-4c67-bdfa-178eb22fcbff dfa2b7c6895248229874da3d0cd52dce 05bac32385d141389de08b3cebdce2ac - - default default] 10.0.0.27 "GET /v2.0/security-groups?tenant_id=ab228a0b317248c59c274afebc03a3c8&name=default HTTP/1.1" status: 200 len: 2996 time: 0.3410661
2026-06-26 04:50:36.441 9 INFO neutron.wsgi [None req-a86bd614-9803-481a-b69d-e36df7dba061 dfa2b7c6895248229874da3d0cd52dce 05bac32385d141389de08b3cebdce2ac - - default default] 10.0.0.27 "DELETE /v2.0/security-groups/bd3264d1-4c08-4d48-931f-a4140d9a6e5a HTTP/1.1" status: 204 len: 168 time: 0.2507513
2026-06-26 04:50:36.664 10 INFO neutron.db.ovn_revision_numbers_db [None req-0e2a03b5-7092-4b11-a301-2099cf00a602 dfa2b7c6895248229874da3d0cd52dce 05bac32385d141389de08b3cebdce2ac - - default default] Successfully bumped revision number for resource e5180540-7cea-491e-9101-e8d769965187 (type: security_groups) to 1
2026-06-26 04:50:36.678 10 INFO neutron.db.ovn_revision_numbers_db [None req-0e2a03b5-7092-4b11-a301-2099cf00a602 dfa2b7c6895248229874da3d0cd52dce 05bac32385d141389de08b3cebdce2ac - - default default] Successfully bumped revision number for resource 0972b773-899b-4d42-b66c-24779614ef8c (type: security_group_rules) to 0
2026-06-26 04:50:36.695 10 INFO neutron.db.ovn_revision_numbers_db [None req-0e2a03b5-7092-4b11-a301-2099cf00a602 dfa2b7c6895248229874da3d0cd52dce 05bac32385d141389de08b3cebdce2ac - - default default] Successfully bumped revision number for resource 22adb2f5-b7a8-43f2-bc8e-771d2bc516a8 (type: security_group_rules) to 0
2026-06-26 04:50:36.709 10 INFO neutron.db.ovn_revision_numbers_db [None req-0e2a03b5-7092-4b11-a301-2099cf00a602 dfa2b7c6895248229874da3d0cd52dce 05bac32385d141389de08b3cebdce2ac - - default default] Successfully bumped revision number for resource 7e4d60d4-357e-4a2b-ab11-e92f62bca136 (type: security_group_rules) to 0
2026-06-26 04:50:36.720 10 INFO neutron.db.ovn_revision_numbers_db [None req-0e2a03b5-7092-4b11-a301-2099cf00a602 dfa2b7c6895248229874da3d0cd52dce 05bac32385d141389de08b3cebdce2ac - - default default] Successfully bumped revision number for resource c6e28ac2-01b5-4ff7-9502-323bd9bde383 (type: security_group_rules) to 0
2026-06-26 04:50:36.747 10 INFO neutron.wsgi [None req-0e2a03b5-7092-4b11-a301-2099cf00a602 dfa2b7c6895248229874da3d0cd52dce 05bac32385d141389de08b3cebdce2ac - - default default] 10.0.0.27 "GET /v2.0/security-groups?tenant_id=cd7d38505e3f496d8812c07ecd7536be&name=default HTTP/1.1" status: 200 len: 2996 time: 0.1772459
2026-06-26 04:50:36.803 9 INFO neutron.db.ovn_revision_numbers_db [None req-9615d1fc-d596-4da1-8241-c81500ecfc67 dfa2b7c6895248229874da3d0cd52dce 05bac32385d141389de08b3cebdce2ac - - default default] Successfully bumped revision number for resource c4914e54-c57b-4159-8cf1-5dcad749181a (type: security_groups) to 1
2026-06-26 04:50:36.835 9 INFO neutron.db.ovn_revision_numbers_db [None req-9615d1fc-d596-4da1-8241-c81500ecfc67 dfa2b7c6895248229874da3d0cd52dce 05bac32385d141389de08b3cebdce2ac - - default default] Successfully bumped revision number for resource 16244608-0a85-4219-8393-8a40a8abb147 (type: security_group_rules) to 0
2026-06-26 04:50:36.856 9 INFO neutron.db.ovn_revision_numbers_db [None req-9615d1fc-d596-4da1-8241-c81500ecfc67 dfa2b7c6895248229874da3d0cd52dce 05bac32385d141389de08b3cebdce2ac - - default default] Successfully bumped revision number for resource 24fc0a1d-c492-4d86-8f55-ad6f22f01a07 (type: security_group_rules) to 0
2026-06-26 04:50:36.874 9 INFO neutron.db.ovn_revision_numbers_db [None req-9615d1fc-d596-4da1-8241-c81500ecfc67 dfa2b7c6895248229874da3d0cd52dce 05bac32385d141389de08b3cebdce2ac - - default default] Successfully bumped revision number for resource bda0cc4b-0408-4e5a-9f73-e3cff7935821 (type: security_group_rules) to 0
2026-06-26 04:50:36.889 9 INFO neutron.db.ovn_revision_numbers_db [None req-9615d1fc-d596-4da1-8241-c81500ecfc67 dfa2b7c6895248229874da3d0cd52dce 05bac32385d141389de08b3cebdce2ac - - default default] Successfully bumped revision number for resource fa0b31e2-6c4a-4bbf-9f27-78795f29be91 (type: security_group_rules) to 0
2026-06-26 04:50:36.918 9 INFO neutron.wsgi [None req-9615d1fc-d596-4da1-8241-c81500ecfc67 dfa2b7c6895248229874da3d0cd52dce 05bac32385d141389de08b3cebdce2ac - - default default] 10.0.0.27 "GET /v2.0/security-groups?tenant_id=04158d488ebd40cc9c39da3a2ed3ee39&name=default HTTP/1.1" status: 200 len: 2996 time: 0.3893824
2026-06-26 04:50:37.032 10 INFO neutron.wsgi [None req-4898481e-7a80-4819-b6ae-9eaaabed7c5a dfa2b7c6895248229874da3d0cd52dce 05bac32385d141389de08b3cebdce2ac - - default default] 10.0.0.27 "DELETE /v2.0/security-groups/e5180540-7cea-491e-9101-e8d769965187 HTTP/1.1" status: 204 len: 168 time: 0.2803292
2026-06-26 04:50:37.151 9 INFO neutron.wsgi [None req-838e0e03-1f23-4acd-b72e-b3f78d9c40f6 dfa2b7c6895248229874da3d0cd52dce 05bac32385d141389de08b3cebdce2ac - - default default] 10.0.0.27 "DELETE /v2.0/security-groups/c4914e54-c57b-4159-8cf1-5dcad749181a HTTP/1.1" status: 204 len: 168 time: 0.2267866
2026-06-26 04:50:37.207 10 INFO neutron.wsgi [None req-8fbd88e6-820b-423d-9f2b-9471c3c1fd76 dfa2b7c6895248229874da3d0cd52dce 05bac32385d141389de08b3cebdce2ac - - default default] 10.0.0.27 "GET /v2.0/security-groups?tenant_id=11ad62e2b145427b9c49fabe2ef1b97b&name=default HTTP/1.1" status: 200 len: 2996 time: 0.0491552
2026-06-26 04:50:37.431 10 INFO neutron.wsgi [None req-cd438ec6-d12a-42af-9d15-d21ed0b2c516 dfa2b7c6895248229874da3d0cd52dce 05bac32385d141389de08b3cebdce2ac - - default default] 10.0.0.27 "DELETE /v2.0/security-groups/7eacab33-6ba7-4893-935a-60666ef8d872 HTTP/1.1" status: 204 len: 168 time: 0.2188585
2026-06-26 04:50:37.442 10 INFO neutron.wsgi [req-cf118434-9f80-4719-bc52-f41f9d28008b req-22239d46-b502-4a83-a2f0-c2f1cbc6af0b db2fe22851e34c719e82f24bd7f83f63 fb1b2889ef2f4f67b28195cc98a5d19a - - 9b583444a272434391a3fb991aa33bcb 9b583444a272434391a3fb991aa33bcb] 199.204.45.74 "GET /v2.0/ports?device_id=bbac2577-2ce8-487c-ba8f-e6029c6cbd01&fields=binding%3Ahost_id&fields=binding%3Avif_type HTTP/1.1" status: 200 len: 265 time: 0.0343418
2026-06-26 04:50:37.498 10 INFO neutron.wsgi [req-cf118434-9f80-4719-bc52-f41f9d28008b req-1ca91705-3948-443f-996a-99690a1d91de db2fe22851e34c719e82f24bd7f83f63 fb1b2889ef2f4f67b28195cc98a5d19a - - 9b583444a272434391a3fb991aa33bcb 9b583444a272434391a3fb991aa33bcb] 199.204.45.74 "GET /v2.0/ports?tenant_id=a215e08be10a4078ac4b4bf39efb3e67&device_id=bbac2577-2ce8-487c-ba8f-e6029c6cbd01 HTTP/1.1" status: 200 len: 1630 time: 0.0380518
2026-06-26 04:50:37.605 10 INFO neutron.wsgi [req-cf118434-9f80-4719-bc52-f41f9d28008b req-69132ed0-cdcc-4a72-b8cd-f16f4ad472f4 db2fe22851e34c719e82f24bd7f83f63 fb1b2889ef2f4f67b28195cc98a5d19a - - 9b583444a272434391a3fb991aa33bcb 9b583444a272434391a3fb991aa33bcb] 199.204.45.74 "GET /v2.0/networks?id=ae4d26f6-94ef-4d32-b62c-fcde60d5f704 HTTP/1.1" status: 200 len: 1002 time: 0.0748308
2026-06-26 04:50:37.644 10 INFO neutron.wsgi [req-cf118434-9f80-4719-bc52-f41f9d28008b req-53e1cfb7-bb62-4c8b-aa9d-09aeb11c9bc1 db2fe22851e34c719e82f24bd7f83f63 fb1b2889ef2f4f67b28195cc98a5d19a - - 9b583444a272434391a3fb991aa33bcb 9b583444a272434391a3fb991aa33bcb] 199.204.45.74 "GET /v2.0/floatingips?fixed_ip_address=10.2.1.28&port_id=d433aca6-2beb-4f78-a3a7-c08a48c17a06 HTTP/1.1" status: 200 len: 1058 time: 0.0328810
2026-06-26 04:50:37.669 10 INFO neutron.wsgi [req-cf118434-9f80-4719-bc52-f41f9d28008b req-6a224509-9222-4ce6-a4c1-d42d1a72a6ff db2fe22851e34c719e82f24bd7f83f63 fb1b2889ef2f4f67b28195cc98a5d19a - - 9b583444a272434391a3fb991aa33bcb 9b583444a272434391a3fb991aa33bcb] 199.204.45.74 "GET /v2.0/floatingips?fixed_ip_address=fd7b%3Af9f7%3Afff%3A4eca%3A%3A6c&port_id=d433aca6-2beb-4f78-a3a7-c08a48c17a06 HTTP/1.1" status: 200 len: 217 time: 0.0205359
2026-06-26 04:50:37.700 10 INFO neutron.wsgi [req-cf118434-9f80-4719-bc52-f41f9d28008b req-fae8fec3-2b62-4654-b80c-b613948d611e db2fe22851e34c719e82f24bd7f83f63 fb1b2889ef2f4f67b28195cc98a5d19a - - 9b583444a272434391a3fb991aa33bcb 9b583444a272434391a3fb991aa33bcb] 199.204.45.74 "GET /v2.0/subnets?id=9c0d4471-0e04-4b13-9f12-a96f419f3426&id=db4b9b04-7ca5-4bc5-9fca-b5731be3c172 HTTP/1.1" status: 200 len: 1562 time: 0.0252917
2026-06-26 04:50:37.730 10 INFO neutron.wsgi [req-cf118434-9f80-4719-bc52-f41f9d28008b req-db891c64-45a1-455b-8d4c-6e257aef41b6 db2fe22851e34c719e82f24bd7f83f63 fb1b2889ef2f4f67b28195cc98a5d19a - - 9b583444a272434391a3fb991aa33bcb 9b583444a272434391a3fb991aa33bcb] 199.204.45.74 "GET /v2.0/ports?network_id=ae4d26f6-94ef-4d32-b62c-fcde60d5f704&device_owner=network%3Adhcp HTTP/1.1" status: 200 len: 210 time: 0.0197983
2026-06-26 04:50:37.755 10 INFO neutron.wsgi [req-cf118434-9f80-4719-bc52-f41f9d28008b req-ae9fb337-8de6-4281-ba91-5ae29f95735e db2fe22851e34c719e82f24bd7f83f63 fb1b2889ef2f4f67b28195cc98a5d19a - - 9b583444a272434391a3fb991aa33bcb 9b583444a272434391a3fb991aa33bcb] 199.204.45.74 "GET /v2.0/ports?network_id=ae4d26f6-94ef-4d32-b62c-fcde60d5f704&device_owner=network%3Adhcp HTTP/1.1" status: 200 len: 210 time: 0.0190258
2026-06-26 04:50:37.815 10 INFO neutron.wsgi [req-cf118434-9f80-4719-bc52-f41f9d28008b req-d0df384b-00f7-4f70-8fe8-ea33d77cf5b4 db2fe22851e34c719e82f24bd7f83f63 fb1b2889ef2f4f67b28195cc98a5d19a - - 9b583444a272434391a3fb991aa33bcb 9b583444a272434391a3fb991aa33bcb] 199.204.45.74 "GET /v2.0/networks/ae4d26f6-94ef-4d32-b62c-fcde60d5f704?fields=segments HTTP/1.1" status: 200 len: 212 time: 0.0551548
2026-06-26 04:50:37.887 10 INFO neutron.wsgi [req-cf118434-9f80-4719-bc52-f41f9d28008b req-e1041377-0190-42d7-a78d-c0e06f66c24f db2fe22851e34c719e82f24bd7f83f63 fb1b2889ef2f4f67b28195cc98a5d19a - - 9b583444a272434391a3fb991aa33bcb 9b583444a272434391a3fb991aa33bcb] 199.204.45.74 "GET /v2.0/networks/ae4d26f6-94ef-4d32-b62c-fcde60d5f704?fields=provider%3Aphysical_network&fields=provider%3Anetwork_type HTTP/1.1" status: 200 len: 277 time: 0.0602140
2026-06-26 04:50:39.827 10 INFO neutron.db.ovn_revision_numbers_db [None req-f9eaf4b6-da3b-4ebb-8cc1-489932bcc5fd dfa2b7c6895248229874da3d0cd52dce 05bac32385d141389de08b3cebdce2ac - - default default] Successfully bumped revision number for resource f9678de4-68b9-4768-a0eb-14056374cdab (type: security_groups) to 1
2026-06-26 04:50:39.853 10 INFO neutron.db.ovn_revision_numbers_db [None req-f9eaf4b6-da3b-4ebb-8cc1-489932bcc5fd dfa2b7c6895248229874da3d0cd52dce 05bac32385d141389de08b3cebdce2ac - - default default] Successfully bumped revision number for resource 4dfbde70-6f5d-4977-b266-87513082ed05 (type: security_group_rules) to 0
2026-06-26 04:50:39.873 10 INFO neutron.db.ovn_revision_numbers_db [None req-f9eaf4b6-da3b-4ebb-8cc1-489932bcc5fd dfa2b7c6895248229874da3d0cd52dce 05bac32385d141389de08b3cebdce2ac - - default default] Successfully bumped revision number for resource 65d20129-0241-4e7c-b2fd-b9130c0ea08a (type: security_group_rules) to 0
2026-06-26 04:50:39.890 10 INFO neutron.db.ovn_revision_numbers_db [None req-f9eaf4b6-da3b-4ebb-8cc1-489932bcc5fd dfa2b7c6895248229874da3d0cd52dce 05bac32385d141389de08b3cebdce2ac - - default default] Successfully bumped revision number for resource be4b9106-7431-4086-9b72-ffb4550152dd (type: security_group_rules) to 0
2026-06-26 04:50:39.913 10 INFO neutron.db.ovn_revision_numbers_db [None req-f9eaf4b6-da3b-4ebb-8cc1-489932bcc5fd dfa2b7c6895248229874da3d0cd52dce 05bac32385d141389de08b3cebdce2ac - - default default] Successfully bumped revision number for resource de65f982-0e31-436e-afa5-478d6bc10927 (type: security_group_rules) to 0
2026-06-26 04:50:39.938 10 INFO neutron.wsgi [None req-f9eaf4b6-da3b-4ebb-8cc1-489932bcc5fd dfa2b7c6895248229874da3d0cd52dce 05bac32385d141389de08b3cebdce2ac - - default default] 10.0.0.27 "GET /v2.0/security-groups?tenant_id=b11de0d52c2c4d919153a615f3bdab73&name=default HTTP/1.1" status: 200 len: 2996 time: 0.4129722
2026-06-26 04:50:40.157 10 INFO neutron.wsgi [None req-504fe849-5a77-43a0-8a9c-79573810d9cc dfa2b7c6895248229874da3d0cd52dce 05bac32385d141389de08b3cebdce2ac - - default default] 10.0.0.27 "DELETE /v2.0/security-groups/f9678de4-68b9-4768-a0eb-14056374cdab HTTP/1.1" status: 204 len: 168 time: 0.2126567
2026-06-26 04:50:41.875 10 INFO neutron.wsgi [None req-23dba716-be9a-4a33-aae8-cfdea4bb0f36 c61fccedf12347a8a42e1422271043b4 59ef8eb143d4451ca61cec3c46f2a9e2 - - default default] 10.0.0.27 "POST /v2.0/subnetpools HTTP/1.1" status: 201 len: 715 time: 0.2034445
2026-06-26 04:50:41.942 9 INFO neutron.wsgi [None req-86471669-cd70-4e4c-9310-bfeb76d1dae6 c61fccedf12347a8a42e1422271043b4 59ef8eb143d4451ca61cec3c46f2a9e2 - - default default] 10.0.0.27 "POST /v2.0/subnetpools HTTP/1.1" status: 201 len: 715 time: 0.0617507
2026-06-26 04:50:41.991 10 INFO neutron.wsgi [-] 10.0.0.183 "GET / HTTP/1.1" status: 200 len: 246 time: 0.0053039
2026-06-26 04:50:42.001 10 INFO neutron.wsgi [-] 10.0.0.183 "GET / HTTP/1.1" status: 200 len: 246 time: 0.0088391
2026-06-26 04:50:42.005 9 INFO neutron.wsgi [None req-5bd57251-6af7-41d3-aa33-082fc9a59ddf c61fccedf12347a8a42e1422271043b4 59ef8eb143d4451ca61cec3c46f2a9e2 - - default default] 10.0.0.27 "POST /v2.0/subnetpools HTTP/1.1" status: 201 len: 715 time: 0.0579100
2026-06-26 04:50:42.076 9 INFO neutron.wsgi [None req-a97099e4-801e-49cd-9ce6-466005e8e81b c61fccedf12347a8a42e1422271043b4 59ef8eb143d4451ca61cec3c46f2a9e2 - - default default] 10.0.0.27 "POST /v2.0/subnetpools HTTP/1.1" status: 201 len: 715 time: 0.0632906
2026-06-26 04:50:42.139 9 INFO neutron.wsgi [None req-f647dfd7-1181-46d1-bd60-5e5ef344d70c c61fccedf12347a8a42e1422271043b4 59ef8eb143d4451ca61cec3c46f2a9e2 - - default default] 10.0.0.27 "POST /v2.0/subnetpools HTTP/1.1" status: 201 len: 715 time: 0.0585718
2026-06-26 04:50:42.202 10 INFO neutron.wsgi [None req-fd7fa814-ba29-4a44-bcb9-dc2e6f11d557 c61fccedf12347a8a42e1422271043b4 59ef8eb143d4451ca61cec3c46f2a9e2 - - default default] 10.0.0.27 "PUT /v2.0/subnetpools/57d7ce2b-c018-4517-9b12-07157a9ae604/tags HTTP/1.1" status: 200 len: 210 time: 0.0571074
2026-06-26 04:50:42.245 9 INFO neutron.wsgi [None req-0f6e9d35-aa84-4fc9-827e-a92eff505420 c61fccedf12347a8a42e1422271043b4 59ef8eb143d4451ca61cec3c46f2a9e2 - - default default] 10.0.0.27 "PUT /v2.0/subnetpools/d6d46317-267d-4436-96b0-f1dfdc456e8d/tags HTTP/1.1" status: 200 len: 218 time: 0.0384181
2026-06-26 04:50:42.287 9 INFO neutron.wsgi [None req-69224584-b2d8-40c7-b748-4c7db39b04db c61fccedf12347a8a42e1422271043b4 59ef8eb143d4451ca61cec3c46f2a9e2 - - default default] 10.0.0.27 "PUT /v2.0/subnetpools/ab2d52f5-43d5-40bc-ae36-e59a686000be/tags HTTP/1.1" status: 200 len: 227 time: 0.0355287
2026-06-26 04:50:42.324 10 INFO neutron.wsgi [None req-13f2d818-5ff4-4775-950c-e1cd63c00930 c61fccedf12347a8a42e1422271043b4 59ef8eb143d4451ca61cec3c46f2a9e2 - - default default] 10.0.0.27 "PUT /v2.0/subnetpools/a0de974a-7359-49ce-b248-1d77be658c8f/tags HTTP/1.1" status: 200 len: 212 time: 0.0311725
2026-06-26 04:50:42.363 10 INFO neutron.wsgi [None req-f0087eb7-7168-47db-95c1-d5abcfbc3e0f c61fccedf12347a8a42e1422271043b4 59ef8eb143d4451ca61cec3c46f2a9e2 - - default default] 10.0.0.27 "GET /v2.0/subnetpools?tags=red HTTP/1.1" status: 200 len: 1758 time: 0.0340297
2026-06-26 04:50:42.396 9 INFO neutron.wsgi [None req-d9f08b37-f0d5-4245-8fdd-9e5325ae69de c61fccedf12347a8a42e1422271043b4 59ef8eb143d4451ca61cec3c46f2a9e2 - - default default] 10.0.0.27 "GET /v2.0/subnetpools?tags=red%2Cblue HTTP/1.1" status: 200 len: 1251 time: 0.0270779
2026-06-26 04:50:42.424 10 INFO neutron.wsgi [None req-9edc522d-94c7-482f-9d76-afc76c0b01ac c61fccedf12347a8a42e1422271043b4 59ef8eb143d4451ca61cec3c46f2a9e2 - - default default] 10.0.0.27 "GET /v2.0/subnetpools?tags-any=blue HTTP/1.1" status: 200 len: 1251 time: 0.0251513
2026-06-26 04:50:42.447 10 INFO neutron.wsgi [None req-7eb440fb-437d-4f66-af94-1fb5d1248438 c61fccedf12347a8a42e1422271043b4 59ef8eb143d4451ca61cec3c46f2a9e2 - - default default] 10.0.0.27 "GET /v2.0/subnetpools?tags-any=red%2Cblue HTTP/1.1" status: 200 len: 1758 time: 0.0182836
2026-06-26 04:50:42.472 10 INFO neutron.wsgi [None req-8ca149a3-1e0c-4139-bc8d-b193fc195180 c61fccedf12347a8a42e1422271043b4 59ef8eb143d4451ca61cec3c46f2a9e2 - - default default] 10.0.0.27 "GET /v2.0/subnetpools?not-tags=red HTTP/1.1" status: 200 len: 1223 time: 0.0199597
2026-06-26 04:50:42.499 10 INFO neutron.wsgi [None req-53c74254-c520-47e4-838d-17bddac1a2aa c61fccedf12347a8a42e1422271043b4 59ef8eb143d4451ca61cec3c46f2a9e2 - - default default] 10.0.0.27 "GET /v2.0/subnetpools?not-tags=red%2Cblue HTTP/1.1" status: 200 len: 1730 time: 0.0233333
