2026-06-26 04:48:16.734 10 INFO neutron.pecan_wsgi.hooks.translation [None req-ffc2ab16-7c23-4950-8f2f-25aaa12b5898 15bf7bc2fc414ec28e25f44a65a90926 41c729d77888461cb5338105a7d94aa9 - - default default] DELETE failed (client error): The resource could not be found.
2026-06-26 04:48:16.736 10 INFO neutron.wsgi [None req-ffc2ab16-7c23-4950-8f2f-25aaa12b5898 15bf7bc2fc414ec28e25f44a65a90926 41c729d77888461cb5338105a7d94aa9 - - default default] 10.0.0.27 "DELETE /v2.0/ports/22e1be32-50f1-48bd-a6ce-3e1eb8f68b96 HTTP/1.1" status: 404 len: 333 time: 0.0316772
2026-06-26 04:48:16.750 9 INFO neutron.db.ovn_revision_numbers_db [None req-c25c6f48-3bbc-45d4-aeda-b7290da27b75 dfa2b7c6895248229874da3d0cd52dce 05bac32385d141389de08b3cebdce2ac - - default default] Successfully bumped revision number for resource 2089cd1e-a88d-4453-a72c-0f4d2563bc1e (type: security_group_rules) to 0
2026-06-26 04:48:16.762 10 INFO neutron.pecan_wsgi.hooks.translation [None req-d34f99c9-c001-408d-8adc-6deb8f79727e 15bf7bc2fc414ec28e25f44a65a90926 41c729d77888461cb5338105a7d94aa9 - - default default] GET failed (client error): The resource could not be found.
2026-06-26 04:48:16.764 10 INFO neutron.wsgi [None req-d34f99c9-c001-408d-8adc-6deb8f79727e 15bf7bc2fc414ec28e25f44a65a90926 41c729d77888461cb5338105a7d94aa9 - - default default] 10.0.0.27 "GET /v2.0/ports/22e1be32-50f1-48bd-a6ce-3e1eb8f68b96 HTTP/1.1" status: 404 len: 333 time: 0.0234740
2026-06-26 04:48:16.774 9 INFO neutron.db.ovn_revision_numbers_db [None req-c25c6f48-3bbc-45d4-aeda-b7290da27b75 dfa2b7c6895248229874da3d0cd52dce 05bac32385d141389de08b3cebdce2ac - - default default] Successfully bumped revision number for resource 358b3951-5275-4738-baa5-06790ae4b6af (type: security_group_rules) to 0
2026-06-26 04:48:16.800 9 INFO neutron.db.ovn_revision_numbers_db [None req-c25c6f48-3bbc-45d4-aeda-b7290da27b75 dfa2b7c6895248229874da3d0cd52dce 05bac32385d141389de08b3cebdce2ac - - default default] Successfully bumped revision number for resource bc86cc17-3f41-41bc-9e0a-186848774c00 (type: security_group_rules) to 0
2026-06-26 04:48:16.834 9 INFO neutron.wsgi [None req-c25c6f48-3bbc-45d4-aeda-b7290da27b75 dfa2b7c6895248229874da3d0cd52dce 05bac32385d141389de08b3cebdce2ac - - default default] 10.0.0.27 "GET /v2.0/security-groups?tenant_id=849e4fefde9b419387c37ae3b6999d47&name=default HTTP/1.1" status: 200 len: 2996 time: 0.7027543
2026-06-26 04:48:16.960 9 INFO neutron.db.ovn_revision_numbers_db [None req-edc7e1ff-d4ea-4a14-bc9d-67745168579a 46d631a329984b9da051b57fff71e2d7 206b8d9874d84bb7aed95ddbcd15067e - - default default] Successfully bumped revision number for resource 4cde645a-2f03-49b4-9b77-13dd17bfcb0d (type: floatingips) to 1
2026-06-26 04:48:16.963 10 INFO neutron.wsgi [None req-27d5babe-2cc2-4fb5-af0d-307fe5838b15 15bf7bc2fc414ec28e25f44a65a90926 41c729d77888461cb5338105a7d94aa9 - - default default] 10.0.0.27 "DELETE /v2.0/subnets/fa2eea15-f4f3-45ae-94bf-b8f5ea53685a HTTP/1.1" status: 204 len: 168 time: 0.1940866
2026-06-26 04:48:17.067 9 INFO neutron.db.ovn_revision_numbers_db [None req-edc7e1ff-d4ea-4a14-bc9d-67745168579a 46d631a329984b9da051b57fff71e2d7 206b8d9874d84bb7aed95ddbcd15067e - - default default] Successfully bumped revision number for resource 4cde645a-2f03-49b4-9b77-13dd17bfcb0d (type: floatingips) to 2
2026-06-26 04:48:17.094 9 INFO neutron.wsgi [None req-edc7e1ff-d4ea-4a14-bc9d-67745168579a 46d631a329984b9da051b57fff71e2d7 206b8d9874d84bb7aed95ddbcd15067e - - default default] 10.0.0.27 "PUT /v2.0/floatingips/4cde645a-2f03-49b4-9b77-13dd17bfcb0d HTTP/1.1" status: 200 len: 1049 time: 0.6935136
2026-06-26 04:48:17.116 10 INFO neutron.wsgi [None req-c3746e43-e087-4ad2-a0e1-7769c41c8fcd dfa2b7c6895248229874da3d0cd52dce 05bac32385d141389de08b3cebdce2ac - - default default] 10.0.0.27 "DELETE /v2.0/security-groups/d7af6264-ebd4-416a-a367-5489fd02843f HTTP/1.1" status: 204 len: 168 time: 0.2765572
2026-06-26 04:48:17.146 9 INFO neutron.notifiers.nova [-] Nova event matching ['req-0b40ec2c-6332-4e60-a343-dace52d8e53e'] response: {'name': 'network-changed', 'server_uuid': '206d0a22-d0c8-48f6-acda-8219e5385843', 'tag': 'a8aed2b8-6090-4f6c-9639-263f7fe499b9', 'status': 'completed', 'code': 200}
2026-06-26 04:48:17.174 10 INFO neutron.wsgi [req-e6f33c99-a0e3-48b1-b7ca-5a1b1094f763 req-ac303a02-e0c4-4c3c-84d4-aeac581bd7fe 46d631a329984b9da051b57fff71e2d7 206b8d9874d84bb7aed95ddbcd15067e - - default default] 10.0.0.144 "GET /v2.0/ports?device_id=206d0a22-d0c8-48f6-acda-8219e5385843 HTTP/1.1" status: 200 len: 1170 time: 0.0364010 /var/lib/openstack/lib/python3.10/site-packages/pycadf/identifier.py:71: UserWarning: Invalid uuid: neutron. To ensure interoperability, identifiers should be a valid uuid. warnings.warn(('Invalid uuid: %s. To ensure interoperability, '
2026-06-26 04:48:17.213 10 INFO neutron.wsgi [req-4a9139f0-3d53-46aa-96de-cc89d4c60165 req-7098b522-a3af-4bbc-a09f-340c50a74e2c db2fe22851e34c719e82f24bd7f83f63 fb1b2889ef2f4f67b28195cc98a5d19a - - 9b583444a272434391a3fb991aa33bcb 9b583444a272434391a3fb991aa33bcb] 199.204.45.74 "GET /v2.0/ports?tenant_id=206b8d9874d84bb7aed95ddbcd15067e&device_id=206d0a22-d0c8-48f6-acda-8219e5385843 HTTP/1.1" status: 200 len: 1409 time: 0.0388775
2026-06-26 04:48:17.247 10 INFO neutron.wsgi [req-e6f33c99-a0e3-48b1-b7ca-5a1b1094f763 req-78952bb4-0cf6-4a37-9f2b-10271bd1f394 46d631a329984b9da051b57fff71e2d7 206b8d9874d84bb7aed95ddbcd15067e - - default default] 10.0.0.144 "GET /v2.0/security-groups?id=4a2f64b8-a383-4531-9163-027be27e2d9e&fields=id&fields=name HTTP/1.1" status: 200 len: 313 time: 0.0651765
2026-06-26 04:48:17.306 10 INFO neutron.wsgi [req-4a9139f0-3d53-46aa-96de-cc89d4c60165 req-e3329791-504c-4b40-93ec-b0153f313913 db2fe22851e34c719e82f24bd7f83f63 fb1b2889ef2f4f67b28195cc98a5d19a - - 9b583444a272434391a3fb991aa33bcb 9b583444a272434391a3fb991aa33bcb] 199.204.45.74 "GET /v2.0/networks?id=5a3bcd21-336d-48f7-bd96-8ae71b446a3f HTTP/1.1" status: 200 len: 967 time: 0.0832450
2026-06-26 04:48:17.354 9 INFO neutron.db.ovn_revision_numbers_db [None req-ec2c77dc-9661-4021-98a4-7324a6e048ff dfa2b7c6895248229874da3d0cd52dce 05bac32385d141389de08b3cebdce2ac - - default default] Successfully bumped revision number for resource e342080b-e656-4212-ab08-0c8f714d3302 (type: security_groups) to 1
2026-06-26 04:48:17.368 10 INFO neutron.wsgi [req-4a9139f0-3d53-46aa-96de-cc89d4c60165 req-3e9cedfb-a181-4260-989b-5348e09df4fc db2fe22851e34c719e82f24bd7f83f63 fb1b2889ef2f4f67b28195cc98a5d19a - - 9b583444a272434391a3fb991aa33bcb 9b583444a272434391a3fb991aa33bcb] 199.204.45.74 "GET /v2.0/floatingips?fixed_ip_address=10.100.0.4&port_id=a8aed2b8-6090-4f6c-9639-263f7fe499b9 HTTP/1.1" status: 200 len: 1059 time: 0.0513706
2026-06-26 04:48:17.383 9 INFO neutron.db.ovn_revision_numbers_db [None req-ec2c77dc-9661-4021-98a4-7324a6e048ff dfa2b7c6895248229874da3d0cd52dce 05bac32385d141389de08b3cebdce2ac - - default default] Successfully bumped revision number for resource 28fad0a3-970f-4a08-bf53-b0fafa681fd4 (type: security_group_rules) to 0
2026-06-26 04:48:17.397 9 INFO neutron.db.ovn_revision_numbers_db [None req-ec2c77dc-9661-4021-98a4-7324a6e048ff dfa2b7c6895248229874da3d0cd52dce 05bac32385d141389de08b3cebdce2ac - - default default] Successfully bumped revision number for resource 2ca7f8f9-1160-49db-94d6-82f989a9dc8c (type: security_group_rules) to 0
2026-06-26 04:48:17.412 9 INFO neutron.db.ovn_revision_numbers_db [None req-ec2c77dc-9661-4021-98a4-7324a6e048ff dfa2b7c6895248229874da3d0cd52dce 05bac32385d141389de08b3cebdce2ac - - default default] Successfully bumped revision number for resource 42759eec-23ba-432d-94b3-793e8924ce49 (type: security_group_rules) to 0
2026-06-26 04:48:17.418 10 INFO neutron.wsgi [req-4a9139f0-3d53-46aa-96de-cc89d4c60165 req-bd9564f8-b43e-4f5d-9829-3c25a0cbc617 db2fe22851e34c719e82f24bd7f83f63 fb1b2889ef2f4f67b28195cc98a5d19a - - 9b583444a272434391a3fb991aa33bcb 9b583444a272434391a3fb991aa33bcb] 199.204.45.74 "GET /v2.0/subnets?id=b7d7d9fe-503b-4a61-a437-4d5fa1a5b758 HTTP/1.1" status: 200 len: 863 time: 0.0429335
2026-06-26 04:48:17.431 9 INFO neutron.db.ovn_revision_numbers_db [None req-ec2c77dc-9661-4021-98a4-7324a6e048ff dfa2b7c6895248229874da3d0cd52dce 05bac32385d141389de08b3cebdce2ac - - default default] Successfully bumped revision number for resource c67e1297-a2c8-40d0-9001-e207a6891339 (type: security_group_rules) to 0
2026-06-26 04:48:17.455 10 INFO neutron.services.segments.plugin [-] Segment 444c4692-2f83-442c-a0a7-464e6fe8966a resource provider aggregate not found
2026-06-26 04:48:17.456 9 INFO neutron.wsgi [None req-ec2c77dc-9661-4021-98a4-7324a6e048ff dfa2b7c6895248229874da3d0cd52dce 05bac32385d141389de08b3cebdce2ac - - default default] 10.0.0.27 "GET /v2.0/security-groups?tenant_id=02fc8ff4cd7544a8b9350e743cb2be89&name=default HTTP/1.1" status: 200 len: 2996 time: 0.2478583
2026-06-26 04:48:17.461 10 INFO neutron.services.segments.plugin [-] Segment 444c4692-2f83-442c-a0a7-464e6fe8966a resource provider aggregate not found
2026-06-26 04:48:17.479 10 INFO neutron.services.segments.plugin [-] Segment 444c4692-2f83-442c-a0a7-464e6fe8966a resource provider not found; error: Placement Client Error (4xx): {"errors": [{"status": 404, "title": "Not Found", "detail": "The resource could not be found.\n\n No resource provider with uuid 444c4692-2f83-442c-a0a7-464e6fe8966a found for delete ", "request_id": "req-46db73d4-1da2-4878-9f4c-3e8ccad2a904"}]}
2026-06-26 04:48:17.484 10 INFO neutron.services.segments.plugin [-] Segment 444c4692-2f83-442c-a0a7-464e6fe8966a resource provider not found; error: Placement Client Error (4xx): {"errors": [{"status": 404, "title": "Not Found", "detail": "The resource could not be found.\n\n No resource provider with uuid 444c4692-2f83-442c-a0a7-464e6fe8966a found for delete ", "request_id": "req-070d8b73-86e8-4fef-b6eb-6f4b0c658b21"}]}
2026-06-26 04:48:17.486 10 INFO neutron.wsgi [req-4a9139f0-3d53-46aa-96de-cc89d4c60165 req-d46e5041-da7e-44cd-9974-3cab2e35bf41 db2fe22851e34c719e82f24bd7f83f63 fb1b2889ef2f4f67b28195cc98a5d19a - - 9b583444a272434391a3fb991aa33bcb 9b583444a272434391a3fb991aa33bcb] 199.204.45.74 "GET /v2.0/ports?network_id=5a3bcd21-336d-48f7-bd96-8ae71b446a3f&device_owner=network%3Adhcp HTTP/1.1" status: 200 len: 210 time: 0.0495837
2026-06-26 04:48:17.519 10 INFO neutron.wsgi [None req-fae94052-5fc9-4794-ada0-ad8900763d14 15bf7bc2fc414ec28e25f44a65a90926 41c729d77888461cb5338105a7d94aa9 - - default default] 10.0.0.27 "DELETE /v2.0/networks/6b8e8c04-3055-4c61-9d05-c2eefb26814c HTTP/1.1" status: 204 len: 168 time: 0.5435028
2026-06-26 04:48:17.596 10 INFO neutron.wsgi [req-4a9139f0-3d53-46aa-96de-cc89d4c60165 req-9a6bb4b4-694e-4169-8dc6-e8d31942d00d db2fe22851e34c719e82f24bd7f83f63 fb1b2889ef2f4f67b28195cc98a5d19a - - 9b583444a272434391a3fb991aa33bcb 9b583444a272434391a3fb991aa33bcb] 199.204.45.74 "GET /v2.0/networks/5a3bcd21-336d-48f7-bd96-8ae71b446a3f?fields=segments HTTP/1.1" status: 200 len: 212 time: 0.1058693
2026-06-26 04:48:17.610 10 INFO neutron.wsgi [req-3877707e-288b-496c-a5ec-32b00d6f3da5 req-9bfb942e-23d5-4c0f-a671-1cb660a2e27a 46d631a329984b9da051b57fff71e2d7 206b8d9874d84bb7aed95ddbcd15067e - - default default] 10.0.0.144 "GET /v2.0/ports?device_id=206d0a22-d0c8-48f6-acda-8219e5385843 HTTP/1.1" status: 200 len: 1170 time: 0.0536504
2026-06-26 04:48:17.657 10 INFO neutron.db.segments_db [None req-f62cf681-55ac-46a0-9b54-4eca13c4cd8d 15bf7bc2fc414ec28e25f44a65a90926 41c729d77888461cb5338105a7d94aa9 - - default default] Added segment 55d474e6-4985-43d0-90c9-9953a469418a of type geneve for network 92af9dc9-b762-4316-8e33-e2adce70b90c
2026-06-26 04:48:17.687 10 INFO neutron.wsgi [req-3877707e-288b-496c-a5ec-32b00d6f3da5 req-16e44bdf-d7cf-4af6-aac4-dad4dfc61afa 46d631a329984b9da051b57fff71e2d7 206b8d9874d84bb7aed95ddbcd15067e - - default default] 10.0.0.144 "GET /v2.0/security-groups?id=4a2f64b8-a383-4531-9163-027be27e2d9e&fields=id&fields=name HTTP/1.1" status: 200 len: 313 time: 0.0681620
2026-06-26 04:48:17.698 10 INFO neutron.wsgi [req-4a9139f0-3d53-46aa-96de-cc89d4c60165 req-085d62ad-a4f4-4b34-ae13-353560b5f577 db2fe22851e34c719e82f24bd7f83f63 fb1b2889ef2f4f67b28195cc98a5d19a - - 9b583444a272434391a3fb991aa33bcb 9b583444a272434391a3fb991aa33bcb] 199.204.45.74 "GET /v2.0/networks/5a3bcd21-336d-48f7-bd96-8ae71b446a3f?fields=provider%3Aphysical_network&fields=provider%3Anetwork_type HTTP/1.1" status: 200 len: 277 time: 0.0931823
2026-06-26 04:48:17.734 9 INFO neutron.wsgi [None req-ac4e12ea-7714-4fb1-9b94-43f9db2e0be8 dfa2b7c6895248229874da3d0cd52dce 05bac32385d141389de08b3cebdce2ac - - default default] 10.0.0.27 "DELETE /v2.0/security-groups/e342080b-e656-4212-ab08-0c8f714d3302 HTTP/1.1" status: 204 len: 168 time: 0.2718973
2026-06-26 04:48:17.827 10 INFO neutron.wsgi [req-4fc8234f-73f3-45b5-a322-55d0e36b7cc2 req-d435fbea-c067-425c-bedd-86741c0bc6ba 345076ca51a94e779c0f7dae9ee95173 81fd698c63754271bd23e346bb5f00c2 - - default default] 10.0.0.144 "GET /v2.0/networks?id=b624b110-171d-4e48-bce2-13280a6307ff HTTP/1.1" status: 200 len: 872 time: 0.0909379
2026-06-26 04:48:17.849 10 INFO neutron.wsgi [req-4fc8234f-73f3-45b5-a322-55d0e36b7cc2 req-3bccbb91-3119-4c06-90aa-ec930ffd3f00 345076ca51a94e779c0f7dae9ee95173 81fd698c63754271bd23e346bb5f00c2 - - default default] 10.0.0.144 "GET /v2.0/quotas/81fd698c63754271bd23e346bb5f00c2 HTTP/1.1" status: 200 len: 386 time: 0.0121903
2026-06-26 04:48:17.853 10 INFO neutron.db.ovn_revision_numbers_db [None req-f62cf681-55ac-46a0-9b54-4eca13c4cd8d 15bf7bc2fc414ec28e25f44a65a90926 41c729d77888461cb5338105a7d94aa9 - - default default] Successfully bumped revision number for resource 92af9dc9-b762-4316-8e33-e2adce70b90c (type: networks) to 1
2026-06-26 04:48:17.937 10 INFO neutron.wsgi [req-14de361c-9747-4bc1-ae4a-915818c8329c req-56e5e4d8-04d8-4b67-a37f-345b2c3d5adf 46d631a329984b9da051b57fff71e2d7 206b8d9874d84bb7aed95ddbcd15067e - - default default] 199.204.45.74 "GET /v2.0/ports?device_id=206d0a22-d0c8-48f6-acda-8219e5385843 HTTP/1.1" status: 200 len: 1170 time: 0.0539663
2026-06-26 04:48:17.987 9 INFO neutron.db.ovn_revision_numbers_db [None req-7ee5b74b-016a-4602-8f8e-ac0f74b6f210 dfa2b7c6895248229874da3d0cd52dce 05bac32385d141389de08b3cebdce2ac - - default default] Successfully bumped revision number for resource ee7c33ae-a027-4643-95b4-128bbd5d0fb9 (type: security_groups) to 1
2026-06-26 04:48:17.999 9 INFO neutron.db.ovn_revision_numbers_db [None req-7ee5b74b-016a-4602-8f8e-ac0f74b6f210 dfa2b7c6895248229874da3d0cd52dce 05bac32385d141389de08b3cebdce2ac - - default default] Successfully bumped revision number for resource 04d4008d-9254-4f17-906a-dda67d0397cd (type: security_group_rules) to 0
2026-06-26 04:48:18.012 9 INFO neutron.db.ovn_revision_numbers_db [None req-7ee5b74b-016a-4602-8f8e-ac0f74b6f210 dfa2b7c6895248229874da3d0cd52dce 05bac32385d141389de08b3cebdce2ac - - default default] Successfully bumped revision number for resource 660a49d2-f5ad-4533-aa6f-fa26cfb27c11 (type: security_group_rules) to 0
2026-06-26 04:48:18.025 9 INFO neutron.db.ovn_revision_numbers_db [None req-7ee5b74b-016a-4602-8f8e-ac0f74b6f210 dfa2b7c6895248229874da3d0cd52dce 05bac32385d141389de08b3cebdce2ac - - default default] Successfully bumped revision number for resource 692f9499-496f-45a0-be66-5d560ddb0106 (type: security_group_rules) to 0
2026-06-26 04:48:18.036 9 INFO neutron.db.ovn_revision_numbers_db [None req-7ee5b74b-016a-4602-8f8e-ac0f74b6f210 dfa2b7c6895248229874da3d0cd52dce 05bac32385d141389de08b3cebdce2ac - - default default] Successfully bumped revision number for resource a5601e66-15b9-4b81-aa7d-661ec8d791e6 (type: security_group_rules) to 0
2026-06-26 04:48:18.057 9 INFO neutron.wsgi [None req-7ee5b74b-016a-4602-8f8e-ac0f74b6f210 dfa2b7c6895248229874da3d0cd52dce 05bac32385d141389de08b3cebdce2ac - - default default] 10.0.0.27 "GET /v2.0/security-groups?tenant_id=7512cc6b579842eeaf3b8e8df0b126a0&name=default HTTP/1.1" status: 200 len: 2996 time: 0.1732364
2026-06-26 04:48:18.245 9 INFO neutron.wsgi [None req-44847f92-9b31-440c-9164-22b96f3941d3 dfa2b7c6895248229874da3d0cd52dce 05bac32385d141389de08b3cebdce2ac - - default default] 10.0.0.27 "DELETE /v2.0/security-groups/ee7c33ae-a027-4643-95b4-128bbd5d0fb9 HTTP/1.1" status: 204 len: 168 time: 0.1780102
2026-06-26 04:48:18.468 10 INFO neutron.wsgi [req-4fc8234f-73f3-45b5-a322-55d0e36b7cc2 req-53e6d8ac-a6ec-4541-afa8-45d78efa33a8 345076ca51a94e779c0f7dae9ee95173 81fd698c63754271bd23e346bb5f00c2 - - default default] 10.0.0.144 "GET /v2.0/ports?tenant_id=81fd698c63754271bd23e346bb5f00c2&fields=id HTTP/1.1" status: 200 len: 302 time: 0.6131177
2026-06-26 04:48:18.574 10 INFO neutron.wsgi [req-4fc8234f-73f3-45b5-a322-55d0e36b7cc2 req-aebe7932-1d47-489f-9a26-b1cb90f6a376 db2fe22851e34c719e82f24bd7f83f63 fb1b2889ef2f4f67b28195cc98a5d19a - - 9b583444a272434391a3fb991aa33bcb 9b583444a272434391a3fb991aa33bcb] 10.0.0.144 "GET /v2.0/networks/b624b110-171d-4e48-bce2-13280a6307ff?fields=segments HTTP/1.1" status: 200 len: 212 time: 0.0906992
2026-06-26 04:48:18.651 10 WARNING neutron.scheduler.dhcp_agent_scheduler [None req-f62cf681-55ac-46a0-9b54-4eca13c4cd8d 15bf7bc2fc414ec28e25f44a65a90926 41c729d77888461cb5338105a7d94aa9 - - default default] No more DHCP agents
2026-06-26 04:48:18.656 10 WARNING neutron.api.rpc.agentnotifiers.dhcp_rpc_agent_api [None req-f62cf681-55ac-46a0-9b54-4eca13c4cd8d 15bf7bc2fc414ec28e25f44a65a90926 41c729d77888461cb5338105a7d94aa9 - - default default] Unable to schedule network 92af9dc9-b762-4316-8e33-e2adce70b90c: no agents available; will retry on subsequent port and subnet creation events.
2026-06-26 04:48:18.704 10 INFO neutron.wsgi [req-4fc8234f-73f3-45b5-a322-55d0e36b7cc2 req-b6b5458a-27dd-4676-8265-162206221acd db2fe22851e34c719e82f24bd7f83f63 fb1b2889ef2f4f67b28195cc98a5d19a - - 9b583444a272434391a3fb991aa33bcb 9b583444a272434391a3fb991aa33bcb] 10.0.0.144 "GET /v2.0/networks/b624b110-171d-4e48-bce2-13280a6307ff?fields=provider%3Aphysical_network&fields=provider%3Anetwork_type HTTP/1.1" status: 200 len: 277 time: 0.1207733
2026-06-26 04:48:18.796 10 INFO neutron.db.ovn_revision_numbers_db [None req-f62cf681-55ac-46a0-9b54-4eca13c4cd8d 15bf7bc2fc414ec28e25f44a65a90926 41c729d77888461cb5338105a7d94aa9 - - default default] Successfully bumped revision number for resource fca57e67-ea64-4d7d-86dc-8122a379bbe4 (type: ports) to 1
2026-06-26 04:48:18.860 10 INFO neutron.wsgi [req-2eacc677-7a1e-4b2f-9957-b7fff96eeb1c req-7881311c-3250-4053-9b43-4b8450092154 46d631a329984b9da051b57fff71e2d7 206b8d9874d84bb7aed95ddbcd15067e - - default default] 10.0.0.144 "GET /v2.0/ports?device_id=206d0a22-d0c8-48f6-acda-8219e5385843 HTTP/1.1" status: 200 len: 1170 time: 0.0743420
2026-06-26 04:48:18.870 10 INFO neutron.wsgi [None req-f62cf681-55ac-46a0-9b54-4eca13c4cd8d 15bf7bc2fc414ec28e25f44a65a90926 41c729d77888461cb5338105a7d94aa9 - - default default] 10.0.0.27 "POST /v2.0/networks HTTP/1.1" status: 201 len: 834 time: 1.3445652
2026-06-26 04:48:18.872 10 INFO neutron.wsgi [req-aa1014c7-b6c9-4d36-a5e2-6f815146d3d8 req-2cdcb0ac-a5b5-4e7c-889d-fcba7c89a19e 345076ca51a94e779c0f7dae9ee95173 81fd698c63754271bd23e346bb5f00c2 - - default default] 10.0.0.144 "GET /v2.0/ports?device_id=c188fd2f-9e9d-420a-8fce-89702075c3cf HTTP/1.1" status: 200 len: 210 time: 0.0508070
2026-06-26 04:48:18.938 10 INFO neutron.wsgi [req-2eacc677-7a1e-4b2f-9957-b7fff96eeb1c req-56f18b2f-4c4c-4253-ae79-c5184856915b 46d631a329984b9da051b57fff71e2d7 206b8d9874d84bb7aed95ddbcd15067e - - default default] 10.0.0.144 "GET /v2.0/security-groups?id=4a2f64b8-a383-4531-9163-027be27e2d9e&fields=id&fields=name HTTP/1.1" status: 200 len: 313 time: 0.0712702
2026-06-26 04:48:18.939 10 INFO neutron.db.l3_db [req-14de361c-9747-4bc1-ae4a-915818c8329c req-ffc46556-fb4e-4e15-940b-dcc19353db1f 46d631a329984b9da051b57fff71e2d7 206b8d9874d84bb7aed95ddbcd15067e - - default default] Floating IP 4cde645a-2f03-49b4-9b77-13dd17bfcb0d disassociated. External IP: 10.96.250.216, port: a8aed2b8-6090-4f6c-9639-263f7fe499b9.
2026-06-26 04:48:19.112 10 INFO neutron.wsgi [req-14de361c-9747-4bc1-ae4a-915818c8329c req-ffc46556-fb4e-4e15-940b-dcc19353db1f 46d631a329984b9da051b57fff71e2d7 206b8d9874d84bb7aed95ddbcd15067e - - default default] 199.204.45.74 "DELETE /v2.0/ports/a8aed2b8-6090-4f6c-9639-263f7fe499b9 HTTP/1.1" status: 204 len: 173 time: 1.1699514
2026-06-26 04:48:19.152 9 WARNING neutron.scheduler.dhcp_agent_scheduler [None req-c37a0ee4-5a5a-45d0-864a-836d3310d35a 15bf7bc2fc414ec28e25f44a65a90926 41c729d77888461cb5338105a7d94aa9 - - default default] No more DHCP agents
2026-06-26 04:48:19.152 10 INFO neutron.notifiers.nova [-] Nova event matching ['req-0a5bb683-4b15-444c-a141-cb466fc351e7'] response: {'server_uuid': '206d0a22-d0c8-48f6-acda-8219e5385843', 'name': 'network-vif-deleted', 'tag': 'a8aed2b8-6090-4f6c-9639-263f7fe499b9', 'status': 'completed', 'code': 200}
2026-06-26 04:48:19.154 9 WARNING neutron.api.rpc.agentnotifiers.dhcp_rpc_agent_api [None req-c37a0ee4-5a5a-45d0-864a-836d3310d35a 15bf7bc2fc414ec28e25f44a65a90926 41c729d77888461cb5338105a7d94aa9 - - default default] Unable to schedule network 92af9dc9-b762-4316-8e33-e2adce70b90c: no agents available; will retry on subsequent port and subnet creation events.
2026-06-26 04:48:19.182 9 INFO neutron.db.ovn_revision_numbers_db [None req-c37a0ee4-5a5a-45d0-864a-836d3310d35a 15bf7bc2fc414ec28e25f44a65a90926 41c729d77888461cb5338105a7d94aa9 - - default default] Successfully bumped revision number for resource ce2d59e3-0329-4ee1-972c-cad442975815 (type: subnets) to 0
2026-06-26 04:48:19.197 9 INFO neutron.wsgi [None req-c37a0ee4-5a5a-45d0-864a-836d3310d35a 15bf7bc2fc414ec28e25f44a65a90926 41c729d77888461cb5338105a7d94aa9 - - default default] 10.0.0.27 "POST /v2.0/subnets HTTP/1.1" status: 201 len: 821 time: 0.3187413
2026-06-26 04:48:19.525 10 WARNING neutron.scheduler.dhcp_agent_scheduler [None req-713da56e-a478-4a02-8f46-f5f36367c215 15bf7bc2fc414ec28e25f44a65a90926 41c729d77888461cb5338105a7d94aa9 - - default default] No more DHCP agents
2026-06-26 04:48:19.527 10 WARNING neutron.api.rpc.agentnotifiers.dhcp_rpc_agent_api [None req-713da56e-a478-4a02-8f46-f5f36367c215 15bf7bc2fc414ec28e25f44a65a90926 41c729d77888461cb5338105a7d94aa9 - - default default] Unable to schedule network 92af9dc9-b762-4316-8e33-e2adce70b90c: no agents available; will retry on subsequent port and subnet creation events.
2026-06-26 04:48:19.673 10 INFO neutron.wsgi [req-4fc8234f-73f3-45b5-a322-55d0e36b7cc2 req-088efdad-48e6-4c6d-9425-c7efdf10e16d 345076ca51a94e779c0f7dae9ee95173 81fd698c63754271bd23e346bb5f00c2 - - default default] 199.204.45.74 "GET /v2.0/networks?id=b624b110-171d-4e48-bce2-13280a6307ff HTTP/1.1" status: 200 len: 872 time: 0.1022472
2026-06-26 04:48:19.677 10 INFO neutron.db.ovn_revision_numbers_db [None req-713da56e-a478-4a02-8f46-f5f36367c215 15bf7bc2fc414ec28e25f44a65a90926 41c729d77888461cb5338105a7d94aa9 - - default default] Successfully bumped revision number for resource 9db9e050-085b-4eaa-8cef-34a70b8e98b9 (type: ports) to 1
2026-06-26 04:48:19.702 10 INFO neutron.wsgi [None req-713da56e-a478-4a02-8f46-f5f36367c215 15bf7bc2fc414ec28e25f44a65a90926 41c729d77888461cb5338105a7d94aa9 - - default default] 10.0.0.27 "POST /v2.0/ports HTTP/1.1" status: 201 len: 1125 time: 0.5012736 /var/lib/openstack/lib/python3.10/site-packages/pycadf/identifier.py:71: UserWarning: Invalid uuid: neutron. To ensure interoperability, identifiers should be a valid uuid. warnings.warn(('Invalid uuid: %s. To ensure interoperability, '
2026-06-26 04:48:19.974 10 INFO neutron.wsgi [req-dd0f16c6-1182-4f33-9242-74c280a18717 req-1b8ca2aa-a5e8-43b6-afa2-bc73ebbfca57 345076ca51a94e779c0f7dae9ee95173 81fd698c63754271bd23e346bb5f00c2 - - default default] 10.0.0.144 "GET /v2.0/ports?device_id=c188fd2f-9e9d-420a-8fce-89702075c3cf HTTP/1.1" status: 200 len: 210 time: 0.0301266
2026-06-26 04:48:20.092 10 WARNING neutron.scheduler.dhcp_agent_scheduler [req-4fc8234f-73f3-45b5-a322-55d0e36b7cc2 req-50704506-c1c9-4f1d-8e29-fec7276ab9c4 345076ca51a94e779c0f7dae9ee95173 81fd698c63754271bd23e346bb5f00c2 - - default default] No more DHCP agents
2026-06-26 04:48:20.094 10 WARNING neutron.api.rpc.agentnotifiers.dhcp_rpc_agent_api [req-4fc8234f-73f3-45b5-a322-55d0e36b7cc2 req-50704506-c1c9-4f1d-8e29-fec7276ab9c4 345076ca51a94e779c0f7dae9ee95173 81fd698c63754271bd23e346bb5f00c2 - - default default] Unable to schedule network b624b110-171d-4e48-bce2-13280a6307ff: no agents available; will retry on subsequent port and subnet creation events.
2026-06-26 04:48:20.195 10 INFO neutron.wsgi [None req-13f050ef-794c-4095-aad1-81def7f29d3d 46d631a329984b9da051b57fff71e2d7 206b8d9874d84bb7aed95ddbcd15067e - - default default] 10.0.0.27 "DELETE /v2.0/security-groups/4a2f64b8-a383-4531-9163-027be27e2d9e HTTP/1.1" status: 204 len: 168 time: 0.1737957 /var/lib/openstack/lib/python3.10/site-packages/pycadf/identifier.py:71: UserWarning: Invalid uuid: neutron. To ensure interoperability, identifiers should be a valid uuid. warnings.warn(('Invalid uuid: %s. To ensure interoperability, '
2026-06-26 04:48:20.218 10 INFO neutron.api.v2.resource [None req-e4631b76-e881-463c-a3f7-8ae3bf071b62 46d631a329984b9da051b57fff71e2d7 206b8d9874d84bb7aed95ddbcd15067e - - default default] show failed (client error): The resource could not be found.
2026-06-26 04:48:20.219 10 INFO neutron.wsgi [None req-e4631b76-e881-463c-a3f7-8ae3bf071b62 46d631a329984b9da051b57fff71e2d7 206b8d9874d84bb7aed95ddbcd15067e - - default default] 10.0.0.27 "GET /v2.0/security-groups/4a2f64b8-a383-4531-9163-027be27e2d9e HTTP/1.1" status: 404 len: 347 time: 0.0137458
2026-06-26 04:48:20.285 10 INFO neutron.db.ovn_revision_numbers_db [req-4fc8234f-73f3-45b5-a322-55d0e36b7cc2 req-50704506-c1c9-4f1d-8e29-fec7276ab9c4 345076ca51a94e779c0f7dae9ee95173 81fd698c63754271bd23e346bb5f00c2 - - default default] Successfully bumped revision number for resource f05909df-612c-488f-b0ba-17e63a8c8293 (type: ports) to 1
2026-06-26 04:48:20.312 10 INFO neutron.wsgi [req-4fc8234f-73f3-45b5-a322-55d0e36b7cc2 req-50704506-c1c9-4f1d-8e29-fec7276ab9c4 345076ca51a94e779c0f7dae9ee95173 81fd698c63754271bd23e346bb5f00c2 - - default default] 199.204.45.74 "POST /v2.0/ports HTTP/1.1" status: 201 len: 1158 time: 0.6192639
2026-06-26 04:48:20.405 9 INFO neutron.wsgi [None req-e64a8294-2557-42f5-8c06-da18facbc46c 15bf7bc2fc414ec28e25f44a65a90926 41c729d77888461cb5338105a7d94aa9 - - default default] 10.0.0.27 "DELETE /v2.0/ports/9db9e050-085b-4eaa-8cef-34a70b8e98b9 HTTP/1.1" status: 204 len: 168 time: 0.6965854
2026-06-26 04:48:20.425 9 INFO neutron.pecan_wsgi.hooks.translation [None req-6998a288-944d-42d3-acc8-99584bbbfb53 15bf7bc2fc414ec28e25f44a65a90926 41c729d77888461cb5338105a7d94aa9 - - default default] GET failed (client error): The resource could not be found.
2026-06-26 04:48:20.427 9 INFO neutron.wsgi [None req-6998a288-944d-42d3-acc8-99584bbbfb53 15bf7bc2fc414ec28e25f44a65a90926 41c729d77888461cb5338105a7d94aa9 - - default default] 10.0.0.27 "GET /v2.0/ports/9db9e050-085b-4eaa-8cef-34a70b8e98b9 HTTP/1.1" status: 404 len: 333 time: 0.0162175
2026-06-26 04:48:20.602 9 INFO neutron.wsgi [None req-9908138f-1638-47c0-b2b1-f506e6b9ccc2 15bf7bc2fc414ec28e25f44a65a90926 41c729d77888461cb5338105a7d94aa9 - - default default] 10.0.0.27 "DELETE /v2.0/subnets/ce2d59e3-0329-4ee1-972c-cad442975815 HTTP/1.1" status: 204 len: 168 time: 0.1699111
2026-06-26 04:48:20.661 10 INFO neutron.wsgi [None req-00a947aa-5de7-4369-9dd5-157e80feb2e0 46d631a329984b9da051b57fff71e2d7 206b8d9874d84bb7aed95ddbcd15067e - - default default] 10.0.0.27 "DELETE /v2.0/floatingips/4cde645a-2f03-49b4-9b77-13dd17bfcb0d HTTP/1.1" status: 204 len: 168 time: 0.4368417
2026-06-26 04:48:20.742 10 INFO neutron.db.ovn_revision_numbers_db [req-4fc8234f-73f3-45b5-a322-55d0e36b7cc2 req-b0973512-12ff-4606-8f77-8c1e09685441 db2fe22851e34c719e82f24bd7f83f63 fb1b2889ef2f4f67b28195cc98a5d19a - - 9b583444a272434391a3fb991aa33bcb 9b583444a272434391a3fb991aa33bcb] Successfully bumped revision number for resource f05909df-612c-488f-b0ba-17e63a8c8293 (type: ports) to 2
2026-06-26 04:48:20.937 10 INFO neutron.db.ovn_revision_numbers_db [req-4fc8234f-73f3-45b5-a322-55d0e36b7cc2 req-b0973512-12ff-4606-8f77-8c1e09685441 db2fe22851e34c719e82f24bd7f83f63 fb1b2889ef2f4f67b28195cc98a5d19a - - 9b583444a272434391a3fb991aa33bcb 9b583444a272434391a3fb991aa33bcb] Successfully bumped revision number for resource f05909df-612c-488f-b0ba-17e63a8c8293 (type: ports) to 2
2026-06-26 04:48:20.951 10 INFO neutron.wsgi [req-4fc8234f-73f3-45b5-a322-55d0e36b7cc2 req-b0973512-12ff-4606-8f77-8c1e09685441 db2fe22851e34c719e82f24bd7f83f63 fb1b2889ef2f4f67b28195cc98a5d19a - - 9b583444a272434391a3fb991aa33bcb 9b583444a272434391a3fb991aa33bcb] 199.204.45.74 "PUT /v2.0/ports/f05909df-612c-488f-b0ba-17e63a8c8293 HTTP/1.1" status: 200 len: 1376 time: 0.6325321 /var/lib/openstack/lib/python3.10/site-packages/pycadf/identifier.py:71: UserWarning: Invalid uuid: neutron. To ensure interoperability, identifiers should be a valid uuid. warnings.warn(('Invalid uuid: %s. To ensure interoperability, '
2026-06-26 04:48:21.016 10 INFO neutron.wsgi [req-4fc8234f-73f3-45b5-a322-55d0e36b7cc2 req-a67cd444-7a32-4480-9390-b000e02a6e28 db2fe22851e34c719e82f24bd7f83f63 fb1b2889ef2f4f67b28195cc98a5d19a - - 9b583444a272434391a3fb991aa33bcb 9b583444a272434391a3fb991aa33bcb] 199.204.45.74 "GET /v2.0/ports?tenant_id=81fd698c63754271bd23e346bb5f00c2&device_id=c188fd2f-9e9d-420a-8fce-89702075c3cf HTTP/1.1" status: 200 len: 1407 time: 0.0358889
2026-06-26 04:48:21.032 9 INFO neutron.services.segments.plugin [-] Segment 55d474e6-4985-43d0-90c9-9953a469418a resource provider aggregate not found
2026-06-26 04:48:21.036 9 INFO neutron.services.segments.plugin [-] Segment 55d474e6-4985-43d0-90c9-9953a469418a resource provider aggregate not found
2026-06-26 04:48:21.043 10 INFO neutron.wsgi [req-4fc8234f-73f3-45b5-a322-55d0e36b7cc2 req-afc839ff-d469-4716-a7e0-1ac0c14f3441 db2fe22851e34c719e82f24bd7f83f63 fb1b2889ef2f4f67b28195cc98a5d19a - - 9b583444a272434391a3fb991aa33bcb 9b583444a272434391a3fb991aa33bcb] 199.204.45.74 "GET /v2.0/floatingips?fixed_ip_address=10.100.0.3&port_id=f05909df-612c-488f-b0ba-17e63a8c8293 HTTP/1.1" status: 200 len: 217 time: 0.0212245
2026-06-26 04:48:21.060 9 INFO neutron.services.segments.plugin [-] Segment 55d474e6-4985-43d0-90c9-9953a469418a resource provider not found; error: Placement Client Error (4xx): {"errors": [{"status": 404, "title": "Not Found", "detail": "The resource could not be found.\n\n No resource provider with uuid 55d474e6-4985-43d0-90c9-9953a469418a found for delete ", "request_id": "req-44e1303b-47bf-4e5c-9eac-bdc809d19e2e"}]}
2026-06-26 04:48:21.061 9 INFO neutron.services.segments.plugin [-] Segment 55d474e6-4985-43d0-90c9-9953a469418a resource provider not found; error: Placement Client Error (4xx): {"errors": [{"status": 404, "title": "Not Found", "detail": "The resource could not be found.\n\n No resource provider with uuid 55d474e6-4985-43d0-90c9-9953a469418a found for delete ", "request_id": "req-cbfbe3e1-f584-4019-aa0e-49b098b0075d"}]}
2026-06-26 04:48:21.088 10 INFO neutron.wsgi [req-158f4dbd-8439-4f8b-81bf-76c21dddab6f req-5d34a16a-1d7e-4c00-b733-25c8f7326398 345076ca51a94e779c0f7dae9ee95173 81fd698c63754271bd23e346bb5f00c2 - - default default] 10.0.0.144 "GET /v2.0/ports?device_id=c188fd2f-9e9d-420a-8fce-89702075c3cf HTTP/1.1" status: 200 len: 1168 time: 0.0435817
2026-06-26 04:48:21.091 9 INFO neutron.wsgi [None req-413ec122-4421-489a-bec3-ae32c51592ae 15bf7bc2fc414ec28e25f44a65a90926 41c729d77888461cb5338105a7d94aa9 - - default default] 10.0.0.27 "DELETE /v2.0/networks/92af9dc9-b762-4316-8e33-e2adce70b90c HTTP/1.1" status: 204 len: 168 time: 0.4841108
2026-06-26 04:48:21.097 10 INFO neutron.wsgi [req-4fc8234f-73f3-45b5-a322-55d0e36b7cc2 req-17985dd9-ff16-47ae-8e6f-937575409457 db2fe22851e34c719e82f24bd7f83f63 fb1b2889ef2f4f67b28195cc98a5d19a - - 9b583444a272434391a3fb991aa33bcb 9b583444a272434391a3fb991aa33bcb] 199.204.45.74 "GET /v2.0/subnets?id=87e86d52-5d30-4d2c-8711-971a9b7c8c10 HTTP/1.1" status: 200 len: 866 time: 0.0492697
2026-06-26 04:48:21.121 10 INFO neutron.wsgi [req-4fc8234f-73f3-45b5-a322-55d0e36b7cc2 req-274cd95d-55c4-4f2a-889f-490cc77b4efa db2fe22851e34c719e82f24bd7f83f63 fb1b2889ef2f4f67b28195cc98a5d19a - - 9b583444a272434391a3fb991aa33bcb 9b583444a272434391a3fb991aa33bcb] 199.204.45.74 "GET /v2.0/ports?network_id=b624b110-171d-4e48-bce2-13280a6307ff&device_owner=network%3Adhcp HTTP/1.1" status: 200 len: 210 time: 0.0184817
2026-06-26 04:48:21.146 10 INFO neutron.wsgi [req-158f4dbd-8439-4f8b-81bf-76c21dddab6f req-405b2ff9-da82-4f1f-b693-9fd11136cb1c 345076ca51a94e779c0f7dae9ee95173 81fd698c63754271bd23e346bb5f00c2 - - default default] 10.0.0.144 "GET /v2.0/security-groups?id=732066aa-cafd-4899-af3f-3bd4d346b66a&fields=id&fields=name HTTP/1.1" status: 200 len: 286 time: 0.0484498
2026-06-26 04:48:21.192 10 INFO neutron.wsgi [req-4fc8234f-73f3-45b5-a322-55d0e36b7cc2 req-684539c9-d9d6-40d5-a3d7-5eef4ede9310 db2fe22851e34c719e82f24bd7f83f63 fb1b2889ef2f4f67b28195cc98a5d19a - - 9b583444a272434391a3fb991aa33bcb 9b583444a272434391a3fb991aa33bcb] 199.204.45.74 "GET /v2.0/networks/b624b110-171d-4e48-bce2-13280a6307ff?fields=segments HTTP/1.1" status: 200 len: 212 time: 0.0671473
2026-06-26 04:48:21.203 10 INFO neutron.notifiers.nova [-] Nova event matching ['req-40459160-0cac-4dd6-972b-fa5685558d17'] response: {'name': 'network-changed', 'server_uuid': 'c188fd2f-9e9d-420a-8fce-89702075c3cf', 'tag': 'f05909df-612c-488f-b0ba-17e63a8c8293', 'status': 'completed', 'code': 200}
2026-06-26 04:48:21.258 10 INFO neutron.wsgi [req-4fc8234f-73f3-45b5-a322-55d0e36b7cc2 req-3f333f9f-ecf6-4f13-97b6-83bab5626c2f db2fe22851e34c719e82f24bd7f83f63 fb1b2889ef2f4f67b28195cc98a5d19a - - 9b583444a272434391a3fb991aa33bcb 9b583444a272434391a3fb991aa33bcb] 199.204.45.74 "GET /v2.0/networks/b624b110-171d-4e48-bce2-13280a6307ff?fields=provider%3Aphysical_network&fields=provider%3Anetwork_type HTTP/1.1" status: 200 len: 277 time: 0.0607345
2026-06-26 04:48:21.344 10 INFO neutron.wsgi [req-888bd3e6-57a7-46b4-a132-6c64793ec389 req-c962bfe4-4455-4b8b-8485-e450ff172876 db2fe22851e34c719e82f24bd7f83f63 fb1b2889ef2f4f67b28195cc98a5d19a - - 9b583444a272434391a3fb991aa33bcb 9b583444a272434391a3fb991aa33bcb] 199.204.45.74 "GET /v2.0/ports?tenant_id=81fd698c63754271bd23e346bb5f00c2&device_id=c188fd2f-9e9d-420a-8fce-89702075c3cf HTTP/1.1" status: 200 len: 1407 time: 0.0452223
2026-06-26 04:48:21.428 10 INFO neutron.wsgi [req-888bd3e6-57a7-46b4-a132-6c64793ec389 req-3b481d57-9ad1-4b6f-bc00-b56ad94bcc95 db2fe22851e34c719e82f24bd7f83f63 fb1b2889ef2f4f67b28195cc98a5d19a - - 9b583444a272434391a3fb991aa33bcb 9b583444a272434391a3fb991aa33bcb] 199.204.45.74 "GET /v2.0/networks?id=b624b110-171d-4e48-bce2-13280a6307ff HTTP/1.1" status: 200 len: 971 time: 0.0781541
2026-06-26 04:48:21.453 9 WARNING neutron.scheduler.dhcp_agent_scheduler [None req-6e502cb4-c308-4a50-b7c9-24454c33538f 15bf7bc2fc414ec28e25f44a65a90926 41c729d77888461cb5338105a7d94aa9 - - default default] No more DHCP agents
2026-06-26 04:48:21.459 9 WARNING neutron.api.rpc.agentnotifiers.dhcp_rpc_agent_api [None req-6e502cb4-c308-4a50-b7c9-24454c33538f 15bf7bc2fc414ec28e25f44a65a90926 41c729d77888461cb5338105a7d94aa9 - - default default] Unable to schedule network a9bd1abc-6a8e-41de-8fe7-c5f8934fdbbd: no agents available; will retry on subsequent port and subnet creation events.
2026-06-26 04:48:21.462 10 INFO neutron.wsgi [req-888bd3e6-57a7-46b4-a132-6c64793ec389 req-ca8aaf2c-cf6f-4010-a595-bd7e71164fcc db2fe22851e34c719e82f24bd7f83f63 fb1b2889ef2f4f67b28195cc98a5d19a - - 9b583444a272434391a3fb991aa33bcb 9b583444a272434391a3fb991aa33bcb] 199.204.45.74 "GET /v2.0/floatingips?fixed_ip_address=10.100.0.3&port_id=f05909df-612c-488f-b0ba-17e63a8c8293 HTTP/1.1" status: 200 len: 217 time: 0.0244038
2026-06-26 04:48:21.514 10 INFO neutron.wsgi [req-888bd3e6-57a7-46b4-a132-6c64793ec389 req-0bbc9663-d5d5-444a-a76e-be851cb6e343 db2fe22851e34c719e82f24bd7f83f63 fb1b2889ef2f4f67b28195cc98a5d19a - - 9b583444a272434391a3fb991aa33bcb 9b583444a272434391a3fb991aa33bcb] 199.204.45.74 "GET /v2.0/subnets?id=87e86d52-5d30-4d2c-8711-971a9b7c8c10 HTTP/1.1" status: 200 len: 866 time: 0.0368080
2026-06-26 04:48:21.546 10 INFO neutron.wsgi [req-888bd3e6-57a7-46b4-a132-6c64793ec389 req-b0029dc3-6960-46ce-8047-990f95217a0b db2fe22851e34c719e82f24bd7f83f63 fb1b2889ef2f4f67b28195cc98a5d19a - - 9b583444a272434391a3fb991aa33bcb 9b583444a272434391a3fb991aa33bcb] 199.204.45.74 "GET /v2.0/ports?network_id=b624b110-171d-4e48-bce2-13280a6307ff&device_owner=network%3Adhcp HTTP/1.1" status: 200 len: 210 time: 0.0252547
2026-06-26 04:48:21.565 10 WARNING neutron.plugins.ml2.drivers.ovn.mech_driver.ovsdb.ovn_client [None req-1a5073a8-6585-46b6-a31d-df1d27a05419 - - - - - -] No hosting information found for port 7ebfefe5-a311-4fb9-9032-af80f031a5a0: RuntimeError: No hosting information found for port 7ebfefe5-a311-4fb9-9032-af80f031a5a0
2026-06-26 04:48:21.565 10 INFO neutron.plugins.ml2.drivers.ovn.mech_driver.mech_driver [None req-1a5073a8-6585-46b6-a31d-df1d27a05419 - - - - - -] OVN reports status down for port: a8aed2b8-6090-4f6c-9639-263f7fe499b9
2026-06-26 04:48:21.584 10 INFO neutron.plugins.ml2.drivers.ovn.mech_driver.mech_driver [None req-1a5073a8-6585-46b6-a31d-df1d27a05419 - - - - - -] OVN reports status up for port: f05909df-612c-488f-b0ba-17e63a8c8293
2026-06-26 04:48:21.605 10 INFO neutron.plugins.ml2.plugin [None req-1a5073a8-6585-46b6-a31d-df1d27a05419 - - - - - -] Attempt 1 to provision port f05909df-612c-488f-b0ba-17e63a8c8293
2026-06-26 04:48:21.612 9 INFO neutron.db.ovn_revision_numbers_db [None req-6e502cb4-c308-4a50-b7c9-24454c33538f 15bf7bc2fc414ec28e25f44a65a90926 41c729d77888461cb5338105a7d94aa9 - - default default] Successfully bumped revision number for resource a34744a6-c506-4d19-af24-b7a5cc9e2861 (type: ports) to 1
2026-06-26 04:48:21.640 10 INFO neutron.wsgi [req-888bd3e6-57a7-46b4-a132-6c64793ec389 req-7b20979c-13f2-4289-9977-939218b0106f db2fe22851e34c719e82f24bd7f83f63 fb1b2889ef2f4f67b28195cc98a5d19a - - 9b583444a272434391a3fb991aa33bcb 9b583444a272434391a3fb991aa33bcb] 199.204.45.74 "GET /v2.0/networks/b624b110-171d-4e48-bce2-13280a6307ff?fields=segments HTTP/1.1" status: 200 len: 212 time: 0.0874331
2026-06-26 04:48:21.645 9 INFO neutron.wsgi [None req-6e502cb4-c308-4a50-b7c9-24454c33538f 15bf7bc2fc414ec28e25f44a65a90926 41c729d77888461cb5338105a7d94aa9 - - default default] 10.0.0.27 "POST /v2.0/ports HTTP/1.1" status: 201 len: 978 time: 0.5487673 /var/lib/openstack/lib/python3.10/site-packages/pycadf/identifier.py:71: UserWarning: Invalid uuid: neutron. To ensure interoperability, identifiers should be a valid uuid. warnings.warn(('Invalid uuid: %s. To ensure interoperability, '
2026-06-26 04:48:21.741 10 INFO neutron.wsgi [req-888bd3e6-57a7-46b4-a132-6c64793ec389 req-8d44ebc7-8c49-4bed-ac16-213bb27f256b db2fe22851e34c719e82f24bd7f83f63 fb1b2889ef2f4f67b28195cc98a5d19a - - 9b583444a272434391a3fb991aa33bcb 9b583444a272434391a3fb991aa33bcb] 199.204.45.74 "GET /v2.0/networks/b624b110-171d-4e48-bce2-13280a6307ff?fields=provider%3Aphysical_network&fields=provider%3Anetwork_type HTTP/1.1" status: 200 len: 277 time: 0.0944097
2026-06-26 04:48:21.914 10 INFO neutron.db.ovn_revision_numbers_db [None req-1a5073a8-6585-46b6-a31d-df1d27a05419 - - - - - -] Successfully bumped revision number for resource f05909df-612c-488f-b0ba-17e63a8c8293 (type: ports) to 4
2026-06-26 04:48:21.948 9 INFO neutron.plugins.ml2.drivers.ovn.mech_driver.mech_driver [None req-68e21a8b-ec29-4fb6-87e7-89a78c2f50d4 - - - - - -] OVN reports status down for port: a34744a6-c506-4d19-af24-b7a5cc9e2861
2026-06-26 04:48:21.998 9 INFO neutron.db.ovn_revision_numbers_db [None req-b105aedc-ad14-43f4-a645-04d56e1003b7 15bf7bc2fc414ec28e25f44a65a90926 41c729d77888461cb5338105a7d94aa9 - - default default] Successfully bumped revision number for resource a34744a6-c506-4d19-af24-b7a5cc9e2861 (type: ports) to 2
2026-06-26 04:48:22.011 9 INFO neutron.wsgi [None req-b105aedc-ad14-43f4-a645-04d56e1003b7 15bf7bc2fc414ec28e25f44a65a90926 41c729d77888461cb5338105a7d94aa9 - - default default] 10.0.0.27 "PUT /v2.0/ports/a34744a6-c506-4d19-af24-b7a5cc9e2861 HTTP/1.1" status: 200 len: 946 time: 0.3614395 /var/lib/openstack/lib/python3.10/site-packages/pycadf/identifier.py:71: UserWarning: Invalid uuid: neutron. To ensure interoperability, identifiers should be a valid uuid. warnings.warn(('Invalid uuid: %s. To ensure interoperability, '
2026-06-26 04:48:22.076 9 INFO neutron.wsgi [None req-6ee1716b-ddee-4b20-8085-d8ba73239a83 dfa2b7c6895248229874da3d0cd52dce 05bac32385d141389de08b3cebdce2ac - - default default] 10.0.0.27 "PUT /v2.0/routers/108d4c32-b11a-4c86-9a69-0eb5827460f0/remove_router_interface HTTP/1.1" status: 200 len: 503 time: 1.4100599 /var/lib/openstack/lib/python3.10/site-packages/pycadf/identifier.py:71: UserWarning: Invalid uuid: neutron. To ensure interoperability, identifiers should be a valid uuid. warnings.warn(('Invalid uuid: %s. To ensure interoperability, '
2026-06-26 04:48:22.585 10 INFO neutron.wsgi [req-34125663-780d-480b-932b-1110008cd457 req-a2506592-d5f4-4706-aa8e-65b72d85c612 345076ca51a94e779c0f7dae9ee95173 81fd698c63754271bd23e346bb5f00c2 - - default default] 10.0.0.144 "GET /v2.0/ports?device_id=c188fd2f-9e9d-420a-8fce-89702075c3cf HTTP/1.1" status: 200 len: 1170 time: 0.0635386
2026-06-26 04:48:22.679 10 INFO neutron.wsgi [req-34125663-780d-480b-932b-1110008cd457 req-2ec7584e-b8c8-410f-baf0-71088c7942a9 345076ca51a94e779c0f7dae9ee95173 81fd698c63754271bd23e346bb5f00c2 - - default default] 10.0.0.144 "GET /v2.0/security-groups?id=732066aa-cafd-4899-af3f-3bd4d346b66a&fields=id&fields=name HTTP/1.1" status: 200 len: 286 time: 0.0752208
2026-06-26 04:48:22.714 9 INFO neutron.db.ovn_revision_numbers_db [None req-b5a43e7c-8fc3-44c7-b0f8-fc94b061ad54 c9996900b5a14ef58cd211a41c58990f 58d1e7ef782e43819b3aec5ec8ddd86e - - default default] Successfully bumped revision number for resource a4ac7958-dc7b-4892-a465-9cf89289b045 (type: routers) to 1
2026-06-26 04:48:22.728 9 INFO neutron.wsgi [None req-b5a43e7c-8fc3-44c7-b0f8-fc94b061ad54 c9996900b5a14ef58cd211a41c58990f 58d1e7ef782e43819b3aec5ec8ddd86e - - default default] 10.0.0.27 "POST /v2.0/routers HTTP/1.1" status: 201 len: 654 time: 0.3415973
2026-06-26 04:48:22.766 10 INFO neutron.wsgi [None req-607aa820-910b-48ef-a941-82d981a0b44a 15bf7bc2fc414ec28e25f44a65a90926 41c729d77888461cb5338105a7d94aa9 - - default default] 10.0.0.27 "DELETE /v2.0/ports/a34744a6-c506-4d19-af24-b7a5cc9e2861 HTTP/1.1" status: 204 len: 168 time: 0.7479773
2026-06-26 04:48:22.850 10 INFO neutron.wsgi [None req-9ccdaf62-4b74-4567-a22d-4cf33949955f 15bf7bc2fc414ec28e25f44a65a90926 41c729d77888461cb5338105a7d94aa9 - - default default] 10.0.0.27 "GET /v2.0/ports HTTP/1.1" status: 200 len: 1733 time: 0.0790250
2026-06-26 04:48:22.873 10 INFO neutron.pecan_wsgi.hooks.translation [None req-a8283829-25a5-43b5-bef0-0c879c5c7814 15bf7bc2fc414ec28e25f44a65a90926 41c729d77888461cb5338105a7d94aa9 - - default default] GET failed (client error): The resource could not be found.
2026-06-26 04:48:22.874 9 INFO neutron.db.ovn_revision_numbers_db [None req-f72c6768-7df7-46a6-91d7-8b6757b9120e c9996900b5a14ef58cd211a41c58990f 58d1e7ef782e43819b3aec5ec8ddd86e - - default default] Successfully bumped revision number for resource a4a74f6a-965b-45ff-9176-8dcb1f226931 (type: routers) to 1
2026-06-26 04:48:22.875 10 INFO neutron.wsgi [None req-a8283829-25a5-43b5-bef0-0c879c5c7814 15bf7bc2fc414ec28e25f44a65a90926 41c729d77888461cb5338105a7d94aa9 - - default default] 10.0.0.27 "GET /v2.0/ports/a34744a6-c506-4d19-af24-b7a5cc9e2861 HTTP/1.1" status: 404 len: 333 time: 0.0165904
2026-06-26 04:48:22.892 9 INFO neutron.wsgi [None req-f72c6768-7df7-46a6-91d7-8b6757b9120e c9996900b5a14ef58cd211a41c58990f 58d1e7ef782e43819b3aec5ec8ddd86e - - default default] 10.0.0.27 "POST /v2.0/routers HTTP/1.1" status: 201 len: 654 time: 0.1577649
2026-06-26 04:48:22.922 10 INFO neutron.wsgi [None req-591dfb78-c4ff-4e25-a179-ac64d905e817 15bf7bc2fc414ec28e25f44a65a90926 41c729d77888461cb5338105a7d94aa9 - - default default] 10.0.0.27 "GET /v2.0/ports HTTP/1.1" status: 200 len: 1733 time: 0.0412416
2026-06-26 04:48:23.051 9 INFO neutron.wsgi [None req-75bfd7b4-37fd-4bff-8154-1e3e2b0f1a98 15bf7bc2fc414ec28e25f44a65a90926 41c729d77888461cb5338105a7d94aa9 - - default default] 10.0.0.27 "GET /v2.0/ports/586227b8-b8c5-4240-8a8d-1111629224fa HTTP/1.1" status: 200 len: 973 time: 0.1236947
2026-06-26 04:48:23.184 10 INFO neutron.wsgi [None req-b530c66d-4f09-4037-864a-1eb5d04a0a96 dfa2b7c6895248229874da3d0cd52dce 05bac32385d141389de08b3cebdce2ac - - default default] 10.0.0.27 "DELETE /v2.0/routers/108d4c32-b11a-4c86-9a69-0eb5827460f0 HTTP/1.1" status: 204 len: 168 time: 1.1031508
2026-06-26 04:48:23.242 10 INFO neutron.notifiers.nova [-] Nova event matching ['req-978912c1-bd8c-46da-80c8-95d98834d05b'] response: {'server_uuid': 'c188fd2f-9e9d-420a-8fce-89702075c3cf', 'name': 'network-vif-plugged', 'status': 'completed', 'tag': 'f05909df-612c-488f-b0ba-17e63a8c8293', 'code': 200}
2026-06-26 04:48:23.243 10 INFO neutron.notifiers.nova [-] Nova event matching ['req-978912c1-bd8c-46da-80c8-95d98834d05b'] response: {'server_uuid': 'c188fd2f-9e9d-420a-8fce-89702075c3cf', 'name': 'network-vif-plugged', 'status': 'completed', 'tag': 'f05909df-612c-488f-b0ba-17e63a8c8293', 'code': 200}
2026-06-26 04:48:23.399 10 INFO neutron.wsgi [None req-f4a5f921-a680-4a19-b37e-bb5dfa1ff6ab dfa2b7c6895248229874da3d0cd52dce 05bac32385d141389de08b3cebdce2ac - - default default] 10.0.0.27 "DELETE /v2.0/subnets/b7d7d9fe-503b-4a61-a437-4d5fa1a5b758 HTTP/1.1" status: 204 len: 168 time: 0.2106149
2026-06-26 04:48:23.548 9 INFO neutron.pecan_wsgi.hooks.translation [None req-5b53c75f-45b6-4cf2-8f65-4d76f51a5fbc 15bf7bc2fc414ec28e25f44a65a90926 41c729d77888461cb5338105a7d94aa9 - - default default] DELETE failed (client error): The resource could not be found.
2026-06-26 04:48:23.551 9 INFO neutron.wsgi [None req-5b53c75f-45b6-4cf2-8f65-4d76f51a5fbc 15bf7bc2fc414ec28e25f44a65a90926 41c729d77888461cb5338105a7d94aa9 - - default default] 10.0.0.27 "DELETE /v2.0/ports/9db9e050-085b-4eaa-8cef-34a70b8e98b9 HTTP/1.1" status: 404 len: 333 time: 0.4935973
2026-06-26 04:48:23.554 9 INFO neutron.db.ovn_revision_numbers_db [None req-253da9fd-b8e7-4e81-b06a-92a42ee666ba c9996900b5a14ef58cd211a41c58990f 58d1e7ef782e43819b3aec5ec8ddd86e - - default default] Successfully bumped revision number for resource 16c8645d-ad5f-454f-834f-4e7ab6aa63ff (type: routers) to 1
2026-06-26 04:48:23.572 9 INFO neutron.wsgi [None req-253da9fd-b8e7-4e81-b06a-92a42ee666ba c9996900b5a14ef58cd211a41c58990f 58d1e7ef782e43819b3aec5ec8ddd86e - - default default] 10.0.0.27 "POST /v2.0/routers HTTP/1.1" status: 201 len: 654 time: 0.6750081
2026-06-26 04:48:23.572 10 INFO neutron.pecan_wsgi.hooks.translation [None req-07f08e3f-b78a-4cf0-949d-306e17dda9d4 15bf7bc2fc414ec28e25f44a65a90926 41c729d77888461cb5338105a7d94aa9 - - default default] DELETE failed (client error): The resource could not be found.
2026-06-26 04:48:23.574 10 INFO neutron.wsgi [None req-07f08e3f-b78a-4cf0-949d-306e17dda9d4 15bf7bc2fc414ec28e25f44a65a90926 41c729d77888461cb5338105a7d94aa9 - - default default] 10.0.0.27 "DELETE /v2.0/subnets/ce2d59e3-0329-4ee1-972c-cad442975815 HTTP/1.1" status: 404 len: 337 time: 0.0156436
2026-06-26 04:48:23.592 10 INFO neutron.pecan_wsgi.hooks.translation [None req-c5bf36d8-e4f5-4e7e-8bda-7024b21b7fa6 15bf7bc2fc414ec28e25f44a65a90926 41c729d77888461cb5338105a7d94aa9 - - default default] DELETE failed (client error): The resource could not be found.
2026-06-26 04:48:23.594 10 INFO neutron.wsgi [None req-c5bf36d8-e4f5-4e7e-8bda-7024b21b7fa6 15bf7bc2fc414ec28e25f44a65a90926 41c729d77888461cb5338105a7d94aa9 - - default default] 10.0.0.27 "DELETE /v2.0/subnets/fa2eea15-f4f3-45ae-94bf-b8f5ea53685a HTTP/1.1" status: 404 len: 337 time: 0.0147617
2026-06-26 04:48:23.745 10 INFO neutron.services.segments.plugin [-] Segment b584018e-8c52-45bf-8b9b-a293a46bfcf7 resource provider aggregate not found
2026-06-26 04:48:23.750 10 INFO neutron.services.segments.plugin [-] Segment b584018e-8c52-45bf-8b9b-a293a46bfcf7 resource provider aggregate not found
2026-06-26 04:48:23.766 10 INFO neutron.services.segments.plugin [-] Segment b584018e-8c52-45bf-8b9b-a293a46bfcf7 resource provider not found; error: Placement Client Error (4xx): {"errors": [{"status": 404, "title": "Not Found", "detail": "The resource could not be found.\n\n No resource provider with uuid b584018e-8c52-45bf-8b9b-a293a46bfcf7 found for delete ", "request_id": "req-2574e84a-b20b-4693-9c1d-ba2b995ce3c8"}]}
2026-06-26 04:48:23.767 10 INFO neutron.services.segments.plugin [-] Segment b584018e-8c52-45bf-8b9b-a293a46bfcf7 resource provider not found; error: Placement Client Error (4xx): {"errors": [{"status": 404, "title": "Not Found", "detail": "The resource could not be found.\n\n No resource provider with uuid b584018e-8c52-45bf-8b9b-a293a46bfcf7 found for delete ", "request_id": "req-f9bcbe98-54bb-4120-be18-f6040fe49523"}]}
2026-06-26 04:48:23.771 9 INFO neutron.db.ovn_revision_numbers_db [None req-66900a33-b784-4218-ae34-96ca86476185 c9996900b5a14ef58cd211a41c58990f 58d1e7ef782e43819b3aec5ec8ddd86e - - default default] Successfully bumped revision number for resource 63b7cade-dd83-4ef5-a0c8-4b0eab582368 (type: routers) to 1
2026-06-26 04:48:23.791 9 INFO neutron.wsgi [None req-66900a33-b784-4218-ae34-96ca86476185 c9996900b5a14ef58cd211a41c58990f 58d1e7ef782e43819b3aec5ec8ddd86e - - default default] 10.0.0.27 "POST /v2.0/routers HTTP/1.1" status: 201 len: 654 time: 0.2135408
2026-06-26 04:48:23.799 10 INFO neutron.wsgi [None req-3db9331c-7b4f-4e7e-9ea7-988df7c4f530 dfa2b7c6895248229874da3d0cd52dce 05bac32385d141389de08b3cebdce2ac - - default default] 10.0.0.27 "DELETE /v2.0/networks/5a3bcd21-336d-48f7-bd96-8ae71b446a3f HTTP/1.1" status: 204 len: 168 time: 0.3955679
