2026-06-26 04:47:31.464 10 INFO neutron.wsgi [None req-f5a5ea26-d327-484a-bd24-f8f1dd493263 09ff298d1848468d825b2c5492a2684a dd319f94f931483a96da4fbcf83cc49c - - default default] 10.0.0.27 "POST /v2.0/ports HTTP/1.1" status: 201 len: 1152 time: 0.7724888
2026-06-26 04:47:31.485 10 INFO neutron.db.segments_db [None req-6b456fc2-4d9e-488a-b380-ff68ca647eea dfa2b7c6895248229874da3d0cd52dce 05bac32385d141389de08b3cebdce2ac - - default default] Added segment 90e0af98-55a4-486c-854c-7355531b07c2 of type geneve for network f79fb815-1ec8-4003-975c-7e46c589f4d1
2026-06-26 04:47:31.638 10 INFO neutron.db.ovn_revision_numbers_db [None req-6b456fc2-4d9e-488a-b380-ff68ca647eea dfa2b7c6895248229874da3d0cd52dce 05bac32385d141389de08b3cebdce2ac - - default default] Successfully bumped revision number for resource f79fb815-1ec8-4003-975c-7e46c589f4d1 (type: networks) to 1
2026-06-26 04:47:31.810 10 WARNING neutron.scheduler.dhcp_agent_scheduler [None req-6b456fc2-4d9e-488a-b380-ff68ca647eea dfa2b7c6895248229874da3d0cd52dce 05bac32385d141389de08b3cebdce2ac - - default default] No more DHCP agents
2026-06-26 04:47:31.812 10 WARNING neutron.api.rpc.agentnotifiers.dhcp_rpc_agent_api [None req-6b456fc2-4d9e-488a-b380-ff68ca647eea dfa2b7c6895248229874da3d0cd52dce 05bac32385d141389de08b3cebdce2ac - - default default] Unable to schedule network f79fb815-1ec8-4003-975c-7e46c589f4d1: no agents available; will retry on subsequent port and subnet creation events.
2026-06-26 04:47:31.834 9 INFO neutron.wsgi [None req-e349d976-d694-48ae-ace0-2dcdbffd31b0 09ff298d1848468d825b2c5492a2684a dd319f94f931483a96da4fbcf83cc49c - - default default] 10.0.0.27 "DELETE /v2.0/ports/15c21609-ae53-4d8f-931e-d318bdda53f0 HTTP/1.1" status: 204 len: 168 time: 0.3613889
2026-06-26 04:47:31.870 9 INFO neutron.pecan_wsgi.hooks.translation [None req-cf088231-54ac-4559-9340-35173f76cc24 09ff298d1848468d825b2c5492a2684a dd319f94f931483a96da4fbcf83cc49c - - default default] DELETE failed (client error): The resource could not be found.
2026-06-26 04:47:31.872 9 INFO neutron.wsgi [None req-cf088231-54ac-4559-9340-35173f76cc24 09ff298d1848468d825b2c5492a2684a dd319f94f931483a96da4fbcf83cc49c - - default default] 10.0.0.27 "DELETE /v2.0/ports/15c21609-ae53-4d8f-931e-d318bdda53f0 HTTP/1.1" status: 404 len: 333 time: 0.0320694
2026-06-26 04:47:31.886 10 INFO neutron.db.ovn_revision_numbers_db [None req-6b456fc2-4d9e-488a-b380-ff68ca647eea dfa2b7c6895248229874da3d0cd52dce 05bac32385d141389de08b3cebdce2ac - - default default] Successfully bumped revision number for resource 3167afdb-b794-46cc-8d2e-1bfbd7d0cefc (type: ports) to 1
2026-06-26 04:47:31.894 9 INFO neutron.pecan_wsgi.hooks.translation [None req-0165bd09-8d89-4925-b81f-5300a9c409ad 09ff298d1848468d825b2c5492a2684a dd319f94f931483a96da4fbcf83cc49c - - default default] GET failed (client error): The resource could not be found.
2026-06-26 04:47:31.896 9 INFO neutron.wsgi [None req-0165bd09-8d89-4925-b81f-5300a9c409ad 09ff298d1848468d825b2c5492a2684a dd319f94f931483a96da4fbcf83cc49c - - default default] 10.0.0.27 "GET /v2.0/ports/15c21609-ae53-4d8f-931e-d318bdda53f0 HTTP/1.1" status: 404 len: 333 time: 0.0180397
2026-06-26 04:47:31.910 10 INFO neutron.wsgi [None req-6b456fc2-4d9e-488a-b380-ff68ca647eea dfa2b7c6895248229874da3d0cd52dce 05bac32385d141389de08b3cebdce2ac - - default default] 10.0.0.27 "POST /v2.0/networks HTTP/1.1" status: 201 len: 949 time: 0.9633231 /var/lib/openstack/lib/python3.10/site-packages/pycadf/identifier.py:71: UserWarning: Invalid uuid: neutron. To ensure interoperability, identifiers should be a valid uuid. warnings.warn(('Invalid uuid: %s. To ensure interoperability, '
2026-06-26 04:47:32.073 10 WARNING neutron.scheduler.dhcp_agent_scheduler [None req-765e2ffd-1bc8-4352-a8b9-8faea93b5be3 dfa2b7c6895248229874da3d0cd52dce 05bac32385d141389de08b3cebdce2ac - - default default] No more DHCP agents
2026-06-26 04:47:32.076 10 WARNING neutron.api.rpc.agentnotifiers.dhcp_rpc_agent_api [None req-765e2ffd-1bc8-4352-a8b9-8faea93b5be3 dfa2b7c6895248229874da3d0cd52dce 05bac32385d141389de08b3cebdce2ac - - default default] Unable to schedule network f79fb815-1ec8-4003-975c-7e46c589f4d1: no agents available; will retry on subsequent port and subnet creation events.
2026-06-26 04:47:32.110 9 INFO neutron.wsgi [None req-ba5879c3-8c63-42f0-ba60-5b9bca7601bd 09ff298d1848468d825b2c5492a2684a dd319f94f931483a96da4fbcf83cc49c - - default default] 10.0.0.27 "DELETE /v2.0/subnets/b5de2295-85de-45fc-ba3b-13ba7c60ce45 HTTP/1.1" status: 204 len: 168 time: 0.2094042
2026-06-26 04:47:32.517 9 INFO neutron.services.segments.plugin [-] Segment 25ebd1b0-9e89-4b5a-92c1-2ab01dd7e970 resource provider aggregate not found
2026-06-26 04:47:32.523 9 INFO neutron.services.segments.plugin [-] Segment 25ebd1b0-9e89-4b5a-92c1-2ab01dd7e970 resource provider aggregate not found
2026-06-26 04:47:32.542 9 INFO neutron.services.segments.plugin [-] Segment 25ebd1b0-9e89-4b5a-92c1-2ab01dd7e970 resource provider not found; error: Placement Client Error (4xx): {"errors": [{"status": 404, "title": "Not Found", "detail": "The resource could not be found.\n\n No resource provider with uuid 25ebd1b0-9e89-4b5a-92c1-2ab01dd7e970 found for delete ", "request_id": "req-0e0c5016-e9ec-4761-94b3-c8cee7c53d63"}]}
2026-06-26 04:47:32.544 9 INFO neutron.services.segments.plugin [-] Segment 25ebd1b0-9e89-4b5a-92c1-2ab01dd7e970 resource provider not found; error: Placement Client Error (4xx): {"errors": [{"status": 404, "title": "Not Found", "detail": "The resource could not be found.\n\n No resource provider with uuid 25ebd1b0-9e89-4b5a-92c1-2ab01dd7e970 found for delete ", "request_id": "req-1cced0f6-2111-4a86-bc63-e2f1c90d4f60"}]}
2026-06-26 04:47:32.556 9 INFO neutron.wsgi [None req-0025f0fa-e565-44ec-a761-5ac6566a7a5a 09ff298d1848468d825b2c5492a2684a dd319f94f931483a96da4fbcf83cc49c - - default default] 10.0.0.27 "DELETE /v2.0/networks/737189f0-89d9-41cb-8f72-3b71436e990f HTTP/1.1" status: 204 len: 168 time: 0.4403129
2026-06-26 04:47:32.643 9 INFO neutron.db.segments_db [None req-434dcfb9-4a57-4e3c-a774-974715f29c1e 09ff298d1848468d825b2c5492a2684a dd319f94f931483a96da4fbcf83cc49c - - default default] Added segment e92a0c8b-b761-4028-96aa-847deefe2cec of type geneve for network ee270b3d-41c4-4519-bda9-7bd31b70916b
2026-06-26 04:47:32.774 9 INFO neutron.db.ovn_revision_numbers_db [None req-434dcfb9-4a57-4e3c-a774-974715f29c1e 09ff298d1848468d825b2c5492a2684a dd319f94f931483a96da4fbcf83cc49c - - default default] Successfully bumped revision number for resource ee270b3d-41c4-4519-bda9-7bd31b70916b (type: networks) to 1
2026-06-26 04:47:32.786 10 INFO neutron.db.ovn_revision_numbers_db [None req-765e2ffd-1bc8-4352-a8b9-8faea93b5be3 dfa2b7c6895248229874da3d0cd52dce 05bac32385d141389de08b3cebdce2ac - - default default] Successfully bumped revision number for resource 3167afdb-b794-46cc-8d2e-1bfbd7d0cefc (type: ports) to 2
2026-06-26 04:47:32.821 10 INFO neutron.db.ovn_revision_numbers_db [None req-765e2ffd-1bc8-4352-a8b9-8faea93b5be3 dfa2b7c6895248229874da3d0cd52dce 05bac32385d141389de08b3cebdce2ac - - default default] Successfully bumped revision number for resource 6b837348-f76c-4e54-80ab-0a0f92ec9373 (type: subnets) to 0
2026-06-26 04:47:32.835 10 INFO neutron.wsgi [None req-765e2ffd-1bc8-4352-a8b9-8faea93b5be3 dfa2b7c6895248229874da3d0cd52dce 05bac32385d141389de08b3cebdce2ac - - default default] 10.0.0.27 "POST /v2.0/subnets HTTP/1.1" status: 201 len: 869 time: 0.9197369
2026-06-26 04:47:32.957 9 WARNING neutron.scheduler.dhcp_agent_scheduler [None req-434dcfb9-4a57-4e3c-a774-974715f29c1e 09ff298d1848468d825b2c5492a2684a dd319f94f931483a96da4fbcf83cc49c - - default default] No more DHCP agents
2026-06-26 04:47:32.960 9 WARNING neutron.api.rpc.agentnotifiers.dhcp_rpc_agent_api [None req-434dcfb9-4a57-4e3c-a774-974715f29c1e 09ff298d1848468d825b2c5492a2684a dd319f94f931483a96da4fbcf83cc49c - - default default] Unable to schedule network ee270b3d-41c4-4519-bda9-7bd31b70916b: no agents available; will retry on subsequent port and subnet creation events.
2026-06-26 04:47:33.054 9 INFO neutron.db.ovn_revision_numbers_db [None req-434dcfb9-4a57-4e3c-a774-974715f29c1e 09ff298d1848468d825b2c5492a2684a dd319f94f931483a96da4fbcf83cc49c - - default default] Successfully bumped revision number for resource 4fa34c3e-7c5a-4021-9cd5-e56ccca3ede3 (type: ports) to 1
2026-06-26 04:47:33.081 9 INFO neutron.wsgi [None req-434dcfb9-4a57-4e3c-a774-974715f29c1e 09ff298d1848468d825b2c5492a2684a dd319f94f931483a96da4fbcf83cc49c - - default default] 10.0.0.27 "POST /v2.0/networks HTTP/1.1" status: 201 len: 831 time: 0.5184531
2026-06-26 04:47:33.299 10 WARNING neutron.scheduler.dhcp_agent_scheduler [None req-a379c615-c38f-4316-8a3e-d6fdf76fb8f8 dfa2b7c6895248229874da3d0cd52dce 05bac32385d141389de08b3cebdce2ac - - default default] No more DHCP agents
2026-06-26 04:47:33.301 10 WARNING neutron.api.rpc.agentnotifiers.dhcp_rpc_agent_api [None req-a379c615-c38f-4316-8a3e-d6fdf76fb8f8 dfa2b7c6895248229874da3d0cd52dce 05bac32385d141389de08b3cebdce2ac - - default default] Unable to schedule network 0011ab2a-da77-4193-8caf-2cab7c251929: no agents available; will retry on subsequent port and subnet creation events.
2026-06-26 04:47:33.348 9 WARNING neutron.scheduler.dhcp_agent_scheduler [None req-3940ac8f-4f74-454a-b602-d35d759620ac 09ff298d1848468d825b2c5492a2684a dd319f94f931483a96da4fbcf83cc49c - - default default] No more DHCP agents
2026-06-26 04:47:33.351 9 WARNING neutron.api.rpc.agentnotifiers.dhcp_rpc_agent_api [None req-3940ac8f-4f74-454a-b602-d35d759620ac 09ff298d1848468d825b2c5492a2684a dd319f94f931483a96da4fbcf83cc49c - - default default] Unable to schedule network ee270b3d-41c4-4519-bda9-7bd31b70916b: no agents available; will retry on subsequent port and subnet creation events.
2026-06-26 04:47:33.462 10 INFO neutron.db.ovn_revision_numbers_db [None req-a379c615-c38f-4316-8a3e-d6fdf76fb8f8 dfa2b7c6895248229874da3d0cd52dce 05bac32385d141389de08b3cebdce2ac - - default default] Successfully bumped revision number for resource 789f10d5-d905-4948-93b3-fdd394b486f1 (type: ports) to 1
2026-06-26 04:47:33.770 10 INFO neutron.db.ovn_revision_numbers_db [None req-58aae4ef-cbfc-46c6-b2ce-e25d5db6a28a dfa2b7c6895248229874da3d0cd52dce 05bac32385d141389de08b3cebdce2ac - - default default] Successfully bumped revision number for resource 2f69b81f-22c3-410f-bce5-2e55837b512f (type: security_groups) to 1
2026-06-26 04:47:33.792 10 INFO neutron.db.ovn_revision_numbers_db [None req-9540018e-2dd3-4824-8c18-f87ca8d8c982 dfa2b7c6895248229874da3d0cd52dce 05bac32385d141389de08b3cebdce2ac - - default default] Successfully bumped revision number for resource a64e80af-7374-47a8-a6c7-22ba341ac499 (type: security_groups) to 1
2026-06-26 04:47:33.805 10 INFO neutron.db.ovn_revision_numbers_db [None req-58aae4ef-cbfc-46c6-b2ce-e25d5db6a28a dfa2b7c6895248229874da3d0cd52dce 05bac32385d141389de08b3cebdce2ac - - default default] Successfully bumped revision number for resource a70efb13-eb18-4fd3-a384-8bc9095a823b (type: security_group_rules) to 0
2026-06-26 04:47:33.809 9 INFO neutron.db.ovn_revision_numbers_db [None req-3940ac8f-4f74-454a-b602-d35d759620ac 09ff298d1848468d825b2c5492a2684a dd319f94f931483a96da4fbcf83cc49c - - default default] Successfully bumped revision number for resource 4fa34c3e-7c5a-4021-9cd5-e56ccca3ede3 (type: ports) to 2
2026-06-26 04:47:33.810 10 INFO neutron.db.ovn_revision_numbers_db [None req-9540018e-2dd3-4824-8c18-f87ca8d8c982 dfa2b7c6895248229874da3d0cd52dce 05bac32385d141389de08b3cebdce2ac - - default default] Successfully bumped revision number for resource 20a12183-c9cd-4f0c-8dcf-302c0c3b3963 (type: security_group_rules) to 0
2026-06-26 04:47:33.824 10 INFO neutron.db.ovn_revision_numbers_db [None req-58aae4ef-cbfc-46c6-b2ce-e25d5db6a28a dfa2b7c6895248229874da3d0cd52dce 05bac32385d141389de08b3cebdce2ac - - default default] Successfully bumped revision number for resource d509f5e4-64f8-41a5-90fb-4d6babc06e68 (type: security_group_rules) to 0
2026-06-26 04:47:33.831 10 INFO neutron.db.ovn_revision_numbers_db [None req-9540018e-2dd3-4824-8c18-f87ca8d8c982 dfa2b7c6895248229874da3d0cd52dce 05bac32385d141389de08b3cebdce2ac - - default default] Successfully bumped revision number for resource b7130b80-ef15-44fb-8a5e-97f7f04df3c1 (type: security_group_rules) to 0
2026-06-26 04:47:33.849 10 INFO neutron.db.ovn_revision_numbers_db [None req-58aae4ef-cbfc-46c6-b2ce-e25d5db6a28a dfa2b7c6895248229874da3d0cd52dce 05bac32385d141389de08b3cebdce2ac - - default default] Successfully bumped revision number for resource f92bf30e-6d41-40e6-9710-6284cde998d7 (type: security_group_rules) to 0
2026-06-26 04:47:33.850 9 INFO neutron.db.ovn_revision_numbers_db [None req-3940ac8f-4f74-454a-b602-d35d759620ac 09ff298d1848468d825b2c5492a2684a dd319f94f931483a96da4fbcf83cc49c - - default default] Successfully bumped revision number for resource c3d1cc03-b4fd-44a0-bded-54bb0ee4f17f (type: subnets) to 0
2026-06-26 04:47:33.855 10 INFO neutron.db.ovn_revision_numbers_db [None req-9540018e-2dd3-4824-8c18-f87ca8d8c982 dfa2b7c6895248229874da3d0cd52dce 05bac32385d141389de08b3cebdce2ac - - default default] Successfully bumped revision number for resource c173d5b2-f043-4e95-8052-30e75d3aa1c9 (type: security_group_rules) to 0
2026-06-26 04:47:33.864 9 INFO neutron.wsgi [None req-3940ac8f-4f74-454a-b602-d35d759620ac 09ff298d1848468d825b2c5492a2684a dd319f94f931483a96da4fbcf83cc49c - - default default] 10.0.0.27 "POST /v2.0/subnets HTTP/1.1" status: 201 len: 801 time: 0.7770724
2026-06-26 04:47:33.871 10 INFO neutron.db.ovn_revision_numbers_db [None req-58aae4ef-cbfc-46c6-b2ce-e25d5db6a28a dfa2b7c6895248229874da3d0cd52dce 05bac32385d141389de08b3cebdce2ac - - default default] Successfully bumped revision number for resource ff4130ab-fb3e-48d5-9c8a-4f34193af6a6 (type: security_group_rules) to 0
2026-06-26 04:47:33.886 10 INFO neutron.db.ovn_revision_numbers_db [None req-9540018e-2dd3-4824-8c18-f87ca8d8c982 dfa2b7c6895248229874da3d0cd52dce 05bac32385d141389de08b3cebdce2ac - - default default] Successfully bumped revision number for resource dd928599-c54d-41cf-b1c2-ae623b004f3f (type: security_group_rules) to 0
2026-06-26 04:47:33.910 10 INFO neutron.wsgi [None req-58aae4ef-cbfc-46c6-b2ce-e25d5db6a28a dfa2b7c6895248229874da3d0cd52dce 05bac32385d141389de08b3cebdce2ac - - default default] 10.0.0.27 "GET /v2.0/security-groups?tenant_id=9086f0a4267944ceaabb46f55e437b9b&name=default HTTP/1.1" status: 200 len: 2996 time: 0.4665217
2026-06-26 04:47:33.919 10 INFO neutron.wsgi [None req-9540018e-2dd3-4824-8c18-f87ca8d8c982 dfa2b7c6895248229874da3d0cd52dce 05bac32385d141389de08b3cebdce2ac - - default default] 10.0.0.27 "GET /v2.0/security-groups?tenant_id=8569b0cfa50d46ac816dd357baa907cf&name=default HTTP/1.1" status: 200 len: 2996 time: 0.4305785
2026-06-26 04:47:34.108 10 INFO neutron.plugins.ml2.drivers.ovn.mech_driver.mech_driver [None req-1a5073a8-6585-46b6-a31d-df1d27a05419 - - - - - -] OVN reports status up for port: 789f10d5-d905-4948-93b3-fdd394b486f1
2026-06-26 04:47:34.119 9 INFO neutron.plugins.ml2.drivers.ovn.mech_driver.ovsdb.ovsdb_monitor [None req-e870c4b1-5683-42bb-878b-61af88f2dab8 - - - - - -] Router cf0f34a1-df8f-4295-a4a1-4c8d36b473e7 is bound to host instance
2026-06-26 04:47:34.135 10 INFO neutron.plugins.ml2.plugin [None req-1a5073a8-6585-46b6-a31d-df1d27a05419 - - - - - -] Attempt 1 to provision port 789f10d5-d905-4948-93b3-fdd394b486f1
2026-06-26 04:47:34.139 10 INFO neutron.db.ovn_revision_numbers_db [None req-a379c615-c38f-4316-8a3e-d6fdf76fb8f8 dfa2b7c6895248229874da3d0cd52dce 05bac32385d141389de08b3cebdce2ac - - default default] Successfully bumped revision number for resource 789f10d5-d905-4948-93b3-fdd394b486f1 (type: router_ports) to 1
2026-06-26 04:47:34.185 9 INFO neutron.wsgi [None req-a8ffe75d-1c22-45d9-a74b-514316e0910d dfa2b7c6895248229874da3d0cd52dce 05bac32385d141389de08b3cebdce2ac - - default default] 10.0.0.27 "DELETE /v2.0/security-groups/2f69b81f-22c3-410f-bce5-2e55837b512f HTTP/1.1" status: 204 len: 168 time: 0.2698483
2026-06-26 04:47:34.239 10 INFO neutron.wsgi [None req-70293505-9bff-49fd-aee2-c6c80c8595cd dfa2b7c6895248229874da3d0cd52dce 05bac32385d141389de08b3cebdce2ac - - default default] 10.0.0.27 "DELETE /v2.0/security-groups/a64e80af-7374-47a8-a6c7-22ba341ac499 HTTP/1.1" status: 204 len: 168 time: 0.3116205
2026-06-26 04:47:34.254 10 INFO neutron.db.ovn_revision_numbers_db [None req-a379c615-c38f-4316-8a3e-d6fdf76fb8f8 dfa2b7c6895248229874da3d0cd52dce 05bac32385d141389de08b3cebdce2ac - - default default] Successfully bumped revision number for resource cf0f34a1-df8f-4295-a4a1-4c8d36b473e7 (type: routers) to 2
2026-06-26 04:47:34.267 10 INFO neutron.wsgi [None req-a379c615-c38f-4316-8a3e-d6fdf76fb8f8 dfa2b7c6895248229874da3d0cd52dce 05bac32385d141389de08b3cebdce2ac - - default default] 10.0.0.27 "POST /v2.0/routers HTTP/1.1" status: 201 len: 880 time: 1.4260135
2026-06-26 04:47:34.275 9 WARNING neutron.scheduler.dhcp_agent_scheduler [None req-fddd731c-167c-4675-8fdd-b1c1e5f6a55a 09ff298d1848468d825b2c5492a2684a dd319f94f931483a96da4fbcf83cc49c - - default default] No more DHCP agents
2026-06-26 04:47:34.280 9 WARNING neutron.api.rpc.agentnotifiers.dhcp_rpc_agent_api [None req-fddd731c-167c-4675-8fdd-b1c1e5f6a55a 09ff298d1848468d825b2c5492a2684a dd319f94f931483a96da4fbcf83cc49c - - default default] Unable to schedule network ee270b3d-41c4-4519-bda9-7bd31b70916b: no agents available; will retry on subsequent port and subnet creation events.
2026-06-26 04:47:34.468 10 INFO neutron.db.ovn_revision_numbers_db [None req-d0ecada4-3461-4711-ad4c-b76caa0d9781 dfa2b7c6895248229874da3d0cd52dce 05bac32385d141389de08b3cebdce2ac - - default default] Successfully bumped revision number for resource 648dc146-9eb9-4ef9-82b4-8dbb5a6ae667 (type: security_groups) to 1
2026-06-26 04:47:34.488 10 INFO neutron.db.ovn_revision_numbers_db [None req-d0ecada4-3461-4711-ad4c-b76caa0d9781 dfa2b7c6895248229874da3d0cd52dce 05bac32385d141389de08b3cebdce2ac - - default default] Successfully bumped revision number for resource 07917245-8511-48ad-b903-205cdb013e3f (type: security_group_rules) to 0
2026-06-26 04:47:34.508 10 INFO neutron.db.ovn_revision_numbers_db [None req-d0ecada4-3461-4711-ad4c-b76caa0d9781 dfa2b7c6895248229874da3d0cd52dce 05bac32385d141389de08b3cebdce2ac - - default default] Successfully bumped revision number for resource 8a803930-4182-49ae-bca7-e8dcd70a8936 (type: security_group_rules) to 0
2026-06-26 04:47:34.510 9 INFO neutron.db.ovn_revision_numbers_db [None req-fddd731c-167c-4675-8fdd-b1c1e5f6a55a 09ff298d1848468d825b2c5492a2684a dd319f94f931483a96da4fbcf83cc49c - - default default] Successfully bumped revision number for resource ac54cb05-7431-44c9-9141-c821b0279b1d (type: ports) to 1
2026-06-26 04:47:34.526 10 INFO neutron.db.ovn_revision_numbers_db [None req-d0ecada4-3461-4711-ad4c-b76caa0d9781 dfa2b7c6895248229874da3d0cd52dce 05bac32385d141389de08b3cebdce2ac - - default default] Successfully bumped revision number for resource ea3b418b-a3fe-40af-a230-343354a56bc4 (type: security_group_rules) to 0
2026-06-26 04:47:34.547 10 INFO neutron.db.ovn_revision_numbers_db [None req-d0ecada4-3461-4711-ad4c-b76caa0d9781 dfa2b7c6895248229874da3d0cd52dce 05bac32385d141389de08b3cebdce2ac - - default default] Successfully bumped revision number for resource f772246c-e4c9-4a92-b525-c295264ae493 (type: security_group_rules) to 0
2026-06-26 04:47:34.576 10 INFO neutron.wsgi [None req-d0ecada4-3461-4711-ad4c-b76caa0d9781 dfa2b7c6895248229874da3d0cd52dce 05bac32385d141389de08b3cebdce2ac - - default default] 10.0.0.27 "GET /v2.0/security-groups?tenant_id=dac11385a7174026b1ee6b5f4d2e0b04&name=default HTTP/1.1" status: 200 len: 2996 time: 0.2729418
2026-06-26 04:47:34.742 9 INFO neutron.wsgi [None req-fddd731c-167c-4675-8fdd-b1c1e5f6a55a 09ff298d1848468d825b2c5492a2684a dd319f94f931483a96da4fbcf83cc49c - - default default] 10.0.0.27 "POST /v2.0/ports HTTP/1.1" status: 201 len: 1114 time: 0.8630362
2026-06-26 04:47:34.804 10 WARNING neutron.scheduler.dhcp_agent_scheduler [None req-aa17ee9c-67ae-4ee8-aa5c-28eaeccd1d1f dfa2b7c6895248229874da3d0cd52dce 05bac32385d141389de08b3cebdce2ac - - default default] No more DHCP agents
2026-06-26 04:47:34.805 10 WARNING neutron.api.rpc.agentnotifiers.dhcp_rpc_agent_api [None req-aa17ee9c-67ae-4ee8-aa5c-28eaeccd1d1f dfa2b7c6895248229874da3d0cd52dce 05bac32385d141389de08b3cebdce2ac - - default default] Unable to schedule network f79fb815-1ec8-4003-975c-7e46c589f4d1: no agents available; will retry on subsequent port and subnet creation events.
2026-06-26 04:47:34.909 10 INFO neutron.wsgi [None req-e7f85cab-764c-4948-a31b-e8c40fae9941 dfa2b7c6895248229874da3d0cd52dce 05bac32385d141389de08b3cebdce2ac - - default default] 10.0.0.27 "DELETE /v2.0/security-groups/648dc146-9eb9-4ef9-82b4-8dbb5a6ae667 HTTP/1.1" status: 204 len: 168 time: 0.3116226
2026-06-26 04:47:34.954 9 INFO neutron.db.ovn_revision_numbers_db [None req-e870c4b1-5683-42bb-878b-61af88f2dab8 - - - - - -] Successfully bumped revision number for resource 789f10d5-d905-4948-93b3-fdd394b486f1 (type: ports) to 1
2026-06-26 04:47:34.955 10 INFO neutron.db.ovn_revision_numbers_db [None req-aa17ee9c-67ae-4ee8-aa5c-28eaeccd1d1f dfa2b7c6895248229874da3d0cd52dce 05bac32385d141389de08b3cebdce2ac - - default default] Successfully bumped revision number for resource 3d425c57-4f99-4f9f-b2ed-2529b74efda1 (type: ports) to 1
2026-06-26 04:47:35.121 9 INFO neutron.wsgi [None req-4b89a9ad-940e-4f22-8ce0-9a6f1181e260 09ff298d1848468d825b2c5492a2684a dd319f94f931483a96da4fbcf83cc49c - - default default] 10.0.0.27 "DELETE /v2.0/ports/ac54cb05-7431-44c9-9141-c821b0279b1d HTTP/1.1" status: 204 len: 168 time: 0.3693802
2026-06-26 04:47:35.148 9 INFO neutron.pecan_wsgi.hooks.translation [None req-1edacf3f-168f-4f8b-881f-2a404438122a 09ff298d1848468d825b2c5492a2684a dd319f94f931483a96da4fbcf83cc49c - - default default] GET failed (client error): The resource could not be found.
2026-06-26 04:47:35.150 9 INFO neutron.wsgi [None req-1edacf3f-168f-4f8b-881f-2a404438122a 09ff298d1848468d825b2c5492a2684a dd319f94f931483a96da4fbcf83cc49c - - default default] 10.0.0.27 "GET /v2.0/ports/ac54cb05-7431-44c9-9141-c821b0279b1d HTTP/1.1" status: 404 len: 333 time: 0.0223386
2026-06-26 04:47:35.356 9 INFO neutron.db.ovn_revision_numbers_db [None req-e870c4b1-5683-42bb-878b-61af88f2dab8 - - - - - -] Successfully bumped revision number for resource 789f10d5-d905-4948-93b3-fdd394b486f1 (type: router_ports) to 3
2026-06-26 04:47:35.405 9 INFO neutron.wsgi [None req-79bbf8d9-43d9-4c5f-af65-a3a2882f3e93 09ff298d1848468d825b2c5492a2684a dd319f94f931483a96da4fbcf83cc49c - - default default] 10.0.0.27 "DELETE /v2.0/subnets/c3d1cc03-b4fd-44a0-bded-54bb0ee4f17f HTTP/1.1" status: 204 len: 168 time: 0.2504263
2026-06-26 04:47:35.556 9 INFO neutron.db.ovn_revision_numbers_db [None req-e870c4b1-5683-42bb-878b-61af88f2dab8 - - - - - -] Successfully bumped revision number for resource 789f10d5-d905-4948-93b3-fdd394b486f1 (type: ports) to 2
2026-06-26 04:47:35.738 10 INFO neutron.db.ovn_revision_numbers_db [None req-aa17ee9c-67ae-4ee8-aa5c-28eaeccd1d1f dfa2b7c6895248229874da3d0cd52dce 05bac32385d141389de08b3cebdce2ac - - default default] Successfully bumped revision number for resource 3d425c57-4f99-4f9f-b2ed-2529b74efda1 (type: router_ports) to 1
2026-06-26 04:47:35.813 9 INFO neutron.services.segments.plugin [-] Segment e92a0c8b-b761-4028-96aa-847deefe2cec resource provider aggregate not found
2026-06-26 04:47:35.829 9 INFO neutron.services.segments.plugin [-] Segment e92a0c8b-b761-4028-96aa-847deefe2cec resource provider aggregate not found
2026-06-26 04:47:35.852 9 INFO neutron.services.segments.plugin [-] Segment e92a0c8b-b761-4028-96aa-847deefe2cec resource provider not found; error: Placement Client Error (4xx): {"errors": [{"status": 404, "title": "Not Found", "detail": "The resource could not be found.\n\n No resource provider with uuid e92a0c8b-b761-4028-96aa-847deefe2cec found for delete ", "request_id": "req-559c41e7-d77d-4373-a646-844272f8b11e"}]}
2026-06-26 04:47:35.853 9 INFO neutron.services.segments.plugin [-] Segment e92a0c8b-b761-4028-96aa-847deefe2cec resource provider not found; error: Placement Client Error (4xx): {"errors": [{"status": 404, "title": "Not Found", "detail": "The resource could not be found.\n\n No resource provider with uuid e92a0c8b-b761-4028-96aa-847deefe2cec found for delete ", "request_id": "req-9f3dedea-2cec-40c6-8bf6-1631f5d7b6d1"}]}
2026-06-26 04:47:35.874 9 INFO neutron.db.ovn_revision_numbers_db [None req-e870c4b1-5683-42bb-878b-61af88f2dab8 - - - - - -] Successfully bumped revision number for resource 789f10d5-d905-4948-93b3-fdd394b486f1 (type: ports) to 4
2026-06-26 04:47:35.883 9 INFO neutron.wsgi [None req-e705db18-20d9-440d-8292-fd1664c8da49 09ff298d1848468d825b2c5492a2684a dd319f94f931483a96da4fbcf83cc49c - - default default] 10.0.0.27 "DELETE /v2.0/networks/ee270b3d-41c4-4519-bda9-7bd31b70916b HTTP/1.1" status: 204 len: 168 time: 0.4732659
2026-06-26 04:47:35.897 10 INFO neutron.db.ovn_revision_numbers_db [None req-aa17ee9c-67ae-4ee8-aa5c-28eaeccd1d1f dfa2b7c6895248229874da3d0cd52dce 05bac32385d141389de08b3cebdce2ac - - default default] Successfully bumped revision number for resource 3d425c57-4f99-4f9f-b2ed-2529b74efda1 (type: ports) to 1
2026-06-26 04:47:35.968 10 WARNING neutron.scheduler.dhcp_agent_scheduler [None req-aa17ee9c-67ae-4ee8-aa5c-28eaeccd1d1f dfa2b7c6895248229874da3d0cd52dce 05bac32385d141389de08b3cebdce2ac - - default default] No more DHCP agents
2026-06-26 04:47:35.969 10 WARNING neutron.api.rpc.agentnotifiers.dhcp_rpc_agent_api [None req-aa17ee9c-67ae-4ee8-aa5c-28eaeccd1d1f dfa2b7c6895248229874da3d0cd52dce 05bac32385d141389de08b3cebdce2ac - - default default] Unable to schedule network f79fb815-1ec8-4003-975c-7e46c589f4d1: no agents available; will retry on subsequent port and subnet creation events.
2026-06-26 04:47:36.173 9 INFO neutron.db.ovn_revision_numbers_db [None req-e870c4b1-5683-42bb-878b-61af88f2dab8 - - - - - -] Successfully bumped revision number for resource 789f10d5-d905-4948-93b3-fdd394b486f1 (type: router_ports) to 4
2026-06-26 04:47:36.190 9 WARNING neutron.scheduler.dhcp_agent_scheduler [None req-eb4b5887-cb27-403c-9613-2b632ec27974 09ff298d1848468d825b2c5492a2684a dd319f94f931483a96da4fbcf83cc49c - - default default] No more DHCP agents
2026-06-26 04:47:36.194 9 WARNING neutron.api.rpc.agentnotifiers.dhcp_rpc_agent_api [None req-eb4b5887-cb27-403c-9613-2b632ec27974 09ff298d1848468d825b2c5492a2684a dd319f94f931483a96da4fbcf83cc49c - - default default] Unable to schedule network 8dee4b20-3c7e-49b2-9a5d-17b955fd7587: no agents available; will retry on subsequent port and subnet creation events.
2026-06-26 04:47:36.255 10 INFO neutron.wsgi [None req-da13ac68-75a8-4bf9-8584-850d16b5587f fbfcafbb4d3e432581de52c0ec0e9ac8 a33c68b9d5094fe7a689a74fbb978a64 - - default default] 10.0.0.27 "GET /v2.0/extensions HTTP/1.1" status: 200 len: 16520 time: 0.2296882
2026-06-26 04:47:36.266 10 INFO neutron.wsgi [None req-8bf164d4-e6db-4b7f-b518-6c8245113f9c fbfcafbb4d3e432581de52c0ec0e9ac8 a33c68b9d5094fe7a689a74fbb978a64 - - default default] 10.0.0.27 "GET /v2.0/extensions/address-group HTTP/1.1" status: 200 len: 353 time: 0.0045674 /var/lib/openstack/lib/python3.10/site-packages/pycadf/identifier.py:71: UserWarning: Invalid uuid: neutron. To ensure interoperability, identifiers should be a valid uuid. warnings.warn(('Invalid uuid: %s. To ensure interoperability, '
2026-06-26 04:47:36.277 9 INFO neutron.wsgi [None req-4519f015-25e2-4dc6-ad8c-fff579729189 fbfcafbb4d3e432581de52c0ec0e9ac8 a33c68b9d5094fe7a689a74fbb978a64 - - default default] 10.0.0.27 "GET /v2.0/extensions/address-scope HTTP/1.1" status: 200 len: 357 time: 0.0057390
2026-06-26 04:47:36.285 9 INFO neutron.wsgi [None req-8382761d-d1a4-44a2-a2e3-e2655182abbe fbfcafbb4d3e432581de52c0ec0e9ac8 a33c68b9d5094fe7a689a74fbb978a64 - - default default] 10.0.0.27 "GET /v2.0/extensions/agent HTTP/1.1" status: 200 len: 347 time: 0.0027852
2026-06-26 04:47:36.286 9 INFO neutron.db.ovn_revision_numbers_db [None req-eb4b5887-cb27-403c-9613-2b632ec27974 09ff298d1848468d825b2c5492a2684a dd319f94f931483a96da4fbcf83cc49c - - default default] Successfully bumped revision number for resource 37bf0553-b85f-41b9-9f1c-c647e28d1394 (type: ports) to 1
2026-06-26 04:47:36.294 9 INFO neutron.wsgi [None req-b9fd2337-c3ab-4bad-a79f-3a94491628af fbfcafbb4d3e432581de52c0ec0e9ac8 a33c68b9d5094fe7a689a74fbb978a64 - - default default] 10.0.0.27 "GET /v2.0/extensions/allowed-address-pairs HTTP/1.1" status: 200 len: 378 time: 0.0048563
2026-06-26 04:47:36.302 10 INFO neutron.wsgi [None req-9d360cc6-ea10-4d25-b990-3516ed7fd259 fbfcafbb4d3e432581de52c0ec0e9ac8 a33c68b9d5094fe7a689a74fbb978a64 - - default default] 10.0.0.27 "GET /v2.0/extensions/auto-allocated-topology HTTP/1.1" status: 200 len: 394 time: 0.0044043
2026-06-26 04:47:36.311 9 INFO neutron.wsgi [None req-5c8cafdb-5d70-4d13-bb79-b86b1c3bf3d4 fbfcafbb4d3e432581de52c0ec0e9ac8 a33c68b9d5094fe7a689a74fbb978a64 - - default default] 10.0.0.27 "GET /v2.0/extensions/availability_zone HTTP/1.1" status: 200 len: 372 time: 0.0040746
2026-06-26 04:47:36.314 9 INFO neutron.wsgi [None req-eb4b5887-cb27-403c-9613-2b632ec27974 09ff298d1848468d825b2c5492a2684a dd319f94f931483a96da4fbcf83cc49c - - default default] 10.0.0.27 "POST /v2.0/ports HTTP/1.1" status: 201 len: 973 time: 0.4213781
2026-06-26 04:47:36.323 9 INFO neutron.wsgi [None req-4f4abf6a-3ece-496d-a1b3-de5929dbcc29 fbfcafbb4d3e432581de52c0ec0e9ac8 a33c68b9d5094fe7a689a74fbb978a64 - - default default] 10.0.0.27 "GET /v2.0/extensions/default-subnetpools HTTP/1.1" status: 200 len: 405 time: 0.0027752
2026-06-26 04:47:36.329 9 INFO neutron.wsgi [None req-2fa84da4-8e5b-429f-a5dc-182d8cc34240 fbfcafbb4d3e432581de52c0ec0e9ac8 a33c68b9d5094fe7a689a74fbb978a64 - - default default] 10.0.0.27 "GET /v2.0/extensions/dhcp_agent_scheduler HTTP/1.1" status: 200 len: 381 time: 0.0026963
2026-06-26 04:47:36.338 9 INFO neutron.wsgi [None req-5e17608f-e5ca-4b05-bd79-117ebcea1888 fbfcafbb4d3e432581de52c0ec0e9ac8 a33c68b9d5094fe7a689a74fbb978a64 - - default default] 10.0.0.27 "GET /v2.0/extensions/dns-integration HTTP/1.1" status: 200 len: 366 time: 0.0044017
2026-06-26 04:47:36.345 9 INFO neutron.wsgi [None req-33f5801d-d2db-4d86-a47a-8bc78ee10064 fbfcafbb4d3e432581de52c0ec0e9ac8 a33c68b9d5094fe7a689a74fbb978a64 - - default default] 10.0.0.27 "GET /v2.0/extensions/dns-domain-ports HTTP/1.1" status: 200 len: 399 time: 0.0032663
2026-06-26 04:47:36.353 9 INFO neutron.wsgi [None req-c806796f-f5c9-4075-aa66-c0d160add5fe fbfcafbb4d3e432581de52c0ec0e9ac8 a33c68b9d5094fe7a689a74fbb978a64 - - default default] 10.0.0.27 "GET /v2.0/extensions/dns-integration-domain-keywords HTTP/1.1" status: 200 len: 477 time: 0.0027347
2026-06-26 04:47:36.359 9 INFO neutron.wsgi [None req-ddf42268-afcd-4c8b-af27-e0a460c6f3c0 fbfcafbb4d3e432581de52c0ec0e9ac8 a33c68b9d5094fe7a689a74fbb978a64 - - default default] 10.0.0.27 "GET /v2.0/extensions/external-net HTTP/1.1" status: 200 len: 394 time: 0.0027108
2026-06-26 04:47:36.365 9 INFO neutron.wsgi [None req-9c789637-2e96-435c-890b-fcec8545e470 fbfcafbb4d3e432581de52c0ec0e9ac8 a33c68b9d5094fe7a689a74fbb978a64 - - default default] 10.0.0.27 "GET /v2.0/extensions/extra_dhcp_opt HTTP/1.1" status: 200 len: 498 time: 0.0027642
2026-06-26 04:47:36.372 9 INFO neutron.wsgi [None req-70c57613-2e61-44df-861f-064867614b0f fbfcafbb4d3e432581de52c0ec0e9ac8 a33c68b9d5094fe7a689a74fbb978a64 - - default default] 10.0.0.27 "GET /v2.0/extensions/extraroute HTTP/1.1" status: 200 len: 375 time: 0.0028899
2026-06-26 04:47:36.378 9 INFO neutron.wsgi [None req-8c0687d9-6dfd-4659-b572-e7e5923f5236 fbfcafbb4d3e432581de52c0ec0e9ac8 a33c68b9d5094fe7a689a74fbb978a64 - - default default] 10.0.0.27 "GET /v2.0/extensions/filter-validation HTTP/1.1" status: 200 len: 392 time: 0.0027082
2026-06-26 04:47:36.384 9 INFO neutron.wsgi [None req-94e9f63c-9726-440c-ac52-96ba997710c8 fbfcafbb4d3e432581de52c0ec0e9ac8 a33c68b9d5094fe7a689a74fbb978a64 - - default default] 10.0.0.27 "GET /v2.0/extensions/floating-ip-port-forwarding-detail HTTP/1.1" status: 200 len: 465 time: 0.0026782
2026-06-26 04:47:36.390 9 INFO neutron.wsgi [None req-308d5a04-76cf-4c0b-af57-c39452de650f fbfcafbb4d3e432581de52c0ec0e9ac8 a33c68b9d5094fe7a689a74fbb978a64 - - default default] 10.0.0.27 "GET /v2.0/extensions/fip-port-details HTTP/1.1" status: 200 len: 406 time: 0.0026522
2026-06-26 04:47:36.396 9 INFO neutron.wsgi [None req-4d888e18-7cb6-4c93-a007-10531d20b91e fbfcafbb4d3e432581de52c0ec0e9ac8 a33c68b9d5094fe7a689a74fbb978a64 - - default default] 10.0.0.27 "GET /v2.0/extensions/flavors HTTP/1.1" status: 200 len: 387 time: 0.0030849
2026-06-26 04:47:36.402 9 INFO neutron.wsgi [None req-5f937621-7ea9-44ea-9fc3-3c6409252467 fbfcafbb4d3e432581de52c0ec0e9ac8 a33c68b9d5094fe7a689a74fbb978a64 - - default default] 10.0.0.27 "GET /v2.0/extensions/floatingip-pools HTTP/1.1" status: 200 len: 382 time: 0.0026877
2026-06-26 04:47:36.409 9 INFO neutron.wsgi [None req-c177663b-03a6-44eb-8b67-1cff6c46c1e6 fbfcafbb4d3e432581de52c0ec0e9ac8 a33c68b9d5094fe7a689a74fbb978a64 - - default default] 10.0.0.27 "GET /v2.0/extensions/ip_allocation HTTP/1.1" status: 200 len: 356 time: 0.0041068
2026-06-26 04:47:36.413 10 INFO neutron.plugins.ml2.drivers.ovn.mech_driver.mech_driver [None req-1a5073a8-6585-46b6-a31d-df1d27a05419 - - - - - -] OVN reports status up for port: 3d425c57-4f99-4f9f-b2ed-2529b74efda1
2026-06-26 04:47:36.419 9 INFO neutron.wsgi [None req-4dceecc0-4ebd-4179-aa5f-1642b1f72a1c fbfcafbb4d3e432581de52c0ec0e9ac8 a33c68b9d5094fe7a689a74fbb978a64 - - default default] 10.0.0.27 "GET /v2.0/extensions/l2_adjacency HTTP/1.1" status: 200 len: 372 time: 0.0051081
2026-06-26 04:47:36.425 9 INFO neutron.wsgi [None req-4097ab2e-d6ba-4060-b01e-fcb576c78ef9 fbfcafbb4d3e432581de52c0ec0e9ac8 a33c68b9d5094fe7a689a74fbb978a64 - - default default] 10.0.0.27 "GET /v2.0/extensions/router HTTP/1.1" status: 200 len: 450 time: 0.0027087
2026-06-26 04:47:36.427 10 INFO neutron.plugins.ml2.plugin [None req-1a5073a8-6585-46b6-a31d-df1d27a05419 - - - - - -] Attempt 1 to provision port 3d425c57-4f99-4f9f-b2ed-2529b74efda1
2026-06-26 04:47:36.430 9 INFO neutron.wsgi [None req-4f608347-514f-4241-a737-701814b11d6a fbfcafbb4d3e432581de52c0ec0e9ac8 a33c68b9d5094fe7a689a74fbb978a64 - - default default] 10.0.0.27 "GET /v2.0/extensions/ext-gw-mode HTTP/1.1" status: 200 len: 462 time: 0.0026746
2026-06-26 04:47:36.436 9 INFO neutron.wsgi [None req-003f1f7d-4da4-43e6-940b-580511abc54a fbfcafbb4d3e432581de52c0ec0e9ac8 a33c68b9d5094fe7a689a74fbb978a64 - - default default] 10.0.0.27 "GET /v2.0/extensions/logging HTTP/1.1" status: 200 len: 407 time: 0.0026381
2026-06-26 04:47:36.443 9 INFO neutron.wsgi [None req-f0df5bee-32fa-467c-96b1-4aadc0d9bfa2 fbfcafbb4d3e432581de52c0ec0e9ac8 a33c68b9d5094fe7a689a74fbb978a64 - - default default] 10.0.0.27 "GET /v2.0/extensions/multi-provider HTTP/1.1" status: 200 len: 406 time: 0.0028458
2026-06-26 04:47:36.449 9 INFO neutron.wsgi [None req-1b629509-6f80-456e-bf25-8388147d2e85 fbfcafbb4d3e432581de52c0ec0e9ac8 a33c68b9d5094fe7a689a74fbb978a64 - - default default] 10.0.0.27 "GET /v2.0/extensions/net-mtu HTTP/1.1" status: 200 len: 370 time: 0.0026488
2026-06-26 04:47:36.451 10 INFO neutron.db.ovn_revision_numbers_db [None req-aa17ee9c-67ae-4ee8-aa5c-28eaeccd1d1f dfa2b7c6895248229874da3d0cd52dce 05bac32385d141389de08b3cebdce2ac - - default default] Successfully bumped revision number for resource 3d425c57-4f99-4f9f-b2ed-2529b74efda1 (type: router_ports) to 1
2026-06-26 04:47:36.453 10 INFO neutron.wsgi [None req-aa17ee9c-67ae-4ee8-aa5c-28eaeccd1d1f dfa2b7c6895248229874da3d0cd52dce 05bac32385d141389de08b3cebdce2ac - - default default] 10.0.0.27 "PUT /v2.0/routers/cf0f34a1-df8f-4295-a4a1-4c8d36b473e7/add_router_interface HTTP/1.1" status: 200 len: 503 time: 2.1799304
2026-06-26 04:47:36.454 9 INFO neutron.wsgi [None req-210b2bc4-0f20-4cb7-a43c-d463cd505f89 fbfcafbb4d3e432581de52c0ec0e9ac8 a33c68b9d5094fe7a689a74fbb978a64 - - default default] 10.0.0.27 "GET /v2.0/extensions/net-mtu-writable HTTP/1.1" status: 200 len: 401 time: 0.0026672
2026-06-26 04:47:36.463 9 INFO neutron.wsgi [None req-e28445fe-cac9-4eaf-860d-c52d6277ef60 fbfcafbb4d3e432581de52c0ec0e9ac8 a33c68b9d5094fe7a689a74fbb978a64 - - default default] 10.0.0.27 "GET /v2.0/extensions/network_availability_zone HTTP/1.1" status: 200 len: 394 time: 0.0026462
2026-06-26 04:47:36.470 9 INFO neutron.wsgi [None req-82441528-2e63-4ec6-80dd-b6bfa9965793 fbfcafbb4d3e432581de52c0ec0e9ac8 a33c68b9d5094fe7a689a74fbb978a64 - - default default] 10.0.0.27 "GET /v2.0/extensions/network-ip-availability HTTP/1.1" status: 200 len: 410 time: 0.0028667
2026-06-26 04:47:36.478 9 INFO neutron.wsgi [None req-c6945a03-5eb5-4c64-a247-53508acd8278 fbfcafbb4d3e432581de52c0ec0e9ac8 a33c68b9d5094fe7a689a74fbb978a64 - - default default] 10.0.0.27 "GET /v2.0/extensions/pagination HTTP/1.1" status: 200 len: 386 time: 0.0051298
2026-06-26 04:47:36.484 9 INFO neutron.wsgi [None req-1345a455-1caf-4191-a8b6-7cc552394020 fbfcafbb4d3e432581de52c0ec0e9ac8 a33c68b9d5094fe7a689a74fbb978a64 - - default default] 10.0.0.27 "GET /v2.0/extensions/port-device-profile HTTP/1.1" status: 200 len: 383 time: 0.0029535
2026-06-26 04:47:36.490 9 INFO neutron.wsgi [None req-2f7576ba-cba3-43b5-ac00-53b94cab823c fbfcafbb4d3e432581de52c0ec0e9ac8 a33c68b9d5094fe7a689a74fbb978a64 - - default default] 10.0.0.27 "GET /v2.0/extensions/port-mac-address-regenerate HTTP/1.1" status: 200 len: 403 time: 0.0028286
2026-06-26 04:47:36.496 9 INFO neutron.wsgi [None req-1d3da568-666d-4dc3-b09c-065bece14fce fbfcafbb4d3e432581de52c0ec0e9ac8 a33c68b9d5094fe7a689a74fbb978a64 - - default default] 10.0.0.27 "GET /v2.0/extensions/port-numa-affinity-policy HTTP/1.1" status: 200 len: 392 time: 0.0029027
2026-06-26 04:47:36.501 9 INFO neutron.wsgi [None req-4898eb9e-69ea-4cd2-81b1-41e28060ef7e fbfcafbb4d3e432581de52c0ec0e9ac8 a33c68b9d5094fe7a689a74fbb978a64 - - default default] 10.0.0.27 "GET /v2.0/extensions/port-resource-request HTTP/1.1" status: 200 len: 379 time: 0.0026455
2026-06-26 04:47:36.506 9 INFO neutron.wsgi [None req-cb6b22c0-5830-420f-9a79-dfe73b8f1429 fbfcafbb4d3e432581de52c0ec0e9ac8 a33c68b9d5094fe7a689a74fbb978a64 - - default default] 10.0.0.27 "GET /v2.0/extensions/port-resource-request-groups HTTP/1.1" status: 200 len: 465 time: 0.0026765
2026-06-26 04:47:36.513 9 INFO neutron.wsgi [None req-9dcd1ef3-35ef-489a-b098-f529e56deee4 fbfcafbb4d3e432581de52c0ec0e9ac8 a33c68b9d5094fe7a689a74fbb978a64 - - default default] 10.0.0.27 "GET /v2.0/extensions/binding HTTP/1.1" status: 200 len: 387 time: 0.0033150
2026-06-26 04:47:36.519 9 INFO neutron.wsgi [None req-42011c10-5f4b-488a-b8e8-76732d7fcced fbfcafbb4d3e432581de52c0ec0e9ac8 a33c68b9d5094fe7a689a74fbb978a64 - - default default] 10.0.0.27 "GET /v2.0/extensions/binding-extended HTTP/1.1" status: 200 len: 406 time: 0.0028877
2026-06-26 04:47:36.525 9 INFO neutron.wsgi [None req-30cb75e6-a365-4fba-a329-56ecd9421960 fbfcafbb4d3e432581de52c0ec0e9ac8 a33c68b9d5094fe7a689a74fbb978a64 - - default default] 10.0.0.27 "GET /v2.0/extensions/port-security HTTP/1.1" status: 200 len: 354 time: 0.0026624
2026-06-26 04:47:36.532 9 INFO neutron.wsgi [None req-65c1f16e-a7b8-4b27-89c4-6d3d133b70ed fbfcafbb4d3e432581de52c0ec0e9ac8 a33c68b9d5094fe7a689a74fbb978a64 - - default default] 10.0.0.27 "GET /v2.0/extensions/project-id HTTP/1.1" status: 200 len: 398 time: 0.0026648
2026-06-26 04:47:36.538 9 INFO neutron.wsgi [None req-bbaa745d-5ff7-4013-9f1e-f1f42d58084f fbfcafbb4d3e432581de52c0ec0e9ac8 a33c68b9d5094fe7a689a74fbb978a64 - - default default] 10.0.0.27 "GET /v2.0/extensions/provider HTTP/1.1" status: 200 len: 385 time: 0.0027668
2026-06-26 04:47:36.545 9 INFO neutron.wsgi [None req-c39e2e7b-61fc-49c5-988f-8345ad0dd28c fbfcafbb4d3e432581de52c0ec0e9ac8 a33c68b9d5094fe7a689a74fbb978a64 - - default default] 10.0.0.27 "GET /v2.0/extensions/qos HTTP/1.1" status: 200 len: 360 time: 0.0028512
2026-06-26 04:47:36.550 9 INFO neutron.wsgi [None req-19f7c46a-4daa-4f38-b146-7f485fc03845 fbfcafbb4d3e432581de52c0ec0e9ac8 a33c68b9d5094fe7a689a74fbb978a64 - - default default] 10.0.0.27 "GET /v2.0/extensions/qos-bw-limit-direction HTTP/1.1" status: 200 len: 452 time: 0.0026507
2026-06-26 04:47:36.556 9 INFO neutron.wsgi [None req-ef3497e6-2675-4ec7-8607-049326148cde fbfcafbb4d3e432581de52c0ec0e9ac8 a33c68b9d5094fe7a689a74fbb978a64 - - default default] 10.0.0.27 "GET /v2.0/extensions/qos-bw-minimum-ingress HTTP/1.1" status: 200 len: 445 time: 0.0026226
2026-06-26 04:47:36.563 9 INFO neutron.wsgi [None req-4917cb2c-4fdd-4785-ae0e-e81346898178 fbfcafbb4d3e432581de52c0ec0e9ac8 a33c68b9d5094fe7a689a74fbb978a64 - - default default] 10.0.0.27 "GET /v2.0/extensions/qos-default HTTP/1.1" status: 200 len: 377 time: 0.0033302
2026-06-26 04:47:36.569 9 INFO neutron.wsgi [None req-075ded4f-2546-4d56-afe7-ff38492fcf0e fbfcafbb4d3e432581de52c0ec0e9ac8 a33c68b9d5094fe7a689a74fbb978a64 - - default default] 10.0.0.27 "GET /v2.0/extensions/qos-fip HTTP/1.1" status: 200 len: 372 time: 0.0029383
2026-06-26 04:47:36.576 9 INFO neutron.wsgi [None req-0e97da8e-e58e-40bd-9027-9507d848487d fbfcafbb4d3e432581de52c0ec0e9ac8 a33c68b9d5094fe7a689a74fbb978a64 - - default default] 10.0.0.27 "GET /v2.0/extensions/qos-gateway-ip HTTP/1.1" status: 200 len: 391 time: 0.0027142
2026-06-26 04:47:36.582 9 INFO neutron.wsgi [None req-cb05cbbc-7773-4ae9-b13a-8d7846f730d1 fbfcafbb4d3e432581de52c0ec0e9ac8 a33c68b9d5094fe7a689a74fbb978a64 - - default default] 10.0.0.27 "GET /v2.0/extensions/qos-port-network-policy HTTP/1.1" status: 200 len: 403 time: 0.0026503
2026-06-26 04:47:36.589 9 INFO neutron.wsgi [None req-b699ebc5-67d5-4c5d-ae47-53317e7a1251 fbfcafbb4d3e432581de52c0ec0e9ac8 a33c68b9d5094fe7a689a74fbb978a64 - - default default] 10.0.0.27 "GET /v2.0/extensions/qos-pps-minimum HTTP/1.1" status: 200 len: 397 time: 0.0026317
2026-06-26 04:47:36.595 9 INFO neutron.wsgi [None req-533d866c-bc34-40dc-bddf-1e012f852ca6 fbfcafbb4d3e432581de52c0ec0e9ac8 a33c68b9d5094fe7a689a74fbb978a64 - - default default] 10.0.0.27 "GET /v2.0/extensions/qos-pps-minimum-rule-alias HTTP/1.1" status: 200 len: 471 time: 0.0028317
2026-06-26 04:47:36.600 9 INFO neutron.wsgi [None req-76ed3ad5-6341-443f-8bf2-b7019c12f33b fbfcafbb4d3e432581de52c0ec0e9ac8 a33c68b9d5094fe7a689a74fbb978a64 - - default default] 10.0.0.27 "GET /v2.0/extensions/qos-pps HTTP/1.1" status: 200 len: 389 time: 0.0026503
2026-06-26 04:47:36.606 9 INFO neutron.wsgi [None req-751341af-9da3-4408-88e1-5ccabf2cff6f fbfcafbb4d3e432581de52c0ec0e9ac8 a33c68b9d5094fe7a689a74fbb978a64 - - default default] 10.0.0.27 "GET /v2.0/extensions/qos-rule-type-details HTTP/1.1" status: 200 len: 423 time: 0.0026162
2026-06-26 04:47:36.614 9 INFO neutron.wsgi [None req-b2bed3c4-862a-4fd2-a8f7-bb0bbc1414bf fbfcafbb4d3e432581de52c0ec0e9ac8 a33c68b9d5094fe7a689a74fbb978a64 - - default default] 10.0.0.27 "GET /v2.0/extensions/qos-rule-type-filter HTTP/1.1" status: 200 len: 567 time: 0.0041902
2026-06-26 04:47:36.620 9 INFO neutron.wsgi [None req-f596ca3e-a6f4-4ea3-8756-898d6b9b8563 fbfcafbb4d3e432581de52c0ec0e9ac8 a33c68b9d5094fe7a689a74fbb978a64 - - default default] 10.0.0.27 "GET /v2.0/extensions/qos-rules-alias HTTP/1.1" status: 200 len: 448 time: 0.0030756
2026-06-26 04:47:36.626 9 INFO neutron.wsgi [None req-1ff0f458-cc2c-4676-8f9b-30fa11726891 fbfcafbb4d3e432581de52c0ec0e9ac8 a33c68b9d5094fe7a689a74fbb978a64 - - default default] 10.0.0.27 "GET /v2.0/extensions/quota-check-limit HTTP/1.1" status: 200 len: 420 time: 0.0026536
2026-06-26 04:47:36.633 9 INFO neutron.wsgi [None req-e291c5c2-614f-4739-99a0-0343b5820ba5 fbfcafbb4d3e432581de52c0ec0e9ac8 a33c68b9d5094fe7a689a74fbb978a64 - - default default] 10.0.0.27 "GET /v2.0/extensions/quotas HTTP/1.1" status: 200 len: 386 time: 0.0027044
2026-06-26 04:47:36.640 9 INFO neutron.wsgi [None req-0a27957a-f71e-4de5-abd2-704c5e51498d fbfcafbb4d3e432581de52c0ec0e9ac8 a33c68b9d5094fe7a689a74fbb978a64 - - default default] 10.0.0.27 "GET /v2.0/extensions/quota_details HTTP/1.1" status: 200 len: 407 time: 0.0026121
2026-06-26 04:47:36.645 10 INFO neutron.db.ovn_revision_numbers_db [None req-cf52551f-6538-413c-a970-50550dbbc88c 09ff298d1848468d825b2c5492a2684a dd319f94f931483a96da4fbcf83cc49c - - default default] Successfully bumped revision number for resource 37bf0553-b85f-41b9-9f1c-c647e28d1394 (type: ports) to 2
2026-06-26 04:47:36.647 9 INFO neutron.wsgi [None req-d01d74a2-c0c9-4b29-878b-8839a8bc8da5 fbfcafbb4d3e432581de52c0ec0e9ac8 a33c68b9d5094fe7a689a74fbb978a64 - - default default] 10.0.0.27 "GET /v2.0/extensions/rbac-policies HTTP/1.1" status: 200 len: 417 time: 0.0032344
2026-06-26 04:47:36.655 10 INFO neutron.wsgi [None req-cf52551f-6538-413c-a970-50550dbbc88c 09ff298d1848468d825b2c5492a2684a dd319f94f931483a96da4fbcf83cc49c - - default default] 10.0.0.27 "PUT /v2.0/ports/37bf0553-b85f-41b9-9f1c-c647e28d1394 HTTP/1.1" status: 200 len: 946 time: 0.3325453
2026-06-26 04:47:36.655 9 INFO neutron.wsgi [None req-a42f087b-e470-4303-ab92-f61413cc2c86 fbfcafbb4d3e432581de52c0ec0e9ac8 a33c68b9d5094fe7a689a74fbb978a64 - - default default] 10.0.0.27 "GET /v2.0/extensions/rbac-address-scope HTTP/1.1" status: 200 len: 384 time: 0.0035090 /var/lib/openstack/lib/python3.10/site-packages/pycadf/identifier.py:71: UserWarning: Invalid uuid: neutron. To ensure interoperability, identifiers should be a valid uuid. warnings.warn(('Invalid uuid: %s. To ensure interoperability, '
2026-06-26 04:47:36.673 10 INFO neutron.wsgi [None req-a05c35d3-4075-404e-b97e-8fa9d0f338d7 fbfcafbb4d3e432581de52c0ec0e9ac8 a33c68b9d5094fe7a689a74fbb978a64 - - default default] 10.0.0.27 "GET /v2.0/extensions/rbac-security-groups HTTP/1.1" status: 200 len: 404 time: 0.0048144
2026-06-26 04:47:36.684 9 INFO neutron.wsgi [None req-053fe503-b78b-4284-90ef-aa8c6e983683 fbfcafbb4d3e432581de52c0ec0e9ac8 a33c68b9d5094fe7a689a74fbb978a64 - - default default] 10.0.0.27 "GET /v2.0/extensions/revision-if-match HTTP/1.1" status: 200 len: 441 time: 0.0065365
2026-06-26 04:47:36.692 9 INFO neutron.wsgi [None req-a597ad83-d2e7-4098-b8c7-f31ded938157 fbfcafbb4d3e432581de52c0ec0e9ac8 a33c68b9d5094fe7a689a74fbb978a64 - - default default] 10.0.0.27 "GET /v2.0/extensions/standard-attr-revisions HTTP/1.1" status: 200 len: 423 time: 0.0035882
2026-06-26 04:47:36.699 9 INFO neutron.wsgi [None req-205aa6b3-ad5b-4976-8d90-ac3e96345237 fbfcafbb4d3e432581de52c0ec0e9ac8 a33c68b9d5094fe7a689a74fbb978a64 - - default default] 10.0.0.27 "GET /v2.0/extensions/router_availability_zone HTTP/1.1" status: 200 len: 391 time: 0.0028422
2026-06-26 04:47:36.707 9 INFO neutron.wsgi [None req-21c43dea-e4b1-41d9-aee3-2b2d59304a45 fbfcafbb4d3e432581de52c0ec0e9ac8 a33c68b9d5094fe7a689a74fbb978a64 - - default default] 10.0.0.27 "GET /v2.0/extensions/security-groups-normalized-cidr HTTP/1.1" status: 200 len: 445 time: 0.0027773
2026-06-26 04:47:36.714 9 INFO neutron.wsgi [None req-56e8d058-0ab2-407a-8a17-01254dc80c0a fbfcafbb4d3e432581de52c0ec0e9ac8 a33c68b9d5094fe7a689a74fbb978a64 - - default default] 10.0.0.27 "GET /v2.0/extensions/security-groups-remote-address-group HTTP/1.1" status: 200 len: 448 time: 0.0036116
2026-06-26 04:47:36.721 9 INFO neutron.wsgi [None req-e8fdee65-e29c-49da-b287-0649daed8789 fbfcafbb4d3e432581de52c0ec0e9ac8 a33c68b9d5094fe7a689a74fbb978a64 - - default default] 10.0.0.27 "GET /v2.0/extensions/security-groups-shared-filtering HTTP/1.1" status: 200 len: 435 time: 0.0036232
2026-06-26 04:47:36.733 10 INFO neutron.wsgi [None req-b9d3acd0-96b9-4307-8bb3-ee37f5e01bfd fbfcafbb4d3e432581de52c0ec0e9ac8 a33c68b9d5094fe7a689a74fbb978a64 - - default default] 10.0.0.27 "GET /v2.0/extensions/security-group HTTP/1.1" status: 200 len: 364 time: 0.0051541
2026-06-26 04:47:36.740 9 INFO neutron.wsgi [None req-c23c352a-2e2e-4c1f-92d9-4d8ccc9b5f18 fbfcafbb4d3e432581de52c0ec0e9ac8 a33c68b9d5094fe7a689a74fbb978a64 - - default default] 10.0.0.27 "GET /v2.0/extensions/segment HTTP/1.1" status: 200 len: 339 time: 0.0029168
2026-06-26 04:47:36.747 9 INFO neutron.wsgi [None req-b009a191-5282-4105-b1e8-e5ffaab560fd fbfcafbb4d3e432581de52c0ec0e9ac8 a33c68b9d5094fe7a689a74fbb978a64 - - default default] 10.0.0.27 "GET /v2.0/extensions/segments-peer-subnet-host-routes HTTP/1.1" status: 200 len: 427 time: 0.0027881
2026-06-26 04:47:36.754 10 INFO neutron.db.ovn_revision_numbers_db [None req-1a5073a8-6585-46b6-a31d-df1d27a05419 - - - - - -] Successfully bumped revision number for resource 3d425c57-4f99-4f9f-b2ed-2529b74efda1 (type: ports) to 2
2026-06-26 04:47:36.763 10 INFO neutron.wsgi [None req-61baf56a-12dc-40f6-9bb7-e678fa5ae127 fbfcafbb4d3e432581de52c0ec0e9ac8 a33c68b9d5094fe7a689a74fbb978a64 - - default default] 10.0.0.27 "GET /v2.0/extensions/service-type HTTP/1.1" status: 200 len: 415 time: 0.0058320
2026-06-26 04:47:36.783 10 INFO neutron.wsgi [None req-f738f1e5-262f-496a-8765-0e5af0bcbf10 fbfcafbb4d3e432581de52c0ec0e9ac8 a33c68b9d5094fe7a689a74fbb978a64 - - default default] 10.0.0.27 "GET /v2.0/extensions/sorting HTTP/1.1" status: 200 len: 377 time: 0.0088933
2026-06-26 04:47:36.794 10 INFO neutron.wsgi [None req-013b15fa-0aa1-4e5c-a39e-3e73075d4e07 fbfcafbb4d3e432581de52c0ec0e9ac8 a33c68b9d5094fe7a689a74fbb978a64 - - default default] 10.0.0.27 "GET /v2.0/extensions/standard-attr-segment HTTP/1.1" status: 200 len: 406 time: 0.0048056
2026-06-26 04:47:36.804 10 INFO neutron.wsgi [None req-d2f61373-03b1-4afc-9208-6da0c2affbf5 fbfcafbb4d3e432581de52c0ec0e9ac8 a33c68b9d5094fe7a689a74fbb978a64 - - default default] 10.0.0.27 "GET /v2.0/extensions/standard-attr-description HTTP/1.1" status: 200 len: 408 time: 0.0039041
2026-06-26 04:47:36.812 9 INFO neutron.wsgi [None req-51600a5b-636d-46e7-aeb2-9c4aa992f339 fbfcafbb4d3e432581de52c0ec0e9ac8 a33c68b9d5094fe7a689a74fbb978a64 - - default default] 10.0.0.27 "GET /v2.0/extensions/stateful-security-group HTTP/1.1" status: 200 len: 402 time: 0.0043859
