2026-06-26 04:49:04.224 10 INFO neutron.wsgi [None req-482b896f-cdcf-4a21-ba86-c43b50156e0e 88772c24367e4e81aa2599392d10a2ad b05d9e75460b4ca4b9f98ab53c1f54a3 - - default default] 10.0.0.27 "DELETE /v2.0/security-groups/89c0ed29-6673-492a-a694-204fa0bfa626 HTTP/1.1" status: 204 len: 168 time: 0.1503303
2026-06-26 04:49:04.364 10 INFO neutron.db.ovn_revision_numbers_db [None req-637d8aea-3cf3-4ea0-8378-6c7cbff97927 d3d9d31cb54e4a59bc70e47a08d2e39a a215e08be10a4078ac4b4bf39efb3e67 - - default default] Successfully bumped revision number for resource 7496a01b-9d24-40ae-afd2-6edd0da90fb4 (type: security_groups) to 1
2026-06-26 04:49:04.374 10 INFO neutron.db.ovn_revision_numbers_db [None req-637d8aea-3cf3-4ea0-8378-6c7cbff97927 d3d9d31cb54e4a59bc70e47a08d2e39a a215e08be10a4078ac4b4bf39efb3e67 - - default default] Successfully bumped revision number for resource 4dfc7f1d-18fb-4f9f-a881-db66fcf4c1ba (type: security_group_rules) to 0
2026-06-26 04:49:04.387 10 INFO neutron.db.ovn_revision_numbers_db [None req-637d8aea-3cf3-4ea0-8378-6c7cbff97927 d3d9d31cb54e4a59bc70e47a08d2e39a a215e08be10a4078ac4b4bf39efb3e67 - - default default] Successfully bumped revision number for resource 73100933-c31c-49fe-8c4f-2c32eac17583 (type: security_group_rules) to 0
2026-06-26 04:49:04.399 10 INFO neutron.db.ovn_revision_numbers_db [None req-637d8aea-3cf3-4ea0-8378-6c7cbff97927 d3d9d31cb54e4a59bc70e47a08d2e39a a215e08be10a4078ac4b4bf39efb3e67 - - default default] Successfully bumped revision number for resource 841fb848-0d0f-4388-afff-748eb4bf1027 (type: security_group_rules) to 0
2026-06-26 04:49:04.410 10 INFO neutron.db.ovn_revision_numbers_db [None req-637d8aea-3cf3-4ea0-8378-6c7cbff97927 d3d9d31cb54e4a59bc70e47a08d2e39a a215e08be10a4078ac4b4bf39efb3e67 - - default default] Successfully bumped revision number for resource dc366ba4-4886-482e-b0ff-e5194e11571b (type: security_group_rules) to 0
2026-06-26 04:49:04.457 10 INFO neutron.db.segments_db [None req-637d8aea-3cf3-4ea0-8378-6c7cbff97927 d3d9d31cb54e4a59bc70e47a08d2e39a a215e08be10a4078ac4b4bf39efb3e67 - - default default] Added segment d274806c-da8b-4200-a2c0-f1da9b409eb6 of type geneve for network 1eb9ee46-ef7b-4200-ab53-09e336412e34
2026-06-26 04:49:04.607 10 INFO neutron.db.ovn_revision_numbers_db [None req-637d8aea-3cf3-4ea0-8378-6c7cbff97927 d3d9d31cb54e4a59bc70e47a08d2e39a a215e08be10a4078ac4b4bf39efb3e67 - - default default] Successfully bumped revision number for resource 1eb9ee46-ef7b-4200-ab53-09e336412e34 (type: networks) to 1
2026-06-26 04:49:04.784 10 WARNING neutron.scheduler.dhcp_agent_scheduler [None req-637d8aea-3cf3-4ea0-8378-6c7cbff97927 d3d9d31cb54e4a59bc70e47a08d2e39a a215e08be10a4078ac4b4bf39efb3e67 - - default default] No more DHCP agents
2026-06-26 04:49:04.785 10 WARNING neutron.api.rpc.agentnotifiers.dhcp_rpc_agent_api [None req-637d8aea-3cf3-4ea0-8378-6c7cbff97927 d3d9d31cb54e4a59bc70e47a08d2e39a a215e08be10a4078ac4b4bf39efb3e67 - - default default] Unable to schedule network 1eb9ee46-ef7b-4200-ab53-09e336412e34: no agents available; will retry on subsequent port and subnet creation events.
2026-06-26 04:49:04.870 10 INFO neutron.db.ovn_revision_numbers_db [None req-637d8aea-3cf3-4ea0-8378-6c7cbff97927 d3d9d31cb54e4a59bc70e47a08d2e39a a215e08be10a4078ac4b4bf39efb3e67 - - default default] Successfully bumped revision number for resource b4f50033-c762-4d7a-a55a-17e6340c5091 (type: ports) to 1
2026-06-26 04:49:04.888 10 INFO neutron.wsgi [None req-637d8aea-3cf3-4ea0-8378-6c7cbff97927 d3d9d31cb54e4a59bc70e47a08d2e39a a215e08be10a4078ac4b4bf39efb3e67 - - default default] 10.0.0.27 "POST /v2.0/networks HTTP/1.1" status: 201 len: 838 time: 0.8333700
2026-06-26 04:49:04.954 10 INFO neutron.wsgi [req-38daff0a-2233-44a3-8350-29d0cb85184e req-f0c1e45a-c539-4c9e-92a3-3f820508dd59 367ecc2ec9604c38905537639a5aae57 c4f636bba6434da4ae1b9053a4a91313 - - default default] 10.0.0.144 "GET /v2.0/ports?device_id=d0242e01-c61b-4558-a290-b0bcee81ef57 HTTP/1.1" status: 200 len: 1170 time: 0.0438852
2026-06-26 04:49:05.006 10 INFO neutron.wsgi [req-38daff0a-2233-44a3-8350-29d0cb85184e req-fb7199cf-5747-41be-8401-428f38ab4d4b 367ecc2ec9604c38905537639a5aae57 c4f636bba6434da4ae1b9053a4a91313 - - default default] 10.0.0.144 "GET /v2.0/security-groups?id=9051968d-12d9-4cb0-8ca6-ac416864927a&fields=id&fields=name HTTP/1.1" status: 200 len: 313 time: 0.0431654
2026-06-26 04:49:05.115 10 INFO neutron.wsgi [None req-c545a5c1-d7bc-49d5-ac07-2fdd1293aecf dfa2b7c6895248229874da3d0cd52dce 05bac32385d141389de08b3cebdce2ac - - default default] 10.0.0.27 "GET /v2.0/security-groups?tenant_id=b05d9e75460b4ca4b9f98ab53c1f54a3&name=default HTTP/1.1" status: 200 len: 2996 time: 0.2131927
2026-06-26 04:49:05.172 10 WARNING neutron.scheduler.dhcp_agent_scheduler [None req-cf4f7fdd-5804-430e-bbdb-6a0717884663 d3d9d31cb54e4a59bc70e47a08d2e39a a215e08be10a4078ac4b4bf39efb3e67 - - default default] No more DHCP agents
2026-06-26 04:49:05.173 10 WARNING neutron.api.rpc.agentnotifiers.dhcp_rpc_agent_api [None req-cf4f7fdd-5804-430e-bbdb-6a0717884663 d3d9d31cb54e4a59bc70e47a08d2e39a a215e08be10a4078ac4b4bf39efb3e67 - - default default] Unable to schedule network 1eb9ee46-ef7b-4200-ab53-09e336412e34: no agents available; will retry on subsequent port and subnet creation events.
2026-06-26 04:49:05.349 9 INFO neutron.notifiers.nova [-] Nova event matching ['req-3af61a4d-4bd8-494a-a9d3-15a3c2615d57'] response: {'server_uuid': 'd0242e01-c61b-4558-a290-b0bcee81ef57', 'name': 'network-vif-plugged', 'status': 'completed', 'tag': '2c5cb9f2-dda6-4f24-94dc-e3eca024479b', 'code': 200}
2026-06-26 04:49:05.349 9 INFO neutron.notifiers.nova [-] Nova event matching ['req-3af61a4d-4bd8-494a-a9d3-15a3c2615d57'] response: {'server_uuid': 'd0242e01-c61b-4558-a290-b0bcee81ef57', 'name': 'network-vif-plugged', 'status': 'completed', 'tag': '2c5cb9f2-dda6-4f24-94dc-e3eca024479b', 'code': 200}
2026-06-26 04:49:05.349 9 INFO neutron.notifiers.nova [-] Nova event matching ['req-3af61a4d-4bd8-494a-a9d3-15a3c2615d57'] response: {'server_uuid': 'd0242e01-c61b-4558-a290-b0bcee81ef57', 'name': 'network-vif-plugged', 'status': 'completed', 'tag': '2c5cb9f2-dda6-4f24-94dc-e3eca024479b', 'code': 200}
2026-06-26 04:49:05.415 10 INFO neutron.wsgi [None req-adbebbdf-2f25-47fa-8c26-ac5bfce4ac89 dfa2b7c6895248229874da3d0cd52dce 05bac32385d141389de08b3cebdce2ac - - default default] 10.0.0.27 "DELETE /v2.0/security-groups/7bcba6bc-9bf3-4ceb-882c-15f5eb5a04f4 HTTP/1.1" status: 204 len: 168 time: 0.2891796 /var/lib/openstack/lib/python3.10/site-packages/pycadf/identifier.py:71: UserWarning: Invalid uuid: neutron. To ensure interoperability, identifiers should be a valid uuid. warnings.warn(('Invalid uuid: %s. To ensure interoperability, '
2026-06-26 04:49:05.626 9 INFO neutron.db.ovn_revision_numbers_db [None req-cf364e71-d556-4ab8-af04-fea19fc79f63 dfa2b7c6895248229874da3d0cd52dce 05bac32385d141389de08b3cebdce2ac - - default default] Successfully bumped revision number for resource 217267b4-49e4-4fbe-8206-be7485f6951e (type: security_groups) to 1
2026-06-26 04:49:05.638 9 INFO neutron.db.ovn_revision_numbers_db [None req-cf364e71-d556-4ab8-af04-fea19fc79f63 dfa2b7c6895248229874da3d0cd52dce 05bac32385d141389de08b3cebdce2ac - - default default] Successfully bumped revision number for resource 1012fae1-8d3b-49a7-9aa9-dab977da1af6 (type: security_group_rules) to 0
2026-06-26 04:49:05.650 9 INFO neutron.db.ovn_revision_numbers_db [None req-cf364e71-d556-4ab8-af04-fea19fc79f63 dfa2b7c6895248229874da3d0cd52dce 05bac32385d141389de08b3cebdce2ac - - default default] Successfully bumped revision number for resource b48d186b-4cf8-4f3f-a0ab-0d5bd912f334 (type: security_group_rules) to 0
2026-06-26 04:49:05.664 9 INFO neutron.db.ovn_revision_numbers_db [None req-cf364e71-d556-4ab8-af04-fea19fc79f63 dfa2b7c6895248229874da3d0cd52dce 05bac32385d141389de08b3cebdce2ac - - default default] Successfully bumped revision number for resource c2d97dbd-116d-47af-b773-9d4a83d8a6c5 (type: security_group_rules) to 0
2026-06-26 04:49:05.676 9 INFO neutron.db.ovn_revision_numbers_db [None req-cf364e71-d556-4ab8-af04-fea19fc79f63 dfa2b7c6895248229874da3d0cd52dce 05bac32385d141389de08b3cebdce2ac - - default default] Successfully bumped revision number for resource c93138eb-7a0f-4d7f-82f3-5a0a322f5774 (type: security_group_rules) to 0
2026-06-26 04:49:05.703 9 INFO neutron.wsgi [None req-cf364e71-d556-4ab8-af04-fea19fc79f63 dfa2b7c6895248229874da3d0cd52dce 05bac32385d141389de08b3cebdce2ac - - default default] 10.0.0.27 "GET /v2.0/security-groups?tenant_id=d9284fd5b10f4d94b1913af39153b1c3&name=default HTTP/1.1" status: 200 len: 2996 time: 0.1970193
2026-06-26 04:49:05.719 10 INFO neutron.db.ovn_revision_numbers_db [None req-cf4f7fdd-5804-430e-bbdb-6a0717884663 d3d9d31cb54e4a59bc70e47a08d2e39a a215e08be10a4078ac4b4bf39efb3e67 - - default default] Successfully bumped revision number for resource b4f50033-c762-4d7a-a55a-17e6340c5091 (type: ports) to 2
2026-06-26 04:49:05.884 9 INFO neutron.wsgi [None req-817229e5-b0ea-4a58-a176-ca5e24f998ad dfa2b7c6895248229874da3d0cd52dce 05bac32385d141389de08b3cebdce2ac - - default default] 10.0.0.27 "DELETE /v2.0/security-groups/217267b4-49e4-4fbe-8206-be7485f6951e HTTP/1.1" status: 204 len: 168 time: 0.1745889
2026-06-26 04:49:05.968 10 INFO neutron.db.ovn_revision_numbers_db [None req-cf4f7fdd-5804-430e-bbdb-6a0717884663 d3d9d31cb54e4a59bc70e47a08d2e39a a215e08be10a4078ac4b4bf39efb3e67 - - default default] Successfully bumped revision number for resource 37814ccd-4b63-4f4c-9866-7ee075f2f5f5 (type: subnets) to 0
2026-06-26 04:49:05.985 10 INFO neutron.wsgi [None req-cf4f7fdd-5804-430e-bbdb-6a0717884663 d3d9d31cb54e4a59bc70e47a08d2e39a a215e08be10a4078ac4b4bf39efb3e67 - - default default] 10.0.0.27 "POST /v2.0/subnets HTTP/1.1" status: 201 len: 833 time: 1.0931108
2026-06-26 04:49:06.260 10 INFO neutron.wsgi [None req-1f99e6e3-b054-4d2a-8385-f4c35cfb41bf bb5da5281b624556846fc85bda690661 cc9931cbc2e44c909c9285fb9ad1a0cf - - default default] 10.0.0.27 "GET /v2.0/subnetpools?name=shared-default-subnetpool-v6 HTTP/1.1" status: 200 len: 212 time: 0.2679381
2026-06-26 04:49:06.329 10 INFO neutron.db.ovn_revision_numbers_db [None req-5f028a31-d93c-405a-b8cc-068a80ee3be6 dfa2b7c6895248229874da3d0cd52dce 05bac32385d141389de08b3cebdce2ac - - default default] Successfully bumped revision number for resource 90cd729b-7c9e-4991-be9c-53ff606b0507 (type: security_groups) to 1
2026-06-26 04:49:06.344 10 INFO neutron.db.ovn_revision_numbers_db [None req-5f028a31-d93c-405a-b8cc-068a80ee3be6 dfa2b7c6895248229874da3d0cd52dce 05bac32385d141389de08b3cebdce2ac - - default default] Successfully bumped revision number for resource 20c5534a-3d15-4497-b282-a7c86799efb4 (type: security_group_rules) to 0
2026-06-26 04:49:06.360 10 INFO neutron.db.ovn_revision_numbers_db [None req-5f028a31-d93c-405a-b8cc-068a80ee3be6 dfa2b7c6895248229874da3d0cd52dce 05bac32385d141389de08b3cebdce2ac - - default default] Successfully bumped revision number for resource 88b958b8-78d2-43a5-96b2-12741273dfc0 (type: security_group_rules) to 0
2026-06-26 04:49:06.403 10 INFO neutron.db.ovn_revision_numbers_db [None req-5f028a31-d93c-405a-b8cc-068a80ee3be6 dfa2b7c6895248229874da3d0cd52dce 05bac32385d141389de08b3cebdce2ac - - default default] Successfully bumped revision number for resource b16b59ab-0789-4b77-ba1c-2317a9b99ba6 (type: security_group_rules) to 0
2026-06-26 04:49:06.423 10 INFO neutron.db.ovn_revision_numbers_db [None req-5f028a31-d93c-405a-b8cc-068a80ee3be6 dfa2b7c6895248229874da3d0cd52dce 05bac32385d141389de08b3cebdce2ac - - default default] Successfully bumped revision number for resource e35e84c5-5ee9-4ada-9993-a2034d8b5717 (type: security_group_rules) to 0
2026-06-26 04:49:06.448 10 INFO neutron.wsgi [None req-5f028a31-d93c-405a-b8cc-068a80ee3be6 dfa2b7c6895248229874da3d0cd52dce 05bac32385d141389de08b3cebdce2ac - - default default] 10.0.0.27 "GET /v2.0/security-groups?tenant_id=937336762f48479ab080f9a37166402f&name=default HTTP/1.1" status: 200 len: 2996 time: 0.3823652
2026-06-26 04:49:06.626 10 INFO neutron.wsgi [None req-f3752ded-4985-4506-88c5-b8a55d1a9f0b dfa2b7c6895248229874da3d0cd52dce 05bac32385d141389de08b3cebdce2ac - - default default] 10.0.0.27 "DELETE /v2.0/security-groups/90cd729b-7c9e-4991-be9c-53ff606b0507 HTTP/1.1" status: 204 len: 168 time: 0.1706960
2026-06-26 04:49:06.646 9 WARNING neutron.scheduler.dhcp_agent_scheduler [None req-40a5b554-9aaa-46a7-8e8c-ae8433ba5093 d3d9d31cb54e4a59bc70e47a08d2e39a a215e08be10a4078ac4b4bf39efb3e67 - - default default] No more DHCP agents
2026-06-26 04:49:06.648 9 WARNING neutron.api.rpc.agentnotifiers.dhcp_rpc_agent_api [None req-40a5b554-9aaa-46a7-8e8c-ae8433ba5093 d3d9d31cb54e4a59bc70e47a08d2e39a a215e08be10a4078ac4b4bf39efb3e67 - - default default] Unable to schedule network 1eb9ee46-ef7b-4200-ab53-09e336412e34: no agents available; will retry on subsequent port and subnet creation events.
2026-06-26 04:49:06.693 9 INFO neutron.db.ovn_revision_numbers_db [None req-40a5b554-9aaa-46a7-8e8c-ae8433ba5093 d3d9d31cb54e4a59bc70e47a08d2e39a a215e08be10a4078ac4b4bf39efb3e67 - - default default] Successfully bumped revision number for resource 80b70238-6ee7-4a7c-86a7-f74c2fcc87e0 (type: subnets) to 0
2026-06-26 04:49:06.711 9 INFO neutron.wsgi [None req-40a5b554-9aaa-46a7-8e8c-ae8433ba5093 d3d9d31cb54e4a59bc70e47a08d2e39a a215e08be10a4078ac4b4bf39efb3e67 - - default default] 10.0.0.27 "POST /v2.0/subnets HTTP/1.1" status: 201 len: 907 time: 0.4416616
2026-06-26 04:49:06.821 9 INFO neutron.db.segments_db [None req-4e2888b7-66dc-4149-8fb6-00269627358c d3d9d31cb54e4a59bc70e47a08d2e39a a215e08be10a4078ac4b4bf39efb3e67 - - default default] Added segment 49d5b0ea-5dad-41cd-bfba-593f980df023 of type geneve for network ae4d26f6-94ef-4d32-b62c-fcde60d5f704
2026-06-26 04:49:07.018 9 INFO neutron.db.ovn_revision_numbers_db [None req-4e2888b7-66dc-4149-8fb6-00269627358c d3d9d31cb54e4a59bc70e47a08d2e39a a215e08be10a4078ac4b4bf39efb3e67 - - default default] Successfully bumped revision number for resource ae4d26f6-94ef-4d32-b62c-fcde60d5f704 (type: networks) to 1
2026-06-26 04:49:07.180 9 WARNING neutron.scheduler.dhcp_agent_scheduler [None req-4e2888b7-66dc-4149-8fb6-00269627358c d3d9d31cb54e4a59bc70e47a08d2e39a a215e08be10a4078ac4b4bf39efb3e67 - - default default] No more DHCP agents
2026-06-26 04:49:07.181 9 WARNING neutron.api.rpc.agentnotifiers.dhcp_rpc_agent_api [None req-4e2888b7-66dc-4149-8fb6-00269627358c d3d9d31cb54e4a59bc70e47a08d2e39a a215e08be10a4078ac4b4bf39efb3e67 - - default default] Unable to schedule network ae4d26f6-94ef-4d32-b62c-fcde60d5f704: no agents available; will retry on subsequent port and subnet creation events.
2026-06-26 04:49:07.271 9 INFO neutron.db.ovn_revision_numbers_db [None req-4e2888b7-66dc-4149-8fb6-00269627358c d3d9d31cb54e4a59bc70e47a08d2e39a a215e08be10a4078ac4b4bf39efb3e67 - - default default] Successfully bumped revision number for resource 3080b23a-7e35-4964-b0db-6740b08552ce (type: ports) to 1
2026-06-26 04:49:07.323 9 INFO neutron.wsgi [None req-4e2888b7-66dc-4149-8fb6-00269627358c d3d9d31cb54e4a59bc70e47a08d2e39a a215e08be10a4078ac4b4bf39efb3e67 - - default default] 10.0.0.27 "POST /v2.0/networks HTTP/1.1" status: 201 len: 836 time: 0.6055598
2026-06-26 04:49:07.554 9 WARNING neutron.scheduler.dhcp_agent_scheduler [None req-2968a72d-f128-46d7-8439-92c8868b40f9 d3d9d31cb54e4a59bc70e47a08d2e39a a215e08be10a4078ac4b4bf39efb3e67 - - default default] No more DHCP agents
2026-06-26 04:49:07.556 9 WARNING neutron.api.rpc.agentnotifiers.dhcp_rpc_agent_api [None req-2968a72d-f128-46d7-8439-92c8868b40f9 d3d9d31cb54e4a59bc70e47a08d2e39a a215e08be10a4078ac4b4bf39efb3e67 - - default default] Unable to schedule network ae4d26f6-94ef-4d32-b62c-fcde60d5f704: no agents available; will retry on subsequent port and subnet creation events.
2026-06-26 04:49:07.993 9 INFO neutron.db.ovn_revision_numbers_db [None req-2968a72d-f128-46d7-8439-92c8868b40f9 d3d9d31cb54e4a59bc70e47a08d2e39a a215e08be10a4078ac4b4bf39efb3e67 - - default default] Successfully bumped revision number for resource 3080b23a-7e35-4964-b0db-6740b08552ce (type: ports) to 2
2026-06-26 04:49:08.027 9 INFO neutron.db.ovn_revision_numbers_db [None req-2968a72d-f128-46d7-8439-92c8868b40f9 d3d9d31cb54e4a59bc70e47a08d2e39a a215e08be10a4078ac4b4bf39efb3e67 - - default default] Successfully bumped revision number for resource 9c0d4471-0e04-4b13-9f12-a96f419f3426 (type: subnets) to 0
2026-06-26 04:49:08.042 9 INFO neutron.wsgi [None req-2968a72d-f128-46d7-8439-92c8868b40f9 d3d9d31cb54e4a59bc70e47a08d2e39a a215e08be10a4078ac4b4bf39efb3e67 - - default default] 10.0.0.27 "POST /v2.0/subnets HTTP/1.1" status: 201 len: 831 time: 0.7141418
2026-06-26 04:49:08.313 9 WARNING neutron.scheduler.dhcp_agent_scheduler [None req-c85e82df-e91a-4c29-b9ac-994353188e23 d3d9d31cb54e4a59bc70e47a08d2e39a a215e08be10a4078ac4b4bf39efb3e67 - - default default] No more DHCP agents
2026-06-26 04:49:08.316 9 WARNING neutron.api.rpc.agentnotifiers.dhcp_rpc_agent_api [None req-c85e82df-e91a-4c29-b9ac-994353188e23 d3d9d31cb54e4a59bc70e47a08d2e39a a215e08be10a4078ac4b4bf39efb3e67 - - default default] Unable to schedule network ae4d26f6-94ef-4d32-b62c-fcde60d5f704: no agents available; will retry on subsequent port and subnet creation events.
2026-06-26 04:49:08.351 9 INFO neutron.db.ovn_revision_numbers_db [None req-c85e82df-e91a-4c29-b9ac-994353188e23 d3d9d31cb54e4a59bc70e47a08d2e39a a215e08be10a4078ac4b4bf39efb3e67 - - default default] Successfully bumped revision number for resource db4b9b04-7ca5-4bc5-9fca-b5731be3c172 (type: subnets) to 0
2026-06-26 04:49:08.365 9 INFO neutron.wsgi [None req-c85e82df-e91a-4c29-b9ac-994353188e23 d3d9d31cb54e4a59bc70e47a08d2e39a a215e08be10a4078ac4b4bf39efb3e67 - - default default] 10.0.0.27 "POST /v2.0/subnets HTTP/1.1" status: 201 len: 900 time: 0.3163662
2026-06-26 04:49:08.453 9 INFO neutron.db.segments_db [None req-2784ac48-6b99-4366-b80f-bf2c84461e0b d3d9d31cb54e4a59bc70e47a08d2e39a a215e08be10a4078ac4b4bf39efb3e67 - - default default] Added segment 84e7ddf1-dffd-4fe8-a7c7-89984bf8b919 of type geneve for network f8982f27-27e9-48d5-a99f-09a6c5ee2ca8
2026-06-26 04:49:08.594 9 INFO neutron.db.ovn_revision_numbers_db [None req-2784ac48-6b99-4366-b80f-bf2c84461e0b d3d9d31cb54e4a59bc70e47a08d2e39a a215e08be10a4078ac4b4bf39efb3e67 - - default default] Successfully bumped revision number for resource f8982f27-27e9-48d5-a99f-09a6c5ee2ca8 (type: networks) to 1
2026-06-26 04:49:08.765 9 WARNING neutron.scheduler.dhcp_agent_scheduler [None req-2784ac48-6b99-4366-b80f-bf2c84461e0b d3d9d31cb54e4a59bc70e47a08d2e39a a215e08be10a4078ac4b4bf39efb3e67 - - default default] No more DHCP agents
2026-06-26 04:49:08.767 9 WARNING neutron.api.rpc.agentnotifiers.dhcp_rpc_agent_api [None req-2784ac48-6b99-4366-b80f-bf2c84461e0b d3d9d31cb54e4a59bc70e47a08d2e39a a215e08be10a4078ac4b4bf39efb3e67 - - default default] Unable to schedule network f8982f27-27e9-48d5-a99f-09a6c5ee2ca8: no agents available; will retry on subsequent port and subnet creation events.
2026-06-26 04:49:08.846 9 INFO neutron.db.ovn_revision_numbers_db [None req-2784ac48-6b99-4366-b80f-bf2c84461e0b d3d9d31cb54e4a59bc70e47a08d2e39a a215e08be10a4078ac4b4bf39efb3e67 - - default default] Successfully bumped revision number for resource 68dd8b98-9641-4b71-89b9-1d64c3ed4470 (type: ports) to 1
2026-06-26 04:49:08.872 9 INFO neutron.wsgi [None req-2784ac48-6b99-4366-b80f-bf2c84461e0b d3d9d31cb54e4a59bc70e47a08d2e39a a215e08be10a4078ac4b4bf39efb3e67 - - default default] 10.0.0.27 "POST /v2.0/networks HTTP/1.1" status: 201 len: 837 time: 0.5010507
2026-06-26 04:49:09.109 9 WARNING neutron.scheduler.dhcp_agent_scheduler [None req-4b5aee55-9760-499f-8f3b-539f99624214 d3d9d31cb54e4a59bc70e47a08d2e39a a215e08be10a4078ac4b4bf39efb3e67 - - default default] No more DHCP agents
2026-06-26 04:49:09.112 9 WARNING neutron.api.rpc.agentnotifiers.dhcp_rpc_agent_api [None req-4b5aee55-9760-499f-8f3b-539f99624214 d3d9d31cb54e4a59bc70e47a08d2e39a a215e08be10a4078ac4b4bf39efb3e67 - - default default] Unable to schedule network f8982f27-27e9-48d5-a99f-09a6c5ee2ca8: no agents available; will retry on subsequent port and subnet creation events.
2026-06-26 04:49:09.472 10 INFO neutron.db.ovn_revision_numbers_db [None req-5fd488da-aab8-439e-ae91-59be1a6995d3 8803ee5da23c49e18612b273f435da1c 53f0733d77aa412c8e0bae9288e3f080 - - default default] Successfully bumped revision number for resource f3886cc9-bf1b-41a9-b152-cbbbc71f170a (type: security_groups) to 1
2026-06-26 04:49:09.484 10 INFO neutron.db.ovn_revision_numbers_db [None req-5fd488da-aab8-439e-ae91-59be1a6995d3 8803ee5da23c49e18612b273f435da1c 53f0733d77aa412c8e0bae9288e3f080 - - default default] Successfully bumped revision number for resource 27ff0117-4a02-41bb-a902-ece2f3bcd89f (type: security_group_rules) to 0
2026-06-26 04:49:09.495 10 INFO neutron.db.ovn_revision_numbers_db [None req-5fd488da-aab8-439e-ae91-59be1a6995d3 8803ee5da23c49e18612b273f435da1c 53f0733d77aa412c8e0bae9288e3f080 - - default default] Successfully bumped revision number for resource 4d2698ed-45b0-4dfc-9130-720f51c201fa (type: security_group_rules) to 0
2026-06-26 04:49:09.507 10 INFO neutron.db.ovn_revision_numbers_db [None req-5fd488da-aab8-439e-ae91-59be1a6995d3 8803ee5da23c49e18612b273f435da1c 53f0733d77aa412c8e0bae9288e3f080 - - default default] Successfully bumped revision number for resource 6d77966c-a2a7-4291-84fe-297897c2733f (type: security_group_rules) to 0
2026-06-26 04:49:09.526 10 INFO neutron.db.ovn_revision_numbers_db [None req-5fd488da-aab8-439e-ae91-59be1a6995d3 8803ee5da23c49e18612b273f435da1c 53f0733d77aa412c8e0bae9288e3f080 - - default default] Successfully bumped revision number for resource b35e37b4-e4fe-49ce-822b-459734835a1e (type: security_group_rules) to 0
2026-06-26 04:49:09.585 10 INFO neutron.db.segments_db [None req-5fd488da-aab8-439e-ae91-59be1a6995d3 8803ee5da23c49e18612b273f435da1c 53f0733d77aa412c8e0bae9288e3f080 - - default default] Added segment 865aaebd-774a-4f5e-9edd-29a2ca079d00 of type geneve for network 756b7ced-3891-40c9-9d11-9feb581e3c94
2026-06-26 04:49:09.592 9 INFO neutron.db.ovn_revision_numbers_db [None req-4b5aee55-9760-499f-8f3b-539f99624214 d3d9d31cb54e4a59bc70e47a08d2e39a a215e08be10a4078ac4b4bf39efb3e67 - - default default] Successfully bumped revision number for resource 68dd8b98-9641-4b71-89b9-1d64c3ed4470 (type: ports) to 2
2026-06-26 04:49:09.627 9 INFO neutron.db.ovn_revision_numbers_db [None req-4b5aee55-9760-499f-8f3b-539f99624214 d3d9d31cb54e4a59bc70e47a08d2e39a a215e08be10a4078ac4b4bf39efb3e67 - - default default] Successfully bumped revision number for resource c6ed9317-bf44-4c2b-a59f-a2c00f6e1544 (type: subnets) to 0
2026-06-26 04:49:09.641 9 INFO neutron.wsgi [None req-4b5aee55-9760-499f-8f3b-539f99624214 d3d9d31cb54e4a59bc70e47a08d2e39a a215e08be10a4078ac4b4bf39efb3e67 - - default default] 10.0.0.27 "POST /v2.0/subnets HTTP/1.1" status: 201 len: 831 time: 0.7620296
2026-06-26 04:49:09.683 9 INFO neutron.db.ovn_revision_numbers_db [None req-39a85715-cc2e-44f4-9c0e-590a7bd47117 c2a8be187271483ebc55904ff830a8a2 039de4bb2c284127b00f0152478da3c1 - - default default] Successfully bumped revision number for resource 9c3e74e6-9230-42d5-8a29-d8d743434935 (type: security_groups) to 1
2026-06-26 04:49:09.708 9 INFO neutron.db.ovn_revision_numbers_db [None req-39a85715-cc2e-44f4-9c0e-590a7bd47117 c2a8be187271483ebc55904ff830a8a2 039de4bb2c284127b00f0152478da3c1 - - default default] Successfully bumped revision number for resource 74007cb6-a408-4623-9462-175f77d5fdca (type: security_group_rules) to 0
2026-06-26 04:49:09.726 9 INFO neutron.db.ovn_revision_numbers_db [None req-39a85715-cc2e-44f4-9c0e-590a7bd47117 c2a8be187271483ebc55904ff830a8a2 039de4bb2c284127b00f0152478da3c1 - - default default] Successfully bumped revision number for resource 81d3b623-ccab-47b6-90e8-3288373515fe (type: security_group_rules) to 0
2026-06-26 04:49:09.745 10 INFO neutron.db.ovn_revision_numbers_db [None req-5fd488da-aab8-439e-ae91-59be1a6995d3 8803ee5da23c49e18612b273f435da1c 53f0733d77aa412c8e0bae9288e3f080 - - default default] Successfully bumped revision number for resource 756b7ced-3891-40c9-9d11-9feb581e3c94 (type: networks) to 1
2026-06-26 04:49:09.747 9 INFO neutron.db.ovn_revision_numbers_db [None req-39a85715-cc2e-44f4-9c0e-590a7bd47117 c2a8be187271483ebc55904ff830a8a2 039de4bb2c284127b00f0152478da3c1 - - default default] Successfully bumped revision number for resource 8279a398-0ed9-4063-bd61-730c316b4630 (type: security_group_rules) to 0
2026-06-26 04:49:09.768 9 INFO neutron.db.ovn_revision_numbers_db [None req-39a85715-cc2e-44f4-9c0e-590a7bd47117 c2a8be187271483ebc55904ff830a8a2 039de4bb2c284127b00f0152478da3c1 - - default default] Successfully bumped revision number for resource afa61d72-26f4-46d5-bca4-37be7964c6f1 (type: security_group_rules) to 0
2026-06-26 04:49:09.833 9 INFO neutron.db.segments_db [None req-39a85715-cc2e-44f4-9c0e-590a7bd47117 c2a8be187271483ebc55904ff830a8a2 039de4bb2c284127b00f0152478da3c1 - - default default] Added segment 6c50d7a4-07ce-408b-823d-430583f5d451 of type geneve for network 3fb8d826-d9ed-4859-a1f9-abd6b791f32d
2026-06-26 04:49:09.924 10 WARNING neutron.scheduler.dhcp_agent_scheduler [None req-5fd488da-aab8-439e-ae91-59be1a6995d3 8803ee5da23c49e18612b273f435da1c 53f0733d77aa412c8e0bae9288e3f080 - - default default] No more DHCP agents
2026-06-26 04:49:09.926 10 WARNING neutron.api.rpc.agentnotifiers.dhcp_rpc_agent_api [None req-5fd488da-aab8-439e-ae91-59be1a6995d3 8803ee5da23c49e18612b273f435da1c 53f0733d77aa412c8e0bae9288e3f080 - - default default] Unable to schedule network 756b7ced-3891-40c9-9d11-9feb581e3c94: no agents available; will retry on subsequent port and subnet creation events.
2026-06-26 04:49:10.020 10 INFO neutron.db.ovn_revision_numbers_db [None req-5fd488da-aab8-439e-ae91-59be1a6995d3 8803ee5da23c49e18612b273f435da1c 53f0733d77aa412c8e0bae9288e3f080 - - default default] Successfully bumped revision number for resource 3dace41d-2cfd-4dad-b86e-5c5cfa0c2a97 (type: ports) to 1
2026-06-26 04:49:10.041 10 INFO neutron.wsgi [None req-5fd488da-aab8-439e-ae91-59be1a6995d3 8803ee5da23c49e18612b273f435da1c 53f0733d77aa412c8e0bae9288e3f080 - - default default] 10.0.0.27 "POST /v2.0/networks HTTP/1.1" status: 201 len: 831 time: 0.8498654
2026-06-26 04:49:10.130 10 INFO neutron.db.segments_db [None req-9fbfba6f-6fbc-4e91-b065-faab56339de4 8803ee5da23c49e18612b273f435da1c 53f0733d77aa412c8e0bae9288e3f080 - - default default] Added segment 7d22509a-d2f6-4b59-bf1c-5885083db2a5 of type geneve for network f2f6a717-21ea-4c81-90ee-85c992e9f7e9
2026-06-26 04:49:10.177 9 WARNING neutron.scheduler.dhcp_agent_scheduler [None req-a1800f8a-08a1-4fb8-be9e-5a57a1e3250c d3d9d31cb54e4a59bc70e47a08d2e39a a215e08be10a4078ac4b4bf39efb3e67 - - default default] No more DHCP agents
2026-06-26 04:49:10.182 9 WARNING neutron.api.rpc.agentnotifiers.dhcp_rpc_agent_api [None req-a1800f8a-08a1-4fb8-be9e-5a57a1e3250c d3d9d31cb54e4a59bc70e47a08d2e39a a215e08be10a4078ac4b4bf39efb3e67 - - default default] Unable to schedule network f8982f27-27e9-48d5-a99f-09a6c5ee2ca8: no agents available; will retry on subsequent port and subnet creation events.
2026-06-26 04:49:10.251 9 INFO neutron.db.ovn_revision_numbers_db [None req-a1800f8a-08a1-4fb8-be9e-5a57a1e3250c d3d9d31cb54e4a59bc70e47a08d2e39a a215e08be10a4078ac4b4bf39efb3e67 - - default default] Successfully bumped revision number for resource 1a129606-cea1-4ae0-b15a-b10fa28370d1 (type: subnets) to 0
2026-06-26 04:49:10.255 9 INFO neutron.db.ovn_revision_numbers_db [None req-39a85715-cc2e-44f4-9c0e-590a7bd47117 c2a8be187271483ebc55904ff830a8a2 039de4bb2c284127b00f0152478da3c1 - - default default] Successfully bumped revision number for resource 3fb8d826-d9ed-4859-a1f9-abd6b791f32d (type: networks) to 1
2026-06-26 04:49:10.276 9 INFO neutron.wsgi [None req-a1800f8a-08a1-4fb8-be9e-5a57a1e3250c d3d9d31cb54e4a59bc70e47a08d2e39a a215e08be10a4078ac4b4bf39efb3e67 - - default default] 10.0.0.27 "POST /v2.0/subnets HTTP/1.1" status: 201 len: 904 time: 0.6253774
2026-06-26 04:49:10.279 10 INFO neutron.db.ovn_revision_numbers_db [None req-9fbfba6f-6fbc-4e91-b065-faab56339de4 8803ee5da23c49e18612b273f435da1c 53f0733d77aa412c8e0bae9288e3f080 - - default default] Successfully bumped revision number for resource f2f6a717-21ea-4c81-90ee-85c992e9f7e9 (type: networks) to 1
2026-06-26 04:49:10.417 9 WARNING neutron.scheduler.dhcp_agent_scheduler [None req-39a85715-cc2e-44f4-9c0e-590a7bd47117 c2a8be187271483ebc55904ff830a8a2 039de4bb2c284127b00f0152478da3c1 - - default default] No more DHCP agents
2026-06-26 04:49:10.420 9 WARNING neutron.api.rpc.agentnotifiers.dhcp_rpc_agent_api [None req-39a85715-cc2e-44f4-9c0e-590a7bd47117 c2a8be187271483ebc55904ff830a8a2 039de4bb2c284127b00f0152478da3c1 - - default default] Unable to schedule network 3fb8d826-d9ed-4859-a1f9-abd6b791f32d: no agents available; will retry on subsequent port and subnet creation events.
2026-06-26 04:49:10.506 9 INFO neutron.db.ovn_revision_numbers_db [None req-39a85715-cc2e-44f4-9c0e-590a7bd47117 c2a8be187271483ebc55904ff830a8a2 039de4bb2c284127b00f0152478da3c1 - - default default] Successfully bumped revision number for resource da1d81bb-74f0-4bd1-bacc-1fbc9b60f16f (type: ports) to 1
2026-06-26 04:49:10.525 9 INFO neutron.wsgi [None req-39a85715-cc2e-44f4-9c0e-590a7bd47117 c2a8be187271483ebc55904ff830a8a2 039de4bb2c284127b00f0152478da3c1 - - default default] 10.0.0.27 "POST /v2.0/networks HTTP/1.1" status: 201 len: 832 time: 1.0840843
2026-06-26 04:49:10.540 10 WARNING neutron.scheduler.dhcp_agent_scheduler [None req-9fbfba6f-6fbc-4e91-b065-faab56339de4 8803ee5da23c49e18612b273f435da1c 53f0733d77aa412c8e0bae9288e3f080 - - default default] No more DHCP agents
2026-06-26 04:49:10.543 10 WARNING neutron.api.rpc.agentnotifiers.dhcp_rpc_agent_api [None req-9fbfba6f-6fbc-4e91-b065-faab56339de4 8803ee5da23c49e18612b273f435da1c 53f0733d77aa412c8e0bae9288e3f080 - - default default] Unable to schedule network f2f6a717-21ea-4c81-90ee-85c992e9f7e9: no agents available; will retry on subsequent port and subnet creation events.
2026-06-26 04:49:10.673 10 INFO neutron.db.ovn_revision_numbers_db [None req-9fbfba6f-6fbc-4e91-b065-faab56339de4 8803ee5da23c49e18612b273f435da1c 53f0733d77aa412c8e0bae9288e3f080 - - default default] Successfully bumped revision number for resource 4eba7e45-ac8c-4578-a70c-ff3de6090c41 (type: ports) to 1
2026-06-26 04:49:10.703 10 INFO neutron.wsgi [None req-9fbfba6f-6fbc-4e91-b065-faab56339de4 8803ee5da23c49e18612b273f435da1c 53f0733d77aa412c8e0bae9288e3f080 - - default default] 10.0.0.27 "POST /v2.0/networks HTTP/1.1" status: 201 len: 830 time: 0.6566830
2026-06-26 04:49:10.766 10 INFO neutron.wsgi [None req-f99aca97-9869-4ff8-9c04-e9b1f1fcfbc6 8803ee5da23c49e18612b273f435da1c 53f0733d77aa412c8e0bae9288e3f080 - - default default] 10.0.0.27 "PUT /v2.0/networks/756b7ced-3891-40c9-9d11-9feb581e3c94/tags HTTP/1.1" status: 200 len: 218 time: 0.0584927
2026-06-26 04:49:10.827 9 INFO neutron.wsgi [None req-3bd230b3-6041-4784-a8a8-eb43c8521c1b 8803ee5da23c49e18612b273f435da1c 53f0733d77aa412c8e0bae9288e3f080 - - default default] 10.0.0.27 "GET /v2.0/networks/756b7ced-3891-40c9-9d11-9feb581e3c94/tags HTTP/1.1" status: 200 len: 218 time: 0.0566590
2026-06-26 04:49:10.856 10 WARNING neutron.scheduler.dhcp_agent_scheduler [None req-fd6e5e89-782c-4752-b2af-bd4e8a914bd8 d3d9d31cb54e4a59bc70e47a08d2e39a a215e08be10a4078ac4b4bf39efb3e67 - - default default] No more DHCP agents
2026-06-26 04:49:10.867 10 WARNING neutron.api.rpc.agentnotifiers.dhcp_rpc_agent_api [None req-fd6e5e89-782c-4752-b2af-bd4e8a914bd8 d3d9d31cb54e4a59bc70e47a08d2e39a a215e08be10a4078ac4b4bf39efb3e67 - - default default] Unable to schedule network 0011ab2a-da77-4193-8caf-2cab7c251929: no agents available; will retry on subsequent port and subnet creation events.
2026-06-26 04:49:10.884 10 INFO neutron.wsgi [None req-7c538514-8440-42c8-af66-525dfcd82493 8803ee5da23c49e18612b273f435da1c 53f0733d77aa412c8e0bae9288e3f080 - - default default] 10.0.0.27 "PUT /v2.0/networks/f2f6a717-21ea-4c81-90ee-85c992e9f7e9/tags HTTP/1.1" status: 200 len: 210 time: 0.0509531
2026-06-26 04:49:10.931 10 INFO neutron.wsgi [None req-35ca9ac0-4c07-4915-9d48-58796dbec651 8803ee5da23c49e18612b273f435da1c 53f0733d77aa412c8e0bae9288e3f080 - - default default] 10.0.0.27 "GET /v2.0/networks/f2f6a717-21ea-4c81-90ee-85c992e9f7e9/tags HTTP/1.1" status: 200 len: 210 time: 0.0412910
2026-06-26 04:49:10.986 9 INFO neutron.wsgi [None req-872cb0a3-09af-4081-969b-f8a2b84746d9 8803ee5da23c49e18612b273f435da1c 53f0733d77aa412c8e0bae9288e3f080 - - default default] 10.0.0.27 "PUT /v2.0/networks/f2f6a717-21ea-4c81-90ee-85c992e9f7e9/tags HTTP/1.1" status: 200 len: 205 time: 0.0504570
2026-06-26 04:49:11.034 9 WARNING neutron.scheduler.dhcp_agent_scheduler [None req-e43cdd08-d94b-4bf6-876e-b14edcdf4d96 c2a8be187271483ebc55904ff830a8a2 039de4bb2c284127b00f0152478da3c1 - - default default] No more DHCP agents
2026-06-26 04:49:11.036 9 WARNING neutron.api.rpc.agentnotifiers.dhcp_rpc_agent_api [None req-e43cdd08-d94b-4bf6-876e-b14edcdf4d96 c2a8be187271483ebc55904ff830a8a2 039de4bb2c284127b00f0152478da3c1 - - default default] Unable to schedule network 0011ab2a-da77-4193-8caf-2cab7c251929: no agents available; will retry on subsequent port and subnet creation events.
2026-06-26 04:49:11.048 10 INFO neutron.wsgi [None req-da7ffeac-71f4-4944-9e25-eb21db8783b3 8803ee5da23c49e18612b273f435da1c 53f0733d77aa412c8e0bae9288e3f080 - - default default] 10.0.0.27 "GET /v2.0/networks/f2f6a717-21ea-4c81-90ee-85c992e9f7e9/tags HTTP/1.1" status: 200 len: 205 time: 0.0569775
2026-06-26 04:49:11.058 10 INFO neutron.db.ovn_revision_numbers_db [None req-fd6e5e89-782c-4752-b2af-bd4e8a914bd8 d3d9d31cb54e4a59bc70e47a08d2e39a a215e08be10a4078ac4b4bf39efb3e67 - - default default] Successfully bumped revision number for resource 1f769f60-ac43-44ec-bb30-3d29a7ffbbb9 (type: ports) to 1
2026-06-26 04:49:11.095 10 INFO neutron.wsgi [None req-acdd7075-80a1-49b7-8559-cbea926d8a55 8803ee5da23c49e18612b273f435da1c 53f0733d77aa412c8e0bae9288e3f080 - - default default] 10.0.0.27 "GET /v2.0/networks/756b7ced-3891-40c9-9d11-9feb581e3c94/tags HTTP/1.1" status: 200 len: 218 time: 0.0424657
2026-06-26 04:49:11.185 9 INFO neutron.db.ovn_revision_numbers_db [None req-e43cdd08-d94b-4bf6-876e-b14edcdf4d96 c2a8be187271483ebc55904ff830a8a2 039de4bb2c284127b00f0152478da3c1 - - default default] Successfully bumped revision number for resource 5135012f-c985-473e-874a-7ffd616ae5b4 (type: ports) to 1
2026-06-26 04:49:11.500 10 INFO neutron.services.segments.plugin [-] Segment 865aaebd-774a-4f5e-9edd-29a2ca079d00 resource provider aggregate not found
2026-06-26 04:49:11.512 10 INFO neutron.services.segments.plugin [-] Segment 865aaebd-774a-4f5e-9edd-29a2ca079d00 resource provider aggregate not found
2026-06-26 04:49:11.525 10 INFO neutron.services.segments.plugin [-] Segment 865aaebd-774a-4f5e-9edd-29a2ca079d00 resource provider not found; error: Placement Client Error (4xx): {"errors": [{"status": 404, "title": "Not Found", "detail": "The resource could not be found.\n\n No resource provider with uuid 865aaebd-774a-4f5e-9edd-29a2ca079d00 found for delete ", "request_id": "req-801426f8-1845-4fe5-a031-5324154c3522"}]}
2026-06-26 04:49:11.528 10 INFO neutron.services.segments.plugin [-] Segment 865aaebd-774a-4f5e-9edd-29a2ca079d00 resource provider not found; error: Placement Client Error (4xx): {"errors": [{"status": 404, "title": "Not Found", "detail": "The resource could not be found.\n\n No resource provider with uuid 865aaebd-774a-4f5e-9edd-29a2ca079d00 found for delete ", "request_id": "req-589db31e-77f9-424a-80b6-5382395610cc"}]}
2026-06-26 04:49:11.561 10 INFO neutron.wsgi [None req-6cfc802b-f600-4b69-9f03-443c355a81f3 8803ee5da23c49e18612b273f435da1c 53f0733d77aa412c8e0bae9288e3f080 - - default default] 10.0.0.27 "DELETE /v2.0/networks/756b7ced-3891-40c9-9d11-9feb581e3c94 HTTP/1.1" status: 204 len: 168 time: 0.4559698
2026-06-26 04:49:11.716 9 INFO neutron.plugins.ml2.drivers.ovn.mech_driver.mech_driver [None req-68e21a8b-ec29-4fb6-87e7-89a78c2f50d4 - - - - - -] OVN reports status up for port: 1f769f60-ac43-44ec-bb30-3d29a7ffbbb9
2026-06-26 04:49:11.725 10 INFO neutron.db.ovn_revision_numbers_db [None req-fd6e5e89-782c-4752-b2af-bd4e8a914bd8 d3d9d31cb54e4a59bc70e47a08d2e39a a215e08be10a4078ac4b4bf39efb3e67 - - default default] Successfully bumped revision number for resource 1f769f60-ac43-44ec-bb30-3d29a7ffbbb9 (type: router_ports) to 1
2026-06-26 04:49:11.732 9 INFO neutron.plugins.ml2.drivers.ovn.mech_driver.ovsdb.ovsdb_monitor [None req-e870c4b1-5683-42bb-878b-61af88f2dab8 - - - - - -] Router aa1e5d8a-b6d7-46b3-975f-c6bf9345cfc2 is bound to host instance
2026-06-26 04:49:11.746 9 INFO neutron.plugins.ml2.plugin [None req-68e21a8b-ec29-4fb6-87e7-89a78c2f50d4 - - - - - -] Attempt 1 to provision port 1f769f60-ac43-44ec-bb30-3d29a7ffbbb9
2026-06-26 04:49:11.785 10 INFO neutron.db.ovn_revision_numbers_db [None req-fd6e5e89-782c-4752-b2af-bd4e8a914bd8 d3d9d31cb54e4a59bc70e47a08d2e39a a215e08be10a4078ac4b4bf39efb3e67 - - default default] Successfully bumped revision number for resource aa1e5d8a-b6d7-46b3-975f-c6bf9345cfc2 (type: routers) to 2
2026-06-26 04:49:11.802 10 INFO neutron.wsgi [None req-fd6e5e89-782c-4752-b2af-bd4e8a914bd8 d3d9d31cb54e4a59bc70e47a08d2e39a a215e08be10a4078ac4b4bf39efb3e67 - - default default] 10.0.0.27 "POST /v2.0/routers HTTP/1.1" status: 201 len: 864 time: 1.5202203
2026-06-26 04:49:11.842 10 INFO neutron.plugins.ml2.drivers.ovn.mech_driver.ovsdb.ovsdb_monitor [None req-290edb25-f1b1-4b5a-aa26-3a76762bd1c1 - - - - - -] Router cafb9e16-9f61-495c-aa1f-24c344a79726 is bound to host instance
2026-06-26 04:49:11.893 9 INFO neutron.db.ovn_revision_numbers_db [None req-e43cdd08-d94b-4bf6-876e-b14edcdf4d96 c2a8be187271483ebc55904ff830a8a2 039de4bb2c284127b00f0152478da3c1 - - default default] Successfully bumped revision number for resource 5135012f-c985-473e-874a-7ffd616ae5b4 (type: router_ports) to 1
2026-06-26 04:49:12.087 10 INFO neutron.wsgi [-] 10.0.0.183 "GET / HTTP/1.1" status: 200 len: 246 time: 0.0013733
2026-06-26 04:49:12.089 10 INFO neutron.wsgi [-] 10.0.0.183 "GET / HTTP/1.1" status: 200 len: 246 time: 0.0008564
2026-06-26 04:49:12.267 9 INFO neutron.db.ovn_revision_numbers_db [None req-e43cdd08-d94b-4bf6-876e-b14edcdf4d96 c2a8be187271483ebc55904ff830a8a2 039de4bb2c284127b00f0152478da3c1 - - default default] Successfully bumped revision number for resource cafb9e16-9f61-495c-aa1f-24c344a79726 (type: routers) to 2
2026-06-26 04:49:12.300 9 INFO neutron.wsgi [None req-e43cdd08-d94b-4bf6-876e-b14edcdf4d96 c2a8be187271483ebc55904ff830a8a2 039de4bb2c284127b00f0152478da3c1 - - default default] 10.0.0.27 "POST /v2.0/routers HTTP/1.1" status: 201 len: 875 time: 1.7704842
2026-06-26 04:49:12.385 10 INFO neutron.wsgi [None req-acbac4e9-2a23-41a7-b868-a911ae5d4833 06640f4684b14301a1e5160f5ed3989e b6b06914d19b4c468e78565130d898a1 - - default default] 10.0.0.27 "GET /v2.0/subnets?project_id=039de4bb2c284127b00f0152478da3c1&cidr=10.100.0.0%2F28 HTTP/1.1" status: 200 len: 207 time: 0.0770609
2026-06-26 04:49:12.389 9 INFO neutron.services.segments.plugin [-] Segment 7d22509a-d2f6-4b59-bf1c-5885083db2a5 resource provider aggregate not found
2026-06-26 04:49:12.396 9 INFO neutron.services.segments.plugin [-] Segment 7d22509a-d2f6-4b59-bf1c-5885083db2a5 resource provider aggregate not found
2026-06-26 04:49:12.409 9 INFO neutron.services.segments.plugin [-] Segment 7d22509a-d2f6-4b59-bf1c-5885083db2a5 resource provider not found; error: Placement Client Error (4xx): {"errors": [{"status": 404, "title": "Not Found", "detail": "The resource could not be found.\n\n No resource provider with uuid 7d22509a-d2f6-4b59-bf1c-5885083db2a5 found for delete ", "request_id": "req-240278e9-fa23-465e-8613-955575489f0b"}]}
2026-06-26 04:49:12.411 9 INFO neutron.services.segments.plugin [-] Segment 7d22509a-d2f6-4b59-bf1c-5885083db2a5 resource provider not found; error: Placement Client Error (4xx): {"errors": [{"status": 404, "title": "Not Found", "detail": "The resource could not be found.\n\n No resource provider with uuid 7d22509a-d2f6-4b59-bf1c-5885083db2a5 found for delete ", "request_id": "req-2b686173-88b8-493d-90de-8ea865c207dd"}]}
2026-06-26 04:49:12.459 9 INFO neutron.wsgi [None req-b390449e-d2b4-41dc-aa84-58e74e933b0f 8803ee5da23c49e18612b273f435da1c 53f0733d77aa412c8e0bae9288e3f080 - - default default] 10.0.0.27 "DELETE /v2.0/networks/f2f6a717-21ea-4c81-90ee-85c992e9f7e9 HTTP/1.1" status: 204 len: 168 time: 0.8935750
2026-06-26 04:49:12.515 10 INFO neutron.wsgi [None req-52250517-fb76-4278-b0eb-ad12db9e13ce 06640f4684b14301a1e5160f5ed3989e b6b06914d19b4c468e78565130d898a1 - - default default] 10.0.0.27 "GET /v2.0/networks?router%3Aexternal=True HTTP/1.1" status: 200 len: 947 time: 0.1243172
2026-06-26 04:49:12.542 9 INFO neutron.wsgi [None req-b9ccf691-038f-4184-a0c8-0f5304bc283c 06640f4684b14301a1e5160f5ed3989e b6b06914d19b4c468e78565130d898a1 - - default default] 10.0.0.27 "GET /v2.0/subnets?network_id=0011ab2a-da77-4193-8caf-2cab7c251929&cidr=10.100.0.0%2F28 HTTP/1.1" status: 200 len: 207 time: 0.0213861
2026-06-26 04:49:12.740 10 WARNING neutron.scheduler.dhcp_agent_scheduler [None req-40443d15-23d5-4aad-8b07-b6ec3e940dd3 d3d9d31cb54e4a59bc70e47a08d2e39a a215e08be10a4078ac4b4bf39efb3e67 - - default default] No more DHCP agents
2026-06-26 04:49:12.744 10 WARNING neutron.api.rpc.agentnotifiers.dhcp_rpc_agent_api [None req-40443d15-23d5-4aad-8b07-b6ec3e940dd3 d3d9d31cb54e4a59bc70e47a08d2e39a a215e08be10a4078ac4b4bf39efb3e67 - - default default] Unable to schedule network 1eb9ee46-ef7b-4200-ab53-09e336412e34: no agents available; will retry on subsequent port and subnet creation events.
2026-06-26 04:49:12.816 9 INFO neutron.db.ovn_revision_numbers_db [None req-e870c4b1-5683-42bb-878b-61af88f2dab8 - - - - - -] Successfully bumped revision number for resource 1f769f60-ac43-44ec-bb30-3d29a7ffbbb9 (type: ports) to 1
2026-06-26 04:49:12.834 9 WARNING neutron.scheduler.dhcp_agent_scheduler [None req-632b7ed2-d701-404f-804b-bdd6a7512eca c2a8be187271483ebc55904ff830a8a2 039de4bb2c284127b00f0152478da3c1 - - default default] No more DHCP agents
2026-06-26 04:49:12.837 9 WARNING neutron.api.rpc.agentnotifiers.dhcp_rpc_agent_api [None req-632b7ed2-d701-404f-804b-bdd6a7512eca c2a8be187271483ebc55904ff830a8a2 039de4bb2c284127b00f0152478da3c1 - - default default] Unable to schedule network 3fb8d826-d9ed-4859-a1f9-abd6b791f32d: no agents available; will retry on subsequent port and subnet creation events.
2026-06-26 04:49:12.838 10 INFO neutron.db.ovn_revision_numbers_db [None req-290edb25-f1b1-4b5a-aa26-3a76762bd1c1 - - - - - -] Successfully bumped revision number for resource 5135012f-c985-473e-874a-7ffd616ae5b4 (type: ports) to 1
2026-06-26 04:49:12.953 10 INFO neutron.db.ovn_revision_numbers_db [None req-40443d15-23d5-4aad-8b07-b6ec3e940dd3 d3d9d31cb54e4a59bc70e47a08d2e39a a215e08be10a4078ac4b4bf39efb3e67 - - default default] Successfully bumped revision number for resource 1b55e071-ab4f-400f-b682-abe0794550f4 (type: ports) to 1
2026-06-26 04:49:13.155 10 INFO neutron.db.ovn_revision_numbers_db [None req-290edb25-f1b1-4b5a-aa26-3a76762bd1c1 - - - - - -] Successfully bumped revision number for resource 5135012f-c985-473e-874a-7ffd616ae5b4 (type: router_ports) to 3
2026-06-26 04:49:13.220 9 INFO neutron.db.ovn_revision_numbers_db [None req-e870c4b1-5683-42bb-878b-61af88f2dab8 - - - - - -] Successfully bumped revision number for resource 1f769f60-ac43-44ec-bb30-3d29a7ffbbb9 (type: router_ports) to 3
2026-06-26 04:49:13.363 10 INFO neutron.db.ovn_revision_numbers_db [None req-290edb25-f1b1-4b5a-aa26-3a76762bd1c1 - - - - - -] Successfully bumped revision number for resource 5135012f-c985-473e-874a-7ffd616ae5b4 (type: ports) to 2
2026-06-26 04:49:13.399 9 INFO neutron.wsgi [None req-79c29b66-4a49-4c59-bf9c-769ba884b136 dfa2b7c6895248229874da3d0cd52dce 05bac32385d141389de08b3cebdce2ac - - default default] 10.0.0.27 "GET /v2.0/security-groups?tenant_id=53f0733d77aa412c8e0bae9288e3f080&name=default HTTP/1.1" status: 200 len: 2996 time: 0.1797028
2026-06-26 04:49:13.447 9 INFO neutron.db.ovn_revision_numbers_db [None req-e870c4b1-5683-42bb-878b-61af88f2dab8 - - - - - -] Successfully bumped revision number for resource 1f769f60-ac43-44ec-bb30-3d29a7ffbbb9 (type: ports) to 2
2026-06-26 04:49:13.455 9 INFO neutron.db.ovn_revision_numbers_db [None req-632b7ed2-d701-404f-804b-bdd6a7512eca c2a8be187271483ebc55904ff830a8a2 039de4bb2c284127b00f0152478da3c1 - - default default] Successfully bumped revision number for resource da1d81bb-74f0-4bd1-bacc-1fbc9b60f16f (type: ports) to 2
2026-06-26 04:49:13.505 9 INFO neutron.db.ovn_revision_numbers_db [None req-632b7ed2-d701-404f-804b-bdd6a7512eca c2a8be187271483ebc55904ff830a8a2 039de4bb2c284127b00f0152478da3c1 - - default default] Successfully bumped revision number for resource 22f149ea-9b35-4beb-a1af-76a04cad105f (type: subnets) to 0
2026-06-26 04:49:13.529 9 INFO neutron.wsgi [None req-632b7ed2-d701-404f-804b-bdd6a7512eca c2a8be187271483ebc55904ff830a8a2 039de4bb2c284127b00f0152478da3c1 - - default default] 10.0.0.27 "POST /v2.0/subnets HTTP/1.1" status: 201 len: 832 time: 0.9820614
2026-06-26 04:49:13.549 10 INFO neutron.db.ovn_revision_numbers_db [None req-40443d15-23d5-4aad-8b07-b6ec3e940dd3 d3d9d31cb54e4a59bc70e47a08d2e39a a215e08be10a4078ac4b4bf39efb3e67 - - default default] Successfully bumped revision number for resource 1b55e071-ab4f-400f-b682-abe0794550f4 (type: router_ports) to 1
2026-06-26 04:49:13.767 9 INFO neutron.wsgi [None req-f5871163-e043-4786-a018-c5810a177d33 dfa2b7c6895248229874da3d0cd52dce 05bac32385d141389de08b3cebdce2ac - - default default] 10.0.0.27 "DELETE /v2.0/security-groups/f3886cc9-bf1b-41a9-b152-cbbbc71f170a HTTP/1.1" status: 204 len: 168 time: 0.3615239
2026-06-26 04:49:13.810 9 INFO neutron.db.ovn_revision_numbers_db [None req-e870c4b1-5683-42bb-878b-61af88f2dab8 - - - - - -] Successfully bumped revision number for resource 1f769f60-ac43-44ec-bb30-3d29a7ffbbb9 (type: ports) to 4
2026-06-26 04:49:13.868 10 INFO neutron.db.ovn_revision_numbers_db [None req-290edb25-f1b1-4b5a-aa26-3a76762bd1c1 - - - - - -] Successfully bumped revision number for resource 5135012f-c985-473e-874a-7ffd616ae5b4 (type: ports) to 4
2026-06-26 04:49:13.980 10 INFO neutron.db.ovn_revision_numbers_db [None req-40443d15-23d5-4aad-8b07-b6ec3e940dd3 d3d9d31cb54e4a59bc70e47a08d2e39a a215e08be10a4078ac4b4bf39efb3e67 - - default default] Successfully bumped revision number for resource 1b55e071-ab4f-400f-b682-abe0794550f4 (type: ports) to 1
2026-06-26 04:49:14.118 10 INFO neutron.wsgi [req-533d19d2-e763-4748-ad64-2c764fe551ed req-fab9ee7b-6e57-4351-abc9-6c9db6fe7bf1 db2fe22851e34c719e82f24bd7f83f63 fb1b2889ef2f4f67b28195cc98a5d19a - - 9b583444a272434391a3fb991aa33bcb 9b583444a272434391a3fb991aa33bcb] 10.0.0.201 "GET /v2.0/ports?device_id=d0242e01-c61b-4558-a290-b0bcee81ef57 HTTP/1.1" status: 200 len: 1409 time: 0.0863948
2026-06-26 04:49:14.128 10 INFO neutron.db.ovn_revision_numbers_db [None req-f9b61b9b-bfd2-4504-b3f0-cfcd59750263 dfa2b7c6895248229874da3d0cd52dce 05bac32385d141389de08b3cebdce2ac - - default default] Successfully bumped revision number for resource 164a5bcf-d37f-44ab-a56e-b68194899c30 (type: security_groups) to 1
2026-06-26 04:49:14.163 10 WARNING neutron.scheduler.dhcp_agent_scheduler [None req-40443d15-23d5-4aad-8b07-b6ec3e940dd3 d3d9d31cb54e4a59bc70e47a08d2e39a a215e08be10a4078ac4b4bf39efb3e67 - - default default] No more DHCP agents
2026-06-26 04:49:14.165 10 INFO neutron.db.ovn_revision_numbers_db [None req-f9b61b9b-bfd2-4504-b3f0-cfcd59750263 dfa2b7c6895248229874da3d0cd52dce 05bac32385d141389de08b3cebdce2ac - - default default] Successfully bumped revision number for resource 0a8fafb0-3e6f-4c01-9d99-efeb394e3fe6 (type: security_group_rules) to 0
2026-06-26 04:49:14.174 10 WARNING neutron.api.rpc.agentnotifiers.dhcp_rpc_agent_api [None req-40443d15-23d5-4aad-8b07-b6ec3e940dd3 d3d9d31cb54e4a59bc70e47a08d2e39a a215e08be10a4078ac4b4bf39efb3e67 - - default default] Unable to schedule network 1eb9ee46-ef7b-4200-ab53-09e336412e34: no agents available; will retry on subsequent port and subnet creation events.
2026-06-26 04:49:14.199 10 INFO neutron.wsgi [req-533d19d2-e763-4748-ad64-2c764fe551ed req-2022546d-e29a-4321-ac9e-6df321c0751f db2fe22851e34c719e82f24bd7f83f63 fb1b2889ef2f4f67b28195cc98a5d19a - - 9b583444a272434391a3fb991aa33bcb 9b583444a272434391a3fb991aa33bcb] 10.0.0.201 "GET /v2.0/security-groups?id=9051968d-12d9-4cb0-8ca6-ac416864927a&fields=id&fields=name HTTP/1.1" status: 200 len: 313 time: 0.0727446
2026-06-26 04:49:14.219 10 INFO neutron.db.ovn_revision_numbers_db [None req-f9b61b9b-bfd2-4504-b3f0-cfcd59750263 dfa2b7c6895248229874da3d0cd52dce 05bac32385d141389de08b3cebdce2ac - - default default] Successfully bumped revision number for resource 798831ae-7171-446a-a82d-4af96fd32f4b (type: security_group_rules) to 0
2026-06-26 04:49:14.245 10 INFO neutron.db.ovn_revision_numbers_db [None req-290edb25-f1b1-4b5a-aa26-3a76762bd1c1 - - - - - -] Successfully bumped revision number for resource 5135012f-c985-473e-874a-7ffd616ae5b4 (type: router_ports) to 4
2026-06-26 04:49:14.271 10 INFO neutron.db.ovn_revision_numbers_db [None req-f9b61b9b-bfd2-4504-b3f0-cfcd59750263 dfa2b7c6895248229874da3d0cd52dce 05bac32385d141389de08b3cebdce2ac - - default default] Successfully bumped revision number for resource dbe591c1-6f38-46d4-989f-e971e84a6b1e (type: security_group_rules) to 0
2026-06-26 04:49:14.291 10 INFO neutron.db.ovn_revision_numbers_db [None req-f9b61b9b-bfd2-4504-b3f0-cfcd59750263 dfa2b7c6895248229874da3d0cd52dce 05bac32385d141389de08b3cebdce2ac - - default default] Successfully bumped revision number for resource fbb1f7f3-0dd4-446f-b06c-10e9d280b794 (type: security_group_rules) to 0
