2026-06-26 04:52:29.452 9 INFO neutron.services.segments.plugin [-] Segment b3c92a75-d2a0-4624-bf51-8066f052cd10 resource provider not found; error: Placement Client Error (4xx): {"errors": [{"status": 404, "title": "Not Found", "detail": "The resource could not be found.\n\n No resource provider with uuid b3c92a75-d2a0-4624-bf51-8066f052cd10 found for delete ", "request_id": "req-775eabd3-ec82-4578-9069-cc701f4ffdc9"}]} /var/lib/openstack/lib/python3.10/site-packages/pycadf/identifier.py:71: UserWarning: Invalid uuid: neutron. To ensure interoperability, identifiers should be a valid uuid. warnings.warn(('Invalid uuid: %s. To ensure interoperability, '
2026-06-26 04:52:29.751 9 INFO neutron.db.ovn_revision_numbers_db [None req-47bb0c61-c835-4c9d-bec1-653ed0467090 dfa2b7c6895248229874da3d0cd52dce 05bac32385d141389de08b3cebdce2ac - - default default] Successfully bumped revision number for resource 5260e610-ded1-442a-9ba3-04807a50888e (type: security_groups) to 1
2026-06-26 04:52:29.766 9 INFO neutron.db.ovn_revision_numbers_db [None req-47bb0c61-c835-4c9d-bec1-653ed0467090 dfa2b7c6895248229874da3d0cd52dce 05bac32385d141389de08b3cebdce2ac - - default default] Successfully bumped revision number for resource 50182cbe-115b-409e-aade-227f4482fb8e (type: security_group_rules) to 0
2026-06-26 04:52:29.779 9 INFO neutron.db.ovn_revision_numbers_db [None req-47bb0c61-c835-4c9d-bec1-653ed0467090 dfa2b7c6895248229874da3d0cd52dce 05bac32385d141389de08b3cebdce2ac - - default default] Successfully bumped revision number for resource 5ffbc0c9-3740-4699-b46e-1bd887cfd997 (type: security_group_rules) to 0
2026-06-26 04:52:29.797 9 INFO neutron.db.ovn_revision_numbers_db [None req-47bb0c61-c835-4c9d-bec1-653ed0467090 dfa2b7c6895248229874da3d0cd52dce 05bac32385d141389de08b3cebdce2ac - - default default] Successfully bumped revision number for resource 717c7786-bd72-44ca-838d-4d0036424556 (type: security_group_rules) to 0
2026-06-26 04:52:29.814 9 INFO neutron.db.ovn_revision_numbers_db [None req-47bb0c61-c835-4c9d-bec1-653ed0467090 dfa2b7c6895248229874da3d0cd52dce 05bac32385d141389de08b3cebdce2ac - - default default] Successfully bumped revision number for resource e35a1140-1c78-4491-8842-1b854de891af (type: security_group_rules) to 0
2026-06-26 04:52:29.828 10 INFO neutron.db.l3_db [None req-bcf353db-c32d-42ba-a1cd-60bc9504e31c d3d9d31cb54e4a59bc70e47a08d2e39a a215e08be10a4078ac4b4bf39efb3e67 - - default default] Floating IP 12dd29ed-b708-4970-85e4-df408c394a6d disassociated (deleted). External IP: 10.96.250.203, port: 3d3a1ecf-ed90-4f88-928b-afddf57f4a1f.
2026-06-26 04:52:29.893 10 INFO neutron.wsgi [None req-bcf353db-c32d-42ba-a1cd-60bc9504e31c d3d9d31cb54e4a59bc70e47a08d2e39a a215e08be10a4078ac4b4bf39efb3e67 - - default default] 10.0.0.27 "DELETE /v2.0/floatingips/12dd29ed-b708-4970-85e4-df408c394a6d HTTP/1.1" status: 204 len: 168 time: 0.4424627 /var/lib/openstack/lib/python3.10/site-packages/pycadf/identifier.py:71: UserWarning: Invalid uuid: neutron. To ensure interoperability, identifiers should be a valid uuid. warnings.warn(('Invalid uuid: %s. To ensure interoperability, '
2026-06-26 04:52:29.918 10 INFO neutron.api.v2.resource [None req-b24d6012-38e3-4b4b-a5b5-573aa8c1f5b9 d3d9d31cb54e4a59bc70e47a08d2e39a a215e08be10a4078ac4b4bf39efb3e67 - - default default] show failed (client error): The resource could not be found.
2026-06-26 04:52:29.919 10 INFO neutron.wsgi [None req-b24d6012-38e3-4b4b-a5b5-573aa8c1f5b9 d3d9d31cb54e4a59bc70e47a08d2e39a a215e08be10a4078ac4b4bf39efb3e67 - - default default] 10.0.0.27 "GET /v2.0/floatingips/12dd29ed-b708-4970-85e4-df408c394a6d HTTP/1.1" status: 404 len: 345 time: 0.0209649
2026-06-26 04:52:30.138 10 INFO neutron.plugins.ml2.drivers.ovn.mech_driver.mech_driver [None req-1a5073a8-6585-46b6-a31d-df1d27a05419 - - - - - -] OVN reports status down for port: 3d3a1ecf-ed90-4f88-928b-afddf57f4a1f
2026-06-26 04:52:30.229 9 INFO neutron.wsgi [None req-47bb0c61-c835-4c9d-bec1-653ed0467090 dfa2b7c6895248229874da3d0cd52dce 05bac32385d141389de08b3cebdce2ac - - default default] 10.0.0.27 "GET /v2.0/security-groups?tenant_id=f2801e17854d484e9c3801a6c28ea9da&name=default HTTP/1.1" status: 200 len: 3000 time: 0.7667627
2026-06-26 04:52:30.350 9 INFO neutron.notifiers.nova [-] Nova event matching ['req-b60a5f00-78eb-4dc7-85bd-5f4f1dca41a5'] response: {'server_uuid': '28108302-ec3c-4947-b192-fa9ba5b9bc11', 'name': 'network-vif-plugged', 'status': 'completed', 'tag': 'b16bc490-8db0-4514-95bc-64f4dcf2a471', 'code': 200}
2026-06-26 04:52:30.433 10 INFO neutron.wsgi [req-4f4d5462-0f85-4d75-b6d1-016d52d2a877 req-8127eba5-0bfa-4c6e-a7b9-5a32ec127953 d3d9d31cb54e4a59bc70e47a08d2e39a a215e08be10a4078ac4b4bf39efb3e67 - - default default] 10.0.0.144 "GET /v2.0/ports?device_id=0d784324-9721-4602-9388-edbbee99a7d7 HTTP/1.1" status: 200 len: 1398 time: 0.3435500
2026-06-26 04:52:30.464 9 INFO neutron.wsgi [None req-4d5ef31e-e3de-4b6c-8acb-a0627850b2c3 dfa2b7c6895248229874da3d0cd52dce 05bac32385d141389de08b3cebdce2ac - - default default] 10.0.0.27 "DELETE /v2.0/security-groups/5260e610-ded1-442a-9ba3-04807a50888e HTTP/1.1" status: 204 len: 168 time: 0.2269044
2026-06-26 04:52:30.470 10 INFO neutron.wsgi [req-61c1637a-1231-4b62-810a-b9cfafe649df req-ddd4e38e-aced-4365-8035-c4d8280a642c d3d9d31cb54e4a59bc70e47a08d2e39a a215e08be10a4078ac4b4bf39efb3e67 - - default default] 199.204.45.74 "GET /v2.0/ports?device_id=0d784324-9721-4602-9388-edbbee99a7d7 HTTP/1.1" status: 200 len: 1398 time: 0.0658970
2026-06-26 04:52:30.475 10 INFO neutron.wsgi [None req-83547897-ba3d-43f6-a219-f040f84b1b30 dfa2b7c6895248229874da3d0cd52dce 05bac32385d141389de08b3cebdce2ac - - default default] 10.0.0.122 "GET /v2.0/agents HTTP/1.1" status: 200 len: 997 time: 0.1290994
2026-06-26 04:52:30.552 10 INFO neutron.wsgi [req-4f4d5462-0f85-4d75-b6d1-016d52d2a877 req-8abd7c3c-f008-4aff-ad64-067571833800 d3d9d31cb54e4a59bc70e47a08d2e39a a215e08be10a4078ac4b4bf39efb3e67 - - default default] 10.0.0.144 "GET /v2.0/security-groups?id=fbe94a01-1893-43d5-b271-65902234412b&fields=id&fields=name HTTP/1.1" status: 200 len: 310 time: 0.1074262
2026-06-26 04:52:30.556 10 INFO neutron.wsgi [None req-840c13a4-48d6-400a-b349-b4a09fbbe3b5 dfa2b7c6895248229874da3d0cd52dce 05bac32385d141389de08b3cebdce2ac - - default default] 10.0.0.122 "GET /v2.0/subnets HTTP/1.1" status: 200 len: 5497 time: 0.0791066
2026-06-26 04:52:30.608 10 INFO neutron.wsgi [None req-26bf4ff8-237e-4c65-8d00-2e4a082a772c dfa2b7c6895248229874da3d0cd52dce 05bac32385d141389de08b3cebdce2ac - - default default] 10.0.0.122 "GET /v2.0/ports HTTP/1.1" status: 200 len: 16571 time: 0.0448117
2026-06-26 04:52:30.632 9 INFO neutron.wsgi [None req-1788abcd-0365-4928-8603-eb18e6e37c4a dfa2b7c6895248229874da3d0cd52dce 05bac32385d141389de08b3cebdce2ac - - default default] 10.0.0.27 "GET /v2.0/security-groups?tenant_id=adcbcbe0e1d44695bacaf0e86070c615&name=default HTTP/1.1" status: 200 len: 3000 time: 0.0391829
2026-06-26 04:52:30.663 10 INFO neutron.db.ovn_revision_numbers_db [None req-1a5073a8-6585-46b6-a31d-df1d27a05419 - - - - - -] Successfully bumped revision number for resource 3d3a1ecf-ed90-4f88-928b-afddf57f4a1f (type: ports) to 5
2026-06-26 04:52:30.723 10 INFO neutron.wsgi [None req-768c4cc7-3542-49f7-8cf3-01573d4c5d65 dfa2b7c6895248229874da3d0cd52dce 05bac32385d141389de08b3cebdce2ac - - default default] 10.0.0.122 "GET /v2.0/networks HTTP/1.1" status: 200 len: 4719 time: 0.0981851
2026-06-26 04:52:30.821 10 INFO neutron.wsgi [None req-8425485a-6895-4b64-82fa-e74698116c2f dfa2b7c6895248229874da3d0cd52dce 05bac32385d141389de08b3cebdce2ac - - default default] 10.0.0.122 "GET /v2.0/routers HTTP/1.1" status: 200 len: 849 time: 0.0949998 /var/lib/openstack/lib/python3.10/site-packages/pycadf/identifier.py:71: UserWarning: Invalid uuid: neutron. To ensure interoperability, identifiers should be a valid uuid. warnings.warn(('Invalid uuid: %s. To ensure interoperability, '
2026-06-26 04:52:30.833 10 INFO neutron.wsgi [None req-192c3f25-aac0-44cd-8e85-870c79698e76 dfa2b7c6895248229874da3d0cd52dce 05bac32385d141389de08b3cebdce2ac - - default default] 10.0.0.122 "GET /v2.0/agents?binary=ovn-controller HTTP/1.1" status: 200 len: 591 time: 0.0109921
2026-06-26 04:52:30.847 9 INFO neutron.wsgi [None req-e850795e-f517-4719-92a2-fd6b81e9c2d6 dfa2b7c6895248229874da3d0cd52dce 05bac32385d141389de08b3cebdce2ac - - default default] 10.0.0.27 "DELETE /v2.0/security-groups/c6d6cbc5-7148-48be-984c-6a4f4f33b005 HTTP/1.1" status: 204 len: 168 time: 0.2105546
2026-06-26 04:52:30.880 10 INFO neutron.wsgi [None req-123b7942-fe4e-4021-a67c-f239bdd2e0e5 dfa2b7c6895248229874da3d0cd52dce 05bac32385d141389de08b3cebdce2ac - - default default] 10.0.0.122 "GET /v2.0/floatingips HTTP/1.1" status: 200 len: 1034 time: 0.0458734
2026-06-26 04:52:30.970 10 INFO neutron.wsgi [None req-69a05130-01e0-4ee3-a452-a3f18c9cbdb2 dfa2b7c6895248229874da3d0cd52dce 05bac32385d141389de08b3cebdce2ac - - default default] 10.0.0.122 "GET /v2.0/security-groups HTTP/1.1" status: 200 len: 27506 time: 0.0856848
2026-06-26 04:52:30.998 10 INFO neutron.wsgi [None req-3cad7407-9af9-4734-9166-88cc96d98e2f dfa2b7c6895248229874da3d0cd52dce 05bac32385d141389de08b3cebdce2ac - - default default] 10.0.0.122 "GET /v2.0/network-ip-availabilities HTTP/1.1" status: 200 len: 3363 time: 0.0217195
2026-06-26 04:52:31.041 10 INFO neutron.wsgi [req-61c1637a-1231-4b62-810a-b9cfafe649df req-47d817f1-940f-4ff1-ba11-be5aadf6d543 d3d9d31cb54e4a59bc70e47a08d2e39a a215e08be10a4078ac4b4bf39efb3e67 - - default default] 199.204.45.74 "DELETE /v2.0/ports/3d3a1ecf-ed90-4f88-928b-afddf57f4a1f HTTP/1.1" status: 204 len: 173 time: 0.5638440
2026-06-26 04:52:31.046 10 INFO neutron.wsgi [None req-7523e1dc-5a49-4dc6-8b16-2df8cd81bab7 dfa2b7c6895248229874da3d0cd52dce 05bac32385d141389de08b3cebdce2ac - - default default] 10.0.0.122 "GET /v2.0/subnets HTTP/1.1" status: 200 len: 5497 time: 0.0452683
2026-06-26 04:52:31.057 10 INFO neutron.wsgi [None req-28dcf773-a5e7-440d-b4a2-7291fcf79fbe dfa2b7c6895248229874da3d0cd52dce 05bac32385d141389de08b3cebdce2ac - - default default] 10.0.0.122 "GET /v2.0/subnetpools HTTP/1.1" status: 200 len: 193 time: 0.0089469
2026-06-26 04:52:31.117 9 INFO neutron.db.ovn_revision_numbers_db [None req-6d5a5960-20a9-4cde-8f3f-7f706a570e91 dfa2b7c6895248229874da3d0cd52dce 05bac32385d141389de08b3cebdce2ac - - default default] Successfully bumped revision number for resource 66aca596-b0e2-47eb-a150-ce6ae5ffb5f1 (type: security_groups) to 1
2026-06-26 04:52:31.129 9 INFO neutron.db.ovn_revision_numbers_db [None req-6d5a5960-20a9-4cde-8f3f-7f706a570e91 dfa2b7c6895248229874da3d0cd52dce 05bac32385d141389de08b3cebdce2ac - - default default] Successfully bumped revision number for resource 5a0a6b13-0621-484c-94cb-d2839d6fee90 (type: security_group_rules) to 0
2026-06-26 04:52:31.142 9 INFO neutron.db.ovn_revision_numbers_db [None req-6d5a5960-20a9-4cde-8f3f-7f706a570e91 dfa2b7c6895248229874da3d0cd52dce 05bac32385d141389de08b3cebdce2ac - - default default] Successfully bumped revision number for resource 772ad3dd-7216-470b-8787-d97ad034e8a5 (type: security_group_rules) to 0
2026-06-26 04:52:31.158 9 INFO neutron.db.ovn_revision_numbers_db [None req-6d5a5960-20a9-4cde-8f3f-7f706a570e91 dfa2b7c6895248229874da3d0cd52dce 05bac32385d141389de08b3cebdce2ac - - default default] Successfully bumped revision number for resource 7d6e125e-be4b-4888-9b46-3f3cf5045346 (type: security_group_rules) to 0
2026-06-26 04:52:31.171 9 INFO neutron.db.ovn_revision_numbers_db [None req-6d5a5960-20a9-4cde-8f3f-7f706a570e91 dfa2b7c6895248229874da3d0cd52dce 05bac32385d141389de08b3cebdce2ac - - default default] Successfully bumped revision number for resource e59dbf1a-1e05-4538-8da3-41e2e02996bd (type: security_group_rules) to 0
2026-06-26 04:52:31.193 9 INFO neutron.wsgi [None req-6d5a5960-20a9-4cde-8f3f-7f706a570e91 dfa2b7c6895248229874da3d0cd52dce 05bac32385d141389de08b3cebdce2ac - - default default] 10.0.0.27 "GET /v2.0/security-groups?tenant_id=72f36313c7634f7cb2c96c0d1ef4555c&name=default HTTP/1.1" status: 200 len: 3000 time: 0.1809704
2026-06-26 04:52:31.427 9 INFO neutron.wsgi [None req-e2a628a6-4e85-4694-a9e6-946b88e381ac dfa2b7c6895248229874da3d0cd52dce 05bac32385d141389de08b3cebdce2ac - - default default] 10.0.0.27 "DELETE /v2.0/security-groups/66aca596-b0e2-47eb-a150-ce6ae5ffb5f1 HTTP/1.1" status: 204 len: 168 time: 0.2287731
2026-06-26 04:52:31.461 10 INFO neutron.notifiers.nova [-] Nova event matching ['req-0b5d0ec0-d3f0-4178-8acf-6fb620b4cb5f'] response: {'name': 'network-changed', 'server_uuid': '0d784324-9721-4602-9388-edbbee99a7d7', 'tag': '3d3a1ecf-ed90-4f88-928b-afddf57f4a1f', 'status': 'completed', 'code': 200}
2026-06-26 04:52:31.462 10 INFO neutron.notifiers.nova [-] Nova event matching ['req-0b5d0ec0-d3f0-4178-8acf-6fb620b4cb5f'] response: {'server_uuid': '0d784324-9721-4602-9388-edbbee99a7d7', 'name': 'network-vif-unplugged', 'status': 'completed', 'tag': '3d3a1ecf-ed90-4f88-928b-afddf57f4a1f', 'code': 200}
2026-06-26 04:52:31.462 10 INFO neutron.notifiers.nova [-] Nova event matching ['req-0b5d0ec0-d3f0-4178-8acf-6fb620b4cb5f'] response: {'server_uuid': '0d784324-9721-4602-9388-edbbee99a7d7', 'name': 'network-vif-plugged', 'status': 'completed', 'tag': '3d3a1ecf-ed90-4f88-928b-afddf57f4a1f', 'code': 200}
2026-06-26 04:52:31.463 10 INFO neutron.notifiers.nova [-] Nova event matching ['req-0b5d0ec0-d3f0-4178-8acf-6fb620b4cb5f'] response: {'server_uuid': '0d784324-9721-4602-9388-edbbee99a7d7', 'name': 'network-vif-deleted', 'tag': '3d3a1ecf-ed90-4f88-928b-afddf57f4a1f', 'status': 'completed', 'code': 200}
2026-06-26 04:52:31.489 10 INFO neutron.wsgi [req-3bd5a751-c71c-4083-81de-a96e459895e8 req-352d6864-1677-4e6d-9823-19184feba99d db2fe22851e34c719e82f24bd7f83f63 fb1b2889ef2f4f67b28195cc98a5d19a - - 9b583444a272434391a3fb991aa33bcb 9b583444a272434391a3fb991aa33bcb] 199.204.45.74 "GET /v2.0/ports?tenant_id=a215e08be10a4078ac4b4bf39efb3e67&device_id=0d784324-9721-4602-9388-edbbee99a7d7 HTTP/1.1" status: 200 len: 210 time: 0.0223818
2026-06-26 04:52:31.582 10 INFO neutron.wsgi [req-3bd5a751-c71c-4083-81de-a96e459895e8 req-ee73a833-126b-4963-b3ce-6bfbd5238f1c db2fe22851e34c719e82f24bd7f83f63 fb1b2889ef2f4f67b28195cc98a5d19a - - 9b583444a272434391a3fb991aa33bcb 9b583444a272434391a3fb991aa33bcb] 199.204.45.74 "GET /v2.0/networks?tenant_id=a215e08be10a4078ac4b4bf39efb3e67&shared=False HTTP/1.1" status: 200 len: 2584 time: 0.0889640
2026-06-26 04:52:31.675 10 INFO neutron.wsgi [req-3bd5a751-c71c-4083-81de-a96e459895e8 req-bb1475a4-72ce-4643-ac50-c8dd4a5772ae db2fe22851e34c719e82f24bd7f83f63 fb1b2889ef2f4f67b28195cc98a5d19a - - 9b583444a272434391a3fb991aa33bcb 9b583444a272434391a3fb991aa33bcb] 199.204.45.74 "GET /v2.0/networks?shared=True HTTP/1.1" status: 200 len: 952 time: 0.0855052
2026-06-26 04:52:34.974 9 INFO neutron.db.ovn_revision_numbers_db [None req-6e467bff-0b3a-4bec-b090-7cf5c592fc41 728fca86e17f4662b078f7869b3cb843 8a722510299242b7aaabe5f42c6f7092 - - default default] Successfully bumped revision number for resource 98d495de-1ba1-451d-b152-57016b965f4e (type: security_groups) to 1
2026-06-26 04:52:34.987 9 INFO neutron.db.ovn_revision_numbers_db [None req-6e467bff-0b3a-4bec-b090-7cf5c592fc41 728fca86e17f4662b078f7869b3cb843 8a722510299242b7aaabe5f42c6f7092 - - default default] Successfully bumped revision number for resource 07687d12-ef7b-443a-911e-3b9dc510b5fc (type: security_group_rules) to 0
2026-06-26 04:52:35.000 9 INFO neutron.db.ovn_revision_numbers_db [None req-6e467bff-0b3a-4bec-b090-7cf5c592fc41 728fca86e17f4662b078f7869b3cb843 8a722510299242b7aaabe5f42c6f7092 - - default default] Successfully bumped revision number for resource 3f2db11c-9f10-4769-b3ad-74687946afd5 (type: security_group_rules) to 0
2026-06-26 04:52:35.015 9 INFO neutron.db.ovn_revision_numbers_db [None req-6e467bff-0b3a-4bec-b090-7cf5c592fc41 728fca86e17f4662b078f7869b3cb843 8a722510299242b7aaabe5f42c6f7092 - - default default] Successfully bumped revision number for resource 584e7f36-f2c0-4686-8c97-4e3bb0e6effd (type: security_group_rules) to 0
2026-06-26 04:52:35.026 9 INFO neutron.db.ovn_revision_numbers_db [None req-6e467bff-0b3a-4bec-b090-7cf5c592fc41 728fca86e17f4662b078f7869b3cb843 8a722510299242b7aaabe5f42c6f7092 - - default default] Successfully bumped revision number for resource a9219b30-0689-449b-ad3e-9acc05180299 (type: security_group_rules) to 0
2026-06-26 04:52:35.079 9 INFO neutron.db.segments_db [None req-6e467bff-0b3a-4bec-b090-7cf5c592fc41 728fca86e17f4662b078f7869b3cb843 8a722510299242b7aaabe5f42c6f7092 - - default default] Added segment 067d46e2-7fe4-45e8-9d69-0d846ac925b9 of type geneve for network 3a3bcf2a-e533-404e-b198-6e60b7b1b37c
2026-06-26 04:52:35.234 9 INFO neutron.db.ovn_revision_numbers_db [None req-6e467bff-0b3a-4bec-b090-7cf5c592fc41 728fca86e17f4662b078f7869b3cb843 8a722510299242b7aaabe5f42c6f7092 - - default default] Successfully bumped revision number for resource 3a3bcf2a-e533-404e-b198-6e60b7b1b37c (type: networks) to 1
2026-06-26 04:52:35.426 9 WARNING neutron.scheduler.dhcp_agent_scheduler [None req-6e467bff-0b3a-4bec-b090-7cf5c592fc41 728fca86e17f4662b078f7869b3cb843 8a722510299242b7aaabe5f42c6f7092 - - default default] No more DHCP agents
2026-06-26 04:52:35.431 9 WARNING neutron.api.rpc.agentnotifiers.dhcp_rpc_agent_api [None req-6e467bff-0b3a-4bec-b090-7cf5c592fc41 728fca86e17f4662b078f7869b3cb843 8a722510299242b7aaabe5f42c6f7092 - - default default] Unable to schedule network 3a3bcf2a-e533-404e-b198-6e60b7b1b37c: no agents available; will retry on subsequent port and subnet creation events.
2026-06-26 04:52:35.514 9 INFO neutron.db.ovn_revision_numbers_db [None req-6e467bff-0b3a-4bec-b090-7cf5c592fc41 728fca86e17f4662b078f7869b3cb843 8a722510299242b7aaabe5f42c6f7092 - - default default] Successfully bumped revision number for resource cc8d73e4-e77c-4e33-b1d0-c824cbd8e17a (type: ports) to 1
2026-06-26 04:52:35.532 9 INFO neutron.wsgi [None req-6e467bff-0b3a-4bec-b090-7cf5c592fc41 728fca86e17f4662b078f7869b3cb843 8a722510299242b7aaabe5f42c6f7092 - - default default] 10.0.0.27 "POST /v2.0/networks HTTP/1.1" status: 201 len: 830 time: 0.8127124
2026-06-26 04:52:35.586 9 INFO neutron.wsgi [None req-24f3edc8-865c-49d6-8520-426eebfa36fd 728fca86e17f4662b078f7869b3cb843 8a722510299242b7aaabe5f42c6f7092 - - default default] 10.0.0.27 "PUT /v2.0/networks/3a3bcf2a-e533-404e-b198-6e60b7b1b37c/tags HTTP/1.1" status: 200 len: 218 time: 0.0445950
2026-06-26 04:52:35.629 9 INFO neutron.wsgi [None req-edd62ace-e89c-4ffa-bfd4-7f49dda5017e 728fca86e17f4662b078f7869b3cb843 8a722510299242b7aaabe5f42c6f7092 - - default default] 10.0.0.27 "GET /v2.0/networks/3a3bcf2a-e533-404e-b198-6e60b7b1b37c/tags HTTP/1.1" status: 200 len: 218 time: 0.0377381
2026-06-26 04:52:35.678 9 INFO neutron.wsgi [None req-bccc725b-693e-434e-8819-99aa0f4e868f 728fca86e17f4662b078f7869b3cb843 8a722510299242b7aaabe5f42c6f7092 - - default default] 10.0.0.27 "PUT /v2.0/networks/3a3bcf2a-e533-404e-b198-6e60b7b1b37c/tags/green HTTP/1.1" status: 201 len: 201 time: 0.0446811
2026-06-26 04:52:35.717 9 INFO neutron.wsgi [None req-7501e38f-0070-4923-9bb3-074241e82c02 728fca86e17f4662b078f7869b3cb843 8a722510299242b7aaabe5f42c6f7092 - - default default] 10.0.0.27 "GET /v2.0/networks/3a3bcf2a-e533-404e-b198-6e60b7b1b37c/tags HTTP/1.1" status: 200 len: 227 time: 0.0330229
2026-06-26 04:52:35.763 9 INFO neutron.wsgi [None req-f70d1e13-aeb0-4089-b91e-bd7e1b6404cf 728fca86e17f4662b078f7869b3cb843 8a722510299242b7aaabe5f42c6f7092 - - default default] 10.0.0.27 "PUT /v2.0/networks/3a3bcf2a-e533-404e-b198-6e60b7b1b37c/tags/red HTTP/1.1" status: 201 len: 201 time: 0.0420115
2026-06-26 04:52:35.796 9 INFO neutron.wsgi [None req-5fbf3efd-7899-4edd-8656-1efa77e8c577 728fca86e17f4662b078f7869b3cb843 8a722510299242b7aaabe5f42c6f7092 - - default default] 10.0.0.27 "GET /v2.0/networks/3a3bcf2a-e533-404e-b198-6e60b7b1b37c/tags HTTP/1.1" status: 200 len: 227 time: 0.0290499
2026-06-26 04:52:35.839 9 INFO neutron.wsgi [None req-023a8134-0c92-4769-b2af-95c44863d365 728fca86e17f4662b078f7869b3cb843 8a722510299242b7aaabe5f42c6f7092 - - default default] 10.0.0.27 "PUT /v2.0/networks/3a3bcf2a-e533-404e-b198-6e60b7b1b37c/tags/black.or.white HTTP/1.1" status: 201 len: 201 time: 0.0381896
2026-06-26 04:52:35.875 9 INFO neutron.wsgi [None req-cf14c172-2208-4d28-8a01-a95e95cb6069 728fca86e17f4662b078f7869b3cb843 8a722510299242b7aaabe5f42c6f7092 - - default default] 10.0.0.27 "GET /v2.0/networks/3a3bcf2a-e533-404e-b198-6e60b7b1b37c/tags HTTP/1.1" status: 200 len: 245 time: 0.0306249
2026-06-26 04:52:35.922 9 INFO neutron.wsgi [None req-0b10aa3d-91fb-4416-9c3d-1a40c6d71bad 728fca86e17f4662b078f7869b3cb843 8a722510299242b7aaabe5f42c6f7092 - - default default] 10.0.0.27 "PUT /v2.0/networks/3a3bcf2a-e533-404e-b198-6e60b7b1b37c/tags HTTP/1.1" status: 200 len: 230 time: 0.0404706
2026-06-26 04:52:35.924 10 INFO neutron.db.l3_db [None req-e8e866d0-1e18-4ca2-bbe5-bf493a92fc2f d3d9d31cb54e4a59bc70e47a08d2e39a a215e08be10a4078ac4b4bf39efb3e67 - - default default] Floating IP b7b4d528-27f3-4674-994d-88448ac927dd disassociated (deleted). External IP: 10.96.250.210, port: d433aca6-2beb-4f78-a3a7-c08a48c17a06.
2026-06-26 04:52:35.956 9 INFO neutron.wsgi [None req-c5f751a8-c353-437a-9d95-77a0f9977425 728fca86e17f4662b078f7869b3cb843 8a722510299242b7aaabe5f42c6f7092 - - default default] 10.0.0.27 "GET /v2.0/networks/3a3bcf2a-e533-404e-b198-6e60b7b1b37c/tags HTTP/1.1" status: 200 len: 230 time: 0.0298910
2026-06-26 04:52:35.988 10 INFO neutron.wsgi [None req-e8e866d0-1e18-4ca2-bbe5-bf493a92fc2f d3d9d31cb54e4a59bc70e47a08d2e39a a215e08be10a4078ac4b4bf39efb3e67 - - default default] 10.0.0.27 "DELETE /v2.0/floatingips/b7b4d528-27f3-4674-994d-88448ac927dd HTTP/1.1" status: 204 len: 168 time: 0.3708053
2026-06-26 04:52:36.007 9 INFO neutron.wsgi [None req-664e0177-5335-42b7-8f8b-73e73643b10b 728fca86e17f4662b078f7869b3cb843 8a722510299242b7aaabe5f42c6f7092 - - default default] 10.0.0.27 "GET /v2.0/networks/3a3bcf2a-e533-404e-b198-6e60b7b1b37c/tags/red HTTP/1.1" status: 204 len: 168 time: 0.0464482 /var/lib/openstack/lib/python3.10/site-packages/pycadf/identifier.py:71: UserWarning: Invalid uuid: neutron. To ensure interoperability, identifiers should be a valid uuid. warnings.warn(('Invalid uuid: %s. To ensure interoperability, '
2026-06-26 04:52:36.030 9 INFO neutron.api.v2.resource [None req-2974d635-8d7c-464e-80a1-494dfec62dfc d3d9d31cb54e4a59bc70e47a08d2e39a a215e08be10a4078ac4b4bf39efb3e67 - - default default] show failed (client error): The resource could not be found.
2026-06-26 04:52:36.033 9 INFO neutron.wsgi [None req-2974d635-8d7c-464e-80a1-494dfec62dfc d3d9d31cb54e4a59bc70e47a08d2e39a a215e08be10a4078ac4b4bf39efb3e67 - - default default] 10.0.0.27 "GET /v2.0/floatingips/b7b4d528-27f3-4674-994d-88448ac927dd HTTP/1.1" status: 404 len: 345 time: 0.0373533
2026-06-26 04:52:36.043 10 INFO neutron.notifiers.nova [-] Nova event matching ['req-9d9ba9a6-9065-405c-923c-21eaf15b3c99'] response: {'name': 'network-changed', 'server_uuid': 'bbac2577-2ce8-487c-ba8f-e6029c6cbd01', 'tag': 'd433aca6-2beb-4f78-a3a7-c08a48c17a06', 'status': 'completed', 'code': 200}
2026-06-26 04:52:36.078 10 INFO neutron.api.v2.resource [None req-3e2e144e-2032-477c-a318-94236d2fde40 728fca86e17f4662b078f7869b3cb843 8a722510299242b7aaabe5f42c6f7092 - - default default] show failed (client error): The resource could not be found.
2026-06-26 04:52:36.079 10 INFO neutron.wsgi [None req-3e2e144e-2032-477c-a318-94236d2fde40 728fca86e17f4662b078f7869b3cb843 8a722510299242b7aaabe5f42c6f7092 - - default default] 10.0.0.27 "GET /v2.0/networks/3a3bcf2a-e533-404e-b198-6e60b7b1b37c/tags/green HTTP/1.1" status: 404 len: 299 time: 0.0675514
2026-06-26 04:52:36.097 10 INFO neutron.wsgi [req-b0a68ae0-54da-41e5-ad11-42718fa793ce req-0c95bb2d-70c5-4b7e-80cd-e0e6d5167ec4 db2fe22851e34c719e82f24bd7f83f63 fb1b2889ef2f4f67b28195cc98a5d19a - - 9b583444a272434391a3fb991aa33bcb 9b583444a272434391a3fb991aa33bcb] 199.204.45.74 "GET /v2.0/ports?tenant_id=a215e08be10a4078ac4b4bf39efb3e67&device_id=bbac2577-2ce8-487c-ba8f-e6029c6cbd01 HTTP/1.1" status: 200 len: 1630 time: 0.0291970
2026-06-26 04:52:36.141 9 INFO neutron.wsgi [None req-1397737c-e728-4a98-9d1f-de6346bee963 728fca86e17f4662b078f7869b3cb843 8a722510299242b7aaabe5f42c6f7092 - - default default] 10.0.0.27 "DELETE /v2.0/networks/3a3bcf2a-e533-404e-b198-6e60b7b1b37c/tags/red HTTP/1.1" status: 204 len: 168 time: 0.0546906
2026-06-26 04:52:36.172 10 INFO neutron.wsgi [req-b0a68ae0-54da-41e5-ad11-42718fa793ce req-4a162e9f-2ad2-4a69-a256-6b8107823420 db2fe22851e34c719e82f24bd7f83f63 fb1b2889ef2f4f67b28195cc98a5d19a - - 9b583444a272434391a3fb991aa33bcb 9b583444a272434391a3fb991aa33bcb] 199.204.45.74 "GET /v2.0/networks?id=ae4d26f6-94ef-4d32-b62c-fcde60d5f704 HTTP/1.1" status: 200 len: 1002 time: 0.0706289
2026-06-26 04:52:36.194 9 INFO neutron.wsgi [None req-2b9466ff-fbcb-4d26-9f25-e675a60ddff2 728fca86e17f4662b078f7869b3cb843 8a722510299242b7aaabe5f42c6f7092 - - default default] 10.0.0.27 "GET /v2.0/networks/3a3bcf2a-e533-404e-b198-6e60b7b1b37c/tags HTTP/1.1" status: 200 len: 223 time: 0.0497723
2026-06-26 04:52:36.206 10 INFO neutron.wsgi [req-b0a68ae0-54da-41e5-ad11-42718fa793ce req-0d409f6a-1e0f-4794-b01c-a85ad65d19f9 db2fe22851e34c719e82f24bd7f83f63 fb1b2889ef2f4f67b28195cc98a5d19a - - 9b583444a272434391a3fb991aa33bcb 9b583444a272434391a3fb991aa33bcb] 199.204.45.74 "GET /v2.0/floatingips?fixed_ip_address=10.2.1.28&port_id=d433aca6-2beb-4f78-a3a7-c08a48c17a06 HTTP/1.1" status: 200 len: 217 time: 0.0309205
2026-06-26 04:52:36.224 10 INFO neutron.plugins.ml2.drivers.ovn.mech_driver.mech_driver [None req-1a5073a8-6585-46b6-a31d-df1d27a05419 - - - - - -] OVN reports status down for port: d433aca6-2beb-4f78-a3a7-c08a48c17a06
2026-06-26 04:52:36.252 10 INFO neutron.wsgi [req-b0a68ae0-54da-41e5-ad11-42718fa793ce req-12d55f94-3fd3-4c0c-9458-e4c693eb4f6d db2fe22851e34c719e82f24bd7f83f63 fb1b2889ef2f4f67b28195cc98a5d19a - - 9b583444a272434391a3fb991aa33bcb 9b583444a272434391a3fb991aa33bcb] 199.204.45.74 "GET /v2.0/floatingips?fixed_ip_address=fd7b%3Af9f7%3Afff%3A4eca%3A%3A6c&port_id=d433aca6-2beb-4f78-a3a7-c08a48c17a06 HTTP/1.1" status: 200 len: 217 time: 0.0427060
2026-06-26 04:52:36.256 9 INFO neutron.api.v2.resource [None req-61b5878c-081a-4a84-8dfc-d1a4f4764c62 728fca86e17f4662b078f7869b3cb843 8a722510299242b7aaabe5f42c6f7092 - - default default] delete failed (client error): The resource could not be found.
2026-06-26 04:52:36.258 9 INFO neutron.wsgi [None req-61b5878c-081a-4a84-8dfc-d1a4f4764c62 728fca86e17f4662b078f7869b3cb843 8a722510299242b7aaabe5f42c6f7092 - - default default] 10.0.0.27 "DELETE /v2.0/networks/3a3bcf2a-e533-404e-b198-6e60b7b1b37c/tags/green HTTP/1.1" status: 404 len: 299 time: 0.0582736
2026-06-26 04:52:36.305 10 INFO neutron.wsgi [req-b0a68ae0-54da-41e5-ad11-42718fa793ce req-bac95d56-6dfd-4c40-9040-76b444b8961a db2fe22851e34c719e82f24bd7f83f63 fb1b2889ef2f4f67b28195cc98a5d19a - - 9b583444a272434391a3fb991aa33bcb 9b583444a272434391a3fb991aa33bcb] 199.204.45.74 "GET /v2.0/subnets?id=9c0d4471-0e04-4b13-9f12-a96f419f3426&id=db4b9b04-7ca5-4bc5-9fca-b5731be3c172 HTTP/1.1" status: 200 len: 1562 time: 0.0474429
2026-06-26 04:52:36.317 9 INFO neutron.wsgi [None req-b9a966dc-60d2-4fe3-b9ce-ce33dafbf6ac 728fca86e17f4662b078f7869b3cb843 8a722510299242b7aaabe5f42c6f7092 - - default default] 10.0.0.27 "DELETE /v2.0/networks/3a3bcf2a-e533-404e-b198-6e60b7b1b37c/tags HTTP/1.1" status: 204 len: 168 time: 0.0553560
2026-06-26 04:52:36.341 10 INFO neutron.wsgi [req-62fbec23-437c-4dbc-b087-e0ecb9baf671 req-b5cb0ddb-d8e8-46a6-aa99-10cdf1c77866 d3d9d31cb54e4a59bc70e47a08d2e39a a215e08be10a4078ac4b4bf39efb3e67 - - default default] 10.0.0.144 "GET /v2.0/ports?device_id=bbac2577-2ce8-487c-ba8f-e6029c6cbd01 HTTP/1.1" status: 200 len: 1392 time: 0.1586194
2026-06-26 04:52:36.342 10 INFO neutron.wsgi [req-b0a68ae0-54da-41e5-ad11-42718fa793ce req-570f214d-8c35-4ee9-8f00-a758021d1956 db2fe22851e34c719e82f24bd7f83f63 fb1b2889ef2f4f67b28195cc98a5d19a - - 9b583444a272434391a3fb991aa33bcb 9b583444a272434391a3fb991aa33bcb] 199.204.45.74 "GET /v2.0/ports?network_id=ae4d26f6-94ef-4d32-b62c-fcde60d5f704&device_owner=network%3Adhcp HTTP/1.1" status: 200 len: 210 time: 0.0313945
2026-06-26 04:52:36.366 10 INFO neutron.wsgi [req-b0a68ae0-54da-41e5-ad11-42718fa793ce req-b5f98cbe-c7f6-4ed2-afac-dfa0b77ad82e db2fe22851e34c719e82f24bd7f83f63 fb1b2889ef2f4f67b28195cc98a5d19a - - 9b583444a272434391a3fb991aa33bcb 9b583444a272434391a3fb991aa33bcb] 199.204.45.74 "GET /v2.0/ports?network_id=ae4d26f6-94ef-4d32-b62c-fcde60d5f704&device_owner=network%3Adhcp HTTP/1.1" status: 200 len: 210 time: 0.0197875
2026-06-26 04:52:36.375 9 INFO neutron.wsgi [None req-f616343a-1ab4-483e-bee5-26f2c811c1da 728fca86e17f4662b078f7869b3cb843 8a722510299242b7aaabe5f42c6f7092 - - default default] 10.0.0.27 "GET /v2.0/networks/3a3bcf2a-e533-404e-b198-6e60b7b1b37c/tags HTTP/1.1" status: 200 len: 205 time: 0.0531211
2026-06-26 04:52:36.443 10 INFO neutron.wsgi [req-62fbec23-437c-4dbc-b087-e0ecb9baf671 req-90ad8068-8813-4caf-9a82-42e4c408a496 d3d9d31cb54e4a59bc70e47a08d2e39a a215e08be10a4078ac4b4bf39efb3e67 - - default default] 10.0.0.144 "GET /v2.0/security-groups?id=fbe94a01-1893-43d5-b271-65902234412b&fields=id&fields=name HTTP/1.1" status: 200 len: 310 time: 0.0939405
2026-06-26 04:52:36.462 10 INFO neutron.wsgi [req-b0a68ae0-54da-41e5-ad11-42718fa793ce req-e6d454d1-525c-4132-b1fa-bd22d389a3e2 db2fe22851e34c719e82f24bd7f83f63 fb1b2889ef2f4f67b28195cc98a5d19a - - 9b583444a272434391a3fb991aa33bcb 9b583444a272434391a3fb991aa33bcb] 199.204.45.74 "GET /v2.0/networks/ae4d26f6-94ef-4d32-b62c-fcde60d5f704?fields=segments HTTP/1.1" status: 200 len: 212 time: 0.0831938
2026-06-26 04:52:36.680 9 INFO neutron.wsgi [req-7f2a67e1-c5ff-4086-8af6-6d48c2cd150b req-5b363294-0e3b-4641-b54d-570905f73abc d3d9d31cb54e4a59bc70e47a08d2e39a a215e08be10a4078ac4b4bf39efb3e67 - - default default] 199.204.45.74 "GET /v2.0/ports?device_id=bbac2577-2ce8-487c-ba8f-e6029c6cbd01 HTTP/1.1" status: 200 len: 1390 time: 0.1547067
2026-06-26 04:52:36.807 10 INFO neutron.wsgi [req-b0a68ae0-54da-41e5-ad11-42718fa793ce req-a45118ef-9b37-4569-b8ca-e4436d3a3a0d db2fe22851e34c719e82f24bd7f83f63 fb1b2889ef2f4f67b28195cc98a5d19a - - 9b583444a272434391a3fb991aa33bcb 9b583444a272434391a3fb991aa33bcb] 199.204.45.74 "GET /v2.0/networks/ae4d26f6-94ef-4d32-b62c-fcde60d5f704?fields=provider%3Aphysical_network&fields=provider%3Anetwork_type HTTP/1.1" status: 200 len: 277 time: 0.3385010
2026-06-26 04:52:36.904 10 INFO neutron.db.ovn_revision_numbers_db [None req-1a5073a8-6585-46b6-a31d-df1d27a05419 - - - - - -] Successfully bumped revision number for resource d433aca6-2beb-4f78-a3a7-c08a48c17a06 (type: ports) to 5
2026-06-26 04:52:36.908 9 INFO neutron.services.segments.plugin [-] Segment 067d46e2-7fe4-45e8-9d69-0d846ac925b9 resource provider aggregate not found
2026-06-26 04:52:36.913 9 INFO neutron.services.segments.plugin [-] Segment 067d46e2-7fe4-45e8-9d69-0d846ac925b9 resource provider aggregate not found
2026-06-26 04:52:36.931 9 INFO neutron.services.segments.plugin [-] Segment 067d46e2-7fe4-45e8-9d69-0d846ac925b9 resource provider not found; error: Placement Client Error (4xx): {"errors": [{"status": 404, "title": "Not Found", "detail": "The resource could not be found.\n\n No resource provider with uuid 067d46e2-7fe4-45e8-9d69-0d846ac925b9 found for delete ", "request_id": "req-1db57222-f637-4a90-a524-42a87f990dbd"}]}
2026-06-26 04:52:36.948 9 INFO neutron.services.segments.plugin [-] Segment 067d46e2-7fe4-45e8-9d69-0d846ac925b9 resource provider not found; error: Placement Client Error (4xx): {"errors": [{"status": 404, "title": "Not Found", "detail": "The resource could not be found.\n\n No resource provider with uuid 067d46e2-7fe4-45e8-9d69-0d846ac925b9 found for delete ", "request_id": "req-f869d267-7533-4c31-912a-2df58a2ddf21"}]}
2026-06-26 04:52:36.971 9 INFO neutron.wsgi [None req-bcb554f1-55cc-4a7f-9fae-971c48d1f73a 728fca86e17f4662b078f7869b3cb843 8a722510299242b7aaabe5f42c6f7092 - - default default] 10.0.0.27 "DELETE /v2.0/networks/3a3bcf2a-e533-404e-b198-6e60b7b1b37c HTTP/1.1" status: 204 len: 168 time: 0.5894866
2026-06-26 04:52:37.109 9 INFO neutron.wsgi [req-7f2a67e1-c5ff-4086-8af6-6d48c2cd150b req-9cf9a167-a984-4f4f-9097-373f209a5b4e d3d9d31cb54e4a59bc70e47a08d2e39a a215e08be10a4078ac4b4bf39efb3e67 - - default default] 199.204.45.74 "DELETE /v2.0/ports/d433aca6-2beb-4f78-a3a7-c08a48c17a06 HTTP/1.1" status: 204 len: 173 time: 0.4187243
2026-06-26 04:52:37.152 9 INFO neutron.notifiers.nova [-] Nova event matching ['req-c61ed261-596f-49f3-b785-1b185a3cc518'] response: {'server_uuid': 'bbac2577-2ce8-487c-ba8f-e6029c6cbd01', 'name': 'network-vif-deleted', 'tag': 'd433aca6-2beb-4f78-a3a7-c08a48c17a06', 'status': 'completed', 'code': 200}
2026-06-26 04:52:37.779 9 INFO neutron.wsgi [None req-3bf03fc8-36b4-4f0a-a7c8-0691709675c7 dfa2b7c6895248229874da3d0cd52dce 05bac32385d141389de08b3cebdce2ac - - default default] 10.0.0.27 "GET /v2.0/security-groups?tenant_id=8a722510299242b7aaabe5f42c6f7092&name=default HTTP/1.1" status: 200 len: 3000 time: 0.1108611
2026-06-26 04:52:37.986 9 INFO neutron.wsgi [None req-de37b6b8-4a71-415e-a376-e97df847d71c dfa2b7c6895248229874da3d0cd52dce 05bac32385d141389de08b3cebdce2ac - - default default] 10.0.0.27 "DELETE /v2.0/security-groups/98d495de-1ba1-451d-b152-57016b965f4e HTTP/1.1" status: 204 len: 168 time: 0.2028694 /var/lib/openstack/lib/python3.10/site-packages/pycadf/identifier.py:71: UserWarning: Invalid uuid: neutron. To ensure interoperability, identifiers should be a valid uuid. warnings.warn(('Invalid uuid: %s. To ensure interoperability, '
2026-06-26 04:52:38.086 10 INFO neutron.notifiers.nova [-] Nova event matching ['req-4e37677c-e4bb-497a-920d-99044e227d6f'] response: {'server_uuid': 'bbac2577-2ce8-487c-ba8f-e6029c6cbd01', 'name': 'network-vif-unplugged', 'status': 'completed', 'tag': 'd433aca6-2beb-4f78-a3a7-c08a48c17a06', 'code': 200}
2026-06-26 04:52:38.087 10 INFO neutron.notifiers.nova [-] Nova event matching ['req-4e37677c-e4bb-497a-920d-99044e227d6f'] response: {'server_uuid': 'bbac2577-2ce8-487c-ba8f-e6029c6cbd01', 'name': 'network-vif-plugged', 'status': 'completed', 'tag': 'd433aca6-2beb-4f78-a3a7-c08a48c17a06', 'code': 200}
2026-06-26 04:52:38.168 10 INFO neutron.db.ovn_revision_numbers_db [None req-1f3d368a-037a-4c45-ac3c-e46dbcd699eb dfa2b7c6895248229874da3d0cd52dce 05bac32385d141389de08b3cebdce2ac - - default default] Successfully bumped revision number for resource 52d4ef57-5b19-459b-97cb-20c77bbd82a3 (type: security_groups) to 1
2026-06-26 04:52:38.180 10 INFO neutron.db.ovn_revision_numbers_db [None req-1f3d368a-037a-4c45-ac3c-e46dbcd699eb dfa2b7c6895248229874da3d0cd52dce 05bac32385d141389de08b3cebdce2ac - - default default] Successfully bumped revision number for resource 1f0715ec-d01c-42cb-8614-bdae06f1e217 (type: security_group_rules) to 0
2026-06-26 04:52:38.193 10 INFO neutron.db.ovn_revision_numbers_db [None req-1f3d368a-037a-4c45-ac3c-e46dbcd699eb dfa2b7c6895248229874da3d0cd52dce 05bac32385d141389de08b3cebdce2ac - - default default] Successfully bumped revision number for resource 68c2c4fa-74ff-47f1-9d4c-0544ae726c71 (type: security_group_rules) to 0
2026-06-26 04:52:38.206 10 INFO neutron.db.ovn_revision_numbers_db [None req-1f3d368a-037a-4c45-ac3c-e46dbcd699eb dfa2b7c6895248229874da3d0cd52dce 05bac32385d141389de08b3cebdce2ac - - default default] Successfully bumped revision number for resource c52a3710-3265-4c41-9d71-204836a73cab (type: security_group_rules) to 0
2026-06-26 04:52:38.221 10 INFO neutron.db.ovn_revision_numbers_db [None req-1f3d368a-037a-4c45-ac3c-e46dbcd699eb dfa2b7c6895248229874da3d0cd52dce 05bac32385d141389de08b3cebdce2ac - - default default] Successfully bumped revision number for resource f8fec4a3-78b7-44b4-b29c-7e0aca05a850 (type: security_group_rules) to 0
2026-06-26 04:52:38.241 10 INFO neutron.wsgi [None req-1f3d368a-037a-4c45-ac3c-e46dbcd699eb dfa2b7c6895248229874da3d0cd52dce 05bac32385d141389de08b3cebdce2ac - - default default] 10.0.0.27 "GET /v2.0/security-groups?tenant_id=62e52e12b80d4ae28e235d3de93568e3&name=default HTTP/1.1" status: 200 len: 3000 time: 0.1638167
2026-06-26 04:52:38.462 10 INFO neutron.wsgi [None req-f71c17a7-7082-4d24-9ee5-fa59597391a2 dfa2b7c6895248229874da3d0cd52dce 05bac32385d141389de08b3cebdce2ac - - default default] 10.0.0.27 "DELETE /v2.0/security-groups/52d4ef57-5b19-459b-97cb-20c77bbd82a3 HTTP/1.1" status: 204 len: 168 time: 0.2128317
2026-06-26 04:52:41.645 10 INFO neutron.wsgi [None req-b66c8fcf-0ccc-4811-a882-bdf430f34318 d3d9d31cb54e4a59bc70e47a08d2e39a a215e08be10a4078ac4b4bf39efb3e67 - - default default] 10.0.0.27 "DELETE /v2.0/security-group-rules/1f027ead-8425-45c7-a037-44182b1844f9 HTTP/1.1" status: 204 len: 168 time: 0.1393616
2026-06-26 04:52:41.658 10 INFO neutron.api.v2.resource [None req-a250a63f-6e43-44e6-a229-15821bc04837 d3d9d31cb54e4a59bc70e47a08d2e39a a215e08be10a4078ac4b4bf39efb3e67 - - default default] show failed (client error): The resource could not be found.
2026-06-26 04:52:41.659 10 INFO neutron.wsgi [None req-a250a63f-6e43-44e6-a229-15821bc04837 d3d9d31cb54e4a59bc70e47a08d2e39a a215e08be10a4078ac4b4bf39efb3e67 - - default default] 10.0.0.27 "GET /v2.0/security-group-rules/1f027ead-8425-45c7-a037-44182b1844f9 HTTP/1.1" status: 404 len: 356 time: 0.0079162
2026-06-26 04:52:41.687 9 INFO neutron.wsgi [None req-ee48829f-9942-4d40-a21b-0f7dfe4205fc 5cdbacb9dcb840bca1ce8c69e40d6843 a5845ccbe5394e6bbbbb76d604a4baab - - default default] 10.0.0.27 "POST /v2.0/qos/policies HTTP/1.1" status: 201 len: 558 time: 0.2071416
2026-06-26 04:52:41.713 9 INFO neutron.wsgi [None req-40b1aadd-2cd6-4bae-801e-ab51c4443075 5cdbacb9dcb840bca1ce8c69e40d6843 a5845ccbe5394e6bbbbb76d604a4baab - - default default] 10.0.0.27 "PUT /v2.0/policies/8f9dab25-b5c6-4ee5-a9d9-597fd42fb8b0/tags HTTP/1.1" status: 200 len: 218 time: 0.0205560
2026-06-26 04:52:41.729 9 INFO neutron.wsgi [None req-28e59df5-5fa8-4ac9-8259-95e868652868 5cdbacb9dcb840bca1ce8c69e40d6843 a5845ccbe5394e6bbbbb76d604a4baab - - default default] 10.0.0.27 "GET /v2.0/policies/8f9dab25-b5c6-4ee5-a9d9-597fd42fb8b0/tags HTTP/1.1" status: 200 len: 218 time: 0.0113935
2026-06-26 04:52:41.756 9 INFO neutron.wsgi [None req-68300d86-243a-4bd1-93de-c1c54726d967 5cdbacb9dcb840bca1ce8c69e40d6843 a5845ccbe5394e6bbbbb76d604a4baab - - default default] 10.0.0.27 "PUT /v2.0/policies/8f9dab25-b5c6-4ee5-a9d9-597fd42fb8b0/tags/green HTTP/1.1" status: 201 len: 201 time: 0.0238080
2026-06-26 04:52:41.762 10 INFO neutron.wsgi [None req-c8d2ff0d-4f92-4878-b316-1e63c7a642a4 d3d9d31cb54e4a59bc70e47a08d2e39a a215e08be10a4078ac4b4bf39efb3e67 - - default default] 10.0.0.27 "DELETE /v2.0/security-group-rules/60b78e6a-3aba-487e-86f7-b615da3a3b65 HTTP/1.1" status: 204 len: 168 time: 0.1001401
2026-06-26 04:52:41.772 10 INFO neutron.api.v2.resource [None req-cccd99f2-b372-4f7d-ac54-05857ca57136 d3d9d31cb54e4a59bc70e47a08d2e39a a215e08be10a4078ac4b4bf39efb3e67 - - default default] show failed (client error): The resource could not be found.
2026-06-26 04:52:41.774 10 INFO neutron.wsgi [None req-cccd99f2-b372-4f7d-ac54-05857ca57136 d3d9d31cb54e4a59bc70e47a08d2e39a a215e08be10a4078ac4b4bf39efb3e67 - - default default] 10.0.0.27 "GET /v2.0/security-group-rules/60b78e6a-3aba-487e-86f7-b615da3a3b65 HTTP/1.1" status: 404 len: 356 time: 0.0073600
2026-06-26 04:52:41.781 9 INFO neutron.wsgi [None req-7177cc0d-c7c5-4166-94ec-fcc35c20756c 5cdbacb9dcb840bca1ce8c69e40d6843 a5845ccbe5394e6bbbbb76d604a4baab - - default default] 10.0.0.27 "GET /v2.0/policies/8f9dab25-b5c6-4ee5-a9d9-597fd42fb8b0/tags HTTP/1.1" status: 200 len: 227 time: 0.0211480
2026-06-26 04:52:41.802 10 INFO neutron.wsgi [None req-e4368f57-da7b-4911-bd71-1a9a1d14cedb 5cdbacb9dcb840bca1ce8c69e40d6843 a5845ccbe5394e6bbbbb76d604a4baab - - default default] 10.0.0.27 "PUT /v2.0/policies/8f9dab25-b5c6-4ee5-a9d9-597fd42fb8b0/tags/red HTTP/1.1" status: 201 len: 201 time: 0.0160582
2026-06-26 04:52:41.832 9 INFO neutron.wsgi [None req-a455464f-f24c-4280-a0e9-e09920e1ab5b 5cdbacb9dcb840bca1ce8c69e40d6843 a5845ccbe5394e6bbbbb76d604a4baab - - default default] 10.0.0.27 "GET /v2.0/policies/8f9dab25-b5c6-4ee5-a9d9-597fd42fb8b0/tags HTTP/1.1" status: 200 len: 227 time: 0.0254581
2026-06-26 04:52:41.860 9 INFO neutron.wsgi [None req-d51376b6-5bf2-4d1f-82ac-3ec300051be1 5cdbacb9dcb840bca1ce8c69e40d6843 a5845ccbe5394e6bbbbb76d604a4baab - - default default] 10.0.0.27 "PUT /v2.0/policies/8f9dab25-b5c6-4ee5-a9d9-597fd42fb8b0/tags/black.or.white HTTP/1.1" status: 201 len: 201 time: 0.0243795
2026-06-26 04:52:41.880 9 INFO neutron.wsgi [None req-8916c2e5-e72e-418e-8e39-6b683b31036e 5cdbacb9dcb840bca1ce8c69e40d6843 a5845ccbe5394e6bbbbb76d604a4baab - - default default] 10.0.0.27 "GET /v2.0/policies/8f9dab25-b5c6-4ee5-a9d9-597fd42fb8b0/tags HTTP/1.1" status: 200 len: 245 time: 0.0149653
2026-06-26 04:52:41.885 10 INFO neutron.wsgi [None req-b9b8929f-5ed7-469a-bc15-c5475db24c4e d3d9d31cb54e4a59bc70e47a08d2e39a a215e08be10a4078ac4b4bf39efb3e67 - - default default] 10.0.0.27 "DELETE /v2.0/security-group-rules/a44478ad-1897-458c-a8ad-cffa3fd9c4b0 HTTP/1.1" status: 204 len: 168 time: 0.1078866
2026-06-26 04:52:41.902 10 INFO neutron.api.v2.resource [None req-5e1c7668-40b9-485f-968d-04046c420a48 d3d9d31cb54e4a59bc70e47a08d2e39a a215e08be10a4078ac4b4bf39efb3e67 - - default default] show failed (client error): The resource could not be found.
2026-06-26 04:52:41.903 10 INFO neutron.wsgi [None req-5e1c7668-40b9-485f-968d-04046c420a48 d3d9d31cb54e4a59bc70e47a08d2e39a a215e08be10a4078ac4b4bf39efb3e67 - - default default] 10.0.0.27 "GET /v2.0/security-group-rules/a44478ad-1897-458c-a8ad-cffa3fd9c4b0 HTTP/1.1" status: 404 len: 356 time: 0.0136664
2026-06-26 04:52:41.920 9 INFO neutron.wsgi [None req-84269e98-7ff9-4079-95bf-8d1f2bd715db 5cdbacb9dcb840bca1ce8c69e40d6843 a5845ccbe5394e6bbbbb76d604a4baab - - default default] 10.0.0.27 "PUT /v2.0/policies/8f9dab25-b5c6-4ee5-a9d9-597fd42fb8b0/tags HTTP/1.1" status: 200 len: 230 time: 0.0342257
2026-06-26 04:52:41.939 9 INFO neutron.wsgi [None req-0c191fd4-a2fa-4dde-b266-9e03b03fae22 5cdbacb9dcb840bca1ce8c69e40d6843 a5845ccbe5394e6bbbbb76d604a4baab - - default default] 10.0.0.27 "GET /v2.0/policies/8f9dab25-b5c6-4ee5-a9d9-597fd42fb8b0/tags HTTP/1.1" status: 200 len: 230 time: 0.0140457
2026-06-26 04:52:41.954 9 INFO neutron.wsgi [None req-f54b9a33-9c4b-414a-94a8-349b4f87ad1a 5cdbacb9dcb840bca1ce8c69e40d6843 a5845ccbe5394e6bbbbb76d604a4baab - - default default] 10.0.0.27 "GET /v2.0/policies/8f9dab25-b5c6-4ee5-a9d9-597fd42fb8b0/tags/red HTTP/1.1" status: 204 len: 168 time: 0.0113993
2026-06-26 04:52:41.975 9 INFO neutron.api.v2.resource [None req-e0ed5258-d83c-48b1-9c6c-67d996995db2 5cdbacb9dcb840bca1ce8c69e40d6843 a5845ccbe5394e6bbbbb76d604a4baab - - default default] show failed (client error): The resource could not be found.
2026-06-26 04:52:41.977 9 INFO neutron.wsgi [None req-e0ed5258-d83c-48b1-9c6c-67d996995db2 5cdbacb9dcb840bca1ce8c69e40d6843 a5845ccbe5394e6bbbbb76d604a4baab - - default default] 10.0.0.27 "GET /v2.0/policies/8f9dab25-b5c6-4ee5-a9d9-597fd42fb8b0/tags/green HTTP/1.1" status: 404 len: 299 time: 0.0179713
2026-06-26 04:52:41.988 10 INFO neutron.wsgi [-] 10.0.0.183 "GET / HTTP/1.1" status: 200 len: 246 time: 0.0019011
2026-06-26 04:52:41.989 10 INFO neutron.wsgi [-] 10.0.0.183 "GET / HTTP/1.1" status: 200 len: 246 time: 0.0009747
2026-06-26 04:52:42.008 9 INFO neutron.wsgi [None req-495ebf71-5b1a-4874-bceb-3299ba85231d 5cdbacb9dcb840bca1ce8c69e40d6843 a5845ccbe5394e6bbbbb76d604a4baab - - default default] 10.0.0.27 "DELETE /v2.0/policies/8f9dab25-b5c6-4ee5-a9d9-597fd42fb8b0/tags/red HTTP/1.1" status: 204 len: 168 time: 0.0264406
2026-06-26 04:52:42.017 10 INFO neutron.wsgi [None req-7b8d4b16-495d-495a-855e-def618fd8668 d3d9d31cb54e4a59bc70e47a08d2e39a a215e08be10a4078ac4b4bf39efb3e67 - - default default] 10.0.0.27 "DELETE /v2.0/security-group-rules/817d563f-d19c-4d21-95bb-59d4548ca757 HTTP/1.1" status: 204 len: 168 time: 0.1110172
2026-06-26 04:52:42.025 9 INFO neutron.wsgi [None req-bcb40b1d-4eea-4512-95ac-f65ea7a71d5d 5cdbacb9dcb840bca1ce8c69e40d6843 a5845ccbe5394e6bbbbb76d604a4baab - - default default] 10.0.0.27 "GET /v2.0/policies/8f9dab25-b5c6-4ee5-a9d9-597fd42fb8b0/tags HTTP/1.1" status: 200 len: 223 time: 0.0129941
2026-06-26 04:52:42.030 10 INFO neutron.api.v2.resource [None req-749adcb3-d0d2-4462-8121-5199a9f93143 d3d9d31cb54e4a59bc70e47a08d2e39a a215e08be10a4078ac4b4bf39efb3e67 - - default default] show failed (client error): The resource could not be found.
2026-06-26 04:52:42.031 10 INFO neutron.wsgi [None req-749adcb3-d0d2-4462-8121-5199a9f93143 d3d9d31cb54e4a59bc70e47a08d2e39a a215e08be10a4078ac4b4bf39efb3e67 - - default default] 10.0.0.27 "GET /v2.0/security-group-rules/817d563f-d19c-4d21-95bb-59d4548ca757 HTTP/1.1" status: 404 len: 356 time: 0.0096545
2026-06-26 04:52:42.043 9 INFO neutron.api.v2.resource [None req-e5a6d224-fb5d-4b8b-830a-125e00f91c32 5cdbacb9dcb840bca1ce8c69e40d6843 a5845ccbe5394e6bbbbb76d604a4baab - - default default] delete failed (client error): The resource could not be found.
2026-06-26 04:52:42.044 9 INFO neutron.wsgi [None req-e5a6d224-fb5d-4b8b-830a-125e00f91c32 5cdbacb9dcb840bca1ce8c69e40d6843 a5845ccbe5394e6bbbbb76d604a4baab - - default default] 10.0.0.27 "DELETE /v2.0/policies/8f9dab25-b5c6-4ee5-a9d9-597fd42fb8b0/tags/green HTTP/1.1" status: 404 len: 299 time: 0.0149515
2026-06-26 04:52:42.073 9 INFO neutron.wsgi [None req-759d95f0-0168-4da6-be30-1e64847a63d2 5cdbacb9dcb840bca1ce8c69e40d6843 a5845ccbe5394e6bbbbb76d604a4baab - - default default] 10.0.0.27 "DELETE /v2.0/policies/8f9dab25-b5c6-4ee5-a9d9-597fd42fb8b0/tags HTTP/1.1" status: 204 len: 168 time: 0.0248013
2026-06-26 04:52:42.095 9 INFO neutron.wsgi [None req-8b0ca552-db2e-41b6-8935-982570c8ec2b 5cdbacb9dcb840bca1ce8c69e40d6843 a5845ccbe5394e6bbbbb76d604a4baab - - default default] 10.0.0.27 "GET /v2.0/policies/8f9dab25-b5c6-4ee5-a9d9-597fd42fb8b0/tags HTTP/1.1" status: 200 len: 205 time: 0.0167582
2026-06-26 04:52:42.143 10 INFO neutron.wsgi [None req-6de9b7ea-c1d1-45ea-8372-2f0d4502b013 d3d9d31cb54e4a59bc70e47a08d2e39a a215e08be10a4078ac4b4bf39efb3e67 - - default default] 10.0.0.27 "DELETE /v2.0/security-group-rules/0703ab76-2c34-46fc-9fc0-5921bacb777a HTTP/1.1" status: 204 len: 168 time: 0.1086895
2026-06-26 04:52:42.153 10 INFO neutron.api.v2.resource [None req-27c83c91-9eb8-4f21-b0f9-b20eec8e504c d3d9d31cb54e4a59bc70e47a08d2e39a a215e08be10a4078ac4b4bf39efb3e67 - - default default] show failed (client error): The resource could not be found.
2026-06-26 04:52:42.154 10 INFO neutron.wsgi [None req-27c83c91-9eb8-4f21-b0f9-b20eec8e504c d3d9d31cb54e4a59bc70e47a08d2e39a a215e08be10a4078ac4b4bf39efb3e67 - - default default] 10.0.0.27 "GET /v2.0/security-group-rules/0703ab76-2c34-46fc-9fc0-5921bacb777a HTTP/1.1" status: 404 len: 356 time: 0.0079603
2026-06-26 04:52:42.173 9 INFO neutron.wsgi [None req-bfcdf7b5-c6f1-4f97-a1c0-cbdbc7824151 5cdbacb9dcb840bca1ce8c69e40d6843 a5845ccbe5394e6bbbbb76d604a4baab - - default default] 10.0.0.27 "DELETE /v2.0/qos/policies/8f9dab25-b5c6-4ee5-a9d9-597fd42fb8b0 HTTP/1.1" status: 204 len: 168 time: 0.0548708
2026-06-26 04:52:42.284 10 INFO neutron.wsgi [None req-dfe2b105-e1b4-4d13-a716-5f04bd0d0650 d3d9d31cb54e4a59bc70e47a08d2e39a a215e08be10a4078ac4b4bf39efb3e67 - - default default] 10.0.0.27 "DELETE /v2.0/security-group-rules/182c2cc9-23bd-4efe-85b5-9aa80386e9d9 HTTP/1.1" status: 204 len: 168 time: 0.1265876
2026-06-26 04:52:42.297 10 INFO neutron.api.v2.resource [None req-086fb275-3d06-4b5a-bc0a-d383aada04ba d3d9d31cb54e4a59bc70e47a08d2e39a a215e08be10a4078ac4b4bf39efb3e67 - - default default] show failed (client error): The resource could not be found.
2026-06-26 04:52:42.298 10 INFO neutron.wsgi [None req-086fb275-3d06-4b5a-bc0a-d383aada04ba d3d9d31cb54e4a59bc70e47a08d2e39a a215e08be10a4078ac4b4bf39efb3e67 - - default default] 10.0.0.27 "GET /v2.0/security-group-rules/182c2cc9-23bd-4efe-85b5-9aa80386e9d9 HTTP/1.1" status: 404 len: 356 time: 0.0085289
2026-06-26 04:52:42.446 10 INFO neutron.wsgi [None req-6788949e-7c33-4202-94bf-8ec6f741706d d3d9d31cb54e4a59bc70e47a08d2e39a a215e08be10a4078ac4b4bf39efb3e67 - - default default] 10.0.0.27 "DELETE /v2.0/security-group-rules/4f85ade7-1bf4-4984-8740-f29798713c05 HTTP/1.1" status: 204 len: 168 time: 0.1423931
2026-06-26 04:52:42.457 10 INFO neutron.api.v2.resource [None req-2cf1f7b5-749a-48ef-921a-265f30ca4954 d3d9d31cb54e4a59bc70e47a08d2e39a a215e08be10a4078ac4b4bf39efb3e67 - - default default] show failed (client error): The resource could not be found.
2026-06-26 04:52:42.458 10 INFO neutron.wsgi [None req-2cf1f7b5-749a-48ef-921a-265f30ca4954 d3d9d31cb54e4a59bc70e47a08d2e39a a215e08be10a4078ac4b4bf39efb3e67 - - default default] 10.0.0.27 "GET /v2.0/security-group-rules/4f85ade7-1bf4-4984-8740-f29798713c05 HTTP/1.1" status: 404 len: 356 time: 0.0078027
2026-06-26 04:52:42.558 10 INFO neutron.wsgi [None req-efd4abff-11f3-4e87-ae5d-0e9cbd9e9167 d3d9d31cb54e4a59bc70e47a08d2e39a a215e08be10a4078ac4b4bf39efb3e67 - - default default] 10.0.0.27 "DELETE /v2.0/security-group-rules/f75fa5c9-7d1f-48f3-80f9-3ed9a1315c6c HTTP/1.1" status: 204 len: 168 time: 0.0978706
2026-06-26 04:52:42.568 10 INFO neutron.api.v2.resource [None req-32609558-ac28-4a72-885b-c614961a8182 d3d9d31cb54e4a59bc70e47a08d2e39a a215e08be10a4078ac4b4bf39efb3e67 - - default default] show failed (client error): The resource could not be found.
2026-06-26 04:52:42.569 10 INFO neutron.wsgi [None req-32609558-ac28-4a72-885b-c614961a8182 d3d9d31cb54e4a59bc70e47a08d2e39a a215e08be10a4078ac4b4bf39efb3e67 - - default default] 10.0.0.27 "GET /v2.0/security-group-rules/f75fa5c9-7d1f-48f3-80f9-3ed9a1315c6c HTTP/1.1" status: 404 len: 356 time: 0.0075972
