2026-06-26 04:50:13.113 9 INFO neutron.db.ovn_revision_numbers_db [None req-87fed3ff-35f2-41ab-b72c-ac59a02bb86e dfa2b7c6895248229874da3d0cd52dce 05bac32385d141389de08b3cebdce2ac - - default default] Successfully bumped revision number for resource 31a13016-430a-4a17-8aa0-626a5fa63929 (type: security_groups) to 1
2026-06-26 04:50:13.131 9 INFO neutron.db.ovn_revision_numbers_db [None req-87fed3ff-35f2-41ab-b72c-ac59a02bb86e dfa2b7c6895248229874da3d0cd52dce 05bac32385d141389de08b3cebdce2ac - - default default] Successfully bumped revision number for resource 7298f035-5c95-4c03-9794-324819668530 (type: security_group_rules) to 0
2026-06-26 04:50:13.169 9 INFO neutron.db.ovn_revision_numbers_db [None req-87fed3ff-35f2-41ab-b72c-ac59a02bb86e dfa2b7c6895248229874da3d0cd52dce 05bac32385d141389de08b3cebdce2ac - - default default] Successfully bumped revision number for resource 7ccf48a4-8fb8-418a-b12c-f469a17aa015 (type: security_group_rules) to 0
2026-06-26 04:50:13.187 9 INFO neutron.db.ovn_revision_numbers_db [None req-87fed3ff-35f2-41ab-b72c-ac59a02bb86e dfa2b7c6895248229874da3d0cd52dce 05bac32385d141389de08b3cebdce2ac - - default default] Successfully bumped revision number for resource a71fa8e5-b77c-4a10-9c34-720683ea83d8 (type: security_group_rules) to 0
2026-06-26 04:50:13.207 9 INFO neutron.db.ovn_revision_numbers_db [None req-87fed3ff-35f2-41ab-b72c-ac59a02bb86e dfa2b7c6895248229874da3d0cd52dce 05bac32385d141389de08b3cebdce2ac - - default default] Successfully bumped revision number for resource c675dc0c-eecb-4070-97d5-f247937ccfcc (type: security_group_rules) to 0
2026-06-26 04:50:13.239 9 INFO neutron.wsgi [None req-87fed3ff-35f2-41ab-b72c-ac59a02bb86e dfa2b7c6895248229874da3d0cd52dce 05bac32385d141389de08b3cebdce2ac - - default default] 10.0.0.27 "GET /v2.0/security-groups?tenant_id=b6b06914d19b4c468e78565130d898a1&name=default HTTP/1.1" status: 200 len: 2996 time: 0.6536348
2026-06-26 04:50:13.283 9 WARNING neutron.scheduler.dhcp_agent_scheduler [None req-175e9567-9cc0-443c-a9de-564d3f24aca4 76d2244da10e49279bf18869eb9b1fa1 3e644f7cb72b43c0b17ae17b87977555 - - default default] No more DHCP agents
2026-06-26 04:50:13.286 9 WARNING neutron.api.rpc.agentnotifiers.dhcp_rpc_agent_api [None req-175e9567-9cc0-443c-a9de-564d3f24aca4 76d2244da10e49279bf18869eb9b1fa1 3e644f7cb72b43c0b17ae17b87977555 - - default default] Unable to schedule network fd723170-147e-4093-b604-c87254e21c7a: no agents available; will retry on subsequent port and subnet creation events.
2026-06-26 04:50:13.401 10 WARNING neutron.scheduler.dhcp_agent_scheduler [req-952a71fe-ddac-4e94-92d7-550a8bc06681 req-44d6ffbd-c28c-41a6-9bcd-ffaf27494156 dfa2b7c6895248229874da3d0cd52dce 05bac32385d141389de08b3cebdce2ac - - default default] No more DHCP agents
2026-06-26 04:50:13.403 10 WARNING neutron.api.rpc.agentnotifiers.dhcp_rpc_agent_api [req-952a71fe-ddac-4e94-92d7-550a8bc06681 req-44d6ffbd-c28c-41a6-9bcd-ffaf27494156 dfa2b7c6895248229874da3d0cd52dce 05bac32385d141389de08b3cebdce2ac - - default default] Unable to schedule network e83061b7-3dd2-40f9-8019-6bdd1995a5dc: no agents available; will retry on subsequent port and subnet creation events.
2026-06-26 04:50:13.486 9 INFO neutron.db.ovn_revision_numbers_db [None req-175e9567-9cc0-443c-a9de-564d3f24aca4 76d2244da10e49279bf18869eb9b1fa1 3e644f7cb72b43c0b17ae17b87977555 - - default default] Successfully bumped revision number for resource e65607e5-b0ea-4497-b8bf-1483e8b701b0 (type: ports) to 1
2026-06-26 04:50:13.536 9 INFO neutron.wsgi [None req-b5e70aa3-20a5-4358-8cba-e3d06072931a dfa2b7c6895248229874da3d0cd52dce 05bac32385d141389de08b3cebdce2ac - - default default] 10.0.0.27 "DELETE /v2.0/security-groups/31a13016-430a-4a17-8aa0-626a5fa63929 HTTP/1.1" status: 204 len: 168 time: 0.2914238
2026-06-26 04:50:13.608 10 INFO neutron.db.ovn_revision_numbers_db [req-952a71fe-ddac-4e94-92d7-550a8bc06681 req-44d6ffbd-c28c-41a6-9bcd-ffaf27494156 dfa2b7c6895248229874da3d0cd52dce 05bac32385d141389de08b3cebdce2ac - - default default] Successfully bumped revision number for resource b16bc490-8db0-4514-95bc-64f4dcf2a471 (type: ports) to 1
2026-06-26 04:50:13.626 10 INFO neutron.wsgi [req-952a71fe-ddac-4e94-92d7-550a8bc06681 req-44d6ffbd-c28c-41a6-9bcd-ffaf27494156 dfa2b7c6895248229874da3d0cd52dce 05bac32385d141389de08b3cebdce2ac - - default default] 199.204.45.74 "POST /v2.0/ports HTTP/1.1" status: 201 len: 1287 time: 0.5303259 /var/lib/openstack/lib/python3.10/site-packages/pycadf/identifier.py:71: UserWarning: Invalid uuid: neutron. To ensure interoperability, identifiers should be a valid uuid. warnings.warn(('Invalid uuid: %s. To ensure interoperability, '
2026-06-26 04:50:13.868 10 INFO neutron.plugins.ml2.drivers.ovn.mech_driver.mech_driver [None req-1a5073a8-6585-46b6-a31d-df1d27a05419 - - - - - -] OVN reports status up for port: e65607e5-b0ea-4497-b8bf-1483e8b701b0
2026-06-26 04:50:13.882 10 INFO neutron.plugins.ml2.plugin [None req-1a5073a8-6585-46b6-a31d-df1d27a05419 - - - - - -] Attempt 1 to provision port e65607e5-b0ea-4497-b8bf-1483e8b701b0
2026-06-26 04:50:13.903 9 INFO neutron.db.ovn_revision_numbers_db [None req-175e9567-9cc0-443c-a9de-564d3f24aca4 76d2244da10e49279bf18869eb9b1fa1 3e644f7cb72b43c0b17ae17b87977555 - - default default] Successfully bumped revision number for resource e65607e5-b0ea-4497-b8bf-1483e8b701b0 (type: router_ports) to 1
2026-06-26 04:50:14.061 9 INFO neutron.db.ovn_revision_numbers_db [None req-175e9567-9cc0-443c-a9de-564d3f24aca4 76d2244da10e49279bf18869eb9b1fa1 3e644f7cb72b43c0b17ae17b87977555 - - default default] Successfully bumped revision number for resource e65607e5-b0ea-4497-b8bf-1483e8b701b0 (type: ports) to 1
2026-06-26 04:50:14.089 10 INFO neutron.db.ovn_revision_numbers_db [req-952a71fe-ddac-4e94-92d7-550a8bc06681 req-0949abdb-fe83-4286-918d-73f6283d5bf4 db2fe22851e34c719e82f24bd7f83f63 fb1b2889ef2f4f67b28195cc98a5d19a - - 9b583444a272434391a3fb991aa33bcb 9b583444a272434391a3fb991aa33bcb] Successfully bumped revision number for resource b16bc490-8db0-4514-95bc-64f4dcf2a471 (type: ports) to 2
2026-06-26 04:50:14.147 9 WARNING neutron.scheduler.dhcp_agent_scheduler [None req-175e9567-9cc0-443c-a9de-564d3f24aca4 76d2244da10e49279bf18869eb9b1fa1 3e644f7cb72b43c0b17ae17b87977555 - - default default] No more DHCP agents
2026-06-26 04:50:14.148 9 WARNING neutron.api.rpc.agentnotifiers.dhcp_rpc_agent_api [None req-175e9567-9cc0-443c-a9de-564d3f24aca4 76d2244da10e49279bf18869eb9b1fa1 3e644f7cb72b43c0b17ae17b87977555 - - default default] Unable to schedule network fd723170-147e-4093-b604-c87254e21c7a: no agents available; will retry on subsequent port and subnet creation events.
2026-06-26 04:50:14.237 10 INFO neutron.db.ovn_revision_numbers_db [None req-1a5073a8-6585-46b6-a31d-df1d27a05419 - - - - - -] Successfully bumped revision number for resource e65607e5-b0ea-4497-b8bf-1483e8b701b0 (type: ports) to 2
2026-06-26 04:50:14.383 9 INFO neutron.db.ovn_revision_numbers_db [None req-175e9567-9cc0-443c-a9de-564d3f24aca4 76d2244da10e49279bf18869eb9b1fa1 3e644f7cb72b43c0b17ae17b87977555 - - default default] Successfully bumped revision number for resource e65607e5-b0ea-4497-b8bf-1483e8b701b0 (type: router_ports) to 2
2026-06-26 04:50:14.386 9 INFO neutron.wsgi [None req-175e9567-9cc0-443c-a9de-564d3f24aca4 76d2244da10e49279bf18869eb9b1fa1 3e644f7cb72b43c0b17ae17b87977555 - - default default] 10.0.0.27 "PUT /v2.0/routers/673d940d-a17d-43d2-85c4-e5498fd24568/add_router_interface HTTP/1.1" status: 200 len: 503 time: 1.9158525 /var/lib/openstack/lib/python3.10/site-packages/pycadf/identifier.py:71: UserWarning: Invalid uuid: neutron. To ensure interoperability, identifiers should be a valid uuid. warnings.warn(('Invalid uuid: %s. To ensure interoperability, '
2026-06-26 04:50:14.445 10 INFO neutron.db.ovn_revision_numbers_db [req-952a71fe-ddac-4e94-92d7-550a8bc06681 req-0949abdb-fe83-4286-918d-73f6283d5bf4 db2fe22851e34c719e82f24bd7f83f63 fb1b2889ef2f4f67b28195cc98a5d19a - - 9b583444a272434391a3fb991aa33bcb 9b583444a272434391a3fb991aa33bcb] Successfully bumped revision number for resource b16bc490-8db0-4514-95bc-64f4dcf2a471 (type: ports) to 2
2026-06-26 04:50:14.502 10 INFO neutron.wsgi [req-952a71fe-ddac-4e94-92d7-550a8bc06681 req-0949abdb-fe83-4286-918d-73f6283d5bf4 db2fe22851e34c719e82f24bd7f83f63 fb1b2889ef2f4f67b28195cc98a5d19a - - 9b583444a272434391a3fb991aa33bcb 9b583444a272434391a3fb991aa33bcb] 199.204.45.74 "PUT /v2.0/ports/b16bc490-8db0-4514-95bc-64f4dcf2a471 HTTP/1.1" status: 200 len: 1384 time: 0.8654613
2026-06-26 04:50:14.535 10 INFO neutron.wsgi [req-a9e95b2e-3a33-45f3-b2da-1c93a7368653 req-7c7f8df3-8f69-4f99-8801-6f5020efc719 dfa2b7c6895248229874da3d0cd52dce 05bac32385d141389de08b3cebdce2ac - - default default] 10.0.0.144 "GET /v2.0/ports?device_id=28108302-ec3c-4947-b192-fa9ba5b9bc11 HTTP/1.1" status: 200 len: 1415 time: 0.0536103
2026-06-26 04:50:14.555 10 INFO neutron.notifiers.nova [-] Nova event matching ['req-d0ddda9a-67d4-40b7-898b-44c9eac0f808'] response: {'name': 'network-changed', 'server_uuid': '28108302-ec3c-4947-b192-fa9ba5b9bc11', 'tag': 'b16bc490-8db0-4514-95bc-64f4dcf2a471', 'status': 'completed', 'code': 200}
2026-06-26 04:50:14.571 10 INFO neutron.wsgi [None req-04fc351a-a617-4be1-8c30-a3efea86cfdd 76d2244da10e49279bf18869eb9b1fa1 3e644f7cb72b43c0b17ae17b87977555 - - default default] 10.0.0.27 "GET /v2.0/ports/e65607e5-b0ea-4497-b8bf-1483e8b701b0 HTTP/1.1" status: 200 len: 1137 time: 0.1773369
2026-06-26 04:50:14.590 10 INFO neutron.wsgi [req-952a71fe-ddac-4e94-92d7-550a8bc06681 req-733afe50-2ec3-4ab8-b042-325b852fcfb4 db2fe22851e34c719e82f24bd7f83f63 fb1b2889ef2f4f67b28195cc98a5d19a - - 9b583444a272434391a3fb991aa33bcb 9b583444a272434391a3fb991aa33bcb] 199.204.45.74 "GET /v2.0/ports?tenant_id=05bac32385d141389de08b3cebdce2ac&device_id=28108302-ec3c-4947-b192-fa9ba5b9bc11 HTTP/1.1" status: 200 len: 1415 time: 0.0363073
2026-06-26 04:50:14.600 10 INFO neutron.wsgi [req-a9e95b2e-3a33-45f3-b2da-1c93a7368653 req-ef3002d5-c0ea-4978-8e4c-d97834a9203a dfa2b7c6895248229874da3d0cd52dce 05bac32385d141389de08b3cebdce2ac - - default default] 10.0.0.144 "GET /v2.0/security-groups?id=e0ce7d8b-c2ac-4239-8cb2-1947851d9bb4&fields=id&fields=name HTTP/1.1" status: 200 len: 294 time: 0.0551898
2026-06-26 04:50:14.610 9 INFO neutron.wsgi [None req-c01e7ee1-3405-4846-8207-b9db8249be96 76d2244da10e49279bf18869eb9b1fa1 3e644f7cb72b43c0b17ae17b87977555 - - default default] 10.0.0.27 "GET /v2.0/ports/e65607e5-b0ea-4497-b8bf-1483e8b701b0 HTTP/1.1" status: 200 len: 1137 time: 0.0324111
2026-06-26 04:50:14.621 10 INFO neutron.wsgi [req-952a71fe-ddac-4e94-92d7-550a8bc06681 req-68030985-9c97-4813-845b-3cbacef075af db2fe22851e34c719e82f24bd7f83f63 fb1b2889ef2f4f67b28195cc98a5d19a - - 9b583444a272434391a3fb991aa33bcb 9b583444a272434391a3fb991aa33bcb] 199.204.45.74 "GET /v2.0/floatingips?fixed_ip_address=172.24.2.173&port_id=b16bc490-8db0-4514-95bc-64f4dcf2a471 HTTP/1.1" status: 200 len: 217 time: 0.0207543
2026-06-26 04:50:14.690 10 INFO neutron.wsgi [req-952a71fe-ddac-4e94-92d7-550a8bc06681 req-4ab82674-b434-4b56-8b63-28603b68517d db2fe22851e34c719e82f24bd7f83f63 fb1b2889ef2f4f67b28195cc98a5d19a - - 9b583444a272434391a3fb991aa33bcb 9b583444a272434391a3fb991aa33bcb] 199.204.45.74 "GET /v2.0/subnets?id=4ced1257-0e1e-4d53-8a86-3a7731002d3e HTTP/1.1" status: 200 len: 829 time: 0.0627160
2026-06-26 04:50:14.722 10 INFO neutron.wsgi [req-44cb540f-2ccd-4d03-91d6-2090a1866cc6 req-1a349b41-0b4e-4368-8474-b8e2203f5878 dfa2b7c6895248229874da3d0cd52dce 05bac32385d141389de08b3cebdce2ac - - default default] 10.0.0.144 "GET /v2.0/ports?device_id=28108302-ec3c-4947-b192-fa9ba5b9bc11 HTTP/1.1" status: 200 len: 1415 time: 0.0410841
2026-06-26 04:50:14.724 10 INFO neutron.wsgi [req-952a71fe-ddac-4e94-92d7-550a8bc06681 req-ac335c76-ad71-4345-9ba7-7b8138fce90f db2fe22851e34c719e82f24bd7f83f63 fb1b2889ef2f4f67b28195cc98a5d19a - - 9b583444a272434391a3fb991aa33bcb 9b583444a272434391a3fb991aa33bcb] 199.204.45.74 "GET /v2.0/ports?network_id=e83061b7-3dd2-40f9-8019-6bdd1995a5dc&device_owner=network%3Adhcp HTTP/1.1" status: 200 len: 210 time: 0.0188849
2026-06-26 04:50:14.798 10 INFO neutron.wsgi [req-952a71fe-ddac-4e94-92d7-550a8bc06681 req-f8148dff-007c-4fb8-92f6-6519578097c3 db2fe22851e34c719e82f24bd7f83f63 fb1b2889ef2f4f67b28195cc98a5d19a - - 9b583444a272434391a3fb991aa33bcb 9b583444a272434391a3fb991aa33bcb] 199.204.45.74 "GET /v2.0/networks/e83061b7-3dd2-40f9-8019-6bdd1995a5dc?fields=segments HTTP/1.1" status: 200 len: 212 time: 0.0672984
2026-06-26 04:50:14.868 10 INFO neutron.wsgi [req-952a71fe-ddac-4e94-92d7-550a8bc06681 req-6b1f8c11-2a23-4aff-a54f-df995ccc4e0c db2fe22851e34c719e82f24bd7f83f63 fb1b2889ef2f4f67b28195cc98a5d19a - - 9b583444a272434391a3fb991aa33bcb 9b583444a272434391a3fb991aa33bcb] 199.204.45.74 "GET /v2.0/networks/e83061b7-3dd2-40f9-8019-6bdd1995a5dc?fields=provider%3Aphysical_network&fields=provider%3Anetwork_type HTTP/1.1" status: 200 len: 277 time: 0.0646613
2026-06-26 04:50:14.976 10 INFO neutron.wsgi [req-4e948dd2-f211-4586-a299-00173d0c035d req-89a5f6bd-63af-4810-bee2-cce8e84bb0f2 db2fe22851e34c719e82f24bd7f83f63 fb1b2889ef2f4f67b28195cc98a5d19a - - 9b583444a272434391a3fb991aa33bcb 9b583444a272434391a3fb991aa33bcb] 199.204.45.74 "GET /v2.0/ports?tenant_id=05bac32385d141389de08b3cebdce2ac&device_id=28108302-ec3c-4947-b192-fa9ba5b9bc11 HTTP/1.1" status: 200 len: 1415 time: 0.0293193
2026-06-26 04:50:15.039 10 INFO neutron.wsgi [req-4e948dd2-f211-4586-a299-00173d0c035d req-77c214d9-72eb-4c53-a337-0d71730ee2fc db2fe22851e34c719e82f24bd7f83f63 fb1b2889ef2f4f67b28195cc98a5d19a - - 9b583444a272434391a3fb991aa33bcb 9b583444a272434391a3fb991aa33bcb] 199.204.45.74 "GET /v2.0/networks?id=e83061b7-3dd2-40f9-8019-6bdd1995a5dc HTTP/1.1" status: 200 len: 936 time: 0.0562005
2026-06-26 04:50:15.064 10 INFO neutron.wsgi [req-4e948dd2-f211-4586-a299-00173d0c035d req-17a4cb99-b10a-411b-bb86-948d0b30b39a db2fe22851e34c719e82f24bd7f83f63 fb1b2889ef2f4f67b28195cc98a5d19a - - 9b583444a272434391a3fb991aa33bcb 9b583444a272434391a3fb991aa33bcb] 199.204.45.74 "GET /v2.0/floatingips?fixed_ip_address=172.24.2.173&port_id=b16bc490-8db0-4514-95bc-64f4dcf2a471 HTTP/1.1" status: 200 len: 217 time: 0.0178325
2026-06-26 04:50:15.096 10 INFO neutron.wsgi [req-4e948dd2-f211-4586-a299-00173d0c035d req-ba11c938-8b8e-4a67-93b1-b404a1f163b5 db2fe22851e34c719e82f24bd7f83f63 fb1b2889ef2f4f67b28195cc98a5d19a - - 9b583444a272434391a3fb991aa33bcb 9b583444a272434391a3fb991aa33bcb] 199.204.45.74 "GET /v2.0/subnets?id=4ced1257-0e1e-4d53-8a86-3a7731002d3e HTTP/1.1" status: 200 len: 829 time: 0.0247955
2026-06-26 04:50:15.125 10 INFO neutron.wsgi [req-4e948dd2-f211-4586-a299-00173d0c035d req-d2d2d4ab-61da-4195-8949-db5d385ade56 db2fe22851e34c719e82f24bd7f83f63 fb1b2889ef2f4f67b28195cc98a5d19a - - 9b583444a272434391a3fb991aa33bcb 9b583444a272434391a3fb991aa33bcb] 199.204.45.74 "GET /v2.0/ports?network_id=e83061b7-3dd2-40f9-8019-6bdd1995a5dc&device_owner=network%3Adhcp HTTP/1.1" status: 200 len: 210 time: 0.0141528
2026-06-26 04:50:15.146 9 INFO neutron.wsgi [req-be5e9370-b9f3-4812-8761-311fead17601 req-3a8edf63-ec7f-446a-a59f-a9da2283fef4 db2fe22851e34c719e82f24bd7f83f63 fb1b2889ef2f4f67b28195cc98a5d19a - - 9b583444a272434391a3fb991aa33bcb 9b583444a272434391a3fb991aa33bcb] 199.204.45.74 "GET /v2.0/ports?device_id=28108302-ec3c-4947-b192-fa9ba5b9bc11 HTTP/1.1" status: 200 len: 1415 time: 0.0346100
2026-06-26 04:50:15.203 10 INFO neutron.wsgi [req-4e948dd2-f211-4586-a299-00173d0c035d req-98c38bd1-6efc-44e6-b933-c816c836e514 db2fe22851e34c719e82f24bd7f83f63 fb1b2889ef2f4f67b28195cc98a5d19a - - 9b583444a272434391a3fb991aa33bcb 9b583444a272434391a3fb991aa33bcb] 199.204.45.74 "GET /v2.0/networks/e83061b7-3dd2-40f9-8019-6bdd1995a5dc?fields=segments HTTP/1.1" status: 200 len: 212 time: 0.0720298
2026-06-26 04:50:15.210 9 INFO neutron.wsgi [req-be5e9370-b9f3-4812-8761-311fead17601 req-5e58911f-cbd5-4853-be36-4c9477f7caaf db2fe22851e34c719e82f24bd7f83f63 fb1b2889ef2f4f67b28195cc98a5d19a - - 9b583444a272434391a3fb991aa33bcb 9b583444a272434391a3fb991aa33bcb] 199.204.45.74 "GET /v2.0/security-groups?id=e0ce7d8b-c2ac-4239-8cb2-1947851d9bb4&fields=id&fields=name HTTP/1.1" status: 200 len: 294 time: 0.0568950
2026-06-26 04:50:15.272 10 INFO neutron.wsgi [req-4e948dd2-f211-4586-a299-00173d0c035d req-ae826a10-0b71-4f94-9924-39b9b0610f6f db2fe22851e34c719e82f24bd7f83f63 fb1b2889ef2f4f67b28195cc98a5d19a - - 9b583444a272434391a3fb991aa33bcb 9b583444a272434391a3fb991aa33bcb] 199.204.45.74 "GET /v2.0/networks/e83061b7-3dd2-40f9-8019-6bdd1995a5dc?fields=provider%3Aphysical_network&fields=provider%3Anetwork_type HTTP/1.1" status: 200 len: 277 time: 0.0620205
2026-06-26 04:50:15.306 9 INFO neutron.wsgi [None req-275551d0-73e3-49a2-a08d-6e5f0b69da89 76d2244da10e49279bf18869eb9b1fa1 3e644f7cb72b43c0b17ae17b87977555 - - default default] 10.0.0.27 "PUT /v2.0/routers/673d940d-a17d-43d2-85c4-e5498fd24568/remove_router_interface HTTP/1.1" status: 200 len: 503 time: 0.6912105
2026-06-26 04:50:15.309 9 INFO neutron.plugins.ml2.drivers.ovn.mech_driver.mech_driver [None req-68e21a8b-ec29-4fb6-87e7-89a78c2f50d4 - - - - - -] OVN reports status up for port: b16bc490-8db0-4514-95bc-64f4dcf2a471
2026-06-26 04:50:15.321 9 INFO neutron.plugins.ml2.plugin [None req-68e21a8b-ec29-4fb6-87e7-89a78c2f50d4 - - - - - -] Attempt 1 to provision port b16bc490-8db0-4514-95bc-64f4dcf2a471
2026-06-26 04:50:15.344 10 INFO neutron.wsgi [None req-29ab860e-6d7c-4a8a-9a0a-237bc508e2af 76d2244da10e49279bf18869eb9b1fa1 3e644f7cb72b43c0b17ae17b87977555 - - default default] 10.0.0.27 "GET /v2.0/ports?device_id=673d940d-a17d-43d2-85c4-e5498fd24568 HTTP/1.1" status: 200 len: 205 time: 0.0272746 /var/lib/openstack/lib/python3.10/site-packages/pycadf/identifier.py:71: UserWarning: Invalid uuid: neutron. To ensure interoperability, identifiers should be a valid uuid. warnings.warn(('Invalid uuid: %s. To ensure interoperability, '
2026-06-26 04:50:15.523 9 INFO neutron.notifiers.nova [-] Nova event matching ['req-26538efa-5f9a-424a-9964-9df8d1b57b72'] response: {'server_uuid': '28108302-ec3c-4947-b192-fa9ba5b9bc11', 'name': 'network-vif-plugged', 'status': 'completed', 'tag': 'b16bc490-8db0-4514-95bc-64f4dcf2a471', 'code': 200}
2026-06-26 04:50:15.595 9 INFO neutron.wsgi [None req-d40c2958-77b1-4c6e-8707-4909aff0f770 76d2244da10e49279bf18869eb9b1fa1 3e644f7cb72b43c0b17ae17b87977555 - - default default] 10.0.0.27 "DELETE /v2.0/routers/673d940d-a17d-43d2-85c4-e5498fd24568 HTTP/1.1" status: 204 len: 168 time: 0.2448816
2026-06-26 04:50:15.721 9 INFO neutron.db.ovn_revision_numbers_db [None req-68e21a8b-ec29-4fb6-87e7-89a78c2f50d4 - - - - - -] Successfully bumped revision number for resource b16bc490-8db0-4514-95bc-64f4dcf2a471 (type: ports) to 4
2026-06-26 04:50:15.840 10 INFO neutron.wsgi [None req-87e8a129-258c-41e8-a2de-957233996578 76d2244da10e49279bf18869eb9b1fa1 3e644f7cb72b43c0b17ae17b87977555 - - default default] 10.0.0.27 "DELETE /v2.0/subnets/eb66095f-c745-4d9f-9ccb-0b037d810b6d HTTP/1.1" status: 204 len: 168 time: 0.2377882 /var/lib/openstack/lib/python3.10/site-packages/pycadf/identifier.py:71: UserWarning: Invalid uuid: neutron. To ensure interoperability, identifiers should be a valid uuid. warnings.warn(('Invalid uuid: %s. To ensure interoperability, '
2026-06-26 04:50:16.373 9 INFO neutron.services.segments.plugin [-] Segment af4c7422-752d-4844-b2a4-1a7b39876330 resource provider aggregate not found
2026-06-26 04:50:16.379 9 INFO neutron.services.segments.plugin [-] Segment af4c7422-752d-4844-b2a4-1a7b39876330 resource provider aggregate not found
2026-06-26 04:50:16.407 9 INFO neutron.services.segments.plugin [-] Segment af4c7422-752d-4844-b2a4-1a7b39876330 resource provider not found; error: Placement Client Error (4xx): {"errors": [{"status": 404, "title": "Not Found", "detail": "The resource could not be found.\n\n No resource provider with uuid af4c7422-752d-4844-b2a4-1a7b39876330 found for delete ", "request_id": "req-8c058c5a-98c5-4bc4-8ba6-d7a01ed94e18"}]}
2026-06-26 04:50:16.412 9 INFO neutron.services.segments.plugin [-] Segment af4c7422-752d-4844-b2a4-1a7b39876330 resource provider not found; error: Placement Client Error (4xx): {"errors": [{"status": 404, "title": "Not Found", "detail": "The resource could not be found.\n\n No resource provider with uuid af4c7422-752d-4844-b2a4-1a7b39876330 found for delete ", "request_id": "req-c45c3f3d-bd4e-4846-9436-8baffcaecb61"}]}
2026-06-26 04:50:16.432 9 INFO neutron.wsgi [None req-9b452fa8-08ef-4bc1-8dfc-3976699e7f5e 76d2244da10e49279bf18869eb9b1fa1 3e644f7cb72b43c0b17ae17b87977555 - - default default] 10.0.0.27 "DELETE /v2.0/networks/fd723170-147e-4093-b604-c87254e21c7a HTTP/1.1" status: 204 len: 168 time: 0.5848792
2026-06-26 04:50:16.989 10 INFO neutron.wsgi [req-f2694753-ff6b-403b-82a7-a01cb9dbea8f req-96ecb7d2-c2c2-4240-a95e-2a80e4719c39 dfa2b7c6895248229874da3d0cd52dce 05bac32385d141389de08b3cebdce2ac - - default default] 10.0.0.144 "GET /v2.0/ports?device_id=28108302-ec3c-4947-b192-fa9ba5b9bc11 HTTP/1.1" status: 200 len: 1417 time: 0.0401552
2026-06-26 04:50:17.021 10 WARNING neutron.scheduler.dhcp_agent_scheduler [None req-c5c3e3e0-af71-454d-a21a-55445248bd6f 76d2244da10e49279bf18869eb9b1fa1 3e644f7cb72b43c0b17ae17b87977555 - - default default] No more DHCP agents
2026-06-26 04:50:17.032 10 WARNING neutron.api.rpc.agentnotifiers.dhcp_rpc_agent_api [None req-c5c3e3e0-af71-454d-a21a-55445248bd6f 76d2244da10e49279bf18869eb9b1fa1 3e644f7cb72b43c0b17ae17b87977555 - - default default] Unable to schedule network 0011ab2a-da77-4193-8caf-2cab7c251929: no agents available; will retry on subsequent port and subnet creation events.
2026-06-26 04:50:17.062 10 INFO neutron.wsgi [req-f2694753-ff6b-403b-82a7-a01cb9dbea8f req-7062ed2e-e291-4778-ae66-4482ea8b4350 dfa2b7c6895248229874da3d0cd52dce 05bac32385d141389de08b3cebdce2ac - - default default] 10.0.0.144 "GET /v2.0/security-groups?id=e0ce7d8b-c2ac-4239-8cb2-1947851d9bb4&fields=id&fields=name HTTP/1.1" status: 200 len: 294 time: 0.0641148
2026-06-26 04:50:17.155 10 INFO neutron.wsgi [req-54bb8cf2-a6b7-4e09-b265-34b92989cce0 req-017c13bb-b6f3-434b-94c0-894d1bee5301 dfa2b7c6895248229874da3d0cd52dce 05bac32385d141389de08b3cebdce2ac - - default default] 10.0.0.144 "GET /v2.0/ports?device_id=28108302-ec3c-4947-b192-fa9ba5b9bc11 HTTP/1.1" status: 200 len: 1417 time: 0.0415828
2026-06-26 04:50:17.209 10 INFO neutron.db.ovn_revision_numbers_db [None req-c5c3e3e0-af71-454d-a21a-55445248bd6f 76d2244da10e49279bf18869eb9b1fa1 3e644f7cb72b43c0b17ae17b87977555 - - default default] Successfully bumped revision number for resource e0118aa5-cb76-4a34-ad77-644a892a542b (type: ports) to 1
2026-06-26 04:50:17.589 9 INFO neutron.notifiers.nova [-] Nova event matching ['req-2ecfed71-ad0b-4119-b3b9-bdc0980ae106'] response: {'server_uuid': '28108302-ec3c-4947-b192-fa9ba5b9bc11', 'name': 'network-vif-plugged', 'status': 'completed', 'tag': 'b16bc490-8db0-4514-95bc-64f4dcf2a471', 'code': 200}
2026-06-26 04:50:18.179 9 INFO neutron.plugins.ml2.drivers.ovn.mech_driver.mech_driver [None req-68e21a8b-ec29-4fb6-87e7-89a78c2f50d4 - - - - - -] OVN reports status up for port: e0118aa5-cb76-4a34-ad77-644a892a542b
2026-06-26 04:50:18.188 9 INFO neutron.plugins.ml2.plugin [None req-68e21a8b-ec29-4fb6-87e7-89a78c2f50d4 - - - - - -] Attempt 1 to provision port e0118aa5-cb76-4a34-ad77-644a892a542b
2026-06-26 04:50:18.265 10 INFO neutron.db.ovn_revision_numbers_db [None req-c5c3e3e0-af71-454d-a21a-55445248bd6f 76d2244da10e49279bf18869eb9b1fa1 3e644f7cb72b43c0b17ae17b87977555 - - default default] Successfully bumped revision number for resource e0118aa5-cb76-4a34-ad77-644a892a542b (type: router_ports) to 1
2026-06-26 04:50:18.354 10 INFO neutron.db.ovn_revision_numbers_db [None req-c5c3e3e0-af71-454d-a21a-55445248bd6f 76d2244da10e49279bf18869eb9b1fa1 3e644f7cb72b43c0b17ae17b87977555 - - default default] Successfully bumped revision number for resource 102e8f73-4550-4498-835b-55765fe6fe5b (type: routers) to 2
2026-06-26 04:50:18.380 10 INFO neutron.wsgi [None req-c5c3e3e0-af71-454d-a21a-55445248bd6f 76d2244da10e49279bf18869eb9b1fa1 3e644f7cb72b43c0b17ae17b87977555 - - default default] 10.0.0.27 "POST /v2.0/routers HTTP/1.1" status: 201 len: 867 time: 1.9374747
2026-06-26 04:50:18.474 9 INFO neutron.db.ovn_revision_numbers_db [None req-4a46f341-b9c6-4ccd-a90a-4c96040f19b7 01dcb50cd7654acc9deb843f10a6f916 927f7f798fac44eb9bca508c4599dcc8 - - default default] Successfully bumped revision number for resource 1dba7dfb-d6e3-4801-9328-15347be68f7e (type: security_groups) to 1
2026-06-26 04:50:18.491 9 INFO neutron.wsgi [None req-ba1fa4c1-577b-4735-94ab-28bb2d4a25f8 76d2244da10e49279bf18869eb9b1fa1 3e644f7cb72b43c0b17ae17b87977555 - - default default] 10.0.0.27 "GET /v2.0/routers/102e8f73-4550-4498-835b-55765fe6fe5b HTTP/1.1" status: 200 len: 868 time: 0.0991352
2026-06-26 04:50:18.501 9 INFO neutron.db.ovn_revision_numbers_db [None req-4a46f341-b9c6-4ccd-a90a-4c96040f19b7 01dcb50cd7654acc9deb843f10a6f916 927f7f798fac44eb9bca508c4599dcc8 - - default default] Successfully bumped revision number for resource 455ad6fd-5235-4a5f-80a8-1a4601f50daa (type: security_group_rules) to 0
2026-06-26 04:50:18.558 9 INFO neutron.db.ovn_revision_numbers_db [None req-4a46f341-b9c6-4ccd-a90a-4c96040f19b7 01dcb50cd7654acc9deb843f10a6f916 927f7f798fac44eb9bca508c4599dcc8 - - default default] Successfully bumped revision number for resource 57bb24fe-c32d-454c-a47f-f2d5f6e274d1 (type: security_group_rules) to 0
2026-06-26 04:50:18.584 9 INFO neutron.db.ovn_revision_numbers_db [None req-4a46f341-b9c6-4ccd-a90a-4c96040f19b7 01dcb50cd7654acc9deb843f10a6f916 927f7f798fac44eb9bca508c4599dcc8 - - default default] Successfully bumped revision number for resource 967ae635-9b14-498e-a2ca-b1e23c9c98e3 (type: security_group_rules) to 0
2026-06-26 04:50:18.605 9 INFO neutron.wsgi [None req-29f13cdf-1003-47da-87ec-fe90f2e93580 76d2244da10e49279bf18869eb9b1fa1 3e644f7cb72b43c0b17ae17b87977555 - - default default] 10.0.0.27 "GET /v2.0/routers HTTP/1.1" status: 200 len: 871 time: 0.1091430
2026-06-26 04:50:18.609 9 INFO neutron.db.ovn_revision_numbers_db [None req-4a46f341-b9c6-4ccd-a90a-4c96040f19b7 01dcb50cd7654acc9deb843f10a6f916 927f7f798fac44eb9bca508c4599dcc8 - - default default] Successfully bumped revision number for resource fd2bb587-02c2-49ee-b469-1f597af9aa76 (type: security_group_rules) to 0
2026-06-26 04:50:18.666 9 INFO neutron.db.segments_db [None req-4a46f341-b9c6-4ccd-a90a-4c96040f19b7 01dcb50cd7654acc9deb843f10a6f916 927f7f798fac44eb9bca508c4599dcc8 - - default default] Added segment 1931ade3-eef4-44d9-a66e-b33ea572e69c of type geneve for network 3926fdd4-e51a-4a05-b679-e7cdb7b0a6e9
2026-06-26 04:50:19.058 10 INFO neutron.db.ovn_revision_numbers_db [None req-7c8caa19-c87c-479f-8fd5-e9aae598ddd4 76d2244da10e49279bf18869eb9b1fa1 3e644f7cb72b43c0b17ae17b87977555 - - default default] Successfully bumped revision number for resource 102e8f73-4550-4498-835b-55765fe6fe5b (type: routers) to 3
2026-06-26 04:50:19.063 10 INFO neutron.wsgi [None req-7c8caa19-c87c-479f-8fd5-e9aae598ddd4 76d2244da10e49279bf18869eb9b1fa1 3e644f7cb72b43c0b17ae17b87977555 - - default default] 10.0.0.27 "PUT /v2.0/routers/102e8f73-4550-4498-835b-55765fe6fe5b HTTP/1.1" status: 200 len: 875 time: 0.4411063
2026-06-26 04:50:19.147 10 INFO neutron.wsgi [None req-011ca0a9-38b5-4305-a01d-3e3e14364719 76d2244da10e49279bf18869eb9b1fa1 3e644f7cb72b43c0b17ae17b87977555 - - default default] 10.0.0.27 "GET /v2.0/routers/102e8f73-4550-4498-835b-55765fe6fe5b HTTP/1.1" status: 200 len: 875 time: 0.0779591
2026-06-26 04:50:19.177 10 INFO neutron.wsgi [None req-dc374abe-3474-4372-a75f-dc05d5559663 76d2244da10e49279bf18869eb9b1fa1 3e644f7cb72b43c0b17ae17b87977555 - - default default] 10.0.0.27 "GET /v2.0/ports?device_id=102e8f73-4550-4498-835b-55765fe6fe5b HTTP/1.1" status: 200 len: 205 time: 0.0256512
2026-06-26 04:50:19.326 9 INFO neutron.db.ovn_revision_numbers_db [None req-4a46f341-b9c6-4ccd-a90a-4c96040f19b7 01dcb50cd7654acc9deb843f10a6f916 927f7f798fac44eb9bca508c4599dcc8 - - default default] Successfully bumped revision number for resource 3926fdd4-e51a-4a05-b679-e7cdb7b0a6e9 (type: networks) to 1
2026-06-26 04:50:19.503 9 WARNING neutron.scheduler.dhcp_agent_scheduler [None req-4a46f341-b9c6-4ccd-a90a-4c96040f19b7 01dcb50cd7654acc9deb843f10a6f916 927f7f798fac44eb9bca508c4599dcc8 - - default default] No more DHCP agents
2026-06-26 04:50:19.504 9 WARNING neutron.api.rpc.agentnotifiers.dhcp_rpc_agent_api [None req-4a46f341-b9c6-4ccd-a90a-4c96040f19b7 01dcb50cd7654acc9deb843f10a6f916 927f7f798fac44eb9bca508c4599dcc8 - - default default] Unable to schedule network 3926fdd4-e51a-4a05-b679-e7cdb7b0a6e9: no agents available; will retry on subsequent port and subnet creation events.
2026-06-26 04:50:19.592 9 INFO neutron.db.ovn_revision_numbers_db [None req-4a46f341-b9c6-4ccd-a90a-4c96040f19b7 01dcb50cd7654acc9deb843f10a6f916 927f7f798fac44eb9bca508c4599dcc8 - - default default] Successfully bumped revision number for resource f0f3e5ee-5671-4f12-a438-04791923864e (type: ports) to 1
2026-06-26 04:50:19.617 9 INFO neutron.wsgi [None req-4a46f341-b9c6-4ccd-a90a-4c96040f19b7 01dcb50cd7654acc9deb843f10a6f916 927f7f798fac44eb9bca508c4599dcc8 - - default default] 10.0.0.27 "POST /v2.0/networks HTTP/1.1" status: 201 len: 831 time: 1.5831780
2026-06-26 04:50:19.704 9 INFO neutron.db.segments_db [None req-2eab76fe-47fc-478a-9f81-5cc530cce7ea 01dcb50cd7654acc9deb843f10a6f916 927f7f798fac44eb9bca508c4599dcc8 - - default default] Added segment e48cf576-2a7d-4bce-bf4d-0e82cc8dcdd7 of type geneve for network bc3f6c31-2bb3-4045-87c6-69c9fea3e4a1
2026-06-26 04:50:19.809 10 INFO neutron.wsgi [None req-99ace901-8ab8-445f-a610-6a42454c0f70 76d2244da10e49279bf18869eb9b1fa1 3e644f7cb72b43c0b17ae17b87977555 - - default default] 10.0.0.27 "DELETE /v2.0/routers/102e8f73-4550-4498-835b-55765fe6fe5b HTTP/1.1" status: 204 len: 168 time: 0.6276197
2026-06-26 04:50:19.850 9 INFO neutron.wsgi [None req-d4a4ea30-c3ee-40cc-9e50-68ea0f34cbd8 76d2244da10e49279bf18869eb9b1fa1 3e644f7cb72b43c0b17ae17b87977555 - - default default] 10.0.0.27 "GET /v2.0/ports?device_id=102e8f73-4550-4498-835b-55765fe6fe5b HTTP/1.1" status: 200 len: 205 time: 0.0322769
2026-06-26 04:50:19.877 10 INFO neutron.api.v2.resource [None req-960ebd03-7807-4c5d-a1dc-27c54b3ea6de 76d2244da10e49279bf18869eb9b1fa1 3e644f7cb72b43c0b17ae17b87977555 - - default default] delete failed (client error): The resource could not be found.
2026-06-26 04:50:19.878 10 INFO neutron.wsgi [None req-960ebd03-7807-4c5d-a1dc-27c54b3ea6de 76d2244da10e49279bf18869eb9b1fa1 3e644f7cb72b43c0b17ae17b87977555 - - default default] 10.0.0.27 "DELETE /v2.0/routers/102e8f73-4550-4498-835b-55765fe6fe5b HTTP/1.1" status: 404 len: 336 time: 0.0223377
2026-06-26 04:50:19.885 9 INFO neutron.db.ovn_revision_numbers_db [None req-2eab76fe-47fc-478a-9f81-5cc530cce7ea 01dcb50cd7654acc9deb843f10a6f916 927f7f798fac44eb9bca508c4599dcc8 - - default default] Successfully bumped revision number for resource bc3f6c31-2bb3-4045-87c6-69c9fea3e4a1 (type: networks) to 1
2026-06-26 04:50:19.904 10 INFO neutron.wsgi [None req-8038d5d8-6c02-494e-99b9-a0410b7b3bc7 76d2244da10e49279bf18869eb9b1fa1 3e644f7cb72b43c0b17ae17b87977555 - - default default] 10.0.0.27 "GET /v2.0/ports?device_id=673d940d-a17d-43d2-85c4-e5498fd24568 HTTP/1.1" status: 200 len: 205 time: 0.0183806
2026-06-26 04:50:19.925 10 INFO neutron.api.v2.resource [None req-b5826118-76d6-4603-a92d-af8f04076e82 76d2244da10e49279bf18869eb9b1fa1 3e644f7cb72b43c0b17ae17b87977555 - - default default] delete failed (client error): The resource could not be found.
2026-06-26 04:50:19.926 10 INFO neutron.wsgi [None req-b5826118-76d6-4603-a92d-af8f04076e82 76d2244da10e49279bf18869eb9b1fa1 3e644f7cb72b43c0b17ae17b87977555 - - default default] 10.0.0.27 "DELETE /v2.0/routers/673d940d-a17d-43d2-85c4-e5498fd24568 HTTP/1.1" status: 404 len: 336 time: 0.0188370
2026-06-26 04:50:19.944 10 INFO neutron.pecan_wsgi.hooks.translation [None req-e1e97e1b-d808-45a2-9735-e2991dc90111 76d2244da10e49279bf18869eb9b1fa1 3e644f7cb72b43c0b17ae17b87977555 - - default default] DELETE failed (client error): The resource could not be found.
2026-06-26 04:50:19.946 10 INFO neutron.wsgi [None req-e1e97e1b-d808-45a2-9735-e2991dc90111 76d2244da10e49279bf18869eb9b1fa1 3e644f7cb72b43c0b17ae17b87977555 - - default default] 10.0.0.27 "DELETE /v2.0/subnets/eb66095f-c745-4d9f-9ccb-0b037d810b6d HTTP/1.1" status: 404 len: 337 time: 0.0155840
2026-06-26 04:50:19.968 10 INFO neutron.wsgi [None req-27baf577-c905-4bd6-bfb0-ab33a8152870 76d2244da10e49279bf18869eb9b1fa1 3e644f7cb72b43c0b17ae17b87977555 - - default default] 10.0.0.27 "GET /v2.0/ports?device_id=9e9a25c3-7176-4ec8-a4bd-ad84d89f378a HTTP/1.1" status: 200 len: 205 time: 0.0177956
2026-06-26 04:50:19.993 10 INFO neutron.api.v2.resource [None req-ebc86b11-47cc-433a-9a8f-cf826befed78 76d2244da10e49279bf18869eb9b1fa1 3e644f7cb72b43c0b17ae17b87977555 - - default default] delete failed (client error): The resource could not be found.
2026-06-26 04:50:19.994 10 INFO neutron.wsgi [None req-ebc86b11-47cc-433a-9a8f-cf826befed78 76d2244da10e49279bf18869eb9b1fa1 3e644f7cb72b43c0b17ae17b87977555 - - default default] 10.0.0.27 "DELETE /v2.0/routers/9e9a25c3-7176-4ec8-a4bd-ad84d89f378a HTTP/1.1" status: 404 len: 336 time: 0.0212123
2026-06-26 04:50:20.012 10 INFO neutron.pecan_wsgi.hooks.translation [None req-f29eb98c-4253-4517-b8e9-ecc911866597 76d2244da10e49279bf18869eb9b1fa1 3e644f7cb72b43c0b17ae17b87977555 - - default default] DELETE failed (client error): The resource could not be found.
2026-06-26 04:50:20.014 10 INFO neutron.wsgi [None req-f29eb98c-4253-4517-b8e9-ecc911866597 76d2244da10e49279bf18869eb9b1fa1 3e644f7cb72b43c0b17ae17b87977555 - - default default] 10.0.0.27 "DELETE /v2.0/subnets/aa9d7c9a-1882-4d0e-9d01-70b434b0ec84 HTTP/1.1" status: 404 len: 337 time: 0.0155277
2026-06-26 04:50:20.035 10 INFO neutron.wsgi [None req-83459041-e637-4c20-a773-5dc9fc86f03d 76d2244da10e49279bf18869eb9b1fa1 3e644f7cb72b43c0b17ae17b87977555 - - default default] 10.0.0.27 "GET /v2.0/ports?device_id=6ba09dad-6c28-4db7-be0e-0b674a477c8a HTTP/1.1" status: 200 len: 205 time: 0.0163529
2026-06-26 04:50:20.059 10 INFO neutron.api.v2.resource [None req-a25205e5-3b74-4d3f-939a-68e30580ccd8 76d2244da10e49279bf18869eb9b1fa1 3e644f7cb72b43c0b17ae17b87977555 - - default default] delete failed (client error): The resource could not be found.
2026-06-26 04:50:20.060 10 INFO neutron.wsgi [None req-a25205e5-3b74-4d3f-939a-68e30580ccd8 76d2244da10e49279bf18869eb9b1fa1 3e644f7cb72b43c0b17ae17b87977555 - - default default] 10.0.0.27 "DELETE /v2.0/routers/6ba09dad-6c28-4db7-be0e-0b674a477c8a HTTP/1.1" status: 404 len: 336 time: 0.0200179
2026-06-26 04:50:20.063 9 WARNING neutron.scheduler.dhcp_agent_scheduler [None req-2eab76fe-47fc-478a-9f81-5cc530cce7ea 01dcb50cd7654acc9deb843f10a6f916 927f7f798fac44eb9bca508c4599dcc8 - - default default] No more DHCP agents
2026-06-26 04:50:20.067 9 WARNING neutron.api.rpc.agentnotifiers.dhcp_rpc_agent_api [None req-2eab76fe-47fc-478a-9f81-5cc530cce7ea 01dcb50cd7654acc9deb843f10a6f916 927f7f798fac44eb9bca508c4599dcc8 - - default default] Unable to schedule network bc3f6c31-2bb3-4045-87c6-69c9fea3e4a1: no agents available; will retry on subsequent port and subnet creation events.
2026-06-26 04:50:20.084 10 INFO neutron.pecan_wsgi.hooks.translation [None req-12053b43-c403-4041-847f-d76b9fca0ae9 76d2244da10e49279bf18869eb9b1fa1 3e644f7cb72b43c0b17ae17b87977555 - - default default] DELETE failed (client error): The resource could not be found.
2026-06-26 04:50:20.086 10 INFO neutron.wsgi [None req-12053b43-c403-4041-847f-d76b9fca0ae9 76d2244da10e49279bf18869eb9b1fa1 3e644f7cb72b43c0b17ae17b87977555 - - default default] 10.0.0.27 "DELETE /v2.0/subnets/ec23a503-4708-4eea-9587-7307cf05d3bd HTTP/1.1" status: 404 len: 337 time: 0.0210440
2026-06-26 04:50:20.103 10 INFO neutron.pecan_wsgi.hooks.translation [None req-b7612581-1c83-4767-9e15-7957c7241f2b 76d2244da10e49279bf18869eb9b1fa1 3e644f7cb72b43c0b17ae17b87977555 - - default default] DELETE failed (client error): The resource could not be found.
2026-06-26 04:50:20.105 10 INFO neutron.wsgi [None req-b7612581-1c83-4767-9e15-7957c7241f2b 76d2244da10e49279bf18869eb9b1fa1 3e644f7cb72b43c0b17ae17b87977555 - - default default] 10.0.0.27 "DELETE /v2.0/subnets/0b0cc7d5-e18c-40dc-bbba-0633824e863f HTTP/1.1" status: 404 len: 337 time: 0.0160336
2026-06-26 04:50:20.128 10 WARNING neutron.plugins.ml2.drivers.ovn.mech_driver.ovsdb.ovn_client [None req-1a5073a8-6585-46b6-a31d-df1d27a05419 - - - - - -] No port found with ID e65607e5-b0ea-4497-b8bf-1483e8b701b0: RuntimeError: No port found with ID e65607e5-b0ea-4497-b8bf-1483e8b701b0
2026-06-26 04:50:20.152 9 INFO neutron.db.ovn_revision_numbers_db [None req-2eab76fe-47fc-478a-9f81-5cc530cce7ea 01dcb50cd7654acc9deb843f10a6f916 927f7f798fac44eb9bca508c4599dcc8 - - default default] Successfully bumped revision number for resource a82ea54c-0469-45e3-9785-63fa1e6dab83 (type: ports) to 1
2026-06-26 04:50:20.175 9 INFO neutron.wsgi [None req-2eab76fe-47fc-478a-9f81-5cc530cce7ea 01dcb50cd7654acc9deb843f10a6f916 927f7f798fac44eb9bca508c4599dcc8 - - default default] 10.0.0.27 "POST /v2.0/networks HTTP/1.1" status: 201 len: 831 time: 0.5534780
2026-06-26 04:50:20.262 9 INFO neutron.db.segments_db [None req-fb551450-f6ff-4781-b1cf-7b793dab6a85 01dcb50cd7654acc9deb843f10a6f916 927f7f798fac44eb9bca508c4599dcc8 - - default default] Added segment f567c188-5f07-4e82-94af-e28195cfea82 of type geneve for network d0f66fae-1004-47ee-828f-1d3e0d2e55fd
2026-06-26 04:50:20.413 9 INFO neutron.db.ovn_revision_numbers_db [None req-fb551450-f6ff-4781-b1cf-7b793dab6a85 01dcb50cd7654acc9deb843f10a6f916 927f7f798fac44eb9bca508c4599dcc8 - - default default] Successfully bumped revision number for resource d0f66fae-1004-47ee-828f-1d3e0d2e55fd (type: networks) to 1
2026-06-26 04:50:20.598 9 WARNING neutron.scheduler.dhcp_agent_scheduler [None req-fb551450-f6ff-4781-b1cf-7b793dab6a85 01dcb50cd7654acc9deb843f10a6f916 927f7f798fac44eb9bca508c4599dcc8 - - default default] No more DHCP agents
2026-06-26 04:50:20.602 9 WARNING neutron.api.rpc.agentnotifiers.dhcp_rpc_agent_api [None req-fb551450-f6ff-4781-b1cf-7b793dab6a85 01dcb50cd7654acc9deb843f10a6f916 927f7f798fac44eb9bca508c4599dcc8 - - default default] Unable to schedule network d0f66fae-1004-47ee-828f-1d3e0d2e55fd: no agents available; will retry on subsequent port and subnet creation events.
2026-06-26 04:50:20.698 9 INFO neutron.db.ovn_revision_numbers_db [None req-fb551450-f6ff-4781-b1cf-7b793dab6a85 01dcb50cd7654acc9deb843f10a6f916 927f7f798fac44eb9bca508c4599dcc8 - - default default] Successfully bumped revision number for resource b07ccb3e-cd67-4fe5-be17-abd183dde011 (type: ports) to 1
2026-06-26 04:50:20.727 9 INFO neutron.wsgi [None req-fb551450-f6ff-4781-b1cf-7b793dab6a85 01dcb50cd7654acc9deb843f10a6f916 927f7f798fac44eb9bca508c4599dcc8 - - default default] 10.0.0.27 "POST /v2.0/networks HTTP/1.1" status: 201 len: 830 time: 0.5471408
2026-06-26 04:50:20.813 10 INFO neutron.wsgi [None req-83d71b3e-cb6d-4713-b8bc-e1dc4228975d dfa2b7c6895248229874da3d0cd52dce 05bac32385d141389de08b3cebdce2ac - - default default] 10.0.0.27 "GET /v2.0/security-groups?tenant_id=3e644f7cb72b43c0b17ae17b87977555&name=default HTTP/1.1" status: 200 len: 2996 time: 0.1564860
2026-06-26 04:50:20.845 10 INFO neutron.db.segments_db [None req-d87337fa-56fa-4375-86da-22e438db693d 01dcb50cd7654acc9deb843f10a6f916 927f7f798fac44eb9bca508c4599dcc8 - - default default] Added segment f9fa4856-64b8-49ae-9df4-82b6b9bf093f of type geneve for network 11c2ea2e-f62e-4c06-8cb6-8ea10276bdad
2026-06-26 04:50:21.008 10 INFO neutron.db.ovn_revision_numbers_db [None req-d87337fa-56fa-4375-86da-22e438db693d 01dcb50cd7654acc9deb843f10a6f916 927f7f798fac44eb9bca508c4599dcc8 - - default default] Successfully bumped revision number for resource 11c2ea2e-f62e-4c06-8cb6-8ea10276bdad (type: networks) to 1
2026-06-26 04:50:21.072 10 INFO neutron.wsgi [None req-5ab12756-13f3-48ad-81a0-2ee938d70894 dfa2b7c6895248229874da3d0cd52dce 05bac32385d141389de08b3cebdce2ac - - default default] 10.0.0.27 "DELETE /v2.0/security-groups/fe60c104-b0e2-482f-9a17-c172a847cc56 HTTP/1.1" status: 204 len: 168 time: 0.2528148
2026-06-26 04:50:21.174 10 WARNING neutron.scheduler.dhcp_agent_scheduler [None req-d87337fa-56fa-4375-86da-22e438db693d 01dcb50cd7654acc9deb843f10a6f916 927f7f798fac44eb9bca508c4599dcc8 - - default default] No more DHCP agents
2026-06-26 04:50:21.176 10 WARNING neutron.api.rpc.agentnotifiers.dhcp_rpc_agent_api [None req-d87337fa-56fa-4375-86da-22e438db693d 01dcb50cd7654acc9deb843f10a6f916 927f7f798fac44eb9bca508c4599dcc8 - - default default] Unable to schedule network 11c2ea2e-f62e-4c06-8cb6-8ea10276bdad: no agents available; will retry on subsequent port and subnet creation events.
2026-06-26 04:50:21.578 10 INFO neutron.db.ovn_revision_numbers_db [None req-d87337fa-56fa-4375-86da-22e438db693d 01dcb50cd7654acc9deb843f10a6f916 927f7f798fac44eb9bca508c4599dcc8 - - default default] Successfully bumped revision number for resource e4d92523-d8ed-4a33-8998-87f86c67ad29 (type: ports) to 1
2026-06-26 04:50:21.600 10 INFO neutron.wsgi [None req-d87337fa-56fa-4375-86da-22e438db693d 01dcb50cd7654acc9deb843f10a6f916 927f7f798fac44eb9bca508c4599dcc8 - - default default] 10.0.0.27 "POST /v2.0/networks HTTP/1.1" status: 201 len: 830 time: 0.8685377
2026-06-26 04:50:21.689 10 INFO neutron.db.segments_db [None req-65f70e1e-2d9c-4fc3-b963-cea75108c8c3 01dcb50cd7654acc9deb843f10a6f916 927f7f798fac44eb9bca508c4599dcc8 - - default default] Added segment a801295e-00d9-4e0c-adbb-7c6cd90a77e4 of type geneve for network 3318f1cc-c5ee-4a1e-8462-ec56127ab711
2026-06-26 04:50:21.836 10 INFO neutron.db.ovn_revision_numbers_db [None req-65f70e1e-2d9c-4fc3-b963-cea75108c8c3 01dcb50cd7654acc9deb843f10a6f916 927f7f798fac44eb9bca508c4599dcc8 - - default default] Successfully bumped revision number for resource 3318f1cc-c5ee-4a1e-8462-ec56127ab711 (type: networks) to 1
2026-06-26 04:50:21.986 10 WARNING neutron.scheduler.dhcp_agent_scheduler [None req-65f70e1e-2d9c-4fc3-b963-cea75108c8c3 01dcb50cd7654acc9deb843f10a6f916 927f7f798fac44eb9bca508c4599dcc8 - - default default] No more DHCP agents
2026-06-26 04:50:21.989 10 WARNING neutron.api.rpc.agentnotifiers.dhcp_rpc_agent_api [None req-65f70e1e-2d9c-4fc3-b963-cea75108c8c3 01dcb50cd7654acc9deb843f10a6f916 927f7f798fac44eb9bca508c4599dcc8 - - default default] Unable to schedule network 3318f1cc-c5ee-4a1e-8462-ec56127ab711: no agents available; will retry on subsequent port and subnet creation events.
2026-06-26 04:50:22.071 10 INFO neutron.db.ovn_revision_numbers_db [None req-65f70e1e-2d9c-4fc3-b963-cea75108c8c3 01dcb50cd7654acc9deb843f10a6f916 927f7f798fac44eb9bca508c4599dcc8 - - default default] Successfully bumped revision number for resource b740af8e-49e2-4ec0-8c52-69e819fa344a (type: ports) to 1
2026-06-26 04:50:22.100 10 INFO neutron.wsgi [None req-65f70e1e-2d9c-4fc3-b963-cea75108c8c3 01dcb50cd7654acc9deb843f10a6f916 927f7f798fac44eb9bca508c4599dcc8 - - default default] 10.0.0.27 "POST /v2.0/networks HTTP/1.1" status: 201 len: 830 time: 0.4947209
2026-06-26 04:50:22.148 10 INFO neutron.wsgi [None req-eb2e79ad-4cad-4766-880e-103664c94295 01dcb50cd7654acc9deb843f10a6f916 927f7f798fac44eb9bca508c4599dcc8 - - default default] 10.0.0.27 "PUT /v2.0/networks/3926fdd4-e51a-4a05-b679-e7cdb7b0a6e9/tags HTTP/1.1" status: 200 len: 210 time: 0.0429780
2026-06-26 04:50:22.201 10 INFO neutron.wsgi [None req-6c7fdd4e-0c0a-41c2-8ada-3b1fd721f78d 01dcb50cd7654acc9deb843f10a6f916 927f7f798fac44eb9bca508c4599dcc8 - - default default] 10.0.0.27 "PUT /v2.0/networks/bc3f6c31-2bb3-4045-87c6-69c9fea3e4a1/tags HTTP/1.1" status: 200 len: 218 time: 0.0498803
2026-06-26 04:50:22.257 10 INFO neutron.wsgi [None req-cd9f3b6c-0e36-433f-ba50-3fbf1a1bd868 01dcb50cd7654acc9deb843f10a6f916 927f7f798fac44eb9bca508c4599dcc8 - - default default] 10.0.0.27 "PUT /v2.0/networks/d0f66fae-1004-47ee-828f-1d3e0d2e55fd/tags HTTP/1.1" status: 200 len: 227 time: 0.0515082
2026-06-26 04:50:22.312 10 INFO neutron.wsgi [None req-d9e951a4-d284-41ad-a20e-555e0dee63ec 01dcb50cd7654acc9deb843f10a6f916 927f7f798fac44eb9bca508c4599dcc8 - - default default] 10.0.0.27 "PUT /v2.0/networks/11c2ea2e-f62e-4c06-8cb6-8ea10276bdad/tags HTTP/1.1" status: 200 len: 212 time: 0.0482800
2026-06-26 04:50:22.398 10 INFO neutron.wsgi [None req-84e7a432-7a75-4119-b596-4c464d0ef5ff 01dcb50cd7654acc9deb843f10a6f916 927f7f798fac44eb9bca508c4599dcc8 - - default default] 10.0.0.27 "GET /v2.0/networks?tags=red HTTP/1.1" status: 200 len: 2069 time: 0.0812161
2026-06-26 04:50:22.473 10 INFO neutron.wsgi [None req-8382aaf1-e16b-4462-8a91-043f01c73c4b 01dcb50cd7654acc9deb843f10a6f916 927f7f798fac44eb9bca508c4599dcc8 - - default default] 10.0.0.27 "GET /v2.0/networks?tags=red%2Cblue HTTP/1.1" status: 200 len: 1456 time: 0.0702932
2026-06-26 04:50:22.542 10 INFO neutron.wsgi [None req-9bacba13-190d-4246-ad89-13838d09c8f4 01dcb50cd7654acc9deb843f10a6f916 927f7f798fac44eb9bca508c4599dcc8 - - default default] 10.0.0.27 "GET /v2.0/networks?tags-any=blue HTTP/1.1" status: 200 len: 1456 time: 0.0645282
2026-06-26 04:50:22.607 10 INFO neutron.wsgi [None req-288b9689-120e-4730-a859-32c0ecf6d3cb 01dcb50cd7654acc9deb843f10a6f916 927f7f798fac44eb9bca508c4599dcc8 - - default default] 10.0.0.27 "GET /v2.0/networks?tags-any=red%2Cblue HTTP/1.1" status: 200 len: 2069 time: 0.0597315
2026-06-26 04:50:22.706 10 INFO neutron.wsgi [None req-cf9920fd-e1b5-4aa7-bb68-9baa896c8dce 01dcb50cd7654acc9deb843f10a6f916 927f7f798fac44eb9bca508c4599dcc8 - - default default] 10.0.0.27 "GET /v2.0/networks?not-tags=red HTTP/1.1" status: 200 len: 2067 time: 0.0951045
2026-06-26 04:50:22.820 9 INFO neutron.wsgi [None req-33ba199c-151e-44f8-9c61-da5a1ec84d1f 01dcb50cd7654acc9deb843f10a6f916 927f7f798fac44eb9bca508c4599dcc8 - - default default] 10.0.0.27 "GET /v2.0/networks?not-tags=red%2Cblue HTTP/1.1" status: 200 len: 2680 time: 0.1089768
2026-06-26 04:50:22.952 9 INFO neutron.wsgi [None req-c84e90cb-6d32-4229-9c26-e4b9bce9e4d2 01dcb50cd7654acc9deb843f10a6f916 927f7f798fac44eb9bca508c4599dcc8 - - default default] 10.0.0.27 "GET /v2.0/networks?not-tags-any=blue HTTP/1.1" status: 200 len: 2680 time: 0.1265492
2026-06-26 04:50:23.053 9 INFO neutron.wsgi [None req-b520d7c1-e4a1-4b44-9cbc-eae54f6fb4cd 01dcb50cd7654acc9deb843f10a6f916 927f7f798fac44eb9bca508c4599dcc8 - - default default] 10.0.0.27 "GET /v2.0/networks?not-tags-any=red%2Cblue HTTP/1.1" status: 200 len: 2067 time: 0.0935895
2026-06-26 04:50:23.496 9 INFO neutron.services.segments.plugin [-] Segment 1931ade3-eef4-44d9-a66e-b33ea572e69c resource provider aggregate not found
2026-06-26 04:50:23.501 9 INFO neutron.services.segments.plugin [-] Segment 1931ade3-eef4-44d9-a66e-b33ea572e69c resource provider aggregate not found
2026-06-26 04:50:23.520 9 INFO neutron.services.segments.plugin [-] Segment 1931ade3-eef4-44d9-a66e-b33ea572e69c resource provider not found; error: Placement Client Error (4xx): {"errors": [{"status": 404, "title": "Not Found", "detail": "The resource could not be found.\n\n No resource provider with uuid 1931ade3-eef4-44d9-a66e-b33ea572e69c found for delete ", "request_id": "req-0855ea8a-5ef9-4cd5-b9db-88971bef6261"}]}
2026-06-26 04:50:23.521 9 WARNING neutron.plugins.ml2.drivers.ovn.mech_driver.ovsdb.ovn_client [None req-68e21a8b-ec29-4fb6-87e7-89a78c2f50d4 - - - - - -] No port found with ID e0118aa5-cb76-4a34-ad77-644a892a542b: RuntimeError: No port found with ID e0118aa5-cb76-4a34-ad77-644a892a542b
2026-06-26 04:50:23.523 9 INFO neutron.services.segments.plugin [-] Segment 1931ade3-eef4-44d9-a66e-b33ea572e69c resource provider not found; error: Placement Client Error (4xx): {"errors": [{"status": 404, "title": "Not Found", "detail": "The resource could not be found.\n\n No resource provider with uuid 1931ade3-eef4-44d9-a66e-b33ea572e69c found for delete ", "request_id": "req-7fc474be-704b-41ea-b2d5-929c2685eaae"}]}
2026-06-26 04:50:23.549 9 INFO neutron.wsgi [None req-99035964-ff53-43e4-9363-13e1f15455e3 01dcb50cd7654acc9deb843f10a6f916 927f7f798fac44eb9bca508c4599dcc8 - - default default] 10.0.0.27 "DELETE /v2.0/networks/3926fdd4-e51a-4a05-b679-e7cdb7b0a6e9 HTTP/1.1" status: 204 len: 168 time: 0.4851708
2026-06-26 04:50:23.913 10 INFO neutron.services.segments.plugin [-] Segment e48cf576-2a7d-4bce-bf4d-0e82cc8dcdd7 resource provider aggregate not found
2026-06-26 04:50:23.916 10 INFO neutron.services.segments.plugin [-] Segment e48cf576-2a7d-4bce-bf4d-0e82cc8dcdd7 resource provider aggregate not found
2026-06-26 04:50:23.933 10 INFO neutron.services.segments.plugin [-] Segment e48cf576-2a7d-4bce-bf4d-0e82cc8dcdd7 resource provider not found; error: Placement Client Error (4xx): {"errors": [{"status": 404, "title": "Not Found", "detail": "The resource could not be found.\n\n No resource provider with uuid e48cf576-2a7d-4bce-bf4d-0e82cc8dcdd7 found for delete ", "request_id": "req-1c7859e9-d619-48ab-aafb-a6b75df867ca"}]}
2026-06-26 04:50:23.935 10 INFO neutron.services.segments.plugin [-] Segment e48cf576-2a7d-4bce-bf4d-0e82cc8dcdd7 resource provider not found; error: Placement Client Error (4xx): {"errors": [{"status": 404, "title": "Not Found", "detail": "The resource could not be found.\n\n No resource provider with uuid e48cf576-2a7d-4bce-bf4d-0e82cc8dcdd7 found for delete ", "request_id": "req-c827af41-fbd0-47db-b8d6-eae34a57a875"}]}
2026-06-26 04:50:23.952 10 INFO neutron.wsgi [None req-9246db5b-a860-47bc-8300-7e65e60e2d25 01dcb50cd7654acc9deb843f10a6f916 927f7f798fac44eb9bca508c4599dcc8 - - default default] 10.0.0.27 "DELETE /v2.0/networks/bc3f6c31-2bb3-4045-87c6-69c9fea3e4a1 HTTP/1.1" status: 204 len: 168 time: 0.3978076
