2026-06-26 04:48:23.851 10 INFO neutron.wsgi [req-3f2829bb-29fc-4d58-b39a-e94c7843e62d req-f01f345d-ca6a-440b-90ef-43796a7986a2 345076ca51a94e779c0f7dae9ee95173 81fd698c63754271bd23e346bb5f00c2 - - default default] 10.0.0.144 "GET /v2.0/ports?device_id=c188fd2f-9e9d-420a-8fce-89702075c3cf HTTP/1.1" status: 200 len: 1170 time: 0.0971022
2026-06-26 04:48:23.898 9 INFO neutron.wsgi [None req-2c136776-faef-437f-8352-88947e83a657 15bf7bc2fc414ec28e25f44a65a90926 41c729d77888461cb5338105a7d94aa9 - - default default] 10.0.0.27 "DELETE /v2.0/ports/586227b8-b8c5-4240-8a8d-1111629224fa HTTP/1.1" status: 204 len: 168 time: 0.3002408
2026-06-26 04:48:23.924 10 INFO neutron.wsgi [req-3f2829bb-29fc-4d58-b39a-e94c7843e62d req-1d3bf6c8-67a2-4ddc-b9ef-72030872c0ca 345076ca51a94e779c0f7dae9ee95173 81fd698c63754271bd23e346bb5f00c2 - - default default] 10.0.0.144 "GET /v2.0/security-groups?id=732066aa-cafd-4899-af3f-3bd4d346b66a&fields=id&fields=name HTTP/1.1" status: 200 len: 286 time: 0.0636103
2026-06-26 04:48:24.020 9 INFO neutron.wsgi [None req-8ae1b801-ba71-4955-a594-10bc589bec78 dfa2b7c6895248229874da3d0cd52dce 05bac32385d141389de08b3cebdce2ac - - default default] 10.0.0.27 "GET /v2.0/security-groups?tenant_id=206b8d9874d84bb7aed95ddbcd15067e&name=default HTTP/1.1" status: 200 len: 2996 time: 0.0736883
2026-06-26 04:48:24.039 10 INFO neutron.db.ovn_revision_numbers_db [None req-99c31e5f-452a-4efb-b957-e23adbdfb963 c9996900b5a14ef58cd211a41c58990f 58d1e7ef782e43819b3aec5ec8ddd86e - - default default] Successfully bumped revision number for resource 591b9c54-ccbd-41a3-b504-9f9f130d028c (type: routers) to 1
2026-06-26 04:48:24.053 10 INFO neutron.wsgi [None req-99c31e5f-452a-4efb-b957-e23adbdfb963 c9996900b5a14ef58cd211a41c58990f 58d1e7ef782e43819b3aec5ec8ddd86e - - default default] 10.0.0.27 "POST /v2.0/routers HTTP/1.1" status: 201 len: 654 time: 0.2491186
2026-06-26 04:48:24.142 9 INFO neutron.wsgi [None req-afb1af9f-c13d-4b90-9234-a3c4d33f1cfe c9996900b5a14ef58cd211a41c58990f 58d1e7ef782e43819b3aec5ec8ddd86e - - default default] 10.0.0.27 "PUT /v2.0/routers/a4ac7958-dc7b-4892-a465-9cf89289b045/tags HTTP/1.1" status: 200 len: 210 time: 0.0826318
2026-06-26 04:48:24.210 10 INFO neutron.wsgi [None req-0b5c16d3-3341-4e85-8d99-754b06568ef2 c9996900b5a14ef58cd211a41c58990f 58d1e7ef782e43819b3aec5ec8ddd86e - - default default] 10.0.0.27 "PUT /v2.0/routers/a4a74f6a-965b-45ff-9176-8dcb1f226931/tags HTTP/1.1" status: 200 len: 218 time: 0.0596085
2026-06-26 04:48:24.274 10 INFO neutron.wsgi [None req-ffe9825c-2895-4fd6-aa46-e77958f0da38 c9996900b5a14ef58cd211a41c58990f 58d1e7ef782e43819b3aec5ec8ddd86e - - default default] 10.0.0.27 "PUT /v2.0/routers/16c8645d-ad5f-454f-834f-4e7ab6aa63ff/tags HTTP/1.1" status: 200 len: 227 time: 0.0519674
2026-06-26 04:48:24.345 10 INFO neutron.wsgi [None req-7475ae8a-5cda-4b94-91b7-f242a74abb39 c9996900b5a14ef58cd211a41c58990f 58d1e7ef782e43819b3aec5ec8ddd86e - - default default] 10.0.0.27 "PUT /v2.0/routers/63b7cade-dd83-4ef5-a0c8-4b0eab582368/tags HTTP/1.1" status: 200 len: 212 time: 0.0615358
2026-06-26 04:48:24.351 9 INFO neutron.wsgi [None req-135b2067-720a-44fa-8aae-d59704b1b815 dfa2b7c6895248229874da3d0cd52dce 05bac32385d141389de08b3cebdce2ac - - default default] 10.0.0.27 "DELETE /v2.0/security-groups/93488d39-f309-43db-bc40-b6c7c445f2d7 HTTP/1.1" status: 204 len: 168 time: 0.3254199
2026-06-26 04:48:24.395 9 INFO neutron.services.segments.plugin [-] Segment 3e85f9f6-eb0a-411c-b9d8-6bac60b8ca70 resource provider aggregate not found
2026-06-26 04:48:24.399 9 INFO neutron.services.segments.plugin [-] Segment 3e85f9f6-eb0a-411c-b9d8-6bac60b8ca70 resource provider aggregate not found
2026-06-26 04:48:24.413 9 INFO neutron.services.segments.plugin [-] Segment 3e85f9f6-eb0a-411c-b9d8-6bac60b8ca70 resource provider not found; error: Placement Client Error (4xx): {"errors": [{"status": 404, "title": "Not Found", "detail": "The resource could not be found.\n\n No resource provider with uuid 3e85f9f6-eb0a-411c-b9d8-6bac60b8ca70 found for delete ", "request_id": "req-e3c756f9-bbb1-4ae4-bee4-8b020dd4e6d2"}]}
2026-06-26 04:48:24.417 9 INFO neutron.services.segments.plugin [-] Segment 3e85f9f6-eb0a-411c-b9d8-6bac60b8ca70 resource provider not found; error: Placement Client Error (4xx): {"errors": [{"status": 404, "title": "Not Found", "detail": "The resource could not be found.\n\n No resource provider with uuid 3e85f9f6-eb0a-411c-b9d8-6bac60b8ca70 found for delete ", "request_id": "req-f73ae449-68d4-4067-a165-d6d43462bb12"}]}
2026-06-26 04:48:24.419 10 INFO neutron.wsgi [None req-ee3c8690-6e2e-4247-ad3d-f0d4cab90c6e c9996900b5a14ef58cd211a41c58990f 58d1e7ef782e43819b3aec5ec8ddd86e - - default default] 10.0.0.27 "GET /v2.0/routers?tags=red HTTP/1.1" status: 200 len: 1601 time: 0.0637937
2026-06-26 04:48:24.442 10 INFO neutron.plugins.ml2.drivers.ovn.mech_driver.mech_driver [None req-1a5073a8-6585-46b6-a31d-df1d27a05419 - - - - - -] OVN reports status down for port: f05909df-612c-488f-b0ba-17e63a8c8293
2026-06-26 04:48:24.459 10 INFO neutron.wsgi [req-86caa8cb-48eb-44e5-9a5f-c45d11c3204b req-9a4355ff-06d3-46b4-8879-8447ba24df53 345076ca51a94e779c0f7dae9ee95173 81fd698c63754271bd23e346bb5f00c2 - - default default] 10.0.0.144 "GET /v2.0/ports?device_id=c188fd2f-9e9d-420a-8fce-89702075c3cf HTTP/1.1" status: 200 len: 1170 time: 0.0383821
2026-06-26 04:48:24.469 9 INFO neutron.wsgi [None req-8860d1c9-bedb-4e89-a5c7-447df50961dd 15bf7bc2fc414ec28e25f44a65a90926 41c729d77888461cb5338105a7d94aa9 - - default default] 10.0.0.27 "DELETE /v2.0/networks/a9bd1abc-6a8e-41de-8fe7-c5f8934fdbbd HTTP/1.1" status: 204 len: 168 time: 0.5658071
2026-06-26 04:48:24.507 10 INFO neutron.wsgi [req-86caa8cb-48eb-44e5-9a5f-c45d11c3204b req-4c5476ad-7011-4332-bede-2e4b1ca149d8 345076ca51a94e779c0f7dae9ee95173 81fd698c63754271bd23e346bb5f00c2 - - default default] 10.0.0.144 "GET /v2.0/security-groups?id=732066aa-cafd-4899-af3f-3bd4d346b66a&fields=id&fields=name HTTP/1.1" status: 200 len: 286 time: 0.0432436
2026-06-26 04:48:24.508 9 INFO neutron.wsgi [None req-0bf8eedb-32e4-41f9-a3df-7d685504971a c9996900b5a14ef58cd211a41c58990f 58d1e7ef782e43819b3aec5ec8ddd86e - - default default] 10.0.0.27 "GET /v2.0/routers?tags=red%2Cblue HTTP/1.1" status: 200 len: 1144 time: 0.0815060
2026-06-26 04:48:24.604 9 INFO neutron.wsgi [None req-d07269be-72f1-404c-bd7d-10e797ab35ac c9996900b5a14ef58cd211a41c58990f 58d1e7ef782e43819b3aec5ec8ddd86e - - default default] 10.0.0.27 "GET /v2.0/routers?tags-any=blue HTTP/1.1" status: 200 len: 1144 time: 0.0901258
2026-06-26 04:48:24.667 9 INFO neutron.wsgi [None req-ffd82401-e609-4891-b981-31f9d4e0cea4 c9996900b5a14ef58cd211a41c58990f 58d1e7ef782e43819b3aec5ec8ddd86e - - default default] 10.0.0.27 "GET /v2.0/routers?tags-any=red%2Cblue HTTP/1.1" status: 200 len: 1601 time: 0.0571196
2026-06-26 04:48:24.743 9 INFO neutron.wsgi [None req-0da0bea8-1983-4e4d-ac56-0daf414f2833 c9996900b5a14ef58cd211a41c58990f 58d1e7ef782e43819b3aec5ec8ddd86e - - default default] 10.0.0.27 "GET /v2.0/routers?not-tags=red HTTP/1.1" status: 200 len: 1116 time: 0.0695653
2026-06-26 04:48:24.751 10 INFO neutron.db.ovn_revision_numbers_db [None req-1a5073a8-6585-46b6-a31d-df1d27a05419 - - - - - -] Successfully bumped revision number for resource f05909df-612c-488f-b0ba-17e63a8c8293 (type: ports) to 5
2026-06-26 04:48:24.758 10 INFO neutron.wsgi [req-ea0dde94-0856-4a92-b951-69f38f36e5ae req-719c6c0c-348c-4967-bc7e-ff06d3d6266d 345076ca51a94e779c0f7dae9ee95173 81fd698c63754271bd23e346bb5f00c2 - - default default] 199.204.45.74 "GET /v2.0/ports?device_id=c188fd2f-9e9d-420a-8fce-89702075c3cf HTTP/1.1" status: 200 len: 1168 time: 0.0350227
2026-06-26 04:48:24.823 9 INFO neutron.wsgi [None req-46f6fe77-973d-40a8-b8a0-a9635c5629e0 c9996900b5a14ef58cd211a41c58990f 58d1e7ef782e43819b3aec5ec8ddd86e - - default default] 10.0.0.27 "GET /v2.0/routers?not-tags=red%2Cblue HTTP/1.1" status: 200 len: 1573 time: 0.0731831
2026-06-26 04:48:24.890 9 INFO neutron.wsgi [None req-15652893-a327-4c4f-aa4c-c08f2ab9de7f c9996900b5a14ef58cd211a41c58990f 58d1e7ef782e43819b3aec5ec8ddd86e - - default default] 10.0.0.27 "GET /v2.0/routers?not-tags-any=blue HTTP/1.1" status: 200 len: 1573 time: 0.0621302
2026-06-26 04:48:24.946 9 INFO neutron.wsgi [None req-1736f9e2-4008-489e-8205-426426a660e6 c9996900b5a14ef58cd211a41c58990f 58d1e7ef782e43819b3aec5ec8ddd86e - - default default] 10.0.0.27 "GET /v2.0/routers?not-tags-any=red%2Cblue HTTP/1.1" status: 200 len: 1116 time: 0.0498817
2026-06-26 04:48:25.010 9 INFO neutron.wsgi [None req-ee239ea3-671f-47a7-98f8-f34d6e9c61e8 c9996900b5a14ef58cd211a41c58990f 58d1e7ef782e43819b3aec5ec8ddd86e - - default default] 10.0.0.27 "GET /v2.0/routers/a4ac7958-dc7b-4892-a465-9cf89289b045 HTTP/1.1" status: 200 len: 660 time: 0.0571666 /var/lib/openstack/lib/python3.10/site-packages/pycadf/identifier.py:71: UserWarning: Invalid uuid: neutron. To ensure interoperability, identifiers should be a valid uuid. warnings.warn(('Invalid uuid: %s. To ensure interoperability, '
2026-06-26 04:48:25.142 10 INFO neutron.wsgi [req-ea0dde94-0856-4a92-b951-69f38f36e5ae req-64022b68-b4f3-4834-b09e-eea660393e4c 345076ca51a94e779c0f7dae9ee95173 81fd698c63754271bd23e346bb5f00c2 - - default default] 199.204.45.74 "DELETE /v2.0/ports/f05909df-612c-488f-b0ba-17e63a8c8293 HTTP/1.1" status: 204 len: 173 time: 0.3809903
2026-06-26 04:48:25.163 10 INFO neutron.wsgi [None req-44dbc62a-41f6-4f22-b496-06a7dc57c349 dfa2b7c6895248229874da3d0cd52dce 05bac32385d141389de08b3cebdce2ac - - default default] 10.0.0.27 "GET /v2.0/security-groups?tenant_id=41c729d77888461cb5338105a7d94aa9&name=default HTTP/1.1" status: 200 len: 2996 time: 0.1959436
2026-06-26 04:48:25.560 10 INFO neutron.notifiers.nova [-] Nova event matching ['req-b7a85b9b-1336-4dc3-a3f7-838a49cafbaf'] response: {'server_uuid': 'c188fd2f-9e9d-420a-8fce-89702075c3cf', 'name': 'network-vif-unplugged', 'status': 'completed', 'tag': 'f05909df-612c-488f-b0ba-17e63a8c8293', 'code': 200}
2026-06-26 04:48:25.560 10 INFO neutron.notifiers.nova [-] Nova event matching ['req-b7a85b9b-1336-4dc3-a3f7-838a49cafbaf'] response: {'server_uuid': 'c188fd2f-9e9d-420a-8fce-89702075c3cf', 'name': 'network-vif-plugged', 'status': 'completed', 'tag': 'f05909df-612c-488f-b0ba-17e63a8c8293', 'code': 200}
2026-06-26 04:48:25.560 10 INFO neutron.notifiers.nova [-] Nova event matching ['req-b7a85b9b-1336-4dc3-a3f7-838a49cafbaf'] response: {'server_uuid': 'c188fd2f-9e9d-420a-8fce-89702075c3cf', 'name': 'network-vif-deleted', 'tag': 'f05909df-612c-488f-b0ba-17e63a8c8293', 'status': 'completed', 'code': 200}
2026-06-26 04:48:25.808 10 INFO neutron.db.ovn_revision_numbers_db [None req-15253dbd-3b21-4937-9a51-b7b6a691ad93 c9996900b5a14ef58cd211a41c58990f 58d1e7ef782e43819b3aec5ec8ddd86e - - default default] Successfully bumped revision number for resource a4ac7958-dc7b-4892-a465-9cf89289b045 (type: routers) to 2
2026-06-26 04:48:25.815 10 INFO neutron.wsgi [None req-15253dbd-3b21-4937-9a51-b7b6a691ad93 c9996900b5a14ef58cd211a41c58990f 58d1e7ef782e43819b3aec5ec8ddd86e - - default default] 10.0.0.27 "PUT /v2.0/routers/a4ac7958-dc7b-4892-a465-9cf89289b045 HTTP/1.1" status: 200 len: 660 time: 0.7998664
2026-06-26 04:48:25.855 10 INFO neutron.wsgi [None req-3be7a304-e615-41e6-a20a-2ed8ce574046 c9996900b5a14ef58cd211a41c58990f 58d1e7ef782e43819b3aec5ec8ddd86e - - default default] 10.0.0.27 "GET /v2.0/ports?device_id=a4ac7958-dc7b-4892-a465-9cf89289b045 HTTP/1.1" status: 200 len: 205 time: 0.0316203
2026-06-26 04:48:25.866 10 INFO neutron.wsgi [None req-7b015776-96dc-4a97-bd93-20b9fb64325a dfa2b7c6895248229874da3d0cd52dce 05bac32385d141389de08b3cebdce2ac - - default default] 10.0.0.27 "DELETE /v2.0/security-groups/d440056c-3861-4b59-84a3-1db81d76c3aa HTTP/1.1" status: 204 len: 168 time: 0.6969638
2026-06-26 04:48:26.091 9 INFO neutron.wsgi [None req-f967ee1b-ff02-40a6-a6a7-60e297dc176b c9996900b5a14ef58cd211a41c58990f 58d1e7ef782e43819b3aec5ec8ddd86e - - default default] 10.0.0.27 "DELETE /v2.0/routers/a4ac7958-dc7b-4892-a465-9cf89289b045 HTTP/1.1" status: 204 len: 168 time: 0.2269273
2026-06-26 04:48:26.141 9 INFO neutron.wsgi [None req-cc4970e3-97ce-4b72-ac09-4e20472ecd62 c9996900b5a14ef58cd211a41c58990f 58d1e7ef782e43819b3aec5ec8ddd86e - - default default] 10.0.0.27 "GET /v2.0/routers/a4a74f6a-965b-45ff-9176-8dcb1f226931 HTTP/1.1" status: 200 len: 668 time: 0.0451276
2026-06-26 04:48:26.481 10 INFO neutron.db.ovn_revision_numbers_db [None req-15d83bdc-9495-4138-a62e-6601cc322e20 dfa2b7c6895248229874da3d0cd52dce 05bac32385d141389de08b3cebdce2ac - - default default] Successfully bumped revision number for resource dc48d08b-1b1f-461f-b7cf-84fc27203e42 (type: security_groups) to 1
2026-06-26 04:48:26.494 10 INFO neutron.db.ovn_revision_numbers_db [None req-15d83bdc-9495-4138-a62e-6601cc322e20 dfa2b7c6895248229874da3d0cd52dce 05bac32385d141389de08b3cebdce2ac - - default default] Successfully bumped revision number for resource 04a0084f-f267-4eba-b3e0-02245bb7b212 (type: security_group_rules) to 0
2026-06-26 04:48:26.528 10 INFO neutron.db.ovn_revision_numbers_db [None req-15d83bdc-9495-4138-a62e-6601cc322e20 dfa2b7c6895248229874da3d0cd52dce 05bac32385d141389de08b3cebdce2ac - - default default] Successfully bumped revision number for resource 55ab2e8e-a81d-4cce-92d8-8a39c70e6d55 (type: security_group_rules) to 0
2026-06-26 04:48:26.547 10 INFO neutron.db.ovn_revision_numbers_db [None req-15d83bdc-9495-4138-a62e-6601cc322e20 dfa2b7c6895248229874da3d0cd52dce 05bac32385d141389de08b3cebdce2ac - - default default] Successfully bumped revision number for resource d65eb9cb-1123-45d7-af78-5b1a91af0697 (type: security_group_rules) to 0
2026-06-26 04:48:26.564 10 INFO neutron.db.ovn_revision_numbers_db [None req-15d83bdc-9495-4138-a62e-6601cc322e20 dfa2b7c6895248229874da3d0cd52dce 05bac32385d141389de08b3cebdce2ac - - default default] Successfully bumped revision number for resource f1df7224-40d2-4d3e-8086-762dbb1a849c (type: security_group_rules) to 0
2026-06-26 04:48:26.609 10 INFO neutron.db.segments_db [None req-15d83bdc-9495-4138-a62e-6601cc322e20 dfa2b7c6895248229874da3d0cd52dce 05bac32385d141389de08b3cebdce2ac - - default default] Added segment b66f8301-3df2-4591-8a95-8e9f9a1bf342 of type geneve for network f28b347b-97ed-4bb8-8aee-736aab8675d1
2026-06-26 04:48:26.740 10 INFO neutron.db.ovn_revision_numbers_db [None req-15d83bdc-9495-4138-a62e-6601cc322e20 dfa2b7c6895248229874da3d0cd52dce 05bac32385d141389de08b3cebdce2ac - - default default] Successfully bumped revision number for resource f28b347b-97ed-4bb8-8aee-736aab8675d1 (type: networks) to 1
2026-06-26 04:48:26.970 10 WARNING neutron.scheduler.dhcp_agent_scheduler [None req-15d83bdc-9495-4138-a62e-6601cc322e20 dfa2b7c6895248229874da3d0cd52dce 05bac32385d141389de08b3cebdce2ac - - default default] No more DHCP agents
2026-06-26 04:48:26.972 10 WARNING neutron.api.rpc.agentnotifiers.dhcp_rpc_agent_api [None req-15d83bdc-9495-4138-a62e-6601cc322e20 dfa2b7c6895248229874da3d0cd52dce 05bac32385d141389de08b3cebdce2ac - - default default] Unable to schedule network f28b347b-97ed-4bb8-8aee-736aab8675d1: no agents available; will retry on subsequent port and subnet creation events.
2026-06-26 04:48:26.988 9 INFO neutron.wsgi [-] 10.0.0.183 "GET / HTTP/1.1" status: 200 len: 246 time: 0.0016656
2026-06-26 04:48:26.989 9 INFO neutron.wsgi [-] 10.0.0.183 "GET / HTTP/1.1" status: 200 len: 246 time: 0.0009408
2026-06-26 04:48:27.027 9 INFO neutron.db.ovn_revision_numbers_db [None req-8bd12636-576a-4ebf-9591-5cd69a22edf9 c9996900b5a14ef58cd211a41c58990f 58d1e7ef782e43819b3aec5ec8ddd86e - - default default] Successfully bumped revision number for resource a4a74f6a-965b-45ff-9176-8dcb1f226931 (type: routers) to 2
2026-06-26 04:48:27.030 9 INFO neutron.wsgi [None req-8bd12636-576a-4ebf-9591-5cd69a22edf9 c9996900b5a14ef58cd211a41c58990f 58d1e7ef782e43819b3aec5ec8ddd86e - - default default] 10.0.0.27 "PUT /v2.0/routers/a4a74f6a-965b-45ff-9176-8dcb1f226931 HTTP/1.1" status: 200 len: 668 time: 0.8836348
2026-06-26 04:48:27.054 9 INFO neutron.wsgi [None req-4b70809e-5a9a-457a-821c-17f0961ddd30 c9996900b5a14ef58cd211a41c58990f 58d1e7ef782e43819b3aec5ec8ddd86e - - default default] 10.0.0.27 "GET /v2.0/ports?device_id=a4a74f6a-965b-45ff-9176-8dcb1f226931 HTTP/1.1" status: 200 len: 205 time: 0.0169165
2026-06-26 04:48:27.093 10 INFO neutron.db.ovn_revision_numbers_db [None req-15d83bdc-9495-4138-a62e-6601cc322e20 dfa2b7c6895248229874da3d0cd52dce 05bac32385d141389de08b3cebdce2ac - - default default] Successfully bumped revision number for resource c4725b63-2f4e-49ea-899f-adabc75e3ac6 (type: ports) to 1
2026-06-26 04:48:27.122 10 INFO neutron.wsgi [None req-15d83bdc-9495-4138-a62e-6601cc322e20 dfa2b7c6895248229874da3d0cd52dce 05bac32385d141389de08b3cebdce2ac - - default default] 10.0.0.27 "POST /v2.0/networks HTTP/1.1" status: 201 len: 945 time: 0.9696867
2026-06-26 04:48:27.299 9 INFO neutron.wsgi [None req-ae26d3d5-bebf-43c2-b7bf-2c8b95851e2b c9996900b5a14ef58cd211a41c58990f 58d1e7ef782e43819b3aec5ec8ddd86e - - default default] 10.0.0.27 "DELETE /v2.0/routers/a4a74f6a-965b-45ff-9176-8dcb1f226931 HTTP/1.1" status: 204 len: 168 time: 0.2372041
2026-06-26 04:48:27.366 9 INFO neutron.wsgi [None req-dc22e890-40ac-474c-a58e-ee4ce99fd41c c9996900b5a14ef58cd211a41c58990f 58d1e7ef782e43819b3aec5ec8ddd86e - - default default] 10.0.0.27 "GET /v2.0/routers/16c8645d-ad5f-454f-834f-4e7ab6aa63ff HTTP/1.1" status: 200 len: 677 time: 0.0607133
2026-06-26 04:48:27.431 9 WARNING neutron.scheduler.dhcp_agent_scheduler [None req-3ccd0c39-9c9c-4649-8f2d-2493d6021c28 dfa2b7c6895248229874da3d0cd52dce 05bac32385d141389de08b3cebdce2ac - - default default] No more DHCP agents
2026-06-26 04:48:27.435 9 WARNING neutron.api.rpc.agentnotifiers.dhcp_rpc_agent_api [None req-3ccd0c39-9c9c-4649-8f2d-2493d6021c28 dfa2b7c6895248229874da3d0cd52dce 05bac32385d141389de08b3cebdce2ac - - default default] Unable to schedule network f28b347b-97ed-4bb8-8aee-736aab8675d1: no agents available; will retry on subsequent port and subnet creation events.
2026-06-26 04:48:27.690 10 INFO neutron.wsgi [None req-7fed2a2d-e351-498d-ba01-a0adcee91003 dfa2b7c6895248229874da3d0cd52dce 05bac32385d141389de08b3cebdce2ac - - default default] 10.0.0.27 "PUT /v2.0/routers/e6bedb0c-41b0-4f4f-8c64-fcc1e8a97be9/remove_router_interface HTTP/1.1" status: 200 len: 503 time: 0.9478488 /var/lib/openstack/lib/python3.10/site-packages/pycadf/identifier.py:71: UserWarning: Invalid uuid: neutron. To ensure interoperability, identifiers should be a valid uuid. warnings.warn(('Invalid uuid: %s. To ensure interoperability, '
2026-06-26 04:48:27.782 9 INFO neutron.db.ovn_revision_numbers_db [None req-ae995c1c-2fc9-4ec3-a4ea-52ee82d87561 c9996900b5a14ef58cd211a41c58990f 58d1e7ef782e43819b3aec5ec8ddd86e - - default default] Successfully bumped revision number for resource 16c8645d-ad5f-454f-834f-4e7ab6aa63ff (type: routers) to 2
2026-06-26 04:48:27.785 9 INFO neutron.wsgi [None req-ae995c1c-2fc9-4ec3-a4ea-52ee82d87561 c9996900b5a14ef58cd211a41c58990f 58d1e7ef782e43819b3aec5ec8ddd86e - - default default] 10.0.0.27 "PUT /v2.0/routers/16c8645d-ad5f-454f-834f-4e7ab6aa63ff HTTP/1.1" status: 200 len: 677 time: 0.4149096
2026-06-26 04:48:27.810 9 INFO neutron.wsgi [None req-59933975-e2bd-4748-80b9-ca2ac3f48e57 c9996900b5a14ef58cd211a41c58990f 58d1e7ef782e43819b3aec5ec8ddd86e - - default default] 10.0.0.27 "GET /v2.0/ports?device_id=16c8645d-ad5f-454f-834f-4e7ab6aa63ff HTTP/1.1" status: 200 len: 205 time: 0.0188107
2026-06-26 04:48:27.940 10 INFO neutron.db.ovn_revision_numbers_db [None req-5177729c-f221-41cc-a8e0-0a9e25967b7a 2e508dc7410c4518bb6fcdd62e5292d6 cf70afe3f9f54e5fb63909dfee9b59f5 - - default default] Successfully bumped revision number for resource 480537de-3346-46e6-8c1d-423f71c9dde1 (type: security_groups) to 1
2026-06-26 04:48:27.968 10 INFO neutron.db.ovn_revision_numbers_db [None req-5177729c-f221-41cc-a8e0-0a9e25967b7a 2e508dc7410c4518bb6fcdd62e5292d6 cf70afe3f9f54e5fb63909dfee9b59f5 - - default default] Successfully bumped revision number for resource 3363f9e5-564e-4c46-8d13-7bccc11219c3 (type: security_group_rules) to 0
2026-06-26 04:48:27.986 10 INFO neutron.db.ovn_revision_numbers_db [None req-5177729c-f221-41cc-a8e0-0a9e25967b7a 2e508dc7410c4518bb6fcdd62e5292d6 cf70afe3f9f54e5fb63909dfee9b59f5 - - default default] Successfully bumped revision number for resource 422a07d2-0515-452f-8baf-fa739fd96168 (type: security_group_rules) to 0
2026-06-26 04:48:28.018 10 INFO neutron.db.ovn_revision_numbers_db [None req-5177729c-f221-41cc-a8e0-0a9e25967b7a 2e508dc7410c4518bb6fcdd62e5292d6 cf70afe3f9f54e5fb63909dfee9b59f5 - - default default] Successfully bumped revision number for resource 90d650c2-3138-43ad-9611-c6add0ebfb21 (type: security_group_rules) to 0
2026-06-26 04:48:28.038 10 INFO neutron.db.ovn_revision_numbers_db [None req-5177729c-f221-41cc-a8e0-0a9e25967b7a 2e508dc7410c4518bb6fcdd62e5292d6 cf70afe3f9f54e5fb63909dfee9b59f5 - - default default] Successfully bumped revision number for resource d319bca3-adb0-4824-b68c-d715699ded52 (type: security_group_rules) to 0
2026-06-26 04:48:28.049 9 INFO neutron.wsgi [None req-191d3bb0-62eb-412b-ac93-2d1a91dd781c c9996900b5a14ef58cd211a41c58990f 58d1e7ef782e43819b3aec5ec8ddd86e - - default default] 10.0.0.27 "DELETE /v2.0/routers/16c8645d-ad5f-454f-834f-4e7ab6aa63ff HTTP/1.1" status: 204 len: 168 time: 0.2364688
2026-06-26 04:48:28.116 10 INFO neutron.db.segments_db [None req-5177729c-f221-41cc-a8e0-0a9e25967b7a 2e508dc7410c4518bb6fcdd62e5292d6 cf70afe3f9f54e5fb63909dfee9b59f5 - - default default] Added segment 1195bb76-134a-4016-9f1a-2b19f6c54a50 of type geneve for network 32273b0d-2450-4339-8adf-59e7792e59ed
2026-06-26 04:48:28.117 9 INFO neutron.db.ovn_revision_numbers_db [None req-3ccd0c39-9c9c-4649-8f2d-2493d6021c28 dfa2b7c6895248229874da3d0cd52dce 05bac32385d141389de08b3cebdce2ac - - default default] Successfully bumped revision number for resource c4725b63-2f4e-49ea-899f-adabc75e3ac6 (type: ports) to 2
2026-06-26 04:48:28.119 10 INFO neutron.wsgi [None req-19f65281-b333-4588-8fd5-a7295af34589 c9996900b5a14ef58cd211a41c58990f 58d1e7ef782e43819b3aec5ec8ddd86e - - default default] 10.0.0.27 "GET /v2.0/routers/63b7cade-dd83-4ef5-a0c8-4b0eab582368 HTTP/1.1" status: 200 len: 662 time: 0.0635407
2026-06-26 04:48:28.181 9 INFO neutron.db.ovn_revision_numbers_db [None req-3ccd0c39-9c9c-4649-8f2d-2493d6021c28 dfa2b7c6895248229874da3d0cd52dce 05bac32385d141389de08b3cebdce2ac - - default default] Successfully bumped revision number for resource e77a017b-b6b2-44a2-b389-14431f323da7 (type: subnets) to 0
2026-06-26 04:48:28.200 9 INFO neutron.wsgi [None req-3ccd0c39-9c9c-4649-8f2d-2493d6021c28 dfa2b7c6895248229874da3d0cd52dce 05bac32385d141389de08b3cebdce2ac - - default default] 10.0.0.27 "POST /v2.0/subnets HTTP/1.1" status: 201 len: 865 time: 1.0701454
2026-06-26 04:48:28.312 10 INFO neutron.db.ovn_revision_numbers_db [None req-5177729c-f221-41cc-a8e0-0a9e25967b7a 2e508dc7410c4518bb6fcdd62e5292d6 cf70afe3f9f54e5fb63909dfee9b59f5 - - default default] Successfully bumped revision number for resource 32273b0d-2450-4339-8adf-59e7792e59ed (type: networks) to 1
2026-06-26 04:48:28.534 10 INFO neutron.wsgi [None req-0aeb1461-6f81-45a9-b05b-4fac35d34832 dfa2b7c6895248229874da3d0cd52dce 05bac32385d141389de08b3cebdce2ac - - default default] 10.0.0.27 "DELETE /v2.0/routers/e6bedb0c-41b0-4f4f-8c64-fcc1e8a97be9 HTTP/1.1" status: 204 len: 168 time: 0.8397524
2026-06-26 04:48:28.843 9 INFO neutron.db.ovn_revision_numbers_db [None req-7de050d5-7d46-406b-b0e0-806705e2a78d c9996900b5a14ef58cd211a41c58990f 58d1e7ef782e43819b3aec5ec8ddd86e - - default default] Successfully bumped revision number for resource 63b7cade-dd83-4ef5-a0c8-4b0eab582368 (type: routers) to 2
2026-06-26 04:48:28.847 9 INFO neutron.wsgi [None req-7de050d5-7d46-406b-b0e0-806705e2a78d c9996900b5a14ef58cd211a41c58990f 58d1e7ef782e43819b3aec5ec8ddd86e - - default default] 10.0.0.27 "PUT /v2.0/routers/63b7cade-dd83-4ef5-a0c8-4b0eab582368 HTTP/1.1" status: 200 len: 662 time: 0.7227039
2026-06-26 04:48:28.875 9 INFO neutron.wsgi [None req-4a711cf5-7534-4f0f-8268-800d3bbe8634 c9996900b5a14ef58cd211a41c58990f 58d1e7ef782e43819b3aec5ec8ddd86e - - default default] 10.0.0.27 "GET /v2.0/ports?device_id=63b7cade-dd83-4ef5-a0c8-4b0eab582368 HTTP/1.1" status: 200 len: 205 time: 0.0211768
2026-06-26 04:48:29.067 9 INFO neutron.wsgi [None req-d6baaf48-140c-43ae-8b01-60b28bde16a5 c9996900b5a14ef58cd211a41c58990f 58d1e7ef782e43819b3aec5ec8ddd86e - - default default] 10.0.0.27 "DELETE /v2.0/routers/63b7cade-dd83-4ef5-a0c8-4b0eab582368 HTTP/1.1" status: 204 len: 168 time: 0.1885793
2026-06-26 04:48:29.111 9 INFO neutron.wsgi [None req-6a4e543e-ff78-4f30-86f4-fd7838135043 c9996900b5a14ef58cd211a41c58990f 58d1e7ef782e43819b3aec5ec8ddd86e - - default default] 10.0.0.27 "GET /v2.0/routers/591b9c54-ccbd-41a3-b504-9f9f130d028c HTTP/1.1" status: 200 len: 655 time: 0.0391173
2026-06-26 04:48:29.182 10 WARNING neutron.scheduler.dhcp_agent_scheduler [None req-5177729c-f221-41cc-a8e0-0a9e25967b7a 2e508dc7410c4518bb6fcdd62e5292d6 cf70afe3f9f54e5fb63909dfee9b59f5 - - default default] No more DHCP agents
2026-06-26 04:48:29.192 10 WARNING neutron.api.rpc.agentnotifiers.dhcp_rpc_agent_api [None req-5177729c-f221-41cc-a8e0-0a9e25967b7a 2e508dc7410c4518bb6fcdd62e5292d6 cf70afe3f9f54e5fb63909dfee9b59f5 - - default default] Unable to schedule network 32273b0d-2450-4339-8adf-59e7792e59ed: no agents available; will retry on subsequent port and subnet creation events.
2026-06-26 04:48:29.375 10 INFO neutron.db.ovn_revision_numbers_db [None req-5177729c-f221-41cc-a8e0-0a9e25967b7a 2e508dc7410c4518bb6fcdd62e5292d6 cf70afe3f9f54e5fb63909dfee9b59f5 - - default default] Successfully bumped revision number for resource f6862385-9eac-462d-8df4-822ae41c0ba5 (type: ports) to 1
2026-06-26 04:48:29.414 10 INFO neutron.wsgi [None req-d5f1fd3f-1322-458c-a6b9-a56d6fec67aa dfa2b7c6895248229874da3d0cd52dce 05bac32385d141389de08b3cebdce2ac - - default default] 10.0.0.27 "DELETE /v2.0/subnets/87e86d52-5d30-4d2c-8711-971a9b7c8c10 HTTP/1.1" status: 204 len: 168 time: 0.8737495
2026-06-26 04:48:29.418 10 INFO neutron.wsgi [None req-5177729c-f221-41cc-a8e0-0a9e25967b7a 2e508dc7410c4518bb6fcdd62e5292d6 cf70afe3f9f54e5fb63909dfee9b59f5 - - default default] 10.0.0.27 "POST /v2.0/networks HTTP/1.1" status: 201 len: 832 time: 1.7962477
2026-06-26 04:48:29.519 10 WARNING neutron.scheduler.dhcp_agent_scheduler [None req-0fb9e85d-6d12-4c2d-90ef-395006e3b274 dfa2b7c6895248229874da3d0cd52dce 05bac32385d141389de08b3cebdce2ac - - default default] No more DHCP agents
2026-06-26 04:48:29.523 10 WARNING neutron.api.rpc.agentnotifiers.dhcp_rpc_agent_api [None req-0fb9e85d-6d12-4c2d-90ef-395006e3b274 dfa2b7c6895248229874da3d0cd52dce 05bac32385d141389de08b3cebdce2ac - - default default] Unable to schedule network 0011ab2a-da77-4193-8caf-2cab7c251929: no agents available; will retry on subsequent port and subnet creation events.
2026-06-26 04:48:29.526 10 INFO neutron.db.segments_db [None req-56bd6d41-b5ae-4f6e-9978-0a1914c4cfff 2e508dc7410c4518bb6fcdd62e5292d6 cf70afe3f9f54e5fb63909dfee9b59f5 - - default default] Added segment 69129e2a-6edf-46a3-84b6-edb1ece15ab4 of type geneve for network 425513bf-73c1-4ef6-a7b4-c8c7e728c444
2026-06-26 04:48:29.527 9 INFO neutron.wsgi [None req-67ceef3e-b637-4be2-a489-a697b50b3cbd c9996900b5a14ef58cd211a41c58990f 58d1e7ef782e43819b3aec5ec8ddd86e - - default default] 10.0.0.27 "PUT /v2.0/routers/591b9c54-ccbd-41a3-b504-9f9f130d028c HTTP/1.1" status: 200 len: 655 time: 0.4126754
2026-06-26 04:48:29.549 9 INFO neutron.wsgi [None req-38da2068-9afc-437c-9efc-55637164425d c9996900b5a14ef58cd211a41c58990f 58d1e7ef782e43819b3aec5ec8ddd86e - - default default] 10.0.0.27 "GET /v2.0/ports?device_id=591b9c54-ccbd-41a3-b504-9f9f130d028c HTTP/1.1" status: 200 len: 205 time: 0.0153112
2026-06-26 04:48:29.745 9 INFO neutron.services.segments.plugin [-] Segment ca45b7d3-4615-4acd-a3a9-43472cfa1da0 resource provider aggregate not found
2026-06-26 04:48:29.749 9 INFO neutron.services.segments.plugin [-] Segment ca45b7d3-4615-4acd-a3a9-43472cfa1da0 resource provider aggregate not found
2026-06-26 04:48:29.764 9 INFO neutron.services.segments.plugin [-] Segment ca45b7d3-4615-4acd-a3a9-43472cfa1da0 resource provider not found; error: Placement Client Error (4xx): {"errors": [{"status": 404, "title": "Not Found", "detail": "The resource could not be found.\n\n No resource provider with uuid ca45b7d3-4615-4acd-a3a9-43472cfa1da0 found for delete ", "request_id": "req-c1434262-e034-444d-a3ce-ad4137ee5d67"}]}
2026-06-26 04:48:29.767 9 INFO neutron.services.segments.plugin [-] Segment ca45b7d3-4615-4acd-a3a9-43472cfa1da0 resource provider not found; error: Placement Client Error (4xx): {"errors": [{"status": 404, "title": "Not Found", "detail": "The resource could not be found.\n\n No resource provider with uuid ca45b7d3-4615-4acd-a3a9-43472cfa1da0 found for delete ", "request_id": "req-b75e2fe3-43dd-4ef3-a4e1-7d64b6db80cd"}]}
2026-06-26 04:48:29.789 9 INFO neutron.wsgi [None req-2ccbf297-7425-4f48-9d13-a5b84f19150b dfa2b7c6895248229874da3d0cd52dce 05bac32385d141389de08b3cebdce2ac - - default default] 10.0.0.27 "DELETE /v2.0/networks/b624b110-171d-4e48-bce2-13280a6307ff HTTP/1.1" status: 204 len: 168 time: 0.3677640
2026-06-26 04:48:29.854 10 INFO neutron.db.ovn_revision_numbers_db [None req-56bd6d41-b5ae-4f6e-9978-0a1914c4cfff 2e508dc7410c4518bb6fcdd62e5292d6 cf70afe3f9f54e5fb63909dfee9b59f5 - - default default] Successfully bumped revision number for resource 425513bf-73c1-4ef6-a7b4-c8c7e728c444 (type: networks) to 1
2026-06-26 04:48:29.888 10 INFO neutron.wsgi [None req-c0590957-f971-45c6-b3a0-e4eb04e3d6cb c9996900b5a14ef58cd211a41c58990f 58d1e7ef782e43819b3aec5ec8ddd86e - - default default] 10.0.0.27 "DELETE /v2.0/routers/591b9c54-ccbd-41a3-b504-9f9f130d028c HTTP/1.1" status: 204 len: 168 time: 0.3336630
2026-06-26 04:48:29.913 10 INFO neutron.db.ovn_revision_numbers_db [None req-0fb9e85d-6d12-4c2d-90ef-395006e3b274 dfa2b7c6895248229874da3d0cd52dce 05bac32385d141389de08b3cebdce2ac - - default default] Successfully bumped revision number for resource 4684e7c1-f259-4a28-be9a-79eac28bd762 (type: ports) to 1
2026-06-26 04:48:29.998 9 INFO neutron.wsgi [None req-d4cb9cea-8e05-439b-b4c7-3435c836e98f dfa2b7c6895248229874da3d0cd52dce 05bac32385d141389de08b3cebdce2ac - - default default] 10.0.0.27 "GET /v2.0/security-groups?tenant_id=81fd698c63754271bd23e346bb5f00c2&name=default HTTP/1.1" status: 200 len: 2996 time: 0.0269032
2026-06-26 04:48:30.083 10 WARNING neutron.scheduler.dhcp_agent_scheduler [None req-56bd6d41-b5ae-4f6e-9978-0a1914c4cfff 2e508dc7410c4518bb6fcdd62e5292d6 cf70afe3f9f54e5fb63909dfee9b59f5 - - default default] No more DHCP agents
2026-06-26 04:48:30.088 10 WARNING neutron.api.rpc.agentnotifiers.dhcp_rpc_agent_api [None req-56bd6d41-b5ae-4f6e-9978-0a1914c4cfff 2e508dc7410c4518bb6fcdd62e5292d6 cf70afe3f9f54e5fb63909dfee9b59f5 - - default default] Unable to schedule network 425513bf-73c1-4ef6-a7b4-c8c7e728c444: no agents available; will retry on subsequent port and subnet creation events.
2026-06-26 04:48:30.206 9 INFO neutron.wsgi [None req-cde04ced-f2cb-4847-a8f6-120fa2c3bef3 dfa2b7c6895248229874da3d0cd52dce 05bac32385d141389de08b3cebdce2ac - - default default] 10.0.0.27 "DELETE /v2.0/security-groups/732066aa-cafd-4899-af3f-3bd4d346b66a HTTP/1.1" status: 204 len: 168 time: 0.2047124
2026-06-26 04:48:30.261 10 INFO neutron.db.ovn_revision_numbers_db [None req-56bd6d41-b5ae-4f6e-9978-0a1914c4cfff 2e508dc7410c4518bb6fcdd62e5292d6 cf70afe3f9f54e5fb63909dfee9b59f5 - - default default] Successfully bumped revision number for resource d756a8db-69f2-4085-93e0-39ecc818a234 (type: ports) to 1
2026-06-26 04:48:30.287 10 INFO neutron.wsgi [None req-56bd6d41-b5ae-4f6e-9978-0a1914c4cfff 2e508dc7410c4518bb6fcdd62e5292d6 cf70afe3f9f54e5fb63909dfee9b59f5 - - default default] 10.0.0.27 "POST /v2.0/networks HTTP/1.1" status: 201 len: 832 time: 0.8631701
2026-06-26 04:48:30.547 9 WARNING neutron.scheduler.dhcp_agent_scheduler [None req-514235c6-62f2-4777-9fef-53b4a580df48 2e508dc7410c4518bb6fcdd62e5292d6 cf70afe3f9f54e5fb63909dfee9b59f5 - - default default] No more DHCP agents
2026-06-26 04:48:30.549 9 WARNING neutron.api.rpc.agentnotifiers.dhcp_rpc_agent_api [None req-514235c6-62f2-4777-9fef-53b4a580df48 2e508dc7410c4518bb6fcdd62e5292d6 cf70afe3f9f54e5fb63909dfee9b59f5 - - default default] Unable to schedule network 32273b0d-2450-4339-8adf-59e7792e59ed: no agents available; will retry on subsequent port and subnet creation events.
2026-06-26 04:48:30.579 9 INFO neutron.db.ovn_revision_numbers_db [None req-514235c6-62f2-4777-9fef-53b4a580df48 2e508dc7410c4518bb6fcdd62e5292d6 cf70afe3f9f54e5fb63909dfee9b59f5 - - default default] Successfully bumped revision number for resource ca0e7a6f-ddaa-4d23-bf41-009663c012c9 (type: subnets) to 0
2026-06-26 04:48:30.594 9 INFO neutron.wsgi [None req-514235c6-62f2-4777-9fef-53b4a580df48 2e508dc7410c4518bb6fcdd62e5292d6 cf70afe3f9f54e5fb63909dfee9b59f5 - - default default] 10.0.0.27 "POST /v2.0/subnets HTTP/1.1" status: 201 len: 821 time: 0.2990789
2026-06-26 04:48:30.606 10 INFO neutron.plugins.ml2.drivers.ovn.mech_driver.mech_driver [None req-1a5073a8-6585-46b6-a31d-df1d27a05419 - - - - - -] OVN reports status up for port: 4684e7c1-f259-4a28-be9a-79eac28bd762
2026-06-26 04:48:30.627 10 INFO neutron.plugins.ml2.drivers.ovn.mech_driver.ovsdb.ovsdb_monitor [-] Router 47dd812f-883d-4696-b20d-4c0b947049d9 is bound to host instance
2026-06-26 04:48:30.658 10 INFO neutron.plugins.ml2.plugin [None req-1a5073a8-6585-46b6-a31d-df1d27a05419 - - - - - -] Attempt 1 to provision port 4684e7c1-f259-4a28-be9a-79eac28bd762
2026-06-26 04:48:30.676 10 INFO neutron.db.ovn_revision_numbers_db [None req-0fb9e85d-6d12-4c2d-90ef-395006e3b274 dfa2b7c6895248229874da3d0cd52dce 05bac32385d141389de08b3cebdce2ac - - default default] Successfully bumped revision number for resource 4684e7c1-f259-4a28-be9a-79eac28bd762 (type: router_ports) to 1
2026-06-26 04:48:30.737 10 INFO neutron.wsgi [None req-735d2dd1-e137-4856-86dd-cbab469a9d46 dfa2b7c6895248229874da3d0cd52dce 05bac32385d141389de08b3cebdce2ac - - default default] 10.0.0.122 "GET /v2.0/network-ip-availabilities HTTP/1.1" status: 200 len: 2477 time: 0.3156371
2026-06-26 04:48:30.825 10 INFO neutron.wsgi [None req-4a4f17f0-050c-4dbd-876f-089e37026b52 dfa2b7c6895248229874da3d0cd52dce 05bac32385d141389de08b3cebdce2ac - - default default] 10.0.0.122 "GET /v2.0/subnets HTTP/1.1" status: 200 len: 2723 time: 0.0802004
2026-06-26 04:48:30.839 10 INFO neutron.db.ovn_revision_numbers_db [None req-0fb9e85d-6d12-4c2d-90ef-395006e3b274 dfa2b7c6895248229874da3d0cd52dce 05bac32385d141389de08b3cebdce2ac - - default default] Successfully bumped revision number for resource 47dd812f-883d-4696-b20d-4c0b947049d9 (type: routers) to 2
2026-06-26 04:48:30.872 10 INFO neutron.wsgi [None req-0fb9e85d-6d12-4c2d-90ef-395006e3b274 dfa2b7c6895248229874da3d0cd52dce 05bac32385d141389de08b3cebdce2ac - - default default] 10.0.0.27 "POST /v2.0/routers HTTP/1.1" status: 201 len: 876 time: 2.6647270
2026-06-26 04:48:30.876 10 INFO neutron.wsgi [None req-9f3dd492-5217-4510-acba-b3308a35c17e dfa2b7c6895248229874da3d0cd52dce 05bac32385d141389de08b3cebdce2ac - - default default] 10.0.0.122 "GET /v2.0/ports HTTP/1.1" status: 200 len: 9145 time: 0.0482132
2026-06-26 04:48:30.899 9 INFO neutron.db.ovn_revision_numbers_db [None req-f179bd8e-9e11-4d62-b4ae-3d3abb20e747 dfa2b7c6895248229874da3d0cd52dce 05bac32385d141389de08b3cebdce2ac - - default default] Successfully bumped revision number for resource f299dc9a-fea7-447a-adab-a928cabd0760 (type: security_groups) to 1
2026-06-26 04:48:30.900 9 WARNING neutron.scheduler.dhcp_agent_scheduler [None req-6b5cd2d2-1ac1-483d-8f43-879d57579be9 2e508dc7410c4518bb6fcdd62e5292d6 cf70afe3f9f54e5fb63909dfee9b59f5 - - default default] No more DHCP agents
2026-06-26 04:48:30.903 9 WARNING neutron.api.rpc.agentnotifiers.dhcp_rpc_agent_api [None req-6b5cd2d2-1ac1-483d-8f43-879d57579be9 2e508dc7410c4518bb6fcdd62e5292d6 cf70afe3f9f54e5fb63909dfee9b59f5 - - default default] Unable to schedule network 425513bf-73c1-4ef6-a7b4-c8c7e728c444: no agents available; will retry on subsequent port and subnet creation events.
2026-06-26 04:48:30.916 9 INFO neutron.db.ovn_revision_numbers_db [None req-f179bd8e-9e11-4d62-b4ae-3d3abb20e747 dfa2b7c6895248229874da3d0cd52dce 05bac32385d141389de08b3cebdce2ac - - default default] Successfully bumped revision number for resource 3dbc3116-f174-4f5f-bec0-3506c9ab852d (type: security_group_rules) to 0
2026-06-26 04:48:30.936 9 INFO neutron.db.ovn_revision_numbers_db [None req-f179bd8e-9e11-4d62-b4ae-3d3abb20e747 dfa2b7c6895248229874da3d0cd52dce 05bac32385d141389de08b3cebdce2ac - - default default] Successfully bumped revision number for resource 7da9d9e8-8959-47fe-90b0-83257bd9fad3 (type: security_group_rules) to 0
2026-06-26 04:48:30.956 9 INFO neutron.db.ovn_revision_numbers_db [None req-f179bd8e-9e11-4d62-b4ae-3d3abb20e747 dfa2b7c6895248229874da3d0cd52dce 05bac32385d141389de08b3cebdce2ac - - default default] Successfully bumped revision number for resource 8a1445df-50d5-414e-8a2f-3d5da20bf655 (type: security_group_rules) to 0
2026-06-26 04:48:30.959 9 INFO neutron.db.ovn_revision_numbers_db [None req-6b5cd2d2-1ac1-483d-8f43-879d57579be9 2e508dc7410c4518bb6fcdd62e5292d6 cf70afe3f9f54e5fb63909dfee9b59f5 - - default default] Successfully bumped revision number for resource 75360cd5-d201-45c5-9f42-9a20aee4180b (type: subnets) to 0
2026-06-26 04:48:30.973 9 INFO neutron.db.ovn_revision_numbers_db [None req-f179bd8e-9e11-4d62-b4ae-3d3abb20e747 dfa2b7c6895248229874da3d0cd52dce 05bac32385d141389de08b3cebdce2ac - - default default] Successfully bumped revision number for resource e6258d4e-add3-4ad4-9296-0f7ecc142df1 (type: security_group_rules) to 0
2026-06-26 04:48:30.977 9 INFO neutron.wsgi [None req-6b5cd2d2-1ac1-483d-8f43-879d57579be9 2e508dc7410c4518bb6fcdd62e5292d6 cf70afe3f9f54e5fb63909dfee9b59f5 - - default default] 10.0.0.27 "POST /v2.0/subnets HTTP/1.1" status: 201 len: 830 time: 0.3742092
2026-06-26 04:48:31.016 9 INFO neutron.wsgi [None req-f179bd8e-9e11-4d62-b4ae-3d3abb20e747 dfa2b7c6895248229874da3d0cd52dce 05bac32385d141389de08b3cebdce2ac - - default default] 10.0.0.27 "GET /v2.0/security-groups?tenant_id=2738453fca3c409d8d8c7fa3a614c851&name=default HTTP/1.1" status: 200 len: 2996 time: 0.3238142
2026-06-26 04:48:31.183 9 INFO neutron.db.ovn_revision_numbers_db [None req-149d7a9f-9dc2-4d04-b2bb-c119f044ed57 2e508dc7410c4518bb6fcdd62e5292d6 cf70afe3f9f54e5fb63909dfee9b59f5 - - default default] Successfully bumped revision number for resource 0abbe4cb-4b73-4101-93b2-2cd10e428b67 (type: routers) to 1
2026-06-26 04:48:31.200 9 INFO neutron.wsgi [None req-149d7a9f-9dc2-4d04-b2bb-c119f044ed57 2e508dc7410c4518bb6fcdd62e5292d6 cf70afe3f9f54e5fb63909dfee9b59f5 - - default default] 10.0.0.27 "POST /v2.0/routers HTTP/1.1" status: 201 len: 691 time: 0.2152808
2026-06-26 04:48:31.260 10 INFO neutron.wsgi [None req-91182315-5d6d-4ff4-bb38-0d669d3545b3 dfa2b7c6895248229874da3d0cd52dce 05bac32385d141389de08b3cebdce2ac - - default default] 10.0.0.122 "GET /v2.0/routers HTTP/1.1" status: 200 len: 861 time: 0.3761249
2026-06-26 04:48:31.301 9 INFO neutron.wsgi [None req-3bbdb439-6ee2-43d0-8381-0eb9565155ce dfa2b7c6895248229874da3d0cd52dce 05bac32385d141389de08b3cebdce2ac - - default default] 10.0.0.27 "DELETE /v2.0/security-groups/f299dc9a-fea7-447a-adab-a928cabd0760 HTTP/1.1" status: 204 len: 168 time: 0.2795403
2026-06-26 04:48:31.331 10 INFO neutron.wsgi [None req-75d6aec6-8fed-41c2-bc20-25881b1da289 dfa2b7c6895248229874da3d0cd52dce 05bac32385d141389de08b3cebdce2ac - - default default] 10.0.0.122 "GET /v2.0/agents?binary=ovn-controller HTTP/1.1" status: 200 len: 591 time: 0.0699153
2026-06-26 04:48:31.421 10 INFO neutron.wsgi [None req-5d79287a-ee10-40c4-977a-5579dd5d0139 dfa2b7c6895248229874da3d0cd52dce 05bac32385d141389de08b3cebdce2ac - - default default] 10.0.0.122 "GET /v2.0/subnets HTTP/1.1" status: 200 len: 3362 time: 0.0857999
2026-06-26 04:48:31.438 10 INFO neutron.wsgi [None req-8b510f5c-970a-4b09-a8a7-903d6928c6d4 dfa2b7c6895248229874da3d0cd52dce 05bac32385d141389de08b3cebdce2ac - - default default] 10.0.0.122 "GET /v2.0/subnetpools HTTP/1.1" status: 200 len: 193 time: 0.0139947
2026-06-26 04:48:31.507 9 INFO neutron.db.ovn_revision_numbers_db [None req-a51ebba3-d50b-424e-b78c-ca5d06a64e7b dfa2b7c6895248229874da3d0cd52dce 05bac32385d141389de08b3cebdce2ac - - default default] Successfully bumped revision number for resource 8d2345a3-00a9-428e-a136-6031bc328632 (type: security_groups) to 1
2026-06-26 04:48:31.524 9 INFO neutron.db.ovn_revision_numbers_db [None req-a51ebba3-d50b-424e-b78c-ca5d06a64e7b dfa2b7c6895248229874da3d0cd52dce 05bac32385d141389de08b3cebdce2ac - - default default] Successfully bumped revision number for resource 08857f3a-d06e-4a4d-8a7f-b22fa17e2c54 (type: security_group_rules) to 0
2026-06-26 04:48:31.538 9 INFO neutron.db.ovn_revision_numbers_db [None req-a51ebba3-d50b-424e-b78c-ca5d06a64e7b dfa2b7c6895248229874da3d0cd52dce 05bac32385d141389de08b3cebdce2ac - - default default] Successfully bumped revision number for resource 2f008baa-ba8b-4e17-9f2d-9c674e80f9f4 (type: security_group_rules) to 0
2026-06-26 04:48:31.554 9 INFO neutron.db.ovn_revision_numbers_db [None req-a51ebba3-d50b-424e-b78c-ca5d06a64e7b dfa2b7c6895248229874da3d0cd52dce 05bac32385d141389de08b3cebdce2ac - - default default] Successfully bumped revision number for resource ec714b90-cdd8-4a48-89ba-31c2a201e6d6 (type: security_group_rules) to 0
2026-06-26 04:48:31.573 9 INFO neutron.db.ovn_revision_numbers_db [None req-a51ebba3-d50b-424e-b78c-ca5d06a64e7b dfa2b7c6895248229874da3d0cd52dce 05bac32385d141389de08b3cebdce2ac - - default default] Successfully bumped revision number for resource f38adf96-2010-44ed-8bdf-b8161dd06c43 (type: security_group_rules) to 0
2026-06-26 04:48:31.596 9 INFO neutron.wsgi [None req-a51ebba3-d50b-424e-b78c-ca5d06a64e7b dfa2b7c6895248229874da3d0cd52dce 05bac32385d141389de08b3cebdce2ac - - default default] 10.0.0.27 "GET /v2.0/security-groups?tenant_id=fdcf38a4a25545af9c3f6cf5e6c1ec52&name=default HTTP/1.1" status: 200 len: 2996 time: 0.1935961
2026-06-26 04:48:31.619 10 INFO neutron.wsgi [None req-8da6cb38-7d82-422e-a83c-dfae21cc74a5 dfa2b7c6895248229874da3d0cd52dce 05bac32385d141389de08b3cebdce2ac - - default default] 10.0.0.122 "GET /v2.0/networks HTTP/1.1" status: 200 len: 4601 time: 0.1790254
2026-06-26 04:48:31.797 10 INFO neutron.wsgi [None req-6634b51e-02db-49af-b2b5-62a65ae2ac86 dfa2b7c6895248229874da3d0cd52dce 05bac32385d141389de08b3cebdce2ac - - default default] 10.0.0.122 "GET /v2.0/security-groups HTTP/1.1" status: 200 len: 25135 time: 0.1612916
2026-06-26 04:48:31.824 9 INFO neutron.wsgi [None req-44631735-2184-4065-8fc2-98b65872c517 dfa2b7c6895248229874da3d0cd52dce 05bac32385d141389de08b3cebdce2ac - - default default] 10.0.0.27 "DELETE /v2.0/security-groups/8d2345a3-00a9-428e-a136-6031bc328632 HTTP/1.1" status: 204 len: 168 time: 0.2212393
2026-06-26 04:48:31.847 10 INFO neutron.wsgi [None req-55a31c1c-2b4d-4251-8853-6b73b090d2be dfa2b7c6895248229874da3d0cd52dce 05bac32385d141389de08b3cebdce2ac - - default default] 10.0.0.122 "GET /v2.0/agents HTTP/1.1" status: 200 len: 997 time: 0.0315564
2026-06-26 04:48:31.886 10 INFO neutron.wsgi [None req-9cb071c6-8f5e-4628-9c7b-d571a7b0b105 dfa2b7c6895248229874da3d0cd52dce 05bac32385d141389de08b3cebdce2ac - - default default] 10.0.0.122 "GET /v2.0/floatingips HTTP/1.1" status: 200 len: 193 time: 0.0341787
2026-06-26 04:48:32.015 10 WARNING neutron.scheduler.dhcp_agent_scheduler [None req-c5c8e083-9783-44ef-b646-7ce78c1c55f8 2e508dc7410c4518bb6fcdd62e5292d6 cf70afe3f9f54e5fb63909dfee9b59f5 - - default default] No more DHCP agents
2026-06-26 04:48:32.020 10 WARNING neutron.api.rpc.agentnotifiers.dhcp_rpc_agent_api [None req-c5c8e083-9783-44ef-b646-7ce78c1c55f8 2e508dc7410c4518bb6fcdd62e5292d6 cf70afe3f9f54e5fb63909dfee9b59f5 - - default default] Unable to schedule network 32273b0d-2450-4339-8adf-59e7792e59ed: no agents available; will retry on subsequent port and subnet creation events.
2026-06-26 04:48:32.051 9 INFO neutron.db.ovn_revision_numbers_db [None req-54baed2c-986c-4865-a624-31c1d952da1c dfa2b7c6895248229874da3d0cd52dce 05bac32385d141389de08b3cebdce2ac - - default default] Successfully bumped revision number for resource 0c5f53a9-d9c7-4fb4-9a12-3bd20aa2f66c (type: security_groups) to 1
2026-06-26 04:48:32.064 9 INFO neutron.db.ovn_revision_numbers_db [None req-54baed2c-986c-4865-a624-31c1d952da1c dfa2b7c6895248229874da3d0cd52dce 05bac32385d141389de08b3cebdce2ac - - default default] Successfully bumped revision number for resource 4ac02395-8d4c-404f-9239-e4133dd6dd60 (type: security_group_rules) to 0
2026-06-26 04:48:32.075 9 INFO neutron.db.ovn_revision_numbers_db [None req-54baed2c-986c-4865-a624-31c1d952da1c dfa2b7c6895248229874da3d0cd52dce 05bac32385d141389de08b3cebdce2ac - - default default] Successfully bumped revision number for resource ab3cbe0c-496f-403c-a032-0dcceab5c4a2 (type: security_group_rules) to 0
2026-06-26 04:48:32.084 9 INFO neutron.db.ovn_revision_numbers_db [None req-54baed2c-986c-4865-a624-31c1d952da1c dfa2b7c6895248229874da3d0cd52dce 05bac32385d141389de08b3cebdce2ac - - default default] Successfully bumped revision number for resource b1496de6-ee53-4aba-86b6-5bcf14c56011 (type: security_group_rules) to 0
2026-06-26 04:48:32.094 9 INFO neutron.db.ovn_revision_numbers_db [None req-54baed2c-986c-4865-a624-31c1d952da1c dfa2b7c6895248229874da3d0cd52dce 05bac32385d141389de08b3cebdce2ac - - default default] Successfully bumped revision number for resource ce097efa-bc1b-4d96-9b55-a896277d16cb (type: security_group_rules) to 0
2026-06-26 04:48:32.112 10 WARNING neutron.scheduler.dhcp_agent_scheduler [None req-df855b14-e894-4097-ab03-b4b2934d141a dfa2b7c6895248229874da3d0cd52dce 05bac32385d141389de08b3cebdce2ac - - default default] No more DHCP agents
2026-06-26 04:48:32.114 9 INFO neutron.wsgi [None req-54baed2c-986c-4865-a624-31c1d952da1c dfa2b7c6895248229874da3d0cd52dce 05bac32385d141389de08b3cebdce2ac - - default default] 10.0.0.27 "GET /v2.0/security-groups?tenant_id=58d1e7ef782e43819b3aec5ec8ddd86e&name=default HTTP/1.1" status: 200 len: 2996 time: 0.1521094
2026-06-26 04:48:32.118 10 WARNING neutron.api.rpc.agentnotifiers.dhcp_rpc_agent_api [None req-df855b14-e894-4097-ab03-b4b2934d141a dfa2b7c6895248229874da3d0cd52dce 05bac32385d141389de08b3cebdce2ac - - default default] Unable to schedule network f28b347b-97ed-4bb8-8aee-736aab8675d1: no agents available; will retry on subsequent port and subnet creation events.
2026-06-26 04:48:32.208 10 INFO neutron.db.ovn_revision_numbers_db [None req-290edb25-f1b1-4b5a-aa26-3a76762bd1c1 - - - - - -] Successfully bumped revision number for resource 4684e7c1-f259-4a28-be9a-79eac28bd762 (type: ports) to 1
2026-06-26 04:48:32.257 10 INFO neutron.db.ovn_revision_numbers_db [None req-c5c8e083-9783-44ef-b646-7ce78c1c55f8 2e508dc7410c4518bb6fcdd62e5292d6 cf70afe3f9f54e5fb63909dfee9b59f5 - - default default] Successfully bumped revision number for resource 3230a5fc-435e-468d-b523-5086f22d7004 (type: ports) to 1
2026-06-26 04:48:32.350 9 INFO neutron.wsgi [None req-b0d278c5-5651-4338-a81f-f7ae4a755768 dfa2b7c6895248229874da3d0cd52dce 05bac32385d141389de08b3cebdce2ac - - default default] 10.0.0.27 "DELETE /v2.0/security-groups/0c5f53a9-d9c7-4fb4-9a12-3bd20aa2f66c HTTP/1.1" status: 204 len: 168 time: 0.2196431
2026-06-26 04:48:32.685 10 INFO neutron.db.ovn_revision_numbers_db [None req-df855b14-e894-4097-ab03-b4b2934d141a dfa2b7c6895248229874da3d0cd52dce 05bac32385d141389de08b3cebdce2ac - - default default] Successfully bumped revision number for resource de07da41-e519-4a37-bb12-31f437fab3ee (type: ports) to 1
2026-06-26 04:48:32.945 10 INFO neutron.db.ovn_revision_numbers_db [None req-290edb25-f1b1-4b5a-aa26-3a76762bd1c1 - - - - - -] Successfully bumped revision number for resource 4684e7c1-f259-4a28-be9a-79eac28bd762 (type: router_ports) to 3
2026-06-26 04:48:33.162 10 INFO neutron.db.ovn_revision_numbers_db [None req-c5c8e083-9783-44ef-b646-7ce78c1c55f8 2e508dc7410c4518bb6fcdd62e5292d6 cf70afe3f9f54e5fb63909dfee9b59f5 - - default default] Successfully bumped revision number for resource 3230a5fc-435e-468d-b523-5086f22d7004 (type: router_ports) to 1
2026-06-26 04:48:33.256 10 INFO neutron.db.ovn_revision_numbers_db [None req-290edb25-f1b1-4b5a-aa26-3a76762bd1c1 - - - - - -] Successfully bumped revision number for resource 4684e7c1-f259-4a28-be9a-79eac28bd762 (type: ports) to 2
2026-06-26 04:48:33.373 10 INFO neutron.plugins.ml2.drivers.ovn.mech_driver.mech_driver [None req-1a5073a8-6585-46b6-a31d-df1d27a05419 - - - - - -] OVN reports status up for port: 3230a5fc-435e-468d-b523-5086f22d7004
2026-06-26 04:48:33.376 10 INFO neutron.db.ovn_revision_numbers_db [None req-c5c8e083-9783-44ef-b646-7ce78c1c55f8 2e508dc7410c4518bb6fcdd62e5292d6 cf70afe3f9f54e5fb63909dfee9b59f5 - - default default] Successfully bumped revision number for resource 3230a5fc-435e-468d-b523-5086f22d7004 (type: ports) to 1
2026-06-26 04:48:33.393 10 INFO neutron.plugins.ml2.plugin [None req-1a5073a8-6585-46b6-a31d-df1d27a05419 - - - - - -] Attempt 1 to provision port 3230a5fc-435e-468d-b523-5086f22d7004
2026-06-26 04:48:33.420 9 INFO neutron.plugins.ml2.drivers.ovn.mech_driver.mech_driver [None req-68e21a8b-ec29-4fb6-87e7-89a78c2f50d4 - - - - - -] OVN reports status up for port: de07da41-e519-4a37-bb12-31f437fab3ee
2026-06-26 04:48:33.429 9 INFO neutron.plugins.ml2.plugin [None req-68e21a8b-ec29-4fb6-87e7-89a78c2f50d4 - - - - - -] Attempt 1 to provision port de07da41-e519-4a37-bb12-31f437fab3ee
