2026-06-26 04:48:00.545 10 INFO neutron.wsgi [None req-23b91774-ed0c-4660-a4fc-6c5427c1d2ba f78498664b0044d685bc551b1e6b7273 48576abd02b84999b6b0a1e6dcb14108 - - default default] 10.0.0.27 "POST /v2.0/rbac-policies HTTP/1.1" status: 400 len: 750 time: 0.0074089
2026-06-26 04:48:00.842 9 INFO neutron.services.segments.plugin [-] Segment 1a72f9cc-ed61-437d-bbd6-91492b31d5b4 resource provider aggregate not found
2026-06-26 04:48:00.850 9 INFO neutron.services.segments.plugin [-] Segment 1a72f9cc-ed61-437d-bbd6-91492b31d5b4 resource provider aggregate not found
2026-06-26 04:48:00.859 9 INFO neutron.services.segments.plugin [-] Segment 1a72f9cc-ed61-437d-bbd6-91492b31d5b4 resource provider not found; error: Placement Client Error (4xx): {"errors": [{"status": 404, "title": "Not Found", "detail": "The resource could not be found.\n\n No resource provider with uuid 1a72f9cc-ed61-437d-bbd6-91492b31d5b4 found for delete ", "request_id": "req-7b102aee-1293-486e-b1cb-1cd3d7fc7555"}]}
2026-06-26 04:48:00.864 9 INFO neutron.services.segments.plugin [-] Segment 1a72f9cc-ed61-437d-bbd6-91492b31d5b4 resource provider not found; error: Placement Client Error (4xx): {"errors": [{"status": 404, "title": "Not Found", "detail": "The resource could not be found.\n\n No resource provider with uuid 1a72f9cc-ed61-437d-bbd6-91492b31d5b4 found for delete ", "request_id": "req-f453a0bb-225c-4d1f-911f-0b865719aec0"}]}
2026-06-26 04:48:00.882 9 INFO neutron.services.segments.plugin [-] Segment 23706aad-d4db-494b-9546-46fedd9d704c resource provider aggregate not found
2026-06-26 04:48:00.889 9 INFO neutron.services.segments.plugin [-] Segment 23706aad-d4db-494b-9546-46fedd9d704c resource provider aggregate not found
2026-06-26 04:48:00.903 9 INFO neutron.services.segments.plugin [-] Segment 23706aad-d4db-494b-9546-46fedd9d704c resource provider not found; error: Placement Client Error (4xx): {"errors": [{"status": 404, "title": "Not Found", "detail": "The resource could not be found.\n\n No resource provider with uuid 23706aad-d4db-494b-9546-46fedd9d704c found for delete ", "request_id": "req-c67e1bba-3f55-4350-9dae-487d3b0fa97f"}]}
2026-06-26 04:48:00.904 9 INFO neutron.services.segments.plugin [-] Segment 23706aad-d4db-494b-9546-46fedd9d704c resource provider not found; error: Placement Client Error (4xx): {"errors": [{"status": 404, "title": "Not Found", "detail": "The resource could not be found.\n\n No resource provider with uuid 23706aad-d4db-494b-9546-46fedd9d704c found for delete ", "request_id": "req-9ca9e0a2-ce10-4613-b220-992da64007ba"}]}
2026-06-26 04:48:01.111 10 INFO neutron.wsgi [None req-d5f14096-8880-4408-938c-41e8ebe48723 f78498664b0044d685bc551b1e6b7273 48576abd02b84999b6b0a1e6dcb14108 - - default default] 10.0.0.27 "DELETE /v2.0/networks/691b272b-f8c5-453f-8eb0-cef2be4be409 HTTP/1.1" status: 204 len: 168 time: 0.5562298
2026-06-26 04:48:01.221 9 INFO neutron.db.segments_db [None req-ad24a8ac-246f-49db-943a-691afc221694 f78498664b0044d685bc551b1e6b7273 48576abd02b84999b6b0a1e6dcb14108 - - default default] Added segment f1d8cac3-66a7-4308-8b2e-dedd043cc5a9 of type geneve for network 121288a1-7e45-4b4b-9ed0-cff2dd3601c8
2026-06-26 04:48:01.352 10 INFO neutron.db.ovn_revision_numbers_db [None req-3acf09f8-5aa4-41be-9504-520dbc39d878 dfa2b7c6895248229874da3d0cd52dce 05bac32385d141389de08b3cebdce2ac - - default default] Successfully bumped revision number for resource 93488d39-f309-43db-bc40-b6c7c445f2d7 (type: security_groups) to 1
2026-06-26 04:48:01.383 10 INFO neutron.db.ovn_revision_numbers_db [None req-3acf09f8-5aa4-41be-9504-520dbc39d878 dfa2b7c6895248229874da3d0cd52dce 05bac32385d141389de08b3cebdce2ac - - default default] Successfully bumped revision number for resource 46d18ae3-6d66-41a8-86ff-ecb9cda63f71 (type: security_group_rules) to 0
2026-06-26 04:48:01.384 9 INFO neutron.db.ovn_revision_numbers_db [None req-ad24a8ac-246f-49db-943a-691afc221694 f78498664b0044d685bc551b1e6b7273 48576abd02b84999b6b0a1e6dcb14108 - - default default] Successfully bumped revision number for resource 121288a1-7e45-4b4b-9ed0-cff2dd3601c8 (type: networks) to 1
2026-06-26 04:48:01.401 10 INFO neutron.db.ovn_revision_numbers_db [None req-3acf09f8-5aa4-41be-9504-520dbc39d878 dfa2b7c6895248229874da3d0cd52dce 05bac32385d141389de08b3cebdce2ac - - default default] Successfully bumped revision number for resource 47ac14c6-ef86-446a-80f1-99d56253d104 (type: security_group_rules) to 0
2026-06-26 04:48:01.442 10 INFO neutron.db.ovn_revision_numbers_db [None req-3acf09f8-5aa4-41be-9504-520dbc39d878 dfa2b7c6895248229874da3d0cd52dce 05bac32385d141389de08b3cebdce2ac - - default default] Successfully bumped revision number for resource 9eafa5a6-fb6a-44de-88c9-d2a7157a9a39 (type: security_group_rules) to 0
2026-06-26 04:48:01.455 10 INFO neutron.db.ovn_revision_numbers_db [None req-3acf09f8-5aa4-41be-9504-520dbc39d878 dfa2b7c6895248229874da3d0cd52dce 05bac32385d141389de08b3cebdce2ac - - default default] Successfully bumped revision number for resource a3259eb1-d108-4f22-bf0c-293daafab72d (type: security_group_rules) to 0
2026-06-26 04:48:01.508 10 INFO neutron.db.segments_db [None req-3acf09f8-5aa4-41be-9504-520dbc39d878 dfa2b7c6895248229874da3d0cd52dce 05bac32385d141389de08b3cebdce2ac - - default default] Added segment b584018e-8c52-45bf-8b9b-a293a46bfcf7 of type geneve for network 5a3bcd21-336d-48f7-bd96-8ae71b446a3f
2026-06-26 04:48:01.526 9 WARNING neutron.scheduler.dhcp_agent_scheduler [None req-ad24a8ac-246f-49db-943a-691afc221694 f78498664b0044d685bc551b1e6b7273 48576abd02b84999b6b0a1e6dcb14108 - - default default] No more DHCP agents
2026-06-26 04:48:01.529 9 WARNING neutron.api.rpc.agentnotifiers.dhcp_rpc_agent_api [None req-ad24a8ac-246f-49db-943a-691afc221694 f78498664b0044d685bc551b1e6b7273 48576abd02b84999b6b0a1e6dcb14108 - - default default] Unable to schedule network 121288a1-7e45-4b4b-9ed0-cff2dd3601c8: no agents available; will retry on subsequent port and subnet creation events.
2026-06-26 04:48:01.618 9 INFO neutron.db.ovn_revision_numbers_db [None req-ad24a8ac-246f-49db-943a-691afc221694 f78498664b0044d685bc551b1e6b7273 48576abd02b84999b6b0a1e6dcb14108 - - default default] Successfully bumped revision number for resource 585490a3-4a0f-4370-b3c5-85d353c4ba75 (type: ports) to 1
2026-06-26 04:48:01.630 10 INFO neutron.db.ovn_revision_numbers_db [None req-3acf09f8-5aa4-41be-9504-520dbc39d878 dfa2b7c6895248229874da3d0cd52dce 05bac32385d141389de08b3cebdce2ac - - default default] Successfully bumped revision number for resource 5a3bcd21-336d-48f7-bd96-8ae71b446a3f (type: networks) to 1
2026-06-26 04:48:01.638 9 INFO neutron.wsgi [None req-ad24a8ac-246f-49db-943a-691afc221694 f78498664b0044d685bc551b1e6b7273 48576abd02b84999b6b0a1e6dcb14108 - - default default] 10.0.0.27 "POST /v2.0/networks HTTP/1.1" status: 201 len: 929 time: 0.5175986
2026-06-26 04:48:01.803 9 WARNING neutron.scheduler.dhcp_agent_scheduler [None req-5874eb6c-536e-43c2-a306-3bafa97bc321 f78498664b0044d685bc551b1e6b7273 48576abd02b84999b6b0a1e6dcb14108 - - default default] No more DHCP agents
2026-06-26 04:48:01.806 9 WARNING neutron.api.rpc.agentnotifiers.dhcp_rpc_agent_api [None req-5874eb6c-536e-43c2-a306-3bafa97bc321 f78498664b0044d685bc551b1e6b7273 48576abd02b84999b6b0a1e6dcb14108 - - default default] Unable to schedule network 121288a1-7e45-4b4b-9ed0-cff2dd3601c8: no agents available; will retry on subsequent port and subnet creation events.
2026-06-26 04:48:01.818 10 WARNING neutron.scheduler.dhcp_agent_scheduler [None req-3acf09f8-5aa4-41be-9504-520dbc39d878 dfa2b7c6895248229874da3d0cd52dce 05bac32385d141389de08b3cebdce2ac - - default default] No more DHCP agents
2026-06-26 04:48:01.822 10 WARNING neutron.api.rpc.agentnotifiers.dhcp_rpc_agent_api [None req-3acf09f8-5aa4-41be-9504-520dbc39d878 dfa2b7c6895248229874da3d0cd52dce 05bac32385d141389de08b3cebdce2ac - - default default] Unable to schedule network 5a3bcd21-336d-48f7-bd96-8ae71b446a3f: no agents available; will retry on subsequent port and subnet creation events.
2026-06-26 04:48:01.909 10 INFO neutron.db.ovn_revision_numbers_db [None req-3acf09f8-5aa4-41be-9504-520dbc39d878 dfa2b7c6895248229874da3d0cd52dce 05bac32385d141389de08b3cebdce2ac - - default default] Successfully bumped revision number for resource 0e7380cf-f194-414c-8ab7-3ff5486ec3eb (type: ports) to 1
2026-06-26 04:48:01.929 10 INFO neutron.wsgi [None req-3acf09f8-5aa4-41be-9504-520dbc39d878 dfa2b7c6895248229874da3d0cd52dce 05bac32385d141389de08b3cebdce2ac - - default default] 10.0.0.27 "POST /v2.0/networks HTTP/1.1" status: 201 len: 939 time: 0.8742723
2026-06-26 04:48:02.092 10 WARNING neutron.scheduler.dhcp_agent_scheduler [None req-f096f561-5583-4df1-8435-98fc3735220f dfa2b7c6895248229874da3d0cd52dce 05bac32385d141389de08b3cebdce2ac - - default default] No more DHCP agents
2026-06-26 04:48:02.095 10 WARNING neutron.api.rpc.agentnotifiers.dhcp_rpc_agent_api [None req-f096f561-5583-4df1-8435-98fc3735220f dfa2b7c6895248229874da3d0cd52dce 05bac32385d141389de08b3cebdce2ac - - default default] Unable to schedule network 5a3bcd21-336d-48f7-bd96-8ae71b446a3f: no agents available; will retry on subsequent port and subnet creation events.
2026-06-26 04:48:02.155 10 INFO neutron.services.segments.plugin [-] Segment 03e2dd57-a247-4f7e-8b38-38a6d7afe954 resource provider aggregate not found
2026-06-26 04:48:02.172 10 INFO neutron.services.segments.plugin [-] Segment 03e2dd57-a247-4f7e-8b38-38a6d7afe954 resource provider not found; error: Placement Client Error (4xx): {"errors": [{"status": 404, "title": "Not Found", "detail": "The resource could not be found.\n\n No resource provider with uuid 03e2dd57-a247-4f7e-8b38-38a6d7afe954 found for delete ", "request_id": "req-5196c04c-4683-4063-85a7-afbb7be4bdde"}]}
2026-06-26 04:48:02.173 10 INFO neutron.services.segments.plugin [-] Segment 03e2dd57-a247-4f7e-8b38-38a6d7afe954 resource provider aggregate not found
2026-06-26 04:48:02.198 10 INFO neutron.services.segments.plugin [-] Segment 03e2dd57-a247-4f7e-8b38-38a6d7afe954 resource provider not found; error: Placement Client Error (4xx): {"errors": [{"status": 404, "title": "Not Found", "detail": "The resource could not be found.\n\n No resource provider with uuid 03e2dd57-a247-4f7e-8b38-38a6d7afe954 found for delete ", "request_id": "req-bcf27f22-ac42-4606-aada-2e756fc3f5ed"}]}
2026-06-26 04:48:02.273 9 INFO neutron.db.ovn_revision_numbers_db [None req-5874eb6c-536e-43c2-a306-3bafa97bc321 f78498664b0044d685bc551b1e6b7273 48576abd02b84999b6b0a1e6dcb14108 - - default default] Successfully bumped revision number for resource 585490a3-4a0f-4370-b3c5-85d353c4ba75 (type: ports) to 2
2026-06-26 04:48:02.322 9 INFO neutron.db.ovn_revision_numbers_db [None req-5874eb6c-536e-43c2-a306-3bafa97bc321 f78498664b0044d685bc551b1e6b7273 48576abd02b84999b6b0a1e6dcb14108 - - default default] Successfully bumped revision number for resource 538b5fbf-9705-498c-b35b-e79c7b51224d (type: subnets) to 0
2026-06-26 04:48:02.345 9 INFO neutron.wsgi [None req-5874eb6c-536e-43c2-a306-3bafa97bc321 f78498664b0044d685bc551b1e6b7273 48576abd02b84999b6b0a1e6dcb14108 - - default default] 10.0.0.27 "POST /v2.0/subnets HTTP/1.1" status: 201 len: 822 time: 0.6986678
2026-06-26 04:48:02.417 10 INFO neutron.db.ovn_revision_numbers_db [None req-8eeafe15-7665-415a-b751-3eb8afcb26ba 08877dca6a70474b85dd164afcdfc54e db6d6424d68e48c99059468288b4e207 - - default default] Successfully bumped revision number for resource 7d008b98-a9f7-4cd2-a474-2cfcf88104bf (type: security_groups) to 1
2026-06-26 04:48:02.469 10 INFO neutron.db.ovn_revision_numbers_db [None req-8eeafe15-7665-415a-b751-3eb8afcb26ba 08877dca6a70474b85dd164afcdfc54e db6d6424d68e48c99059468288b4e207 - - default default] Successfully bumped revision number for resource 0f5ed7cb-8581-4b2c-802a-f1b3ca9f91cb (type: security_group_rules) to 0
2026-06-26 04:48:02.499 10 INFO neutron.db.ovn_revision_numbers_db [None req-8eeafe15-7665-415a-b751-3eb8afcb26ba 08877dca6a70474b85dd164afcdfc54e db6d6424d68e48c99059468288b4e207 - - default default] Successfully bumped revision number for resource 9316598d-6458-48c0-8bb4-3cb5f95e5ca1 (type: security_group_rules) to 0
2026-06-26 04:48:02.527 10 INFO neutron.db.ovn_revision_numbers_db [None req-8eeafe15-7665-415a-b751-3eb8afcb26ba 08877dca6a70474b85dd164afcdfc54e db6d6424d68e48c99059468288b4e207 - - default default] Successfully bumped revision number for resource ad4b4159-23ed-41ea-86a6-887e7df6ba8c (type: security_group_rules) to 0
2026-06-26 04:48:02.555 10 INFO neutron.db.ovn_revision_numbers_db [None req-8eeafe15-7665-415a-b751-3eb8afcb26ba 08877dca6a70474b85dd164afcdfc54e db6d6424d68e48c99059468288b4e207 - - default default] Successfully bumped revision number for resource ebc3ca82-64e2-4d45-9ad0-969737d3e9c3 (type: security_group_rules) to 0
2026-06-26 04:48:02.620 10 INFO neutron.db.segments_db [None req-8eeafe15-7665-415a-b751-3eb8afcb26ba 08877dca6a70474b85dd164afcdfc54e db6d6424d68e48c99059468288b4e207 - - default default] Added segment ea818f6a-3e04-46d6-b2b1-4c9ec7d7ec41 of type geneve for network 223aa0d1-9fd3-4cd2-82a6-24f61ac07ded
2026-06-26 04:48:03.039 10 INFO neutron.db.ovn_revision_numbers_db [None req-f096f561-5583-4df1-8435-98fc3735220f dfa2b7c6895248229874da3d0cd52dce 05bac32385d141389de08b3cebdce2ac - - default default] Successfully bumped revision number for resource 0e7380cf-f194-414c-8ab7-3ff5486ec3eb (type: ports) to 2
2026-06-26 04:48:03.092 10 INFO neutron.wsgi [None req-9b9de5df-d066-4a2f-8753-f94e33806aa3 f78498664b0044d685bc551b1e6b7273 48576abd02b84999b6b0a1e6dcb14108 - - default default] 10.0.0.27 "POST /v2.0/rbac-policies HTTP/1.1" status: 201 len: 523 time: 0.7384686
2026-06-26 04:48:03.101 10 INFO neutron.db.ovn_revision_numbers_db [None req-8eeafe15-7665-415a-b751-3eb8afcb26ba 08877dca6a70474b85dd164afcdfc54e db6d6424d68e48c99059468288b4e207 - - default default] Successfully bumped revision number for resource 223aa0d1-9fd3-4cd2-82a6-24f61ac07ded (type: networks) to 1
2026-06-26 04:48:03.103 10 INFO neutron.db.ovn_revision_numbers_db [None req-f096f561-5583-4df1-8435-98fc3735220f dfa2b7c6895248229874da3d0cd52dce 05bac32385d141389de08b3cebdce2ac - - default default] Successfully bumped revision number for resource b7d7d9fe-503b-4a61-a437-4d5fa1a5b758 (type: subnets) to 0
2026-06-26 04:48:03.124 10 INFO neutron.wsgi [None req-f096f561-5583-4df1-8435-98fc3735220f dfa2b7c6895248229874da3d0cd52dce 05bac32385d141389de08b3cebdce2ac - - default default] 10.0.0.27 "POST /v2.0/subnets HTTP/1.1" status: 201 len: 860 time: 1.1889570
2026-06-26 04:48:03.343 10 WARNING neutron.scheduler.dhcp_agent_scheduler [None req-8eeafe15-7665-415a-b751-3eb8afcb26ba 08877dca6a70474b85dd164afcdfc54e db6d6424d68e48c99059468288b4e207 - - default default] No more DHCP agents
2026-06-26 04:48:03.350 10 WARNING neutron.api.rpc.agentnotifiers.dhcp_rpc_agent_api [None req-8eeafe15-7665-415a-b751-3eb8afcb26ba 08877dca6a70474b85dd164afcdfc54e db6d6424d68e48c99059468288b4e207 - - default default] Unable to schedule network 223aa0d1-9fd3-4cd2-82a6-24f61ac07ded: no agents available; will retry on subsequent port and subnet creation events.
2026-06-26 04:48:03.465 10 INFO neutron.db.ovn_revision_numbers_db [None req-8eeafe15-7665-415a-b751-3eb8afcb26ba 08877dca6a70474b85dd164afcdfc54e db6d6424d68e48c99059468288b4e207 - - default default] Successfully bumped revision number for resource 3d816057-c1fa-47be-a0f2-6833a79763e2 (type: ports) to 1
2026-06-26 04:48:03.489 10 INFO neutron.wsgi [None req-8eeafe15-7665-415a-b751-3eb8afcb26ba 08877dca6a70474b85dd164afcdfc54e db6d6424d68e48c99059468288b4e207 - - default default] 10.0.0.27 "POST /v2.0/networks HTTP/1.1" status: 201 len: 843 time: 1.4601362
2026-06-26 04:48:03.603 9 INFO neutron.wsgi [None req-5e6f3b83-a835-4bfc-95c6-9e467c573a5b 6aa05c62e59242c6acb22aa0d621c1fd 6eab5570f0cf4802b1640868d2edc451 - - default default] 10.0.0.27 "GET /v2.0/networks/121288a1-7e45-4b4b-9ed0-cff2dd3601c8 HTTP/1.1" status: 200 len: 849 time: 0.1326911
2026-06-26 04:48:03.623 10 WARNING neutron.scheduler.dhcp_agent_scheduler [None req-dcc2450c-68a6-4803-b4e0-724708f8866c dfa2b7c6895248229874da3d0cd52dce 05bac32385d141389de08b3cebdce2ac - - default default] No more DHCP agents
2026-06-26 04:48:03.629 10 WARNING neutron.api.rpc.agentnotifiers.dhcp_rpc_agent_api [None req-dcc2450c-68a6-4803-b4e0-724708f8866c dfa2b7c6895248229874da3d0cd52dce 05bac32385d141389de08b3cebdce2ac - - default default] Unable to schedule network 0011ab2a-da77-4193-8caf-2cab7c251929: no agents available; will retry on subsequent port and subnet creation events.
2026-06-26 04:48:03.769 10 INFO neutron.db.ovn_revision_numbers_db [None req-dcc2450c-68a6-4803-b4e0-724708f8866c dfa2b7c6895248229874da3d0cd52dce 05bac32385d141389de08b3cebdce2ac - - default default] Successfully bumped revision number for resource 63c9a99f-61a3-4073-8b3e-0ab84a7f4720 (type: ports) to 1
2026-06-26 04:48:03.780 9 WARNING neutron.scheduler.dhcp_agent_scheduler [None req-00da4e74-7ad4-48a0-9f72-32b0fd8def57 08877dca6a70474b85dd164afcdfc54e db6d6424d68e48c99059468288b4e207 - - default default] No more DHCP agents
2026-06-26 04:48:03.782 9 WARNING neutron.api.rpc.agentnotifiers.dhcp_rpc_agent_api [None req-00da4e74-7ad4-48a0-9f72-32b0fd8def57 08877dca6a70474b85dd164afcdfc54e db6d6424d68e48c99059468288b4e207 - - default default] Unable to schedule network 223aa0d1-9fd3-4cd2-82a6-24f61ac07ded: no agents available; will retry on subsequent port and subnet creation events.
2026-06-26 04:48:04.053 9 INFO neutron.pecan_wsgi.hooks.translation [None req-b9cc8f17-0088-41a0-b177-b666017eaa60 561906f9627f484b9386b9b8e8f88bd2 9c6a6b50bd9946e4aec3c1f255e82852 - - default default] GET failed (client error): The resource could not be found.
2026-06-26 04:48:04.055 9 INFO neutron.wsgi [None req-b9cc8f17-0088-41a0-b177-b666017eaa60 561906f9627f484b9386b9b8e8f88bd2 9c6a6b50bd9946e4aec3c1f255e82852 - - default default] 10.0.0.27 "GET /v2.0/networks/121288a1-7e45-4b4b-9ed0-cff2dd3601c8 HTTP/1.1" status: 404 len: 339 time: 0.0623469
2026-06-26 04:48:04.425 9 INFO neutron.plugins.ml2.drivers.ovn.mech_driver.mech_driver [None req-68e21a8b-ec29-4fb6-87e7-89a78c2f50d4 - - - - - -] OVN reports status up for port: 63c9a99f-61a3-4073-8b3e-0ab84a7f4720
2026-06-26 04:48:04.439 9 INFO neutron.plugins.ml2.drivers.ovn.mech_driver.ovsdb.ovsdb_monitor [None req-e870c4b1-5683-42bb-878b-61af88f2dab8 - - - - - -] Router 108d4c32-b11a-4c86-9a69-0eb5827460f0 is bound to host instance
2026-06-26 04:48:04.441 10 INFO neutron.db.ovn_revision_numbers_db [None req-dcc2450c-68a6-4803-b4e0-724708f8866c dfa2b7c6895248229874da3d0cd52dce 05bac32385d141389de08b3cebdce2ac - - default default] Successfully bumped revision number for resource 63c9a99f-61a3-4073-8b3e-0ab84a7f4720 (type: router_ports) to 1
2026-06-26 04:48:04.456 9 INFO neutron.plugins.ml2.plugin [None req-68e21a8b-ec29-4fb6-87e7-89a78c2f50d4 - - - - - -] Attempt 1 to provision port 63c9a99f-61a3-4073-8b3e-0ab84a7f4720
2026-06-26 04:48:04.512 10 INFO neutron.db.ovn_revision_numbers_db [None req-dcc2450c-68a6-4803-b4e0-724708f8866c dfa2b7c6895248229874da3d0cd52dce 05bac32385d141389de08b3cebdce2ac - - default default] Successfully bumped revision number for resource 108d4c32-b11a-4c86-9a69-0eb5827460f0 (type: routers) to 2
2026-06-26 04:48:04.530 10 INFO neutron.wsgi [None req-dcc2450c-68a6-4803-b4e0-724708f8866c dfa2b7c6895248229874da3d0cd52dce 05bac32385d141389de08b3cebdce2ac - - default default] 10.0.0.27 "POST /v2.0/routers HTTP/1.1" status: 201 len: 871 time: 1.4022253
2026-06-26 04:48:04.930 9 INFO neutron.db.ovn_revision_numbers_db [None req-00da4e74-7ad4-48a0-9f72-32b0fd8def57 08877dca6a70474b85dd164afcdfc54e db6d6424d68e48c99059468288b4e207 - - default default] Successfully bumped revision number for resource 3d816057-c1fa-47be-a0f2-6833a79763e2 (type: ports) to 2
2026-06-26 04:48:04.968 10 WARNING neutron.scheduler.dhcp_agent_scheduler [None req-cb008812-3b27-46d3-91cd-5358b0feefef dfa2b7c6895248229874da3d0cd52dce 05bac32385d141389de08b3cebdce2ac - - default default] No more DHCP agents
2026-06-26 04:48:04.971 10 WARNING neutron.api.rpc.agentnotifiers.dhcp_rpc_agent_api [None req-cb008812-3b27-46d3-91cd-5358b0feefef dfa2b7c6895248229874da3d0cd52dce 05bac32385d141389de08b3cebdce2ac - - default default] Unable to schedule network 5a3bcd21-336d-48f7-bd96-8ae71b446a3f: no agents available; will retry on subsequent port and subnet creation events.
2026-06-26 04:48:05.015 9 INFO neutron.db.ovn_revision_numbers_db [None req-00da4e74-7ad4-48a0-9f72-32b0fd8def57 08877dca6a70474b85dd164afcdfc54e db6d6424d68e48c99059468288b4e207 - - default default] Successfully bumped revision number for resource 144d1dbc-a363-439a-8b57-4d3833779f36 (type: subnets) to 0
2026-06-26 04:48:05.037 9 INFO neutron.wsgi [None req-00da4e74-7ad4-48a0-9f72-32b0fd8def57 08877dca6a70474b85dd164afcdfc54e db6d6424d68e48c99059468288b4e207 - - default default] 10.0.0.27 "POST /v2.0/subnets HTTP/1.1" status: 201 len: 816 time: 1.5160131
2026-06-26 04:48:05.129 10 INFO neutron.db.ovn_revision_numbers_db [None req-cb008812-3b27-46d3-91cd-5358b0feefef dfa2b7c6895248229874da3d0cd52dce 05bac32385d141389de08b3cebdce2ac - - default default] Successfully bumped revision number for resource c605be3e-74e8-4436-b501-e1e926f663a6 (type: ports) to 1
2026-06-26 04:48:05.158 10 INFO neutron.db.segments_db [None req-d6706a05-8c82-4e21-855a-0bc061f52602 08877dca6a70474b85dd164afcdfc54e db6d6424d68e48c99059468288b4e207 - - default default] Added segment 4a146bc6-d773-4b64-9d72-55dc3ff71055 of type geneve for network a35e87ed-ae83-4788-842c-81ed26f4356d
2026-06-26 04:48:05.333 9 INFO neutron.services.segments.plugin [-] Segment f1d8cac3-66a7-4308-8b2e-dedd043cc5a9 resource provider aggregate not found
2026-06-26 04:48:05.345 9 INFO neutron.services.segments.plugin [-] Segment f1d8cac3-66a7-4308-8b2e-dedd043cc5a9 resource provider aggregate not found
2026-06-26 04:48:05.354 10 INFO neutron.db.ovn_revision_numbers_db [None req-d6706a05-8c82-4e21-855a-0bc061f52602 08877dca6a70474b85dd164afcdfc54e db6d6424d68e48c99059468288b4e207 - - default default] Successfully bumped revision number for resource a35e87ed-ae83-4788-842c-81ed26f4356d (type: networks) to 1
2026-06-26 04:48:05.363 9 INFO neutron.services.segments.plugin [-] Segment f1d8cac3-66a7-4308-8b2e-dedd043cc5a9 resource provider not found; error: Placement Client Error (4xx): {"errors": [{"status": 404, "title": "Not Found", "detail": "The resource could not be found.\n\n No resource provider with uuid f1d8cac3-66a7-4308-8b2e-dedd043cc5a9 found for delete ", "request_id": "req-0d4eabf2-29c2-4542-b27b-be9ea3451e3f"}]}
2026-06-26 04:48:05.375 9 INFO neutron.services.segments.plugin [-] Segment f1d8cac3-66a7-4308-8b2e-dedd043cc5a9 resource provider not found; error: Placement Client Error (4xx): {"errors": [{"status": 404, "title": "Not Found", "detail": "The resource could not be found.\n\n No resource provider with uuid f1d8cac3-66a7-4308-8b2e-dedd043cc5a9 found for delete ", "request_id": "req-2e61280e-d7a3-4df2-b7f6-6829ba65a625"}]}
2026-06-26 04:48:05.446 9 INFO neutron.wsgi [None req-d1cd73c4-044a-40a7-9ce6-cc56eb99761b f78498664b0044d685bc551b1e6b7273 48576abd02b84999b6b0a1e6dcb14108 - - default default] 10.0.0.27 "DELETE /v2.0/networks/121288a1-7e45-4b4b-9ed0-cff2dd3601c8 HTTP/1.1" status: 204 len: 168 time: 1.3840754
2026-06-26 04:48:05.450 9 INFO neutron.db.ovn_revision_numbers_db [None req-b7be46dd-f835-453e-9b61-9e3acdcc5f46 dfa2b7c6895248229874da3d0cd52dce 05bac32385d141389de08b3cebdce2ac - - default default] Successfully bumped revision number for resource 98b84590-69cf-4d9b-b8b7-da1bd55dd965 (type: security_groups) to 1
2026-06-26 04:48:05.486 9 INFO neutron.pecan_wsgi.hooks.translation [None req-9f03d41a-4f7d-4912-b481-6d16f8a85292 f78498664b0044d685bc551b1e6b7273 48576abd02b84999b6b0a1e6dcb14108 - - default default] DELETE failed (client error): The resource could not be found.
2026-06-26 04:48:05.488 9 INFO neutron.wsgi [None req-9f03d41a-4f7d-4912-b481-6d16f8a85292 f78498664b0044d685bc551b1e6b7273 48576abd02b84999b6b0a1e6dcb14108 - - default default] 10.0.0.27 "DELETE /v2.0/subnets/c2be0e40-bebc-4c34-bd92-7156c695e66b HTTP/1.1" status: 404 len: 337 time: 0.0362449
2026-06-26 04:48:05.502 9 INFO neutron.db.ovn_revision_numbers_db [None req-b7be46dd-f835-453e-9b61-9e3acdcc5f46 dfa2b7c6895248229874da3d0cd52dce 05bac32385d141389de08b3cebdce2ac - - default default] Successfully bumped revision number for resource 6f3c640c-ecde-4cd5-ba2a-e3b7aa9ba343 (type: security_group_rules) to 0
2026-06-26 04:48:05.518 9 INFO neutron.db.ovn_revision_numbers_db [None req-b7be46dd-f835-453e-9b61-9e3acdcc5f46 dfa2b7c6895248229874da3d0cd52dce 05bac32385d141389de08b3cebdce2ac - - default default] Successfully bumped revision number for resource 9be78354-e798-4da9-aa09-206478543325 (type: security_group_rules) to 0
2026-06-26 04:48:05.519 10 INFO neutron.pecan_wsgi.hooks.translation [None req-6c7063a6-fe9a-42b8-ae42-3c196a41c723 f78498664b0044d685bc551b1e6b7273 48576abd02b84999b6b0a1e6dcb14108 - - default default] DELETE failed (client error): The resource could not be found.
2026-06-26 04:48:05.522 10 INFO neutron.wsgi [None req-6c7063a6-fe9a-42b8-ae42-3c196a41c723 f78498664b0044d685bc551b1e6b7273 48576abd02b84999b6b0a1e6dcb14108 - - default default] 10.0.0.27 "DELETE /v2.0/subnets/211722e1-2e38-4797-85ef-d12cb241104f HTTP/1.1" status: 404 len: 337 time: 0.0292885
2026-06-26 04:48:05.536 9 INFO neutron.db.ovn_revision_numbers_db [None req-b7be46dd-f835-453e-9b61-9e3acdcc5f46 dfa2b7c6895248229874da3d0cd52dce 05bac32385d141389de08b3cebdce2ac - - default default] Successfully bumped revision number for resource bedccea7-0f4e-4b90-800f-25fda580d9b1 (type: security_group_rules) to 0
2026-06-26 04:48:05.553 10 INFO neutron.pecan_wsgi.hooks.translation [None req-f16a5565-bb0d-4ccb-a8a3-15fbe3ea7e95 f78498664b0044d685bc551b1e6b7273 48576abd02b84999b6b0a1e6dcb14108 - - default default] DELETE failed (client error): The resource could not be found.
2026-06-26 04:48:05.555 10 INFO neutron.wsgi [None req-f16a5565-bb0d-4ccb-a8a3-15fbe3ea7e95 f78498664b0044d685bc551b1e6b7273 48576abd02b84999b6b0a1e6dcb14108 - - default default] 10.0.0.27 "DELETE /v2.0/subnets/538b5fbf-9705-498c-b35b-e79c7b51224d HTTP/1.1" status: 404 len: 337 time: 0.0263517
2026-06-26 04:48:05.556 9 INFO neutron.db.ovn_revision_numbers_db [None req-b7be46dd-f835-453e-9b61-9e3acdcc5f46 dfa2b7c6895248229874da3d0cd52dce 05bac32385d141389de08b3cebdce2ac - - default default] Successfully bumped revision number for resource c71f2fb5-ce2b-49bb-97c0-05dc02fdbf67 (type: security_group_rules) to 0
2026-06-26 04:48:05.587 9 INFO neutron.wsgi [None req-b7be46dd-f835-453e-9b61-9e3acdcc5f46 dfa2b7c6895248229874da3d0cd52dce 05bac32385d141389de08b3cebdce2ac - - default default] 10.0.0.27 "GET /v2.0/security-groups?tenant_id=3ec4393160834480bb493b4939a26c93&name=default HTTP/1.1" status: 200 len: 2996 time: 0.5362923
2026-06-26 04:48:05.594 10 WARNING neutron.scheduler.dhcp_agent_scheduler [None req-d6706a05-8c82-4e21-855a-0bc061f52602 08877dca6a70474b85dd164afcdfc54e db6d6424d68e48c99059468288b4e207 - - default default] No more DHCP agents
2026-06-26 04:48:05.605 10 WARNING neutron.api.rpc.agentnotifiers.dhcp_rpc_agent_api [None req-d6706a05-8c82-4e21-855a-0bc061f52602 08877dca6a70474b85dd164afcdfc54e db6d6424d68e48c99059468288b4e207 - - default default] Unable to schedule network a35e87ed-ae83-4788-842c-81ed26f4356d: no agents available; will retry on subsequent port and subnet creation events.
2026-06-26 04:48:05.756 9 INFO neutron.db.ovn_revision_numbers_db [None req-e870c4b1-5683-42bb-878b-61af88f2dab8 - - - - - -] Successfully bumped revision number for resource 63c9a99f-61a3-4073-8b3e-0ab84a7f4720 (type: ports) to 1
2026-06-26 04:48:05.931 10 INFO neutron.plugins.ml2.drivers.ovn.mech_driver.mech_driver [None req-1a5073a8-6585-46b6-a31d-df1d27a05419 - - - - - -] OVN reports status up for port: c605be3e-74e8-4436-b501-e1e926f663a6
2026-06-26 04:48:05.959 10 INFO neutron.plugins.ml2.plugin [None req-1a5073a8-6585-46b6-a31d-df1d27a05419 - - - - - -] Attempt 1 to provision port c605be3e-74e8-4436-b501-e1e926f663a6
2026-06-26 04:48:05.977 10 INFO neutron.db.ovn_revision_numbers_db [None req-d6706a05-8c82-4e21-855a-0bc061f52602 08877dca6a70474b85dd164afcdfc54e db6d6424d68e48c99059468288b4e207 - - default default] Successfully bumped revision number for resource c4d25032-d7c0-4448-93e6-c2ff62f79950 (type: ports) to 1
2026-06-26 04:48:05.987 10 INFO neutron.db.ovn_revision_numbers_db [None req-cb008812-3b27-46d3-91cd-5358b0feefef dfa2b7c6895248229874da3d0cd52dce 05bac32385d141389de08b3cebdce2ac - - default default] Successfully bumped revision number for resource c605be3e-74e8-4436-b501-e1e926f663a6 (type: router_ports) to 1
2026-06-26 04:48:06.017 10 INFO neutron.wsgi [None req-d6706a05-8c82-4e21-855a-0bc061f52602 08877dca6a70474b85dd164afcdfc54e db6d6424d68e48c99059468288b4e207 - - default default] 10.0.0.27 "POST /v2.0/networks HTTP/1.1" status: 201 len: 843 time: 0.9704692
2026-06-26 04:48:06.098 9 INFO neutron.db.ovn_revision_numbers_db [None req-e870c4b1-5683-42bb-878b-61af88f2dab8 - - - - - -] Successfully bumped revision number for resource 63c9a99f-61a3-4073-8b3e-0ab84a7f4720 (type: router_ports) to 3
2026-06-26 04:48:06.218 10 INFO neutron.db.ovn_revision_numbers_db [None req-cb008812-3b27-46d3-91cd-5358b0feefef dfa2b7c6895248229874da3d0cd52dce 05bac32385d141389de08b3cebdce2ac - - default default] Successfully bumped revision number for resource c605be3e-74e8-4436-b501-e1e926f663a6 (type: ports) to 1
2026-06-26 04:48:06.223 10 INFO neutron.wsgi [None req-dea42681-e936-4379-b7f9-d5a7e5b5f3a0 dfa2b7c6895248229874da3d0cd52dce 05bac32385d141389de08b3cebdce2ac - - default default] 10.0.0.27 "DELETE /v2.0/security-groups/98b84590-69cf-4d9b-b8b7-da1bd55dd965 HTTP/1.1" status: 204 len: 168 time: 0.6304646
2026-06-26 04:48:06.251 9 INFO neutron.db.ovn_revision_numbers_db [None req-9f9c2c16-caa0-4edf-a6c2-88a002a8fc1e 08877dca6a70474b85dd164afcdfc54e db6d6424d68e48c99059468288b4e207 - - default default] Successfully bumped revision number for resource a35e87ed-ae83-4788-842c-81ed26f4356d (type: networks) to 2
2026-06-26 04:48:06.255 9 INFO neutron.wsgi [None req-9f9c2c16-caa0-4edf-a6c2-88a002a8fc1e 08877dca6a70474b85dd164afcdfc54e db6d6424d68e48c99059468288b4e207 - - default default] 10.0.0.27 "PUT /v2.0/networks/a35e87ed-ae83-4788-842c-81ed26f4356d HTTP/1.1" status: 200 len: 792 time: 0.2297115
2026-06-26 04:48:06.296 9 INFO neutron.db.ovn_revision_numbers_db [None req-e870c4b1-5683-42bb-878b-61af88f2dab8 - - - - - -] Successfully bumped revision number for resource 63c9a99f-61a3-4073-8b3e-0ab84a7f4720 (type: ports) to 2
2026-06-26 04:48:06.366 10 WARNING neutron.scheduler.dhcp_agent_scheduler [None req-cb008812-3b27-46d3-91cd-5358b0feefef dfa2b7c6895248229874da3d0cd52dce 05bac32385d141389de08b3cebdce2ac - - default default] No more DHCP agents
2026-06-26 04:48:06.373 10 WARNING neutron.api.rpc.agentnotifiers.dhcp_rpc_agent_api [None req-cb008812-3b27-46d3-91cd-5358b0feefef dfa2b7c6895248229874da3d0cd52dce 05bac32385d141389de08b3cebdce2ac - - default default] Unable to schedule network 5a3bcd21-336d-48f7-bd96-8ae71b446a3f: no agents available; will retry on subsequent port and subnet creation events.
2026-06-26 04:48:06.438 10 INFO neutron.db.ovn_revision_numbers_db [None req-1a5073a8-6585-46b6-a31d-df1d27a05419 - - - - - -] Successfully bumped revision number for resource c605be3e-74e8-4436-b501-e1e926f663a6 (type: ports) to 2
2026-06-26 04:48:06.545 9 INFO neutron.db.ovn_revision_numbers_db [None req-ae62a606-3b79-4963-8253-00bf7aca098f dfa2b7c6895248229874da3d0cd52dce 05bac32385d141389de08b3cebdce2ac - - default default] Successfully bumped revision number for resource e04fa133-15ba-4608-ab80-a5fa624045ae (type: security_groups) to 1
2026-06-26 04:48:06.564 9 INFO neutron.db.ovn_revision_numbers_db [None req-ae62a606-3b79-4963-8253-00bf7aca098f dfa2b7c6895248229874da3d0cd52dce 05bac32385d141389de08b3cebdce2ac - - default default] Successfully bumped revision number for resource 2c971832-2f71-4595-bf7e-92d4db9fce09 (type: security_group_rules) to 0
2026-06-26 04:48:06.598 9 INFO neutron.db.ovn_revision_numbers_db [None req-ae62a606-3b79-4963-8253-00bf7aca098f dfa2b7c6895248229874da3d0cd52dce 05bac32385d141389de08b3cebdce2ac - - default default] Successfully bumped revision number for resource 4d562cc9-a5b8-4457-b318-d9c9be67a921 (type: security_group_rules) to 0
2026-06-26 04:48:06.609 9 INFO neutron.db.ovn_revision_numbers_db [None req-e870c4b1-5683-42bb-878b-61af88f2dab8 - - - - - -] Successfully bumped revision number for resource 63c9a99f-61a3-4073-8b3e-0ab84a7f4720 (type: ports) to 4
2026-06-26 04:48:06.628 9 INFO neutron.db.ovn_revision_numbers_db [None req-ae62a606-3b79-4963-8253-00bf7aca098f dfa2b7c6895248229874da3d0cd52dce 05bac32385d141389de08b3cebdce2ac - - default default] Successfully bumped revision number for resource c80b941c-e96c-474a-b7f8-6029452010c6 (type: security_group_rules) to 0
2026-06-26 04:48:06.631 9 INFO neutron.wsgi [None req-28f86f66-dd08-451c-9cd3-3e8638a121d5 dfa2b7c6895248229874da3d0cd52dce 05bac32385d141389de08b3cebdce2ac - - default default] 10.0.0.27 "GET /v2.0/security-groups?tenant_id=48576abd02b84999b6b0a1e6dcb14108&name=default HTTP/1.1" status: 200 len: 2996 time: 0.2883768
2026-06-26 04:48:06.668 10 INFO neutron.db.ovn_revision_numbers_db [None req-1a5073a8-6585-46b6-a31d-df1d27a05419 - - - - - -] Successfully bumped revision number for resource c605be3e-74e8-4436-b501-e1e926f663a6 (type: router_ports) to 2
2026-06-26 04:48:06.669 9 INFO neutron.db.ovn_revision_numbers_db [None req-ae62a606-3b79-4963-8253-00bf7aca098f dfa2b7c6895248229874da3d0cd52dce 05bac32385d141389de08b3cebdce2ac - - default default] Successfully bumped revision number for resource d5707dae-f76b-4fcc-952e-f2d9799f513f (type: security_group_rules) to 0
2026-06-26 04:48:06.703 9 INFO neutron.wsgi [None req-ae62a606-3b79-4963-8253-00bf7aca098f dfa2b7c6895248229874da3d0cd52dce 05bac32385d141389de08b3cebdce2ac - - default default] 10.0.0.27 "GET /v2.0/security-groups?tenant_id=fae9ca9e3c0041e986d6fcce96be9979&name=default HTTP/1.1" status: 200 len: 2996 time: 0.3080571
2026-06-26 04:48:06.756 10 WARNING neutron.scheduler.dhcp_agent_scheduler [None req-f0ebd2fe-af85-4be1-a820-e1b6e3e1f9a1 08877dca6a70474b85dd164afcdfc54e db6d6424d68e48c99059468288b4e207 - - default default] No more DHCP agents
2026-06-26 04:48:06.763 10 WARNING neutron.api.rpc.agentnotifiers.dhcp_rpc_agent_api [None req-f0ebd2fe-af85-4be1-a820-e1b6e3e1f9a1 08877dca6a70474b85dd164afcdfc54e db6d6424d68e48c99059468288b4e207 - - default default] Unable to schedule network a35e87ed-ae83-4788-842c-81ed26f4356d: no agents available; will retry on subsequent port and subnet creation events.
2026-06-26 04:48:06.933 9 INFO neutron.db.ovn_revision_numbers_db [None req-e870c4b1-5683-42bb-878b-61af88f2dab8 - - - - - -] Successfully bumped revision number for resource 63c9a99f-61a3-4073-8b3e-0ab84a7f4720 (type: router_ports) to 4
2026-06-26 04:48:06.993 9 INFO neutron.wsgi [None req-520783f1-3b10-43ab-9002-9bc55394d583 dfa2b7c6895248229874da3d0cd52dce 05bac32385d141389de08b3cebdce2ac - - default default] 10.0.0.27 "DELETE /v2.0/security-groups/e04fa133-15ba-4608-ab80-a5fa624045ae HTTP/1.1" status: 204 len: 168 time: 0.2842827
2026-06-26 04:48:07.074 10 INFO neutron.db.ovn_revision_numbers_db [None req-cb008812-3b27-46d3-91cd-5358b0feefef dfa2b7c6895248229874da3d0cd52dce 05bac32385d141389de08b3cebdce2ac - - default default] Successfully bumped revision number for resource c605be3e-74e8-4436-b501-e1e926f663a6 (type: router_ports) to 2
2026-06-26 04:48:07.076 10 INFO neutron.wsgi [None req-cb008812-3b27-46d3-91cd-5358b0feefef dfa2b7c6895248229874da3d0cd52dce 05bac32385d141389de08b3cebdce2ac - - default default] 10.0.0.27 "PUT /v2.0/routers/108d4c32-b11a-4c86-9a69-0eb5827460f0/add_router_interface HTTP/1.1" status: 200 len: 503 time: 2.5426328
2026-06-26 04:48:07.082 10 INFO neutron.wsgi [None req-d3385f06-f862-4db6-b9a2-431b55ee71f0 dfa2b7c6895248229874da3d0cd52dce 05bac32385d141389de08b3cebdce2ac - - default default] 10.0.0.27 "DELETE /v2.0/security-groups/8cd37301-7adb-4e1c-9231-170612d6ad26 HTTP/1.1" status: 204 len: 168 time: 0.4407744
2026-06-26 04:48:07.380 10 INFO neutron.db.ovn_revision_numbers_db [None req-c6916db3-713c-46d4-9a4d-77fb860dc258 dfa2b7c6895248229874da3d0cd52dce 05bac32385d141389de08b3cebdce2ac - - default default] Successfully bumped revision number for resource 2e435335-65e5-43d7-83fd-ed4ea73daf03 (type: security_groups) to 1
2026-06-26 04:48:07.398 10 INFO neutron.db.ovn_revision_numbers_db [None req-f0ebd2fe-af85-4be1-a820-e1b6e3e1f9a1 08877dca6a70474b85dd164afcdfc54e db6d6424d68e48c99059468288b4e207 - - default default] Successfully bumped revision number for resource c4d25032-d7c0-4448-93e6-c2ff62f79950 (type: ports) to 2
2026-06-26 04:48:07.405 10 INFO neutron.db.ovn_revision_numbers_db [None req-c6916db3-713c-46d4-9a4d-77fb860dc258 dfa2b7c6895248229874da3d0cd52dce 05bac32385d141389de08b3cebdce2ac - - default default] Successfully bumped revision number for resource 62a2f3f8-c51c-4f51-aa87-e32f8ae99709 (type: security_group_rules) to 0
2026-06-26 04:48:07.428 10 INFO neutron.db.ovn_revision_numbers_db [None req-c6916db3-713c-46d4-9a4d-77fb860dc258 dfa2b7c6895248229874da3d0cd52dce 05bac32385d141389de08b3cebdce2ac - - default default] Successfully bumped revision number for resource c7829d9c-3068-4575-ad1f-cf17d2d6f91d (type: security_group_rules) to 0
2026-06-26 04:48:07.435 10 INFO neutron.db.ovn_revision_numbers_db [None req-f0ebd2fe-af85-4be1-a820-e1b6e3e1f9a1 08877dca6a70474b85dd164afcdfc54e db6d6424d68e48c99059468288b4e207 - - default default] Successfully bumped revision number for resource cb3981d0-8546-431c-81f5-6443c996145d (type: subnets) to 0
2026-06-26 04:48:07.447 10 INFO neutron.db.ovn_revision_numbers_db [None req-c6916db3-713c-46d4-9a4d-77fb860dc258 dfa2b7c6895248229874da3d0cd52dce 05bac32385d141389de08b3cebdce2ac - - default default] Successfully bumped revision number for resource d2deb88d-7fe0-4413-8f74-971753e02aa6 (type: security_group_rules) to 0
2026-06-26 04:48:07.451 10 INFO neutron.wsgi [None req-f0ebd2fe-af85-4be1-a820-e1b6e3e1f9a1 08877dca6a70474b85dd164afcdfc54e db6d6424d68e48c99059468288b4e207 - - default default] 10.0.0.27 "POST /v2.0/subnets HTTP/1.1" status: 201 len: 801 time: 1.1753111
2026-06-26 04:48:07.463 10 INFO neutron.db.ovn_revision_numbers_db [None req-c6916db3-713c-46d4-9a4d-77fb860dc258 dfa2b7c6895248229874da3d0cd52dce 05bac32385d141389de08b3cebdce2ac - - default default] Successfully bumped revision number for resource ea4c2aeb-d414-4e6e-808b-d58d55bd3171 (type: security_group_rules) to 0
2026-06-26 04:48:07.482 10 INFO neutron.wsgi [None req-c6916db3-713c-46d4-9a4d-77fb860dc258 dfa2b7c6895248229874da3d0cd52dce 05bac32385d141389de08b3cebdce2ac - - default default] 10.0.0.27 "GET /v2.0/security-groups?tenant_id=6eab5570f0cf4802b1640868d2edc451&name=default HTTP/1.1" status: 200 len: 2996 time: 0.2652059
2026-06-26 04:48:07.725 10 INFO neutron.wsgi [None req-c06e6144-673e-4143-aafc-19a4f49a5db4 dfa2b7c6895248229874da3d0cd52dce 05bac32385d141389de08b3cebdce2ac - - default default] 10.0.0.27 "DELETE /v2.0/security-groups/2e435335-65e5-43d7-83fd-ed4ea73daf03 HTTP/1.1" status: 204 len: 168 time: 0.2366202
2026-06-26 04:48:07.784 9 INFO neutron.db.ovn_revision_numbers_db [None req-f2001618-cd26-4e24-8c66-ccf781b5faa0 08877dca6a70474b85dd164afcdfc54e db6d6424d68e48c99059468288b4e207 - - default default] Successfully bumped revision number for resource cb3981d0-8546-431c-81f5-6443c996145d (type: subnets) to 1
2026-06-26 04:48:07.788 9 INFO neutron.wsgi [None req-f2001618-cd26-4e24-8c66-ccf781b5faa0 08877dca6a70474b85dd164afcdfc54e db6d6424d68e48c99059468288b4e207 - - default default] 10.0.0.27 "PUT /v2.0/subnets/cb3981d0-8546-431c-81f5-6443c996145d HTTP/1.1" status: 200 len: 806 time: 0.3305118
2026-06-26 04:48:07.862 10 INFO neutron.db.ovn_revision_numbers_db [None req-a80f10bc-c1f7-434e-a76d-e2b6dfcf5a6b 46d631a329984b9da051b57fff71e2d7 206b8d9874d84bb7aed95ddbcd15067e - - default default] Successfully bumped revision number for resource 4a2f64b8-a383-4531-9163-027be27e2d9e (type: security_groups) to 1
2026-06-26 04:48:07.884 10 INFO neutron.db.ovn_revision_numbers_db [None req-a80f10bc-c1f7-434e-a76d-e2b6dfcf5a6b 46d631a329984b9da051b57fff71e2d7 206b8d9874d84bb7aed95ddbcd15067e - - default default] Successfully bumped revision number for resource 72f63f1b-3363-4e71-883a-ac51b6b10893 (type: security_group_rules) to 0
2026-06-26 04:48:07.917 10 INFO neutron.db.ovn_revision_numbers_db [None req-a80f10bc-c1f7-434e-a76d-e2b6dfcf5a6b 46d631a329984b9da051b57fff71e2d7 206b8d9874d84bb7aed95ddbcd15067e - - default default] Successfully bumped revision number for resource d6ccd2ec-313f-4ec8-8d38-81560a5a2294 (type: security_group_rules) to 0
2026-06-26 04:48:07.927 9 INFO neutron.db.ovn_revision_numbers_db [None req-c40f8241-f4e1-4bf8-8b35-7724eec24e8a dfa2b7c6895248229874da3d0cd52dce 05bac32385d141389de08b3cebdce2ac - - default default] Successfully bumped revision number for resource 4a1a5b5e-bc33-46e2-8ce9-03eeb3f1b65f (type: security_groups) to 1
2026-06-26 04:48:07.939 9 INFO neutron.db.ovn_revision_numbers_db [None req-c40f8241-f4e1-4bf8-8b35-7724eec24e8a dfa2b7c6895248229874da3d0cd52dce 05bac32385d141389de08b3cebdce2ac - - default default] Successfully bumped revision number for resource 0c2ff2b5-c58e-4354-baf5-f28d65ab9874 (type: security_group_rules) to 0
2026-06-26 04:48:07.952 9 INFO neutron.db.ovn_revision_numbers_db [None req-c40f8241-f4e1-4bf8-8b35-7724eec24e8a dfa2b7c6895248229874da3d0cd52dce 05bac32385d141389de08b3cebdce2ac - - default default] Successfully bumped revision number for resource 694e8c38-fa7d-47b5-935f-636a98643dd0 (type: security_group_rules) to 0
2026-06-26 04:48:07.966 9 INFO neutron.db.ovn_revision_numbers_db [None req-c40f8241-f4e1-4bf8-8b35-7724eec24e8a dfa2b7c6895248229874da3d0cd52dce 05bac32385d141389de08b3cebdce2ac - - default default] Successfully bumped revision number for resource 990699b5-6b70-49cb-9326-3e7e101e831b (type: security_group_rules) to 0
2026-06-26 04:48:07.979 10 INFO neutron.wsgi [None req-a80f10bc-c1f7-434e-a76d-e2b6dfcf5a6b 46d631a329984b9da051b57fff71e2d7 206b8d9874d84bb7aed95ddbcd15067e - - default default] 10.0.0.27 "POST /v2.0/security-groups HTTP/1.1" status: 201 len: 1796 time: 0.2785280
2026-06-26 04:48:07.982 9 INFO neutron.db.ovn_revision_numbers_db [None req-c40f8241-f4e1-4bf8-8b35-7724eec24e8a dfa2b7c6895248229874da3d0cd52dce 05bac32385d141389de08b3cebdce2ac - - default default] Successfully bumped revision number for resource fe0a81fa-b7cd-4731-89cb-c2a801770d07 (type: security_group_rules) to 0
2026-06-26 04:48:08.003 9 INFO neutron.wsgi [None req-c40f8241-f4e1-4bf8-8b35-7724eec24e8a dfa2b7c6895248229874da3d0cd52dce 05bac32385d141389de08b3cebdce2ac - - default default] 10.0.0.27 "GET /v2.0/security-groups?tenant_id=9c6a6b50bd9946e4aec3c1f255e82852&name=default HTTP/1.1" status: 200 len: 2996 time: 0.1750605
2026-06-26 04:48:08.162 10 INFO neutron.db.ovn_revision_numbers_db [None req-848b74bc-e461-4247-b6fe-70581e1e5159 46d631a329984b9da051b57fff71e2d7 206b8d9874d84bb7aed95ddbcd15067e - - default default] Successfully bumped revision number for resource ce40cdec-0548-4511-ac29-ac84bd256634 (type: security_group_rules) to 0
2026-06-26 04:48:08.196 10 INFO neutron.wsgi [None req-848b74bc-e461-4247-b6fe-70581e1e5159 46d631a329984b9da051b57fff71e2d7 206b8d9874d84bb7aed95ddbcd15067e - - default default] 10.0.0.27 "POST /v2.0/security-group-rules HTTP/1.1" status: 201 len: 764 time: 0.2111001
2026-06-26 04:48:08.200 9 INFO neutron.wsgi [None req-fcd55891-fa9c-48e7-bd65-434a355855b3 dfa2b7c6895248229874da3d0cd52dce 05bac32385d141389de08b3cebdce2ac - - default default] 10.0.0.27 "DELETE /v2.0/security-groups/4a1a5b5e-bc33-46e2-8ce9-03eeb3f1b65f HTTP/1.1" status: 204 len: 168 time: 0.1908453
2026-06-26 04:48:08.398 10 INFO neutron.db.ovn_revision_numbers_db [None req-8e31157a-8519-4645-a9a7-d3e3fa45b7ee 46d631a329984b9da051b57fff71e2d7 206b8d9874d84bb7aed95ddbcd15067e - - default default] Successfully bumped revision number for resource f551f734-6b2c-46b7-a72a-5ee83f60adfd (type: security_group_rules) to 0
2026-06-26 04:48:08.436 10 INFO neutron.services.segments.plugin [-] Segment 4a146bc6-d773-4b64-9d72-55dc3ff71055 resource provider aggregate not found
2026-06-26 04:48:08.440 10 INFO neutron.services.segments.plugin [-] Segment 4a146bc6-d773-4b64-9d72-55dc3ff71055 resource provider aggregate not found
2026-06-26 04:48:08.471 10 INFO neutron.wsgi [None req-8e31157a-8519-4645-a9a7-d3e3fa45b7ee 46d631a329984b9da051b57fff71e2d7 206b8d9874d84bb7aed95ddbcd15067e - - default default] 10.0.0.27 "POST /v2.0/security-group-rules HTTP/1.1" status: 201 len: 769 time: 0.2707648
2026-06-26 04:48:08.473 10 INFO neutron.services.segments.plugin [-] Segment 4a146bc6-d773-4b64-9d72-55dc3ff71055 resource provider not found; error: Placement Client Error (4xx): {"errors": [{"status": 404, "title": "Not Found", "detail": "The resource could not be found.\n\n No resource provider with uuid 4a146bc6-d773-4b64-9d72-55dc3ff71055 found for delete ", "request_id": "req-646c1217-fe30-4364-8c12-6cfbe746e4b0"}]}
2026-06-26 04:48:08.477 10 INFO neutron.services.segments.plugin [-] Segment 4a146bc6-d773-4b64-9d72-55dc3ff71055 resource provider not found; error: Placement Client Error (4xx): {"errors": [{"status": 404, "title": "Not Found", "detail": "The resource could not be found.\n\n No resource provider with uuid 4a146bc6-d773-4b64-9d72-55dc3ff71055 found for delete ", "request_id": "req-6d4da52c-9e3f-4889-9e21-0c61a87f5f63"}]}
2026-06-26 04:48:08.511 10 INFO neutron.wsgi [None req-bcac1ff0-2ed5-4b2c-9fa3-deab581b6d9c 08877dca6a70474b85dd164afcdfc54e db6d6424d68e48c99059468288b4e207 - - default default] 10.0.0.27 "DELETE /v2.0/networks/a35e87ed-ae83-4788-842c-81ed26f4356d HTTP/1.1" status: 204 len: 168 time: 0.7179749
2026-06-26 04:48:08.537 9 INFO neutron.pecan_wsgi.hooks.translation [None req-368d91f6-864c-4c1f-b605-9abc1a278680 08877dca6a70474b85dd164afcdfc54e db6d6424d68e48c99059468288b4e207 - - default default] DELETE failed (client error): The resource could not be found.
2026-06-26 04:48:08.540 9 INFO neutron.wsgi [None req-368d91f6-864c-4c1f-b605-9abc1a278680 08877dca6a70474b85dd164afcdfc54e db6d6424d68e48c99059468288b4e207 - - default default] 10.0.0.27 "DELETE /v2.0/networks/a35e87ed-ae83-4788-842c-81ed26f4356d HTTP/1.1" status: 404 len: 339 time: 0.0237224
2026-06-26 04:48:08.615 9 INFO neutron.wsgi [None req-eb50864c-32b0-495d-a7ad-155110d30322 08877dca6a70474b85dd164afcdfc54e db6d6424d68e48c99059468288b4e207 - - default default] 10.0.0.27 "GET /v2.0/networks?router%3Aexternal=True HTTP/1.1" status: 200 len: 845 time: 0.0690634
2026-06-26 04:48:08.660 9 INFO neutron.wsgi [None req-86bd64bf-6156-4d59-b3c6-d8a9f09a449d 08877dca6a70474b85dd164afcdfc54e db6d6424d68e48c99059468288b4e207 - - default default] 10.0.0.27 "GET /v2.0/subnets?network_id=0011ab2a-da77-4193-8caf-2cab7c251929 HTTP/1.1" status: 200 len: 820 time: 0.0410612
2026-06-26 04:48:08.668 9 INFO neutron.wsgi [None req-1262f81d-d98b-4920-b368-7649d97c24c9 08877dca6a70474b85dd164afcdfc54e db6d6424d68e48c99059468288b4e207 - - default default] 10.0.0.27 "GET /v2.0/extensions HTTP/1.1" status: 200 len: 16520 time: 0.0041206
2026-06-26 04:48:08.741 9 INFO neutron.wsgi [None req-8b5b8f67-9d00-475e-a67b-3e9e94f2d718 08877dca6a70474b85dd164afcdfc54e db6d6424d68e48c99059468288b4e207 - - default default] 10.0.0.27 "GET /v2.0/networks HTTP/1.1" status: 200 len: 1504 time: 0.0672743
2026-06-26 04:48:08.774 10 WARNING neutron.scheduler.dhcp_agent_scheduler [None req-e431b511-98f5-4acd-ab83-c059fc05db13 46d631a329984b9da051b57fff71e2d7 206b8d9874d84bb7aed95ddbcd15067e - - default default] No more DHCP agents
2026-06-26 04:48:08.777 10 WARNING neutron.api.rpc.agentnotifiers.dhcp_rpc_agent_api [None req-e431b511-98f5-4acd-ab83-c059fc05db13 46d631a329984b9da051b57fff71e2d7 206b8d9874d84bb7aed95ddbcd15067e - - default default] Unable to schedule network 0011ab2a-da77-4193-8caf-2cab7c251929: no agents available; will retry on subsequent port and subnet creation events.
2026-06-26 04:48:08.789 9 INFO neutron.wsgi [None req-52a273eb-b692-4e30-ba7d-a4fc16472a8b 08877dca6a70474b85dd164afcdfc54e db6d6424d68e48c99059468288b4e207 - - default default] 10.0.0.27 "GET /v2.0/subnets HTTP/1.1" status: 200 len: 1428 time: 0.0424843
2026-06-26 04:48:08.867 9 INFO neutron.wsgi [None req-cb439105-8057-4c93-b5d9-ea8cab28b59d 08877dca6a70474b85dd164afcdfc54e db6d6424d68e48c99059468288b4e207 - - default default] 10.0.0.27 "GET /v2.0/networks/223aa0d1-9fd3-4cd2-82a6-24f61ac07ded HTTP/1.1" status: 200 len: 863 time: 0.0730753
2026-06-26 04:48:08.932 10 INFO neutron.wsgi [None req-6c09622c-8d84-4bcf-bf78-a5f8cb3b97ae 08877dca6a70474b85dd164afcdfc54e db6d6424d68e48c99059468288b4e207 - - default default] 10.0.0.27 "GET /v2.0/subnets/144d1dbc-a363-439a-8b57-4d3833779f36 HTTP/1.1" status: 200 len: 811 time: 0.0591407
2026-06-26 04:48:08.934 9 INFO neutron.db.ovn_revision_numbers_db [None req-2918865d-0bcd-41f9-93b4-1c61d8355829 dfa2b7c6895248229874da3d0cd52dce 05bac32385d141389de08b3cebdce2ac - - default default] Successfully bumped revision number for resource 732066aa-cafd-4899-af3f-3bd4d346b66a (type: security_groups) to 1
2026-06-26 04:48:08.955 9 INFO neutron.pecan_wsgi.hooks.translation [None req-f55912df-ff10-49cf-88b9-37f43b803c64 08877dca6a70474b85dd164afcdfc54e db6d6424d68e48c99059468288b4e207 - - default default] DELETE failed (client error): The resource could not be found.
