File "/var/lib/openstack/lib/python3.10/site-packages/oslo_utils/excutils.py", line 227, in __exit__
2026-07-01 08:36:27.047 10 ERROR neutron.plugins.ml2.managers self.force_reraise()
2026-07-01 08:36:27.047 10 ERROR neutron.plugins.ml2.managers
File "/var/lib/openstack/lib/python3.10/site-packages/oslo_utils/excutils.py", line 200, in force_reraise
2026-07-01 08:36:27.047 10 ERROR neutron.plugins.ml2.managers raise self.value
2026-07-01 08:36:27.047 10 ERROR neutron.plugins.ml2.managers
File "/var/lib/openstack/lib/python3.10/site-packages/oslo_db/api.py", line 142, in wrapper
2026-07-01 08:36:27.047 10 ERROR neutron.plugins.ml2.managers return f(*args, **kwargs)
2026-07-01 08:36:27.047 10 ERROR neutron.plugins.ml2.managers
File "/var/lib/openstack/lib/python3.10/site-packages/neutron_lib/db/api.py", line 183, in wrapped
2026-07-01 08:36:27.047 10 ERROR neutron.plugins.ml2.managers with excutils.save_and_reraise_exception():
2026-07-01 08:36:27.047 10 ERROR neutron.plugins.ml2.managers
File "/var/lib/openstack/lib/python3.10/site-packages/oslo_utils/excutils.py", line 227, in __exit__
2026-07-01 08:36:27.047 10 ERROR neutron.plugins.ml2.managers self.force_reraise()
2026-07-01 08:36:27.047 10 ERROR neutron.plugins.ml2.managers
File "/var/lib/openstack/lib/python3.10/site-packages/oslo_utils/excutils.py", line 200, in force_reraise
2026-07-01 08:36:27.047 10 ERROR neutron.plugins.ml2.managers raise self.value
2026-07-01 08:36:27.047 10 ERROR neutron.plugins.ml2.managers
File "/var/lib/openstack/lib/python3.10/site-packages/neutron_lib/db/api.py", line 181, in wrapped
2026-07-01 08:36:27.047 10 ERROR neutron.plugins.ml2.managers return f(*dup_args, **dup_kwargs)
2026-07-01 08:36:27.047 10 ERROR neutron.plugins.ml2.managers
File "/var/lib/openstack/lib/python3.10/site-packages/neutron/db/db_base_plugin_v2.py", line 1198, in get_subnet
2026-07-01 08:36:27.047 10 ERROR neutron.plugins.ml2.managers subnet_obj = self._get_subnet_object(context, id)
2026-07-01 08:36:27.047 10 ERROR neutron.plugins.ml2.managers
File "/var/lib/openstack/lib/python3.10/site-packages/neutron/db/db_base_plugin_common.py", line 282, in _get_subnet_object
2026-07-01 08:36:27.047 10 ERROR neutron.plugins.ml2.managers raise exceptions.SubnetNotFound(subnet_id=id)
2026-07-01 08:36:27.047 10 ERROR neutron.plugins.ml2.managers neutron_lib.exceptions.SubnetNotFound: Subnet 5eecf990-2685-460b-b03b-cfa5aa0fc630 could not be found.
2026-07-01 08:36:27.047 10 ERROR neutron.plugins.ml2.managers 
2026-07-01 08:36:27.048 10 ERROR neutron.plugins.ml2.managers [None req-a86d3337-a023-4711-8136-95f026358ea3 - - - - - -] Failed to bind port 35b66c40-6e2b-4cbe-99f0-e3488e49df78 on host instance for vnic_type normal using segments [{'id': '7766976e-ce45-4e52-b4c5-a1aa3efddc97', 'network_type': 'vxlan', 'physical_network': None, 'segmentation_id': 808, 'network_id': '644f0863-b82a-4428-a816-e51f0710a8f1'}]
2026-07-01 08:36:27.048 10 INFO neutron.plugins.ml2.plugin [None req-a86d3337-a023-4711-8136-95f026358ea3 - - - - - -] Attempt 7 to bind port 35b66c40-6e2b-4cbe-99f0-e3488e49df78
2026-07-01 08:36:27.068 10 ERROR neutron.plugins.ml2.managers [None req-a86d3337-a023-4711-8136-95f026358ea3 - - - - - -] Mechanism driver openvswitch failed in bind_port: neutron_lib.exceptions.SubnetNotFound: Subnet 5eecf990-2685-460b-b03b-cfa5aa0fc630 could not be found.
2026-07-01 08:36:27.068 10 ERROR neutron.plugins.ml2.managers
Traceback (most recent call last):
2026-07-01 08:36:27.068 10 ERROR neutron.plugins.ml2.managers
File "/var/lib/openstack/lib/python3.10/site-packages/neutron/plugins/ml2/managers.py", line 866, in _bind_port_level
2026-07-01 08:36:27.068 10 ERROR neutron.plugins.ml2.managers driver.obj.bind_port(context)
2026-07-01 08:36:27.068 10 ERROR neutron.plugins.ml2.managers
File "/var/lib/openstack/lib/python3.10/site-packages/neutron/plugins/ml2/drivers/openvswitch/mech_driver/mech_openvswitch.py", line 133, in bind_port
2026-07-01 08:36:27.068 10 ERROR neutron.plugins.ml2.managers super(OpenvswitchMechanismDriver, self).bind_port(context)
2026-07-01 08:36:27.068 10 ERROR neutron.plugins.ml2.managers
File "/var/lib/openstack/lib/python3.10/site-packages/neutron/plugins/ml2/drivers/mech_agent.py", line 104, in bind_port
2026-07-01 08:36:27.068 10 ERROR neutron.plugins.ml2.managers subnets = self.get_subnets_from_fixed_ips(context)
2026-07-01 08:36:27.068 10 ERROR neutron.plugins.ml2.managers
File "/var/lib/openstack/lib/python3.10/site-packages/neutron/plugins/ml2/drivers/mech_agent.py", line 149, in get_subnets_from_fixed_ips
2026-07-01 08:36:27.068 10 ERROR neutron.plugins.ml2.managers subnets.append(context._plugin.get_subnet(
2026-07-01 08:36:27.068 10 ERROR neutron.plugins.ml2.managers
File "/var/lib/openstack/lib/python3.10/site-packages/neutron_lib/db/api.py", line 223, in wrapped
2026-07-01 08:36:27.068 10 ERROR neutron.plugins.ml2.managers return f_with_retry(*args, **kwargs,
2026-07-01 08:36:27.068 10 ERROR neutron.plugins.ml2.managers
File "/var/lib/openstack/lib/python3.10/site-packages/neutron_lib/db/api.py", line 137, in wrapped
2026-07-01 08:36:27.068 10 ERROR neutron.plugins.ml2.managers with excutils.save_and_reraise_exception():
2026-07-01 08:36:27.068 10 ERROR neutron.plugins.ml2.managers
File "/var/lib/openstack/lib/python3.10/site-packages/oslo_utils/excutils.py", line 227, in __exit__
2026-07-01 08:36:27.068 10 ERROR neutron.plugins.ml2.managers self.force_reraise()
2026-07-01 08:36:27.068 10 ERROR neutron.plugins.ml2.managers
File "/var/lib/openstack/lib/python3.10/site-packages/oslo_utils/excutils.py", line 200, in force_reraise
2026-07-01 08:36:27.068 10 ERROR neutron.plugins.ml2.managers raise self.value
2026-07-01 08:36:27.068 10 ERROR neutron.plugins.ml2.managers
File "/var/lib/openstack/lib/python3.10/site-packages/neutron_lib/db/api.py", line 135, in wrapped
2026-07-01 08:36:27.068 10 ERROR neutron.plugins.ml2.managers return f(*args, **kwargs)
2026-07-01 08:36:27.068 10 ERROR neutron.plugins.ml2.managers
File "/var/lib/openstack/lib/python3.10/site-packages/oslo_db/api.py", line 144, in wrapper
2026-07-01 08:36:27.068 10 ERROR neutron.plugins.ml2.managers with excutils.save_and_reraise_exception() as ectxt:
2026-07-01 08:36:27.068 10 ERROR neutron.plugins.ml2.managers
File "/var/lib/openstack/lib/python3.10/site-packages/oslo_utils/excutils.py", line 227, in __exit__
2026-07-01 08:36:27.068 10 ERROR neutron.plugins.ml2.managers self.force_reraise()
2026-07-01 08:36:27.068 10 ERROR neutron.plugins.ml2.managers
File "/var/lib/openstack/lib/python3.10/site-packages/oslo_utils/excutils.py", line 200, in force_reraise
2026-07-01 08:36:27.068 10 ERROR neutron.plugins.ml2.managers raise self.value
2026-07-01 08:36:27.068 10 ERROR neutron.plugins.ml2.managers
File "/var/lib/openstack/lib/python3.10/site-packages/oslo_db/api.py", line 142, in wrapper
2026-07-01 08:36:27.068 10 ERROR neutron.plugins.ml2.managers return f(*args, **kwargs)
2026-07-01 08:36:27.068 10 ERROR neutron.plugins.ml2.managers
File "/var/lib/openstack/lib/python3.10/site-packages/neutron_lib/db/api.py", line 183, in wrapped
2026-07-01 08:36:27.068 10 ERROR neutron.plugins.ml2.managers with excutils.save_and_reraise_exception():
2026-07-01 08:36:27.068 10 ERROR neutron.plugins.ml2.managers
File "/var/lib/openstack/lib/python3.10/site-packages/oslo_utils/excutils.py", line 227, in __exit__
2026-07-01 08:36:27.068 10 ERROR neutron.plugins.ml2.managers self.force_reraise()
2026-07-01 08:36:27.068 10 ERROR neutron.plugins.ml2.managers
File "/var/lib/openstack/lib/python3.10/site-packages/oslo_utils/excutils.py", line 200, in force_reraise
2026-07-01 08:36:27.068 10 ERROR neutron.plugins.ml2.managers raise self.value
2026-07-01 08:36:27.068 10 ERROR neutron.plugins.ml2.managers
File "/var/lib/openstack/lib/python3.10/site-packages/neutron_lib/db/api.py", line 181, in wrapped
2026-07-01 08:36:27.068 10 ERROR neutron.plugins.ml2.managers return f(*dup_args, **dup_kwargs)
2026-07-01 08:36:27.068 10 ERROR neutron.plugins.ml2.managers
File "/var/lib/openstack/lib/python3.10/site-packages/neutron/db/db_base_plugin_v2.py", line 1198, in get_subnet
2026-07-01 08:36:27.068 10 ERROR neutron.plugins.ml2.managers subnet_obj = self._get_subnet_object(context, id)
2026-07-01 08:36:27.068 10 ERROR neutron.plugins.ml2.managers
File "/var/lib/openstack/lib/python3.10/site-packages/neutron/db/db_base_plugin_common.py", line 282, in _get_subnet_object
2026-07-01 08:36:27.068 10 ERROR neutron.plugins.ml2.managers raise exceptions.SubnetNotFound(subnet_id=id)
2026-07-01 08:36:27.068 10 ERROR neutron.plugins.ml2.managers neutron_lib.exceptions.SubnetNotFound: Subnet 5eecf990-2685-460b-b03b-cfa5aa0fc630 could not be found.
2026-07-01 08:36:27.068 10 ERROR neutron.plugins.ml2.managers 
2026-07-01 08:36:27.068 10 ERROR neutron.plugins.ml2.managers [None req-a86d3337-a023-4711-8136-95f026358ea3 - - - - - -] Failed to bind port 35b66c40-6e2b-4cbe-99f0-e3488e49df78 on host instance for vnic_type normal using segments [{'id': '7766976e-ce45-4e52-b4c5-a1aa3efddc97', 'network_type': 'vxlan', 'physical_network': None, 'segmentation_id': 808, 'network_id': '644f0863-b82a-4428-a816-e51f0710a8f1'}]
2026-07-01 08:36:27.069 10 INFO neutron.plugins.ml2.plugin [None req-a86d3337-a023-4711-8136-95f026358ea3 - - - - - -] Attempt 8 to bind port 35b66c40-6e2b-4cbe-99f0-e3488e49df78
2026-07-01 08:36:27.087 10 ERROR neutron.plugins.ml2.managers [None req-a86d3337-a023-4711-8136-95f026358ea3 - - - - - -] Mechanism driver openvswitch failed in bind_port: neutron_lib.exceptions.SubnetNotFound: Subnet 5eecf990-2685-460b-b03b-cfa5aa0fc630 could not be found.
2026-07-01 08:36:27.087 10 ERROR neutron.plugins.ml2.managers
Traceback (most recent call last):
2026-07-01 08:36:27.087 10 ERROR neutron.plugins.ml2.managers
File "/var/lib/openstack/lib/python3.10/site-packages/neutron/plugins/ml2/managers.py", line 866, in _bind_port_level
2026-07-01 08:36:27.087 10 ERROR neutron.plugins.ml2.managers driver.obj.bind_port(context)
2026-07-01 08:36:27.087 10 ERROR neutron.plugins.ml2.managers
File "/var/lib/openstack/lib/python3.10/site-packages/neutron/plugins/ml2/drivers/openvswitch/mech_driver/mech_openvswitch.py", line 133, in bind_port
2026-07-01 08:36:27.087 10 ERROR neutron.plugins.ml2.managers super(OpenvswitchMechanismDriver, self).bind_port(context)
2026-07-01 08:36:27.087 10 ERROR neutron.plugins.ml2.managers
File "/var/lib/openstack/lib/python3.10/site-packages/neutron/plugins/ml2/drivers/mech_agent.py", line 104, in bind_port
2026-07-01 08:36:27.087 10 ERROR neutron.plugins.ml2.managers subnets = self.get_subnets_from_fixed_ips(context)
2026-07-01 08:36:27.087 10 ERROR neutron.plugins.ml2.managers
File "/var/lib/openstack/lib/python3.10/site-packages/neutron/plugins/ml2/drivers/mech_agent.py", line 149, in get_subnets_from_fixed_ips
2026-07-01 08:36:27.087 10 ERROR neutron.plugins.ml2.managers subnets.append(context._plugin.get_subnet(
2026-07-01 08:36:27.087 10 ERROR neutron.plugins.ml2.managers
File "/var/lib/openstack/lib/python3.10/site-packages/neutron_lib/db/api.py", line 223, in wrapped
2026-07-01 08:36:27.087 10 ERROR neutron.plugins.ml2.managers return f_with_retry(*args, **kwargs,
2026-07-01 08:36:27.087 10 ERROR neutron.plugins.ml2.managers
File "/var/lib/openstack/lib/python3.10/site-packages/neutron_lib/db/api.py", line 137, in wrapped
2026-07-01 08:36:27.087 10 ERROR neutron.plugins.ml2.managers with excutils.save_and_reraise_exception():
2026-07-01 08:36:27.087 10 ERROR neutron.plugins.ml2.managers
File "/var/lib/openstack/lib/python3.10/site-packages/oslo_utils/excutils.py", line 227, in __exit__
2026-07-01 08:36:27.087 10 ERROR neutron.plugins.ml2.managers self.force_reraise()
2026-07-01 08:36:27.087 10 ERROR neutron.plugins.ml2.managers
File "/var/lib/openstack/lib/python3.10/site-packages/oslo_utils/excutils.py", line 200, in force_reraise
2026-07-01 08:36:27.087 10 ERROR neutron.plugins.ml2.managers raise self.value
2026-07-01 08:36:27.087 10 ERROR neutron.plugins.ml2.managers
File "/var/lib/openstack/lib/python3.10/site-packages/neutron_lib/db/api.py", line 135, in wrapped
2026-07-01 08:36:27.087 10 ERROR neutron.plugins.ml2.managers return f(*args, **kwargs)
2026-07-01 08:36:27.087 10 ERROR neutron.plugins.ml2.managers
File "/var/lib/openstack/lib/python3.10/site-packages/oslo_db/api.py", line 144, in wrapper
2026-07-01 08:36:27.087 10 ERROR neutron.plugins.ml2.managers with excutils.save_and_reraise_exception() as ectxt:
2026-07-01 08:36:27.087 10 ERROR neutron.plugins.ml2.managers
File "/var/lib/openstack/lib/python3.10/site-packages/oslo_utils/excutils.py", line 227, in __exit__
2026-07-01 08:36:27.087 10 ERROR neutron.plugins.ml2.managers self.force_reraise()
2026-07-01 08:36:27.087 10 ERROR neutron.plugins.ml2.managers
File "/var/lib/openstack/lib/python3.10/site-packages/oslo_utils/excutils.py", line 200, in force_reraise
2026-07-01 08:36:27.087 10 ERROR neutron.plugins.ml2.managers raise self.value
2026-07-01 08:36:27.087 10 ERROR neutron.plugins.ml2.managers
File "/var/lib/openstack/lib/python3.10/site-packages/oslo_db/api.py", line 142, in wrapper
2026-07-01 08:36:27.087 10 ERROR neutron.plugins.ml2.managers return f(*args, **kwargs)
2026-07-01 08:36:27.087 10 ERROR neutron.plugins.ml2.managers
File "/var/lib/openstack/lib/python3.10/site-packages/neutron_lib/db/api.py", line 183, in wrapped
2026-07-01 08:36:27.087 10 ERROR neutron.plugins.ml2.managers with excutils.save_and_reraise_exception():
2026-07-01 08:36:27.087 10 ERROR neutron.plugins.ml2.managers
File "/var/lib/openstack/lib/python3.10/site-packages/oslo_utils/excutils.py", line 227, in __exit__
2026-07-01 08:36:27.087 10 ERROR neutron.plugins.ml2.managers self.force_reraise()
2026-07-01 08:36:27.087 10 ERROR neutron.plugins.ml2.managers
File "/var/lib/openstack/lib/python3.10/site-packages/oslo_utils/excutils.py", line 200, in force_reraise
2026-07-01 08:36:27.087 10 ERROR neutron.plugins.ml2.managers raise self.value
2026-07-01 08:36:27.087 10 ERROR neutron.plugins.ml2.managers
File "/var/lib/openstack/lib/python3.10/site-packages/neutron_lib/db/api.py", line 181, in wrapped
2026-07-01 08:36:27.087 10 ERROR neutron.plugins.ml2.managers return f(*dup_args, **dup_kwargs)
2026-07-01 08:36:27.087 10 ERROR neutron.plugins.ml2.managers
File "/var/lib/openstack/lib/python3.10/site-packages/neutron/db/db_base_plugin_v2.py", line 1198, in get_subnet
2026-07-01 08:36:27.087 10 ERROR neutron.plugins.ml2.managers subnet_obj = self._get_subnet_object(context, id)
2026-07-01 08:36:27.087 10 ERROR neutron.plugins.ml2.managers
File "/var/lib/openstack/lib/python3.10/site-packages/neutron/db/db_base_plugin_common.py", line 282, in _get_subnet_object
2026-07-01 08:36:27.087 10 ERROR neutron.plugins.ml2.managers raise exceptions.SubnetNotFound(subnet_id=id)
2026-07-01 08:36:27.087 10 ERROR neutron.plugins.ml2.managers neutron_lib.exceptions.SubnetNotFound: Subnet 5eecf990-2685-460b-b03b-cfa5aa0fc630 could not be found.
2026-07-01 08:36:27.087 10 ERROR neutron.plugins.ml2.managers 
2026-07-01 08:36:27.088 10 ERROR neutron.plugins.ml2.managers [None req-a86d3337-a023-4711-8136-95f026358ea3 - - - - - -] Failed to bind port 35b66c40-6e2b-4cbe-99f0-e3488e49df78 on host instance for vnic_type normal using segments [{'id': '7766976e-ce45-4e52-b4c5-a1aa3efddc97', 'network_type': 'vxlan', 'physical_network': None, 'segmentation_id': 808, 'network_id': '644f0863-b82a-4428-a816-e51f0710a8f1'}]
2026-07-01 08:36:27.088 10 INFO neutron.plugins.ml2.plugin [None req-a86d3337-a023-4711-8136-95f026358ea3 - - - - - -] Attempt 9 to bind port 35b66c40-6e2b-4cbe-99f0-e3488e49df78
2026-07-01 08:36:27.126 10 ERROR neutron.plugins.ml2.managers [None req-a86d3337-a023-4711-8136-95f026358ea3 - - - - - -] Mechanism driver openvswitch failed in bind_port: neutron_lib.exceptions.SubnetNotFound: Subnet 5eecf990-2685-460b-b03b-cfa5aa0fc630 could not be found.
2026-07-01 08:36:27.126 10 ERROR neutron.plugins.ml2.managers
Traceback (most recent call last):
2026-07-01 08:36:27.126 10 ERROR neutron.plugins.ml2.managers
File "/var/lib/openstack/lib/python3.10/site-packages/neutron/plugins/ml2/managers.py", line 866, in _bind_port_level
2026-07-01 08:36:27.126 10 ERROR neutron.plugins.ml2.managers driver.obj.bind_port(context)
2026-07-01 08:36:27.126 10 ERROR neutron.plugins.ml2.managers
File "/var/lib/openstack/lib/python3.10/site-packages/neutron/plugins/ml2/drivers/openvswitch/mech_driver/mech_openvswitch.py", line 133, in bind_port
2026-07-01 08:36:27.126 10 ERROR neutron.plugins.ml2.managers super(OpenvswitchMechanismDriver, self).bind_port(context)
2026-07-01 08:36:27.126 10 ERROR neutron.plugins.ml2.managers
File "/var/lib/openstack/lib/python3.10/site-packages/neutron/plugins/ml2/drivers/mech_agent.py", line 104, in bind_port
2026-07-01 08:36:27.126 10 ERROR neutron.plugins.ml2.managers subnets = self.get_subnets_from_fixed_ips(context)
2026-07-01 08:36:27.126 10 ERROR neutron.plugins.ml2.managers
File "/var/lib/openstack/lib/python3.10/site-packages/neutron/plugins/ml2/drivers/mech_agent.py", line 149, in get_subnets_from_fixed_ips
2026-07-01 08:36:27.126 10 ERROR neutron.plugins.ml2.managers subnets.append(context._plugin.get_subnet(
2026-07-01 08:36:27.126 10 ERROR neutron.plugins.ml2.managers
File "/var/lib/openstack/lib/python3.10/site-packages/neutron_lib/db/api.py", line 223, in wrapped
2026-07-01 08:36:27.126 10 ERROR neutron.plugins.ml2.managers return f_with_retry(*args, **kwargs,
2026-07-01 08:36:27.126 10 ERROR neutron.plugins.ml2.managers
File "/var/lib/openstack/lib/python3.10/site-packages/neutron_lib/db/api.py", line 137, in wrapped
2026-07-01 08:36:27.126 10 ERROR neutron.plugins.ml2.managers with excutils.save_and_reraise_exception():
2026-07-01 08:36:27.126 10 ERROR neutron.plugins.ml2.managers
File "/var/lib/openstack/lib/python3.10/site-packages/oslo_utils/excutils.py", line 227, in __exit__
2026-07-01 08:36:27.126 10 ERROR neutron.plugins.ml2.managers self.force_reraise()
2026-07-01 08:36:27.126 10 ERROR neutron.plugins.ml2.managers
File "/var/lib/openstack/lib/python3.10/site-packages/oslo_utils/excutils.py", line 200, in force_reraise
2026-07-01 08:36:27.126 10 ERROR neutron.plugins.ml2.managers raise self.value
2026-07-01 08:36:27.126 10 ERROR neutron.plugins.ml2.managers
File "/var/lib/openstack/lib/python3.10/site-packages/neutron_lib/db/api.py", line 135, in wrapped
2026-07-01 08:36:27.126 10 ERROR neutron.plugins.ml2.managers return f(*args, **kwargs)
2026-07-01 08:36:27.126 10 ERROR neutron.plugins.ml2.managers
File "/var/lib/openstack/lib/python3.10/site-packages/oslo_db/api.py", line 144, in wrapper
2026-07-01 08:36:27.126 10 ERROR neutron.plugins.ml2.managers with excutils.save_and_reraise_exception() as ectxt:
2026-07-01 08:36:27.126 10 ERROR neutron.plugins.ml2.managers
File "/var/lib/openstack/lib/python3.10/site-packages/oslo_utils/excutils.py", line 227, in __exit__
2026-07-01 08:36:27.126 10 ERROR neutron.plugins.ml2.managers self.force_reraise()
2026-07-01 08:36:27.126 10 ERROR neutron.plugins.ml2.managers
File "/var/lib/openstack/lib/python3.10/site-packages/oslo_utils/excutils.py", line 200, in force_reraise
2026-07-01 08:36:27.126 10 ERROR neutron.plugins.ml2.managers raise self.value
2026-07-01 08:36:27.126 10 ERROR neutron.plugins.ml2.managers
File "/var/lib/openstack/lib/python3.10/site-packages/oslo_db/api.py", line 142, in wrapper
2026-07-01 08:36:27.126 10 ERROR neutron.plugins.ml2.managers return f(*args, **kwargs)
2026-07-01 08:36:27.126 10 ERROR neutron.plugins.ml2.managers
File "/var/lib/openstack/lib/python3.10/site-packages/neutron_lib/db/api.py", line 183, in wrapped
2026-07-01 08:36:27.126 10 ERROR neutron.plugins.ml2.managers with excutils.save_and_reraise_exception():
2026-07-01 08:36:27.126 10 ERROR neutron.plugins.ml2.managers
File "/var/lib/openstack/lib/python3.10/site-packages/oslo_utils/excutils.py", line 227, in __exit__
2026-07-01 08:36:27.126 10 ERROR neutron.plugins.ml2.managers self.force_reraise()
2026-07-01 08:36:27.126 10 ERROR neutron.plugins.ml2.managers
File "/var/lib/openstack/lib/python3.10/site-packages/oslo_utils/excutils.py", line 200, in force_reraise
2026-07-01 08:36:27.126 10 ERROR neutron.plugins.ml2.managers raise self.value
2026-07-01 08:36:27.126 10 ERROR neutron.plugins.ml2.managers
File "/var/lib/openstack/lib/python3.10/site-packages/neutron_lib/db/api.py", line 181, in wrapped
2026-07-01 08:36:27.126 10 ERROR neutron.plugins.ml2.managers return f(*dup_args, **dup_kwargs)
2026-07-01 08:36:27.126 10 ERROR neutron.plugins.ml2.managers
File "/var/lib/openstack/lib/python3.10/site-packages/neutron/db/db_base_plugin_v2.py", line 1198, in get_subnet
2026-07-01 08:36:27.126 10 ERROR neutron.plugins.ml2.managers subnet_obj = self._get_subnet_object(context, id)
2026-07-01 08:36:27.126 10 ERROR neutron.plugins.ml2.managers
File "/var/lib/openstack/lib/python3.10/site-packages/neutron/db/db_base_plugin_common.py", line 282, in _get_subnet_object
2026-07-01 08:36:27.126 10 ERROR neutron.plugins.ml2.managers raise exceptions.SubnetNotFound(subnet_id=id)
2026-07-01 08:36:27.126 10 ERROR neutron.plugins.ml2.managers neutron_lib.exceptions.SubnetNotFound: Subnet 5eecf990-2685-460b-b03b-cfa5aa0fc630 could not be found.
2026-07-01 08:36:27.126 10 ERROR neutron.plugins.ml2.managers 
2026-07-01 08:36:27.127 10 ERROR neutron.plugins.ml2.managers [None req-a86d3337-a023-4711-8136-95f026358ea3 - - - - - -] Failed to bind port 35b66c40-6e2b-4cbe-99f0-e3488e49df78 on host instance for vnic_type normal using segments [{'id': '7766976e-ce45-4e52-b4c5-a1aa3efddc97', 'network_type': 'vxlan', 'physical_network': None, 'segmentation_id': 808, 'network_id': '644f0863-b82a-4428-a816-e51f0710a8f1'}]
2026-07-01 08:36:27.127 10 INFO neutron.plugins.ml2.plugin [None req-a86d3337-a023-4711-8136-95f026358ea3 - - - - - -] Attempt 10 to bind port 35b66c40-6e2b-4cbe-99f0-e3488e49df78
2026-07-01 08:36:27.157 10 ERROR neutron.plugins.ml2.managers [None req-a86d3337-a023-4711-8136-95f026358ea3 - - - - - -] Mechanism driver openvswitch failed in bind_port: neutron_lib.exceptions.SubnetNotFound: Subnet 5eecf990-2685-460b-b03b-cfa5aa0fc630 could not be found.
2026-07-01 08:36:27.157 10 ERROR neutron.plugins.ml2.managers
Traceback (most recent call last):
2026-07-01 08:36:27.157 10 ERROR neutron.plugins.ml2.managers
File "/var/lib/openstack/lib/python3.10/site-packages/neutron/plugins/ml2/managers.py", line 866, in _bind_port_level
2026-07-01 08:36:27.157 10 ERROR neutron.plugins.ml2.managers driver.obj.bind_port(context)
2026-07-01 08:36:27.157 10 ERROR neutron.plugins.ml2.managers
File "/var/lib/openstack/lib/python3.10/site-packages/neutron/plugins/ml2/drivers/openvswitch/mech_driver/mech_openvswitch.py", line 133, in bind_port
2026-07-01 08:36:27.157 10 ERROR neutron.plugins.ml2.managers super(OpenvswitchMechanismDriver, self).bind_port(context)
2026-07-01 08:36:27.157 10 ERROR neutron.plugins.ml2.managers
File "/var/lib/openstack/lib/python3.10/site-packages/neutron/plugins/ml2/drivers/mech_agent.py", line 104, in bind_port
2026-07-01 08:36:27.157 10 ERROR neutron.plugins.ml2.managers subnets = self.get_subnets_from_fixed_ips(context)
2026-07-01 08:36:27.157 10 ERROR neutron.plugins.ml2.managers
File "/var/lib/openstack/lib/python3.10/site-packages/neutron/plugins/ml2/drivers/mech_agent.py", line 149, in get_subnets_from_fixed_ips
2026-07-01 08:36:27.157 10 ERROR neutron.plugins.ml2.managers subnets.append(context._plugin.get_subnet(
2026-07-01 08:36:27.157 10 ERROR neutron.plugins.ml2.managers
File "/var/lib/openstack/lib/python3.10/site-packages/neutron_lib/db/api.py", line 223, in wrapped
2026-07-01 08:36:27.157 10 ERROR neutron.plugins.ml2.managers return f_with_retry(*args, **kwargs,
2026-07-01 08:36:27.157 10 ERROR neutron.plugins.ml2.managers
File "/var/lib/openstack/lib/python3.10/site-packages/neutron_lib/db/api.py", line 137, in wrapped
2026-07-01 08:36:27.157 10 ERROR neutron.plugins.ml2.managers with excutils.save_and_reraise_exception():
2026-07-01 08:36:27.157 10 ERROR neutron.plugins.ml2.managers
File "/var/lib/openstack/lib/python3.10/site-packages/oslo_utils/excutils.py", line 227, in __exit__
2026-07-01 08:36:27.157 10 ERROR neutron.plugins.ml2.managers self.force_reraise()
2026-07-01 08:36:27.157 10 ERROR neutron.plugins.ml2.managers
File "/var/lib/openstack/lib/python3.10/site-packages/oslo_utils/excutils.py", line 200, in force_reraise
2026-07-01 08:36:27.157 10 ERROR neutron.plugins.ml2.managers raise self.value
2026-07-01 08:36:27.157 10 ERROR neutron.plugins.ml2.managers
File "/var/lib/openstack/lib/python3.10/site-packages/neutron_lib/db/api.py", line 135, in wrapped
2026-07-01 08:36:27.157 10 ERROR neutron.plugins.ml2.managers return f(*args, **kwargs)
2026-07-01 08:36:27.157 10 ERROR neutron.plugins.ml2.managers
File "/var/lib/openstack/lib/python3.10/site-packages/oslo_db/api.py", line 144, in wrapper
2026-07-01 08:36:27.157 10 ERROR neutron.plugins.ml2.managers with excutils.save_and_reraise_exception() as ectxt:
2026-07-01 08:36:27.157 10 ERROR neutron.plugins.ml2.managers
File "/var/lib/openstack/lib/python3.10/site-packages/oslo_utils/excutils.py", line 227, in __exit__
2026-07-01 08:36:27.157 10 ERROR neutron.plugins.ml2.managers self.force_reraise()
2026-07-01 08:36:27.157 10 ERROR neutron.plugins.ml2.managers
File "/var/lib/openstack/lib/python3.10/site-packages/oslo_utils/excutils.py", line 200, in force_reraise
2026-07-01 08:36:27.157 10 ERROR neutron.plugins.ml2.managers raise self.value
2026-07-01 08:36:27.157 10 ERROR neutron.plugins.ml2.managers
File "/var/lib/openstack/lib/python3.10/site-packages/oslo_db/api.py", line 142, in wrapper
2026-07-01 08:36:27.157 10 ERROR neutron.plugins.ml2.managers return f(*args, **kwargs)
2026-07-01 08:36:27.157 10 ERROR neutron.plugins.ml2.managers
File "/var/lib/openstack/lib/python3.10/site-packages/neutron_lib/db/api.py", line 183, in wrapped
2026-07-01 08:36:27.157 10 ERROR neutron.plugins.ml2.managers with excutils.save_and_reraise_exception():
2026-07-01 08:36:27.157 10 ERROR neutron.plugins.ml2.managers
File "/var/lib/openstack/lib/python3.10/site-packages/oslo_utils/excutils.py", line 227, in __exit__
2026-07-01 08:36:27.157 10 ERROR neutron.plugins.ml2.managers self.force_reraise()
2026-07-01 08:36:27.157 10 ERROR neutron.plugins.ml2.managers
File "/var/lib/openstack/lib/python3.10/site-packages/oslo_utils/excutils.py", line 200, in force_reraise
2026-07-01 08:36:27.157 10 ERROR neutron.plugins.ml2.managers raise self.value
2026-07-01 08:36:27.157 10 ERROR neutron.plugins.ml2.managers
File "/var/lib/openstack/lib/python3.10/site-packages/neutron_lib/db/api.py", line 181, in wrapped
2026-07-01 08:36:27.157 10 ERROR neutron.plugins.ml2.managers return f(*dup_args, **dup_kwargs)
2026-07-01 08:36:27.157 10 ERROR neutron.plugins.ml2.managers
File "/var/lib/openstack/lib/python3.10/site-packages/neutron/db/db_base_plugin_v2.py", line 1198, in get_subnet
2026-07-01 08:36:27.157 10 ERROR neutron.plugins.ml2.managers subnet_obj = self._get_subnet_object(context, id)
2026-07-01 08:36:27.157 10 ERROR neutron.plugins.ml2.managers
File "/var/lib/openstack/lib/python3.10/site-packages/neutron/db/db_base_plugin_common.py", line 282, in _get_subnet_object
2026-07-01 08:36:27.157 10 ERROR neutron.plugins.ml2.managers raise exceptions.SubnetNotFound(subnet_id=id)
2026-07-01 08:36:27.157 10 ERROR neutron.plugins.ml2.managers neutron_lib.exceptions.SubnetNotFound: Subnet 5eecf990-2685-460b-b03b-cfa5aa0fc630 could not be found.
2026-07-01 08:36:27.157 10 ERROR neutron.plugins.ml2.managers 
2026-07-01 08:36:27.158 10 ERROR neutron.plugins.ml2.managers [None req-a86d3337-a023-4711-8136-95f026358ea3 - - - - - -] Failed to bind port 35b66c40-6e2b-4cbe-99f0-e3488e49df78 on host instance for vnic_type normal using segments [{'id': '7766976e-ce45-4e52-b4c5-a1aa3efddc97', 'network_type': 'vxlan', 'physical_network': None, 'segmentation_id': 808, 'network_id': '644f0863-b82a-4428-a816-e51f0710a8f1'}]
2026-07-01 08:36:27.989 10 INFO neutron.plugins.ml2.plugin [None req-79b29b10-c63a-43d5-bba1-aae72b865f6b - - - - - -] Attempt 1 to provision port 51076407-3451-433d-8446-f47502bfb342
2026-07-01 08:36:28.302 9 INFO neutron.plugins.ml2.plugin [None req-34449e69-17a1-484d-867e-4011468cb4e8 - - - - - -] Attempt 1 to provision port 51076407-3451-433d-8446-f47502bfb342
2026-07-01 08:36:33.876 10 INFO neutron.plugins.ml2.plugin [None req-79b29b10-c63a-43d5-bba1-aae72b865f6b - - - - - -] Attempt 1 to provision port a0728d16-3854-4a0f-a5ec-b4533bddd0d8
2026-07-01 08:36:35.257 10 INFO neutron.plugins.ml2.plugin [None req-2bcd5c1a-984e-4444-acb1-d42a25486e07 - - - - - -] Attempt 1 to provision port a0728d16-3854-4a0f-a5ec-b4533bddd0d8
2026-07-01 08:36:35.842 9 INFO neutron.plugins.ml2.plugin [None req-8278a1a0-1e8a-483e-b708-c87848b7f579 - - - - - -] Attempt 1 to provision port a0728d16-3854-4a0f-a5ec-b4533bddd0d8
2026-07-01 08:36:36.012 9 INFO neutron.plugins.ml2.plugin [None req-79b29b10-c63a-43d5-bba1-aae72b865f6b - - - - - -] Attempt 1 to provision port a0728d16-3854-4a0f-a5ec-b4533bddd0d8
2026-07-01 08:36:36.348 9 INFO neutron.plugins.ml2.plugin [None req-79b29b10-c63a-43d5-bba1-aae72b865f6b - - - - - -] Attempt 1 to provision port 52130f5b-271a-4bcf-ae4b-d6d7abc1cbc9
2026-07-01 08:36:37.744 10 INFO neutron.plugins.ml2.plugin [None req-03df7bc6-69bc-45b3-9b4a-691b1ef20064 - - - - - -] Attempt 1 to provision port a2be4bb7-3c0c-45eb-867e-393228763ec8
2026-07-01 08:36:37.982 9 INFO neutron.plugins.ml2.plugin [None req-79b29b10-c63a-43d5-bba1-aae72b865f6b - - - - - -] Attempt 1 to provision port ebf4fb61-9592-4926-bdf3-8bd6ae78fe8c
2026-07-01 08:36:38.098 10 INFO neutron.plugins.ml2.plugin [None req-2381ed4d-00a7-4f8f-9b8a-c054c01dc501 - - - - - -] Attempt 1 to provision port 52130f5b-271a-4bcf-ae4b-d6d7abc1cbc9
2026-07-01 08:36:38.558 9 INFO neutron.plugins.ml2.plugin [None req-79b29b10-c63a-43d5-bba1-aae72b865f6b - - - - - -] Attempt 1 to provision port 52130f5b-271a-4bcf-ae4b-d6d7abc1cbc9
2026-07-01 08:36:38.616 9 INFO neutron.plugins.ml2.plugin [None req-07016c46-7692-41cd-af40-a86e87b34136 - - - - - -] Attempt 1 to provision port 52130f5b-271a-4bcf-ae4b-d6d7abc1cbc9
2026-07-01 08:36:38.823 9 INFO neutron.plugins.ml2.plugin [None req-3be3e674-ed05-4312-9de2-d203169bfad0 - - - - - -] Attempt 1 to provision port ebf4fb61-9592-4926-bdf3-8bd6ae78fe8c
2026-07-01 08:36:39.919 9 INFO neutron.plugins.ml2.plugin [None req-6535db7f-6c9e-4c21-8300-a51bcc0aaa41 - - - - - -] Attempt 1 to provision port ebf4fb61-9592-4926-bdf3-8bd6ae78fe8c
2026-07-01 08:36:40.059 10 INFO neutron.plugins.ml2.plugin [None req-79b29b10-c63a-43d5-bba1-aae72b865f6b - - - - - -] Attempt 1 to provision port ebf4fb61-9592-4926-bdf3-8bd6ae78fe8c
2026-07-01 08:36:40.118 9 INFO neutron.plugins.ml2.plugin [None req-92a2b708-03c9-4a91-ba0a-0e6ce9d70b42 - - - - - -] Attempt 1 to provision port 20406d85-c0a9-4a47-bf77-bfd9523d2762
2026-07-01 08:36:40.758 10 INFO neutron.plugins.ml2.plugin [None req-79b29b10-c63a-43d5-bba1-aae72b865f6b - - - - - -] Attempt 1 to provision port 20406d85-c0a9-4a47-bf77-bfd9523d2762
2026-07-01 08:36:41.004 10 INFO neutron.plugins.ml2.plugin [None req-f70a146a-7c77-47d5-b3b4-13cf458c8cd3 - - - - - -] Attempt 1 to provision port a2e5f875-55eb-4f2d-ae0a-70e9160a831a
2026-07-01 08:36:41.395 9 INFO neutron.plugins.ml2.plugin [None req-60bec350-2f20-454c-810d-d341b3a3847b - - - - - -] Attempt 1 to provision port ea905baf-26e2-4823-ba95-5ffa8b75c059
2026-07-01 08:36:41.993 9 INFO neutron.plugins.ml2.plugin [None req-79b29b10-c63a-43d5-bba1-aae72b865f6b - - - - - -] Attempt 1 to provision port c326257c-d52c-43a6-85de-54e6334b94c4
2026-07-01 08:36:42.054 9 INFO neutron.plugins.ml2.plugin [None req-03c8b2be-0b17-450a-a4f6-2532982372b4 - - - - - -] Attempt 1 to provision port ea905baf-26e2-4823-ba95-5ffa8b75c059
2026-07-01 08:36:42.521 10 INFO neutron.plugins.ml2.plugin [None req-d309c28c-2738-4560-a5c3-895e3ceede53 - - - - - -] Attempt 1 to provision port c326257c-d52c-43a6-85de-54e6334b94c4
2026-07-01 08:36:43.139 9 INFO neutron.plugins.ml2.plugin [None req-79b29b10-c63a-43d5-bba1-aae72b865f6b - - - - - -] Attempt 1 to provision port 0f833961-2358-4c47-af62-87d38209b13d
2026-07-01 08:36:43.300 10 INFO neutron.plugins.ml2.plugin [None req-633668af-48b8-4eab-9ba5-fb56dbacd3be - - - - - -] Attempt 1 to provision port 46229ba8-bb6d-4695-8b0a-c6049c25d9a7
2026-07-01 08:36:44.076 10 INFO neutron.plugins.ml2.plugin [None req-f26b2fd3-78b6-4ff2-9237-a1938f305f3c - - - - - -] Attempt 1 to provision port 46229ba8-bb6d-4695-8b0a-c6049c25d9a7
2026-07-01 08:36:44.154 9 INFO neutron.plugins.ml2.plugin [None req-79b29b10-c63a-43d5-bba1-aae72b865f6b - - - - - -] Attempt 1 to provision port c326257c-d52c-43a6-85de-54e6334b94c4
2026-07-01 08:36:44.527 9 INFO neutron.plugins.ml2.plugin [None req-79b29b10-c63a-43d5-bba1-aae72b865f6b - - - - - -] Attempt 1 to provision port 0f833961-2358-4c47-af62-87d38209b13d
2026-07-01 08:36:44.635 9 INFO neutron.plugins.ml2.plugin [None req-018ff428-2d1d-4c11-9835-2f6b158b5266 - - - - - -] Attempt 1 to provision port b3103990-c2e7-4e36-b2fa-ce10096aa53f
2026-07-01 08:36:45.409 9 INFO neutron.plugins.ml2.plugin [None req-f206327e-71ff-4148-8b6e-a8d013c3c69c - - - - - -] Attempt 1 to provision port b3103990-c2e7-4e36-b2fa-ce10096aa53f
2026-07-01 08:36:45.689 10 INFO neutron.plugins.ml2.plugin [None req-87f64b1e-ef9e-42bf-bb64-b4bf1f7796eb - - - - - -] Attempt 1 to provision port ca9d076c-12b3-44f1-8780-d182003c5731
2026-07-01 08:36:46.248 10 INFO neutron.plugins.ml2.plugin [None req-79b29b10-c63a-43d5-bba1-aae72b865f6b - - - - - -] Attempt 1 to provision port 5ea3a4e6-9b9a-44f7-9988-660fa6f3b0ae
2026-07-01 08:36:46.467 9 INFO neutron.plugins.ml2.plugin [None req-7be299cc-8a0d-46a3-a66c-74c75b259e4d - - - - - -] Attempt 1 to provision port ca9d076c-12b3-44f1-8780-d182003c5731
2026-07-01 08:36:48.302 10 INFO neutron.plugins.ml2.plugin [None req-79b29b10-c63a-43d5-bba1-aae72b865f6b - - - - - -] Attempt 1 to provision port 5ea3a4e6-9b9a-44f7-9988-660fa6f3b0ae
2026-07-01 08:36:49.238 10 INFO neutron.plugins.ml2.plugin [None req-5a08e6a2-fe1b-4945-92a9-aa67f1cb2090 - - - - - -] Attempt 1 to provision port 732e38b2-4861-4610-8aca-b3f9c043ac3c
2026-07-01 08:36:51.924 10 INFO neutron.plugins.ml2.plugin [None req-11879a0e-29c9-485f-94fa-96d8950194b3 - - - - - -] Attempt 1 to provision port 8c34cbef-6037-46f1-a42e-3387cd0eed7c
2026-07-01 08:36:52.343 9 INFO neutron.plugins.ml2.plugin [None req-79b29b10-c63a-43d5-bba1-aae72b865f6b - - - - - -] Attempt 1 to provision port 732e38b2-4861-4610-8aca-b3f9c043ac3c
2026-07-01 08:36:52.522 9 INFO neutron.notifiers.nova [-] Nova event matching ['req-5fdb291e-0853-473a-9bb1-60c4b53a4c4d'] response: {'server_uuid': '60a23d12-ef03-45d9-9481-246ad3eb299c', 'name': 'network-vif-plugged', 'status': 'completed', 'tag': '732e38b2-4861-4610-8aca-b3f9c043ac3c', 'code': 200}
2026-07-01 08:36:54.572 9 INFO neutron.plugins.ml2.plugin [None req-79b29b10-c63a-43d5-bba1-aae72b865f6b - - - - - -] Attempt 1 to provision port 732e38b2-4861-4610-8aca-b3f9c043ac3c
2026-07-01 08:36:54.866 9 INFO neutron.plugins.ml2.plugin [None req-79b29b10-c63a-43d5-bba1-aae72b865f6b - - - - - -] Attempt 1 to provision port 8c34cbef-6037-46f1-a42e-3387cd0eed7c
2026-07-01 08:36:54.992 9 INFO neutron.notifiers.nova [-] Nova event matching ['req-e5e4f85f-40be-4d80-8c38-80a70e82f7bb'] response: {'server_uuid': 'b746ce58-dcdd-4b8b-a289-ef8f8094abb1', 'name': 'network-vif-plugged', 'status': 'completed', 'tag': '8c34cbef-6037-46f1-a42e-3387cd0eed7c', 'code': 200}
2026-07-01 08:36:56.037 10 INFO neutron.plugins.ml2.plugin [None req-0152ae9a-fc73-4ad6-af8b-50906b75be41 - - - - - -] Attempt 1 to provision port 52aa68fd-8bd7-4fb8-a88a-350005a7630c
2026-07-01 08:36:56.197 9 INFO neutron.plugins.ml2.plugin [None req-79b29b10-c63a-43d5-bba1-aae72b865f6b - - - - - -] Attempt 1 to provision port 8c34cbef-6037-46f1-a42e-3387cd0eed7c /var/lib/openstack/lib/python3.10/site-packages/oslo_db/sqlalchemy/enginefacade.py:667: SAWarning: DELETE statement on table 'portsecuritybindings' expected to delete 1 row(s); 0 were matched. Please set confirm_deleted_rows=False within the mapper configuration to prevent this warning. self.session.flush() /var/lib/openstack/lib/python3.10/site-packages/oslo_db/sqlalchemy/enginefacade.py:667: SAWarning: DELETE statement on table 'ml2_port_bindings' expected to delete 1 row(s); 0 were matched. Please set confirm_deleted_rows=False within the mapper configuration to prevent this warning. self.session.flush() /var/lib/openstack/lib/python3.10/site-packages/oslo_db/sqlalchemy/enginefacade.py:667: SAWarning: DELETE statement on table 'ml2_port_binding_levels' expected to delete 1 row(s); 0 were matched. Please set confirm_deleted_rows=False within the mapper configuration to prevent this warning. self.session.flush() /var/lib/openstack/lib/python3.10/site-packages/oslo_db/sqlalchemy/enginefacade.py:667: SAWarning: DELETE statement on table 'ports' expected to delete 1 row(s); 0 were matched. Please set confirm_deleted_rows=False within the mapper configuration to prevent this warning. self.session.flush()
2026-07-01 08:37:00.235 10 INFO neutron.plugins.ml2.plugin [None req-79b29b10-c63a-43d5-bba1-aae72b865f6b - - - - - -] Attempt 1 to provision port 4536bded-d8a7-4235-a602-8581285e69f0
2026-07-01 08:37:00.647 10 INFO neutron.plugins.ml2.plugin [None req-748368d9-baa4-4b3e-b277-aa8877910b17 - - - - - -] Attempt 1 to provision port a48b5430-ce79-4e4f-bd8e-20d32f0da802
2026-07-01 08:37:00.685 10 INFO neutron.plugins.ml2.plugin [None req-748368d9-baa4-4b3e-b277-aa8877910b17 - - - - - -] Attempt 1 to provision port d4275f66-0a4c-403b-8da8-1306b6d72964
2026-07-01 08:37:00.787 10 INFO neutron.plugins.ml2.plugin [None req-79b29b10-c63a-43d5-bba1-aae72b865f6b - - - - - -] Attempt 1 to provision port d4275f66-0a4c-403b-8da8-1306b6d72964
2026-07-01 08:37:02.355 9 INFO neutron.plugins.ml2.plugin [None req-79b29b10-c63a-43d5-bba1-aae72b865f6b - - - - - -] Attempt 1 to provision port 4536bded-d8a7-4235-a602-8581285e69f0
2026-07-01 08:37:02.387 10 INFO neutron.plugins.ml2.plugin [None req-5f8a4d52-2c5f-4a69-be49-e93a9e3250cf - - - - - -] Attempt 1 to provision port 938d802f-e6e1-4128-8b9d-94f92f51da81
2026-07-01 08:37:02.552 9 INFO neutron.plugins.ml2.plugin [None req-e22b409f-024e-45ec-9a23-303a7aa9863d - - - - - -] Attempt 1 to provision port a48b5430-ce79-4e4f-bd8e-20d32f0da802
2026-07-01 08:37:02.789 9 INFO neutron.plugins.ml2.plugin [None req-79b29b10-c63a-43d5-bba1-aae72b865f6b - - - - - -] Attempt 1 to provision port 87a3339c-5814-4140-b006-36cb09979fcf
2026-07-01 08:37:03.108 10 INFO neutron.plugins.ml2.plugin [None req-7943f5aa-03fc-4360-bbfc-7bea7b68b31a - - - - - -] Attempt 1 to provision port a48b5430-ce79-4e4f-bd8e-20d32f0da802
2026-07-01 08:37:03.890 9 INFO neutron.plugins.ml2.plugin [None req-c23ed613-fd22-440b-9992-650cb16ab0d1 - - - - - -] Attempt 1 to provision port 87a3339c-5814-4140-b006-36cb09979fcf
2026-07-01 08:37:03.944 9 INFO neutron.plugins.ml2.plugin [None req-79b29b10-c63a-43d5-bba1-aae72b865f6b - - - - - -] Attempt 1 to provision port d4275f66-0a4c-403b-8da8-1306b6d72964
2026-07-01 08:37:04.367 10 WARNING neutron.plugins.ml2.plugin [None req-16fb5d8e-318f-445d-857f-a358e147a44a - - - - - -] Concurrent port binding operations failed on port a2be4bb7-3c0c-45eb-867e-393228763ec8
2026-07-01 08:37:04.373 10 INFO neutron.plugins.ml2.plugin [None req-16fb5d8e-318f-445d-857f-a358e147a44a - - - - - -] Attempt 2 to bind port a2be4bb7-3c0c-45eb-867e-393228763ec8
2026-07-01 08:37:04.846 9 INFO neutron.plugins.ml2.plugin [None req-79b29b10-c63a-43d5-bba1-aae72b865f6b - - - - - -] Attempt 1 to provision port a2be4bb7-3c0c-45eb-867e-393228763ec8
2026-07-01 08:37:05.125 10 INFO neutron.plugins.ml2.plugin [None req-989a7c95-399e-4679-8a2e-96cd81869cce - - - - - -] Attempt 1 to provision port 2b1515f6-9a7e-442a-8e96-65dca81e2308
2026-07-01 08:37:05.288 9 INFO neutron.plugins.ml2.plugin [None req-79b29b10-c63a-43d5-bba1-aae72b865f6b - - - - - -] Attempt 1 to provision port 46229ba8-bb6d-4695-8b0a-c6049c25d9a7
2026-07-01 08:37:05.910 10 INFO neutron.plugins.ml2.plugin [None req-be438c1e-e7f5-437d-a536-1c423de55dfe - - - - - -] Attempt 1 to provision port 2b1515f6-9a7e-442a-8e96-65dca81e2308
2026-07-01 08:37:05.960 9 INFO neutron.plugins.ml2.plugin [None req-79b29b10-c63a-43d5-bba1-aae72b865f6b - - - - - -] Attempt 1 to provision port 87a3339c-5814-4140-b006-36cb09979fcf
2026-07-01 08:37:06.107 9 WARNING neutron.plugins.ml2.plugin [None req-1d2fbdf2-5d32-417e-a391-67bd1228debc - - - - - -] Concurrent port binding operations failed on port ea905baf-26e2-4823-ba95-5ffa8b75c059
2026-07-01 08:37:06.110 9 INFO neutron.plugins.ml2.plugin [None req-1d2fbdf2-5d32-417e-a391-67bd1228debc - - - - - -] Attempt 2 to bind port ea905baf-26e2-4823-ba95-5ffa8b75c059
2026-07-01 08:37:06.869 10 INFO neutron.plugins.ml2.plugin [None req-79b29b10-c63a-43d5-bba1-aae72b865f6b - - - - - -] Attempt 1 to provision port b6f0af65-d950-4e43-acda-fee63bfb74bb
2026-07-01 08:37:06.990 9 INFO neutron.plugins.ml2.plugin [None req-fc80c72f-a047-4c9a-91ff-f061779e4067 - - - - - -] Attempt 1 to provision port d770524c-f260-4d0c-ad01-9fa6d159c254
2026-07-01 08:37:07.584 10 INFO neutron.plugins.ml2.plugin [None req-79b29b10-c63a-43d5-bba1-aae72b865f6b - - - - - -] Attempt 1 to provision port ca9d076c-12b3-44f1-8780-d182003c5731
2026-07-01 08:37:07.987 10 INFO neutron.plugins.ml2.plugin [None req-79b29b10-c63a-43d5-bba1-aae72b865f6b - - - - - -] Attempt 1 to provision port 46229ba8-bb6d-4695-8b0a-c6049c25d9a7
2026-07-01 08:37:08.349 10 INFO neutron.plugins.ml2.plugin [None req-79b29b10-c63a-43d5-bba1-aae72b865f6b - - - - - -] Attempt 1 to provision port ea905baf-26e2-4823-ba95-5ffa8b75c059
2026-07-01 08:37:08.755 9 INFO neutron.plugins.ml2.plugin [None req-02c697e6-7a6a-4b8e-86db-1fcbff24b8f5 - - - - - -] Attempt 1 to provision port 40a921ef-ea2f-4c8f-ba92-dfc0b9215535
2026-07-01 08:37:08.784 10 INFO neutron.plugins.ml2.plugin [None req-79b29b10-c63a-43d5-bba1-aae72b865f6b - - - - - -] Attempt 1 to provision port a2be4bb7-3c0c-45eb-867e-393228763ec8
2026-07-01 08:37:09.264 10 INFO neutron.plugins.ml2.plugin [None req-79b29b10-c63a-43d5-bba1-aae72b865f6b - - - - - -] Attempt 1 to provision port b6f0af65-d950-4e43-acda-fee63bfb74bb
2026-07-01 08:37:09.546 10 INFO neutron.plugins.ml2.plugin [None req-79b29b10-c63a-43d5-bba1-aae72b865f6b - - - - - -] Attempt 1 to provision port ca9d076c-12b3-44f1-8780-d182003c5731
2026-07-01 08:37:09.833 10 INFO neutron.plugins.ml2.plugin [None req-79b29b10-c63a-43d5-bba1-aae72b865f6b - - - - - -] Attempt 1 to provision port ea905baf-26e2-4823-ba95-5ffa8b75c059
2026-07-01 08:37:10.166 10 INFO neutron.plugins.ml2.plugin [None req-79b29b10-c63a-43d5-bba1-aae72b865f6b - - - - - -] Attempt 1 to provision port d770524c-f260-4d0c-ad01-9fa6d159c254
2026-07-01 08:37:10.327 10 INFO neutron.notifiers.nova [-] Nova event matching ['req-d62930ff-6a58-498d-b10e-46120a754633'] response: {'server_uuid': '303a817e-f169-464a-bda8-69622736725e', 'name': 'network-vif-plugged', 'status': 'completed', 'tag': 'd770524c-f260-4d0c-ad01-9fa6d159c254', 'code': 200}
2026-07-01 08:37:11.137 9 INFO neutron.plugins.ml2.plugin [None req-8dfc88ce-db1e-49f3-86a9-658754f64093 - - - - - -] Attempt 1 to provision port 19ab973c-5770-4f8a-ae83-d1076308dcd8
2026-07-01 08:37:11.354 10 INFO neutron.plugins.ml2.plugin [None req-79b29b10-c63a-43d5-bba1-aae72b865f6b - - - - - -] Attempt 1 to provision port d770524c-f260-4d0c-ad01-9fa6d159c254
2026-07-01 08:37:11.947 10 INFO neutron.plugins.ml2.plugin [None req-79b29b10-c63a-43d5-bba1-aae72b865f6b - - - - - -] Attempt 1 to provision port 40a921ef-ea2f-4c8f-ba92-dfc0b9215535
2026-07-01 08:37:12.374 10 INFO neutron.notifiers.nova [-] Nova event matching ['req-bcad087c-0064-481f-817a-e50dd1509fd7'] response: {'server_uuid': '0da292dc-fb69-44b1-a870-7b75691e96ca', 'name': 'network-vif-plugged', 'status': 'completed', 'tag': '40a921ef-ea2f-4c8f-ba92-dfc0b9215535', 'code': 200}
2026-07-01 08:37:13.353 9 INFO neutron.plugins.ml2.plugin [None req-79b29b10-c63a-43d5-bba1-aae72b865f6b - - - - - -] Attempt 1 to provision port 19ab973c-5770-4f8a-ae83-d1076308dcd8
2026-07-01 08:37:13.473 9 INFO neutron.notifiers.nova [-] Nova event matching ['req-f2f38ea3-fffa-407a-a1de-c763cc455297'] response: {'server_uuid': '67af3a14-94b0-491c-884a-a7d207bee3bd', 'name': 'network-vif-plugged', 'status': 'completed', 'tag': '19ab973c-5770-4f8a-ae83-d1076308dcd8', 'code': 200}
2026-07-01 08:37:13.903 9 INFO neutron.plugins.ml2.plugin [None req-79b29b10-c63a-43d5-bba1-aae72b865f6b - - - - - -] Attempt 1 to provision port 40a921ef-ea2f-4c8f-ba92-dfc0b9215535
2026-07-01 08:37:17.209 9 INFO neutron.plugins.ml2.plugin [None req-79b29b10-c63a-43d5-bba1-aae72b865f6b - - - - - -] Attempt 1 to provision port a48b5430-ce79-4e4f-bd8e-20d32f0da802
2026-07-01 08:37:17.705 9 INFO neutron.plugins.ml2.plugin [None req-79b29b10-c63a-43d5-bba1-aae72b865f6b - - - - - -] Attempt 1 to provision port 52aa68fd-8bd7-4fb8-a88a-350005a7630c
2026-07-01 08:37:19.297 10 INFO neutron.plugins.ml2.plugin [None req-79b29b10-c63a-43d5-bba1-aae72b865f6b - - - - - -] Attempt 1 to provision port a48b5430-ce79-4e4f-bd8e-20d32f0da802
2026-07-01 08:37:19.746 10 INFO neutron.plugins.ml2.plugin [None req-79b29b10-c63a-43d5-bba1-aae72b865f6b - - - - - -] Attempt 1 to provision port 52aa68fd-8bd7-4fb8-a88a-350005a7630c /var/lib/openstack/lib/python3.10/site-packages/oslo_db/sqlalchemy/enginefacade.py:667: SAWarning: DELETE statement on table 'portsecuritybindings' expected to delete 1 row(s); 0 were matched. Please set confirm_deleted_rows=False within the mapper configuration to prevent this warning. self.session.flush() /var/lib/openstack/lib/python3.10/site-packages/oslo_db/sqlalchemy/enginefacade.py:667: SAWarning: DELETE statement on table 'ml2_port_bindings' expected to delete 1 row(s); 0 were matched. Please set confirm_deleted_rows=False within the mapper configuration to prevent this warning. self.session.flush() /var/lib/openstack/lib/python3.10/site-packages/oslo_db/sqlalchemy/enginefacade.py:667: SAWarning: DELETE statement on table 'ml2_port_binding_levels' expected to delete 1 row(s); 0 were matched. Please set confirm_deleted_rows=False within the mapper configuration to prevent this warning. self.session.flush() /var/lib/openstack/lib/python3.10/site-packages/oslo_db/sqlalchemy/enginefacade.py:667: SAWarning: DELETE statement on table 'ports' expected to delete 1 row(s); 0 were matched. Please set confirm_deleted_rows=False within the mapper configuration to prevent this warning. self.session.flush()
2026-07-01 08:37:27.760 9 INFO neutron.plugins.ml2.plugin [None req-249ebfc9-148c-4fce-909a-f85708169fd8 - - - - - -] Attempt 1 to provision port 446293c6-07be-4340-a254-aa87726e8bf2
2026-07-01 08:37:34.980 9 INFO neutron.plugins.ml2.plugin [None req-50a7519f-0b47-4b40-be7e-fdb2579ae2c5 - - - - - -] Attempt 1 to provision port 0aef3e69-cb91-423f-a52a-177d3405ace9
2026-07-01 08:37:37.476 10 INFO neutron.plugins.ml2.plugin [None req-79b29b10-c63a-43d5-bba1-aae72b865f6b - - - - - -] Attempt 1 to provision port 0aef3e69-cb91-423f-a52a-177d3405ace9
2026-07-01 08:37:37.602 10 INFO neutron.notifiers.nova [-] Nova event matching ['req-08d8cedf-359a-4c72-b6ce-6c3f5eea0920'] response: {'server_uuid': '5beafe33-97f0-4961-b82e-db599b6e09ce', 'name': 'network-vif-plugged', 'status': 'completed', 'tag': '0aef3e69-cb91-423f-a52a-177d3405ace9', 'code': 200}
2026-07-01 08:37:39.323 9 INFO neutron.plugins.ml2.plugin [None req-79b29b10-c63a-43d5-bba1-aae72b865f6b - - - - - -] Attempt 1 to provision port 0aef3e69-cb91-423f-a52a-177d3405ace9
2026-07-01 08:37:42.084 9 INFO neutron.plugins.ml2.plugin [None req-9608d28a-c65c-4218-977a-9d11ed0fabd7 - - - - - -] Attempt 1 to provision port 5462b81a-d409-46b1-9071-49855981807f
2026-07-01 08:37:45.432 10 INFO neutron.plugins.ml2.plugin [None req-79b29b10-c63a-43d5-bba1-aae72b865f6b - - - - - -] Attempt 1 to provision port 220cdb47-a560-420e-a91f-ba5b3c319053
2026-07-01 08:37:46.085 10 INFO neutron.plugins.ml2.plugin [None req-79b29b10-c63a-43d5-bba1-aae72b865f6b - - - - - -] Attempt 1 to provision port 5462b81a-d409-46b1-9071-49855981807f
2026-07-01 08:37:46.257 10 INFO neutron.notifiers.nova [-] Nova event matching ['req-3b4bf2c5-cc85-4be7-b69a-930616c574c2'] response: {'server_uuid': '88a14be0-0be9-4663-b90b-93066d1ce5ad', 'name': 'network-vif-plugged', 'status': 'completed', 'tag': '5462b81a-d409-46b1-9071-49855981807f', 'code': 200}
2026-07-01 08:37:46.400 10 INFO neutron.plugins.ml2.plugin [None req-9b7a43c2-dd41-41f4-8619-3d462682fbeb - - - - - -] Attempt 1 to provision port 220cdb47-a560-420e-a91f-ba5b3c319053
2026-07-01 08:37:47.140 10 INFO neutron.plugins.ml2.plugin [None req-73d423fb-317c-4bdc-9b47-febbb2b6e04a - - - - - -] Attempt 1 to provision port ceb40af4-586c-45f9-9137-aed989aca4d1
2026-07-01 08:37:47.336 9 INFO neutron.plugins.ml2.plugin [None req-79b29b10-c63a-43d5-bba1-aae72b865f6b - - - - - -] Attempt 1 to provision port 220cdb47-a560-420e-a91f-ba5b3c319053
2026-07-01 08:37:47.705 9 INFO neutron.plugins.ml2.plugin [None req-79b29b10-c63a-43d5-bba1-aae72b865f6b - - - - - -] Attempt 1 to provision port 5462b81a-d409-46b1-9071-49855981807f
2026-07-01 08:37:48.075 9 INFO neutron.plugins.ml2.plugin [None req-d73c3d00-9c02-47c5-ba72-0a64fa268896 - - - - - -] Attempt 1 to provision port 56fd8057-b6cf-406d-9d18-e31c8e491eb4
2026-07-01 08:37:48.120 9 INFO neutron.plugins.ml2.plugin [None req-79b29b10-c63a-43d5-bba1-aae72b865f6b - - - - - -] Attempt 1 to provision port ceb40af4-586c-45f9-9137-aed989aca4d1
2026-07-01 08:37:48.831 9 INFO neutron.plugins.ml2.plugin [None req-8dbe7e02-cf32-4dcf-a68b-0daa92f1ae4c - - - - - -] Attempt 1 to provision port 56fd8057-b6cf-406d-9d18-e31c8e491eb4
