+ COMMAND=start + start + exec neutron-rpc-server --config-file /etc/neutron/neutron.conf --config-file /etc/neutron/plugins/ml2/ml2_conf.ini /var/lib/openstack/lib/python3.10/site-packages/neutron/common/utils.py:54: UserWarning: pkg_resources is deprecated as an API. See https://setuptools.pypa.io/en/latest/pkg_resources.html. The pkg_resources package is slated for removal as early as 2025-11-30. Refrain from using this package or pin to Setuptools<81. import pkg_resources
2026-07-01 08:00:43.088 1 INFO neutron.common.config [-] Logging enabled!
2026-07-01 08:00:43.088 1 INFO neutron.common.config [-] /var/lib/openstack/bin/neutron-rpc-server version 23.5.0
2026-07-01 08:00:43.088 1 INFO neutron.server.rpc_eventlet [-] Eventlet based AMQP RPC server starting...
2026-07-01 08:00:43.089 1 INFO neutron.manager [-] Loading core plugin: ml2
2026-07-01 08:00:43.963 1 INFO neutron.plugins.ml2.managers [-] Configured type driver names: ['flat', 'gre', 'vlan', 'vxlan']
2026-07-01 08:00:43.966 1 INFO neutron.plugins.ml2.drivers.type_flat [-] Arbitrary flat physical_network names allowed
2026-07-01 08:00:43.968 1 INFO neutron.plugins.ml2.drivers.type_vlan [-] Network VLAN ranges: OrderedDict([('external', [(1, 4094)])])
2026-07-01 08:00:43.969 1 INFO neutron.plugins.ml2.managers [-] Loaded type driver names: ['flat', 'gre', 'vlan', 'vxlan']
2026-07-01 08:00:43.969 1 INFO neutron.plugins.ml2.managers [-] Registered types: dict_keys(['flat', 'gre', 'vlan', 'vxlan'])
2026-07-01 08:00:43.970 1 INFO neutron.plugins.ml2.managers [-] Tenant network_types: ['vxlan']
2026-07-01 08:00:43.970 1 INFO neutron.plugins.ml2.managers [-] Configured extension driver names: ['dns_domain_ports', 'port_security', 'qos']
2026-07-01 08:00:43.975 1 INFO neutron.plugins.ml2.managers [-] Loaded extension driver names: ['dns_domain_ports', 'port_security', 'qos']
2026-07-01 08:00:43.975 1 INFO neutron.plugins.ml2.managers [-] Registered extension drivers: ['dns_domain_ports', 'port_security', 'qos']
2026-07-01 08:00:43.975 1 INFO neutron.plugins.ml2.managers [-] Configured mechanism driver names: ['openvswitch', 'l2population']
2026-07-01 08:00:43.991 1 INFO neutron.plugins.ml2.drivers.mech_agent [-] Open vSwitch agent's supported_vnic_types: ['normal', 'direct', 'smart-nic', 'vdpa']
2026-07-01 08:00:43.992 1 INFO neutron.plugins.ml2.managers [-] Loaded mechanism driver names: ['openvswitch', 'l2population']
2026-07-01 08:00:43.992 1 INFO neutron.plugins.ml2.managers [-] Registered mechanism drivers: ['openvswitch', 'l2population']
2026-07-01 08:00:44.021 1 INFO neutron.plugins.ml2.managers [-] Initializing driver for type 'flat'
2026-07-01 08:00:44.021 1 INFO neutron.plugins.ml2.drivers.type_flat [-] ML2 FlatTypeDriver initialization complete
2026-07-01 08:00:44.021 1 INFO neutron.plugins.ml2.managers [-] Initializing driver for type 'gre'
2026-07-01 08:00:44.022 1 INFO neutron.plugins.ml2.drivers.type_tunnel [-] gre ID ranges: [(1, 1000)]
2026-07-01 08:00:44.028 1 WARNING oslo_policy.policy [None req-2aa911fd-dff7-45db-ad32-aa608aa57dc2 - - - - - -] Policies ['delete_port', 'update_port:allowed_address_pairs', 'update_port:allowed_address_pairs:ip_address', 'update_port:allowed_address_pairs:mac_address', 'update_port:fixed_ips', 'update_port:mac_address'] reference a rule that is not defined.
2026-07-01 08:00:44.282 1 INFO neutron.plugins.ml2.managers [None req-2aa911fd-dff7-45db-ad32-aa608aa57dc2 - - - - - -] Initializing driver for type 'vlan'
2026-07-01 08:00:44.570 1 INFO neutron.plugins.ml2.drivers.type_vlan [None req-2aa911fd-dff7-45db-ad32-aa608aa57dc2 - - - - - -] VlanTypeDriver initialization complete
2026-07-01 08:00:44.571 1 INFO neutron.plugins.ml2.managers [None req-2aa911fd-dff7-45db-ad32-aa608aa57dc2 - - - - - -] Initializing driver for type 'vxlan'
2026-07-01 08:00:44.571 1 INFO neutron.plugins.ml2.drivers.type_tunnel [None req-2aa911fd-dff7-45db-ad32-aa608aa57dc2 - - - - - -] vxlan ID ranges: [(1, 1000)]
2026-07-01 08:00:44.619 1 INFO neutron.plugins.ml2.managers [None req-2aa911fd-dff7-45db-ad32-aa608aa57dc2 - - - - - -] Initializing extension driver 'dns_domain_ports'
2026-07-01 08:00:44.620 1 INFO neutron.plugins.ml2.extensions.dns_integration [None req-2aa911fd-dff7-45db-ad32-aa608aa57dc2 - - - - - -] DNSDomainPortsExtensionDriver initialization complete
2026-07-01 08:00:44.620 1 INFO neutron.plugins.ml2.managers [None req-2aa911fd-dff7-45db-ad32-aa608aa57dc2 - - - - - -] Initializing extension driver 'port_security'
2026-07-01 08:00:44.621 1 INFO neutron.plugins.ml2.extensions.port_security [None req-2aa911fd-dff7-45db-ad32-aa608aa57dc2 - - - - - -] PortSecurityExtensionDriver initialization complete
2026-07-01 08:00:44.621 1 INFO neutron.plugins.ml2.managers [None req-2aa911fd-dff7-45db-ad32-aa608aa57dc2 - - - - - -] Initializing extension driver 'qos'
2026-07-01 08:00:44.621 1 INFO neutron.plugins.ml2.managers [None req-2aa911fd-dff7-45db-ad32-aa608aa57dc2 - - - - - -] Initializing mechanism driver 'openvswitch'
2026-07-01 08:00:44.621 1 INFO neutron.plugins.ml2.managers [None req-2aa911fd-dff7-45db-ad32-aa608aa57dc2 - - - - - -] Initializing mechanism driver 'l2population'
2026-07-01 08:00:44.635 1 INFO neutron.quota [None req-73bbb84b-a176-4681-87f0-fea9fbd86d7c - - - - - -] Loaded quota_driver: .
2026-07-01 08:00:44.636 1 INFO neutron.plugins.ml2.plugin [None req-73bbb84b-a176-4681-87f0-fea9fbd86d7c - - - - - -] Modular L2 Plugin initialization complete
2026-07-01 08:00:44.636 1 INFO neutron.plugins.ml2.managers [None req-73bbb84b-a176-4681-87f0-fea9fbd86d7c - - - - - -] Got dns-integration extension from driver 'dns_domain_ports'
2026-07-01 08:00:44.636 1 INFO neutron.plugins.ml2.managers [None req-73bbb84b-a176-4681-87f0-fea9fbd86d7c - - - - - -] Got dns-domain-ports extension from driver 'dns_domain_ports'
2026-07-01 08:00:44.636 1 INFO neutron.plugins.ml2.managers [None req-73bbb84b-a176-4681-87f0-fea9fbd86d7c - - - - - -] Got port-security extension from driver 'port_security'
2026-07-01 08:00:44.636 1 INFO neutron.extensions.vlantransparent [None req-73bbb84b-a176-4681-87f0-fea9fbd86d7c - - - - - -] Disabled vlantransparent extension.
2026-07-01 08:00:44.636 1 INFO neutron.manager [None req-73bbb84b-a176-4681-87f0-fea9fbd86d7c - - - - - -] Loading Plugin: qos
2026-07-01 08:00:44.645 1 INFO neutron.manager [None req-73bbb84b-a176-4681-87f0-fea9fbd86d7c - - - - - -] Loading Plugin: router
2026-07-01 08:00:44.675 1 INFO neutron.services.service_base [None req-73bbb84b-a176-4681-87f0-fea9fbd86d7c - - - - - -] Default provider is not specified for service type L3_ROUTER_NAT
2026-07-01 08:00:44.675 1 INFO neutron.manager [None req-73bbb84b-a176-4681-87f0-fea9fbd86d7c - - - - - -] Loading Plugin: segments
2026-07-01 08:00:44.733 1 INFO neutron.manager [None req-73bbb84b-a176-4681-87f0-fea9fbd86d7c - - - - - -] Loading Plugin: trunk
2026-07-01 08:00:44.786 1 INFO neutron.manager [None req-73bbb84b-a176-4681-87f0-fea9fbd86d7c - - - - - -] Loading Plugin: vpnaas
2026-07-01 08:00:44.821 1 WARNING stevedore.named [None req-73bbb84b-a176-4681-87f0-fea9fbd86d7c - - - - - -] Could not load neutron_vpnaas.services.vpn.service_drivers.ipsec.IPsecVPNDriver
2026-07-01 08:00:44.880 1 INFO neutron_vpnaas.services.vpn.plugin [None req-73bbb84b-a176-4681-87f0-fea9fbd86d7c - - - - - -] VPN plugin using service drivers: dict_keys(['strongswan']), default: strongswan
2026-07-01 08:00:44.881 1 INFO neutron.common.utils [None req-73bbb84b-a176-4681-87f0-fea9fbd86d7c - - - - - -] Disable filter validation extension by service plugin VPNDriverPlugin.
2026-07-01 08:00:44.881 1 INFO neutron.manager [None req-73bbb84b-a176-4681-87f0-fea9fbd86d7c - - - - - -] Loading Plugin: auto_allocate
2026-07-01 08:00:44.886 1 INFO neutron.manager [None req-73bbb84b-a176-4681-87f0-fea9fbd86d7c - - - - - -] Loading Plugin: tag
2026-07-01 08:00:44.892 1 INFO neutron.manager [None req-73bbb84b-a176-4681-87f0-fea9fbd86d7c - - - - - -] Loading Plugin: timestamp
2026-07-01 08:00:44.894 1 INFO neutron.manager [None req-73bbb84b-a176-4681-87f0-fea9fbd86d7c - - - - - -] Loading Plugin: network_ip_availability
2026-07-01 08:00:44.897 1 INFO neutron.manager [None req-73bbb84b-a176-4681-87f0-fea9fbd86d7c - - - - - -] Loading Plugin: flavors
2026-07-01 08:00:44.900 1 INFO neutron.manager [None req-73bbb84b-a176-4681-87f0-fea9fbd86d7c - - - - - -] Loading Plugin: revisions
2026-07-01 08:00:44.903 1 INFO neutron.api.extensions [None req-73bbb84b-a176-4681-87f0-fea9fbd86d7c - - - - - -] Initializing extension manager.
2026-07-01 08:00:44.904 1 INFO neutron.api.extensions [None req-73bbb84b-a176-4681-87f0-fea9fbd86d7c - - - - - -] Loaded extension: address-group
2026-07-01 08:00:44.904 1 INFO neutron.api.extensions [None req-73bbb84b-a176-4681-87f0-fea9fbd86d7c - - - - - -] Loaded extension: address-scope
2026-07-01 08:00:44.905 1 INFO neutron.api.extensions [None req-73bbb84b-a176-4681-87f0-fea9fbd86d7c - - - - - -] Loaded extension: router-admin-state-down-before-update
2026-07-01 08:00:44.906 1 INFO neutron.api.extensions [None req-73bbb84b-a176-4681-87f0-fea9fbd86d7c - - - - - -] Loaded extension: agent
2026-07-01 08:00:44.906 1 INFO neutron.api.extensions [None req-73bbb84b-a176-4681-87f0-fea9fbd86d7c - - - - - -] Loaded extension: agent-resources-synced
2026-07-01 08:00:44.907 1 INFO neutron.api.extensions [None req-73bbb84b-a176-4681-87f0-fea9fbd86d7c - - - - - -] Loaded extension: allowed-address-pairs
2026-07-01 08:00:44.908 1 INFO neutron.api.extensions [None req-73bbb84b-a176-4681-87f0-fea9fbd86d7c - - - - - -] Loaded extension: auto-allocated-topology
2026-07-01 08:00:44.909 1 INFO neutron.api.extensions [None req-73bbb84b-a176-4681-87f0-fea9fbd86d7c - - - - - -] Loaded extension: availability_zone
2026-07-01 08:00:44.909 1 INFO neutron.api.extensions [None req-73bbb84b-a176-4681-87f0-fea9fbd86d7c - - - - - -] Loaded extension: availability_zone_filter
2026-07-01 08:00:44.910 1 INFO neutron.api.extensions [None req-73bbb84b-a176-4681-87f0-fea9fbd86d7c - - - - - -] Extension data-plane-status not supported by any of loaded plugins
2026-07-01 08:00:44.910 1 INFO neutron.api.extensions [None req-73bbb84b-a176-4681-87f0-fea9fbd86d7c - - - - - -] Loaded extension: default-subnetpools
2026-07-01 08:00:44.911 1 INFO neutron.api.extensions [None req-73bbb84b-a176-4681-87f0-fea9fbd86d7c - - - - - -] Loaded extension: dhcp_agent_scheduler
2026-07-01 08:00:44.912 1 INFO neutron.api.extensions [None req-73bbb84b-a176-4681-87f0-fea9fbd86d7c - - - - - -] Loaded extension: dns-integration
2026-07-01 08:00:44.912 1 INFO neutron.api.extensions [None req-73bbb84b-a176-4681-87f0-fea9fbd86d7c - - - - - -] Loaded extension: dns-domain-ports
2026-07-01 08:00:44.913 1 INFO neutron.api.extensions [None req-73bbb84b-a176-4681-87f0-fea9fbd86d7c - - - - - -] Extension dns-integration-domain-keywords not supported by any of loaded plugins
2026-07-01 08:00:44.913 1 INFO neutron.api.extensions [None req-73bbb84b-a176-4681-87f0-fea9fbd86d7c - - - - - -] Loaded extension: dvr
2026-07-01 08:00:44.914 1 INFO neutron.api.extensions [None req-73bbb84b-a176-4681-87f0-fea9fbd86d7c - - - - - -] Extension ecmp_routes not supported by any of loaded plugins
2026-07-01 08:00:44.914 1 INFO neutron.api.extensions [None req-73bbb84b-a176-4681-87f0-fea9fbd86d7c - - - - - -] Loaded extension: empty-string-filtering
2026-07-01 08:00:44.915 1 INFO neutron.api.extensions [None req-73bbb84b-a176-4681-87f0-fea9fbd86d7c - - - - - -] Extension expose-l3-conntrack-helper not supported by any of loaded plugins
2026-07-01 08:00:44.916 1 INFO neutron.api.extensions [None req-73bbb84b-a176-4681-87f0-fea9fbd86d7c - - - - - -] Extension expose-port-forwarding-in-fip not supported by any of loaded plugins
2026-07-01 08:00:44.916 1 INFO neutron.api.extensions [None req-73bbb84b-a176-4681-87f0-fea9fbd86d7c - - - - - -] Loaded extension: external-net
2026-07-01 08:00:44.917 1 INFO neutron.api.extensions [None req-73bbb84b-a176-4681-87f0-fea9fbd86d7c - - - - - -] Loaded extension: extra_dhcp_opt
2026-07-01 08:00:44.918 1 INFO neutron.api.extensions [None req-73bbb84b-a176-4681-87f0-fea9fbd86d7c - - - - - -] Loaded extension: extraroute
2026-07-01 08:00:44.918 1 INFO neutron.api.extensions [None req-73bbb84b-a176-4681-87f0-fea9fbd86d7c - - - - - -] Loaded extension: extraroute-atomic
2026-07-01 08:00:44.919 1 INFO neutron.api.extensions [None req-73bbb84b-a176-4681-87f0-fea9fbd86d7c - - - - - -] Extension filter-validation not supported by any of loaded plugins
2026-07-01 08:00:44.919 1 INFO neutron.api.extensions [None req-73bbb84b-a176-4681-87f0-fea9fbd86d7c - - - - - -] Extension floating-ip-port-forwarding-description not supported by any of loaded plugins
2026-07-01 08:00:44.920 1 INFO neutron.api.extensions [None req-73bbb84b-a176-4681-87f0-fea9fbd86d7c - - - - - -] Loaded extension: floating-ip-port-forwarding-detail
2026-07-01 08:00:44.920 1 INFO neutron.api.extensions [None req-73bbb84b-a176-4681-87f0-fea9fbd86d7c - - - - - -] Extension floating-ip-port-forwarding-port-ranges not supported by any of loaded plugins
2026-07-01 08:00:44.921 1 INFO neutron.api.extensions [None req-73bbb84b-a176-4681-87f0-fea9fbd86d7c - - - - - -] Loaded extension: fip-port-details
2026-07-01 08:00:44.921 1 INFO neutron.api.extensions [None req-73bbb84b-a176-4681-87f0-fea9fbd86d7c - - - - - -] Loaded extension: flavors
2026-07-01 08:00:44.922 1 INFO neutron.api.extensions [None req-73bbb84b-a176-4681-87f0-fea9fbd86d7c - - - - - -] Extension floating-ip-port-forwarding not supported by any of loaded plugins
2026-07-01 08:00:44.923 1 INFO neutron.api.extensions [None req-73bbb84b-a176-4681-87f0-fea9fbd86d7c - - - - - -] Loaded extension: floatingip-pools
2026-07-01 08:00:44.923 1 INFO neutron.api.extensions [None req-73bbb84b-a176-4681-87f0-fea9fbd86d7c - - - - - -] Loaded extension: ip_allocation
2026-07-01 08:00:44.924 1 INFO neutron.api.extensions [None req-73bbb84b-a176-4681-87f0-fea9fbd86d7c - - - - - -] Loaded extension: ip-substring-filtering
2026-07-01 08:00:44.924 1 INFO neutron.api.extensions [None req-73bbb84b-a176-4681-87f0-fea9fbd86d7c - - - - - -] Loaded extension: l2_adjacency
2026-07-01 08:00:44.925 1 INFO neutron.api.extensions [None req-73bbb84b-a176-4681-87f0-fea9fbd86d7c - - - - - -] Loaded extension: router
2026-07-01 08:00:44.926 1 INFO neutron.api.extensions [None req-73bbb84b-a176-4681-87f0-fea9fbd86d7c - - - - - -] Extension l3-conntrack-helper not supported by any of loaded plugins
2026-07-01 08:00:44.927 1 INFO neutron.api.extensions [None req-73bbb84b-a176-4681-87f0-fea9fbd86d7c - - - - - -] Loaded extension: ext-gw-mode
2026-07-01 08:00:44.927 1 INFO neutron.api.extensions [None req-73bbb84b-a176-4681-87f0-fea9fbd86d7c - - - - - -] Loaded extension: l3-ha
2026-07-01 08:00:44.928 1 INFO neutron.api.extensions [None req-73bbb84b-a176-4681-87f0-fea9fbd86d7c - - - - - -] Extension l3-ext-ndp-proxy not supported by any of loaded plugins
2026-07-01 08:00:44.928 1 INFO neutron.api.extensions [None req-73bbb84b-a176-4681-87f0-fea9fbd86d7c - - - - - -] Extension external-gateway-multihoming not supported by any of loaded plugins
2026-07-01 08:00:44.929 1 INFO neutron.api.extensions [None req-73bbb84b-a176-4681-87f0-fea9fbd86d7c - - - - - -] Loaded extension: l3-flavors
2026-07-01 08:00:44.930 1 INFO neutron.api.extensions [None req-73bbb84b-a176-4681-87f0-fea9fbd86d7c - - - - - -] Extension l3-ndp-proxy not supported by any of loaded plugins
2026-07-01 08:00:44.930 1 INFO neutron.api.extensions [None req-73bbb84b-a176-4681-87f0-fea9fbd86d7c - - - - - -] Loaded extension: l3-port-ip-change-not-allowed
2026-07-01 08:00:44.932 1 INFO neutron.api.extensions [None req-73bbb84b-a176-4681-87f0-fea9fbd86d7c - - - - - -] Loaded extension: l3_agent_scheduler
2026-07-01 08:00:44.933 1 INFO neutron.api.extensions [None req-73bbb84b-a176-4681-87f0-fea9fbd86d7c - - - - - -] Extension local_ip not supported by any of loaded plugins
2026-07-01 08:00:44.934 1 INFO neutron.api.extensions [None req-73bbb84b-a176-4681-87f0-fea9fbd86d7c - - - - - -] Extension logging not supported by any of loaded plugins
2026-07-01 08:00:44.935 1 INFO neutron.api.extensions [None req-73bbb84b-a176-4681-87f0-fea9fbd86d7c - - - - - -] Extension metering not supported by any of loaded plugins
2026-07-01 08:00:44.936 1 INFO neutron.api.extensions [None req-73bbb84b-a176-4681-87f0-fea9fbd86d7c - - - - - -] Extension metering_source_and_destination_fields not supported by any of loaded plugins
2026-07-01 08:00:44.936 1 INFO neutron.api.extensions [None req-73bbb84b-a176-4681-87f0-fea9fbd86d7c - - - - - -] Loaded extension: multi-provider
2026-07-01 08:00:44.937 1 INFO neutron.api.extensions [None req-73bbb84b-a176-4681-87f0-fea9fbd86d7c - - - - - -] Loaded extension: net-mtu
2026-07-01 08:00:44.937 1 INFO neutron.api.extensions [None req-73bbb84b-a176-4681-87f0-fea9fbd86d7c - - - - - -] Loaded extension: net-mtu-writable
2026-07-01 08:00:44.938 1 INFO neutron.api.extensions [None req-73bbb84b-a176-4681-87f0-fea9fbd86d7c - - - - - -] Loaded extension: network_availability_zone
2026-07-01 08:00:44.938 1 INFO neutron.api.extensions [None req-73bbb84b-a176-4681-87f0-fea9fbd86d7c - - - - - -] Loaded extension: network_ha
2026-07-01 08:00:44.939 1 INFO neutron.api.extensions [None req-73bbb84b-a176-4681-87f0-fea9fbd86d7c - - - - - -] Loaded extension: network-ip-availability
2026-07-01 08:00:44.940 1 INFO neutron.api.extensions [None req-73bbb84b-a176-4681-87f0-fea9fbd86d7c - - - - - -] Extension network-segment-range not supported by any of loaded plugins
2026-07-01 08:00:44.940 1 INFO neutron.api.extensions [None req-73bbb84b-a176-4681-87f0-fea9fbd86d7c - - - - - -] Loaded extension: pagination
2026-07-01 08:00:44.941 1 INFO neutron.api.extensions [None req-73bbb84b-a176-4681-87f0-fea9fbd86d7c - - - - - -] Loaded extension: port-device-profile
2026-07-01 08:00:44.941 1 INFO neutron.api.extensions [None req-73bbb84b-a176-4681-87f0-fea9fbd86d7c - - - - - -] Extension port-hint-ovs-tx-steering not supported by any of loaded plugins
2026-07-01 08:00:44.942 1 INFO neutron.api.extensions [None req-73bbb84b-a176-4681-87f0-fea9fbd86d7c - - - - - -] Extension port-hints not supported by any of loaded plugins
2026-07-01 08:00:44.942 1 INFO neutron.api.extensions [None req-73bbb84b-a176-4681-87f0-fea9fbd86d7c - - - - - -] Loaded extension: port-mac-override
2026-07-01 08:00:44.943 1 INFO neutron.api.extensions [None req-73bbb84b-a176-4681-87f0-fea9fbd86d7c - - - - - -] Loaded extension: port-mac-address-regenerate
2026-07-01 08:00:44.943 1 INFO neutron.api.extensions [None req-73bbb84b-a176-4681-87f0-fea9fbd86d7c - - - - - -] Loaded extension: port-numa-affinity-policy
2026-07-01 08:00:44.944 1 INFO neutron.api.extensions [None req-73bbb84b-a176-4681-87f0-fea9fbd86d7c - - - - - -] Loaded extension: port-resource-request
2026-07-01 08:00:44.944 1 INFO neutron.api.extensions [None req-73bbb84b-a176-4681-87f0-fea9fbd86d7c - - - - - -] Loaded extension: port-resource-request-groups
2026-07-01 08:00:44.945 1 INFO neutron.api.extensions [None req-73bbb84b-a176-4681-87f0-fea9fbd86d7c - - - - - -] Loaded extension: binding
2026-07-01 08:00:44.946 1 INFO neutron.api.extensions [None req-73bbb84b-a176-4681-87f0-fea9fbd86d7c - - - - - -] Loaded extension: binding-extended
2026-07-01 08:00:44.946 1 INFO neutron.api.extensions [None req-73bbb84b-a176-4681-87f0-fea9fbd86d7c - - - - - -] Loaded extension: port-security
2026-07-01 08:00:44.947 1 INFO neutron.api.extensions [None req-73bbb84b-a176-4681-87f0-fea9fbd86d7c - - - - - -] Loaded extension: project-id
2026-07-01 08:00:44.947 1 INFO neutron.api.extensions [None req-73bbb84b-a176-4681-87f0-fea9fbd86d7c - - - - - -] Loaded extension: provider
2026-07-01 08:00:44.949 1 INFO neutron.api.extensions [None req-73bbb84b-a176-4681-87f0-fea9fbd86d7c - - - - - -] Loaded extension: qos
2026-07-01 08:00:44.950 1 INFO neutron.api.extensions [None req-73bbb84b-a176-4681-87f0-fea9fbd86d7c - - - - - -] Loaded extension: qos-bw-limit-direction
2026-07-01 08:00:44.950 1 INFO neutron.api.extensions [None req-73bbb84b-a176-4681-87f0-fea9fbd86d7c - - - - - -] Loaded extension: qos-bw-minimum-ingress
2026-07-01 08:00:44.951 1 INFO neutron.api.extensions [None req-73bbb84b-a176-4681-87f0-fea9fbd86d7c - - - - - -] Loaded extension: qos-default
2026-07-01 08:00:44.951 1 INFO neutron.api.extensions [None req-73bbb84b-a176-4681-87f0-fea9fbd86d7c - - - - - -] Loaded extension: qos-fip
2026-07-01 08:00:44.952 1 INFO neutron.api.extensions [None req-73bbb84b-a176-4681-87f0-fea9fbd86d7c - - - - - -] Extension qos-fip-network-policy not supported by any of loaded plugins
2026-07-01 08:00:44.953 1 INFO neutron.api.extensions [None req-73bbb84b-a176-4681-87f0-fea9fbd86d7c - - - - - -] Loaded extension: qos-gateway-ip
2026-07-01 08:00:44.953 1 INFO neutron.api.extensions [None req-73bbb84b-a176-4681-87f0-fea9fbd86d7c - - - - - -] Loaded extension: qos-port-network-policy
2026-07-01 08:00:44.954 1 INFO neutron.api.extensions [None req-73bbb84b-a176-4681-87f0-fea9fbd86d7c - - - - - -] Loaded extension: qos-pps-minimum
2026-07-01 08:00:44.954 1 INFO neutron.api.extensions [None req-73bbb84b-a176-4681-87f0-fea9fbd86d7c - - - - - -] Loaded extension: qos-pps-minimum-rule-alias
2026-07-01 08:00:44.955 1 INFO neutron.api.extensions [None req-73bbb84b-a176-4681-87f0-fea9fbd86d7c - - - - - -] Loaded extension: qos-pps
2026-07-01 08:00:44.956 1 INFO neutron.api.extensions [None req-73bbb84b-a176-4681-87f0-fea9fbd86d7c - - - - - -] Loaded extension: qos-rule-type-details
2026-07-01 08:00:44.956 1 INFO neutron.api.extensions [None req-73bbb84b-a176-4681-87f0-fea9fbd86d7c - - - - - -] Loaded extension: qos-rule-type-filter
2026-07-01 08:00:44.957 1 INFO neutron.api.extensions [None req-73bbb84b-a176-4681-87f0-fea9fbd86d7c - - - - - -] Loaded extension: qos-rules-alias
2026-07-01 08:00:44.957 1 INFO neutron.api.extensions [None req-73bbb84b-a176-4681-87f0-fea9fbd86d7c - - - - - -] Loaded extension: quota-check-limit
2026-07-01 08:00:44.959 1 INFO neutron.api.extensions [None req-73bbb84b-a176-4681-87f0-fea9fbd86d7c - - - - - -] Loaded extension: quotas
2026-07-01 08:00:44.961 1 INFO neutron.api.extensions [None req-73bbb84b-a176-4681-87f0-fea9fbd86d7c - - - - - -] Loaded extension: quota_details
2026-07-01 08:00:44.962 1 INFO neutron.api.extensions [None req-73bbb84b-a176-4681-87f0-fea9fbd86d7c - - - - - -] Loaded extension: rbac-policies
2026-07-01 08:00:44.963 1 INFO neutron.api.extensions [None req-73bbb84b-a176-4681-87f0-fea9fbd86d7c - - - - - -] Loaded extension: rbac-address-group
2026-07-01 08:00:44.963 1 INFO neutron.api.extensions [None req-73bbb84b-a176-4681-87f0-fea9fbd86d7c - - - - - -] Loaded extension: rbac-address-scope
2026-07-01 08:00:44.964 1 INFO neutron.api.extensions [None req-73bbb84b-a176-4681-87f0-fea9fbd86d7c - - - - - -] Loaded extension: rbac-security-groups
2026-07-01 08:00:44.964 1 INFO neutron.api.extensions [None req-73bbb84b-a176-4681-87f0-fea9fbd86d7c - - - - - -] Loaded extension: rbac-subnetpool
2026-07-01 08:00:44.965 1 INFO neutron.api.extensions [None req-73bbb84b-a176-4681-87f0-fea9fbd86d7c - - - - - -] Loaded extension: revision-if-match
2026-07-01 08:00:44.965 1 INFO neutron.api.extensions [None req-73bbb84b-a176-4681-87f0-fea9fbd86d7c - - - - - -] Loaded extension: standard-attr-revisions
2026-07-01 08:00:44.966 1 INFO neutron.api.extensions [None req-73bbb84b-a176-4681-87f0-fea9fbd86d7c - - - - - -] Loaded extension: router_availability_zone
2026-07-01 08:00:44.966 1 INFO neutron.api.extensions [None req-73bbb84b-a176-4681-87f0-fea9fbd86d7c - - - - - -] Extension router-service-type not supported by any of loaded plugins
2026-07-01 08:00:44.968 1 INFO neutron.api.extensions [None req-73bbb84b-a176-4681-87f0-fea9fbd86d7c - - - - - -] Loaded extension: security-groups-default-rules
2026-07-01 08:00:44.968 1 INFO neutron.api.extensions [None req-73bbb84b-a176-4681-87f0-fea9fbd86d7c - - - - - -] Loaded extension: security-groups-normalized-cidr
2026-07-01 08:00:44.969 1 INFO neutron.api.extensions [None req-73bbb84b-a176-4681-87f0-fea9fbd86d7c - - - - - -] Loaded extension: port-security-groups-filtering
2026-07-01 08:00:44.969 1 INFO neutron.api.extensions [None req-73bbb84b-a176-4681-87f0-fea9fbd86d7c - - - - - -] Loaded extension: security-groups-remote-address-group
2026-07-01 08:00:44.970 1 INFO neutron.api.extensions [None req-73bbb84b-a176-4681-87f0-fea9fbd86d7c - - - - - -] Loaded extension: security-groups-shared-filtering
2026-07-01 08:00:44.976 1 INFO neutron.api.extensions [None req-73bbb84b-a176-4681-87f0-fea9fbd86d7c - - - - - -] Loaded extension: security-group
2026-07-01 08:00:44.978 1 INFO neutron.api.extensions [None req-73bbb84b-a176-4681-87f0-fea9fbd86d7c - - - - - -] Loaded extension: segment
2026-07-01 08:00:44.978 1 INFO neutron.api.extensions [None req-73bbb84b-a176-4681-87f0-fea9fbd86d7c - - - - - -] Loaded extension: segments-peer-subnet-host-routes
2026-07-01 08:00:44.979 1 INFO neutron.api.extensions [None req-73bbb84b-a176-4681-87f0-fea9fbd86d7c - - - - - -] Loaded extension: service-type
2026-07-01 08:00:44.979 1 INFO neutron.api.extensions [None req-73bbb84b-a176-4681-87f0-fea9fbd86d7c - - - - - -] Loaded extension: sorting
2026-07-01 08:00:44.980 1 INFO neutron.api.extensions [None req-73bbb84b-a176-4681-87f0-fea9fbd86d7c - - - - - -] Loaded extension: standard-attr-segment
2026-07-01 08:00:44.980 1 INFO neutron.api.extensions [None req-73bbb84b-a176-4681-87f0-fea9fbd86d7c - - - - - -] Loaded extension: standard-attr-description
2026-07-01 08:00:44.981 1 INFO neutron.api.extensions [None req-73bbb84b-a176-4681-87f0-fea9fbd86d7c - - - - - -] Loaded extension: stateful-security-group
2026-07-01 08:00:44.981 1 WARNING neutron.api.extensions [None req-73bbb84b-a176-4681-87f0-fea9fbd86d7c - - - - - -] Did not find expected name "Stdattrs_common" in /var/lib/openstack/lib/python3.10/site-packages/neutron/extensions/stdattrs_common.py
2026-07-01 08:00:44.982 1 INFO neutron.api.extensions [None req-73bbb84b-a176-4681-87f0-fea9fbd86d7c - - - - - -] Extension subnet-dns-publish-fixed-ip not supported by any of loaded plugins
2026-07-01 08:00:44.982 1 INFO neutron.api.extensions [None req-73bbb84b-a176-4681-87f0-fea9fbd86d7c - - - - - -] Loaded extension: subnet_onboard
2026-07-01 08:00:44.983 1 INFO neutron.api.extensions [None req-73bbb84b-a176-4681-87f0-fea9fbd86d7c - - - - - -] Loaded extension: subnet-segmentid-writable
2026-07-01 08:00:44.983 1 INFO neutron.api.extensions [None req-73bbb84b-a176-4681-87f0-fea9fbd86d7c - - - - - -] Loaded extension: subnet-service-types
2026-07-01 08:00:44.984 1 INFO neutron.api.extensions [None req-73bbb84b-a176-4681-87f0-fea9fbd86d7c - - - - - -] Loaded extension: subnet_allocation
2026-07-01 08:00:44.985 1 INFO neutron.api.extensions [None req-73bbb84b-a176-4681-87f0-fea9fbd86d7c - - - - - -] Loaded extension: subnetpool-prefix-ops
2026-07-01 08:00:44.985 1 INFO neutron.api.extensions [None req-73bbb84b-a176-4681-87f0-fea9fbd86d7c - - - - - -] Extension tag-ports-during-bulk-creation not supported by any of loaded plugins
2026-07-01 08:00:44.988 1 INFO neutron.api.extensions [None req-73bbb84b-a176-4681-87f0-fea9fbd86d7c - - - - - -] Loaded extension: standard-attr-tag
2026-07-01 08:00:44.988 1 INFO neutron.api.extensions [None req-73bbb84b-a176-4681-87f0-fea9fbd86d7c - - - - - -] Loaded extension: standard-attr-timestamp
2026-07-01 08:00:44.989 1 INFO neutron.api.extensions [None req-73bbb84b-a176-4681-87f0-fea9fbd86d7c - - - - - -] Loaded extension: trunk
2026-07-01 08:00:44.989 1 INFO neutron.api.extensions [None req-73bbb84b-a176-4681-87f0-fea9fbd86d7c - - - - - -] Loaded extension: trunk-details
2026-07-01 08:00:44.990 1 INFO neutron.api.extensions [None req-73bbb84b-a176-4681-87f0-fea9fbd86d7c - - - - - -] Extension uplink-status-propagation not supported by any of loaded plugins
2026-07-01 08:00:44.990 1 INFO neutron.api.extensions [None req-73bbb84b-a176-4681-87f0-fea9fbd86d7c - - - - - -] Extension vlan-transparent not supported by any of loaded plugins
2026-07-01 08:00:44.991 1 INFO neutron.api.extensions [None req-73bbb84b-a176-4681-87f0-fea9fbd86d7c - - - - - -] Loaded extension: vpn-endpoint-groups
2026-07-01 08:00:44.992 1 INFO neutron.api.extensions [None req-73bbb84b-a176-4681-87f0-fea9fbd86d7c - - - - - -] Loaded extension: vpn-flavors
2026-07-01 08:00:44.993 1 INFO neutron.api.extensions [None req-73bbb84b-a176-4681-87f0-fea9fbd86d7c - - - - - -] Loaded extension: vpnaas
2026-07-01 08:00:44.996 1 INFO oslo_service.service [None req-73bbb84b-a176-4681-87f0-fea9fbd86d7c - - - - - -] Starting 2 workers
2026-07-01 08:00:45.000 1 INFO oslo_service.service [None req-73bbb84b-a176-4681-87f0-fea9fbd86d7c - - - - - -] Starting 1 workers
2026-07-01 08:01:27.502 10 INFO neutron.db.l3_hamode_db [None req-39d26d3a-6eb4-4829-8534-9da771520949 - - - - - -] Number of active agents lower than max_l3_agents_per_router. L3 agents available: 1
2026-07-01 08:01:43.802 10 INFO neutron.plugins.ml2.plugin [None req-79b29b10-c63a-43d5-bba1-aae72b865f6b - - - - - -] Attempt 1 to provision port e50fe108-4f77-4a04-8b71-4200c191d935
2026-07-01 08:01:43.867 9 INFO neutron.plugins.ml2.plugin [None req-a3c0c6d9-c57f-4430-a8ee-05301cb9c7f1 - - - - - -] Attempt 1 to provision port e50fe108-4f77-4a04-8b71-4200c191d935
2026-07-01 08:01:45.712 10 INFO neutron.plugins.ml2.plugin [None req-79b29b10-c63a-43d5-bba1-aae72b865f6b - - - - - -] Attempt 1 to provision port e50fe108-4f77-4a04-8b71-4200c191d935
2026-07-01 08:06:04.041 10 INFO neutron.plugins.ml2.plugin [None req-79b29b10-c63a-43d5-bba1-aae72b865f6b - - - - - -] Attempt 1 to provision port 9f79f986-9692-4430-ba61-75152fe73866
2026-07-01 08:06:04.771 10 INFO neutron.plugins.ml2.plugin [None req-f4b64723-8763-47e1-88d6-f07fe98f58f9 - - - - - -] Attempt 1 to provision port 9f79f986-9692-4430-ba61-75152fe73866
2026-07-01 08:06:05.914 9 INFO neutron.plugins.ml2.plugin [None req-79b29b10-c63a-43d5-bba1-aae72b865f6b - - - - - -] Attempt 1 to provision port 9f79f986-9692-4430-ba61-75152fe73866
2026-07-01 08:06:12.522 9 INFO neutron.plugins.ml2.plugin [None req-09d3888b-6f43-49e7-95b4-a9157c3a8ebb - - - - - -] Attempt 1 to provision port 41b525d0-c803-45bd-85a4-ad896236f279
2026-07-01 08:09:48.218 9 INFO neutron.plugins.ml2.plugin [None req-79b29b10-c63a-43d5-bba1-aae72b865f6b - - - - - -] Attempt 1 to provision port 41b525d0-c803-45bd-85a4-ad896236f279
2026-07-01 08:09:50.062 10 INFO neutron.plugins.ml2.plugin [None req-79b29b10-c63a-43d5-bba1-aae72b865f6b - - - - - -] Attempt 1 to provision port 41b525d0-c803-45bd-85a4-ad896236f279
2026-07-01 08:18:22.404 9 INFO neutron.plugins.ml2.plugin [None req-79b29b10-c63a-43d5-bba1-aae72b865f6b - - - - - -] Attempt 1 to provision port ebfe05cb-1d00-47c0-83c3-65ae7b3e29e2
2026-07-01 08:18:24.396 10 INFO neutron.plugins.ml2.plugin [None req-79b29b10-c63a-43d5-bba1-aae72b865f6b - - - - - -] Attempt 1 to provision port ebfe05cb-1d00-47c0-83c3-65ae7b3e29e2
2026-07-01 08:34:20.135 10 INFO neutron.plugins.ml2.plugin [None req-5f156603-5f39-47e2-a6e2-4e08a3f827d3 - - - - - -] Attempt 1 to provision port 2a022673-cea8-4194-beec-0f4f6ff07e78
2026-07-01 08:34:20.595 10 INFO neutron.plugins.ml2.plugin [None req-4c59648f-a87b-49d4-805b-746bb626df12 - - - - - -] Attempt 1 to provision port 6e196080-77d1-453a-b572-bea654ddb870
2026-07-01 08:34:21.026 9 INFO neutron.plugins.ml2.plugin [None req-79b29b10-c63a-43d5-bba1-aae72b865f6b - - - - - -] Attempt 1 to provision port 72a0aca7-6ed9-4b67-b1cd-86362eb35b4e
2026-07-01 08:34:21.058 10 INFO neutron.plugins.ml2.plugin [None req-d52162bc-88ff-405b-98c4-02345d191854 - - - - - -] Attempt 1 to provision port 4f3b8f1b-1f94-4446-9729-5d84ea344400
2026-07-01 08:34:21.498 9 INFO neutron.plugins.ml2.plugin [None req-584f19b7-a4b6-4546-9f35-4becb57cf045 - - - - - -] Attempt 1 to provision port 72a0aca7-6ed9-4b67-b1cd-86362eb35b4e
2026-07-01 08:34:21.862 9 INFO neutron.plugins.ml2.plugin [None req-79b29b10-c63a-43d5-bba1-aae72b865f6b - - - - - -] Attempt 1 to provision port 4f3b8f1b-1f94-4446-9729-5d84ea344400
2026-07-01 08:34:23.028 10 INFO neutron.plugins.ml2.plugin [None req-79b29b10-c63a-43d5-bba1-aae72b865f6b - - - - - -] Attempt 1 to provision port 72a0aca7-6ed9-4b67-b1cd-86362eb35b4e
2026-07-01 08:34:23.398 9 INFO neutron.plugins.ml2.plugin [None req-fec42286-65a4-44f8-800d-7bb48ec36876 - - - - - -] Attempt 1 to provision port 702d20dd-76ad-4894-804d-a660071b2245
2026-07-01 08:34:23.442 10 INFO neutron.plugins.ml2.plugin [None req-79b29b10-c63a-43d5-bba1-aae72b865f6b - - - - - -] Attempt 1 to provision port 4f3b8f1b-1f94-4446-9729-5d84ea344400
2026-07-01 08:34:23.553 10 INFO neutron.plugins.ml2.plugin [None req-ad9563cc-6bd1-4457-9ef4-fcd3bba09ba8 - - - - - -] Attempt 1 to provision port 0eaab711-0520-4725-8685-d0c1a9541b4f
2026-07-01 08:34:24.007 9 INFO neutron.plugins.ml2.plugin [None req-9bfe8b05-eeed-4f73-8fcc-b33e7a7834c9 - - - - - -] Attempt 1 to provision port 702d20dd-76ad-4894-804d-a660071b2245
2026-07-01 08:34:24.158 10 INFO neutron.plugins.ml2.plugin [None req-ccf3265e-cbfd-4db7-beb0-9ebe73bc7649 - - - - - -] Attempt 1 to provision port 0eaab711-0520-4725-8685-d0c1a9541b4f
2026-07-01 08:34:28.247 9 INFO neutron.plugins.ml2.plugin [None req-40479ac1-8236-4957-ba93-52b95884ec05 - - - - - -] Attempt 1 to provision port 22912b78-f2d7-4be9-8698-52b51d53026c
2026-07-01 08:34:29.071 10 INFO neutron.plugins.ml2.plugin [None req-79b29b10-c63a-43d5-bba1-aae72b865f6b - - - - - -] Attempt 1 to provision port 9285cbb7-910c-46ab-93a1-46c4e7fd6e46
2026-07-01 08:34:29.316 9 INFO neutron.plugins.ml2.plugin [None req-94abafda-e285-4ff7-8353-d6e2381d136a - - - - - -] Attempt 1 to provision port 9285cbb7-910c-46ab-93a1-46c4e7fd6e46
2026-07-01 08:34:31.042 10 INFO neutron.plugins.ml2.plugin [None req-9d4f7b25-0d74-4867-a734-ff46d6e472cf - - - - - -] Attempt 1 to provision port 428c6650-82e6-450a-a398-4de2eef2619c
2026-07-01 08:34:31.086 9 INFO neutron.plugins.ml2.plugin [None req-79b29b10-c63a-43d5-bba1-aae72b865f6b - - - - - -] Attempt 1 to provision port 9285cbb7-910c-46ab-93a1-46c4e7fd6e46
2026-07-01 08:34:31.603 10 INFO neutron.plugins.ml2.plugin [None req-af517584-b336-4434-bb0b-f3e662836530 - - - - - -] Attempt 1 to provision port 428c6650-82e6-450a-a398-4de2eef2619c
2026-07-01 08:34:33.183 10 INFO neutron.plugins.ml2.plugin [None req-79b29b10-c63a-43d5-bba1-aae72b865f6b - - - - - -] Attempt 1 to provision port d2a16ff5-4490-40f3-82d1-ae0d7e3f28ba /var/lib/openstack/lib/python3.10/site-packages/oslo_db/sqlalchemy/enginefacade.py:667: SAWarning: DELETE statement on table 'portsecuritybindings' expected to delete 1 row(s); 0 were matched. Please set confirm_deleted_rows=False within the mapper configuration to prevent this warning. self.session.flush() /var/lib/openstack/lib/python3.10/site-packages/oslo_db/sqlalchemy/enginefacade.py:667: SAWarning: DELETE statement on table 'ml2_port_bindings' expected to delete 1 row(s); 0 were matched. Please set confirm_deleted_rows=False within the mapper configuration to prevent this warning. self.session.flush() /var/lib/openstack/lib/python3.10/site-packages/oslo_db/sqlalchemy/enginefacade.py:667: SAWarning: DELETE statement on table 'ml2_port_binding_levels' expected to delete 1 row(s); 0 were matched. Please set confirm_deleted_rows=False within the mapper configuration to prevent this warning. self.session.flush() /var/lib/openstack/lib/python3.10/site-packages/oslo_db/sqlalchemy/enginefacade.py:667: SAWarning: DELETE statement on table 'ports' expected to delete 1 row(s); 0 were matched. Please set confirm_deleted_rows=False within the mapper configuration to prevent this warning. self.session.flush()
2026-07-01 08:34:35.053 10 INFO neutron.plugins.ml2.plugin [None req-79b29b10-c63a-43d5-bba1-aae72b865f6b - - - - - -] Attempt 1 to provision port d2a16ff5-4490-40f3-82d1-ae0d7e3f28ba
2026-07-01 08:34:36.200 10 INFO neutron.plugins.ml2.plugin [None req-49c16664-bb9a-45d8-8b20-fdbba1951992 - - - - - -] Attempt 1 to provision port 4a129c7e-557f-4d2d-a2f8-93653deb9642
2026-07-01 08:34:37.155 9 INFO neutron.plugins.ml2.plugin [None req-990cf333-bfb1-48c4-b192-9a6e4124dbf3 - - - - - -] Attempt 1 to provision port c23e75f3-c692-48a4-8837-3b5c629bcf85
2026-07-01 08:34:37.180 10 INFO neutron.plugins.ml2.plugin [None req-79b29b10-c63a-43d5-bba1-aae72b865f6b - - - - - -] Attempt 1 to provision port c23e75f3-c692-48a4-8837-3b5c629bcf85
2026-07-01 08:34:39.228 10 INFO neutron.plugins.ml2.plugin [None req-79b29b10-c63a-43d5-bba1-aae72b865f6b - - - - - -] Attempt 1 to provision port c23e75f3-c692-48a4-8837-3b5c629bcf85
2026-07-01 08:34:39.415 9 INFO neutron.plugins.ml2.plugin [None req-28d8b077-50dd-4cb5-a5e9-a53a8fc6ba45 - - - - - -] Attempt 1 to provision port 35030166-ac61-4f51-8286-03b6981bd260
2026-07-01 08:34:39.458 9 INFO neutron.plugins.ml2.plugin [None req-28d8b077-50dd-4cb5-a5e9-a53a8fc6ba45 - - - - - -] Attempt 1 to provision port 02403ad9-6882-45f3-8faa-ce5fa77cf807
2026-07-01 08:34:40.015 10 INFO neutron.plugins.ml2.plugin [None req-496baac3-2716-46ec-91c6-1797305c3181 - - - - - -] Attempt 1 to provision port 35030166-ac61-4f51-8286-03b6981bd260
2026-07-01 08:34:41.215 9 INFO neutron.plugins.ml2.plugin [None req-79b29b10-c63a-43d5-bba1-aae72b865f6b - - - - - -] Attempt 1 to provision port bae4f8b8-354c-4ba0-a563-86e71a29f979
2026-07-01 08:34:43.222 10 INFO neutron.plugins.ml2.plugin [None req-79b29b10-c63a-43d5-bba1-aae72b865f6b - - - - - -] Attempt 1 to provision port bae4f8b8-354c-4ba0-a563-86e71a29f979
2026-07-01 08:34:45.304 9 INFO neutron.plugins.ml2.plugin [None req-79b29b10-c63a-43d5-bba1-aae72b865f6b - - - - - -] Attempt 1 to provision port 02403ad9-6882-45f3-8faa-ce5fa77cf807
2026-07-01 08:34:46.069 9 INFO neutron.notifiers.nova [-] Nova event matching ['req-b98c9515-1bd0-4c7a-bac2-7f4257cf3d13'] response: {'server_uuid': '5e2a4f7e-ca72-47ba-b55b-90a99d6dffa8', 'name': 'network-vif-plugged', 'status': 'completed', 'tag': '02403ad9-6882-45f3-8faa-ce5fa77cf807', 'code': 200}
2026-07-01 08:34:47.331 9 INFO neutron.plugins.ml2.plugin [None req-79b29b10-c63a-43d5-bba1-aae72b865f6b - - - - - -] Attempt 1 to provision port 02403ad9-6882-45f3-8faa-ce5fa77cf807
2026-07-01 08:34:51.290 10 INFO neutron.plugins.ml2.plugin [None req-ade525a0-d500-4221-aa79-6e514f5cbb40 - - - - - -] Attempt 1 to provision port e1fa96e9-5a2e-4749-a6df-4a0c0efe85ac
2026-07-01 08:34:55.287 10 INFO neutron.plugins.ml2.plugin [None req-79b29b10-c63a-43d5-bba1-aae72b865f6b - - - - - -] Attempt 1 to provision port e1fa96e9-5a2e-4749-a6df-4a0c0efe85ac
2026-07-01 08:34:56.054 10 INFO neutron.notifiers.nova [-] Nova event matching ['req-aeb4faca-1bbf-4727-bfda-de154f2047e0'] response: {'server_uuid': 'b4e8f34f-ed03-4052-ac61-987d1f35f9b1', 'name': 'network-vif-plugged', 'status': 'completed', 'tag': 'e1fa96e9-5a2e-4749-a6df-4a0c0efe85ac', 'code': 200}
2026-07-01 08:34:57.270 10 INFO neutron.plugins.ml2.plugin [None req-79b29b10-c63a-43d5-bba1-aae72b865f6b - - - - - -] Attempt 1 to provision port e1fa96e9-5a2e-4749-a6df-4a0c0efe85ac
2026-07-01 08:34:59.456 9 INFO neutron.notifiers.nova [-] Nova event matching ['req-c3de822f-0354-4c5d-8c2a-4d643b4d4ffe'] response: {'server_uuid': 'b4e8f34f-ed03-4052-ac61-987d1f35f9b1', 'name': 'network-vif-unplugged', 'status': 'completed', 'tag': 'e1fa96e9-5a2e-4749-a6df-4a0c0efe85ac', 'code': 200}
2026-07-01 08:35:01.302 9 INFO neutron.plugins.ml2.plugin [None req-79b29b10-c63a-43d5-bba1-aae72b865f6b - - - - - -] Attempt 1 to provision port 4a129c7e-557f-4d2d-a2f8-93653deb9642
2026-07-01 08:35:01.933 9 INFO neutron.plugins.ml2.plugin [None req-79b29b10-c63a-43d5-bba1-aae72b865f6b - - - - - -] Attempt 1 to provision port 35030166-ac61-4f51-8286-03b6981bd260
2026-07-01 08:35:03.394 9 INFO neutron.plugins.ml2.plugin [None req-79b29b10-c63a-43d5-bba1-aae72b865f6b - - - - - -] Attempt 1 to provision port 4a129c7e-557f-4d2d-a2f8-93653deb9642
2026-07-01 08:35:03.879 9 INFO neutron.plugins.ml2.plugin [None req-79b29b10-c63a-43d5-bba1-aae72b865f6b - - - - - -] Attempt 1 to provision port 22912b78-f2d7-4be9-8698-52b51d53026c
2026-07-01 08:35:04.393 9 INFO neutron.plugins.ml2.plugin [None req-79b29b10-c63a-43d5-bba1-aae72b865f6b - - - - - -] Attempt 1 to provision port 428c6650-82e6-450a-a398-4de2eef2619c
2026-07-01 08:35:05.363 9 INFO neutron.plugins.ml2.plugin [None req-79b29b10-c63a-43d5-bba1-aae72b865f6b - - - - - -] Attempt 1 to provision port 22912b78-f2d7-4be9-8698-52b51d53026c
2026-07-01 08:35:05.584 9 INFO neutron.plugins.ml2.plugin [None req-79b29b10-c63a-43d5-bba1-aae72b865f6b - - - - - -] Attempt 1 to provision port 428c6650-82e6-450a-a398-4de2eef2619c /var/lib/openstack/lib/python3.10/site-packages/oslo_db/sqlalchemy/enginefacade.py:667: SAWarning: DELETE statement on table 'portsecuritybindings' expected to delete 1 row(s); 0 were matched. Please set confirm_deleted_rows=False within the mapper configuration to prevent this warning. self.session.flush() /var/lib/openstack/lib/python3.10/site-packages/oslo_db/sqlalchemy/enginefacade.py:667: SAWarning: DELETE statement on table 'ml2_port_bindings' expected to delete 1 row(s); 0 were matched. Please set confirm_deleted_rows=False within the mapper configuration to prevent this warning. self.session.flush() /var/lib/openstack/lib/python3.10/site-packages/oslo_db/sqlalchemy/enginefacade.py:667: SAWarning: DELETE statement on table 'ml2_port_binding_levels' expected to delete 1 row(s); 0 were matched. Please set confirm_deleted_rows=False within the mapper configuration to prevent this warning. self.session.flush() /var/lib/openstack/lib/python3.10/site-packages/oslo_db/sqlalchemy/enginefacade.py:667: SAWarning: DELETE statement on table 'ports' expected to delete 1 row(s); 0 were matched. Please set confirm_deleted_rows=False within the mapper configuration to prevent this warning. self.session.flush()
2026-07-01 08:35:09.075 10 INFO neutron.plugins.ml2.plugin [None req-2121dc77-c9c5-4aa3-ae0d-b44d8e088500 - - - - - -] Attempt 1 to provision port 2c45fd77-0065-4b04-99b4-f54b401e4bf7
2026-07-01 08:35:10.332 9 INFO neutron.plugins.ml2.plugin [None req-204dfb2d-45e7-441d-b646-2be1404e0c81 - - - - - -] Attempt 1 to provision port ba04e63c-4103-4fbe-9c90-65c03e5d031a
2026-07-01 08:35:10.874 9 INFO neutron.plugins.ml2.plugin [None req-04aef419-403f-4978-836a-bfbd397cef01 - - - - - -] Attempt 1 to provision port 6877e0bc-a3f4-45c9-9391-23419314ce80
2026-07-01 08:35:11.226 10 INFO neutron.plugins.ml2.plugin [None req-79b29b10-c63a-43d5-bba1-aae72b865f6b - - - - - -] Attempt 1 to provision port 6877e0bc-a3f4-45c9-9391-23419314ce80
2026-07-01 08:35:12.843 10 INFO neutron.plugins.ml2.plugin [None req-67950ffd-7751-4fc7-927b-8d1e7024d0c9 - - - - - -] Attempt 1 to provision port bcb4fed2-5e7f-4ef2-87eb-0bb3e188afd0
2026-07-01 08:35:13.328 9 INFO neutron.plugins.ml2.plugin [None req-79b29b10-c63a-43d5-bba1-aae72b865f6b - - - - - -] Attempt 1 to provision port 353ee842-03e2-4f64-b613-c6a0d8fdd988
2026-07-01 08:35:13.607 9 INFO neutron.plugins.ml2.plugin [None req-9d25ec4c-7f77-48a2-8a38-1b835286b864 - - - - - -] Attempt 1 to provision port bcb4fed2-5e7f-4ef2-87eb-0bb3e188afd0
2026-07-01 08:35:13.891 9 INFO neutron.plugins.ml2.plugin [None req-79b29b10-c63a-43d5-bba1-aae72b865f6b - - - - - -] Attempt 1 to provision port 6877e0bc-a3f4-45c9-9391-23419314ce80
2026-07-01 08:35:14.331 9 INFO neutron.plugins.ml2.plugin [None req-dc8b2afc-d814-46eb-9778-17ed0e939d37 - - - - - -] Attempt 1 to provision port 02403ad9-6882-45f3-8faa-ce5fa77cf807
2026-07-01 08:35:15.251 10 INFO neutron.plugins.ml2.plugin [None req-79b29b10-c63a-43d5-bba1-aae72b865f6b - - - - - -] Attempt 1 to provision port 353ee842-03e2-4f64-b613-c6a0d8fdd988
2026-07-01 08:35:15.608 10 INFO neutron.plugins.ml2.plugin [None req-79b29b10-c63a-43d5-bba1-aae72b865f6b - - - - - -] Attempt 1 to provision port 02403ad9-6882-45f3-8faa-ce5fa77cf807
2026-07-01 08:35:18.034 10 INFO neutron.plugins.ml2.plugin [None req-eee2b855-7c20-42dc-9d24-f0768bf0c19d - - - - - -] Attempt 1 to provision port 02403ad9-6882-45f3-8faa-ce5fa77cf807
2026-07-01 08:35:19.333 10 INFO neutron.plugins.ml2.plugin [None req-f1b353f4-aa95-470b-982e-e9140aacf6ae - - - - - -] Attempt 1 to provision port 8fd4435a-383d-451d-b0da-4313a5748598
2026-07-01 08:35:23.355 10 INFO neutron.plugins.ml2.plugin [None req-79b29b10-c63a-43d5-bba1-aae72b865f6b - - - - - -] Attempt 1 to provision port 8fd4435a-383d-451d-b0da-4313a5748598
2026-07-01 08:35:23.496 10 INFO neutron.notifiers.nova [-] Nova event matching ['req-f3c3857c-67b2-4cf4-8d5c-13d9449aa58e'] response: {'server_uuid': '9e2d514a-463f-48eb-802d-caa17b0a46c9', 'name': 'network-vif-plugged', 'status': 'completed', 'tag': '8fd4435a-383d-451d-b0da-4313a5748598', 'code': 200}
2026-07-01 08:35:25.292 9 INFO neutron.plugins.ml2.plugin [None req-79b29b10-c63a-43d5-bba1-aae72b865f6b - - - - - -] Attempt 1 to provision port 8fd4435a-383d-451d-b0da-4313a5748598
2026-07-01 08:35:27.325 10 INFO neutron.plugins.ml2.plugin [None req-79b29b10-c63a-43d5-bba1-aae72b865f6b - - - - - -] Attempt 1 to provision port eb59ae9e-b2c5-4232-b6a3-0db79e25e1d8
2026-07-01 08:35:27.844 10 INFO neutron.plugins.ml2.plugin [None req-41197b81-485a-42f8-9897-72f8139d6f3d - - - - - -] Attempt 1 to provision port 613e5ea0-8b86-4072-af05-c0493175a22a
2026-07-01 08:35:28.230 9 INFO neutron.plugins.ml2.plugin [None req-3bb12309-2a05-491c-a657-bb0463eaff0d - - - - - -] Attempt 1 to provision port eb59ae9e-b2c5-4232-b6a3-0db79e25e1d8
2026-07-01 08:35:29.315 10 INFO neutron.plugins.ml2.plugin [None req-79b29b10-c63a-43d5-bba1-aae72b865f6b - - - - - -] Attempt 1 to provision port bcb4fed2-5e7f-4ef2-87eb-0bb3e188afd0
2026-07-01 08:35:29.971 10 INFO neutron.plugins.ml2.plugin [None req-79b29b10-c63a-43d5-bba1-aae72b865f6b - - - - - -] Attempt 1 to provision port eb59ae9e-b2c5-4232-b6a3-0db79e25e1d8
2026-07-01 08:35:30.427 10 INFO neutron.plugins.ml2.plugin [None req-79b29b10-c63a-43d5-bba1-aae72b865f6b - - - - - -] Attempt 1 to provision port ba04e63c-4103-4fbe-9c90-65c03e5d031a
2026-07-01 08:35:30.458 10 INFO neutron.plugins.ml2.plugin [None req-f627933a-c9d7-47eb-9762-bd42fd8a2ace - - - - - -] Attempt 1 to provision port 563abc87-b258-4038-9088-ffae3d8d794e
2026-07-01 08:35:31.335 9 INFO neutron.plugins.ml2.plugin [None req-dcbdfa7b-283f-4a8a-852b-b18bfa182887 - - - - - -] Attempt 1 to provision port 563abc87-b258-4038-9088-ffae3d8d794e
2026-07-01 08:35:31.367 10 INFO neutron.plugins.ml2.plugin [None req-79b29b10-c63a-43d5-bba1-aae72b865f6b - - - - - -] Attempt 1 to provision port bcb4fed2-5e7f-4ef2-87eb-0bb3e188afd0
2026-07-01 08:35:31.477 9 INFO neutron.plugins.ml2.plugin [None req-85006d7a-7d0c-41e3-b0f5-751611ad0aac - - - - - -] Attempt 1 to provision port 360d92d0-d664-4f34-b6f3-a66dba17b21f
2026-07-01 08:35:31.619 10 INFO neutron.plugins.ml2.plugin [None req-79b29b10-c63a-43d5-bba1-aae72b865f6b - - - - - -] Attempt 1 to provision port eb88c0c1-bebb-4d36-9704-218565c8ecaf
2026-07-01 08:35:32.105 10 INFO neutron.plugins.ml2.plugin [None req-79b29b10-c63a-43d5-bba1-aae72b865f6b - - - - - -] Attempt 1 to provision port ba04e63c-4103-4fbe-9c90-65c03e5d031a
2026-07-01 08:35:32.243 10 INFO neutron.plugins.ml2.plugin [None req-a7ac36a1-4546-4c78-9176-51ffd5e3e7b5 - - - - - -] Attempt 1 to provision port eb88c0c1-bebb-4d36-9704-218565c8ecaf
2026-07-01 08:35:33.354 10 INFO neutron.plugins.ml2.plugin [None req-79b29b10-c63a-43d5-bba1-aae72b865f6b - - - - - -] Attempt 1 to provision port 419d3e5f-82a8-4e5a-827e-09875dbba855
2026-07-01 08:35:33.979 10 INFO neutron.plugins.ml2.plugin [None req-79b29b10-c63a-43d5-bba1-aae72b865f6b - - - - - -] Attempt 1 to provision port eb88c0c1-bebb-4d36-9704-218565c8ecaf
2026-07-01 08:35:34.368 9 INFO neutron.plugins.ml2.plugin [None req-29727ee1-dd88-4f67-951e-fa02550bc541 - - - - - -] Attempt 1 to provision port 6fe3d619-ad72-4b54-9b23-a7c578ecea35
2026-07-01 08:35:35.142 10 INFO neutron.plugins.ml2.plugin [None req-12d41452-4e88-447a-8d2a-5144b36bf03c - - - - - -] Attempt 1 to provision port 6fe3d619-ad72-4b54-9b23-a7c578ecea35
2026-07-01 08:35:35.679 10 INFO neutron.plugins.ml2.plugin [None req-79b29b10-c63a-43d5-bba1-aae72b865f6b - - - - - -] Attempt 1 to provision port 325d5936-5b9e-44e1-a33c-0225eec2e067
2026-07-01 08:35:35.738 9 INFO neutron.plugins.ml2.plugin [None req-0d90840e-94b5-4a9c-8abf-0deed7578623 - - - - - -] Attempt 1 to provision port f3f7b800-f59e-4b57-88c5-275c7355c5f7
2026-07-01 08:35:36.315 10 INFO neutron.plugins.ml2.plugin [None req-79b29b10-c63a-43d5-bba1-aae72b865f6b - - - - - -] Attempt 1 to provision port 419d3e5f-82a8-4e5a-827e-09875dbba855
2026-07-01 08:35:36.532 10 INFO neutron.plugins.ml2.plugin [None req-e9913711-479a-4ba3-8c35-a331d88cfd35 - - - - - -] Attempt 1 to provision port 325d5936-5b9e-44e1-a33c-0225eec2e067
2026-07-01 08:35:36.857 10 INFO neutron.plugins.ml2.plugin [None req-79b29b10-c63a-43d5-bba1-aae72b865f6b - - - - - -] Attempt 1 to provision port 0380933e-70e9-4dc0-8742-faf23e4b417e
2026-07-01 08:35:37.828 9 INFO neutron.plugins.ml2.plugin [None req-79b29b10-c63a-43d5-bba1-aae72b865f6b - - - - - -] Attempt 1 to provision port 325d5936-5b9e-44e1-a33c-0225eec2e067
2026-07-01 08:35:38.270 9 INFO neutron.plugins.ml2.plugin [None req-79b29b10-c63a-43d5-bba1-aae72b865f6b - - - - - -] Attempt 1 to provision port 0380933e-70e9-4dc0-8742-faf23e4b417e
2026-07-01 08:35:39.185 10 INFO neutron.plugins.ml2.plugin [None req-3fb90f22-9be8-42b8-99ba-c56daf49d92a - - - - - -] Attempt 1 to provision port 2a832594-3710-432a-90f9-b955e162eed1
2026-07-01 08:35:39.770 10 INFO neutron.plugins.ml2.plugin [None req-79b29b10-c63a-43d5-bba1-aae72b865f6b - - - - - -] Attempt 1 to provision port 661e15fd-dbbd-4474-be8a-857cbc4512c6
2026-07-01 08:35:39.837 9 INFO neutron.plugins.ml2.plugin [None req-31a506dd-c234-4ec3-bcde-75be53f4068b - - - - - -] Attempt 1 to provision port 2a832594-3710-432a-90f9-b955e162eed1
