2026-04-12 21:58:56.296 7 INFO placement.requestlog [None req-a197e270-de7a-4cc9-b6f3-866c78aa42a2 - - - - - -] 10.0.0.173 "GET /" status: 200 len: 136 microversion: 1.0
2026-04-12 21:58:58.143 7 INFO placement.requestlog [None req-0db6c5be-ffae-4065-a5c3-27791168d0d1 dec6a3b378074ea8bf06086154ccff03 9a29b167ac324dbfbe3d09d70a8bb734 - - 14985b99683b47b894f7428449dbfe2f 14985b99683b47b894f7428449dbfe2f] 10.0.0.135 "GET /resource_providers/8d78590a-e050-4250-bc7f-9c699dec4b0c/aggregates" status: 404 len: 235 microversion: 1.1 [pid: 7|app: 0|req: 553/1101] 10.0.0.135 () {32 vars in 816 bytes} [Sun Apr 12 21:58:58 2026] GET /resource_providers/8d78590a-e050-4250-bc7f-9c699dec4b0c/aggregates => generated 235 bytes in 11 msecs (HTTP/1.1 404) 5 headers in 202 bytes (1 switches on core 0)
2026-04-12 21:58:58.144 8 INFO placement.requestlog [None req-b308a9bc-b005-4823-b7c5-4fc65bc3c799 dec6a3b378074ea8bf06086154ccff03 9a29b167ac324dbfbe3d09d70a8bb734 - - 14985b99683b47b894f7428449dbfe2f 14985b99683b47b894f7428449dbfe2f] 10.0.0.135 "GET /resource_providers/8d78590a-e050-4250-bc7f-9c699dec4b0c/aggregates" status: 404 len: 235 microversion: 1.1 [pid: 8|app: 0|req: 549/1102] 10.0.0.135 () {32 vars in 816 bytes} [Sun Apr 12 21:58:58 2026] GET /resource_providers/8d78590a-e050-4250-bc7f-9c699dec4b0c/aggregates => generated 235 bytes in 13 msecs (HTTP/1.1 404) 5 headers in 202 bytes (1 switches on core 0)
2026-04-12 21:58:58.175 7 INFO placement.requestlog [None req-465e559b-bb79-408f-b42b-caadbe30c53d dec6a3b378074ea8bf06086154ccff03 9a29b167ac324dbfbe3d09d70a8bb734 - - 14985b99683b47b894f7428449dbfe2f 14985b99683b47b894f7428449dbfe2f] 10.0.0.135 "DELETE /resource_providers/8d78590a-e050-4250-bc7f-9c699dec4b0c" status: 404 len: 246 microversion: 1.1 [pid: 7|app: 0|req: 554/1103] 10.0.0.135 () {34 vars in 816 bytes} [Sun Apr 12 21:58:58 2026] DELETE /resource_providers/8d78590a-e050-4250-bc7f-9c699dec4b0c => generated 246 bytes in 9 msecs (HTTP/1.1 404) 6 headers in 231 bytes (1 switches on core 0)
2026-04-12 21:58:58.177 8 INFO placement.requestlog [None req-4883846a-950a-493f-841a-0035bf4eb76f dec6a3b378074ea8bf06086154ccff03 9a29b167ac324dbfbe3d09d70a8bb734 - - 14985b99683b47b894f7428449dbfe2f 14985b99683b47b894f7428449dbfe2f] 10.0.0.135 "DELETE /resource_providers/8d78590a-e050-4250-bc7f-9c699dec4b0c" status: 404 len: 246 microversion: 1.1 [pid: 8|app: 0|req: 550/1104] 10.0.0.135 () {34 vars in 816 bytes} [Sun Apr 12 21:58:58 2026] DELETE /resource_providers/8d78590a-e050-4250-bc7f-9c699dec4b0c => generated 246 bytes in 12 msecs (HTTP/1.1 404) 6 headers in 231 bytes (1 switches on core 0)
2026-04-12 21:59:00.199 7 INFO placement.requestlog [None req-91361e9e-7812-4e34-9fb3-b564f2431237 dec6a3b378074ea8bf06086154ccff03 9a29b167ac324dbfbe3d09d70a8bb734 - - 14985b99683b47b894f7428449dbfe2f 14985b99683b47b894f7428449dbfe2f] 10.0.0.135 "GET /resource_providers/74e0cca9-edf2-4e68-9fba-77355c3bd0ef/aggregates" status: 404 len: 235 microversion: 1.1 [pid: 7|app: 0|req: 555/1105] 10.0.0.135 () {32 vars in 816 bytes} [Sun Apr 12 21:59:00 2026] GET /resource_providers/74e0cca9-edf2-4e68-9fba-77355c3bd0ef/aggregates => generated 235 bytes in 15 msecs (HTTP/1.1 404) 5 headers in 202 bytes (1 switches on core 0)
2026-04-12 21:59:00.201 8 INFO placement.requestlog [None req-e862d228-975d-4c9b-be86-dfb7fda5398d dec6a3b378074ea8bf06086154ccff03 9a29b167ac324dbfbe3d09d70a8bb734 - - 14985b99683b47b894f7428449dbfe2f 14985b99683b47b894f7428449dbfe2f] 10.0.0.135 "GET /resource_providers/74e0cca9-edf2-4e68-9fba-77355c3bd0ef/aggregates" status: 404 len: 235 microversion: 1.1 [pid: 8|app: 0|req: 551/1106] 10.0.0.135 () {32 vars in 816 bytes} [Sun Apr 12 21:59:00 2026] GET /resource_providers/74e0cca9-edf2-4e68-9fba-77355c3bd0ef/aggregates => generated 235 bytes in 11 msecs (HTTP/1.1 404) 5 headers in 202 bytes (1 switches on core 0)
2026-04-12 21:59:00.225 7 INFO placement.requestlog [None req-a70ae9d7-5711-4d95-a3eb-d7e08991a26d dec6a3b378074ea8bf06086154ccff03 9a29b167ac324dbfbe3d09d70a8bb734 - - 14985b99683b47b894f7428449dbfe2f 14985b99683b47b894f7428449dbfe2f] 10.0.0.135 "DELETE /resource_providers/74e0cca9-edf2-4e68-9fba-77355c3bd0ef" status: 404 len: 246 microversion: 1.1 [pid: 7|app: 0|req: 556/1107] 10.0.0.135 () {34 vars in 816 bytes} [Sun Apr 12 21:59:00 2026] DELETE /resource_providers/74e0cca9-edf2-4e68-9fba-77355c3bd0ef => generated 246 bytes in 12 msecs (HTTP/1.1 404) 6 headers in 231 bytes (1 switches on core 0)
2026-04-12 21:59:00.226 8 INFO placement.requestlog [None req-51ae954a-4a23-4f41-a263-bb81afefdc39 dec6a3b378074ea8bf06086154ccff03 9a29b167ac324dbfbe3d09d70a8bb734 - - 14985b99683b47b894f7428449dbfe2f 14985b99683b47b894f7428449dbfe2f] 10.0.0.135 "DELETE /resource_providers/74e0cca9-edf2-4e68-9fba-77355c3bd0ef" status: 404 len: 246 microversion: 1.1 [pid: 8|app: 0|req: 552/1108] 10.0.0.135 () {34 vars in 816 bytes} [Sun Apr 12 21:59:00 2026] DELETE /resource_providers/74e0cca9-edf2-4e68-9fba-77355c3bd0ef => generated 246 bytes in 12 msecs (HTTP/1.1 404) 6 headers in 231 bytes (1 switches on core 0)
2026-04-12 21:59:00.495 8 INFO placement.requestlog [None req-1cfb03d4-bf6a-4756-b722-4b431b980cbb dec6a3b378074ea8bf06086154ccff03 9a29b167ac324dbfbe3d09d70a8bb734 - - 14985b99683b47b894f7428449dbfe2f 14985b99683b47b894f7428449dbfe2f] 10.0.0.135 "GET /resource_providers/6938c8b4-c6fb-4e72-be65-29487701e868/aggregates" status: 404 len: 235 microversion: 1.1 [pid: 8|app: 0|req: 553/1109] 10.0.0.135 () {32 vars in 816 bytes} [Sun Apr 12 21:59:00 2026] GET /resource_providers/6938c8b4-c6fb-4e72-be65-29487701e868/aggregates => generated 235 bytes in 14 msecs (HTTP/1.1 404) 5 headers in 202 bytes (1 switches on core 0)
2026-04-12 21:59:00.496 7 INFO placement.requestlog [None req-f9d6c49c-675c-4f4c-b77c-54a0a16e908d dec6a3b378074ea8bf06086154ccff03 9a29b167ac324dbfbe3d09d70a8bb734 - - 14985b99683b47b894f7428449dbfe2f 14985b99683b47b894f7428449dbfe2f] 10.0.0.135 "GET /resource_providers/6938c8b4-c6fb-4e72-be65-29487701e868/aggregates" status: 404 len: 235 microversion: 1.1 [pid: 7|app: 0|req: 557/1110] 10.0.0.135 () {32 vars in 816 bytes} [Sun Apr 12 21:59:00 2026] GET /resource_providers/6938c8b4-c6fb-4e72-be65-29487701e868/aggregates => generated 235 bytes in 14 msecs (HTTP/1.1 404) 5 headers in 202 bytes (1 switches on core 0)
2026-04-12 21:59:00.519 8 INFO placement.requestlog [None req-bc71ee29-97fe-4b56-b568-3459495a7caa dec6a3b378074ea8bf06086154ccff03 9a29b167ac324dbfbe3d09d70a8bb734 - - 14985b99683b47b894f7428449dbfe2f 14985b99683b47b894f7428449dbfe2f] 10.0.0.135 "DELETE /resource_providers/6938c8b4-c6fb-4e72-be65-29487701e868" status: 404 len: 246 microversion: 1.1 [pid: 8|app: 0|req: 554/1111] 10.0.0.135 () {34 vars in 816 bytes} [Sun Apr 12 21:59:00 2026] DELETE /resource_providers/6938c8b4-c6fb-4e72-be65-29487701e868 => generated 246 bytes in 12 msecs (HTTP/1.1 404) 6 headers in 231 bytes (1 switches on core 0)
2026-04-12 21:59:00.519 7 INFO placement.requestlog [None req-8370a2dd-0c09-4ce3-8ad4-c745386cd5b8 dec6a3b378074ea8bf06086154ccff03 9a29b167ac324dbfbe3d09d70a8bb734 - - 14985b99683b47b894f7428449dbfe2f 14985b99683b47b894f7428449dbfe2f] 10.0.0.135 "DELETE /resource_providers/6938c8b4-c6fb-4e72-be65-29487701e868" status: 404 len: 246 microversion: 1.1 [pid: 7|app: 0|req: 558/1112] 10.0.0.135 () {34 vars in 816 bytes} [Sun Apr 12 21:59:00 2026] DELETE /resource_providers/6938c8b4-c6fb-4e72-be65-29487701e868 => generated 246 bytes in 11 msecs (HTTP/1.1 404) 6 headers in 231 bytes (1 switches on core 0)
2026-04-12 21:59:06.295 8 INFO placement.requestlog [None req-af535be9-3990-4638-907f-2ce0730144a0 - - - - - -] 10.0.0.173 "GET /" status: 200 len: 136 microversion: 1.0
2026-04-12 21:59:06.296 7 INFO placement.requestlog [None req-3094b185-4f81-42fe-bcdb-c73974f81685 - - - - - -] 10.0.0.173 "GET /" status: 200 len: 136 microversion: 1.0
2026-04-12 21:59:16.295 8 INFO placement.requestlog [None req-8ca4db50-ba46-4aa4-9f8e-81ed264e0861 - - - - - -] 10.0.0.173 "GET /" status: 200 len: 136 microversion: 1.0
2026-04-12 21:59:16.296 7 INFO placement.requestlog [None req-df1a51a1-2181-45c3-90b8-cad65d148836 - - - - - -] 10.0.0.173 "GET /" status: 200 len: 136 microversion: 1.0
2026-04-12 21:59:23.098 8 INFO placement.requestlog [None req-2af8cf5b-aa1f-4e4b-a61a-83c25ee2b58f dec6a3b378074ea8bf06086154ccff03 9a29b167ac324dbfbe3d09d70a8bb734 - - 14985b99683b47b894f7428449dbfe2f 14985b99683b47b894f7428449dbfe2f] 10.0.0.135 "GET /resource_providers/82ec0bbe-ca18-44be-af3f-07cc02e9cc4b/aggregates" status: 404 len: 235 microversion: 1.1 [pid: 8|app: 0|req: 557/1117] 10.0.0.135 () {32 vars in 816 bytes} [Sun Apr 12 21:59:23 2026] GET /resource_providers/82ec0bbe-ca18-44be-af3f-07cc02e9cc4b/aggregates => generated 235 bytes in 9 msecs (HTTP/1.1 404) 5 headers in 202 bytes (1 switches on core 0)
2026-04-12 21:59:23.101 7 INFO placement.requestlog [None req-1e414ea2-de91-4870-809e-d016bb6752e2 dec6a3b378074ea8bf06086154ccff03 9a29b167ac324dbfbe3d09d70a8bb734 - - 14985b99683b47b894f7428449dbfe2f 14985b99683b47b894f7428449dbfe2f] 10.0.0.135 "GET /resource_providers/82ec0bbe-ca18-44be-af3f-07cc02e9cc4b/aggregates" status: 404 len: 235 microversion: 1.1 [pid: 7|app: 0|req: 561/1118] 10.0.0.135 () {32 vars in 816 bytes} [Sun Apr 12 21:59:23 2026] GET /resource_providers/82ec0bbe-ca18-44be-af3f-07cc02e9cc4b/aggregates => generated 235 bytes in 12 msecs (HTTP/1.1 404) 5 headers in 202 bytes (1 switches on core 0)
2026-04-12 21:59:23.120 8 INFO placement.requestlog [None req-251b9b45-30f3-4fac-baef-ea46a4288892 dec6a3b378074ea8bf06086154ccff03 9a29b167ac324dbfbe3d09d70a8bb734 - - 14985b99683b47b894f7428449dbfe2f 14985b99683b47b894f7428449dbfe2f] 10.0.0.135 "DELETE /resource_providers/82ec0bbe-ca18-44be-af3f-07cc02e9cc4b" status: 404 len: 246 microversion: 1.1 [pid: 8|app: 0|req: 558/1119] 10.0.0.135 () {34 vars in 816 bytes} [Sun Apr 12 21:59:23 2026] DELETE /resource_providers/82ec0bbe-ca18-44be-af3f-07cc02e9cc4b => generated 246 bytes in 9 msecs (HTTP/1.1 404) 6 headers in 231 bytes (1 switches on core 0)
2026-04-12 21:59:23.125 7 INFO placement.requestlog [None req-d0284e24-9f8d-4393-baf8-4bd916f9f0cc dec6a3b378074ea8bf06086154ccff03 9a29b167ac324dbfbe3d09d70a8bb734 - - 14985b99683b47b894f7428449dbfe2f 14985b99683b47b894f7428449dbfe2f] 10.0.0.135 "DELETE /resource_providers/82ec0bbe-ca18-44be-af3f-07cc02e9cc4b" status: 404 len: 246 microversion: 1.1 [pid: 7|app: 0|req: 562/1120] 10.0.0.135 () {34 vars in 816 bytes} [Sun Apr 12 21:59:23 2026] DELETE /resource_providers/82ec0bbe-ca18-44be-af3f-07cc02e9cc4b => generated 246 bytes in 15 msecs (HTTP/1.1 404) 6 headers in 231 bytes (1 switches on core 0)
2026-04-12 21:59:25.145 8 INFO placement.requestlog [None req-c5833712-c46e-4730-be63-cc4c406adb59 dec6a3b378074ea8bf06086154ccff03 9a29b167ac324dbfbe3d09d70a8bb734 - - 14985b99683b47b894f7428449dbfe2f 14985b99683b47b894f7428449dbfe2f] 10.0.0.135 "GET /resource_providers/2a282f83-30b7-44df-bed0-a898b4f14afa/aggregates" status: 404 len: 235 microversion: 1.1 [pid: 8|app: 0|req: 559/1121] 10.0.0.135 () {32 vars in 816 bytes} [Sun Apr 12 21:59:25 2026] GET /resource_providers/2a282f83-30b7-44df-bed0-a898b4f14afa/aggregates => generated 235 bytes in 12 msecs (HTTP/1.1 404) 5 headers in 202 bytes (1 switches on core 0)
2026-04-12 21:59:25.153 7 INFO placement.requestlog [None req-134f6a64-7e5f-45ba-906b-2f0612996468 dec6a3b378074ea8bf06086154ccff03 9a29b167ac324dbfbe3d09d70a8bb734 - - 14985b99683b47b894f7428449dbfe2f 14985b99683b47b894f7428449dbfe2f] 10.0.0.135 "GET /resource_providers/2a282f83-30b7-44df-bed0-a898b4f14afa/aggregates" status: 404 len: 235 microversion: 1.1 [pid: 7|app: 0|req: 563/1122] 10.0.0.135 () {32 vars in 816 bytes} [Sun Apr 12 21:59:25 2026] GET /resource_providers/2a282f83-30b7-44df-bed0-a898b4f14afa/aggregates => generated 235 bytes in 13 msecs (HTTP/1.1 404) 5 headers in 202 bytes (1 switches on core 0)
2026-04-12 21:59:25.181 8 INFO placement.requestlog [None req-9024ef98-9a03-40ca-b007-215e86645353 dec6a3b378074ea8bf06086154ccff03 9a29b167ac324dbfbe3d09d70a8bb734 - - 14985b99683b47b894f7428449dbfe2f 14985b99683b47b894f7428449dbfe2f] 10.0.0.135 "DELETE /resource_providers/2a282f83-30b7-44df-bed0-a898b4f14afa" status: 404 len: 246 microversion: 1.1 [pid: 8|app: 0|req: 560/1123] 10.0.0.135 () {34 vars in 816 bytes} [Sun Apr 12 21:59:25 2026] DELETE /resource_providers/2a282f83-30b7-44df-bed0-a898b4f14afa => generated 246 bytes in 13 msecs (HTTP/1.1 404) 6 headers in 231 bytes (1 switches on core 0)
2026-04-12 21:59:25.184 7 INFO placement.requestlog [None req-0598b04d-5ddb-4585-a941-898bc69cb838 dec6a3b378074ea8bf06086154ccff03 9a29b167ac324dbfbe3d09d70a8bb734 - - 14985b99683b47b894f7428449dbfe2f 14985b99683b47b894f7428449dbfe2f] 10.0.0.135 "DELETE /resource_providers/2a282f83-30b7-44df-bed0-a898b4f14afa" status: 404 len: 246 microversion: 1.1 [pid: 7|app: 0|req: 564/1124] 10.0.0.135 () {34 vars in 816 bytes} [Sun Apr 12 21:59:25 2026] DELETE /resource_providers/2a282f83-30b7-44df-bed0-a898b4f14afa => generated 246 bytes in 11 msecs (HTTP/1.1 404) 6 headers in 231 bytes (1 switches on core 0)
2026-04-12 21:59:25.211 8 INFO placement.requestlog [None req-76678634-da88-4cac-9647-5905554d5a41 dec6a3b378074ea8bf06086154ccff03 9a29b167ac324dbfbe3d09d70a8bb734 - - 14985b99683b47b894f7428449dbfe2f 14985b99683b47b894f7428449dbfe2f] 10.0.0.135 "GET /resource_providers/a418a61b-2f5b-41c9-bc02-8538ffdb8213/aggregates" status: 404 len: 235 microversion: 1.1 [pid: 8|app: 0|req: 561/1125] 10.0.0.135 () {32 vars in 816 bytes} [Sun Apr 12 21:59:25 2026] GET /resource_providers/a418a61b-2f5b-41c9-bc02-8538ffdb8213/aggregates => generated 235 bytes in 13 msecs (HTTP/1.1 404) 5 headers in 202 bytes (1 switches on core 0)
2026-04-12 21:59:25.213 7 INFO placement.requestlog [None req-6e118fb1-7477-47d7-8a05-da7ccd659022 dec6a3b378074ea8bf06086154ccff03 9a29b167ac324dbfbe3d09d70a8bb734 - - 14985b99683b47b894f7428449dbfe2f 14985b99683b47b894f7428449dbfe2f] 10.0.0.135 "GET /resource_providers/a418a61b-2f5b-41c9-bc02-8538ffdb8213/aggregates" status: 404 len: 235 microversion: 1.1 [pid: 7|app: 0|req: 565/1126] 10.0.0.135 () {32 vars in 816 bytes} [Sun Apr 12 21:59:25 2026] GET /resource_providers/a418a61b-2f5b-41c9-bc02-8538ffdb8213/aggregates => generated 235 bytes in 15 msecs (HTTP/1.1 404) 5 headers in 202 bytes (1 switches on core 0)
2026-04-12 21:59:25.228 8 INFO placement.requestlog [None req-57a53a9d-7f87-4c9c-b976-cc66e46d667d dec6a3b378074ea8bf06086154ccff03 9a29b167ac324dbfbe3d09d70a8bb734 - - 14985b99683b47b894f7428449dbfe2f 14985b99683b47b894f7428449dbfe2f] 10.0.0.135 "DELETE /resource_providers/a418a61b-2f5b-41c9-bc02-8538ffdb8213" status: 404 len: 246 microversion: 1.1 [pid: 8|app: 0|req: 562/1127] 10.0.0.135 () {34 vars in 816 bytes} [Sun Apr 12 21:59:25 2026] DELETE /resource_providers/a418a61b-2f5b-41c9-bc02-8538ffdb8213 => generated 246 bytes in 10 msecs (HTTP/1.1 404) 6 headers in 231 bytes (1 switches on core 0)
2026-04-12 21:59:25.237 7 INFO placement.requestlog [None req-3b087318-c6b2-43d4-a4c0-0e13e9542ce2 dec6a3b378074ea8bf06086154ccff03 9a29b167ac324dbfbe3d09d70a8bb734 - - 14985b99683b47b894f7428449dbfe2f 14985b99683b47b894f7428449dbfe2f] 10.0.0.135 "DELETE /resource_providers/a418a61b-2f5b-41c9-bc02-8538ffdb8213" status: 404 len: 246 microversion: 1.1 [pid: 7|app: 0|req: 566/1128] 10.0.0.135 () {34 vars in 816 bytes} [Sun Apr 12 21:59:25 2026] DELETE /resource_providers/a418a61b-2f5b-41c9-bc02-8538ffdb8213 => generated 246 bytes in 14 msecs (HTTP/1.1 404) 6 headers in 231 bytes (1 switches on core 0)
2026-04-12 21:59:25.243 8 INFO placement.requestlog [None req-f1a64105-f7b6-4c4c-9009-6f2d381d7946 dec6a3b378074ea8bf06086154ccff03 9a29b167ac324dbfbe3d09d70a8bb734 - - 14985b99683b47b894f7428449dbfe2f 14985b99683b47b894f7428449dbfe2f] 10.0.0.135 "GET /resource_providers/fc4ef7f4-b277-453b-b35a-3cf2e3fcc7c7/aggregates" status: 404 len: 235 microversion: 1.1 [pid: 8|app: 0|req: 563/1129] 10.0.0.135 () {32 vars in 816 bytes} [Sun Apr 12 21:59:25 2026] GET /resource_providers/fc4ef7f4-b277-453b-b35a-3cf2e3fcc7c7/aggregates => generated 235 bytes in 10 msecs (HTTP/1.1 404) 5 headers in 202 bytes (1 switches on core 0)
2026-04-12 21:59:25.261 7 INFO placement.requestlog [None req-adaa7679-d06f-4411-b5b7-479a45940b9c dec6a3b378074ea8bf06086154ccff03 9a29b167ac324dbfbe3d09d70a8bb734 - - 14985b99683b47b894f7428449dbfe2f 14985b99683b47b894f7428449dbfe2f] 10.0.0.135 "GET /resource_providers/fc4ef7f4-b277-453b-b35a-3cf2e3fcc7c7/aggregates" status: 404 len: 235 microversion: 1.1 [pid: 7|app: 0|req: 567/1130] 10.0.0.135 () {32 vars in 816 bytes} [Sun Apr 12 21:59:25 2026] GET /resource_providers/fc4ef7f4-b277-453b-b35a-3cf2e3fcc7c7/aggregates => generated 235 bytes in 17 msecs (HTTP/1.1 404) 5 headers in 202 bytes (1 switches on core 0)
2026-04-12 21:59:25.268 8 INFO placement.requestlog [None req-eecd0d45-7de1-4928-a364-0a4782e9408f dec6a3b378074ea8bf06086154ccff03 9a29b167ac324dbfbe3d09d70a8bb734 - - 14985b99683b47b894f7428449dbfe2f 14985b99683b47b894f7428449dbfe2f] 10.0.0.135 "DELETE /resource_providers/fc4ef7f4-b277-453b-b35a-3cf2e3fcc7c7" status: 404 len: 246 microversion: 1.1 [pid: 8|app: 0|req: 564/1131] 10.0.0.135 () {34 vars in 816 bytes} [Sun Apr 12 21:59:25 2026] DELETE /resource_providers/fc4ef7f4-b277-453b-b35a-3cf2e3fcc7c7 => generated 246 bytes in 17 msecs (HTTP/1.1 404) 6 headers in 231 bytes (1 switches on core 0)
2026-04-12 21:59:25.848 7 INFO placement.requestlog [None req-802ea452-4551-4b8d-8e6e-fa2d5db225a6 dec6a3b378074ea8bf06086154ccff03 9a29b167ac324dbfbe3d09d70a8bb734 - - 14985b99683b47b894f7428449dbfe2f 14985b99683b47b894f7428449dbfe2f] 10.0.0.135 "GET /resource_providers/e2c519bd-88e1-4df2-9007-094e77833f66/aggregates" status: 404 len: 235 microversion: 1.1 [pid: 7|app: 0|req: 568/1132] 10.0.0.135 () {32 vars in 816 bytes} [Sun Apr 12 21:59:25 2026] GET /resource_providers/e2c519bd-88e1-4df2-9007-094e77833f66/aggregates => generated 235 bytes in 14 msecs (HTTP/1.1 404) 5 headers in 202 bytes (1 switches on core 0)
2026-04-12 21:59:25.853 8 INFO placement.requestlog [None req-1c2d9433-2b58-4e4d-85ce-2604c7d72b79 dec6a3b378074ea8bf06086154ccff03 9a29b167ac324dbfbe3d09d70a8bb734 - - 14985b99683b47b894f7428449dbfe2f 14985b99683b47b894f7428449dbfe2f] 10.0.0.135 "DELETE /resource_providers/fc4ef7f4-b277-453b-b35a-3cf2e3fcc7c7" status: 404 len: 246 microversion: 1.1 [pid: 8|app: 0|req: 565/1133] 10.0.0.135 () {34 vars in 816 bytes} [Sun Apr 12 21:59:25 2026] DELETE /resource_providers/fc4ef7f4-b277-453b-b35a-3cf2e3fcc7c7 => generated 246 bytes in 20 msecs (HTTP/1.1 404) 6 headers in 231 bytes (1 switches on core 0)
2026-04-12 21:59:25.872 8 INFO placement.requestlog [None req-11e005c0-0f3d-4074-a197-4a4ef843d182 dec6a3b378074ea8bf06086154ccff03 9a29b167ac324dbfbe3d09d70a8bb734 - - 14985b99683b47b894f7428449dbfe2f 14985b99683b47b894f7428449dbfe2f] 10.0.0.135 "GET /resource_providers/e2c519bd-88e1-4df2-9007-094e77833f66/aggregates" status: 404 len: 235 microversion: 1.1 [pid: 8|app: 0|req: 566/1134] 10.0.0.135 () {32 vars in 816 bytes} [Sun Apr 12 21:59:25 2026] GET /resource_providers/e2c519bd-88e1-4df2-9007-094e77833f66/aggregates => generated 235 bytes in 9 msecs (HTTP/1.1 404) 5 headers in 202 bytes (1 switches on core 0)
2026-04-12 21:59:25.873 7 INFO placement.requestlog [None req-2f2dcf3b-7786-4d53-8f50-e54e27baed62 dec6a3b378074ea8bf06086154ccff03 9a29b167ac324dbfbe3d09d70a8bb734 - - 14985b99683b47b894f7428449dbfe2f 14985b99683b47b894f7428449dbfe2f] 10.0.0.135 "DELETE /resource_providers/e2c519bd-88e1-4df2-9007-094e77833f66" status: 404 len: 246 microversion: 1.1 [pid: 7|app: 0|req: 569/1135] 10.0.0.135 () {34 vars in 816 bytes} [Sun Apr 12 21:59:25 2026] DELETE /resource_providers/e2c519bd-88e1-4df2-9007-094e77833f66 => generated 246 bytes in 12 msecs (HTTP/1.1 404) 6 headers in 231 bytes (1 switches on core 0)
2026-04-12 21:59:25.893 8 INFO placement.requestlog [None req-74f9e4e1-0ae6-4086-b28a-816a9d0bf4b6 dec6a3b378074ea8bf06086154ccff03 9a29b167ac324dbfbe3d09d70a8bb734 - - 14985b99683b47b894f7428449dbfe2f 14985b99683b47b894f7428449dbfe2f] 10.0.0.135 "DELETE /resource_providers/e2c519bd-88e1-4df2-9007-094e77833f66" status: 404 len: 246 microversion: 1.1 [pid: 8|app: 0|req: 567/1136] 10.0.0.135 () {34 vars in 816 bytes} [Sun Apr 12 21:59:25 2026] DELETE /resource_providers/e2c519bd-88e1-4df2-9007-094e77833f66 => generated 246 bytes in 8 msecs (HTTP/1.1 404) 6 headers in 231 bytes (1 switches on core 0)
2026-04-12 21:59:26.294 8 INFO placement.requestlog [None req-496c027c-4687-475a-9bd1-791d9fbaee15 - - - - - -] 10.0.0.173 "GET /" status: 200 len: 136 microversion: 1.0
2026-04-12 21:59:26.296 7 INFO placement.requestlog [None req-362df21e-a6da-425a-9283-5a889248f378 - - - - - -] 10.0.0.173 "GET /" status: 200 len: 136 microversion: 1.0
2026-04-12 21:59:32.342 8 INFO placement.requestlog [req-c905d7a0-1514-4cd9-9b9f-c8604a975ebc req-d138efe0-ebe3-4d95-becb-813c7f15e1e7 f250c5b6b63149c688626255e6dcae6d 9a29b167ac324dbfbe3d09d70a8bb734 - - 14985b99683b47b894f7428449dbfe2f 14985b99683b47b894f7428449dbfe2f] 10.0.0.130 "GET /allocation_candidates?limit=1000&resources=DISK_GB%3A1%2CMEMORY_MB%3A512%2CVCPU%3A1&root_required=%21COMPUTE_STATUS_DISABLED" status: 200 len: 2217 microversion: 1.36 [pid: 8|app: 0|req: 569/1139] 10.0.0.130 () {34 vars in 1012 bytes} [Sun Apr 12 21:59:32 2026] GET /allocation_candidates?limit=1000&resources=DISK_GB%3A1%2CMEMORY_MB%3A512%2CVCPU%3A1&root_required=%21COMPUTE_STATUS_DISABLED => generated 2217 bytes in 59 msecs (HTTP/1.1 200) 8 headers in 297 bytes (1 switches on core 0)
2026-04-12 21:59:32.371 7 INFO placement.requestlog [req-c905d7a0-1514-4cd9-9b9f-c8604a975ebc req-d7a99ac3-07af-4f73-953c-dbfc4e6b83eb f250c5b6b63149c688626255e6dcae6d 9a29b167ac324dbfbe3d09d70a8bb734 - - 14985b99683b47b894f7428449dbfe2f 14985b99683b47b894f7428449dbfe2f] 10.0.0.130 "GET /allocations/338a6faf-ab53-4072-a303-4c06b350cac3" status: 200 len: 19 microversion: 1.28 [pid: 7|app: 0|req: 571/1140] 10.0.0.130 () {34 vars in 861 bytes} [Sun Apr 12 21:59:32 2026] GET /allocations/338a6faf-ab53-4072-a303-4c06b350cac3 => generated 19 bytes in 9 msecs (HTTP/1.1 200) 8 headers in 295 bytes (1 switches on core 0)
2026-04-12 21:59:32.449 8 INFO placement.requestlog [req-c905d7a0-1514-4cd9-9b9f-c8604a975ebc req-10c50a17-315c-4e4f-a353-36ce73a48b4b f250c5b6b63149c688626255e6dcae6d 9a29b167ac324dbfbe3d09d70a8bb734 - - 14985b99683b47b894f7428449dbfe2f 14985b99683b47b894f7428449dbfe2f] 10.0.0.130 "PUT /allocations/338a6faf-ab53-4072-a303-4c06b350cac3" status: 204 len: 0 microversion: 1.36 [pid: 8|app: 0|req: 570/1141] 10.0.0.130 () {38 vars in 914 bytes} [Sun Apr 12 21:59:32 2026] PUT /allocations/338a6faf-ab53-4072-a303-4c06b350cac3 => generated 0 bytes in 73 msecs (HTTP/1.1 204) 5 headers in 199 bytes (1 switches on core 0)
2026-04-12 21:59:32.762 7 INFO placement.requestlog [req-c905d7a0-1514-4cd9-9b9f-c8604a975ebc req-cbccff44-a9ff-4428-9830-3a6f1d967a32 f250c5b6b63149c688626255e6dcae6d 9a29b167ac324dbfbe3d09d70a8bb734 - - 14985b99683b47b894f7428449dbfe2f 14985b99683b47b894f7428449dbfe2f] 199.204.45.238 "GET /allocations/338a6faf-ab53-4072-a303-4c06b350cac3" status: 200 len: 258 microversion: 1.28 [pid: 7|app: 0|req: 572/1142] 199.204.45.238 () {34 vars in 863 bytes} [Sun Apr 12 21:59:32 2026] GET /allocations/338a6faf-ab53-4072-a303-4c06b350cac3 => generated 258 bytes in 17 msecs (HTTP/1.1 200) 8 headers in 296 bytes (1 switches on core 0)
2026-04-12 21:59:32.873 8 INFO placement.requestlog [req-c905d7a0-1514-4cd9-9b9f-c8604a975ebc req-440776e2-f724-4f95-b80a-8c0bac0e3c7c f250c5b6b63149c688626255e6dcae6d 9a29b167ac324dbfbe3d09d70a8bb734 - - 14985b99683b47b894f7428449dbfe2f 14985b99683b47b894f7428449dbfe2f] 199.204.45.238 "GET /resource_providers/ee53cf77-95af-486c-b2aa-b4f200e66870/allocations" status: 200 len: 153 microversion: 1.0 [pid: 8|app: 0|req: 571/1143] 199.204.45.238 () {32 vars in 857 bytes} [Sun Apr 12 21:59:32 2026] GET /resource_providers/ee53cf77-95af-486c-b2aa-b4f200e66870/allocations => generated 153 bytes in 18 msecs (HTTP/1.1 200) 6 headers in 224 bytes (1 switches on core 0)
2026-04-12 21:59:32.896 7 INFO placement.requestlog [req-c905d7a0-1514-4cd9-9b9f-c8604a975ebc req-d17ab2d5-bc91-4ee4-86bf-922d2b228e71 f250c5b6b63149c688626255e6dcae6d 9a29b167ac324dbfbe3d09d70a8bb734 - - 14985b99683b47b894f7428449dbfe2f 14985b99683b47b894f7428449dbfe2f] 199.204.45.238 "GET /allocations/338a6faf-ab53-4072-a303-4c06b350cac3" status: 200 len: 258 microversion: 1.28 [pid: 7|app: 0|req: 573/1144] 199.204.45.238 () {34 vars in 863 bytes} [Sun Apr 12 21:59:32 2026] GET /allocations/338a6faf-ab53-4072-a303-4c06b350cac3 => generated 258 bytes in 16 msecs (HTTP/1.1 200) 8 headers in 296 bytes (1 switches on core 0)
2026-04-12 21:59:34.463 8 INFO placement.requestlog [req-9d61435d-d215-47ee-b5e2-f8aad17c53e2 req-267e0c4a-0205-4bec-9052-e9659daf069c f250c5b6b63149c688626255e6dcae6d 9a29b167ac324dbfbe3d09d70a8bb734 - - 14985b99683b47b894f7428449dbfe2f 14985b99683b47b894f7428449dbfe2f] 199.204.45.238 "GET /resource_providers/ee53cf77-95af-486c-b2aa-b4f200e66870/allocations" status: 200 len: 153 microversion: 1.0 [pid: 8|app: 0|req: 572/1145] 199.204.45.238 () {32 vars in 857 bytes} [Sun Apr 12 21:59:34 2026] GET /resource_providers/ee53cf77-95af-486c-b2aa-b4f200e66870/allocations => generated 153 bytes in 25 msecs (HTTP/1.1 200) 6 headers in 224 bytes (1 switches on core 0)
2026-04-12 21:59:34.496 7 INFO placement.requestlog [req-9d61435d-d215-47ee-b5e2-f8aad17c53e2 req-12c5db18-1854-4767-b0dd-2cfd5499147d f250c5b6b63149c688626255e6dcae6d 9a29b167ac324dbfbe3d09d70a8bb734 - - 14985b99683b47b894f7428449dbfe2f 14985b99683b47b894f7428449dbfe2f] 199.204.45.238 "GET /resource_providers/ee53cf77-95af-486c-b2aa-b4f200e66870/allocations" status: 200 len: 153 microversion: 1.0 [pid: 7|app: 0|req: 574/1146] 199.204.45.238 () {32 vars in 857 bytes} [Sun Apr 12 21:59:34 2026] GET /resource_providers/ee53cf77-95af-486c-b2aa-b4f200e66870/allocations => generated 153 bytes in 25 msecs (HTTP/1.1 200) 6 headers in 224 bytes (1 switches on core 0)
2026-04-12 21:59:34.525 8 INFO placement.requestlog [req-9d61435d-d215-47ee-b5e2-f8aad17c53e2 req-1a3f5edb-0791-4e53-a83d-18a8fba69b3d f250c5b6b63149c688626255e6dcae6d 9a29b167ac324dbfbe3d09d70a8bb734 - - 14985b99683b47b894f7428449dbfe2f 14985b99683b47b894f7428449dbfe2f] 199.204.45.238 "GET /allocations/338a6faf-ab53-4072-a303-4c06b350cac3" status: 200 len: 258 microversion: 1.28 [pid: 8|app: 0|req: 573/1147] 199.204.45.238 () {34 vars in 863 bytes} [Sun Apr 12 21:59:34 2026] GET /allocations/338a6faf-ab53-4072-a303-4c06b350cac3 => generated 258 bytes in 21 msecs (HTTP/1.1 200) 8 headers in 296 bytes (1 switches on core 0)
2026-04-12 21:59:36.295 8 INFO placement.requestlog [None req-cb51fe82-4247-41ca-869e-33051ec400e7 - - - - - -] 10.0.0.173 "GET /" status: 200 len: 136 microversion: 1.0
2026-04-12 21:59:36.297 7 INFO placement.requestlog [None req-6971cab1-627b-4de8-aa76-1a2d2b1ca742 - - - - - -] 10.0.0.173 "GET /" status: 200 len: 136 microversion: 1.0
2026-04-12 21:59:43.166 8 INFO placement.requestlog [None req-5b0a46b0-b7ec-4af8-bbea-8269e4fe2b2c dec6a3b378074ea8bf06086154ccff03 9a29b167ac324dbfbe3d09d70a8bb734 - - 14985b99683b47b894f7428449dbfe2f 14985b99683b47b894f7428449dbfe2f] 10.0.0.135 "GET /resource_providers/47dea2cf-e2b8-4fdf-9a1e-d3ee0766806f/aggregates" status: 404 len: 235 microversion: 1.1 [pid: 8|app: 0|req: 575/1150] 10.0.0.135 () {32 vars in 816 bytes} [Sun Apr 12 21:59:43 2026] GET /resource_providers/47dea2cf-e2b8-4fdf-9a1e-d3ee0766806f/aggregates => generated 235 bytes in 12 msecs (HTTP/1.1 404) 5 headers in 202 bytes (1 switches on core 0)
2026-04-12 21:59:43.170 7 INFO placement.requestlog [None req-2a2f5429-18e4-4a6f-ab78-6a76f71efc8d dec6a3b378074ea8bf06086154ccff03 9a29b167ac324dbfbe3d09d70a8bb734 - - 14985b99683b47b894f7428449dbfe2f 14985b99683b47b894f7428449dbfe2f] 10.0.0.135 "GET /resource_providers/47dea2cf-e2b8-4fdf-9a1e-d3ee0766806f/aggregates" status: 404 len: 235 microversion: 1.1 [pid: 7|app: 0|req: 576/1151] 10.0.0.135 () {32 vars in 816 bytes} [Sun Apr 12 21:59:43 2026] GET /resource_providers/47dea2cf-e2b8-4fdf-9a1e-d3ee0766806f/aggregates => generated 235 bytes in 12 msecs (HTTP/1.1 404) 5 headers in 202 bytes (1 switches on core 0)
2026-04-12 21:59:43.195 7 INFO placement.requestlog [None req-2f311684-88a2-4a0e-9271-3aca1a303fcb dec6a3b378074ea8bf06086154ccff03 9a29b167ac324dbfbe3d09d70a8bb734 - - 14985b99683b47b894f7428449dbfe2f 14985b99683b47b894f7428449dbfe2f] 10.0.0.135 "DELETE /resource_providers/47dea2cf-e2b8-4fdf-9a1e-d3ee0766806f" status: 404 len: 246 microversion: 1.1 [pid: 7|app: 0|req: 577/1152] 10.0.0.135 () {34 vars in 816 bytes} [Sun Apr 12 21:59:43 2026] DELETE /resource_providers/47dea2cf-e2b8-4fdf-9a1e-d3ee0766806f => generated 246 bytes in 11 msecs (HTTP/1.1 404) 6 headers in 231 bytes (1 switches on core 0)
2026-04-12 21:59:43.200 8 INFO placement.requestlog [None req-abbfdcd7-181b-4f8f-8c5a-d6674ce46e4b dec6a3b378074ea8bf06086154ccff03 9a29b167ac324dbfbe3d09d70a8bb734 - - 14985b99683b47b894f7428449dbfe2f 14985b99683b47b894f7428449dbfe2f] 10.0.0.135 "DELETE /resource_providers/47dea2cf-e2b8-4fdf-9a1e-d3ee0766806f" status: 404 len: 246 microversion: 1.1 [pid: 8|app: 0|req: 576/1153] 10.0.0.135 () {34 vars in 816 bytes} [Sun Apr 12 21:59:43 2026] DELETE /resource_providers/47dea2cf-e2b8-4fdf-9a1e-d3ee0766806f => generated 246 bytes in 16 msecs (HTTP/1.1 404) 6 headers in 231 bytes (1 switches on core 0)
2026-04-12 21:59:46.174 7 INFO placement.requestlog [req-6d402239-b3f7-4199-9cc7-2ae7e1fe903e req-fca50a0e-30a3-4538-a02e-63973665b6e6 f250c5b6b63149c688626255e6dcae6d 9a29b167ac324dbfbe3d09d70a8bb734 - - 14985b99683b47b894f7428449dbfe2f 14985b99683b47b894f7428449dbfe2f] 10.0.0.130 "GET /allocation_candidates?limit=1000&resources=DISK_GB%3A1%2CMEMORY_MB%3A512%2CVCPU%3A1&root_required=%21COMPUTE_STATUS_DISABLED" status: 200 len: 2219 microversion: 1.36 [pid: 7|app: 0|req: 578/1154] 10.0.0.130 () {34 vars in 1012 bytes} [Sun Apr 12 21:59:46 2026] GET /allocation_candidates?limit=1000&resources=DISK_GB%3A1%2CMEMORY_MB%3A512%2CVCPU%3A1&root_required=%21COMPUTE_STATUS_DISABLED => generated 2219 bytes in 57 msecs (HTTP/1.1 200) 8 headers in 297 bytes (1 switches on core 0)
2026-04-12 21:59:46.216 8 INFO placement.requestlog [req-6d402239-b3f7-4199-9cc7-2ae7e1fe903e req-7a91eba1-96b9-4921-bd38-7afe3aa951d8 f250c5b6b63149c688626255e6dcae6d 9a29b167ac324dbfbe3d09d70a8bb734 - - 14985b99683b47b894f7428449dbfe2f 14985b99683b47b894f7428449dbfe2f] 10.0.0.130 "GET /allocations/a2a561e8-c33b-40df-a30f-f4c57c500791" status: 200 len: 19 microversion: 1.28 [pid: 8|app: 0|req: 577/1155] 10.0.0.130 () {34 vars in 861 bytes} [Sun Apr 12 21:59:46 2026] GET /allocations/a2a561e8-c33b-40df-a30f-f4c57c500791 => generated 19 bytes in 20 msecs (HTTP/1.1 200) 8 headers in 295 bytes (1 switches on core 0)
2026-04-12 21:59:46.294 8 INFO placement.requestlog [None req-8a2f8d53-a8ea-43ed-bd62-ff15b727c61b - - - - - -] 10.0.0.173 "GET /" status: 200 len: 136 microversion: 1.0
2026-04-12 21:59:46.295 8 INFO placement.requestlog [None req-8f785ff9-9580-4802-a319-e91863faf399 - - - - - -] 10.0.0.173 "GET /" status: 200 len: 136 microversion: 1.0
2026-04-12 21:59:46.314 7 INFO placement.requestlog [req-6d402239-b3f7-4199-9cc7-2ae7e1fe903e req-0d8f7251-75e0-402b-b747-a94086d20ebb f250c5b6b63149c688626255e6dcae6d 9a29b167ac324dbfbe3d09d70a8bb734 - - 14985b99683b47b894f7428449dbfe2f 14985b99683b47b894f7428449dbfe2f] 10.0.0.130 "PUT /allocations/a2a561e8-c33b-40df-a30f-f4c57c500791" status: 204 len: 0 microversion: 1.36 [pid: 7|app: 0|req: 579/1158] 10.0.0.130 () {38 vars in 914 bytes} [Sun Apr 12 21:59:46 2026] PUT /allocations/a2a561e8-c33b-40df-a30f-f4c57c500791 => generated 0 bytes in 85 msecs (HTTP/1.1 204) 5 headers in 199 bytes (1 switches on core 0)
2026-04-12 21:59:46.588 8 INFO placement.requestlog [req-6d402239-b3f7-4199-9cc7-2ae7e1fe903e req-4598906a-7196-4b07-84a6-f3c620768495 f250c5b6b63149c688626255e6dcae6d 9a29b167ac324dbfbe3d09d70a8bb734 - - 14985b99683b47b894f7428449dbfe2f 14985b99683b47b894f7428449dbfe2f] 199.204.45.238 "GET /allocations/a2a561e8-c33b-40df-a30f-f4c57c500791" status: 200 len: 258 microversion: 1.28 [pid: 8|app: 0|req: 580/1159] 199.204.45.238 () {34 vars in 863 bytes} [Sun Apr 12 21:59:46 2026] GET /allocations/a2a561e8-c33b-40df-a30f-f4c57c500791 => generated 258 bytes in 16 msecs (HTTP/1.1 200) 8 headers in 296 bytes (1 switches on core 0)
2026-04-12 21:59:46.721 7 INFO placement.requestlog [req-6d402239-b3f7-4199-9cc7-2ae7e1fe903e req-4c2ea471-7ded-496b-80fc-d7f6accdc4fb f250c5b6b63149c688626255e6dcae6d 9a29b167ac324dbfbe3d09d70a8bb734 - - 14985b99683b47b894f7428449dbfe2f 14985b99683b47b894f7428449dbfe2f] 199.204.45.238 "GET /resource_providers/ee53cf77-95af-486c-b2aa-b4f200e66870/allocations" status: 200 len: 253 microversion: 1.0 [pid: 7|app: 0|req: 580/1160] 199.204.45.238 () {32 vars in 857 bytes} [Sun Apr 12 21:59:46 2026] GET /resource_providers/ee53cf77-95af-486c-b2aa-b4f200e66870/allocations => generated 253 bytes in 19 msecs (HTTP/1.1 200) 6 headers in 224 bytes (1 switches on core 0)
2026-04-12 21:59:46.746 8 INFO placement.requestlog [req-6d402239-b3f7-4199-9cc7-2ae7e1fe903e req-b26485f7-e979-44a0-bf60-87686a35813c f250c5b6b63149c688626255e6dcae6d 9a29b167ac324dbfbe3d09d70a8bb734 - - 14985b99683b47b894f7428449dbfe2f 14985b99683b47b894f7428449dbfe2f] 199.204.45.238 "GET /allocations/338a6faf-ab53-4072-a303-4c06b350cac3" status: 200 len: 258 microversion: 1.28 [pid: 8|app: 0|req: 581/1161] 199.204.45.238 () {34 vars in 863 bytes} [Sun Apr 12 21:59:46 2026] GET /allocations/338a6faf-ab53-4072-a303-4c06b350cac3 => generated 258 bytes in 16 msecs (HTTP/1.1 200) 8 headers in 296 bytes (1 switches on core 0)
2026-04-12 21:59:46.767 7 INFO placement.requestlog [req-6d402239-b3f7-4199-9cc7-2ae7e1fe903e req-a009360e-92fc-4ddc-8e7e-b594314cce6a f250c5b6b63149c688626255e6dcae6d 9a29b167ac324dbfbe3d09d70a8bb734 - - 14985b99683b47b894f7428449dbfe2f 14985b99683b47b894f7428449dbfe2f] 199.204.45.238 "GET /allocations/a2a561e8-c33b-40df-a30f-f4c57c500791" status: 200 len: 258 microversion: 1.28 [pid: 7|app: 0|req: 581/1162] 199.204.45.238 () {34 vars in 863 bytes} [Sun Apr 12 21:59:46 2026] GET /allocations/a2a561e8-c33b-40df-a30f-f4c57c500791 => generated 258 bytes in 11 msecs (HTTP/1.1 200) 8 headers in 296 bytes (1 switches on core 0)
2026-04-12 21:59:49.353 8 INFO placement.requestlog [None req-2585d665-6ac3-41ec-ae5e-f77b6d34334f dec6a3b378074ea8bf06086154ccff03 9a29b167ac324dbfbe3d09d70a8bb734 - - 14985b99683b47b894f7428449dbfe2f 14985b99683b47b894f7428449dbfe2f] 10.0.0.135 "GET /resource_providers/4e17f013-e2d9-4a3d-a20a-66110a222469/aggregates" status: 404 len: 235 microversion: 1.1 [pid: 8|app: 0|req: 582/1163] 10.0.0.135 () {32 vars in 816 bytes} [Sun Apr 12 21:59:49 2026] GET /resource_providers/4e17f013-e2d9-4a3d-a20a-66110a222469/aggregates => generated 235 bytes in 12 msecs (HTTP/1.1 404) 5 headers in 202 bytes (1 switches on core 0)
2026-04-12 21:59:49.355 7 INFO placement.requestlog [None req-feb50e9f-a8eb-474c-9376-bf5b32884811 dec6a3b378074ea8bf06086154ccff03 9a29b167ac324dbfbe3d09d70a8bb734 - - 14985b99683b47b894f7428449dbfe2f 14985b99683b47b894f7428449dbfe2f] 10.0.0.135 "GET /resource_providers/4e17f013-e2d9-4a3d-a20a-66110a222469/aggregates" status: 404 len: 235 microversion: 1.1 [pid: 7|app: 0|req: 582/1164] 10.0.0.135 () {32 vars in 816 bytes} [Sun Apr 12 21:59:49 2026] GET /resource_providers/4e17f013-e2d9-4a3d-a20a-66110a222469/aggregates => generated 235 bytes in 14 msecs (HTTP/1.1 404) 5 headers in 202 bytes (1 switches on core 0)
2026-04-12 21:59:49.373 7 INFO placement.requestlog [None req-af3f3d5e-f0f5-4770-adcb-8c5ecf7aa608 dec6a3b378074ea8bf06086154ccff03 9a29b167ac324dbfbe3d09d70a8bb734 - - 14985b99683b47b894f7428449dbfe2f 14985b99683b47b894f7428449dbfe2f] 10.0.0.135 "DELETE /resource_providers/4e17f013-e2d9-4a3d-a20a-66110a222469" status: 404 len: 246 microversion: 1.1 [pid: 7|app: 0|req: 583/1165] 10.0.0.135 () {34 vars in 816 bytes} [Sun Apr 12 21:59:49 2026] DELETE /resource_providers/4e17f013-e2d9-4a3d-a20a-66110a222469 => generated 246 bytes in 9 msecs (HTTP/1.1 404) 6 headers in 231 bytes (1 switches on core 0)
2026-04-12 21:59:49.379 8 INFO placement.requestlog [None req-ee3eceaa-350a-4b68-a1d9-d69818b72cf8 dec6a3b378074ea8bf06086154ccff03 9a29b167ac324dbfbe3d09d70a8bb734 - - 14985b99683b47b894f7428449dbfe2f 14985b99683b47b894f7428449dbfe2f] 10.0.0.135 "DELETE /resource_providers/4e17f013-e2d9-4a3d-a20a-66110a222469" status: 404 len: 246 microversion: 1.1 [pid: 8|app: 0|req: 583/1166] 10.0.0.135 () {34 vars in 816 bytes} [Sun Apr 12 21:59:49 2026] DELETE /resource_providers/4e17f013-e2d9-4a3d-a20a-66110a222469 => generated 246 bytes in 15 msecs (HTTP/1.1 404) 6 headers in 231 bytes (1 switches on core 0)
2026-04-12 21:59:56.295 7 INFO placement.requestlog [None req-9e4d6991-0d22-44d9-b416-043a6e18d865 - - - - - -] 10.0.0.173 "GET /" status: 200 len: 136 microversion: 1.0
2026-04-12 21:59:56.295 8 INFO placement.requestlog [None req-d4efb9c6-a6fe-492b-a60b-8dc9cdabaafd - - - - - -] 10.0.0.173 "GET /" status: 200 len: 136 microversion: 1.0
2026-04-12 22:00:03.983 8 INFO placement.requestlog [None req-28ebab62-083f-409f-9c88-362982604fe2 dec6a3b378074ea8bf06086154ccff03 9a29b167ac324dbfbe3d09d70a8bb734 - - 14985b99683b47b894f7428449dbfe2f 14985b99683b47b894f7428449dbfe2f] 10.0.0.135 "GET /resource_providers/ce696758-e2f7-441f-847b-07093067e1d4/aggregates" status: 404 len: 235 microversion: 1.1 [pid: 8|app: 0|req: 585/1169] 10.0.0.135 () {32 vars in 816 bytes} [Sun Apr 12 22:00:03 2026] GET /resource_providers/ce696758-e2f7-441f-847b-07093067e1d4/aggregates => generated 235 bytes in 17 msecs (HTTP/1.1 404) 5 headers in 202 bytes (1 switches on core 0)
2026-04-12 22:00:03.984 7 INFO placement.requestlog [None req-6ba36001-18ae-4560-9352-fa76a38d3604 dec6a3b378074ea8bf06086154ccff03 9a29b167ac324dbfbe3d09d70a8bb734 - - 14985b99683b47b894f7428449dbfe2f 14985b99683b47b894f7428449dbfe2f] 10.0.0.135 "GET /resource_providers/ce696758-e2f7-441f-847b-07093067e1d4/aggregates" status: 404 len: 235 microversion: 1.1 [pid: 7|app: 0|req: 585/1170] 10.0.0.135 () {32 vars in 816 bytes} [Sun Apr 12 22:00:03 2026] GET /resource_providers/ce696758-e2f7-441f-847b-07093067e1d4/aggregates => generated 235 bytes in 18 msecs (HTTP/1.1 404) 5 headers in 202 bytes (1 switches on core 0)
2026-04-12 22:00:04.017 8 INFO placement.requestlog [None req-f2f1067c-4955-4e3f-b7fe-d21bd8a6cbef dec6a3b378074ea8bf06086154ccff03 9a29b167ac324dbfbe3d09d70a8bb734 - - 14985b99683b47b894f7428449dbfe2f 14985b99683b47b894f7428449dbfe2f] 10.0.0.135 "DELETE /resource_providers/ce696758-e2f7-441f-847b-07093067e1d4" status: 404 len: 246 microversion: 1.1 [pid: 8|app: 0|req: 586/1171] 10.0.0.135 () {34 vars in 816 bytes} [Sun Apr 12 22:00:04 2026] DELETE /resource_providers/ce696758-e2f7-441f-847b-07093067e1d4 => generated 246 bytes in 17 msecs (HTTP/1.1 404) 6 headers in 231 bytes (1 switches on core 0)
2026-04-12 22:00:04.017 7 INFO placement.requestlog [None req-86d7aeeb-5ca7-4db6-a328-6b4d86ec1723 dec6a3b378074ea8bf06086154ccff03 9a29b167ac324dbfbe3d09d70a8bb734 - - 14985b99683b47b894f7428449dbfe2f 14985b99683b47b894f7428449dbfe2f] 10.0.0.135 "DELETE /resource_providers/ce696758-e2f7-441f-847b-07093067e1d4" status: 404 len: 246 microversion: 1.1 [pid: 7|app: 0|req: 586/1172] 10.0.0.135 () {34 vars in 816 bytes} [Sun Apr 12 22:00:04 2026] DELETE /resource_providers/ce696758-e2f7-441f-847b-07093067e1d4 => generated 246 bytes in 17 msecs (HTTP/1.1 404) 6 headers in 231 bytes (1 switches on core 0)
2026-04-12 22:00:04.235 7 INFO placement.requestlog [None req-1fb82cd3-4703-4b7e-8499-c29b1a828228 dec6a3b378074ea8bf06086154ccff03 9a29b167ac324dbfbe3d09d70a8bb734 - - 14985b99683b47b894f7428449dbfe2f 14985b99683b47b894f7428449dbfe2f] 10.0.0.135 "GET /resource_providers/ead1d80c-506e-4a94-b83e-e6a4f6d6760c/aggregates" status: 404 len: 235 microversion: 1.1 [pid: 7|app: 0|req: 587/1173] 10.0.0.135 () {32 vars in 816 bytes} [Sun Apr 12 22:00:04 2026] GET /resource_providers/ead1d80c-506e-4a94-b83e-e6a4f6d6760c/aggregates => generated 235 bytes in 13 msecs (HTTP/1.1 404) 5 headers in 202 bytes (1 switches on core 0)
2026-04-12 22:00:04.235 8 INFO placement.requestlog [None req-2fea95bc-5295-452b-bf92-e53d10b6d894 dec6a3b378074ea8bf06086154ccff03 9a29b167ac324dbfbe3d09d70a8bb734 - - 14985b99683b47b894f7428449dbfe2f 14985b99683b47b894f7428449dbfe2f] 10.0.0.135 "GET /resource_providers/ead1d80c-506e-4a94-b83e-e6a4f6d6760c/aggregates" status: 404 len: 235 microversion: 1.1 [pid: 8|app: 0|req: 587/1174] 10.0.0.135 () {32 vars in 816 bytes} [Sun Apr 12 22:00:04 2026] GET /resource_providers/ead1d80c-506e-4a94-b83e-e6a4f6d6760c/aggregates => generated 235 bytes in 15 msecs (HTTP/1.1 404) 5 headers in 202 bytes (1 switches on core 0)
2026-04-12 22:00:05.271 8 INFO placement.requestlog [None req-07d6c3d0-4fdd-4134-93a5-f7f8dbfa7185 dec6a3b378074ea8bf06086154ccff03 9a29b167ac324dbfbe3d09d70a8bb734 - - 14985b99683b47b894f7428449dbfe2f 14985b99683b47b894f7428449dbfe2f] 10.0.0.135 "DELETE /resource_providers/ead1d80c-506e-4a94-b83e-e6a4f6d6760c" status: 404 len: 246 microversion: 1.1 [pid: 8|app: 0|req: 588/1175] 10.0.0.135 () {34 vars in 816 bytes} [Sun Apr 12 22:00:05 2026] DELETE /resource_providers/ead1d80c-506e-4a94-b83e-e6a4f6d6760c => generated 246 bytes in 16 msecs (HTTP/1.1 404) 6 headers in 231 bytes (1 switches on core 0)
2026-04-12 22:00:05.273 7 INFO placement.requestlog [None req-b80f6a53-0ede-4e3d-8739-9620a1b6a69f dec6a3b378074ea8bf06086154ccff03 9a29b167ac324dbfbe3d09d70a8bb734 - - 14985b99683b47b894f7428449dbfe2f 14985b99683b47b894f7428449dbfe2f] 10.0.0.135 "DELETE /resource_providers/ead1d80c-506e-4a94-b83e-e6a4f6d6760c" status: 404 len: 246 microversion: 1.1 [pid: 7|app: 0|req: 588/1176] 10.0.0.135 () {34 vars in 816 bytes} [Sun Apr 12 22:00:05 2026] DELETE /resource_providers/ead1d80c-506e-4a94-b83e-e6a4f6d6760c => generated 246 bytes in 20 msecs (HTTP/1.1 404) 6 headers in 231 bytes (1 switches on core 0)
2026-04-12 22:00:06.295 8 INFO placement.requestlog [None req-db8cf6d3-08b0-4766-a9e8-30a9067c13db - - - - - -] 10.0.0.173 "GET /" status: 200 len: 136 microversion: 1.0
2026-04-12 22:00:06.295 7 INFO placement.requestlog [None req-a8b9f9ed-2a9e-40b0-8dc9-c81e38877649 - - - - - -] 10.0.0.173 "GET /" status: 200 len: 136 microversion: 1.0
2026-04-12 22:00:16.295 8 INFO placement.requestlog [None req-5d22eb1c-9b93-498c-98db-dfd4c5da8642 - - - - - -] 10.0.0.173 "GET /" status: 200 len: 136 microversion: 1.0
2026-04-12 22:00:16.296 7 INFO placement.requestlog [None req-89256dfd-89ee-4edd-8905-e261cf9dd26d - - - - - -] 10.0.0.173 "GET /" status: 200 len: 136 microversion: 1.0
2026-04-12 22:00:21.522 8 INFO placement.requestlog [req-2aec25cc-63d4-430b-999f-e0fcb9f289ae req-47647413-10cd-4c0d-b7ea-345eb4474396 f250c5b6b63149c688626255e6dcae6d 9a29b167ac324dbfbe3d09d70a8bb734 - - 14985b99683b47b894f7428449dbfe2f 14985b99683b47b894f7428449dbfe2f] 10.0.0.130 "GET /allocation_candidates?limit=1000&resources=MEMORY_MB%3A2048%2CVCPU%3A2&root_required=%21COMPUTE_STATUS_DISABLED" status: 200 len: 2207 microversion: 1.36 [pid: 8|app: 0|req: 591/1181] 10.0.0.130 () {34 vars in 986 bytes} [Sun Apr 12 22:00:21 2026] GET /allocation_candidates?limit=1000&resources=MEMORY_MB%3A2048%2CVCPU%3A2&root_required=%21COMPUTE_STATUS_DISABLED => generated 2207 bytes in 155 msecs (HTTP/1.1 200) 8 headers in 297 bytes (1 switches on core 0)
2026-04-12 22:00:21.553 7 INFO placement.requestlog [req-2aec25cc-63d4-430b-999f-e0fcb9f289ae req-0ce9e8a9-1364-4a07-be05-54f5d464537a f250c5b6b63149c688626255e6dcae6d 9a29b167ac324dbfbe3d09d70a8bb734 - - 14985b99683b47b894f7428449dbfe2f 14985b99683b47b894f7428449dbfe2f] 10.0.0.130 "GET /allocations/0556dc99-0260-4e08-9245-899b816e1c62" status: 200 len: 19 microversion: 1.28 [pid: 7|app: 0|req: 591/1182] 10.0.0.130 () {34 vars in 861 bytes} [Sun Apr 12 22:00:21 2026] GET /allocations/0556dc99-0260-4e08-9245-899b816e1c62 => generated 19 bytes in 12 msecs (HTTP/1.1 200) 8 headers in 295 bytes (1 switches on core 0)
2026-04-12 22:00:21.630 8 INFO placement.requestlog [req-2aec25cc-63d4-430b-999f-e0fcb9f289ae req-05f45378-c645-4672-8a9a-0af714cf1b6f f250c5b6b63149c688626255e6dcae6d 9a29b167ac324dbfbe3d09d70a8bb734 - - 14985b99683b47b894f7428449dbfe2f 14985b99683b47b894f7428449dbfe2f] 10.0.0.130 "PUT /allocations/0556dc99-0260-4e08-9245-899b816e1c62" status: 204 len: 0 microversion: 1.36 [pid: 8|app: 0|req: 592/1183] 10.0.0.130 () {38 vars in 914 bytes} [Sun Apr 12 22:00:21 2026] PUT /allocations/0556dc99-0260-4e08-9245-899b816e1c62 => generated 0 bytes in 68 msecs (HTTP/1.1 204) 5 headers in 199 bytes (1 switches on core 0)
2026-04-12 22:00:21.983 7 INFO placement.requestlog [req-2aec25cc-63d4-430b-999f-e0fcb9f289ae req-8eeffa64-6d95-453d-b54f-f6297eea9ff6 f250c5b6b63149c688626255e6dcae6d 9a29b167ac324dbfbe3d09d70a8bb734 - - 14985b99683b47b894f7428449dbfe2f 14985b99683b47b894f7428449dbfe2f] 199.204.45.238 "GET /allocations/0556dc99-0260-4e08-9245-899b816e1c62" status: 200 len: 245 microversion: 1.28 [pid: 7|app: 0|req: 592/1184] 199.204.45.238 () {34 vars in 863 bytes} [Sun Apr 12 22:00:21 2026] GET /allocations/0556dc99-0260-4e08-9245-899b816e1c62 => generated 245 bytes in 16 msecs (HTTP/1.1 200) 8 headers in 296 bytes (1 switches on core 0)
2026-04-12 22:00:22.150 8 INFO placement.requestlog [req-2aec25cc-63d4-430b-999f-e0fcb9f289ae req-071defb0-be81-4f2d-90c8-b6886e1d378c f250c5b6b63149c688626255e6dcae6d 9a29b167ac324dbfbe3d09d70a8bb734 - - 14985b99683b47b894f7428449dbfe2f 14985b99683b47b894f7428449dbfe2f] 199.204.45.238 "GET /resource_providers/ee53cf77-95af-486c-b2aa-b4f200e66870/allocations" status: 200 len: 340 microversion: 1.0 [pid: 8|app: 0|req: 593/1185] 199.204.45.238 () {32 vars in 857 bytes} [Sun Apr 12 22:00:22 2026] GET /resource_providers/ee53cf77-95af-486c-b2aa-b4f200e66870/allocations => generated 340 bytes in 20 msecs (HTTP/1.1 200) 6 headers in 224 bytes (1 switches on core 0)
2026-04-12 22:00:22.177 7 INFO placement.requestlog [req-2aec25cc-63d4-430b-999f-e0fcb9f289ae req-57fd9eb6-faea-4581-85c4-347b679adbf7 f250c5b6b63149c688626255e6dcae6d 9a29b167ac324dbfbe3d09d70a8bb734 - - 14985b99683b47b894f7428449dbfe2f 14985b99683b47b894f7428449dbfe2f] 199.204.45.238 "GET /allocations/338a6faf-ab53-4072-a303-4c06b350cac3" status: 200 len: 258 microversion: 1.28 [pid: 7|app: 0|req: 593/1186] 199.204.45.238 () {34 vars in 863 bytes} [Sun Apr 12 22:00:22 2026] GET /allocations/338a6faf-ab53-4072-a303-4c06b350cac3 => generated 258 bytes in 19 msecs (HTTP/1.1 200) 8 headers in 296 bytes (1 switches on core 0)
2026-04-12 22:00:22.198 8 INFO placement.requestlog [req-2aec25cc-63d4-430b-999f-e0fcb9f289ae req-1686254d-19d8-4a66-9a5c-96e24302d484 f250c5b6b63149c688626255e6dcae6d 9a29b167ac324dbfbe3d09d70a8bb734 - - 14985b99683b47b894f7428449dbfe2f 14985b99683b47b894f7428449dbfe2f] 199.204.45.238 "GET /allocations/0556dc99-0260-4e08-9245-899b816e1c62" status: 200 len: 245 microversion: 1.28 [pid: 8|app: 0|req: 594/1187] 199.204.45.238 () {34 vars in 863 bytes} [Sun Apr 12 22:00:22 2026] GET /allocations/0556dc99-0260-4e08-9245-899b816e1c62 => generated 245 bytes in 15 msecs (HTTP/1.1 200) 8 headers in 296 bytes (1 switches on core 0)
2026-04-12 22:00:22.223 7 INFO placement.requestlog [req-2aec25cc-63d4-430b-999f-e0fcb9f289ae req-f73949ed-40d7-4760-b91d-a09ebb270377 f250c5b6b63149c688626255e6dcae6d 9a29b167ac324dbfbe3d09d70a8bb734 - - 14985b99683b47b894f7428449dbfe2f 14985b99683b47b894f7428449dbfe2f] 199.204.45.238 "GET /allocations/a2a561e8-c33b-40df-a30f-f4c57c500791" status: 200 len: 258 microversion: 1.28 [pid: 7|app: 0|req: 594/1188] 199.204.45.238 () {34 vars in 863 bytes} [Sun Apr 12 22:00:22 2026] GET /allocations/a2a561e8-c33b-40df-a30f-f4c57c500791 => generated 258 bytes in 16 msecs (HTTP/1.1 200) 8 headers in 296 bytes (1 switches on core 0)
2026-04-12 22:00:26.294 7 INFO placement.requestlog [None req-d84c7de2-cd1a-41fc-962a-139368e3acad - - - - - -] 10.0.0.173 "GET /" status: 200 len: 136 microversion: 1.0
2026-04-12 22:00:26.295 8 INFO placement.requestlog [None req-42ebc0fa-0d8e-4f79-aa4f-56115649adb1 - - - - - -] 10.0.0.173 "GET /" status: 200 len: 136 microversion: 1.0
2026-04-12 22:00:34.683 7 INFO placement.requestlog [req-a17792db-e062-49a0-bc9b-80bbf67008ed req-96e32419-d652-4a18-a412-1212737db22f f250c5b6b63149c688626255e6dcae6d 9a29b167ac324dbfbe3d09d70a8bb734 - - 14985b99683b47b894f7428449dbfe2f 14985b99683b47b894f7428449dbfe2f] 199.204.45.238 "GET /resource_providers/ee53cf77-95af-486c-b2aa-b4f200e66870/allocations" status: 200 len: 340 microversion: 1.0 [pid: 7|app: 0|req: 596/1191] 199.204.45.238 () {32 vars in 857 bytes} [Sun Apr 12 22:00:34 2026] GET /resource_providers/ee53cf77-95af-486c-b2aa-b4f200e66870/allocations => generated 340 bytes in 22 msecs (HTTP/1.1 200) 6 headers in 224 bytes (1 switches on core 0)
2026-04-12 22:00:34.715 8 INFO placement.requestlog [req-a17792db-e062-49a0-bc9b-80bbf67008ed req-e4070adc-9912-4bb8-9034-635521833bb1 f250c5b6b63149c688626255e6dcae6d 9a29b167ac324dbfbe3d09d70a8bb734 - - 14985b99683b47b894f7428449dbfe2f 14985b99683b47b894f7428449dbfe2f] 199.204.45.238 "GET /resource_providers/ee53cf77-95af-486c-b2aa-b4f200e66870/allocations" status: 200 len: 340 microversion: 1.0 [pid: 8|app: 0|req: 596/1192] 199.204.45.238 () {32 vars in 857 bytes} [Sun Apr 12 22:00:34 2026] GET /resource_providers/ee53cf77-95af-486c-b2aa-b4f200e66870/allocations => generated 340 bytes in 21 msecs (HTTP/1.1 200) 6 headers in 224 bytes (1 switches on core 0)
