+ COMMAND=start + start + exec neutron-rpc-server --config-file /etc/neutron/neutron.conf --config-file /etc/neutron/plugins/ml2/ml2_conf.ini /var/lib/openstack/lib/python3.10/site-packages/neutron/common/utils.py:55: UserWarning: pkg_resources is deprecated as an API. See https://setuptools.pypa.io/en/latest/pkg_resources.html. The pkg_resources package is slated for removal as early as 2025-11-30. Refrain from using this package or pin to Setuptools<81. import pkg_resources
2026-04-12 21:21:10.361 1 INFO neutron.common.config [-] Logging enabled!
2026-04-12 21:21:10.361 1 INFO neutron.common.config [-] /var/lib/openstack/bin/neutron-rpc-server version 24.2.2.dev7
2026-04-12 21:21:10.362 1 INFO neutron.server.rpc_eventlet [-] Eventlet based AMQP RPC server starting...
2026-04-12 21:21:10.362 1 INFO neutron.manager [-] Loading core plugin: ml2
2026-04-12 21:21:11.384 1 INFO neutron.plugins.ml2.managers [-] Configured type driver names: ['flat', 'gre', 'vlan', 'vxlan']
2026-04-12 21:21:11.386 1 INFO neutron.plugins.ml2.drivers.type_flat [-] Arbitrary flat physical_network names allowed
2026-04-12 21:21:11.389 1 INFO neutron.plugins.ml2.drivers.type_vlan [-] Network VLAN ranges: OrderedDict([('external', [(1, 4094)])])
2026-04-12 21:21:11.390 1 INFO neutron.plugins.ml2.managers [-] Loaded type driver names: ['flat', 'gre', 'vlan', 'vxlan']
2026-04-12 21:21:11.390 1 INFO neutron.plugins.ml2.managers [-] Registered types: dict_keys(['flat', 'gre', 'vlan', 'vxlan'])
2026-04-12 21:21:11.390 1 INFO neutron.plugins.ml2.managers [-] Tenant network_types: ['vxlan']
2026-04-12 21:21:11.390 1 INFO neutron.plugins.ml2.managers [-] Configured extension driver names: ['dns_domain_ports', 'port_security', 'qos']
2026-04-12 21:21:11.395 1 INFO neutron.plugins.ml2.managers [-] Loaded extension driver names: ['dns_domain_ports', 'port_security', 'qos']
2026-04-12 21:21:11.395 1 INFO neutron.plugins.ml2.managers [-] Registered extension drivers: ['dns_domain_ports', 'port_security', 'qos']
2026-04-12 21:21:11.396 1 INFO neutron.plugins.ml2.managers [-] Configured mechanism driver names: ['openvswitch', 'l2population']
2026-04-12 21:21:11.412 1 INFO neutron.plugins.ml2.drivers.mech_agent [-] Open vSwitch agent's supported_vnic_types: ['normal', 'direct', 'smart-nic', 'vdpa']
2026-04-12 21:21:11.413 1 INFO neutron.plugins.ml2.managers [-] Loaded mechanism driver names: ['openvswitch', 'l2population']
2026-04-12 21:21:11.413 1 INFO neutron.plugins.ml2.managers [-] Registered mechanism drivers: ['openvswitch', 'l2population']
2026-04-12 21:21:11.449 1 INFO neutron.plugins.ml2.managers [-] Initializing driver for type 'flat'
2026-04-12 21:21:11.449 1 INFO neutron.plugins.ml2.drivers.type_flat [-] ML2 FlatTypeDriver initialization complete
2026-04-12 21:21:11.449 1 INFO neutron.plugins.ml2.managers [-] Initializing driver for type 'gre'
2026-04-12 21:21:11.450 1 INFO neutron.plugins.ml2.drivers.type_tunnel [-] gre ID ranges: [(1, 1000)]
2026-04-12 21:21:11.455 1 WARNING oslo_policy.policy [None req-0c6f680a-3ad9-4113-913b-ac43fab03859 - - - - - -] Policies ['delete_port', 'update_port:allowed_address_pairs', 'update_port:allowed_address_pairs:ip_address', 'update_port:allowed_address_pairs:mac_address', 'update_port:fixed_ips', 'update_port:mac_address'] reference a rule that is not defined.
2026-04-12 21:21:11.715 1 INFO neutron.plugins.ml2.managers [None req-0c6f680a-3ad9-4113-913b-ac43fab03859 - - - - - -] Initializing driver for type 'vlan'
2026-04-12 21:21:11.882 1 INFO neutron.plugins.ml2.drivers.type_vlan [None req-0c6f680a-3ad9-4113-913b-ac43fab03859 - - - - - -] VlanTypeDriver initialization complete
2026-04-12 21:21:11.883 1 INFO neutron.plugins.ml2.managers [None req-0c6f680a-3ad9-4113-913b-ac43fab03859 - - - - - -] Initializing driver for type 'vxlan'
2026-04-12 21:21:11.883 1 INFO neutron.plugins.ml2.drivers.type_tunnel [None req-0c6f680a-3ad9-4113-913b-ac43fab03859 - - - - - -] vxlan ID ranges: [(1, 1000)]
2026-04-12 21:21:11.928 1 INFO neutron.plugins.ml2.managers [None req-0c6f680a-3ad9-4113-913b-ac43fab03859 - - - - - -] Initializing extension driver 'dns_domain_ports'
2026-04-12 21:21:11.929 1 INFO neutron.plugins.ml2.extensions.dns_integration [None req-0c6f680a-3ad9-4113-913b-ac43fab03859 - - - - - -] DNSDomainPortsExtensionDriver initialization complete
2026-04-12 21:21:11.929 1 INFO neutron.plugins.ml2.managers [None req-0c6f680a-3ad9-4113-913b-ac43fab03859 - - - - - -] Initializing extension driver 'port_security'
2026-04-12 21:21:11.929 1 INFO neutron.plugins.ml2.extensions.port_security [None req-0c6f680a-3ad9-4113-913b-ac43fab03859 - - - - - -] PortSecurityExtensionDriver initialization complete
2026-04-12 21:21:11.930 1 INFO neutron.plugins.ml2.managers [None req-0c6f680a-3ad9-4113-913b-ac43fab03859 - - - - - -] Initializing extension driver 'qos'
2026-04-12 21:21:11.930 1 INFO neutron.plugins.ml2.managers [None req-0c6f680a-3ad9-4113-913b-ac43fab03859 - - - - - -] Initializing mechanism driver 'openvswitch'
2026-04-12 21:21:11.930 1 INFO neutron.plugins.ml2.managers [None req-0c6f680a-3ad9-4113-913b-ac43fab03859 - - - - - -] Initializing mechanism driver 'l2population'
2026-04-12 21:21:11.947 1 INFO neutron.quota [None req-38c039f7-74e6-4a0c-862f-308d3cf5d653 - - - - - -] Loaded quota_driver: .
2026-04-12 21:21:11.947 1 INFO neutron.plugins.ml2.plugin [None req-38c039f7-74e6-4a0c-862f-308d3cf5d653 - - - - - -] Modular L2 Plugin initialization complete
2026-04-12 21:21:11.948 1 INFO neutron.plugins.ml2.managers [None req-38c039f7-74e6-4a0c-862f-308d3cf5d653 - - - - - -] Got dns-integration extension from driver 'dns_domain_ports'
2026-04-12 21:21:11.948 1 INFO neutron.plugins.ml2.managers [None req-38c039f7-74e6-4a0c-862f-308d3cf5d653 - - - - - -] Got dns-domain-ports extension from driver 'dns_domain_ports'
2026-04-12 21:21:11.948 1 INFO neutron.plugins.ml2.managers [None req-38c039f7-74e6-4a0c-862f-308d3cf5d653 - - - - - -] Got port-security extension from driver 'port_security'
2026-04-12 21:21:11.948 1 INFO neutron.extensions.vlantransparent [None req-38c039f7-74e6-4a0c-862f-308d3cf5d653 - - - - - -] Disabled vlantransparent extension.
2026-04-12 21:21:11.949 1 INFO neutron.manager [None req-38c039f7-74e6-4a0c-862f-308d3cf5d653 - - - - - -] Loading Plugin: qos
2026-04-12 21:21:11.958 1 INFO neutron.manager [None req-38c039f7-74e6-4a0c-862f-308d3cf5d653 - - - - - -] Loading Plugin: router
2026-04-12 21:21:11.988 1 INFO neutron.services.service_base [None req-38c039f7-74e6-4a0c-862f-308d3cf5d653 - - - - - -] Default provider is not specified for service type L3_ROUTER_NAT
2026-04-12 21:21:11.989 1 INFO neutron.manager [None req-38c039f7-74e6-4a0c-862f-308d3cf5d653 - - - - - -] Loading Plugin: segments
2026-04-12 21:21:12.052 1 INFO neutron.manager [None req-38c039f7-74e6-4a0c-862f-308d3cf5d653 - - - - - -] Loading Plugin: trunk
2026-04-12 21:21:12.110 1 INFO neutron.manager [None req-38c039f7-74e6-4a0c-862f-308d3cf5d653 - - - - - -] Loading Plugin: vpnaas
2026-04-12 21:21:12.152 1 WARNING stevedore.named [None req-38c039f7-74e6-4a0c-862f-308d3cf5d653 - - - - - -] Could not load neutron_vpnaas.services.vpn.service_drivers.ipsec.IPsecVPNDriver
2026-04-12 21:21:12.212 1 INFO neutron_vpnaas.services.vpn.plugin [None req-38c039f7-74e6-4a0c-862f-308d3cf5d653 - - - - - -] VPN plugin using service drivers: dict_keys(['strongswan']), default: strongswan
2026-04-12 21:21:12.213 1 INFO neutron.common.utils [None req-38c039f7-74e6-4a0c-862f-308d3cf5d653 - - - - - -] Disable filter validation extension by service plugin VPNDriverPlugin.
2026-04-12 21:21:12.213 1 INFO neutron.manager [None req-38c039f7-74e6-4a0c-862f-308d3cf5d653 - - - - - -] Loading Plugin: auto_allocate
2026-04-12 21:21:12.217 1 INFO neutron.manager [None req-38c039f7-74e6-4a0c-862f-308d3cf5d653 - - - - - -] Loading Plugin: tag
2026-04-12 21:21:12.221 1 INFO neutron.manager [None req-38c039f7-74e6-4a0c-862f-308d3cf5d653 - - - - - -] Loading Plugin: timestamp
2026-04-12 21:21:12.223 1 INFO neutron.manager [None req-38c039f7-74e6-4a0c-862f-308d3cf5d653 - - - - - -] Loading Plugin: network_ip_availability
2026-04-12 21:21:12.228 1 INFO neutron.manager [None req-38c039f7-74e6-4a0c-862f-308d3cf5d653 - - - - - -] Loading Plugin: flavors
2026-04-12 21:21:12.231 1 INFO neutron.manager [None req-38c039f7-74e6-4a0c-862f-308d3cf5d653 - - - - - -] Loading Plugin: revisions
2026-04-12 21:21:12.233 1 INFO neutron.api.extensions [None req-38c039f7-74e6-4a0c-862f-308d3cf5d653 - - - - - -] Initializing extension manager.
2026-04-12 21:21:12.234 1 INFO neutron.api.extensions [None req-38c039f7-74e6-4a0c-862f-308d3cf5d653 - - - - - -] Loaded extension: address-group
2026-04-12 21:21:12.235 1 INFO neutron.api.extensions [None req-38c039f7-74e6-4a0c-862f-308d3cf5d653 - - - - - -] Loaded extension: address-scope
2026-04-12 21:21:12.235 1 INFO neutron.api.extensions [None req-38c039f7-74e6-4a0c-862f-308d3cf5d653 - - - - - -] Loaded extension: router-admin-state-down-before-update
2026-04-12 21:21:12.236 1 INFO neutron.api.extensions [None req-38c039f7-74e6-4a0c-862f-308d3cf5d653 - - - - - -] Loaded extension: agent
2026-04-12 21:21:12.236 1 INFO neutron.api.extensions [None req-38c039f7-74e6-4a0c-862f-308d3cf5d653 - - - - - -] Loaded extension: agent-resources-synced
2026-04-12 21:21:12.238 1 INFO neutron.api.extensions [None req-38c039f7-74e6-4a0c-862f-308d3cf5d653 - - - - - -] Loaded extension: allowed-address-pairs
2026-04-12 21:21:12.238 1 INFO neutron.api.extensions [None req-38c039f7-74e6-4a0c-862f-308d3cf5d653 - - - - - -] Loaded extension: auto-allocated-topology
2026-04-12 21:21:12.239 1 INFO neutron.api.extensions [None req-38c039f7-74e6-4a0c-862f-308d3cf5d653 - - - - - -] Loaded extension: availability_zone
2026-04-12 21:21:12.239 1 INFO neutron.api.extensions [None req-38c039f7-74e6-4a0c-862f-308d3cf5d653 - - - - - -] Loaded extension: availability_zone_filter
2026-04-12 21:21:12.240 1 INFO neutron.api.extensions [None req-38c039f7-74e6-4a0c-862f-308d3cf5d653 - - - - - -] Extension data-plane-status not supported by any of loaded plugins
2026-04-12 21:21:12.240 1 INFO neutron.api.extensions [None req-38c039f7-74e6-4a0c-862f-308d3cf5d653 - - - - - -] Loaded extension: default-subnetpools
2026-04-12 21:21:12.241 1 INFO neutron.api.extensions [None req-38c039f7-74e6-4a0c-862f-308d3cf5d653 - - - - - -] Loaded extension: dhcp_agent_scheduler
2026-04-12 21:21:12.242 1 INFO neutron.api.extensions [None req-38c039f7-74e6-4a0c-862f-308d3cf5d653 - - - - - -] Loaded extension: dns-integration
2026-04-12 21:21:12.242 1 INFO neutron.api.extensions [None req-38c039f7-74e6-4a0c-862f-308d3cf5d653 - - - - - -] Loaded extension: dns-domain-ports
2026-04-12 21:21:12.243 1 INFO neutron.api.extensions [None req-38c039f7-74e6-4a0c-862f-308d3cf5d653 - - - - - -] Extension dns-integration-domain-keywords not supported by any of loaded plugins
2026-04-12 21:21:12.243 1 INFO neutron.api.extensions [None req-38c039f7-74e6-4a0c-862f-308d3cf5d653 - - - - - -] Loaded extension: dvr
2026-04-12 21:21:12.244 1 INFO neutron.api.extensions [None req-38c039f7-74e6-4a0c-862f-308d3cf5d653 - - - - - -] Extension ecmp_routes not supported by any of loaded plugins
2026-04-12 21:21:12.244 1 INFO neutron.api.extensions [None req-38c039f7-74e6-4a0c-862f-308d3cf5d653 - - - - - -] Loaded extension: empty-string-filtering
2026-04-12 21:21:12.245 1 INFO neutron.api.extensions [None req-38c039f7-74e6-4a0c-862f-308d3cf5d653 - - - - - -] Extension expose-l3-conntrack-helper not supported by any of loaded plugins
2026-04-12 21:21:12.245 1 INFO neutron.api.extensions [None req-38c039f7-74e6-4a0c-862f-308d3cf5d653 - - - - - -] Extension expose-port-forwarding-in-fip not supported by any of loaded plugins
2026-04-12 21:21:12.246 1 INFO neutron.api.extensions [None req-38c039f7-74e6-4a0c-862f-308d3cf5d653 - - - - - -] Loaded extension: external-net
2026-04-12 21:21:12.246 1 INFO neutron.api.extensions [None req-38c039f7-74e6-4a0c-862f-308d3cf5d653 - - - - - -] Loaded extension: extra_dhcp_opt
2026-04-12 21:21:12.247 1 INFO neutron.api.extensions [None req-38c039f7-74e6-4a0c-862f-308d3cf5d653 - - - - - -] Loaded extension: extraroute
2026-04-12 21:21:12.247 1 INFO neutron.api.extensions [None req-38c039f7-74e6-4a0c-862f-308d3cf5d653 - - - - - -] Loaded extension: extraroute-atomic
2026-04-12 21:21:12.248 1 INFO neutron.api.extensions [None req-38c039f7-74e6-4a0c-862f-308d3cf5d653 - - - - - -] Extension filter-validation not supported by any of loaded plugins
2026-04-12 21:21:12.248 1 INFO neutron.api.extensions [None req-38c039f7-74e6-4a0c-862f-308d3cf5d653 - - - - - -] Extension floating-ip-port-forwarding-description not supported by any of loaded plugins
2026-04-12 21:21:12.249 1 INFO neutron.api.extensions [None req-38c039f7-74e6-4a0c-862f-308d3cf5d653 - - - - - -] Loaded extension: floating-ip-port-forwarding-detail
2026-04-12 21:21:12.249 1 INFO neutron.api.extensions [None req-38c039f7-74e6-4a0c-862f-308d3cf5d653 - - - - - -] Extension floating-ip-port-forwarding-port-ranges not supported by any of loaded plugins
2026-04-12 21:21:12.249 1 INFO neutron.api.extensions [None req-38c039f7-74e6-4a0c-862f-308d3cf5d653 - - - - - -] Loaded extension: fip-port-details
2026-04-12 21:21:12.250 1 INFO neutron.api.extensions [None req-38c039f7-74e6-4a0c-862f-308d3cf5d653 - - - - - -] Loaded extension: flavors
2026-04-12 21:21:12.251 1 INFO neutron.api.extensions [None req-38c039f7-74e6-4a0c-862f-308d3cf5d653 - - - - - -] Extension floating-ip-port-forwarding not supported by any of loaded plugins
2026-04-12 21:21:12.252 1 INFO neutron.api.extensions [None req-38c039f7-74e6-4a0c-862f-308d3cf5d653 - - - - - -] Loaded extension: floatingip-pools
2026-04-12 21:21:12.252 1 INFO neutron.api.extensions [None req-38c039f7-74e6-4a0c-862f-308d3cf5d653 - - - - - -] Loaded extension: ip_allocation
2026-04-12 21:21:12.252 1 INFO neutron.api.extensions [None req-38c039f7-74e6-4a0c-862f-308d3cf5d653 - - - - - -] Loaded extension: ip-substring-filtering
2026-04-12 21:21:12.253 1 INFO neutron.api.extensions [None req-38c039f7-74e6-4a0c-862f-308d3cf5d653 - - - - - -] Loaded extension: l2_adjacency
2026-04-12 21:21:12.254 1 INFO neutron.api.extensions [None req-38c039f7-74e6-4a0c-862f-308d3cf5d653 - - - - - -] Loaded extension: router
2026-04-12 21:21:12.255 1 INFO neutron.api.extensions [None req-38c039f7-74e6-4a0c-862f-308d3cf5d653 - - - - - -] Extension l3-conntrack-helper not supported by any of loaded plugins
2026-04-12 21:21:12.256 1 INFO neutron.api.extensions [None req-38c039f7-74e6-4a0c-862f-308d3cf5d653 - - - - - -] Extension enable-default-route-bfd not supported by any of loaded plugins
2026-04-12 21:21:12.256 1 INFO neutron.api.extensions [None req-38c039f7-74e6-4a0c-862f-308d3cf5d653 - - - - - -] Extension enable-default-route-ecmp not supported by any of loaded plugins
2026-04-12 21:21:12.257 1 INFO neutron.api.extensions [None req-38c039f7-74e6-4a0c-862f-308d3cf5d653 - - - - - -] Loaded extension: ext-gw-mode
2026-04-12 21:21:12.257 1 INFO neutron.api.extensions [None req-38c039f7-74e6-4a0c-862f-308d3cf5d653 - - - - - -] Loaded extension: l3-ha
2026-04-12 21:21:12.258 1 INFO neutron.api.extensions [None req-38c039f7-74e6-4a0c-862f-308d3cf5d653 - - - - - -] Extension l3-ext-ndp-proxy not supported by any of loaded plugins
2026-04-12 21:21:12.258 1 INFO neutron.api.extensions [None req-38c039f7-74e6-4a0c-862f-308d3cf5d653 - - - - - -] Extension external-gateway-multihoming not supported by any of loaded plugins
2026-04-12 21:21:12.259 1 INFO neutron.api.extensions [None req-38c039f7-74e6-4a0c-862f-308d3cf5d653 - - - - - -] Loaded extension: l3-flavors
2026-04-12 21:21:12.259 1 INFO neutron.api.extensions [None req-38c039f7-74e6-4a0c-862f-308d3cf5d653 - - - - - -] Extension l3-ndp-proxy not supported by any of loaded plugins
2026-04-12 21:21:12.260 1 INFO neutron.api.extensions [None req-38c039f7-74e6-4a0c-862f-308d3cf5d653 - - - - - -] Loaded extension: l3-port-ip-change-not-allowed
2026-04-12 21:21:12.261 1 INFO neutron.api.extensions [None req-38c039f7-74e6-4a0c-862f-308d3cf5d653 - - - - - -] Loaded extension: l3_agent_scheduler
2026-04-12 21:21:12.262 1 INFO neutron.api.extensions [None req-38c039f7-74e6-4a0c-862f-308d3cf5d653 - - - - - -] Extension local_ip not supported by any of loaded plugins
2026-04-12 21:21:12.263 1 INFO neutron.api.extensions [None req-38c039f7-74e6-4a0c-862f-308d3cf5d653 - - - - - -] Extension logging not supported by any of loaded plugins
2026-04-12 21:21:12.264 1 INFO neutron.api.extensions [None req-38c039f7-74e6-4a0c-862f-308d3cf5d653 - - - - - -] Extension metering not supported by any of loaded plugins
2026-04-12 21:21:12.264 1 INFO neutron.api.extensions [None req-38c039f7-74e6-4a0c-862f-308d3cf5d653 - - - - - -] Extension metering_source_and_destination_fields not supported by any of loaded plugins
2026-04-12 21:21:12.265 1 INFO neutron.api.extensions [None req-38c039f7-74e6-4a0c-862f-308d3cf5d653 - - - - - -] Loaded extension: multi-provider
2026-04-12 21:21:12.265 1 INFO neutron.api.extensions [None req-38c039f7-74e6-4a0c-862f-308d3cf5d653 - - - - - -] Loaded extension: net-mtu
2026-04-12 21:21:12.266 1 INFO neutron.api.extensions [None req-38c039f7-74e6-4a0c-862f-308d3cf5d653 - - - - - -] Loaded extension: net-mtu-writable
2026-04-12 21:21:12.266 1 INFO neutron.api.extensions [None req-38c039f7-74e6-4a0c-862f-308d3cf5d653 - - - - - -] Loaded extension: network_availability_zone
2026-04-12 21:21:12.267 1 INFO neutron.api.extensions [None req-38c039f7-74e6-4a0c-862f-308d3cf5d653 - - - - - -] Loaded extension: network_ha
2026-04-12 21:21:12.267 1 INFO neutron.api.extensions [None req-38c039f7-74e6-4a0c-862f-308d3cf5d653 - - - - - -] Loaded extension: network-ip-availability
2026-04-12 21:21:12.268 1 INFO neutron.api.extensions [None req-38c039f7-74e6-4a0c-862f-308d3cf5d653 - - - - - -] Extension network-segment-range not supported by any of loaded plugins
2026-04-12 21:21:12.269 1 INFO neutron.api.extensions [None req-38c039f7-74e6-4a0c-862f-308d3cf5d653 - - - - - -] Loaded extension: pagination
2026-04-12 21:21:12.269 1 INFO neutron.api.extensions [None req-38c039f7-74e6-4a0c-862f-308d3cf5d653 - - - - - -] Loaded extension: port-device-profile
2026-04-12 21:21:12.269 1 INFO neutron.api.extensions [None req-38c039f7-74e6-4a0c-862f-308d3cf5d653 - - - - - -] Extension port-hardware-offload-type not supported by any of loaded plugins
2026-04-12 21:21:12.270 1 INFO neutron.api.extensions [None req-38c039f7-74e6-4a0c-862f-308d3cf5d653 - - - - - -] Extension port-hint-ovs-tx-steering not supported by any of loaded plugins
2026-04-12 21:21:12.270 1 INFO neutron.api.extensions [None req-38c039f7-74e6-4a0c-862f-308d3cf5d653 - - - - - -] Extension port-hints not supported by any of loaded plugins
2026-04-12 21:21:12.271 1 INFO neutron.api.extensions [None req-38c039f7-74e6-4a0c-862f-308d3cf5d653 - - - - - -] Loaded extension: port-mac-override
2026-04-12 21:21:12.271 1 INFO neutron.api.extensions [None req-38c039f7-74e6-4a0c-862f-308d3cf5d653 - - - - - -] Loaded extension: port-mac-address-regenerate
2026-04-12 21:21:12.272 1 INFO neutron.api.extensions [None req-38c039f7-74e6-4a0c-862f-308d3cf5d653 - - - - - -] Loaded extension: port-numa-affinity-policy
2026-04-12 21:21:12.272 1 INFO neutron.api.extensions [None req-38c039f7-74e6-4a0c-862f-308d3cf5d653 - - - - - -] Loaded extension: port-resource-request
2026-04-12 21:21:12.273 1 INFO neutron.api.extensions [None req-38c039f7-74e6-4a0c-862f-308d3cf5d653 - - - - - -] Loaded extension: port-resource-request-groups
2026-04-12 21:21:12.273 1 INFO neutron.api.extensions [None req-38c039f7-74e6-4a0c-862f-308d3cf5d653 - - - - - -] Loaded extension: binding
2026-04-12 21:21:12.274 1 INFO neutron.api.extensions [None req-38c039f7-74e6-4a0c-862f-308d3cf5d653 - - - - - -] Loaded extension: binding-extended
2026-04-12 21:21:12.274 1 INFO neutron.api.extensions [None req-38c039f7-74e6-4a0c-862f-308d3cf5d653 - - - - - -] Loaded extension: port-security
2026-04-12 21:21:12.275 1 INFO neutron.api.extensions [None req-38c039f7-74e6-4a0c-862f-308d3cf5d653 - - - - - -] Loaded extension: project-id
2026-04-12 21:21:12.275 1 INFO neutron.api.extensions [None req-38c039f7-74e6-4a0c-862f-308d3cf5d653 - - - - - -] Loaded extension: provider
2026-04-12 21:21:12.276 1 INFO neutron.api.extensions [None req-38c039f7-74e6-4a0c-862f-308d3cf5d653 - - - - - -] Loaded extension: qos
2026-04-12 21:21:12.277 1 INFO neutron.api.extensions [None req-38c039f7-74e6-4a0c-862f-308d3cf5d653 - - - - - -] Loaded extension: qos-bw-limit-direction
2026-04-12 21:21:12.278 1 INFO neutron.api.extensions [None req-38c039f7-74e6-4a0c-862f-308d3cf5d653 - - - - - -] Loaded extension: qos-bw-minimum-ingress
2026-04-12 21:21:12.278 1 INFO neutron.api.extensions [None req-38c039f7-74e6-4a0c-862f-308d3cf5d653 - - - - - -] Loaded extension: qos-default
2026-04-12 21:21:12.279 1 INFO neutron.api.extensions [None req-38c039f7-74e6-4a0c-862f-308d3cf5d653 - - - - - -] Loaded extension: qos-fip
2026-04-12 21:21:12.279 1 INFO neutron.api.extensions [None req-38c039f7-74e6-4a0c-862f-308d3cf5d653 - - - - - -] Extension qos-fip-network-policy not supported by any of loaded plugins
2026-04-12 21:21:12.280 1 INFO neutron.api.extensions [None req-38c039f7-74e6-4a0c-862f-308d3cf5d653 - - - - - -] Loaded extension: qos-gateway-ip
2026-04-12 21:21:12.280 1 INFO neutron.api.extensions [None req-38c039f7-74e6-4a0c-862f-308d3cf5d653 - - - - - -] Loaded extension: qos-port-network-policy
2026-04-12 21:21:12.281 1 INFO neutron.api.extensions [None req-38c039f7-74e6-4a0c-862f-308d3cf5d653 - - - - - -] Loaded extension: qos-pps-minimum
2026-04-12 21:21:12.281 1 INFO neutron.api.extensions [None req-38c039f7-74e6-4a0c-862f-308d3cf5d653 - - - - - -] Loaded extension: qos-pps-minimum-rule-alias
2026-04-12 21:21:12.282 1 INFO neutron.api.extensions [None req-38c039f7-74e6-4a0c-862f-308d3cf5d653 - - - - - -] Loaded extension: qos-pps
2026-04-12 21:21:12.282 1 INFO neutron.api.extensions [None req-38c039f7-74e6-4a0c-862f-308d3cf5d653 - - - - - -] Loaded extension: qos-rule-type-details
2026-04-12 21:21:12.283 1 INFO neutron.api.extensions [None req-38c039f7-74e6-4a0c-862f-308d3cf5d653 - - - - - -] Loaded extension: qos-rule-type-filter
2026-04-12 21:21:12.283 1 INFO neutron.api.extensions [None req-38c039f7-74e6-4a0c-862f-308d3cf5d653 - - - - - -] Loaded extension: qos-rules-alias
2026-04-12 21:21:12.284 1 INFO neutron.api.extensions [None req-38c039f7-74e6-4a0c-862f-308d3cf5d653 - - - - - -] Loaded extension: quota-check-limit
2026-04-12 21:21:12.285 1 INFO neutron.api.extensions [None req-38c039f7-74e6-4a0c-862f-308d3cf5d653 - - - - - -] Loaded extension: quotas
2026-04-12 21:21:12.287 1 INFO neutron.api.extensions [None req-38c039f7-74e6-4a0c-862f-308d3cf5d653 - - - - - -] Loaded extension: quota_details
2026-04-12 21:21:12.288 1 INFO neutron.api.extensions [None req-38c039f7-74e6-4a0c-862f-308d3cf5d653 - - - - - -] Loaded extension: rbac-policies
2026-04-12 21:21:12.289 1 INFO neutron.api.extensions [None req-38c039f7-74e6-4a0c-862f-308d3cf5d653 - - - - - -] Loaded extension: rbac-address-group
2026-04-12 21:21:12.289 1 INFO neutron.api.extensions [None req-38c039f7-74e6-4a0c-862f-308d3cf5d653 - - - - - -] Loaded extension: rbac-address-scope
2026-04-12 21:21:12.290 1 INFO neutron.api.extensions [None req-38c039f7-74e6-4a0c-862f-308d3cf5d653 - - - - - -] Loaded extension: rbac-security-groups
2026-04-12 21:21:12.292 1 INFO neutron.api.extensions [None req-38c039f7-74e6-4a0c-862f-308d3cf5d653 - - - - - -] Loaded extension: rbac-subnetpool
2026-04-12 21:21:12.293 1 INFO neutron.api.extensions [None req-38c039f7-74e6-4a0c-862f-308d3cf5d653 - - - - - -] Loaded extension: revision-if-match
2026-04-12 21:21:12.295 1 INFO neutron.api.extensions [None req-38c039f7-74e6-4a0c-862f-308d3cf5d653 - - - - - -] Loaded extension: standard-attr-revisions
2026-04-12 21:21:12.296 1 INFO neutron.api.extensions [None req-38c039f7-74e6-4a0c-862f-308d3cf5d653 - - - - - -] Loaded extension: router_availability_zone
2026-04-12 21:21:12.297 1 INFO neutron.api.extensions [None req-38c039f7-74e6-4a0c-862f-308d3cf5d653 - - - - - -] Extension router-service-type not supported by any of loaded plugins
2026-04-12 21:21:12.301 1 INFO neutron.api.extensions [None req-38c039f7-74e6-4a0c-862f-308d3cf5d653 - - - - - -] Loaded extension: security-groups-default-rules
2026-04-12 21:21:12.301 1 INFO neutron.api.extensions [None req-38c039f7-74e6-4a0c-862f-308d3cf5d653 - - - - - -] Loaded extension: security-groups-normalized-cidr
2026-04-12 21:21:12.302 1 INFO neutron.api.extensions [None req-38c039f7-74e6-4a0c-862f-308d3cf5d653 - - - - - -] Loaded extension: port-security-groups-filtering
2026-04-12 21:21:12.302 1 INFO neutron.api.extensions [None req-38c039f7-74e6-4a0c-862f-308d3cf5d653 - - - - - -] Loaded extension: security-groups-remote-address-group
2026-04-12 21:21:12.303 1 INFO neutron.api.extensions [None req-38c039f7-74e6-4a0c-862f-308d3cf5d653 - - - - - -] Loaded extension: security-groups-rules-belongs-to-default-sg
2026-04-12 21:21:12.303 1 INFO neutron.api.extensions [None req-38c039f7-74e6-4a0c-862f-308d3cf5d653 - - - - - -] Loaded extension: security-groups-shared-filtering
2026-04-12 21:21:12.310 1 INFO neutron.api.extensions [None req-38c039f7-74e6-4a0c-862f-308d3cf5d653 - - - - - -] Loaded extension: security-group
2026-04-12 21:21:12.311 1 INFO neutron.api.extensions [None req-38c039f7-74e6-4a0c-862f-308d3cf5d653 - - - - - -] Loaded extension: segment
2026-04-12 21:21:12.311 1 INFO neutron.api.extensions [None req-38c039f7-74e6-4a0c-862f-308d3cf5d653 - - - - - -] Loaded extension: segments-peer-subnet-host-routes
2026-04-12 21:21:12.312 1 INFO neutron.api.extensions [None req-38c039f7-74e6-4a0c-862f-308d3cf5d653 - - - - - -] Loaded extension: service-type
2026-04-12 21:21:12.312 1 INFO neutron.api.extensions [None req-38c039f7-74e6-4a0c-862f-308d3cf5d653 - - - - - -] Loaded extension: sorting
2026-04-12 21:21:12.313 1 INFO neutron.api.extensions [None req-38c039f7-74e6-4a0c-862f-308d3cf5d653 - - - - - -] Loaded extension: standard-attr-segment
2026-04-12 21:21:12.313 1 INFO neutron.api.extensions [None req-38c039f7-74e6-4a0c-862f-308d3cf5d653 - - - - - -] Loaded extension: standard-attr-description
2026-04-12 21:21:12.314 1 INFO neutron.api.extensions [None req-38c039f7-74e6-4a0c-862f-308d3cf5d653 - - - - - -] Loaded extension: stateful-security-group
2026-04-12 21:21:12.314 1 WARNING neutron.api.extensions [None req-38c039f7-74e6-4a0c-862f-308d3cf5d653 - - - - - -] Did not find expected name "Stdattrs_common" in /var/lib/openstack/lib/python3.10/site-packages/neutron/extensions/stdattrs_common.py
2026-04-12 21:21:12.315 1 INFO neutron.api.extensions [None req-38c039f7-74e6-4a0c-862f-308d3cf5d653 - - - - - -] Extension subnet-dns-publish-fixed-ip not supported by any of loaded plugins
2026-04-12 21:21:12.315 1 INFO neutron.api.extensions [None req-38c039f7-74e6-4a0c-862f-308d3cf5d653 - - - - - -] Loaded extension: subnet_onboard
2026-04-12 21:21:12.316 1 INFO neutron.api.extensions [None req-38c039f7-74e6-4a0c-862f-308d3cf5d653 - - - - - -] Loaded extension: subnet-segmentid-writable
2026-04-12 21:21:12.316 1 INFO neutron.api.extensions [None req-38c039f7-74e6-4a0c-862f-308d3cf5d653 - - - - - -] Loaded extension: subnet-service-types
2026-04-12 21:21:12.317 1 INFO neutron.api.extensions [None req-38c039f7-74e6-4a0c-862f-308d3cf5d653 - - - - - -] Loaded extension: subnet_allocation
2026-04-12 21:21:12.317 1 INFO neutron.api.extensions [None req-38c039f7-74e6-4a0c-862f-308d3cf5d653 - - - - - -] Loaded extension: subnetpool-prefix-ops
2026-04-12 21:21:12.318 1 INFO neutron.api.extensions [None req-38c039f7-74e6-4a0c-862f-308d3cf5d653 - - - - - -] Extension tag-ports-during-bulk-creation not supported by any of loaded plugins
2026-04-12 21:21:12.320 1 INFO neutron.api.extensions [None req-38c039f7-74e6-4a0c-862f-308d3cf5d653 - - - - - -] Loaded extension: standard-attr-tag
2026-04-12 21:21:12.321 1 INFO neutron.api.extensions [None req-38c039f7-74e6-4a0c-862f-308d3cf5d653 - - - - - -] Loaded extension: standard-attr-timestamp
2026-04-12 21:21:12.322 1 INFO neutron.api.extensions [None req-38c039f7-74e6-4a0c-862f-308d3cf5d653 - - - - - -] Loaded extension: trunk
2026-04-12 21:21:12.322 1 INFO neutron.api.extensions [None req-38c039f7-74e6-4a0c-862f-308d3cf5d653 - - - - - -] Loaded extension: trunk-details
2026-04-12 21:21:12.322 1 INFO neutron.api.extensions [None req-38c039f7-74e6-4a0c-862f-308d3cf5d653 - - - - - -] Extension uplink-status-propagation not supported by any of loaded plugins
2026-04-12 21:21:12.323 1 INFO neutron.api.extensions [None req-38c039f7-74e6-4a0c-862f-308d3cf5d653 - - - - - -] Extension vlan-transparent not supported by any of loaded plugins
2026-04-12 21:21:12.325 1 INFO neutron.api.extensions [None req-38c039f7-74e6-4a0c-862f-308d3cf5d653 - - - - - -] Extension vpn-agent-scheduler not supported by any of loaded plugins
2026-04-12 21:21:12.325 1 INFO neutron.api.extensions [None req-38c039f7-74e6-4a0c-862f-308d3cf5d653 - - - - - -] Loaded extension: vpn-endpoint-groups
2026-04-12 21:21:12.326 1 INFO neutron.api.extensions [None req-38c039f7-74e6-4a0c-862f-308d3cf5d653 - - - - - -] Loaded extension: vpn-flavors
2026-04-12 21:21:12.327 1 INFO neutron.api.extensions [None req-38c039f7-74e6-4a0c-862f-308d3cf5d653 - - - - - -] Loaded extension: vpnaas
2026-04-12 21:21:12.330 1 INFO oslo_service.service [None req-38c039f7-74e6-4a0c-862f-308d3cf5d653 - - - - - -] Starting 2 workers
2026-04-12 21:21:12.335 1 INFO oslo_service.service [None req-38c039f7-74e6-4a0c-862f-308d3cf5d653 - - - - - -] Starting 1 workers
2026-04-12 21:21:48.808 9 INFO neutron.db.l3_hamode_db [None req-05dc2ea8-7386-4ddb-b8cf-9a76201f5be7 - - - - - -] Number of active agents lower than max_l3_agents_per_router. L3 agents available: 1
2026-04-12 21:22:02.812 10 INFO neutron.plugins.ml2.plugin [None req-d23ad60b-56b1-4879-b37c-d481cfe42d10 - - - - - -] Attempt 1 to provision port 8d66618b-e7ff-4e14-83fc-3290e4ae9328
2026-04-12 21:22:02.902 9 INFO neutron.plugins.ml2.plugin [None req-ab8d7083-f2c0-462d-b0fb-aa454b31552f - - - - - -] Attempt 1 to provision port 8d66618b-e7ff-4e14-83fc-3290e4ae9328
2026-04-12 21:22:04.743 10 INFO neutron.plugins.ml2.plugin [None req-d23ad60b-56b1-4879-b37c-d481cfe42d10 - - - - - -] Attempt 1 to provision port 8d66618b-e7ff-4e14-83fc-3290e4ae9328
2026-04-12 21:26:23.333 10 INFO neutron.plugins.ml2.plugin [None req-d23ad60b-56b1-4879-b37c-d481cfe42d10 - - - - - -] Attempt 1 to provision port 9645628a-c947-40f3-95d7-67f50d35c836
2026-04-12 21:26:24.169 10 INFO neutron.plugins.ml2.plugin [None req-48ff73c6-fde6-4bf2-8c47-bdc11958e66d - - - - - -] Attempt 1 to provision port 9645628a-c947-40f3-95d7-67f50d35c836
2026-04-12 21:26:25.207 9 INFO neutron.plugins.ml2.plugin [None req-d23ad60b-56b1-4879-b37c-d481cfe42d10 - - - - - -] Attempt 1 to provision port 9645628a-c947-40f3-95d7-67f50d35c836
2026-04-12 21:26:31.516 9 INFO neutron.plugins.ml2.plugin [None req-211444c2-9a8a-4738-bb9f-7fc8df9308da - - - - - -] Attempt 1 to provision port 510a2dfb-a95a-4112-840f-2ba20be05628
2026-04-12 21:29:59.505 9 INFO neutron.plugins.ml2.plugin [None req-d23ad60b-56b1-4879-b37c-d481cfe42d10 - - - - - -] Attempt 1 to provision port 510a2dfb-a95a-4112-840f-2ba20be05628
2026-04-12 21:30:01.355 10 INFO neutron.plugins.ml2.plugin [None req-d23ad60b-56b1-4879-b37c-d481cfe42d10 - - - - - -] Attempt 1 to provision port 510a2dfb-a95a-4112-840f-2ba20be05628
2026-04-12 21:39:49.777 9 INFO neutron.plugins.ml2.plugin [None req-d23ad60b-56b1-4879-b37c-d481cfe42d10 - - - - - -] Attempt 1 to provision port d5affd96-e0d2-409e-b6e7-d84c0fcdc6a3
2026-04-12 21:39:51.755 10 INFO neutron.plugins.ml2.plugin [None req-d23ad60b-56b1-4879-b37c-d481cfe42d10 - - - - - -] Attempt 1 to provision port d5affd96-e0d2-409e-b6e7-d84c0fcdc6a3
2026-04-12 21:55:10.647 9 INFO neutron.plugins.ml2.plugin [None req-d23ad60b-56b1-4879-b37c-d481cfe42d10 - - - - - -] Attempt 1 to provision port f2bbeb9c-3752-4f5b-9db2-ab3c3b86f393
2026-04-12 21:55:11.163 10 INFO neutron.plugins.ml2.plugin [None req-bf51c67c-74cc-4975-b3b5-29c048af4769 - - - - - -] Attempt 1 to provision port 32aea208-c0d4-4b6c-a8af-aef4f4e8ad18
2026-04-12 21:55:11.212 9 INFO neutron.plugins.ml2.plugin [None req-d23ad60b-56b1-4879-b37c-d481cfe42d10 - - - - - -] Attempt 1 to provision port d03a3748-4d43-4d59-b60a-29c8610e2a6e
2026-04-12 21:55:11.520 9 INFO neutron.plugins.ml2.plugin [None req-a3851fc2-e588-4bdb-a019-bc454f88ca7a - - - - - -] Attempt 1 to provision port 1c3c2913-0279-40b8-8128-25eb65c59cb9
2026-04-12 21:55:11.693 10 INFO neutron.plugins.ml2.plugin [None req-107d6ae1-9e83-4962-b024-be577a9479af - - - - - -] Attempt 1 to provision port d03a3748-4d43-4d59-b60a-29c8610e2a6e
2026-04-12 21:55:11.896 9 INFO neutron.plugins.ml2.plugin [None req-fc53560e-9c8f-4eb1-b0a7-538cfed512ec - - - - - -] Attempt 1 to provision port f2bbeb9c-3752-4f5b-9db2-ab3c3b86f393
2026-04-12 21:55:12.331 10 INFO neutron.plugins.ml2.plugin [None req-d23ad60b-56b1-4879-b37c-d481cfe42d10 - - - - - -] Attempt 1 to provision port f2bbeb9c-3752-4f5b-9db2-ab3c3b86f393
2026-04-12 21:55:12.703 10 INFO neutron.plugins.ml2.plugin [None req-d23ad60b-56b1-4879-b37c-d481cfe42d10 - - - - - -] Attempt 1 to provision port d03a3748-4d43-4d59-b60a-29c8610e2a6e
2026-04-12 21:55:14.209 9 INFO neutron.plugins.ml2.plugin [None req-32eca973-ee66-42b3-89a4-a065db6a267e - - - - - -] Attempt 1 to provision port f0c708f8-5019-4966-9370-307782a1a3d0
2026-04-12 21:55:14.375 10 INFO neutron.plugins.ml2.plugin [None req-ca9361ec-7886-415c-a0f7-bb1410eb9e16 - - - - - -] Attempt 1 to provision port 2acc5458-b2c8-480a-a79d-a216c18a54a9
2026-04-12 21:55:14.831 9 INFO neutron.plugins.ml2.plugin [None req-ad4e5a33-9b2d-418a-bc6f-890bfbfa46ad - - - - - -] Attempt 1 to provision port f0c708f8-5019-4966-9370-307782a1a3d0
2026-04-12 21:55:14.972 10 INFO neutron.plugins.ml2.plugin [None req-b6420993-c03c-4fb0-b63a-a77226932a7c - - - - - -] Attempt 1 to provision port 2acc5458-b2c8-480a-a79d-a216c18a54a9
2026-04-12 21:55:17.020 10 INFO neutron.plugins.ml2.plugin [None req-d5cbccb0-c546-458b-b4fe-27929fc2eda6 - - - - - -] Attempt 1 to provision port 23862ad0-2203-43bf-ab0d-4ea17f3b42ed
2026-04-12 21:55:17.770 10 INFO neutron.plugins.ml2.plugin [None req-fadec75c-a81f-4966-a073-94e7b2eded1a - - - - - -] Attempt 1 to provision port 3a43d598-eece-403e-9474-374c11d3384a
2026-04-12 21:55:18.350 9 INFO neutron.plugins.ml2.plugin [None req-d23ad60b-56b1-4879-b37c-d481cfe42d10 - - - - - -] Attempt 1 to provision port 3a43d598-eece-403e-9474-374c11d3384a
2026-04-12 21:55:19.950 9 INFO neutron.plugins.ml2.plugin [None req-89ad9eea-4757-455a-ae80-dd1db0ba59ef - - - - - -] Attempt 1 to provision port 47ad9fdd-dcd4-435f-9f18-c02cca8a28a3
2026-04-12 21:55:20.746 10 INFO neutron.plugins.ml2.plugin [None req-9155397a-ee9a-48e0-b9a2-d0dab5268ee0 - - - - - -] Attempt 1 to provision port 47ad9fdd-dcd4-435f-9f18-c02cca8a28a3
2026-04-12 21:55:22.531 10 INFO neutron.plugins.ml2.plugin [None req-d23ad60b-56b1-4879-b37c-d481cfe42d10 - - - - - -] Attempt 1 to provision port 1de8a353-adae-4682-9b0f-b49ede0db389
2026-04-12 21:55:23.075 10 INFO neutron.plugins.ml2.plugin [None req-d23ad60b-56b1-4879-b37c-d481cfe42d10 - - - - - -] Attempt 1 to provision port d17efb98-59f7-4f09-bc56-49a3014f942b
2026-04-12 21:55:23.114 9 INFO neutron.plugins.ml2.plugin [None req-a0b059b2-e82c-4994-ab77-6256f61dd311 - - - - - -] Attempt 1 to provision port 889a3139-f9df-4202-8e8d-c25b0b1c621a
2026-04-12 21:55:24.370 9 INFO neutron.plugins.ml2.plugin [None req-d23ad60b-56b1-4879-b37c-d481cfe42d10 - - - - - -] Attempt 1 to provision port d17efb98-59f7-4f09-bc56-49a3014f942b
2026-04-12 21:55:24.654 9 INFO neutron.plugins.ml2.plugin [None req-d23ad60b-56b1-4879-b37c-d481cfe42d10 - - - - - -] Attempt 1 to provision port 1de8a353-adae-4682-9b0f-b49ede0db389
2026-04-12 21:55:28.410 9 INFO neutron.plugins.ml2.plugin [None req-176cb3d3-1a6b-4a4c-95a1-5cf38f1e7bb5 - - - - - -] Attempt 1 to provision port 3d3b28d2-229c-481f-8bbd-615ef853b1fe
2026-04-12 21:55:28.476 10 INFO neutron.plugins.ml2.plugin [None req-d23ad60b-56b1-4879-b37c-d481cfe42d10 - - - - - -] Attempt 1 to provision port 889a3139-f9df-4202-8e8d-c25b0b1c621a
2026-04-12 21:55:29.235 10 INFO neutron.plugins.ml2.plugin [None req-d23ad60b-56b1-4879-b37c-d481cfe42d10 - - - - - -] Attempt 1 to provision port f54a1186-3b5a-473f-a2c5-ca9dab25ab2a
2026-04-12 21:55:29.260 10 INFO neutron.notifiers.nova [-] Nova event matching ['req-54b6eecb-935c-4b5a-83e4-02e58aa18a4d'] response: {'server_uuid': 'fad01285-99b7-4787-95ea-ca555ab15c62', 'name': 'network-vif-plugged', 'status': 'completed', 'tag': '889a3139-f9df-4202-8e8d-c25b0b1c621a', 'code': 200}
2026-04-12 21:55:29.370 10 INFO neutron.plugins.ml2.plugin [None req-0c99bb08-1f40-4eb7-9e5b-f20af9c3a4ed - - - - - -] Attempt 1 to provision port f54a1186-3b5a-473f-a2c5-ca9dab25ab2a
2026-04-12 21:55:30.567 10 INFO neutron.plugins.ml2.plugin [None req-d23ad60b-56b1-4879-b37c-d481cfe42d10 - - - - - -] Attempt 1 to provision port 889a3139-f9df-4202-8e8d-c25b0b1c621a
2026-04-12 21:55:30.983 10 INFO neutron.plugins.ml2.plugin [None req-d23ad60b-56b1-4879-b37c-d481cfe42d10 - - - - - -] Attempt 1 to provision port f54a1186-3b5a-473f-a2c5-ca9dab25ab2a
2026-04-12 21:55:31.114 10 INFO neutron.plugins.ml2.plugin [None req-f64a8b25-e44f-4932-925e-ae0dae44d2fb - - - - - -] Attempt 1 to provision port 60524c21-7c30-454b-91a8-78139931ffc4
2026-04-12 21:55:31.895 10 INFO neutron.plugins.ml2.plugin [None req-549931e5-1dc5-47bf-b85b-5124d70daeff - - - - - -] Attempt 1 to provision port 60524c21-7c30-454b-91a8-78139931ffc4
2026-04-12 21:55:32.414 9 INFO neutron.plugins.ml2.plugin [None req-d23ad60b-56b1-4879-b37c-d481cfe42d10 - - - - - -] Attempt 1 to provision port ac646aac-2b0e-46cc-815c-5cedc031a22e
2026-04-12 21:55:32.665 9 INFO neutron.plugins.ml2.plugin [None req-e4ee5e23-6e4c-43ba-80d3-f23821f026e3 - - - - - -] Attempt 1 to provision port b59bbd32-114d-4693-bd09-9df99e6e1e61
2026-04-12 21:55:34.709 10 INFO neutron.plugins.ml2.plugin [None req-d23ad60b-56b1-4879-b37c-d481cfe42d10 - - - - - -] Attempt 1 to provision port ac646aac-2b0e-46cc-815c-5cedc031a22e
2026-04-12 21:55:36.532 9 INFO neutron.plugins.ml2.plugin [None req-d23ad60b-56b1-4879-b37c-d481cfe42d10 - - - - - -] Attempt 1 to provision port b59bbd32-114d-4693-bd09-9df99e6e1e61
2026-04-12 21:55:37.261 9 INFO neutron.notifiers.nova [-] Nova event matching ['req-b5c23d1d-a727-4c42-9cd9-9bf85ea8c614'] response: {'server_uuid': '8885b64a-0086-40b5-a57b-1baeea71a21b', 'name': 'network-vif-plugged', 'status': 'completed', 'tag': 'b59bbd32-114d-4693-bd09-9df99e6e1e61', 'code': 200}
2026-04-12 21:55:38.518 9 INFO neutron.plugins.ml2.plugin [None req-d23ad60b-56b1-4879-b37c-d481cfe42d10 - - - - - -] Attempt 1 to provision port b59bbd32-114d-4693-bd09-9df99e6e1e61 /var/lib/openstack/lib/python3.10/site-packages/oslo_db/sqlalchemy/enginefacade.py:664: SAWarning: DELETE statement on table 'portsecuritybindings' expected to delete 1 row(s); 0 were matched. Please set confirm_deleted_rows=False within the mapper configuration to prevent this warning. self.session.flush() /var/lib/openstack/lib/python3.10/site-packages/oslo_db/sqlalchemy/enginefacade.py:664: SAWarning: DELETE statement on table 'ml2_port_bindings' expected to delete 1 row(s); 0 were matched. Please set confirm_deleted_rows=False within the mapper configuration to prevent this warning. self.session.flush() /var/lib/openstack/lib/python3.10/site-packages/oslo_db/sqlalchemy/enginefacade.py:664: SAWarning: DELETE statement on table 'ml2_port_binding_levels' expected to delete 1 row(s); 0 were matched. Please set confirm_deleted_rows=False within the mapper configuration to prevent this warning. self.session.flush() /var/lib/openstack/lib/python3.10/site-packages/oslo_db/sqlalchemy/enginefacade.py:664: SAWarning: DELETE statement on table 'ports' expected to delete 1 row(s); 0 were matched. Please set confirm_deleted_rows=False within the mapper configuration to prevent this warning. self.session.flush()
2026-04-12 21:55:43.441 9 INFO neutron.plugins.ml2.plugin [None req-75bab9d8-b3b2-4838-bebc-d0de5a45ce8d - - - - - -] Attempt 1 to provision port f403f0a1-bfbc-41c0-84fd-941f66542c98
2026-04-12 21:55:44.291 10 INFO neutron.plugins.ml2.plugin [None req-1cc3c2a1-768c-4afc-a87e-a8adfbea5abb - - - - - -] Attempt 1 to provision port c907a1e0-a05d-4f75-a00a-725cc09ba1fc
2026-04-12 21:55:44.566 9 INFO neutron.plugins.ml2.plugin [None req-d23ad60b-56b1-4879-b37c-d481cfe42d10 - - - - - -] Attempt 1 to provision port c907a1e0-a05d-4f75-a00a-725cc09ba1fc
2026-04-12 21:55:46.367 10 INFO neutron.plugins.ml2.plugin [None req-d23ad60b-56b1-4879-b37c-d481cfe42d10 - - - - - -] Attempt 1 to provision port c907a1e0-a05d-4f75-a00a-725cc09ba1fc
2026-04-12 21:55:46.552 10 INFO neutron.plugins.ml2.plugin [None req-411f1273-dc7d-4135-8f23-1e9a2be16279 - - - - - -] Attempt 1 to provision port 9a492950-128d-40be-854b-4b64133948f8
2026-04-12 21:55:47.002 10 INFO neutron.plugins.ml2.plugin [None req-55c66bdc-7a1b-40bc-874b-24cf6d832e40 - - - - - -] Attempt 1 to provision port 9a492950-128d-40be-854b-4b64133948f8
2026-04-12 21:55:48.394 9 INFO neutron.plugins.ml2.plugin [None req-d23ad60b-56b1-4879-b37c-d481cfe42d10 - - - - - -] Attempt 1 to provision port 5416753f-4b5b-4e9e-8b18-d9416046dc2c
2026-04-12 21:55:50.509 10 INFO neutron.plugins.ml2.plugin [None req-d23ad60b-56b1-4879-b37c-d481cfe42d10 - - - - - -] Attempt 1 to provision port 5416753f-4b5b-4e9e-8b18-d9416046dc2c
2026-04-12 21:55:51.397 9 INFO neutron.plugins.ml2.plugin [None req-0ff89313-4ccb-4821-bb91-f5867eb5b53d - - - - - -] Attempt 1 to provision port 749c6679-39c1-432b-8d75-c936d9d7068d
2026-04-12 21:55:52.074 10 INFO neutron.plugins.ml2.plugin [None req-0269e3ab-4c89-4054-a5cd-fcf4313b3bea - - - - - -] Attempt 1 to provision port b97d8ec4-b3df-428f-a6ee-a337b9ea32d1
2026-04-12 21:55:52.464 9 INFO neutron.plugins.ml2.plugin [None req-d23ad60b-56b1-4879-b37c-d481cfe42d10 - - - - - -] Attempt 1 to provision port 2acc5458-b2c8-480a-a79d-a216c18a54a9
2026-04-12 21:55:52.595 10 INFO neutron.plugins.ml2.plugin [None req-0269e3ab-4c89-4054-a5cd-fcf4313b3bea - - - - - -] Attempt 2 to provision port b97d8ec4-b3df-428f-a6ee-a337b9ea32d1
2026-04-12 21:55:52.749 10 INFO neutron.plugins.ml2.plugin [None req-fa03a22c-2e20-48a9-84de-5240c639007d - - - - - -] Attempt 1 to provision port 02067691-8930-4392-b93d-bf094d92f571
2026-04-12 21:55:53.234 9 INFO neutron.plugins.ml2.plugin [None req-d23ad60b-56b1-4879-b37c-d481cfe42d10 - - - - - -] Attempt 1 to provision port 02067691-8930-4392-b93d-bf094d92f571
2026-04-12 21:55:53.861 9 INFO neutron.plugins.ml2.plugin [None req-d23ad60b-56b1-4879-b37c-d481cfe42d10 - - - - - -] Attempt 1 to provision port 1c3c2913-0279-40b8-8128-25eb65c59cb9
2026-04-12 21:55:54.441 10 INFO neutron.plugins.ml2.plugin [None req-d4827f15-a60a-45c1-812c-0f94fa0de0c0 - - - - - -] Attempt 1 to provision port 4f01de12-b24b-4181-91f1-fa5dca351f35
2026-04-12 21:55:54.597 9 INFO neutron.plugins.ml2.plugin [None req-eda4f657-92e6-47fd-ae88-580119bcaa33 - - - - - -] Attempt 1 to provision port 889a3139-f9df-4202-8e8d-c25b0b1c621a
2026-04-12 21:55:54.796 10 INFO neutron.plugins.ml2.plugin [None req-d23ad60b-56b1-4879-b37c-d481cfe42d10 - - - - - -] Attempt 1 to provision port 2acc5458-b2c8-480a-a79d-a216c18a54a9
2026-04-12 21:55:55.107 10 INFO neutron.plugins.ml2.plugin [None req-515451b1-53df-45cd-97f2-b82bcd4bce8c - - - - - -] Attempt 1 to provision port 4f01de12-b24b-4181-91f1-fa5dca351f35
2026-04-12 21:55:55.157 10 INFO neutron.plugins.ml2.plugin [None req-d23ad60b-56b1-4879-b37c-d481cfe42d10 - - - - - -] Attempt 1 to provision port b97d8ec4-b3df-428f-a6ee-a337b9ea32d1
2026-04-12 21:55:55.295 10 INFO neutron.notifiers.nova [-] Nova event matching ['req-0096ffdb-b12f-4a8d-9d07-fc109f74e75a'] response: {'server_uuid': '43eb2d1f-4581-4a9a-8ad0-d6ba44017ec3', 'name': 'network-vif-plugged', 'status': 'completed', 'tag': 'b97d8ec4-b3df-428f-a6ee-a337b9ea32d1', 'code': 200}
2026-04-12 21:55:55.643 10 INFO neutron.plugins.ml2.plugin [None req-d23ad60b-56b1-4879-b37c-d481cfe42d10 - - - - - -] Attempt 1 to provision port 889a3139-f9df-4202-8e8d-c25b0b1c621a
2026-04-12 21:55:56.019 10 INFO neutron.plugins.ml2.plugin [None req-d23ad60b-56b1-4879-b37c-d481cfe42d10 - - - - - -] Attempt 1 to provision port 02067691-8930-4392-b93d-bf094d92f571
2026-04-12 21:55:56.440 10 INFO neutron.plugins.ml2.plugin [None req-d23ad60b-56b1-4879-b37c-d481cfe42d10 - - - - - -] Attempt 1 to provision port 1c3c2913-0279-40b8-8128-25eb65c59cb9
2026-04-12 21:55:56.685 10 INFO neutron.plugins.ml2.plugin [None req-deb36e7e-a59d-4b15-95ed-b567ea5c126c - - - - - -] Attempt 1 to provision port 889a3139-f9df-4202-8e8d-c25b0b1c621a
2026-04-12 21:55:57.166 9 INFO neutron.plugins.ml2.plugin [None req-d23ad60b-56b1-4879-b37c-d481cfe42d10 - - - - - -] Attempt 1 to provision port b97d8ec4-b3df-428f-a6ee-a337b9ea32d1
2026-04-12 21:55:57.545 9 INFO neutron.plugins.ml2.plugin [None req-d23ad60b-56b1-4879-b37c-d481cfe42d10 - - - - - -] Attempt 1 to provision port 889a3139-f9df-4202-8e8d-c25b0b1c621a
2026-04-12 21:55:57.832 9 INFO neutron.plugins.ml2.plugin [None req-d23ad60b-56b1-4879-b37c-d481cfe42d10 - - - - - -] Attempt 1 to provision port 094a40f9-3962-470f-86e7-13067822f73f
2026-04-12 21:55:59.394 9 INFO neutron.plugins.ml2.plugin [None req-d23ad60b-56b1-4879-b37c-d481cfe42d10 - - - - - -] Attempt 1 to provision port 094a40f9-3962-470f-86e7-13067822f73f
2026-04-12 21:56:03.645 10 INFO neutron.plugins.ml2.plugin [None req-d23ad60b-56b1-4879-b37c-d481cfe42d10 - - - - - -] Attempt 1 to provision port 8975bb94-80c8-4bb9-a50f-7c54dc06ab5e
2026-04-12 21:56:03.762 10 INFO neutron.notifiers.nova [-] Nova event matching ['req-e24df858-f6c3-4440-9fba-bfe6a29d2017'] response: {'server_uuid': '410967da-2ff4-4fa5-8b5b-d72fafa36611', 'name': 'network-vif-plugged', 'status': 'completed', 'tag': '8975bb94-80c8-4bb9-a50f-7c54dc06ab5e', 'code': 200}
2026-04-12 21:56:04.104 10 INFO neutron.plugins.ml2.plugin [None req-d23ad60b-56b1-4879-b37c-d481cfe42d10 - - - - - -] Attempt 1 to provision port 9a492950-128d-40be-854b-4b64133948f8
2026-04-12 21:56:05.326 10 INFO neutron.plugins.ml2.plugin [None req-d23ad60b-56b1-4879-b37c-d481cfe42d10 - - - - - -] Attempt 1 to provision port f403f0a1-bfbc-41c0-84fd-941f66542c98
2026-04-12 21:56:05.681 10 INFO neutron.plugins.ml2.plugin [None req-d23ad60b-56b1-4879-b37c-d481cfe42d10 - - - - - -] Attempt 1 to provision port 8975bb94-80c8-4bb9-a50f-7c54dc06ab5e /var/lib/openstack/lib/python3.10/site-packages/oslo_db/sqlalchemy/enginefacade.py:664: SAWarning: DELETE statement on table 'portsecuritybindings' expected to delete 1 row(s); 0 were matched. Please set confirm_deleted_rows=False within the mapper configuration to prevent this warning. self.session.flush() /var/lib/openstack/lib/python3.10/site-packages/oslo_db/sqlalchemy/enginefacade.py:664: SAWarning: DELETE statement on table 'ml2_port_bindings' expected to delete 1 row(s); 0 were matched. Please set confirm_deleted_rows=False within the mapper configuration to prevent this warning. self.session.flush() /var/lib/openstack/lib/python3.10/site-packages/oslo_db/sqlalchemy/enginefacade.py:664: SAWarning: DELETE statement on table 'ml2_port_binding_levels' expected to delete 1 row(s); 0 were matched. Please set confirm_deleted_rows=False within the mapper configuration to prevent this warning. self.session.flush() /var/lib/openstack/lib/python3.10/site-packages/oslo_db/sqlalchemy/enginefacade.py:664: SAWarning: DELETE statement on table 'ports' expected to delete 1 row(s); 0 were matched. Please set confirm_deleted_rows=False within the mapper configuration to prevent this warning. self.session.flush()
2026-04-12 21:56:07.838 9 INFO neutron.notifiers.nova [-] Nova event matching ['req-b92c05ad-3719-4c5c-a5d1-41e41cd1ff79'] response: {'server_uuid': '410967da-2ff4-4fa5-8b5b-d72fafa36611', 'name': 'network-vif-unplugged', 'status': 'completed', 'tag': '8975bb94-80c8-4bb9-a50f-7c54dc06ab5e', 'code': 200}
2026-04-12 21:56:11.576 9 INFO neutron.plugins.ml2.plugin [None req-d23ad60b-56b1-4879-b37c-d481cfe42d10 - - - - - -] Attempt 1 to provision port 749c6679-39c1-432b-8d75-c936d9d7068d
2026-04-12 21:56:11.629 9 INFO neutron.plugins.ml2.db [None req-d23ad60b-56b1-4879-b37c-d481cfe42d10 - - - - - -] No ports have port_id starting with 749c6679-39c1-432b-8d75-c936d9d7068d
2026-04-12 21:56:11.718 9 INFO neutron.plugins.ml2.plugin [None req-d23ad60b-56b1-4879-b37c-d481cfe42d10 - - - - - -] Attempt 1 to provision port 0ceb0cea-9017-4c26-b0e1-6101438d09af
2026-04-12 21:56:11.789 9 INFO neutron.plugins.ml2.plugin [None req-b62869ea-f66e-4cad-bae6-f73402cf1e4c - - - - - -] Attempt 1 to provision port 48751d16-4549-4157-93ec-072b076e7846
2026-04-12 21:56:12.261 10 INFO neutron.plugins.ml2.plugin [None req-4868fdf9-e894-442f-accb-08f9e584237e - - - - - -] Attempt 1 to provision port 0ceb0cea-9017-4c26-b0e1-6101438d09af
2026-04-12 21:56:12.648 9 INFO neutron.plugins.ml2.plugin [None req-d6aecb89-ca04-4c54-a43b-d70bcaa4ab99 - - - - - -] Attempt 1 to provision port 0ceb0cea-9017-4c26-b0e1-6101438d09af
2026-04-12 21:56:13.242 10 INFO neutron.plugins.ml2.plugin [None req-d23ad60b-56b1-4879-b37c-d481cfe42d10 - - - - - -] Attempt 1 to provision port 0ceb0cea-9017-4c26-b0e1-6101438d09af
2026-04-12 21:56:13.622 9 INFO neutron.plugins.ml2.plugin [None req-336075b5-c7de-4bf1-ba4f-463d838ebff7 - - - - - -] Attempt 1 to provision port a9d68078-a28d-45ba-b4f3-0316f01fb1d0
2026-04-12 21:56:14.265 9 INFO neutron.plugins.ml2.plugin [None req-705782fd-c4b3-42db-9949-a623d8f6d375 - - - - - -] Attempt 1 to provision port a9d68078-a28d-45ba-b4f3-0316f01fb1d0
2026-04-12 21:56:15.412 10 INFO neutron.plugins.ml2.plugin [None req-d23ad60b-56b1-4879-b37c-d481cfe42d10 - - - - - -] Attempt 1 to provision port 191448d9-0ef8-4768-a2b6-5f21721bb4eb
