2026-04-12 21:56:15.724 10 INFO neutron.plugins.ml2.plugin [None req-22da63ae-7c1a-4362-bf5e-dac40a8529c1 - - - - - -] Attempt 1 to provision port 9eab00ce-d25d-4205-8186-f312b164f6a1
2026-04-12 21:56:16.116 10 INFO neutron.plugins.ml2.plugin [None req-d23ad60b-56b1-4879-b37c-d481cfe42d10 - - - - - -] Attempt 1 to provision port 806a8e5a-f593-41d0-baf7-c50c2f5ba21d
2026-04-12 21:56:16.394 10 INFO neutron.plugins.ml2.plugin [None req-f175895c-4cc1-4476-955e-2753d79d7c8e - - - - - -] Attempt 1 to provision port 191448d9-0ef8-4768-a2b6-5f21721bb4eb
2026-04-12 21:56:17.219 10 INFO neutron.plugins.ml2.plugin [None req-d23ad60b-56b1-4879-b37c-d481cfe42d10 - - - - - -] Attempt 1 to provision port 191448d9-0ef8-4768-a2b6-5f21721bb4eb
2026-04-12 21:56:17.564 10 INFO neutron.plugins.ml2.plugin [None req-d23ad60b-56b1-4879-b37c-d481cfe42d10 - - - - - -] Attempt 1 to provision port 806a8e5a-f593-41d0-baf7-c50c2f5ba21d
2026-04-12 21:56:18.112 10 INFO neutron.plugins.ml2.plugin [None req-eb184071-0c78-413a-afa1-0f11a4727683 - - - - - -] Attempt 1 to provision port 32915ce0-1efa-405c-bc52-389f82a6f83b
2026-04-12 21:56:18.983 10 INFO neutron.plugins.ml2.plugin [None req-32adc887-14fc-40b2-8121-3ecea9baae90 - - - - - -] Attempt 1 to provision port 32915ce0-1efa-405c-bc52-389f82a6f83b
2026-04-12 21:56:19.229 9 INFO neutron.plugins.ml2.plugin [None req-d23ad60b-56b1-4879-b37c-d481cfe42d10 - - - - - -] Attempt 1 to provision port f8158b0b-1e12-4bad-b95e-39f431e60790
2026-04-12 21:56:21.412 9 INFO neutron.plugins.ml2.plugin [None req-d23ad60b-56b1-4879-b37c-d481cfe42d10 - - - - - -] Attempt 1 to provision port f8158b0b-1e12-4bad-b95e-39f431e60790
2026-04-12 21:56:21.720 9 INFO neutron.plugins.ml2.plugin [None req-d23ad60b-56b1-4879-b37c-d481cfe42d10 - - - - - -] Attempt 1 to provision port 025e2230-1ea8-4f06-acf3-bf1eaa7fba7d
2026-04-12 21:56:22.032 9 INFO neutron.notifiers.nova [-] Nova event matching ['req-e49a0171-33ba-4930-81cb-dfa557354b6e'] response: {'server_uuid': 'bb42327e-1c73-4b73-a967-d36741bdafae', 'name': 'network-vif-plugged', 'status': 'completed', 'tag': '025e2230-1ea8-4f06-acf3-bf1eaa7fba7d', 'code': 200}
2026-04-12 21:56:23.434 10 INFO neutron.plugins.ml2.plugin [None req-d23ad60b-56b1-4879-b37c-d481cfe42d10 - - - - - -] Attempt 1 to provision port 025e2230-1ea8-4f06-acf3-bf1eaa7fba7d
2026-04-12 21:56:24.267 10 INFO neutron.plugins.ml2.plugin [None req-63ec186b-2922-4bb0-97a8-3922c9648d53 - - - - - -] Attempt 1 to provision port af7ea778-bf4a-431a-a7f2-5462d33260e3
2026-04-12 21:56:27.294 10 INFO neutron.plugins.ml2.plugin [None req-d23ad60b-56b1-4879-b37c-d481cfe42d10 - - - - - -] Attempt 1 to provision port af7ea778-bf4a-431a-a7f2-5462d33260e3
2026-04-12 21:56:27.442 10 INFO neutron.notifiers.nova [-] Nova event matching ['req-3db17780-9e6e-46f2-baba-6547ef53cb7f'] response: {'server_uuid': '5ee21eac-34ae-41e7-a701-3c6ec6c0ef3e', 'name': 'network-vif-plugged', 'status': 'completed', 'tag': 'af7ea778-bf4a-431a-a7f2-5462d33260e3', 'code': 200}
2026-04-12 21:56:29.602 10 INFO neutron.plugins.ml2.plugin [None req-d23ad60b-56b1-4879-b37c-d481cfe42d10 - - - - - -] Attempt 1 to provision port 9be752e6-38fd-4046-b3ad-66d223598961
2026-04-12 21:56:30.246 10 INFO neutron.plugins.ml2.plugin [None req-0263b245-7518-4377-a075-a5a130fd0fc7 - - - - - -] Attempt 1 to provision port de91ba33-97eb-464b-852b-11589b0c7da4
2026-04-12 21:56:30.699 10 INFO neutron.plugins.ml2.plugin [None req-d23ad60b-56b1-4879-b37c-d481cfe42d10 - - - - - -] Attempt 1 to provision port af7ea778-bf4a-431a-a7f2-5462d33260e3
2026-04-12 21:56:31.154 10 INFO neutron.plugins.ml2.plugin [None req-fa9447bc-7795-411e-886d-47216ddb9b79 - - - - - -] Attempt 1 to provision port 9be752e6-38fd-4046-b3ad-66d223598961
2026-04-12 21:56:31.417 10 INFO neutron.plugins.ml2.plugin [None req-d23ad60b-56b1-4879-b37c-d481cfe42d10 - - - - - -] Attempt 1 to provision port de91ba33-97eb-464b-852b-11589b0c7da4
2026-04-12 21:56:31.620 9 INFO neutron.plugins.ml2.plugin [None req-3e951314-8051-42c0-aa55-88bc6bac6f0a - - - - - -] Attempt 1 to provision port cc0b8298-4720-466e-b8db-d2e414e8da8f
2026-04-12 21:56:31.874 10 INFO neutron.plugins.ml2.plugin [None req-d23ad60b-56b1-4879-b37c-d481cfe42d10 - - - - - -] Attempt 1 to provision port 9be752e6-38fd-4046-b3ad-66d223598961
2026-04-12 21:56:32.144 10 INFO neutron.plugins.ml2.plugin [None req-d23ad60b-56b1-4879-b37c-d481cfe42d10 - - - - - -] Attempt 1 to provision port de91ba33-97eb-464b-852b-11589b0c7da4
2026-04-12 21:56:32.183 10 INFO neutron.plugins.ml2.plugin [None req-ddbf7b34-cd93-4393-9fff-dd5e9b703bab - - - - - -] Attempt 1 to provision port cc0b8298-4720-466e-b8db-d2e414e8da8f
2026-04-12 21:56:32.893 9 INFO neutron.notifiers.nova [-] Nova event matching ['req-08284355-8f94-4ff9-b0f7-6e8776992f96'] response: {'server_uuid': '5ee21eac-34ae-41e7-a701-3c6ec6c0ef3e', 'name': 'network-vif-unplugged', 'status': 'completed', 'tag': 'af7ea778-bf4a-431a-a7f2-5462d33260e3', 'code': 200}
2026-04-12 21:56:33.555 9 INFO neutron.plugins.ml2.plugin [None req-7dca66d8-67cb-45b4-bab0-4cf812730f1c - - - - - -] Attempt 1 to provision port e2a4537b-b5c9-4e7d-aa88-e445ba093f4f
2026-04-12 21:56:34.226 10 INFO neutron.plugins.ml2.plugin [None req-c94cc5f5-610d-4bde-a3bc-7bddba0029d5 - - - - - -] Attempt 1 to provision port e2a4537b-b5c9-4e7d-aa88-e445ba093f4f
2026-04-12 21:56:35.981 9 INFO neutron.plugins.ml2.plugin [None req-d23ad60b-56b1-4879-b37c-d481cfe42d10 - - - - - -] Attempt 1 to provision port 9eab00ce-d25d-4205-8186-f312b164f6a1
2026-04-12 21:56:38.206 10 INFO neutron.plugins.ml2.plugin [None req-d23ad60b-56b1-4879-b37c-d481cfe42d10 - - - - - -] Attempt 1 to provision port 48751d16-4549-4157-93ec-072b076e7846
2026-04-12 21:56:38.547 10 INFO neutron.plugins.ml2.plugin [None req-d23ad60b-56b1-4879-b37c-d481cfe42d10 - - - - - -] Attempt 1 to provision port a9d68078-a28d-45ba-b4f3-0316f01fb1d0 /var/lib/openstack/lib/python3.10/site-packages/oslo_db/sqlalchemy/enginefacade.py:664: SAWarning: DELETE statement on table 'portsecuritybindings' expected to delete 1 row(s); 0 were matched. Please set confirm_deleted_rows=False within the mapper configuration to prevent this warning. self.session.flush() /var/lib/openstack/lib/python3.10/site-packages/oslo_db/sqlalchemy/enginefacade.py:664: SAWarning: DELETE statement on table 'ml2_port_bindings' expected to delete 1 row(s); 0 were matched. Please set confirm_deleted_rows=False within the mapper configuration to prevent this warning. self.session.flush() /var/lib/openstack/lib/python3.10/site-packages/oslo_db/sqlalchemy/enginefacade.py:664: SAWarning: DELETE statement on table 'ml2_port_binding_levels' expected to delete 1 row(s); 0 were matched. Please set confirm_deleted_rows=False within the mapper configuration to prevent this warning. self.session.flush() /var/lib/openstack/lib/python3.10/site-packages/oslo_db/sqlalchemy/enginefacade.py:664: SAWarning: DELETE statement on table 'ports' expected to delete 1 row(s); 0 were matched. Please set confirm_deleted_rows=False within the mapper configuration to prevent this warning. self.session.flush()
2026-04-12 21:56:39.931 9 INFO neutron.plugins.ml2.plugin [None req-d23ad60b-56b1-4879-b37c-d481cfe42d10 - - - - - -] Attempt 1 to provision port 48751d16-4549-4157-93ec-072b076e7846
2026-04-12 21:56:40.360 9 INFO neutron.plugins.ml2.plugin [None req-d23ad60b-56b1-4879-b37c-d481cfe42d10 - - - - - -] Attempt 1 to provision port a9d68078-a28d-45ba-b4f3-0316f01fb1d0
2026-04-12 21:56:41.932 10 INFO neutron.notifiers.nova [-] Nova event matching ['req-0be4b989-0db3-4eb3-962c-6a5455591a10'] response: {'server_uuid': 'bb42327e-1c73-4b73-a967-d36741bdafae', 'name': 'network-vif-unplugged', 'status': 'completed', 'tag': '025e2230-1ea8-4f06-acf3-bf1eaa7fba7d', 'code': 200}
2026-04-12 21:56:42.456 10 INFO neutron.plugins.ml2.plugin [None req-24db9005-d5fd-4e6e-984a-4a66f99ceee9 - - - - - -] Attempt 1 to provision port e32eaa95-97fa-4a89-aef8-078b91f74a50
2026-04-12 21:56:42.686 9 INFO neutron.plugins.ml2.plugin [None req-d23ad60b-56b1-4879-b37c-d481cfe42d10 - - - - - -] Attempt 1 to provision port e32eaa95-97fa-4a89-aef8-078b91f74a50
2026-04-12 21:56:42.896 10 INFO neutron.plugins.ml2.plugin [None req-ecf9107c-50b1-4267-b50c-1e056a3db98a - - - - - -] Attempt 1 to provision port a4051c5d-8e00-4aa7-a018-dd3c6419f81a
2026-04-12 21:56:43.028 9 INFO neutron.plugins.ml2.plugin [None req-d23ad60b-56b1-4879-b37c-d481cfe42d10 - - - - - -] Attempt 1 to provision port 025e2230-1ea8-4f06-acf3-bf1eaa7fba7d
2026-04-12 21:56:43.159 9 INFO neutron.notifiers.nova [-] Nova event matching ['req-bcae7a87-3a9e-4426-96d6-b20ce9247aba'] response: {'server_uuid': 'bb42327e-1c73-4b73-a967-d36741bdafae', 'name': 'network-vif-plugged', 'status': 'completed', 'tag': '025e2230-1ea8-4f06-acf3-bf1eaa7fba7d', 'code': 200}
2026-04-12 21:56:43.455 9 INFO neutron.plugins.ml2.plugin [None req-aabafd6e-bf51-4ef2-be15-f7ee68b1ad1e - - - - - -] Attempt 1 to provision port 225346ab-280a-4c67-a579-9a4ad6a0a759
2026-04-12 21:56:43.884 10 INFO neutron.plugins.ml2.plugin [None req-d23ad60b-56b1-4879-b37c-d481cfe42d10 - - - - - -] Attempt 1 to provision port e32eaa95-97fa-4a89-aef8-078b91f74a50
2026-04-12 21:56:43.926 9 INFO neutron.plugins.ml2.plugin [None req-40f0308d-543c-4f01-b1cd-8889e6bdb784 - - - - - -] Attempt 1 to provision port 225346ab-280a-4c67-a579-9a4ad6a0a759
2026-04-12 21:56:44.264 10 INFO neutron.plugins.ml2.plugin [None req-d23ad60b-56b1-4879-b37c-d481cfe42d10 - - - - - -] Attempt 1 to provision port 025e2230-1ea8-4f06-acf3-bf1eaa7fba7d
2026-04-12 21:56:46.003 10 INFO neutron.plugins.ml2.plugin [None req-d23ad60b-56b1-4879-b37c-d481cfe42d10 - - - - - -] Attempt 1 to provision port 1032d40a-7633-4dbb-8e49-8cf30fc3ab03
2026-04-12 21:56:47.095 10 INFO neutron.plugins.ml2.plugin [None req-3ebed3e6-06e2-43db-aafd-f85f4895e221 - - - - - -] Attempt 1 to provision port c19209ce-4196-4281-b344-0a684dcb827f
2026-04-12 21:56:47.150 10 INFO neutron.plugins.ml2.plugin [None req-3ebed3e6-06e2-43db-aafd-f85f4895e221 - - - - - -] Attempt 1 to provision port f39c9056-42b2-43eb-8221-2e8b1ef44d5d /var/lib/openstack/lib/python3.10/site-packages/oslo_db/sqlalchemy/enginefacade.py:664: SAWarning: DELETE statement on table 'portsecuritybindings' expected to delete 1 row(s); 0 were matched. Please set confirm_deleted_rows=False within the mapper configuration to prevent this warning. self.session.flush() /var/lib/openstack/lib/python3.10/site-packages/oslo_db/sqlalchemy/enginefacade.py:664: SAWarning: DELETE statement on table 'ml2_port_bindings' expected to delete 1 row(s); 0 were matched. Please set confirm_deleted_rows=False within the mapper configuration to prevent this warning. self.session.flush() /var/lib/openstack/lib/python3.10/site-packages/oslo_db/sqlalchemy/enginefacade.py:664: SAWarning: DELETE statement on table 'ml2_port_binding_levels' expected to delete 1 row(s); 0 were matched. Please set confirm_deleted_rows=False within the mapper configuration to prevent this warning. self.session.flush() /var/lib/openstack/lib/python3.10/site-packages/oslo_db/sqlalchemy/enginefacade.py:664: SAWarning: DELETE statement on table 'ports' expected to delete 1 row(s); 0 were matched. Please set confirm_deleted_rows=False within the mapper configuration to prevent this warning. self.session.flush()
2026-04-12 21:56:47.547 9 INFO neutron.plugins.ml2.plugin [None req-90981773-5ba4-41de-996a-ba82c984dbaa - - - - - -] Attempt 1 to provision port c19209ce-4196-4281-b344-0a684dcb827f
2026-04-12 21:56:47.713 10 INFO neutron.plugins.ml2.plugin [None req-8f407720-115b-41aa-8214-381b78fbda6a - - - - - -] Attempt 1 to provision port c19209ce-4196-4281-b344-0a684dcb827f
2026-04-12 21:56:47.962 10 INFO neutron.plugins.ml2.plugin [None req-d23ad60b-56b1-4879-b37c-d481cfe42d10 - - - - - -] Attempt 1 to provision port f39c9056-42b2-43eb-8221-2e8b1ef44d5d
2026-04-12 21:56:48.271 10 INFO neutron.plugins.ml2.plugin [None req-d23ad60b-56b1-4879-b37c-d481cfe42d10 - - - - - -] Attempt 1 to provision port 1032d40a-7633-4dbb-8e49-8cf30fc3ab03
2026-04-12 21:56:49.983 9 INFO neutron.plugins.ml2.plugin [None req-d23ad60b-56b1-4879-b37c-d481cfe42d10 - - - - - -] Attempt 1 to provision port 68a35cd1-5e7d-49c4-9e44-0103c5bae4de
2026-04-12 21:56:50.485 10 INFO neutron.plugins.ml2.plugin [None req-f2ad699a-4cb5-425a-9384-f6f91c46f57f - - - - - -] Attempt 1 to provision port 68a35cd1-5e7d-49c4-9e44-0103c5bae4de
2026-04-12 21:56:51.456 9 INFO neutron.plugins.ml2.plugin [None req-ff9e2ca2-2038-4f13-8439-69045c92bf88 - - - - - -] Attempt 1 to provision port 41f73f5a-62f3-4577-a857-693449192fb3
2026-04-12 21:56:51.826 9 INFO neutron.plugins.ml2.plugin [None req-d4f446da-df5e-4a81-8dd9-14518b18e884 - - - - - -] Attempt 1 to provision port 41f73f5a-62f3-4577-a857-693449192fb3
2026-04-12 21:56:51.950 10 INFO neutron.plugins.ml2.plugin [None req-d23ad60b-56b1-4879-b37c-d481cfe42d10 - - - - - -] Attempt 1 to provision port 68a35cd1-5e7d-49c4-9e44-0103c5bae4de /var/lib/openstack/lib/python3.10/site-packages/oslo_db/sqlalchemy/enginefacade.py:664: SAWarning: DELETE statement on table 'portsecuritybindings' expected to delete 1 row(s); 0 were matched. Please set confirm_deleted_rows=False within the mapper configuration to prevent this warning. self.session.flush() /var/lib/openstack/lib/python3.10/site-packages/oslo_db/sqlalchemy/enginefacade.py:664: SAWarning: DELETE statement on table 'ml2_port_bindings' expected to delete 1 row(s); 0 were matched. Please set confirm_deleted_rows=False within the mapper configuration to prevent this warning. self.session.flush() /var/lib/openstack/lib/python3.10/site-packages/oslo_db/sqlalchemy/enginefacade.py:664: SAWarning: DELETE statement on table 'ml2_port_binding_levels' expected to delete 1 row(s); 0 were matched. Please set confirm_deleted_rows=False within the mapper configuration to prevent this warning. self.session.flush() /var/lib/openstack/lib/python3.10/site-packages/oslo_db/sqlalchemy/enginefacade.py:664: SAWarning: DELETE statement on table 'ports' expected to delete 1 row(s); 0 were matched. Please set confirm_deleted_rows=False within the mapper configuration to prevent this warning. self.session.flush()
2026-04-12 21:56:55.701 9 INFO neutron.plugins.ml2.plugin [None req-01416882-116e-4694-a17b-f440c8018dba - - - - - -] Attempt 1 to provision port 1efac9ca-a772-423c-bcd6-f1d726466d8b
2026-04-12 21:56:55.894 10 INFO neutron.plugins.ml2.plugin [None req-d23ad60b-56b1-4879-b37c-d481cfe42d10 - - - - - -] Attempt 1 to provision port 792ac0c6-3905-4a02-ab0c-daf078293a17
2026-04-12 21:56:56.339 10 INFO neutron.plugins.ml2.plugin [None req-d23ad60b-56b1-4879-b37c-d481cfe42d10 - - - - - -] No ports have port_id starting with 792ac0c6-3905-4a02-ab0c-daf078293a17
2026-04-12 21:56:56.394 10 INFO neutron.plugins.ml2.plugin [None req-d23ad60b-56b1-4879-b37c-d481cfe42d10 - - - - - -] Attempt 1 to provision port 21637937-7e49-4c8e-899a-166d40b5680f
2026-04-12 21:56:56.455 9 INFO neutron.plugins.ml2.plugin [None req-2c63052d-567e-465f-bd19-7e0a38012047 - - - - - -] Attempt 1 to provision port 89cb5a4f-4f00-4c94-a9e5-9ac30a94aaf9
2026-04-12 21:57:00.055 9 INFO neutron.plugins.ml2.plugin [None req-d23ad60b-56b1-4879-b37c-d481cfe42d10 - - - - - -] Attempt 1 to provision port 89cb5a4f-4f00-4c94-a9e5-9ac30a94aaf9
2026-04-12 21:57:00.241 9 INFO neutron.notifiers.nova [-] Nova event matching ['req-431fbe39-2425-4d41-abf4-c01fcee0810e'] response: {'server_uuid': '0c493e5c-2f35-492d-812c-3bb731eb4f53', 'name': 'network-vif-plugged', 'status': 'completed', 'tag': '89cb5a4f-4f00-4c94-a9e5-9ac30a94aaf9', 'code': 200}
2026-04-12 21:57:01.928 10 INFO neutron.plugins.ml2.plugin [None req-d23ad60b-56b1-4879-b37c-d481cfe42d10 - - - - - -] Attempt 1 to provision port 89cb5a4f-4f00-4c94-a9e5-9ac30a94aaf9
2026-04-12 21:57:04.025 10 INFO neutron.plugins.ml2.plugin [None req-d23ad60b-56b1-4879-b37c-d481cfe42d10 - - - - - -] Attempt 1 to provision port 9ffc1044-f05c-484f-ab6d-73523aee318b
2026-04-12 21:57:04.490 10 INFO neutron.plugins.ml2.plugin [None req-d23ad60b-56b1-4879-b37c-d481cfe42d10 - - - - - -] Attempt 1 to provision port c19209ce-4196-4281-b344-0a684dcb827f
2026-04-12 21:57:04.895 10 INFO neutron.plugins.ml2.plugin [None req-3adf1c04-2e63-41f3-bf7a-fac83d46ed1e - - - - - -] Attempt 1 to provision port 9ffc1044-f05c-484f-ab6d-73523aee318b
2026-04-12 21:57:05.043 10 INFO neutron.plugins.ml2.plugin [None req-d23ad60b-56b1-4879-b37c-d481cfe42d10 - - - - - -] Attempt 1 to provision port a4051c5d-8e00-4aa7-a018-dd3c6419f81a
2026-04-12 21:57:06.168 9 INFO neutron.plugins.ml2.plugin [None req-d23ad60b-56b1-4879-b37c-d481cfe42d10 - - - - - -] Attempt 1 to provision port 9ffc1044-f05c-484f-ab6d-73523aee318b
2026-04-12 21:57:06.571 9 INFO neutron.plugins.ml2.plugin [None req-d23ad60b-56b1-4879-b37c-d481cfe42d10 - - - - - -] Attempt 1 to provision port c19209ce-4196-4281-b344-0a684dcb827f
2026-04-12 21:57:06.966 9 INFO neutron.plugins.ml2.plugin [None req-d23ad60b-56b1-4879-b37c-d481cfe42d10 - - - - - -] Attempt 1 to provision port a4051c5d-8e00-4aa7-a018-dd3c6419f81a /var/lib/openstack/lib/python3.10/site-packages/oslo_db/sqlalchemy/enginefacade.py:664: SAWarning: DELETE statement on table 'portsecuritybindings' expected to delete 1 row(s); 0 were matched. Please set confirm_deleted_rows=False within the mapper configuration to prevent this warning. self.session.flush() /var/lib/openstack/lib/python3.10/site-packages/oslo_db/sqlalchemy/enginefacade.py:664: SAWarning: DELETE statement on table 'ml2_port_bindings' expected to delete 1 row(s); 0 were matched. Please set confirm_deleted_rows=False within the mapper configuration to prevent this warning. self.session.flush() /var/lib/openstack/lib/python3.10/site-packages/oslo_db/sqlalchemy/enginefacade.py:664: SAWarning: DELETE statement on table 'ml2_port_binding_levels' expected to delete 1 row(s); 0 were matched. Please set confirm_deleted_rows=False within the mapper configuration to prevent this warning. self.session.flush() /var/lib/openstack/lib/python3.10/site-packages/oslo_db/sqlalchemy/enginefacade.py:664: SAWarning: DELETE statement on table 'ports' expected to delete 1 row(s); 0 were matched. Please set confirm_deleted_rows=False within the mapper configuration to prevent this warning. self.session.flush()
2026-04-12 21:57:11.997 10 INFO neutron.plugins.ml2.plugin [None req-d23ad60b-56b1-4879-b37c-d481cfe42d10 - - - - - -] Attempt 1 to provision port 68f7938e-3ed5-4eb9-8f83-7acb7439bce0
2026-04-12 21:57:21.076 10 INFO neutron.plugins.ml2.plugin [None req-22a8f91b-a596-4c74-ba25-05a73ab1bc3d - - - - - -] Attempt 1 to provision port f0f481c5-2384-4b14-9649-4b260cbfbbea
2026-04-12 21:57:24.005 10 INFO neutron.plugins.ml2.plugin [None req-d23ad60b-56b1-4879-b37c-d481cfe42d10 - - - - - -] Attempt 1 to provision port f0f481c5-2384-4b14-9649-4b260cbfbbea
2026-04-12 21:57:24.172 10 INFO neutron.notifiers.nova [-] Nova event matching ['req-f6d80e76-1f27-42ab-950e-c216d3ac6d81'] response: {'server_uuid': 'da891314-8634-4479-86d8-c6d66143d608', 'name': 'network-vif-plugged', 'status': 'completed', 'tag': 'f0f481c5-2384-4b14-9649-4b260cbfbbea', 'code': 200}
2026-04-12 21:57:25.927 9 INFO neutron.plugins.ml2.plugin [None req-d23ad60b-56b1-4879-b37c-d481cfe42d10 - - - - - -] Attempt 1 to provision port f0f481c5-2384-4b14-9649-4b260cbfbbea
2026-04-12 21:57:29.794 10 INFO neutron.plugins.ml2.plugin [None req-c04cf535-5e1d-42b5-9b03-147fdc7c5442 - - - - - -] Attempt 1 to provision port e70994c1-f14b-4290-95d9-ccb1480145f3
2026-04-12 21:57:29.933 9 INFO neutron.plugins.ml2.plugin [None req-d23ad60b-56b1-4879-b37c-d481cfe42d10 - - - - - -] Attempt 1 to provision port 17e13378-8f85-4937-8379-0b23eebf573c
2026-04-12 21:57:30.048 10 INFO neutron.plugins.ml2.plugin [None req-1ebcde8f-1a92-4ff4-910a-2644d6673c2f - - - - - -] Attempt 1 to provision port 17e13378-8f85-4937-8379-0b23eebf573c
2026-04-12 21:57:31.918 9 INFO neutron.plugins.ml2.plugin [None req-d23ad60b-56b1-4879-b37c-d481cfe42d10 - - - - - -] Attempt 1 to provision port 17e13378-8f85-4937-8379-0b23eebf573c
2026-04-12 21:57:32.952 9 INFO neutron.plugins.ml2.plugin [None req-1cc3e4f3-b0b3-4d5c-b521-3d44ecdca16f - - - - - -] Attempt 1 to provision port b9f04316-a582-4357-8796-64431c003787
2026-04-12 21:57:33.709 9 INFO neutron.plugins.ml2.plugin [None req-412ac3a7-ba62-4197-b13f-2e973c93206f - - - - - -] Attempt 1 to provision port b9f04316-a582-4357-8796-64431c003787
2026-04-12 21:57:33.941 10 INFO neutron.plugins.ml2.plugin [None req-d23ad60b-56b1-4879-b37c-d481cfe42d10 - - - - - -] Attempt 1 to provision port 916e9aba-8e03-4fc3-ae4b-9706d382f549
2026-04-12 21:57:35.975 9 INFO neutron.plugins.ml2.plugin [None req-d23ad60b-56b1-4879-b37c-d481cfe42d10 - - - - - -] Attempt 1 to provision port 916e9aba-8e03-4fc3-ae4b-9706d382f549
2026-04-12 21:57:37.609 9 INFO neutron.plugins.ml2.plugin [None req-3601a7d2-9018-4b72-a5fb-84138442699a - - - - - -] Attempt 1 to provision port 1d559720-c7f7-4ec1-a060-d1cbb5bd4d63
2026-04-12 21:57:38.561 9 INFO neutron.plugins.ml2.plugin [None req-81998048-4045-406f-b0cc-9c8d5faf104c - - - - - -] Attempt 1 to provision port a6ade196-b9ba-45ae-a474-8b214b460569
2026-04-12 21:57:42.133 10 INFO neutron.plugins.ml2.plugin [None req-d23ad60b-56b1-4879-b37c-d481cfe42d10 - - - - - -] Attempt 1 to provision port a6ade196-b9ba-45ae-a474-8b214b460569
2026-04-12 21:57:42.306 10 INFO neutron.notifiers.nova [-] Nova event matching ['req-90f0d2ea-0903-4510-8b99-35bf68f96c0f'] response: {'server_uuid': '9cc0d10a-97fd-4993-bb28-784c59337b38', 'name': 'network-vif-plugged', 'status': 'completed', 'tag': 'a6ade196-b9ba-45ae-a474-8b214b460569', 'code': 200}
2026-04-12 21:57:51.444 10 INFO neutron.plugins.ml2.plugin [None req-29d3902e-61af-4d1d-9343-1c5b8b3832e1 - - - - - -] Attempt 1 to provision port 5af2bb9e-96e5-495d-88bb-393d3f2d9e14
2026-04-12 21:57:51.945 9 INFO neutron.plugins.ml2.plugin [None req-d23ad60b-56b1-4879-b37c-d481cfe42d10 - - - - - -] Attempt 1 to provision port 8f61a7b0-ebc9-420a-950c-cb36a1f4699d
2026-04-12 21:57:52.193 9 INFO neutron.plugins.ml2.plugin [None req-d389dfcd-78cf-46a5-bce7-d85597eb5bc1 - - - - - -] Attempt 1 to provision port 8f61a7b0-ebc9-420a-950c-cb36a1f4699d
2026-04-12 21:57:53.957 10 INFO neutron.plugins.ml2.plugin [None req-d23ad60b-56b1-4879-b37c-d481cfe42d10 - - - - - -] Attempt 1 to provision port 8f61a7b0-ebc9-420a-950c-cb36a1f4699d
2026-04-12 21:57:54.037 9 INFO neutron.plugins.ml2.plugin [None req-5ea37fc2-9dc3-4653-b367-f9ab341bff5b - - - - - -] Attempt 1 to provision port f4892387-5043-4453-9a29-e405b20ead23
2026-04-12 21:57:54.817 9 INFO neutron.plugins.ml2.plugin [None req-a1fe1da2-4eeb-42ae-b471-e0d2c3dcf776 - - - - - -] Attempt 1 to provision port f4892387-5043-4453-9a29-e405b20ead23
2026-04-12 21:57:56.013 10 INFO neutron.plugins.ml2.plugin [None req-d23ad60b-56b1-4879-b37c-d481cfe42d10 - - - - - -] Attempt 1 to provision port f1595654-07cc-460a-abfe-bea753a5120e
2026-04-12 21:57:58.194 9 INFO neutron.plugins.ml2.plugin [None req-d23ad60b-56b1-4879-b37c-d481cfe42d10 - - - - - -] Attempt 1 to provision port f1595654-07cc-460a-abfe-bea753a5120e
2026-04-12 21:57:58.396 10 INFO neutron.plugins.ml2.plugin [None req-05436edf-46ba-485a-8e7f-0aa553c13938 - - - - - -] Attempt 1 to provision port d345f2ce-16f0-4e51-abbe-036585d24792
2026-04-12 21:57:58.466 9 INFO neutron.plugins.ml2.plugin [None req-d23ad60b-56b1-4879-b37c-d481cfe42d10 - - - - - -] Attempt 1 to provision port a8cc1d2d-1fa8-4168-9aa0-d60887f31121
2026-04-12 21:57:59.138 10 INFO neutron.plugins.ml2.plugin [None req-df4dbdab-6675-444b-81a2-e9c58e00dea2 - - - - - -] Attempt 1 to provision port a8cc1d2d-1fa8-4168-9aa0-d60887f31121
2026-04-12 21:58:00.090 9 INFO neutron.plugins.ml2.plugin [None req-d23ad60b-56b1-4879-b37c-d481cfe42d10 - - - - - -] Attempt 1 to provision port a8cc1d2d-1fa8-4168-9aa0-d60887f31121
2026-04-12 21:58:01.962 9 INFO neutron.plugins.ml2.plugin [None req-0bd7db35-d7b9-4807-9868-20e2964f2d25 - - - - - -] Attempt 1 to provision port 2281ab14-ce54-44af-885d-13a9a6e6cb4b
2026-04-12 21:58:02.734 10 INFO neutron.plugins.ml2.plugin [None req-f10fe761-07bb-475f-a499-5550d30a7b51 - - - - - -] Attempt 1 to provision port 2281ab14-ce54-44af-885d-13a9a6e6cb4b
2026-04-12 21:58:03.961 10 INFO neutron.plugins.ml2.plugin [None req-d23ad60b-56b1-4879-b37c-d481cfe42d10 - - - - - -] Attempt 1 to provision port 3fe643ee-ff09-4a64-ad50-306249aea45d
2026-04-12 21:58:04.397 10 INFO neutron.plugins.ml2.plugin [None req-e4d7f083-eb82-4f10-b870-5e046ed2c8e7 - - - - - -] Attempt 1 to provision port 2c1e0fee-50e6-4baa-a655-c7afcfb25707
2026-04-12 21:58:04.541 10 INFO neutron.plugins.ml2.plugin [None req-d23ad60b-56b1-4879-b37c-d481cfe42d10 - - - - - -] Attempt 1 to provision port 2c1e0fee-50e6-4baa-a655-c7afcfb25707
2026-04-12 21:58:06.123 9 INFO neutron.plugins.ml2.plugin [None req-d23ad60b-56b1-4879-b37c-d481cfe42d10 - - - - - -] Attempt 1 to provision port 3fe643ee-ff09-4a64-ad50-306249aea45d /var/lib/openstack/lib/python3.10/site-packages/oslo_db/sqlalchemy/enginefacade.py:664: SAWarning: DELETE statement on table 'portsecuritybindings' expected to delete 1 row(s); 0 were matched. Please set confirm_deleted_rows=False within the mapper configuration to prevent this warning. self.session.flush() /var/lib/openstack/lib/python3.10/site-packages/oslo_db/sqlalchemy/enginefacade.py:664: SAWarning: DELETE statement on table 'ml2_port_bindings' expected to delete 1 row(s); 0 were matched. Please set confirm_deleted_rows=False within the mapper configuration to prevent this warning. self.session.flush() /var/lib/openstack/lib/python3.10/site-packages/oslo_db/sqlalchemy/enginefacade.py:664: SAWarning: DELETE statement on table 'ml2_port_binding_levels' expected to delete 1 row(s); 0 were matched. Please set confirm_deleted_rows=False within the mapper configuration to prevent this warning. self.session.flush() /var/lib/openstack/lib/python3.10/site-packages/oslo_db/sqlalchemy/enginefacade.py:664: SAWarning: DELETE statement on table 'ports' expected to delete 1 row(s); 0 were matched. Please set confirm_deleted_rows=False within the mapper configuration to prevent this warning. self.session.flush()
2026-04-12 21:58:09.892 9 INFO neutron.plugins.ml2.plugin [None req-8936b2d0-de4e-4d55-8d44-ee226f2d564c - - - - - -] Attempt 1 to provision port 557ee85f-5432-4922-a2c8-5335baba1751
2026-04-12 21:58:12.271 9 INFO neutron.plugins.ml2.plugin [None req-d23ad60b-56b1-4879-b37c-d481cfe42d10 - - - - - -] Attempt 1 to provision port cf617d3a-b9d5-4e5b-944c-a8eef97298c8
2026-04-12 21:58:12.761 9 INFO neutron.plugins.ml2.plugin [None req-d23ad60b-56b1-4879-b37c-d481cfe42d10 - - - - - -] Attempt 1 to provision port 557ee85f-5432-4922-a2c8-5335baba1751
2026-04-12 21:58:12.912 9 INFO neutron.notifiers.nova [-] Nova event matching ['req-c73897b9-54c5-4dff-b944-7845be904372'] response: {'server_uuid': 'f8600ec1-2c9c-4a54-b0a8-b7cba88866c9', 'name': 'network-vif-plugged', 'status': 'completed', 'tag': '557ee85f-5432-4922-a2c8-5335baba1751', 'code': 200}
2026-04-12 21:58:12.967 9 INFO neutron.plugins.ml2.plugin [None req-127892a6-4dab-405e-8d1f-75d313a740d1 - - - - - -] Attempt 1 to provision port cf617d3a-b9d5-4e5b-944c-a8eef97298c8
2026-04-12 21:58:13.346 9 INFO neutron.plugins.ml2.plugin [None req-d23ad60b-56b1-4879-b37c-d481cfe42d10 - - - - - -] Attempt 1 to provision port 5af2bb9e-96e5-495d-88bb-393d3f2d9e14
2026-04-12 21:58:13.737 9 INFO neutron.plugins.ml2.plugin [None req-d23ad60b-56b1-4879-b37c-d481cfe42d10 - - - - - -] Attempt 1 to provision port f4892387-5043-4453-9a29-e405b20ead23
2026-04-12 21:58:14.795 10 INFO neutron.plugins.ml2.plugin [None req-d23ad60b-56b1-4879-b37c-d481cfe42d10 - - - - - -] Attempt 1 to provision port f4892387-5043-4453-9a29-e405b20ead23
2026-04-12 21:58:15.238 10 INFO neutron.plugins.ml2.plugin [None req-d23ad60b-56b1-4879-b37c-d481cfe42d10 - - - - - -] Attempt 1 to provision port 557ee85f-5432-4922-a2c8-5335baba1751
2026-04-12 21:58:15.607 10 INFO neutron.plugins.ml2.plugin [None req-d23ad60b-56b1-4879-b37c-d481cfe42d10 - - - - - -] Attempt 1 to provision port 5af2bb9e-96e5-495d-88bb-393d3f2d9e14
2026-04-12 21:58:16.576 10 INFO neutron.plugins.ml2.plugin [None req-d23ad60b-56b1-4879-b37c-d481cfe42d10 - - - - - -] Attempt 1 to provision port 687c0db4-f769-4abc-b205-65137edf763b
2026-04-12 21:58:16.713 9 INFO neutron.plugins.ml2.plugin [None req-be046784-c4f2-4868-ac54-d89628509cdd - - - - - -] Attempt 1 to provision port d77ee750-b8d5-476b-91d3-df9d9624f9fc /var/lib/openstack/lib/python3.10/site-packages/oslo_db/sqlalchemy/enginefacade.py:664: SAWarning: DELETE statement on table 'portsecuritybindings' expected to delete 1 row(s); 0 were matched. Please set confirm_deleted_rows=False within the mapper configuration to prevent this warning. self.session.flush() /var/lib/openstack/lib/python3.10/site-packages/oslo_db/sqlalchemy/enginefacade.py:664: SAWarning: DELETE statement on table 'ml2_port_bindings' expected to delete 1 row(s); 0 were matched. Please set confirm_deleted_rows=False within the mapper configuration to prevent this warning. self.session.flush() /var/lib/openstack/lib/python3.10/site-packages/oslo_db/sqlalchemy/enginefacade.py:664: SAWarning: DELETE statement on table 'ml2_port_binding_levels' expected to delete 1 row(s); 0 were matched. Please set confirm_deleted_rows=False within the mapper configuration to prevent this warning. self.session.flush() /var/lib/openstack/lib/python3.10/site-packages/oslo_db/sqlalchemy/enginefacade.py:664: SAWarning: DELETE statement on table 'ports' expected to delete 1 row(s); 0 were matched. Please set confirm_deleted_rows=False within the mapper configuration to prevent this warning. self.session.flush()
2026-04-12 21:58:17.283 10 INFO neutron.plugins.ml2.plugin [None req-d23ad60b-56b1-4879-b37c-d481cfe42d10 - - - - - -] Attempt 1 to provision port d77ee750-b8d5-476b-91d3-df9d9624f9fc
2026-04-12 21:58:17.702 9 INFO neutron.plugins.ml2.plugin [None req-1bcbb9a3-d0cb-46bb-a5b9-7d5f36e8e4bc - - - - - -] Attempt 1 to provision port e84b6562-dd4c-40d5-b810-3de06112b90e
2026-04-12 21:58:17.907 10 INFO neutron.plugins.ml2.plugin [None req-d23ad60b-56b1-4879-b37c-d481cfe42d10 - - - - - -] Attempt 1 to provision port e84b6562-dd4c-40d5-b810-3de06112b90e
2026-04-12 21:58:18.618 10 INFO neutron.plugins.ml2.plugin [None req-b65fa58a-3de4-456a-be6c-577f321ee1d2 - - - - - -] Attempt 1 to provision port e77f1ccc-23f0-4b61-937d-3b25099b5abe
2026-04-12 21:58:19.587 10 INFO neutron.plugins.ml2.plugin [None req-d23ad60b-56b1-4879-b37c-d481cfe42d10 - - - - - -] Attempt 1 to provision port 2281ab14-ce54-44af-885d-13a9a6e6cb4b
2026-04-12 21:58:19.696 10 INFO neutron.plugins.ml2.plugin [None req-7a043ea3-e4f7-4e25-b279-190a65944fc4 - - - - - -] Attempt 1 to provision port a446e221-edf7-4268-ba5c-b942db6ee8ad
2026-04-12 21:58:20.164 10 INFO neutron.plugins.ml2.plugin [None req-d23ad60b-56b1-4879-b37c-d481cfe42d10 - - - - - -] Attempt 1 to provision port a446e221-edf7-4268-ba5c-b942db6ee8ad
2026-04-12 21:58:20.467 9 INFO neutron.plugins.ml2.plugin [None req-cd644ee6-e84a-4e64-84af-416f7a3f6205 - - - - - -] Attempt 1 to provision port 9514356f-e051-4b1d-a0d8-cffe8be4c5ab
2026-04-12 21:58:20.503 10 INFO neutron.plugins.ml2.plugin [None req-d23ad60b-56b1-4879-b37c-d481cfe42d10 - - - - - -] Attempt 1 to provision port d345f2ce-16f0-4e51-abbe-036585d24792
2026-04-12 21:58:21.368 10 INFO neutron.plugins.ml2.plugin [None req-d23ad60b-56b1-4879-b37c-d481cfe42d10 - - - - - -] Attempt 1 to provision port 2281ab14-ce54-44af-885d-13a9a6e6cb4b
2026-04-12 21:58:21.778 10 INFO neutron.plugins.ml2.plugin [None req-d23ad60b-56b1-4879-b37c-d481cfe42d10 - - - - - -] Attempt 1 to provision port d345f2ce-16f0-4e51-abbe-036585d24792
2026-04-12 21:58:25.428 10 INFO neutron.plugins.ml2.plugin [None req-d23ad60b-56b1-4879-b37c-d481cfe42d10 - - - - - -] Attempt 1 to provision port 359309fb-1f31-462e-a1ea-cd83bb463ae1
2026-04-12 21:58:25.775 10 INFO neutron.plugins.ml2.plugin [None req-e85ff48f-2767-4a81-9fca-c047caa2fa8d - - - - - -] Attempt 1 to provision port 359309fb-1f31-462e-a1ea-cd83bb463ae1
2026-04-12 21:58:25.900 10 INFO neutron.plugins.ml2.plugin [None req-d23ad60b-56b1-4879-b37c-d481cfe42d10 - - - - - -] Attempt 1 to provision port 46c98821-2d7b-47ad-8dba-7a0994c447b5
2026-04-12 21:58:26.361 10 INFO neutron.plugins.ml2.plugin [None req-5c4f4b78-0fa2-4bb9-92f3-d23404cd5125 - - - - - -] Attempt 1 to provision port 46c98821-2d7b-47ad-8dba-7a0994c447b5
2026-04-12 21:58:27.164 10 INFO neutron.plugins.ml2.plugin [None req-75ef488a-647e-4cfd-9f8c-150024f76992 - - - - - -] Attempt 1 to provision port f1cd59b0-e2db-4b5e-abce-4238a5ab9c02
2026-04-12 21:58:27.581 9 INFO neutron.plugins.ml2.plugin [None req-d23ad60b-56b1-4879-b37c-d481cfe42d10 - - - - - -] Attempt 1 to provision port 359309fb-1f31-462e-a1ea-cd83bb463ae1
2026-04-12 21:58:27.926 9 INFO neutron.plugins.ml2.plugin [None req-ab9ac792-db2c-474f-b2a1-073723f3dae0 - - - - - -] Attempt 1 to provision port f1cd59b0-e2db-4b5e-abce-4238a5ab9c02
2026-04-12 21:58:27.952 9 INFO neutron.plugins.ml2.plugin [None req-d23ad60b-56b1-4879-b37c-d481cfe42d10 - - - - - -] Attempt 1 to provision port 46c98821-2d7b-47ad-8dba-7a0994c447b5
2026-04-12 21:58:28.874 10 INFO neutron.plugins.ml2.plugin [None req-6e61557d-7e12-4e7e-8b6d-0b368483538e - - - - - -] Attempt 1 to provision port 9fa328f0-5447-497e-a91d-4984020abb4e
2026-04-12 21:58:29.530 10 INFO neutron.plugins.ml2.plugin [None req-41aeecdb-1c7c-46c1-9445-1e13dee54e6e - - - - - -] Attempt 1 to provision port 9fa328f0-5447-497e-a91d-4984020abb4e
2026-04-12 21:58:38.778 9 INFO neutron.plugins.ml2.plugin [None req-80bf613b-855d-4302-9914-9c1e824b4426 - - - - - -] Attempt 1 to provision port 257dd391-dd7e-44f9-95f2-219672913da1
2026-04-12 21:58:38.807 9 INFO neutron.plugins.ml2.plugin [None req-80bf613b-855d-4302-9914-9c1e824b4426 - - - - - -] Attempt 1 to provision port 53db5335-1c4b-48af-ae67-702aaf6e8215
2026-04-12 21:58:39.208 9 INFO neutron.plugins.ml2.plugin [None req-6621d49b-cc24-4776-bf7b-78e896e814d9 - - - - - -] Attempt 1 to provision port 257dd391-dd7e-44f9-95f2-219672913da1
2026-04-12 21:58:39.550 10 INFO neutron.plugins.ml2.plugin [None req-d23ad60b-56b1-4879-b37c-d481cfe42d10 - - - - - -] Attempt 1 to provision port 53db5335-1c4b-48af-ae67-702aaf6e8215
2026-04-12 21:58:40.481 9 INFO neutron.plugins.ml2.plugin [None req-75af48a1-c717-4b7e-a6ae-3800ce776592 - - - - - -] Attempt 1 to provision port 257dd391-dd7e-44f9-95f2-219672913da1
2026-04-12 21:58:45.639 10 INFO neutron.plugins.ml2.plugin [None req-d23ad60b-56b1-4879-b37c-d481cfe42d10 - - - - - -] Attempt 1 to provision port f060aa29-a6c6-43be-9aaf-0cc2595d2f59
2026-04-12 21:58:46.577 9 INFO neutron.plugins.ml2.plugin [None req-5384a03c-0577-4291-bc3f-47d21c810083 - - - - - -] Attempt 1 to provision port f060aa29-a6c6-43be-9aaf-0cc2595d2f59
2026-04-12 21:58:47.153 10 INFO neutron.plugins.ml2.plugin [None req-9c39cae2-aefb-4e74-9e69-256753be58e0 - - - - - -] Attempt 1 to provision port afd348ea-dcfc-4fb6-b996-454cae92480b
2026-04-12 21:58:47.341 9 INFO neutron.plugins.ml2.plugin [None req-d23ad60b-56b1-4879-b37c-d481cfe42d10 - - - - - -] Attempt 1 to provision port f060aa29-a6c6-43be-9aaf-0cc2595d2f59
2026-04-12 21:58:47.801 9 INFO neutron.plugins.ml2.plugin [None req-2da55e7c-2c33-4c76-a578-e7bae51fd603 - - - - - -] Attempt 1 to provision port afd348ea-dcfc-4fb6-b996-454cae92480b
2026-04-12 21:58:48.014 10 ERROR neutron.plugins.ml2.managers [None req-9cd6446a-fdd8-4e2d-8633-5cbc131974d3 - - - - - -] Mechanism driver openvswitch failed in bind_port: neutron_lib.exceptions.SubnetNotFound: Subnet a043c946-18a4-48c0-a1ad-09b277d90a1c could not be found.
2026-04-12 21:58:48.014 10 ERROR neutron.plugins.ml2.managers
Traceback (most recent call last):
2026-04-12 21:58:48.014 10 ERROR neutron.plugins.ml2.managers
File "/var/lib/openstack/lib/python3.10/site-packages/neutron/plugins/ml2/managers.py", line 850, in _bind_port_level
2026-04-12 21:58:48.014 10 ERROR neutron.plugins.ml2.managers driver.obj.bind_port(context)
2026-04-12 21:58:48.014 10 ERROR neutron.plugins.ml2.managers
File "/var/lib/openstack/lib/python3.10/site-packages/neutron/plugins/ml2/drivers/openvswitch/mech_driver/mech_openvswitch.py", line 133, in bind_port
2026-04-12 21:58:48.014 10 ERROR neutron.plugins.ml2.managers super(OpenvswitchMechanismDriver, self).bind_port(context)
2026-04-12 21:58:48.014 10 ERROR neutron.plugins.ml2.managers
File "/var/lib/openstack/lib/python3.10/site-packages/neutron/plugins/ml2/drivers/mech_agent.py", line 104, in bind_port
2026-04-12 21:58:48.014 10 ERROR neutron.plugins.ml2.managers subnets = self.get_subnets_from_fixed_ips(context)
2026-04-12 21:58:48.014 10 ERROR neutron.plugins.ml2.managers
File "/var/lib/openstack/lib/python3.10/site-packages/neutron/plugins/ml2/drivers/mech_agent.py", line 149, in get_subnets_from_fixed_ips
2026-04-12 21:58:48.014 10 ERROR neutron.plugins.ml2.managers subnets.append(context._plugin.get_subnet(
2026-04-12 21:58:48.014 10 ERROR neutron.plugins.ml2.managers
File "/var/lib/openstack/lib/python3.10/site-packages/neutron_lib/db/api.py", line 223, in wrapped
2026-04-12 21:58:48.014 10 ERROR neutron.plugins.ml2.managers return f_with_retry(*args, **kwargs,
2026-04-12 21:58:48.014 10 ERROR neutron.plugins.ml2.managers
File "/var/lib/openstack/lib/python3.10/site-packages/neutron_lib/db/api.py", line 137, in wrapped
2026-04-12 21:58:48.014 10 ERROR neutron.plugins.ml2.managers with excutils.save_and_reraise_exception():
2026-04-12 21:58:48.014 10 ERROR neutron.plugins.ml2.managers
File "/var/lib/openstack/lib/python3.10/site-packages/oslo_utils/excutils.py", line 227, in __exit__
2026-04-12 21:58:48.014 10 ERROR neutron.plugins.ml2.managers self.force_reraise()
2026-04-12 21:58:48.014 10 ERROR neutron.plugins.ml2.managers
File "/var/lib/openstack/lib/python3.10/site-packages/oslo_utils/excutils.py", line 200, in force_reraise
2026-04-12 21:58:48.014 10 ERROR neutron.plugins.ml2.managers raise self.value
2026-04-12 21:58:48.014 10 ERROR neutron.plugins.ml2.managers
File "/var/lib/openstack/lib/python3.10/site-packages/neutron_lib/db/api.py", line 135, in wrapped
2026-04-12 21:58:48.014 10 ERROR neutron.plugins.ml2.managers return f(*args, **kwargs)
2026-04-12 21:58:48.014 10 ERROR neutron.plugins.ml2.managers
File "/var/lib/openstack/lib/python3.10/site-packages/oslo_db/api.py", line 144, in wrapper
2026-04-12 21:58:48.014 10 ERROR neutron.plugins.ml2.managers with excutils.save_and_reraise_exception() as ectxt:
2026-04-12 21:58:48.014 10 ERROR neutron.plugins.ml2.managers
File "/var/lib/openstack/lib/python3.10/site-packages/oslo_utils/excutils.py", line 227, in __exit__
2026-04-12 21:58:48.014 10 ERROR neutron.plugins.ml2.managers self.force_reraise()
2026-04-12 21:58:48.014 10 ERROR neutron.plugins.ml2.managers
File "/var/lib/openstack/lib/python3.10/site-packages/oslo_utils/excutils.py", line 200, in force_reraise
2026-04-12 21:58:48.014 10 ERROR neutron.plugins.ml2.managers raise self.value
2026-04-12 21:58:48.014 10 ERROR neutron.plugins.ml2.managers
File "/var/lib/openstack/lib/python3.10/site-packages/oslo_db/api.py", line 142, in wrapper
2026-04-12 21:58:48.014 10 ERROR neutron.plugins.ml2.managers return f(*args, **kwargs)
2026-04-12 21:58:48.014 10 ERROR neutron.plugins.ml2.managers
File "/var/lib/openstack/lib/python3.10/site-packages/neutron_lib/db/api.py", line 183, in wrapped
2026-04-12 21:58:48.014 10 ERROR neutron.plugins.ml2.managers with excutils.save_and_reraise_exception():
2026-04-12 21:58:48.014 10 ERROR neutron.plugins.ml2.managers
File "/var/lib/openstack/lib/python3.10/site-packages/oslo_utils/excutils.py", line 227, in __exit__
2026-04-12 21:58:48.014 10 ERROR neutron.plugins.ml2.managers self.force_reraise()
2026-04-12 21:58:48.014 10 ERROR neutron.plugins.ml2.managers
File "/var/lib/openstack/lib/python3.10/site-packages/oslo_utils/excutils.py", line 200, in force_reraise
2026-04-12 21:58:48.014 10 ERROR neutron.plugins.ml2.managers raise self.value
2026-04-12 21:58:48.014 10 ERROR neutron.plugins.ml2.managers
File "/var/lib/openstack/lib/python3.10/site-packages/neutron_lib/db/api.py", line 181, in wrapped
2026-04-12 21:58:48.014 10 ERROR neutron.plugins.ml2.managers return f(*dup_args, **dup_kwargs)
2026-04-12 21:58:48.014 10 ERROR neutron.plugins.ml2.managers
File "/var/lib/openstack/lib/python3.10/site-packages/neutron/db/db_base_plugin_v2.py", line 1233, in get_subnet
2026-04-12 21:58:48.014 10 ERROR neutron.plugins.ml2.managers subnet_obj = self._get_subnet_object(context, id)
2026-04-12 21:58:48.014 10 ERROR neutron.plugins.ml2.managers
File "/var/lib/openstack/lib/python3.10/site-packages/neutron/db/db_base_plugin_common.py", line 282, in _get_subnet_object
2026-04-12 21:58:48.014 10 ERROR neutron.plugins.ml2.managers raise exceptions.SubnetNotFound(subnet_id=id)
2026-04-12 21:58:48.014 10 ERROR neutron.plugins.ml2.managers neutron_lib.exceptions.SubnetNotFound: Subnet a043c946-18a4-48c0-a1ad-09b277d90a1c could not be found.
2026-04-12 21:58:48.014 10 ERROR neutron.plugins.ml2.managers 
2026-04-12 21:58:48.017 10 ERROR neutron.plugins.ml2.managers [None req-9cd6446a-fdd8-4e2d-8633-5cbc131974d3 - - - - - -] Failed to bind port d3d4169f-680f-4f43-a36f-db264a9be8fd on host instance for vnic_type normal using segments [{'id': '772467eb-b713-4c72-b06b-7116e29803c1', 'network_type': 'vxlan', 'physical_network': None, 'segmentation_id': 286, 'network_id': '75d953cf-00d8-4fcd-8a15-9218eeb4dd13'}]
2026-04-12 21:58:48.017 10 INFO neutron.plugins.ml2.plugin [None req-9cd6446a-fdd8-4e2d-8633-5cbc131974d3 - - - - - -] Attempt 2 to bind port d3d4169f-680f-4f43-a36f-db264a9be8fd
2026-04-12 21:58:48.039 10 ERROR neutron.plugins.ml2.managers [None req-9cd6446a-fdd8-4e2d-8633-5cbc131974d3 - - - - - -] Mechanism driver openvswitch failed in bind_port: neutron_lib.exceptions.SubnetNotFound: Subnet a043c946-18a4-48c0-a1ad-09b277d90a1c could not be found.
2026-04-12 21:58:48.039 10 ERROR neutron.plugins.ml2.managers
Traceback (most recent call last):
2026-04-12 21:58:48.039 10 ERROR neutron.plugins.ml2.managers
File "/var/lib/openstack/lib/python3.10/site-packages/neutron/plugins/ml2/managers.py", line 850, in _bind_port_level
2026-04-12 21:58:48.039 10 ERROR neutron.plugins.ml2.managers driver.obj.bind_port(context)
2026-04-12 21:58:48.039 10 ERROR neutron.plugins.ml2.managers
File "/var/lib/openstack/lib/python3.10/site-packages/neutron/plugins/ml2/drivers/openvswitch/mech_driver/mech_openvswitch.py", line 133, in bind_port
2026-04-12 21:58:48.039 10 ERROR neutron.plugins.ml2.managers super(OpenvswitchMechanismDriver, self).bind_port(context)
2026-04-12 21:58:48.039 10 ERROR neutron.plugins.ml2.managers
File "/var/lib/openstack/lib/python3.10/site-packages/neutron/plugins/ml2/drivers/mech_agent.py", line 104, in bind_port
2026-04-12 21:58:48.039 10 ERROR neutron.plugins.ml2.managers subnets = self.get_subnets_from_fixed_ips(context)
2026-04-12 21:58:48.039 10 ERROR neutron.plugins.ml2.managers
File "/var/lib/openstack/lib/python3.10/site-packages/neutron/plugins/ml2/drivers/mech_agent.py", line 149, in get_subnets_from_fixed_ips
2026-04-12 21:58:48.039 10 ERROR neutron.plugins.ml2.managers subnets.append(context._plugin.get_subnet(
2026-04-12 21:58:48.039 10 ERROR neutron.plugins.ml2.managers
File "/var/lib/openstack/lib/python3.10/site-packages/neutron_lib/db/api.py", line 223, in wrapped
2026-04-12 21:58:48.039 10 ERROR neutron.plugins.ml2.managers return f_with_retry(*args, **kwargs,
2026-04-12 21:58:48.039 10 ERROR neutron.plugins.ml2.managers
File "/var/lib/openstack/lib/python3.10/site-packages/neutron_lib/db/api.py", line 137, in wrapped
2026-04-12 21:58:48.039 10 ERROR neutron.plugins.ml2.managers with excutils.save_and_reraise_exception():
2026-04-12 21:58:48.039 10 ERROR neutron.plugins.ml2.managers
File "/var/lib/openstack/lib/python3.10/site-packages/oslo_utils/excutils.py", line 227, in __exit__
2026-04-12 21:58:48.039 10 ERROR neutron.plugins.ml2.managers self.force_reraise()
2026-04-12 21:58:48.039 10 ERROR neutron.plugins.ml2.managers
File "/var/lib/openstack/lib/python3.10/site-packages/oslo_utils/excutils.py", line 200, in force_reraise
2026-04-12 21:58:48.039 10 ERROR neutron.plugins.ml2.managers raise self.value
2026-04-12 21:58:48.039 10 ERROR neutron.plugins.ml2.managers
File "/var/lib/openstack/lib/python3.10/site-packages/neutron_lib/db/api.py", line 135, in wrapped
2026-04-12 21:58:48.039 10 ERROR neutron.plugins.ml2.managers return f(*args, **kwargs)
2026-04-12 21:58:48.039 10 ERROR neutron.plugins.ml2.managers
File "/var/lib/openstack/lib/python3.10/site-packages/oslo_db/api.py", line 144, in wrapper
2026-04-12 21:58:48.039 10 ERROR neutron.plugins.ml2.managers with excutils.save_and_reraise_exception() as ectxt:
2026-04-12 21:58:48.039 10 ERROR neutron.plugins.ml2.managers
File "/var/lib/openstack/lib/python3.10/site-packages/oslo_utils/excutils.py", line 227, in __exit__
2026-04-12 21:58:48.039 10 ERROR neutron.plugins.ml2.managers self.force_reraise()
2026-04-12 21:58:48.039 10 ERROR neutron.plugins.ml2.managers
File "/var/lib/openstack/lib/python3.10/site-packages/oslo_utils/excutils.py", line 200, in force_reraise
2026-04-12 21:58:48.039 10 ERROR neutron.plugins.ml2.managers raise self.value
2026-04-12 21:58:48.039 10 ERROR neutron.plugins.ml2.managers
File "/var/lib/openstack/lib/python3.10/site-packages/oslo_db/api.py", line 142, in wrapper
2026-04-12 21:58:48.039 10 ERROR neutron.plugins.ml2.managers return f(*args, **kwargs)
2026-04-12 21:58:48.039 10 ERROR neutron.plugins.ml2.managers
File "/var/lib/openstack/lib/python3.10/site-packages/neutron_lib/db/api.py", line 183, in wrapped
2026-04-12 21:58:48.039 10 ERROR neutron.plugins.ml2.managers with excutils.save_and_reraise_exception():
2026-04-12 21:58:48.039 10 ERROR neutron.plugins.ml2.managers
File "/var/lib/openstack/lib/python3.10/site-packages/oslo_utils/excutils.py", line 227, in __exit__
2026-04-12 21:58:48.039 10 ERROR neutron.plugins.ml2.managers self.force_reraise()
2026-04-12 21:58:48.039 10 ERROR neutron.plugins.ml2.managers
File "/var/lib/openstack/lib/python3.10/site-packages/oslo_utils/excutils.py", line 200, in force_reraise
2026-04-12 21:58:48.039 10 ERROR neutron.plugins.ml2.managers raise self.value
2026-04-12 21:58:48.039 10 ERROR neutron.plugins.ml2.managers
File "/var/lib/openstack/lib/python3.10/site-packages/neutron_lib/db/api.py", line 181, in wrapped
2026-04-12 21:58:48.039 10 ERROR neutron.plugins.ml2.managers return f(*dup_args, **dup_kwargs)
2026-04-12 21:58:48.039 10 ERROR neutron.plugins.ml2.managers
File "/var/lib/openstack/lib/python3.10/site-packages/neutron/db/db_base_plugin_v2.py", line 1233, in get_subnet
2026-04-12 21:58:48.039 10 ERROR neutron.plugins.ml2.managers subnet_obj = self._get_subnet_object(context, id)
2026-04-12 21:58:48.039 10 ERROR neutron.plugins.ml2.managers
File "/var/lib/openstack/lib/python3.10/site-packages/neutron/db/db_base_plugin_common.py", line 282, in _get_subnet_object
2026-04-12 21:58:48.039 10 ERROR neutron.plugins.ml2.managers raise exceptions.SubnetNotFound(subnet_id=id)
2026-04-12 21:58:48.039 10 ERROR neutron.plugins.ml2.managers neutron_lib.exceptions.SubnetNotFound: Subnet a043c946-18a4-48c0-a1ad-09b277d90a1c could not be found.
2026-04-12 21:58:48.039 10 ERROR neutron.plugins.ml2.managers 
2026-04-12 21:58:48.040 10 ERROR neutron.plugins.ml2.managers [None req-9cd6446a-fdd8-4e2d-8633-5cbc131974d3 - - - - - -] Failed to bind port d3d4169f-680f-4f43-a36f-db264a9be8fd on host instance for vnic_type normal using segments [{'id': '772467eb-b713-4c72-b06b-7116e29803c1', 'network_type': 'vxlan', 'physical_network': None, 'segmentation_id': 286, 'network_id': '75d953cf-00d8-4fcd-8a15-9218eeb4dd13'}]
2026-04-12 21:58:48.040 10 INFO neutron.plugins.ml2.plugin [None req-9cd6446a-fdd8-4e2d-8633-5cbc131974d3 - - - - - -] Attempt 3 to bind port d3d4169f-680f-4f43-a36f-db264a9be8fd
2026-04-12 21:58:48.066 10 ERROR neutron.plugins.ml2.managers [None req-9cd6446a-fdd8-4e2d-8633-5cbc131974d3 - - - - - -] Mechanism driver openvswitch failed in bind_port: neutron_lib.exceptions.SubnetNotFound: Subnet a043c946-18a4-48c0-a1ad-09b277d90a1c could not be found.
2026-04-12 21:58:48.066 10 ERROR neutron.plugins.ml2.managers
Traceback (most recent call last):
2026-04-12 21:58:48.066 10 ERROR neutron.plugins.ml2.managers
File "/var/lib/openstack/lib/python3.10/site-packages/neutron/plugins/ml2/managers.py", line 850, in _bind_port_level
2026-04-12 21:58:48.066 10 ERROR neutron.plugins.ml2.managers driver.obj.bind_port(context)
2026-04-12 21:58:48.066 10 ERROR neutron.plugins.ml2.managers
File "/var/lib/openstack/lib/python3.10/site-packages/neutron/plugins/ml2/drivers/openvswitch/mech_driver/mech_openvswitch.py", line 133, in bind_port
2026-04-12 21:58:48.066 10 ERROR neutron.plugins.ml2.managers super(OpenvswitchMechanismDriver, self).bind_port(context)
2026-04-12 21:58:48.066 10 ERROR neutron.plugins.ml2.managers
File "/var/lib/openstack/lib/python3.10/site-packages/neutron/plugins/ml2/drivers/mech_agent.py", line 104, in bind_port
2026-04-12 21:58:48.066 10 ERROR neutron.plugins.ml2.managers subnets = self.get_subnets_from_fixed_ips(context)
2026-04-12 21:58:48.066 10 ERROR neutron.plugins.ml2.managers
File "/var/lib/openstack/lib/python3.10/site-packages/neutron/plugins/ml2/drivers/mech_agent.py", line 149, in get_subnets_from_fixed_ips
2026-04-12 21:58:48.066 10 ERROR neutron.plugins.ml2.managers subnets.append(context._plugin.get_subnet(
2026-04-12 21:58:48.066 10 ERROR neutron.plugins.ml2.managers
File "/var/lib/openstack/lib/python3.10/site-packages/neutron_lib/db/api.py", line 223, in wrapped
2026-04-12 21:58:48.066 10 ERROR neutron.plugins.ml2.managers return f_with_retry(*args, **kwargs,
2026-04-12 21:58:48.066 10 ERROR neutron.plugins.ml2.managers
File "/var/lib/openstack/lib/python3.10/site-packages/neutron_lib/db/api.py", line 137, in wrapped
