Mar 31 00:47:46.698654 np0000161779 devstack@neutron-api.service[102468]: DEBUG neutron.db.ovn_revision_numbers_db [None req-6f12ddf4-3ef5-4a16-92af-abcb72cb9e2e admin admin] create_initial_revision uuid=b33ffd91-d108-4b74-ac71-84a01e3dd653, type=security_group_rules, rev=-1 {{(pid=102468) create_initial_revision /opt/stack/neutron/neutron/db/ovn_revision_numbers_db.py:98}}
Mar 31 00:47:46.699824 np0000161779 devstack@neutron-api.service[102468]: DEBUG neutron.db.ovn_revision_numbers_db [None req-6f12ddf4-3ef5-4a16-92af-abcb72cb9e2e admin admin] create_initial_revision uuid=e5e65536-30f7-4d38-935e-3c1139d9a76e, type=security_group_rules, rev=-1 {{(pid=102468) create_initial_revision /opt/stack/neutron/neutron/db/ovn_revision_numbers_db.py:98}}
Mar 31 00:47:46.707524 np0000161779 devstack@neutron-api.service[102468]: DEBUG neutron_lib.callbacks.manager [None req-6f12ddf4-3ef5-4a16-92af-abcb72cb9e2e admin admin] Publish callbacks ['neutron.plugins.ml2.drivers.ovn.mech_driver.mech_driver.OVNMechanismDriver._create_security_group-225188', 'neutron.plugins.ml2.ovo_rpc._ObjectChangeHandler.handle_event-2643812'] for security_group (92039c9d-8aa2-4adf-a211-7e37edfdea3e), after_create {{(pid=102468) _notify_loop /opt/stack/data/venv/lib/python3.12/site-packages/neutron_lib/callbacks/manager.py:184}}
Mar 31 00:47:46.708247 np0000161779 devstack@neutron-api.service[102468]: DEBUG ovsdbapp.backend.ovs_idl.transaction [None req-9fe3cb0b-db30-4893-a143-c14d3a1d0c9c None None] Running txn n=1 command(idx=0): PgAddCommand(_result=None, name=pg_92039c9d_8aa2_4adf_a211_7e37edfdea3e, may_exist=False, columns={'acls': [], 'external_ids': {'neutron:security_group_id': '92039c9d-8aa2-4adf-a211-7e37edfdea3e'}}) {{(pid=102468) do_commit /opt/stack/data/venv/lib/python3.12/site-packages/ovsdbapp/backend/ovs_idl/transaction.py:89}}
Mar 31 00:47:46.708841 np0000161779 devstack@neutron-api.service[102468]: DEBUG ovsdbapp.backend.ovs_idl.transaction [None req-9fe3cb0b-db30-4893-a143-c14d3a1d0c9c None None] Running txn n=1 command(idx=1): PgAclAddCommand(_result=None, entity=pg_92039c9d_8aa2_4adf_a211_7e37edfdea3e, direction=to-lport, priority=1002, match=outport == @pg_92039c9d_8aa2_4adf_a211_7e37edfdea3e && ip6 && ip6.src == $pg_92039c9d_8aa2_4adf_a211_7e37edfdea3e_ip6, action=allow-related, log=False, may_exist=True, severity=[], name=[], meter=[], external_ids={'neutron:security_group_rule_id': '5c033885-4992-4387-ae4d-1fb3c78fc72c'}) {{(pid=102468) do_commit /opt/stack/data/venv/lib/python3.12/site-packages/ovsdbapp/backend/ovs_idl/transaction.py:89}}
Mar 31 00:47:46.709411 np0000161779 devstack@neutron-api.service[102468]: DEBUG ovsdbapp.backend.ovs_idl.transaction [None req-9fe3cb0b-db30-4893-a143-c14d3a1d0c9c None None] Running txn n=1 command(idx=2): PgAclAddCommand(_result=None, entity=pg_92039c9d_8aa2_4adf_a211_7e37edfdea3e, direction=from-lport, priority=1002, match=inport == @pg_92039c9d_8aa2_4adf_a211_7e37edfdea3e && ip4, action=allow-related, log=False, may_exist=True, severity=[], name=[], meter=[], external_ids={'neutron:security_group_rule_id': '98f468ed-6d8e-4c80-b13a-53fdbe0bb81f'}) {{(pid=102468) do_commit /opt/stack/data/venv/lib/python3.12/site-packages/ovsdbapp/backend/ovs_idl/transaction.py:89}}
Mar 31 00:47:46.709950 np0000161779 devstack@neutron-api.service[102468]: DEBUG ovsdbapp.backend.ovs_idl.transaction [None req-9fe3cb0b-db30-4893-a143-c14d3a1d0c9c None None] Running txn n=1 command(idx=3): PgAclAddCommand(_result=None, entity=pg_92039c9d_8aa2_4adf_a211_7e37edfdea3e, direction=from-lport, priority=1002, match=inport == @pg_92039c9d_8aa2_4adf_a211_7e37edfdea3e && ip6, action=allow-related, log=False, may_exist=True, severity=[], name=[], meter=[], external_ids={'neutron:security_group_rule_id': 'b33ffd91-d108-4b74-ac71-84a01e3dd653'}) {{(pid=102468) do_commit /opt/stack/data/venv/lib/python3.12/site-packages/ovsdbapp/backend/ovs_idl/transaction.py:89}}
Mar 31 00:47:46.710439 np0000161779 devstack@neutron-api.service[102468]: DEBUG ovsdbapp.backend.ovs_idl.transaction [None req-9fe3cb0b-db30-4893-a143-c14d3a1d0c9c None None] Running txn n=1 command(idx=4): PgAclAddCommand(_result=None, entity=pg_92039c9d_8aa2_4adf_a211_7e37edfdea3e, direction=to-lport, priority=1002, match=outport == @pg_92039c9d_8aa2_4adf_a211_7e37edfdea3e && ip4 && ip4.src == $pg_92039c9d_8aa2_4adf_a211_7e37edfdea3e_ip4, action=allow-related, log=False, may_exist=True, severity=[], name=[], meter=[], external_ids={'neutron:security_group_rule_id': 'e5e65536-30f7-4d38-935e-3c1139d9a76e'}) {{(pid=102468) do_commit /opt/stack/data/venv/lib/python3.12/site-packages/ovsdbapp/backend/ovs_idl/transaction.py:89}}
Mar 31 00:47:46.716271 np0000161779 devstack@neutron-api.service[102468]: DEBUG neutron.plugins.ml2.drivers.ovn.mech_driver.ovsdb.ovsdb_monitor [None req-9fe3cb0b-db30-4893-a143-c14d3a1d0c9c None None] Hash Ring: Node f0c967dfd49f5fa395f5bde9ad243604 (host: np0000161779) handling event "create" for row 701256fe-e1bd-41ad-9655-2a8ff3f892a7 (table: ACL) {{(pid=102468) notify /opt/stack/neutron/neutron/plugins/ml2/drivers/ovn/mech_driver/ovsdb/ovsdb_monitor.py:912}}
Mar 31 00:47:46.716476 np0000161779 devstack@neutron-api.service[102468]: DEBUG neutron.plugins.ml2.drivers.ovn.mech_driver.ovsdb.ovsdb_monitor [None req-9fe3cb0b-db30-4893-a143-c14d3a1d0c9c None None] Hash Ring: Node f0c967dfd49f5fa395f5bde9ad243604 (host: np0000161779) handling event "create" for row 28c186d1-5820-420d-a63b-310eae039903 (table: Port_Group) {{(pid=102468) notify /opt/stack/neutron/neutron/plugins/ml2/drivers/ovn/mech_driver/ovsdb/ovsdb_monitor.py:912}}
Mar 31 00:47:46.719318 np0000161779 devstack@neutron-api.service[102467]: DEBUG neutron.plugins.ml2.drivers.ovn.mech_driver.ovsdb.ovsdb_monitor [None req-9653189d-747d-4f95-8b4d-661717510f8c None None] Hash Ring: Node f80cc1174d1550db9e9ddee91b609f62 (host: np0000161779) handling event "create" for row 0b843d27-32d6-43e5-9829-267ecee80e4e (table: ACL) {{(pid=102467) notify /opt/stack/neutron/neutron/plugins/ml2/drivers/ovn/mech_driver/ovsdb/ovsdb_monitor.py:912}}
Mar 31 00:47:46.719949 np0000161779 devstack@neutron-api.service[102467]: DEBUG neutron.plugins.ml2.drivers.ovn.mech_driver.ovsdb.ovsdb_monitor [None req-9653189d-747d-4f95-8b4d-661717510f8c None None] Hash Ring: Node f80cc1174d1550db9e9ddee91b609f62 (host: np0000161779) handling event "create" for row 81b297f3-2f64-4367-8733-9da966eb2497 (table: ACL) {{(pid=102467) notify /opt/stack/neutron/neutron/plugins/ml2/drivers/ovn/mech_driver/ovsdb/ovsdb_monitor.py:912}}
Mar 31 00:47:46.720129 np0000161779 devstack@neutron-api.service[102466]: DEBUG neutron.plugins.ml2.drivers.ovn.mech_driver.ovsdb.ovsdb_monitor [None req-27815265-336d-45f7-8b57-33885534e649 None None] Hash Ring: Node bf0449b215a75da388171b9e87b46ca3 (host: np0000161779) handling event "create" for row 4c487381-1b6f-4007-a66e-fbcc3352d42d (table: ACL) {{(pid=102466) notify /opt/stack/neutron/neutron/plugins/ml2/drivers/ovn/mech_driver/ovsdb/ovsdb_monitor.py:912}}
Mar 31 00:47:46.735192 np0000161779 devstack@neutron-api.service[102468]: INFO neutron.db.ovn_revision_numbers_db [None req-6f12ddf4-3ef5-4a16-92af-abcb72cb9e2e admin admin] Successfully bumped revision number for resource 92039c9d-8aa2-4adf-a211-7e37edfdea3e (type: security_groups) to 1
Mar 31 00:47:46.748592 np0000161779 devstack@neutron-api.service[102468]: INFO neutron.db.ovn_revision_numbers_db [None req-6f12ddf4-3ef5-4a16-92af-abcb72cb9e2e admin admin] Successfully bumped revision number for resource 5c033885-4992-4387-ae4d-1fb3c78fc72c (type: security_group_rules) to 0
Mar 31 00:47:46.760682 np0000161779 devstack@neutron-api.service[102468]: INFO neutron.db.ovn_revision_numbers_db [None req-6f12ddf4-3ef5-4a16-92af-abcb72cb9e2e admin admin] Successfully bumped revision number for resource 98f468ed-6d8e-4c80-b13a-53fdbe0bb81f (type: security_group_rules) to 0
Mar 31 00:47:46.773572 np0000161779 devstack@neutron-api.service[102468]: INFO neutron.db.ovn_revision_numbers_db [None req-6f12ddf4-3ef5-4a16-92af-abcb72cb9e2e admin admin] Successfully bumped revision number for resource b33ffd91-d108-4b74-ac71-84a01e3dd653 (type: security_group_rules) to 0
Mar 31 00:47:46.787406 np0000161779 devstack@neutron-api.service[102468]: INFO neutron.db.ovn_revision_numbers_db [None req-6f12ddf4-3ef5-4a16-92af-abcb72cb9e2e admin admin] Successfully bumped revision number for resource e5e65536-30f7-4d38-935e-3c1139d9a76e (type: security_group_rules) to 0
Mar 31 00:47:46.812089 np0000161779 devstack@neutron-api.service[102468]: DEBUG neutron.api.rpc.handlers.resources_rpc [None req-6f12ddf4-3ef5-4a16-92af-abcb72cb9e2e admin admin] Pushing event updated for resources: {'SecurityGroup': ['ID=92039c9d-8aa2-4adf-a211-7e37edfdea3e,revision_number=1']} {{(pid=102468) push /opt/stack/neutron/neutron/api/rpc/handlers/resources_rpc.py:237}}
Mar 31 00:47:46.816873 np0000161779 devstack@neutron-api.service[102468]: DEBUG ovsdbapp.backend.ovs_idl.transaction [None req-9fe3cb0b-db30-4893-a143-c14d3a1d0c9c None None] Running txn n=1 command(idx=0): CheckLivenessCommand(_result=None) {{(pid=102468) do_commit /opt/stack/data/venv/lib/python3.12/site-packages/ovsdbapp/backend/ovs_idl/transaction.py:89}}
Mar 31 00:47:46.821578 np0000161779 devstack@neutron-api.service[102466]: DEBUG neutron.plugins.ml2.drivers.ovn.mech_driver.ovsdb.ovsdb_monitor [None req-27815265-336d-45f7-8b57-33885534e649 None None] Hash Ring: Node bf0449b215a75da388171b9e87b46ca3 (host: np0000161779) handling event "update" for row e1fb1c05-c387-426d-a132-cd13726d1849 (table: NB_Global) {{(pid=102466) notify /opt/stack/neutron/neutron/plugins/ml2/drivers/ovn/mech_driver/ovsdb/ovsdb_monitor.py:912}}
Mar 31 00:47:46.822231 np0000161779 devstack@neutron-api.service[102468]: DEBUG neutron.api.rpc.callbacks.version_manager [None req-6f12ddf4-3ef5-4a16-92af-abcb72cb9e2e admin admin] Tracked resource versions report:
Mar 31 00:47:46.822231 np0000161779 devstack@neutron-api.service[102468]: pushed versions:
Mar 31 00:47:46.822231 np0000161779 devstack@neutron-api.service[102468]: { 'AddressGroup': {'1.2'},
Mar 31 00:47:46.822231 np0000161779 devstack@neutron-api.service[102468]: 'Agent': {'1.1'},
Mar 31 00:47:46.822231 np0000161779 devstack@neutron-api.service[102468]: 'ConntrackHelper': {'1.0'},
Mar 31 00:47:46.822231 np0000161779 devstack@neutron-api.service[102468]: 'LocalIPAssociation': {'1.0'},
Mar 31 00:47:46.822231 np0000161779 devstack@neutron-api.service[102468]: 'Log': {'1.0'},
Mar 31 00:47:46.822231 np0000161779 devstack@neutron-api.service[102468]: 'NDPProxy': {'1.0'},
Mar 31 00:47:46.822231 np0000161779 devstack@neutron-api.service[102468]: 'Network': {'1.2'},
Mar 31 00:47:46.822231 np0000161779 devstack@neutron-api.service[102468]: 'Port': {'1.10'},
Mar 31 00:47:46.822231 np0000161779 devstack@neutron-api.service[102468]: 'PortForwarding': {'1.3'},
Mar 31 00:47:46.822231 np0000161779 devstack@neutron-api.service[102468]: 'QosPolicy': {'1.10'},
Mar 31 00:47:46.822231 np0000161779 devstack@neutron-api.service[102468]: 'SecurityGroup': {'1.6'},
Mar 31 00:47:46.822231 np0000161779 devstack@neutron-api.service[102468]: 'SecurityGroupRule': {'1.3'},
Mar 31 00:47:46.822231 np0000161779 devstack@neutron-api.service[102468]: 'SubPort': {'1.0'},
Mar 31 00:47:46.822231 np0000161779 devstack@neutron-api.service[102468]: 'Subnet': {'1.2'},
Mar 31 00:47:46.822231 np0000161779 devstack@neutron-api.service[102468]: 'Trunk': {'1.1'}}
Mar 31 00:47:46.822231 np0000161779 devstack@neutron-api.service[102468]: consumer versions:
Mar 31 00:47:46.822231 np0000161779 devstack@neutron-api.service[102468]: { OVN Neutron agent@np0000161779: {},
Mar 31 00:47:46.822231 np0000161779 devstack@neutron-api.service[102468]: OVN Controller Gateway agent@np0000161779: {}}
Mar 31 00:47:46.822231 np0000161779 devstack@neutron-api.service[102468]: {{(pid=102468) report /opt/stack/neutron/neutron/api/rpc/callbacks/version_manager.py:183}}
Mar 31 00:47:46.824169 np0000161779 devstack@neutron-api.service[102466]: DEBUG neutron.plugins.ml2.drivers.ovn.mech_driver.ovsdb.ovsdb_monitor [None req-27815265-336d-45f7-8b57-33885534e649 None None] Hash Ring: Node bf0449b215a75da388171b9e87b46ca3 (host: np0000161779) handling event "update" for row e1fb1c05-c387-426d-a132-cd13726d1849 (table: NB_Global) {{(pid=102466) notify /opt/stack/neutron/neutron/plugins/ml2/drivers/ovn/mech_driver/ovsdb/ovsdb_monitor.py:912}}
Mar 31 00:47:46.824776 np0000161779 devstack@neutron-api.service[102469]: DEBUG neutron.plugins.ml2.drivers.ovn.mech_driver.ovsdb.ovsdb_monitor [None req-aad2781f-6576-4aba-96f3-c72bd1a0d546 None None] ChassisAgentWriteEvent : Matched Chassis_Private, update, None None {{(pid=102469) matches /opt/stack/neutron/neutron/plugins/ml2/drivers/ovn/mech_driver/ovsdb/ovsdb_monitor.py:64}}
Mar 31 00:47:46.825763 np0000161779 devstack@neutron-api.service[102467]: DEBUG neutron.plugins.ml2.drivers.ovn.mech_driver.ovsdb.ovsdb_monitor [None req-afe698ec-584d-41ef-b4b2-d60c03cc4a68 None None] ChassisAgentWriteEvent : Matched Chassis_Private, update, None None {{(pid=102467) matches /opt/stack/neutron/neutron/plugins/ml2/drivers/ovn/mech_driver/ovsdb/ovsdb_monitor.py:64}}
Mar 31 00:47:46.825942 np0000161779 devstack@neutron-api.service[102466]: DEBUG neutron.plugins.ml2.drivers.ovn.mech_driver.ovsdb.ovsdb_monitor [None req-27815265-336d-45f7-8b57-33885534e649 None None] Hash Ring: Node bf0449b215a75da388171b9e87b46ca3 (host: np0000161779) handling event "update" for row e1fb1c05-c387-426d-a132-cd13726d1849 (table: NB_Global) {{(pid=102466) notify /opt/stack/neutron/neutron/plugins/ml2/drivers/ovn/mech_driver/ovsdb/ovsdb_monitor.py:912}}
Mar 31 00:47:46.827372 np0000161779 devstack@neutron-api.service[102466]: DEBUG neutron.plugins.ml2.drivers.ovn.mech_driver.ovsdb.ovsdb_monitor [-] ChassisAgentWriteEvent : Matched Chassis_Private, update, None None {{(pid=102466) matches /opt/stack/neutron/neutron/plugins/ml2/drivers/ovn/mech_driver/ovsdb/ovsdb_monitor.py:64}}
Mar 31 00:47:46.828917 np0000161779 devstack@neutron-api.service[102466]: DEBUG neutron.plugins.ml2.drivers.ovn.mech_driver.ovsdb.ovsdb_monitor [None req-27815265-336d-45f7-8b57-33885534e649 None None] Hash Ring: Node bf0449b215a75da388171b9e87b46ca3 (host: np0000161779) handling event "update" for row e1fb1c05-c387-426d-a132-cd13726d1849 (table: NB_Global) {{(pid=102466) notify /opt/stack/neutron/neutron/plugins/ml2/drivers/ovn/mech_driver/ovsdb/ovsdb_monitor.py:912}}
Mar 31 00:47:46.829950 np0000161779 devstack@neutron-api.service[102468]: DEBUG neutron.plugins.ml2.drivers.ovn.mech_driver.ovsdb.ovsdb_monitor [None req-484b7aab-835f-481c-9b38-6bcbc331db2e None None] ChassisAgentWriteEvent : Matched Chassis_Private, update, None None {{(pid=102468) matches /opt/stack/neutron/neutron/plugins/ml2/drivers/ovn/mech_driver/ovsdb/ovsdb_monitor.py:64}}
Mar 31 00:47:46.830512 np0000161779 devstack@neutron-api.service[102469]: DEBUG neutron.common.ovn.hash_ring_manager [None req-aad2781f-6576-4aba-96f3-c72bd1a0d546 None None] Hash Ring loaded. 4 active nodes. 0 offline nodes {{(pid=102469) _load_hash_ring /opt/stack/neutron/neutron/common/ovn/hash_ring_manager.py:102}}
Mar 31 00:47:46.832141 np0000161779 devstack@neutron-api.service[102469]: DEBUG neutron.plugins.ml2.drivers.ovn.mech_driver.ovsdb.ovsdb_monitor [None req-aad2781f-6576-4aba-96f3-c72bd1a0d546 None None] ChassisOVNAgentWriteEvent : Matched Chassis_Private, update, None None {{(pid=102469) matches /opt/stack/neutron/neutron/plugins/ml2/drivers/ovn/mech_driver/ovsdb/ovsdb_monitor.py:64}}
Mar 31 00:47:46.833080 np0000161779 devstack@neutron-api.service[102467]: DEBUG neutron.common.ovn.hash_ring_manager [None req-afe698ec-584d-41ef-b4b2-d60c03cc4a68 None None] Hash Ring loaded. 4 active nodes. 0 offline nodes {{(pid=102467) _load_hash_ring /opt/stack/neutron/neutron/common/ovn/hash_ring_manager.py:102}}
Mar 31 00:47:46.834590 np0000161779 devstack@neutron-api.service[102467]: DEBUG neutron.plugins.ml2.drivers.ovn.mech_driver.ovsdb.ovsdb_monitor [None req-afe698ec-584d-41ef-b4b2-d60c03cc4a68 None None] ChassisOVNAgentWriteEvent : Matched Chassis_Private, update, None None {{(pid=102467) matches /opt/stack/neutron/neutron/plugins/ml2/drivers/ovn/mech_driver/ovsdb/ovsdb_monitor.py:64}}
Mar 31 00:47:46.836179 np0000161779 devstack@neutron-api.service[102466]: DEBUG neutron.common.ovn.hash_ring_manager [-] Hash Ring loaded. 4 active nodes. 0 offline nodes {{(pid=102466) _load_hash_ring /opt/stack/neutron/neutron/common/ovn/hash_ring_manager.py:102}}
Mar 31 00:47:46.837530 np0000161779 devstack@neutron-api.service[102466]: DEBUG neutron.plugins.ml2.drivers.ovn.mech_driver.ovsdb.ovsdb_monitor [-] ChassisOVNAgentWriteEvent : Matched Chassis_Private, update, None None {{(pid=102466) matches /opt/stack/neutron/neutron/plugins/ml2/drivers/ovn/mech_driver/ovsdb/ovsdb_monitor.py:64}}
Mar 31 00:47:46.847849 np0000161779 devstack@neutron-api.service[102468]: DEBUG neutron.common.ovn.hash_ring_manager [None req-484b7aab-835f-481c-9b38-6bcbc331db2e None None] Hash Ring loaded. 4 active nodes. 0 offline nodes {{(pid=102468) _load_hash_ring /opt/stack/neutron/neutron/common/ovn/hash_ring_manager.py:102}}
Mar 31 00:47:46.848119 np0000161779 devstack@neutron-api.service[102468]: DEBUG neutron.plugins.ml2.drivers.ovn.mech_driver.ovsdb.ovsdb_monitor [None req-484b7aab-835f-481c-9b38-6bcbc331db2e None None] Hash Ring: Node f0c967dfd49f5fa395f5bde9ad243604 (host: np0000161779) handling event "update" for row 73818412-0327-4c26-a165-72217342fd98 (table: Chassis_Private) {{(pid=102468) notify /opt/stack/neutron/neutron/plugins/ml2/drivers/ovn/mech_driver/ovsdb/ovsdb_monitor.py:912}}
Mar 31 00:47:46.849137 np0000161779 devstack@neutron-api.service[102468]: DEBUG neutron.plugins.ml2.drivers.ovn.mech_driver.ovsdb.ovsdb_monitor [None req-484b7aab-835f-481c-9b38-6bcbc331db2e None None] ChassisOVNAgentWriteEvent : Matched Chassis_Private, update, None None {{(pid=102468) matches /opt/stack/neutron/neutron/plugins/ml2/drivers/ovn/mech_driver/ovsdb/ovsdb_monitor.py:64}}
Mar 31 00:47:46.849556 np0000161779 devstack@neutron-api.service[102468]: DEBUG neutron.plugins.ml2.drivers.ovn.mech_driver.ovsdb.ovsdb_monitor [None req-484b7aab-835f-481c-9b38-6bcbc331db2e None None] Hash Ring: Node f0c967dfd49f5fa395f5bde9ad243604 (host: np0000161779) handling event "update" for row 73818412-0327-4c26-a165-72217342fd98 (table: Chassis_Private) {{(pid=102468) notify /opt/stack/neutron/neutron/plugins/ml2/drivers/ovn/mech_driver/ovsdb/ovsdb_monitor.py:912}}
Mar 31 00:47:46.874723 np0000161779 devstack@neutron-api.service[102468]: DEBUG neutron.plugins.ml2.drivers.helpers [None req-6f12ddf4-3ef5-4a16-92af-abcb72cb9e2e admin admin] geneve segment allocate from pool success with {'geneve_vni': 4448} {{(pid=102468) allocate_partially_specified_segment /opt/stack/neutron/neutron/plugins/ml2/drivers/helpers.py:142}}
Mar 31 00:47:46.883454 np0000161779 devstack@neutron-api.service[102468]: DEBUG neutron_lib.callbacks.manager [None req-6f12ddf4-3ef5-4a16-92af-abcb72cb9e2e admin admin] Publish callbacks ['neutron.services.segments.db._add_segment_host_mapping_for_segment-8474179332620', 'neutron.plugins.ml2.plugin.Ml2Plugin._handle_segment_change-16036071'] for segment (fb5589c1-769e-47f3-9e6a-daa484b6af13), precommit_create {{(pid=102468) _notify_loop /opt/stack/data/venv/lib/python3.12/site-packages/neutron_lib/callbacks/manager.py:184}}
Mar 31 00:47:46.883689 np0000161779 devstack@neutron-api.service[102468]: INFO neutron.db.segments_db [None req-6f12ddf4-3ef5-4a16-92af-abcb72cb9e2e admin admin] Added segment fb5589c1-769e-47f3-9e6a-daa484b6af13 of type geneve for network 09e7f38a-a3b6-4a3c-9e5f-c7e3da97d76a
Mar 31 00:47:46.900260 np0000161779 devstack@neutron-api.service[102468]: DEBUG neutron_lib.callbacks.manager [None req-6f12ddf4-3ef5-4a16-92af-abcb72cb9e2e admin admin] Publish callbacks ['neutron.services.auto_allocate.db._ensure_external_network_default_value_callback-8474177702402'] for network (09e7f38a-a3b6-4a3c-9e5f-c7e3da97d76a), precommit_create {{(pid=102468) _notify_loop /opt/stack/data/venv/lib/python3.12/site-packages/neutron_lib/callbacks/manager.py:184}}
Mar 31 00:47:46.911533 np0000161779 devstack@neutron-api.service[102468]: DEBUG neutron.plugins.ml2.drivers.ovn.mech_driver.mech_driver [None req-6f12ddf4-3ef5-4a16-92af-abcb72cb9e2e admin admin] Validating network segment with type geneve, segmentation ID 4448, physical network None {{(pid=102468) _validate_network_segments /opt/stack/neutron/neutron/plugins/ml2/drivers/ovn/mech_driver/mech_driver.py:631}}
Mar 31 00:47:46.911869 np0000161779 devstack@neutron-api.service[102468]: DEBUG neutron.db.ovn_revision_numbers_db [None req-6f12ddf4-3ef5-4a16-92af-abcb72cb9e2e admin admin] create_initial_revision uuid=09e7f38a-a3b6-4a3c-9e5f-c7e3da97d76a, type=networks, rev=-1 {{(pid=102468) create_initial_revision /opt/stack/neutron/neutron/db/ovn_revision_numbers_db.py:98}}
Mar 31 00:47:46.922178 np0000161779 devstack@neutron-api.service[102468]: DEBUG neutron_lib.callbacks.manager [None req-6f12ddf4-3ef5-4a16-92af-abcb72cb9e2e admin admin] Publish callbacks ['neutron.plugins.ml2.ovo_rpc._ObjectChangeHandler.handle_event-2643810'] for network (09e7f38a-a3b6-4a3c-9e5f-c7e3da97d76a), after_create {{(pid=102468) _notify_loop /opt/stack/data/venv/lib/python3.12/site-packages/neutron_lib/callbacks/manager.py:184}}
Mar 31 00:47:46.938300 np0000161779 devstack@neutron-api.service[102468]: DEBUG neutron.api.rpc.handlers.resources_rpc [None req-6f12ddf4-3ef5-4a16-92af-abcb72cb9e2e admin admin] Pushing event updated for resources: {'Network': ['ID=09e7f38a-a3b6-4a3c-9e5f-c7e3da97d76a,revision_number=1']} {{(pid=102468) push /opt/stack/neutron/neutron/api/rpc/handlers/resources_rpc.py:237}}
Mar 31 00:47:46.946596 np0000161779 devstack@neutron-api.service[102468]: DEBUG ovsdbapp.backend.ovs_idl.transaction [None req-9fe3cb0b-db30-4893-a143-c14d3a1d0c9c None None] Running txn n=1 command(idx=0): AddNetworkCommand(_result=None, network_uuid=09e7f38a-a3b6-4a3c-9e5f-c7e3da97d76a, may_exist=True, columns={'external_ids': {'neutron:network_name': 'admin_net', 'neutron:mtu': '1372', 'neutron:revision_number': '1', 'neutron:availability_zone_hints': '', 'neutron:provnet-network-type': 'geneve'}, 'other_config': {'mcast_snoop': 'false', 'mcast_flood_unregistered': 'false', 'vlan-passthru': 'false'}}) {{(pid=102468) do_commit /opt/stack/data/venv/lib/python3.12/site-packages/ovsdbapp/backend/ovs_idl/transaction.py:89}}
Mar 31 00:47:46.950275 np0000161779 devstack@neutron-api.service[102468]: DEBUG neutron.plugins.ml2.drivers.ovn.mech_driver.ovsdb.ovsdb_monitor [None req-9fe3cb0b-db30-4893-a143-c14d3a1d0c9c None None] Hash Ring: Node f0c967dfd49f5fa395f5bde9ad243604 (host: np0000161779) handling event "create" for row 09e7f38a-a3b6-4a3c-9e5f-c7e3da97d76a (table: Logical_Switch) {{(pid=102468) notify /opt/stack/neutron/neutron/plugins/ml2/drivers/ovn/mech_driver/ovsdb/ovsdb_monitor.py:912}}
Mar 31 00:47:46.955938 np0000161779 devstack@neutron-api.service[102467]: DEBUG neutron.plugins.ml2.drivers.ovn.mech_driver.ovsdb.ovsdb_monitor [None req-afe698ec-584d-41ef-b4b2-d60c03cc4a68 None None] Hash Ring: Node f80cc1174d1550db9e9ddee91b609f62 (host: np0000161779) handling event "create" for row 35fa9b9a-a497-4ff2-9d08-2bd942347335 (table: Datapath_Binding) {{(pid=102467) notify /opt/stack/neutron/neutron/plugins/ml2/drivers/ovn/mech_driver/ovsdb/ovsdb_monitor.py:912}}
Mar 31 00:47:46.972018 np0000161779 devstack@neutron-api.service[102468]: INFO neutron.db.ovn_revision_numbers_db [None req-6f12ddf4-3ef5-4a16-92af-abcb72cb9e2e admin admin] Successfully bumped revision number for resource 09e7f38a-a3b6-4a3c-9e5f-c7e3da97d76a (type: networks) to 1
Mar 31 00:47:46.985717 np0000161779 devstack@neutron-api.service[102468]: DEBUG neutron_lib.callbacks.manager [None req-6f12ddf4-3ef5-4a16-92af-abcb72cb9e2e admin admin] Publish callbacks ['neutron.plugins.ml2.plugin.SecurityGroupDbMixin._ensure_default_security_group_handler-15772309'] for port (None), before_create {{(pid=102468) _notify_loop /opt/stack/data/venv/lib/python3.12/site-packages/neutron_lib/callbacks/manager.py:184}}
Mar 31 00:47:47.055026 np0000161779 devstack@neutron-api.service[102468]: DEBUG neutron_lib.callbacks.manager [None req-6f12ddf4-3ef5-4a16-92af-abcb72cb9e2e admin admin] Publish callbacks ['neutron.plugins.ml2.drivers.ovn.mech_driver.mech_driver.OVNMechanismDriver._validate_allowed_address_pairs-224850'] for allowed_address_pair (7211463b-e474-47a1-abf6-564acb660c5c), before_create {{(pid=102468) _notify_loop /opt/stack/data/venv/lib/python3.12/site-packages/neutron_lib/callbacks/manager.py:184}}
Mar 31 00:47:47.055410 np0000161779 devstack@neutron-api.service[102468]: DEBUG neutron_lib.callbacks.manager [None req-6f12ddf4-3ef5-4a16-92af-abcb72cb9e2e admin admin] Publish callbacks [] for port (7211463b-e474-47a1-abf6-564acb660c5c), precommit_create {{(pid=102468) _notify_loop /opt/stack/data/venv/lib/python3.12/site-packages/neutron_lib/callbacks/manager.py:184}}
Mar 31 00:47:47.055563 np0000161779 devstack@neutron-api.service[102468]: DEBUG neutron.plugins.ml2.drivers.ovn.mech_driver.mech_driver [None req-6f12ddf4-3ef5-4a16-92af-abcb72cb9e2e admin admin] No provisioning block for port 7211463b-e474-47a1-abf6-564acb660c5c since it does not have a host {{(pid=102468) _is_port_provisioning_required /opt/stack/neutron/neutron/plugins/ml2/drivers/ovn/mech_driver/mech_driver.py:884}}
Mar 31 00:47:47.055675 np0000161779 devstack@neutron-api.service[102468]: DEBUG neutron.db.ovn_revision_numbers_db [None req-6f12ddf4-3ef5-4a16-92af-abcb72cb9e2e admin admin] create_initial_revision uuid=7211463b-e474-47a1-abf6-564acb660c5c, type=ports, rev=-1 {{(pid=102468) create_initial_revision /opt/stack/neutron/neutron/db/ovn_revision_numbers_db.py:98}}
Mar 31 00:47:47.081325 np0000161779 devstack@neutron-api.service[102468]: DEBUG neutron_lib.callbacks.manager [None req-6f12ddf4-3ef5-4a16-92af-abcb72cb9e2e admin admin] Publish callbacks ['neutron.plugins.ml2.ovo_rpc._ObjectChangeHandler.handle_event-2643481'] for port (7211463b-e474-47a1-abf6-564acb660c5c), after_create {{(pid=102468) _notify_loop /opt/stack/data/venv/lib/python3.12/site-packages/neutron_lib/callbacks/manager.py:184}}
Mar 31 00:47:47.109787 np0000161779 devstack@neutron-api.service[102468]: DEBUG neutron.api.rpc.handlers.resources_rpc [None req-6f12ddf4-3ef5-4a16-92af-abcb72cb9e2e admin admin] Pushing event updated for resources: {'Port': ['ID=7211463b-e474-47a1-abf6-564acb660c5c,revision_number=1']} {{(pid=102468) push /opt/stack/neutron/neutron/api/rpc/handlers/resources_rpc.py:237}}
Mar 31 00:47:47.116223 np0000161779 devstack@neutron-api.service[102468]: DEBUG ovsdbapp.backend.ovs_idl.transaction [None req-9fe3cb0b-db30-4893-a143-c14d3a1d0c9c None None] Running txn n=1 command(idx=0): AddLSwitchPortCommand(_result=None, lport=7211463b-e474-47a1-abf6-564acb660c5c, lswitch=neutron-09e7f38a-a3b6-4a3c-9e5f-c7e3da97d76a, may_exist=True, network_uuid=09e7f38a-a3b6-4a3c-9e5f-c7e3da97d76a, columns={'addresses': ['fa:16:3e:d8:ce:09'], 'external_ids': {'neutron:port_name': '', 'neutron:device_id': 'ovnmeta-09e7f38a-a3b6-4a3c-9e5f-c7e3da97d76a', 'neutron:project_id': '41a1973bb8d64a61a88c5686f29c93e6', 'neutron:cidrs': '', 'neutron:device_owner': 'network:distributed', 'neutron:subnet_pool_addr_scope4': '', 'neutron:subnet_pool_addr_scope6': '', 'neutron:network_name': 'neutron-09e7f38a-a3b6-4a3c-9e5f-c7e3da97d76a', 'neutron:security_group_ids': '', 'neutron:revision_number': '1', 'neutron:vnic_type': 'normal', 'neutron:port_capabilities': '', 'neutron:mtu': ''}, 'parent_name': [], 'tag': [], 'enabled': True, 'options': {}, 'type': 'localport', 'port_security': [], 'dhcpv4_options': [], 'dhcpv6_options': []}) {{(pid=102468) do_commit /opt/stack/data/venv/lib/python3.12/site-packages/ovsdbapp/backend/ovs_idl/transaction.py:89}}
Mar 31 00:47:47.117151 np0000161779 devstack@neutron-api.service[102468]: DEBUG ovsdbapp.backend.ovs_idl.transaction [None req-9fe3cb0b-db30-4893-a143-c14d3a1d0c9c None None] Running txn n=1 command(idx=1): QoSDelCommand(_result=None, switch=neutron-09e7f38a-a3b6-4a3c-9e5f-c7e3da97d76a, conditions=[('direction', '=', 'to-lport'), ('priority', '=', 2002), ('match', '=', 'outport == "7211463b-e474-47a1-abf6-564acb660c5c"')], if_exists=True) {{(pid=102468) do_commit /opt/stack/data/venv/lib/python3.12/site-packages/ovsdbapp/backend/ovs_idl/transaction.py:89}}
Mar 31 00:47:47.117571 np0000161779 devstack@neutron-api.service[102468]: DEBUG ovsdbapp.backend.ovs_idl.transaction [None req-9fe3cb0b-db30-4893-a143-c14d3a1d0c9c None None] Running txn n=1 command(idx=2): QoSDelCommand(_result=None, switch=neutron-09e7f38a-a3b6-4a3c-9e5f-c7e3da97d76a, conditions=[('direction', '=', 'from-lport'), ('priority', '=', 2002), ('match', '=', 'inport == "7211463b-e474-47a1-abf6-564acb660c5c"')], if_exists=True) {{(pid=102468) do_commit /opt/stack/data/venv/lib/python3.12/site-packages/ovsdbapp/backend/ovs_idl/transaction.py:89}}
Mar 31 00:47:47.123713 np0000161779 devstack@neutron-api.service[102468]: DEBUG neutron.plugins.ml2.drivers.ovn.mech_driver.ovsdb.ovsdb_monitor [None req-9fe3cb0b-db30-4893-a143-c14d3a1d0c9c None None] Hash Ring: Node f0c967dfd49f5fa395f5bde9ad243604 (host: np0000161779) handling event "update" for row 09e7f38a-a3b6-4a3c-9e5f-c7e3da97d76a (table: Logical_Switch) {{(pid=102468) notify /opt/stack/neutron/neutron/plugins/ml2/drivers/ovn/mech_driver/ovsdb/ovsdb_monitor.py:912}}
Mar 31 00:47:47.124064 np0000161779 devstack@neutron-api.service[102468]: DEBUG neutron.plugins.ml2.drivers.ovn.mech_driver.ovsdb.ovsdb_monitor [None req-9fe3cb0b-db30-4893-a143-c14d3a1d0c9c None None] Hash Ring: Node f0c967dfd49f5fa395f5bde9ad243604 (host: np0000161779) handling event "create" for row 6be3566d-5a72-47d3-ad89-fbadf6885e45 (table: Logical_Switch_Port) {{(pid=102468) notify /opt/stack/neutron/neutron/plugins/ml2/drivers/ovn/mech_driver/ovsdb/ovsdb_monitor.py:912}}
Mar 31 00:47:47.125326 np0000161779 devstack@neutron-api.service[102468]: DEBUG ovsdbapp.backend.ovs_idl.event [None req-9fe3cb0b-db30-4893-a143-c14d3a1d0c9c None None] Matched CREATE: LogicalSwitchPortCreateEvent(events=('create',), table='Logical_Switch_Port', conditions=[], old_conditions=None), priority=20 to row=Logical_Switch_Port(uuid=6be3566d-5a72-47d3-ad89-fbadf6885e45, addresses=['fa:16:3e:d8:ce:09'], dhcpv4_options=[], dhcpv6_options=[], dynamic_addresses=[], enabled=True, external_ids={'neutron:cidrs': '', 'neutron:device_id': 'ovnmeta-09e7f38a-a3b6-4a3c-9e5f-c7e3da97d76a', 'neutron:device_owner': 'network:distributed', 'neutron:mtu': '', 'neutron:network_name': 'neutron-09e7f38a-a3b6-4a3c-9e5f-c7e3da97d76a', 'neutron:port_capabilities': '', 'neutron:port_name': '', 'neutron:project_id': '41a1973bb8d64a61a88c5686f29c93e6', 'neutron:revision_number': '1', 'neutron:security_group_ids': '', 'neutron:subnet_pool_addr_scope4': '', 'neutron:subnet_pool_addr_scope6': '', 'neutron:vnic_type': 'normal'}, ha_chassis_group=[], mirror_rules=[], name='7211463b-e474-47a1-abf6-564acb660c5c', options={}, parent_name=[], port_security=[], tag=[], tag_request=[], type='localport', up=[]) old= {{(pid=102468) matches /opt/stack/data/venv/lib/python3.12/site-packages/ovsdbapp/backend/ovs_idl/event.py:55}}
Mar 31 00:47:47.126754 np0000161779 devstack@neutron-api.service[102468]: INFO neutron.plugins.ml2.drivers.ovn.mech_driver.mech_driver [None req-49664010-73ea-4f32-959a-6c885c76c771 None None] OVN reports status down for port: 7211463b-e474-47a1-abf6-564acb660c5c
Mar 31 00:47:47.129924 np0000161779 devstack@neutron-api.service[102468]: DEBUG neutron.plugins.ml2.drivers.ovn.mech_driver.ovsdb.ovsdb_monitor [None req-9fe3cb0b-db30-4893-a143-c14d3a1d0c9c None None] Hash Ring: Node f0c967dfd49f5fa395f5bde9ad243604 (host: np0000161779) handling event "update" for row 6be3566d-5a72-47d3-ad89-fbadf6885e45 (table: Logical_Switch_Port) {{(pid=102468) notify /opt/stack/neutron/neutron/plugins/ml2/drivers/ovn/mech_driver/ovsdb/ovsdb_monitor.py:912}}
Mar 31 00:47:47.131885 np0000161779 devstack@neutron-api.service[102467]: DEBUG neutron.plugins.ml2.drivers.ovn.mech_driver.ovsdb.ovsdb_monitor [None req-afe698ec-584d-41ef-b4b2-d60c03cc4a68 None None] Hash Ring: Node f80cc1174d1550db9e9ddee91b609f62 (host: np0000161779) handling event "create" for row fea0ff8c-1e16-4baf-9df8-fa1168f2ecd1 (table: Port_Binding) {{(pid=102467) notify /opt/stack/neutron/neutron/plugins/ml2/drivers/ovn/mech_driver/ovsdb/ovsdb_monitor.py:912}}
Mar 31 00:47:47.189762 np0000161779 devstack@neutron-api.service[102468]: DEBUG neutron.db.provisioning_blocks [None req-49664010-73ea-4f32-959a-6c885c76c771 None None] Transition to ACTIVE for port object 7211463b-e474-47a1-abf6-564acb660c5c will not be triggered until provisioned by entity L2. {{(pid=102468) add_provisioning_component /opt/stack/neutron/neutron/db/provisioning_blocks.py:74}}
Mar 31 00:47:47.190674 np0000161779 devstack@neutron-api.service[102468]: INFO neutron.db.ovn_revision_numbers_db [None req-6f12ddf4-3ef5-4a16-92af-abcb72cb9e2e admin admin] Successfully bumped revision number for resource 7211463b-e474-47a1-abf6-564acb660c5c (type: ports) to 1
Mar 31 00:47:47.201707 np0000161779 devstack@neutron-api.service[102468]: DEBUG neutron.pecan_wsgi.hooks.policy_enforcement [None req-6f12ddf4-3ef5-4a16-92af-abcb72cb9e2e admin admin] Attributes excluded by policy engine: ['standard_attr_id'] {{(pid=102468) _exclude_attributes_by_policy /opt/stack/neutron/neutron/pecan_wsgi/hooks/policy_enforcement.py:258}}
Mar 31 00:47:47.202009 np0000161779 devstack@neutron-api.service[102468]: DEBUG neutron_lib.callbacks.manager [None req-6f12ddf4-3ef5-4a16-92af-abcb72cb9e2e admin admin] Publish callbacks [] for network (None), before_response {{(pid=102468) _notify_loop /opt/stack/data/venv/lib/python3.12/site-packages/neutron_lib/callbacks/manager.py:184}}
Mar 31 00:47:47.223129 np0000161779 devstack@neutron-api.service[102468]: [pid: 102468|app: 0|req: 23/93] 199.204.45.205 () {68 vars in 1358 bytes} [Tue Mar 31 00:47:46 2026] POST /networking/v2.0/networks => generated 682 bytes in 616 msecs (HTTP/1.1 201) 4 headers in 162 bytes (1 switches on core 0)
Mar 31 00:47:47.230782 np0000161779 devstack@neutron-api.service[102468]: DEBUG neutron.plugins.ml2.plugin [None req-49664010-73ea-4f32-959a-6c885c76c771 None None] Current status of the port 7211463b-e474-47a1-abf6-564acb660c5c is: DOWN; New status is: DOWN {{(pid=102468) _update_individual_port_db_status /opt/stack/neutron/neutron/plugins/ml2/plugin.py:2466}}
Mar 31 00:47:47.232407 np0000161779 devstack@neutron-api.service[102468]: DEBUG ovsdbapp.backend.ovs_idl.transaction [None req-9fe3cb0b-db30-4893-a143-c14d3a1d0c9c None None] Running txn n=1 command(idx=0): DbRemoveCommand(_result=None, table=Logical_Switch_Port, record=7211463b-e474-47a1-abf6-564acb660c5c, column=external_ids, values=('neutron:host_id',), keyvalues={}, if_exists=True) {{(pid=102468) do_commit /opt/stack/data/venv/lib/python3.12/site-packages/ovsdbapp/backend/ovs_idl/transaction.py:89}}
Mar 31 00:47:47.243915 np0000161779 devstack@neutron-api.service[102469]: DEBUG futurist.periodics [-] Submitting periodic callback 'neutron.plugins.ml2.drivers.ovn.mech_driver.ovsdb.maintenance.HashRingHealthCheckPeriodics.touch_hash_ring_node' {{(pid=102469) _process_scheduled /opt/stack/data/venv/lib/python3.12/site-packages/futurist/periodics.py:638}}
Mar 31 00:47:47.244986 np0000161779 devstack@neutron-api.service[102469]: DEBUG neutron.plugins.ml2.drivers.ovn.mech_driver.ovsdb.maintenance [-] Touching Hash Ring node "586402846fb05d1cbc4f580034a4e709" from periodic health check thread {{(pid=102469) touch_hash_ring_node /opt/stack/neutron/neutron/plugins/ml2/drivers/ovn/mech_driver/ovsdb/maintenance.py:1232}}
Mar 31 00:47:47.437464 np0000161779 devstack@neutron-api.service[102469]: INFO neutron.pecan_wsgi.hooks.translation [None req-35585edd-a48c-4eaf-9331-910d9c7ca13b admin admin] GET failed (client error): The resource could not be found.
Mar 31 00:47:47.438117 np0000161779 devstack@neutron-api.service[102469]: [pid: 102469|app: 0|req: 25/94] 199.204.45.205 () {64 vars in 1334 bytes} [Tue Mar 31 00:47:47 2026] GET /networking/v2.0/networks/admin_net => generated 111 bytes in 13 msecs (HTTP/1.1 404) 4 headers in 164 bytes (1 switches on core 0)
Mar 31 00:47:47.486572 np0000161779 devstack@neutron-api.service[102467]: DEBUG neutron.pecan_wsgi.hooks.policy_enforcement [None req-a07417ae-9eef-4a24-a6c3-093bfbca35c9 admin admin] Attributes excluded by policy engine: ['standard_attr_id'] {{(pid=102467) _exclude_attributes_by_policy /opt/stack/neutron/neutron/pecan_wsgi/hooks/policy_enforcement.py:258}}
Mar 31 00:47:47.487988 np0000161779 devstack@neutron-api.service[102467]: [pid: 102467|app: 0|req: 24/95] 199.204.45.205 () {64 vars in 1346 bytes} [Tue Mar 31 00:47:47 2026] GET /networking/v2.0/networks?name=admin_net => generated 666 bytes in 41 msecs (HTTP/1.1 200) 4 headers in 157 bytes (1 switches on core 0)
Mar 31 00:47:47.741836 np0000161779 devstack@neutron-api.service[102466]: INFO neutron.pecan_wsgi.hooks.translation [None req-fbc1c291-12ca-49a4-b173-69066a52b5ac admin admin] GET failed (client error): The resource could not be found.
Mar 31 00:47:47.743057 np0000161779 devstack@neutron-api.service[102466]: [pid: 102466|app: 0|req: 24/96] 199.204.45.205 () {64 vars in 1340 bytes} [Tue Mar 31 00:47:47 2026] GET /networking/v2.0/subnets/admin_subnet => generated 112 bytes in 52 msecs (HTTP/1.1 404) 4 headers in 164 bytes (1 switches on core 0)
Mar 31 00:47:47.774521 np0000161779 devstack@neutron-api.service[102468]: [pid: 102468|app: 0|req: 24/97] 199.204.45.205 () {64 vars in 1349 bytes} [Tue Mar 31 00:47:47 2026] GET /networking/v2.0/subnets?name=admin_subnet => generated 14 bytes in 20 msecs (HTTP/1.1 200) 4 headers in 156 bytes (1 switches on core 0)
Mar 31 00:47:48.021863 np0000161779 devstack@neutron-api.service[102469]: DEBUG neutron.pecan_wsgi.hooks.policy_enforcement [None req-e8e2b5d4-3652-478a-9464-30b7bd845150 admin admin] Attributes excluded by policy engine: ['standard_attr_id'] {{(pid=102469) _exclude_attributes_by_policy /opt/stack/neutron/neutron/pecan_wsgi/hooks/policy_enforcement.py:258}}
Mar 31 00:47:48.022608 np0000161779 devstack@neutron-api.service[102469]: [pid: 102469|app: 0|req: 26/98] 199.204.45.205 () {64 vars in 1415 bytes} [Tue Mar 31 00:47:47 2026] GET /networking/v2.0/networks/09e7f38a-a3b6-4a3c-9e5f-c7e3da97d76a => generated 663 bytes in 22 msecs (HTTP/1.1 200) 4 headers in 157 bytes (1 switches on core 0)
Mar 31 00:47:48.041769 np0000161779 devstack@neutron-api.service[102467]: DEBUG neutron.api.v2.base [None req-72f952c8-8283-4a66-a333-8c1dc30316cc admin admin] Request body: {'subnet': {'ip_version': 4, 'name': 'admin_subnet', 'project_id': '41a1973bb8d64a61a88c5686f29c93e6', 'gateway_ip': None, 'cidr': '10.2.5.0/24', 'network_id': '09e7f38a-a3b6-4a3c-9e5f-c7e3da97d76a'}} {{(pid=102467) prepare_request_body /opt/stack/neutron/neutron/api/v2/base.py:729}}
Mar 31 00:47:48.068372 np0000161779 devstack@neutron-api.service[102467]: DEBUG futurist.periodics [-] Submitting periodic callback 'neutron.plugins.ml2.drivers.ovn.mech_driver.ovsdb.maintenance.HashRingHealthCheckPeriodics.touch_hash_ring_node' {{(pid=102467) _process_scheduled /opt/stack/data/venv/lib/python3.12/site-packages/futurist/periodics.py:638}}
Mar 31 00:47:48.069336 np0000161779 devstack@neutron-api.service[102467]: DEBUG neutron.plugins.ml2.drivers.ovn.mech_driver.ovsdb.maintenance [-] Touching Hash Ring node "f80cc1174d1550db9e9ddee91b609f62" from periodic health check thread {{(pid=102467) touch_hash_ring_node /opt/stack/neutron/neutron/plugins/ml2/drivers/ovn/mech_driver/ovsdb/maintenance.py:1232}}
Mar 31 00:47:48.079344 np0000161779 devstack@neutron-api.service[102466]: DEBUG futurist.periodics [-] Submitting periodic callback 'neutron.plugins.ml2.drivers.ovn.mech_driver.ovsdb.maintenance.HashRingHealthCheckPeriodics.touch_hash_ring_node' {{(pid=102466) _process_scheduled /opt/stack/data/venv/lib/python3.12/site-packages/futurist/periodics.py:638}}
Mar 31 00:47:48.080671 np0000161779 devstack@neutron-api.service[102466]: DEBUG neutron.plugins.ml2.drivers.ovn.mech_driver.ovsdb.maintenance [-] Touching Hash Ring node "bf0449b215a75da388171b9e87b46ca3" from periodic health check thread {{(pid=102466) touch_hash_ring_node /opt/stack/neutron/neutron/plugins/ml2/drivers/ovn/mech_driver/ovsdb/maintenance.py:1232}}
Mar 31 00:47:48.097190 np0000161779 devstack@neutron-api.service[102467]: DEBUG neutron.pecan_wsgi.hooks.quota_enforcement [None req-72f952c8-8283-4a66-a333-8c1dc30316cc admin admin] Made reservation on behalf of 41a1973bb8d64a61a88c5686f29c93e6 for: {'subnet': 1} {{(pid=102467) before /opt/stack/neutron/neutron/pecan_wsgi/hooks/quota_enforcement.py:66}}
Mar 31 00:47:48.103593 np0000161779 devstack@neutron-api.service[102467]: DEBUG neutron_lib.callbacks.manager [None req-72f952c8-8283-4a66-a333-8c1dc30316cc admin admin] Publish callbacks [] for subnet (None), before_create {{(pid=102467) _notify_loop /opt/stack/data/venv/lib/python3.12/site-packages/neutron_lib/callbacks/manager.py:184}}
Mar 31 00:47:48.113922 np0000161779 devstack@neutron-api.service[102468]: DEBUG futurist.periodics [-] Submitting periodic callback 'neutron.plugins.ml2.drivers.ovn.mech_driver.ovsdb.maintenance.HashRingHealthCheckPeriodics.touch_hash_ring_node' {{(pid=102468) _process_scheduled /opt/stack/data/venv/lib/python3.12/site-packages/futurist/periodics.py:638}}
Mar 31 00:47:48.114994 np0000161779 devstack@neutron-api.service[102468]: DEBUG neutron.plugins.ml2.drivers.ovn.mech_driver.ovsdb.maintenance [-] Touching Hash Ring node "f0c967dfd49f5fa395f5bde9ad243604" from periodic health check thread {{(pid=102468) touch_hash_ring_node /opt/stack/neutron/neutron/plugins/ml2/drivers/ovn/mech_driver/ovsdb/maintenance.py:1232}}
Mar 31 00:47:48.169602 np0000161779 devstack@neutron-api.service[102467]: DEBUG neutron.db.ovn_revision_numbers_db [None req-72f952c8-8283-4a66-a333-8c1dc30316cc admin admin] create_initial_revision uuid=3b75acc9-eeca-409c-9f79-3dc52e33616a, type=subnets, rev=-1 {{(pid=102467) create_initial_revision /opt/stack/neutron/neutron/db/ovn_revision_numbers_db.py:98}}
Mar 31 00:47:48.195111 np0000161779 devstack@neutron-api.service[102467]: DEBUG neutron_lib.callbacks.manager [None req-72f952c8-8283-4a66-a333-8c1dc30316cc admin admin] Publish callbacks ['neutron.plugins.ml2.ovo_rpc._ObjectChangeHandler.handle_event-2844927'] for subnet (3b75acc9-eeca-409c-9f79-3dc52e33616a), after_create {{(pid=102467) _notify_loop /opt/stack/data/venv/lib/python3.12/site-packages/neutron_lib/callbacks/manager.py:184}}
Mar 31 00:47:48.216743 np0000161779 devstack@neutron-api.service[102467]: DEBUG neutron.api.rpc.handlers.resources_rpc [None req-72f952c8-8283-4a66-a333-8c1dc30316cc admin admin] Pushing event updated for resources: {'Subnet': ['ID=3b75acc9-eeca-409c-9f79-3dc52e33616a,revision_number=0']} {{(pid=102467) push /opt/stack/neutron/neutron/api/rpc/handlers/resources_rpc.py:237}}
Mar 31 00:47:48.266375 np0000161779 devstack@neutron-api.service[102467]: DEBUG neutron_lib.callbacks.manager [None req-72f952c8-8283-4a66-a333-8c1dc30316cc admin admin] Publish callbacks ['neutron.plugins.ml2.plugin.SecurityGroupDbMixin._ensure_default_security_group_handler-21201', 'neutron.services.ovn_l3.plugin.OVNL3RouterPlugin._port_update-8474177708206', 'neutron.db.l3_db.L3_NAT_dbonly_mixin._prevent_internal_ip_change_for_fip-8474179231634'] for port (7211463b-e474-47a1-abf6-564acb660c5c), before_update {{(pid=102467) _notify_loop /opt/stack/data/venv/lib/python3.12/site-packages/neutron_lib/callbacks/manager.py:184}}
Mar 31 00:47:48.362101 np0000161779 devstack@neutron-api.service[102467]: DEBUG neutron.db.db_base_plugin_common [None req-72f952c8-8283-4a66-a333-8c1dc30316cc admin admin] Allocated IP 10.2.5.1 (09e7f38a-a3b6-4a3c-9e5f-c7e3da97d76a/3b75acc9-eeca-409c-9f79-3dc52e33616a/7211463b-e474-47a1-abf6-564acb660c5c) {{(pid=102467) _store_ip_allocation /opt/stack/neutron/neutron/db/db_base_plugin_common.py:131}}
Mar 31 00:47:48.435580 np0000161779 devstack@neutron-api.service[102467]: DEBUG neutron_lib.callbacks.manager [None req-72f952c8-8283-4a66-a333-8c1dc30316cc admin admin] Publish callbacks [] for port (7211463b-e474-47a1-abf6-564acb660c5c), precommit_update {{(pid=102467) _notify_loop /opt/stack/data/venv/lib/python3.12/site-packages/neutron_lib/callbacks/manager.py:184}}
Mar 31 00:47:48.435772 np0000161779 devstack@neutron-api.service[102467]: DEBUG neutron.plugins.ml2.drivers.ovn.mech_driver.mech_driver [None req-72f952c8-8283-4a66-a333-8c1dc30316cc admin admin] No provisioning block for port 7211463b-e474-47a1-abf6-564acb660c5c since it does not have a host {{(pid=102467) _is_port_provisioning_required /opt/stack/neutron/neutron/plugins/ml2/drivers/ovn/mech_driver/mech_driver.py:884}}
Mar 31 00:47:48.449313 np0000161779 devstack@neutron-api.service[102467]: DEBUG neutron_lib.callbacks.manager [None req-72f952c8-8283-4a66-a333-8c1dc30316cc admin admin] Publish callbacks ['neutron.plugins.ml2.ovo_rpc._ObjectChangeHandler.handle_event-2844928', 'neutron.db.l3_db.L3RpcNotifierMixin._notify_gateway_port_ip_changed-8474179107790', 'neutron.services.ovn_l3.plugin.OVNL3RouterPlugin._port_update-8474177708206'] for port (7211463b-e474-47a1-abf6-564acb660c5c), after_update {{(pid=102467) _notify_loop /opt/stack/data/venv/lib/python3.12/site-packages/neutron_lib/callbacks/manager.py:184}}
Mar 31 00:47:48.477900 np0000161779 devstack@neutron-api.service[102467]: DEBUG neutron.api.rpc.handlers.resources_rpc [None req-72f952c8-8283-4a66-a333-8c1dc30316cc admin admin] Pushing event updated for resources: {'Port': ['ID=7211463b-e474-47a1-abf6-564acb660c5c,revision_number=2']} {{(pid=102467) push /opt/stack/neutron/neutron/api/rpc/handlers/resources_rpc.py:237}}
Mar 31 00:47:48.566146 np0000161779 devstack@neutron-api.service[102467]: DEBUG ovsdbapp.backend.ovs_idl.transaction [None req-9653189d-747d-4f95-8b4d-661717510f8c None None] Running txn n=1 command(idx=0): CheckRevisionNumberCommand(_result=None, name=7211463b-e474-47a1-abf6-564acb660c5c, resource={'id': '7211463b-e474-47a1-abf6-564acb660c5c', 'name': '', 'network_id': '09e7f38a-a3b6-4a3c-9e5f-c7e3da97d76a', 'project_id': '41a1973bb8d64a61a88c5686f29c93e6', 'mac_address': 'fa:16:3e:d8:ce:09', 'admin_state_up': True, 'status': 'DOWN', 'device_id': 'ovnmeta-09e7f38a-a3b6-4a3c-9e5f-c7e3da97d76a', 'device_owner': 'network:distributed', 'standard_attr_id': 44, 'fixed_ips': [{'subnet_id': '3b75acc9-eeca-409c-9f79-3dc52e33616a', 'ip_address': '10.2.5.1'}], 'allowed_address_pairs': [], 'extra_dhcp_opts': [], 'security_groups': [], 'description': '', 'binding:vnic_type': 'normal', 'binding:profile': {}, 'binding:host_id': '', 'binding:vif_type': 'unbound', 'binding:vif_details': {}, 'port_security_enabled': False, 'tags': [], 'created_at': '2026-03-31T00:47:47Z', 'updated_at': '2026-03-31T00:47:48Z', 'revision_number': 2, 'tenant_id': '41a1973bb8d64a61a88c5686f29c93e6', 'network': {'id': '09e7f38a-a3b6-4a3c-9e5f-c7e3da97d76a', 'name': 'admin_net', 'tenant_id': '41a1973bb8d64a61a88c5686f29c93e6', 'project_id': '41a1973bb8d64a61a88c5686f29c93e6', 'admin_state_up': True, 'mtu': 1372, 'status': 'ACTIVE', 'subnets': ['3b75acc9-eeca-409c-9f79-3dc52e33616a'], 'standard_attr_id': 42, 'shared': False, 'availability_zone_hints': [], 'availability_zones': [], 'ipv4_address_scope': None, 'ipv6_address_scope': None, 'router:external': False, 'qinq': False, 'vlan_transparent': False, 'description': '', 'port_security_enabled': True, 'tags': [], 'created_at': '2026-03-31T00:47:46Z', 'updated_at': '2026-03-31T00:47:48Z', 'revision_number': 2, 'provider:network_type': 'geneve', 'provider:physical_network': None, 'provider:segmentation_id': 4448}}, resource_type=ports, if_exists=True) {{(pid=102467) do_commit /opt/stack/data/venv/lib/python3.12/site-packages/ovsdbapp/backend/ovs_idl/transaction.py:89}}
Mar 31 00:47:48.567170 np0000161779 devstack@neutron-api.service[102467]: DEBUG ovsdbapp.backend.ovs_idl.transaction [None req-9653189d-747d-4f95-8b4d-661717510f8c None None] Running txn n=1 command(idx=1): AddDHCPOptionsCommand(_result=None, columns={'cidr': '10.2.5.0/24', 'options': {'server_id': '10.2.5.1', 'lease_time': '43200', 'mtu': '1372', 'server_mac': 'fa:16:3e:b2:4c:d7', 'dns_server': '{127.0.0.53}', 'classless_static_route': '{169.254.169.254/32,10.2.5.1}'}, 'external_ids': {'subnet_id': '3b75acc9-eeca-409c-9f79-3dc52e33616a', 'neutron:network_id': '09e7f38a-a3b6-4a3c-9e5f-c7e3da97d76a', 'neutron:revision_number': '0'}}, may_exist=True, subnet_id=3b75acc9-eeca-409c-9f79-3dc52e33616a, port_id=None, new_insert=False) {{(pid=102467) do_commit /opt/stack/data/venv/lib/python3.12/site-packages/ovsdbapp/backend/ovs_idl/transaction.py:89}}
