2026-07-02 11:16:38.437 10 INFO neutron.wsgi [req-b40c720a-d811-4efa-8ae1-b26b63ebd702 req-a32021b9-7718-4750-bb18-8b74e446ab55 c009b804a6574fc1a3e7663aadd95622 a1e5a7691a304189972788d916dfc909 - - 7e6cee0005ce4cdbbd56e806f4693548 7e6cee0005ce4cdbbd56e806f4693548] 199.19.213.63 "GET /v2.0/floatingips?fixed_ip_address=10.100.0.13&port_id=059ec34a-cb74-49e1-b3ce-753ea1d75981 HTTP/1.1" status: 200 len: 217 time: 0.0250134
2026-07-02 11:16:38.450 10 INFO neutron.plugins.ml2.plugin [None req-763d87c8-6bdf-4eba-92f2-49be3e009292 - - - - - -] Attempt 1 to provision port 059ec34a-cb74-49e1-b3ce-753ea1d75981
2026-07-02 11:16:38.500 10 INFO neutron.wsgi [req-b40c720a-d811-4efa-8ae1-b26b63ebd702 req-c7ba2d56-ecfb-436e-b3b0-e00089d284e7 c009b804a6574fc1a3e7663aadd95622 a1e5a7691a304189972788d916dfc909 - - 7e6cee0005ce4cdbbd56e806f4693548 7e6cee0005ce4cdbbd56e806f4693548] 199.19.213.63 "GET /v2.0/subnets?id=3a19901b-2713-4f7d-a55b-04d4dbf5771d HTTP/1.1" status: 200 len: 852 time: 0.0519748
2026-07-02 11:16:38.534 10 INFO neutron.wsgi [req-b40c720a-d811-4efa-8ae1-b26b63ebd702 req-432b378d-a407-445a-9e14-fd7366e5c1ea c009b804a6574fc1a3e7663aadd95622 a1e5a7691a304189972788d916dfc909 - - 7e6cee0005ce4cdbbd56e806f4693548 7e6cee0005ce4cdbbd56e806f4693548] 199.19.213.63 "GET /v2.0/ports?network_id=bf82e6fc-80cb-48bc-b72e-af56e197ada8&device_owner=network%3Adhcp HTTP/1.1" status: 200 len: 210 time: 0.0272913
2026-07-02 11:16:38.691 10 INFO neutron.wsgi [req-b40c720a-d811-4efa-8ae1-b26b63ebd702 req-52d6001c-c3ad-4d3b-9c28-7b23842a9770 c009b804a6574fc1a3e7663aadd95622 a1e5a7691a304189972788d916dfc909 - - 7e6cee0005ce4cdbbd56e806f4693548 7e6cee0005ce4cdbbd56e806f4693548] 199.19.213.63 "GET /v2.0/networks/bf82e6fc-80cb-48bc-b72e-af56e197ada8?fields=segments HTTP/1.1" status: 200 len: 212 time: 0.1469467
2026-07-02 11:16:38.786 10 INFO neutron.wsgi [req-81f45baf-78d2-44d6-b2e8-92afbf4b116b req-360b9bbb-05fd-488a-a8ea-3093d5e00388 a9b376ec75bd41bba5ed331aaff2901f 3f2f94f3d6d441529152bc6c735d9993 - - default default] 10.0.0.229 "GET /v2.0/networks?id=5ff3db4f-2d6b-4678-8ba0-46c1bb3b89a4 HTTP/1.1" status: 200 len: 876 time: 0.1673260
2026-07-02 11:16:38.808 10 INFO neutron.wsgi [req-1088f667-fcb1-4681-8375-59fb5d2b52cb req-787330ed-cfc0-4e5e-907e-0a155694c20e a8bf2d62c31e45418f76d39fc9b68ef9 d98d35a1dab14b5e8d941d9a1ea8026d - - default default] 10.0.0.229 "GET /v2.0/ports?device_id=5b6165cf-ea24-45d4-9adc-1a5e35c5ebff HTTP/1.1" status: 200 len: 1172 time: 0.2139599
2026-07-02 11:16:38.814 10 INFO neutron.wsgi [req-81f45baf-78d2-44d6-b2e8-92afbf4b116b req-92a3593a-4429-4028-8f95-83d1bd190b86 a9b376ec75bd41bba5ed331aaff2901f 3f2f94f3d6d441529152bc6c735d9993 - - default default] 10.0.0.229 "GET /v2.0/quotas/3f2f94f3d6d441529152bc6c735d9993 HTTP/1.1" status: 200 len: 386 time: 0.0192060
2026-07-02 11:16:38.854 10 INFO neutron.wsgi [req-b40c720a-d811-4efa-8ae1-b26b63ebd702 req-cf795451-78ab-433e-99cc-d1b682c57365 c009b804a6574fc1a3e7663aadd95622 a1e5a7691a304189972788d916dfc909 - - 7e6cee0005ce4cdbbd56e806f4693548 7e6cee0005ce4cdbbd56e806f4693548] 199.19.213.63 "GET /v2.0/networks/bf82e6fc-80cb-48bc-b72e-af56e197ada8?fields=provider%3Aphysical_network&fields=provider%3Anetwork_type HTTP/1.1" status: 200 len: 277 time: 0.1470127
2026-07-02 11:16:38.930 10 INFO neutron.wsgi [req-1088f667-fcb1-4681-8375-59fb5d2b52cb req-387b10a2-99b5-450b-aaa5-373b549ef747 a8bf2d62c31e45418f76d39fc9b68ef9 d98d35a1dab14b5e8d941d9a1ea8026d - - default default] 10.0.0.229 "GET /v2.0/security-groups?id=8722a03a-361a-407f-85de-9666b5d72ed3&fields=id&fields=name HTTP/1.1" status: 200 len: 312 time: 0.1076088
2026-07-02 11:16:38.971 10 INFO neutron.wsgi [req-81f45baf-78d2-44d6-b2e8-92afbf4b116b req-6d6763c9-b224-4f7e-8b0b-5cd267394810 a9b376ec75bd41bba5ed331aaff2901f 3f2f94f3d6d441529152bc6c735d9993 - - default default] 10.0.0.229 "GET /v2.0/ports?tenant_id=3f2f94f3d6d441529152bc6c735d9993&fields=id HTTP/1.1" status: 200 len: 302 time: 0.1471097
2026-07-02 11:16:39.023 10 INFO neutron.db.ovn_revision_numbers_db [None req-763d87c8-6bdf-4eba-92f2-49be3e009292 - - - - - -] Successfully bumped revision number for resource 059ec34a-cb74-49e1-b3ce-753ea1d75981 (type: ports) to 4
2026-07-02 11:16:39.061 10 INFO neutron.wsgi [req-81f45baf-78d2-44d6-b2e8-92afbf4b116b req-e1868b36-8d4d-45ff-9c3d-64bce76ae79e c009b804a6574fc1a3e7663aadd95622 a1e5a7691a304189972788d916dfc909 - - 7e6cee0005ce4cdbbd56e806f4693548 7e6cee0005ce4cdbbd56e806f4693548] 10.0.0.229 "GET /v2.0/networks/5ff3db4f-2d6b-4678-8ba0-46c1bb3b89a4?fields=segments HTTP/1.1" status: 200 len: 212 time: 0.0809109
2026-07-02 11:16:39.142 10 INFO neutron.wsgi [req-81f45baf-78d2-44d6-b2e8-92afbf4b116b req-d3b5fb35-1939-4c69-b948-cec44f2b3cc1 c009b804a6574fc1a3e7663aadd95622 a1e5a7691a304189972788d916dfc909 - - 7e6cee0005ce4cdbbd56e806f4693548 7e6cee0005ce4cdbbd56e806f4693548] 10.0.0.229 "GET /v2.0/networks/5ff3db4f-2d6b-4678-8ba0-46c1bb3b89a4?fields=provider%3Aphysical_network&fields=provider%3Anetwork_type HTTP/1.1" status: 200 len: 277 time: 0.0716121 /var/lib/openstack/lib/python3.10/site-packages/pycadf/identifier.py:71: UserWarning: Invalid uuid: neutron. To ensure interoperability, identifiers should be a valid uuid. warnings.warn(('Invalid uuid: %s. To ensure interoperability, '
2026-07-02 11:16:39.308 10 INFO neutron.wsgi [req-e2ada1c7-a9bb-4cd3-9a83-7b445e572e09 req-4e6969c9-2a1d-4224-ad00-6bc15f8e79bc a9b376ec75bd41bba5ed331aaff2901f 3f2f94f3d6d441529152bc6c735d9993 - - default default] 10.0.0.229 "GET /v2.0/ports?device_id=a088abed-294a-4f27-9b48-1c76d00fc771 HTTP/1.1" status: 200 len: 210 time: 0.0267076
2026-07-02 11:16:39.492 9 INFO neutron.db.ovn_revision_numbers_db [None req-09f96c66-f1c0-42d3-88a5-5f83d93bcb85 77240ad744294c35b7ae80100fc78dbe 0a98d02fb3d8404a862651be04768bd5 - - default default] Successfully bumped revision number for resource 9e040e4d-1066-4683-801b-2e4438068bb0 (type: security_groups) to 1
2026-07-02 11:16:39.507 9 INFO neutron.db.ovn_revision_numbers_db [None req-09f96c66-f1c0-42d3-88a5-5f83d93bcb85 77240ad744294c35b7ae80100fc78dbe 0a98d02fb3d8404a862651be04768bd5 - - default default] Successfully bumped revision number for resource 0797a524-1613-428f-a62f-239972e782e5 (type: security_group_rules) to 0
2026-07-02 11:16:39.523 9 INFO neutron.db.ovn_revision_numbers_db [None req-09f96c66-f1c0-42d3-88a5-5f83d93bcb85 77240ad744294c35b7ae80100fc78dbe 0a98d02fb3d8404a862651be04768bd5 - - default default] Successfully bumped revision number for resource 7b3958c7-705b-408a-a86f-83709cdcfe69 (type: security_group_rules) to 0
2026-07-02 11:16:39.537 9 INFO neutron.db.ovn_revision_numbers_db [None req-09f96c66-f1c0-42d3-88a5-5f83d93bcb85 77240ad744294c35b7ae80100fc78dbe 0a98d02fb3d8404a862651be04768bd5 - - default default] Successfully bumped revision number for resource 7d17021d-f17e-44b1-b435-681299034c47 (type: security_group_rules) to 0
2026-07-02 11:16:39.549 9 INFO neutron.db.ovn_revision_numbers_db [None req-09f96c66-f1c0-42d3-88a5-5f83d93bcb85 77240ad744294c35b7ae80100fc78dbe 0a98d02fb3d8404a862651be04768bd5 - - default default] Successfully bumped revision number for resource afd97253-2aa7-4c62-ba62-57f6e86aa820 (type: security_group_rules) to 0
2026-07-02 11:16:39.605 9 INFO neutron.db.segments_db [None req-09f96c66-f1c0-42d3-88a5-5f83d93bcb85 77240ad744294c35b7ae80100fc78dbe 0a98d02fb3d8404a862651be04768bd5 - - default default] Added segment 4336b39d-7d22-4389-9c86-8e12cb1f6c8e of type geneve for network 3314c91c-37bc-4ae3-a4e8-00c6716b679c
2026-07-02 11:16:39.759 9 INFO neutron.db.ovn_revision_numbers_db [None req-09f96c66-f1c0-42d3-88a5-5f83d93bcb85 77240ad744294c35b7ae80100fc78dbe 0a98d02fb3d8404a862651be04768bd5 - - default default] Successfully bumped revision number for resource 3314c91c-37bc-4ae3-a4e8-00c6716b679c (type: networks) to 1
2026-07-02 11:16:39.915 10 INFO neutron.notifiers.nova [-] Nova event matching ['req-d4e5e8a8-f286-422b-b2d9-946d65ee0a7a'] response: {'server_uuid': '5b6165cf-ea24-45d4-9adc-1a5e35c5ebff', 'name': 'network-vif-plugged', 'status': 'completed', 'tag': '059ec34a-cb74-49e1-b3ce-753ea1d75981', 'code': 200}
2026-07-02 11:16:39.915 10 INFO neutron.notifiers.nova [-] Nova event matching ['req-d4e5e8a8-f286-422b-b2d9-946d65ee0a7a'] response: {'server_uuid': '5b6165cf-ea24-45d4-9adc-1a5e35c5ebff', 'name': 'network-vif-plugged', 'status': 'completed', 'tag': '059ec34a-cb74-49e1-b3ce-753ea1d75981', 'code': 200}
2026-07-02 11:16:39.930 9 WARNING neutron.scheduler.dhcp_agent_scheduler [None req-09f96c66-f1c0-42d3-88a5-5f83d93bcb85 77240ad744294c35b7ae80100fc78dbe 0a98d02fb3d8404a862651be04768bd5 - - default default] No more DHCP agents
2026-07-02 11:16:39.933 9 WARNING neutron.api.rpc.agentnotifiers.dhcp_rpc_agent_api [None req-09f96c66-f1c0-42d3-88a5-5f83d93bcb85 77240ad744294c35b7ae80100fc78dbe 0a98d02fb3d8404a862651be04768bd5 - - default default] Unable to schedule network 3314c91c-37bc-4ae3-a4e8-00c6716b679c: no agents available; will retry on subsequent port and subnet creation events.
2026-07-02 11:16:40.018 9 INFO neutron.db.ovn_revision_numbers_db [None req-09f96c66-f1c0-42d3-88a5-5f83d93bcb85 77240ad744294c35b7ae80100fc78dbe 0a98d02fb3d8404a862651be04768bd5 - - default default] Successfully bumped revision number for resource 42207e29-ba94-4ad1-a407-6bd484c1346e (type: ports) to 1
2026-07-02 11:16:40.050 9 INFO neutron.wsgi [None req-09f96c66-f1c0-42d3-88a5-5f83d93bcb85 77240ad744294c35b7ae80100fc78dbe 0a98d02fb3d8404a862651be04768bd5 - - default default] 10.0.0.248 "POST /v2.0/networks HTTP/1.1" status: 201 len: 942 time: 0.6882906
2026-07-02 11:16:40.053 10 INFO neutron.wsgi [req-a32d298a-f316-49af-ab9d-8dbaac867622 req-55cb1735-61da-4d94-ab1b-7bc7b3ea2fa8 a8bf2d62c31e45418f76d39fc9b68ef9 d98d35a1dab14b5e8d941d9a1ea8026d - - default default] 10.0.0.229 "GET /v2.0/ports?device_id=5b6165cf-ea24-45d4-9adc-1a5e35c5ebff HTTP/1.1" status: 200 len: 1174 time: 0.0546315
2026-07-02 11:16:40.059 10 INFO neutron.wsgi [req-81f45baf-78d2-44d6-b2e8-92afbf4b116b req-cd0e4373-a09f-4c8f-ad44-3b44e0fc5beb a9b376ec75bd41bba5ed331aaff2901f 3f2f94f3d6d441529152bc6c735d9993 - - default default] 199.19.213.63 "GET /v2.0/networks?id=5ff3db4f-2d6b-4678-8ba0-46c1bb3b89a4 HTTP/1.1" status: 200 len: 876 time: 0.1137691
2026-07-02 11:16:40.137 10 INFO neutron.wsgi [req-a32d298a-f316-49af-ab9d-8dbaac867622 req-3f537a7c-5436-4676-b42a-f3aaba55669a a8bf2d62c31e45418f76d39fc9b68ef9 d98d35a1dab14b5e8d941d9a1ea8026d - - default default] 10.0.0.229 "GET /v2.0/security-groups?id=8722a03a-361a-407f-85de-9666b5d72ed3&fields=id&fields=name HTTP/1.1" status: 200 len: 312 time: 0.0780904
2026-07-02 11:16:40.238 9 WARNING neutron.scheduler.dhcp_agent_scheduler [None req-564703b3-f7b0-4e89-a3bc-07e464f74a96 77240ad744294c35b7ae80100fc78dbe 0a98d02fb3d8404a862651be04768bd5 - - default default] No more DHCP agents
2026-07-02 11:16:40.243 9 WARNING neutron.api.rpc.agentnotifiers.dhcp_rpc_agent_api [None req-564703b3-f7b0-4e89-a3bc-07e464f74a96 77240ad744294c35b7ae80100fc78dbe 0a98d02fb3d8404a862651be04768bd5 - - default default] Unable to schedule network 3314c91c-37bc-4ae3-a4e8-00c6716b679c: no agents available; will retry on subsequent port and subnet creation events.
2026-07-02 11:16:40.415 10 INFO neutron.wsgi [req-34e67643-329c-4af2-90a0-de7d6e5b5f70 req-65598d2a-a3b5-4b08-9f65-a597ee79ba2a a9b376ec75bd41bba5ed331aaff2901f 3f2f94f3d6d441529152bc6c735d9993 - - default default] 10.0.0.229 "GET /v2.0/ports?device_id=a088abed-294a-4f27-9b48-1c76d00fc771 HTTP/1.1" status: 200 len: 210 time: 0.0271418
2026-07-02 11:16:40.521 10 WARNING neutron.scheduler.dhcp_agent_scheduler [req-81f45baf-78d2-44d6-b2e8-92afbf4b116b req-0185b5fa-7622-4495-ac34-e282a225f80a a9b376ec75bd41bba5ed331aaff2901f 3f2f94f3d6d441529152bc6c735d9993 - - default default] No more DHCP agents
2026-07-02 11:16:40.524 10 WARNING neutron.api.rpc.agentnotifiers.dhcp_rpc_agent_api [req-81f45baf-78d2-44d6-b2e8-92afbf4b116b req-0185b5fa-7622-4495-ac34-e282a225f80a a9b376ec75bd41bba5ed331aaff2901f 3f2f94f3d6d441529152bc6c735d9993 - - default default] Unable to schedule network 5ff3db4f-2d6b-4678-8ba0-46c1bb3b89a4: no agents available; will retry on subsequent port and subnet creation events.
2026-07-02 11:16:40.717 10 INFO neutron.db.ovn_revision_numbers_db [req-81f45baf-78d2-44d6-b2e8-92afbf4b116b req-0185b5fa-7622-4495-ac34-e282a225f80a a9b376ec75bd41bba5ed331aaff2901f 3f2f94f3d6d441529152bc6c735d9993 - - default default] Successfully bumped revision number for resource 3af0bd06-6cb2-49a7-95ba-7b2aa9b4fd71 (type: ports) to 1
2026-07-02 11:16:40.740 10 INFO neutron.wsgi [req-81f45baf-78d2-44d6-b2e8-92afbf4b116b req-0185b5fa-7622-4495-ac34-e282a225f80a a9b376ec75bd41bba5ed331aaff2901f 3f2f94f3d6d441529152bc6c735d9993 - - default default] 199.19.213.63 "POST /v2.0/ports HTTP/1.1" status: 201 len: 1162 time: 0.6711917 /var/lib/openstack/lib/python3.10/site-packages/pycadf/identifier.py:71: UserWarning: Invalid uuid: neutron. To ensure interoperability, identifiers should be a valid uuid. warnings.warn(('Invalid uuid: %s. To ensure interoperability, '
2026-07-02 11:16:40.772 9 INFO neutron.db.ovn_revision_numbers_db [None req-564703b3-f7b0-4e89-a3bc-07e464f74a96 77240ad744294c35b7ae80100fc78dbe 0a98d02fb3d8404a862651be04768bd5 - - default default] Successfully bumped revision number for resource 42207e29-ba94-4ad1-a407-6bd484c1346e (type: ports) to 2
2026-07-02 11:16:40.813 9 INFO neutron.db.ovn_revision_numbers_db [None req-564703b3-f7b0-4e89-a3bc-07e464f74a96 77240ad744294c35b7ae80100fc78dbe 0a98d02fb3d8404a862651be04768bd5 - - default default] Successfully bumped revision number for resource 9b061ce0-ccb9-4493-97d4-4115beb83601 (type: subnets) to 0
2026-07-02 11:16:40.828 9 INFO neutron.wsgi [None req-564703b3-f7b0-4e89-a3bc-07e464f74a96 77240ad744294c35b7ae80100fc78dbe 0a98d02fb3d8404a862651be04768bd5 - - default default] 10.0.0.248 "POST /v2.0/subnets HTTP/1.1" status: 201 len: 862 time: 0.7721734
2026-07-02 11:16:41.177 9 WARNING neutron.plugins.ml2.drivers.ovn.mech_driver.ovsdb.ovn_client [None req-b582701f-b510-457f-adbc-1e1007217209 - - - - - -] No hosting information found for port 2bd0b4ca-9bee-48ff-9ffc-f48d970e91c6: RuntimeError: No hosting information found for port 2bd0b4ca-9bee-48ff-9ffc-f48d970e91c6
2026-07-02 11:16:41.177 9 INFO neutron.plugins.ml2.drivers.ovn.mech_driver.mech_driver [None req-b582701f-b510-457f-adbc-1e1007217209 - - - - - -] OVN reports status up for port: 119c5944-8b61-4ac7-bfa6-6230bf2920d7
2026-07-02 11:16:41.189 9 INFO neutron.plugins.ml2.plugin [None req-b582701f-b510-457f-adbc-1e1007217209 - - - - - -] Attempt 1 to provision port 119c5944-8b61-4ac7-bfa6-6230bf2920d7
2026-07-02 11:16:41.339 10 INFO neutron.wsgi [req-016c9daa-842a-4f65-bc5c-d25a1969f46b req-6962d01d-8eb9-4cc3-ac2f-f68c4d24e9cb a8bf2d62c31e45418f76d39fc9b68ef9 d98d35a1dab14b5e8d941d9a1ea8026d - - default default] 10.0.0.229 "GET /v2.0/ports?device_id=5b6165cf-ea24-45d4-9adc-1a5e35c5ebff HTTP/1.1" status: 200 len: 1174 time: 0.0607247 /var/lib/openstack/lib/python3.10/site-packages/pycadf/identifier.py:71: UserWarning: Invalid uuid: neutron. To ensure interoperability, identifiers should be a valid uuid. warnings.warn(('Invalid uuid: %s. To ensure interoperability, '
2026-07-02 11:16:41.376 9 WARNING neutron.scheduler.dhcp_agent_scheduler [None req-a6e483b5-3606-4649-afbc-33f49725d954 77240ad744294c35b7ae80100fc78dbe 0a98d02fb3d8404a862651be04768bd5 - - default default] No more DHCP agents
2026-07-02 11:16:41.381 9 WARNING neutron.api.rpc.agentnotifiers.dhcp_rpc_agent_api [None req-a6e483b5-3606-4649-afbc-33f49725d954 77240ad744294c35b7ae80100fc78dbe 0a98d02fb3d8404a862651be04768bd5 - - default default] Unable to schedule network 8ee51cf5-5613-4fd9-a1a5-7a52d1319abd: no agents available; will retry on subsequent port and subnet creation events.
2026-07-02 11:16:41.381 10 INFO neutron.db.ovn_revision_numbers_db [None req-cfe45f19-d9d0-4d26-ab6b-71af79eaa103 77240ad744294c35b7ae80100fc78dbe 0a98d02fb3d8404a862651be04768bd5 - - default default] Successfully bumped revision number for resource 51d14648-4820-4b80-818f-e0fee6f28caf (type: security_groups) to 1
2026-07-02 11:16:41.412 10 INFO neutron.wsgi [req-016c9daa-842a-4f65-bc5c-d25a1969f46b req-6a62bdfc-7ef0-42f0-8e44-78a13266b44a a8bf2d62c31e45418f76d39fc9b68ef9 d98d35a1dab14b5e8d941d9a1ea8026d - - default default] 10.0.0.229 "GET /v2.0/security-groups?id=8722a03a-361a-407f-85de-9666b5d72ed3&fields=id&fields=name HTTP/1.1" status: 200 len: 312 time: 0.0661657
2026-07-02 11:16:41.416 10 INFO neutron.db.ovn_revision_numbers_db [None req-cfe45f19-d9d0-4d26-ab6b-71af79eaa103 77240ad744294c35b7ae80100fc78dbe 0a98d02fb3d8404a862651be04768bd5 - - default default] Successfully bumped revision number for resource 2829f30b-4da1-4621-8d7c-c13fb568c9ae (type: security_group_rules) to 0
2026-07-02 11:16:41.445 10 INFO neutron.db.ovn_revision_numbers_db [None req-cfe45f19-d9d0-4d26-ab6b-71af79eaa103 77240ad744294c35b7ae80100fc78dbe 0a98d02fb3d8404a862651be04768bd5 - - default default] Successfully bumped revision number for resource 588f494d-5d78-4297-ba73-a95379911c2b (type: security_group_rules) to 0
2026-07-02 11:16:41.463 10 INFO neutron.db.ovn_revision_numbers_db [None req-cfe45f19-d9d0-4d26-ab6b-71af79eaa103 77240ad744294c35b7ae80100fc78dbe 0a98d02fb3d8404a862651be04768bd5 - - default default] Successfully bumped revision number for resource a04306b7-1fce-4fb2-bddc-63d15aab0e83 (type: security_group_rules) to 0
2026-07-02 11:16:41.510 10 INFO neutron.db.ovn_revision_numbers_db [None req-cfe45f19-d9d0-4d26-ab6b-71af79eaa103 77240ad744294c35b7ae80100fc78dbe 0a98d02fb3d8404a862651be04768bd5 - - default default] Successfully bumped revision number for resource f2f53e6a-20e3-4c0e-ba0b-3f909ce2d967 (type: security_group_rules) to 0
2026-07-02 11:16:41.554 10 INFO neutron.wsgi [req-f77ed012-5e78-4ed6-b711-81eb2437d505 req-b1fc26f8-e6ae-4c22-9d5f-f2a39e81688f a9b376ec75bd41bba5ed331aaff2901f 3f2f94f3d6d441529152bc6c735d9993 - - default default] 10.0.0.229 "GET /v2.0/ports?device_id=a088abed-294a-4f27-9b48-1c76d00fc771 HTTP/1.1" status: 200 len: 1172 time: 0.0713341
2026-07-02 11:16:41.566 10 INFO neutron.wsgi [None req-cfe45f19-d9d0-4d26-ab6b-71af79eaa103 77240ad744294c35b7ae80100fc78dbe 0a98d02fb3d8404a862651be04768bd5 - - default default] 10.0.0.248 "GET /v2.0/security-groups?tenant_id=c548df97aa1b41e8b05961025f8bb25d&name=default HTTP/1.1" status: 200 len: 2996 time: 0.8002305
2026-07-02 11:16:41.567 10 INFO neutron.db.ovn_revision_numbers_db [req-81f45baf-78d2-44d6-b2e8-92afbf4b116b req-023ca0b8-8071-4c7b-9bfd-0327f80024a3 c009b804a6574fc1a3e7663aadd95622 a1e5a7691a304189972788d916dfc909 - - 7e6cee0005ce4cdbbd56e806f4693548 7e6cee0005ce4cdbbd56e806f4693548] Successfully bumped revision number for resource 3af0bd06-6cb2-49a7-95ba-7b2aa9b4fd71 (type: ports) to 2
2026-07-02 11:16:41.588 10 INFO neutron.wsgi [req-128f2881-29cb-4e4d-a565-a05a8f18f7eb req-2d3a2ee9-46be-4deb-b648-1174b35e021e a8bf2d62c31e45418f76d39fc9b68ef9 d98d35a1dab14b5e8d941d9a1ea8026d - - default default] 10.0.0.229 "GET /v2.0/ports?device_id=5b6165cf-ea24-45d4-9adc-1a5e35c5ebff HTTP/1.1" status: 200 len: 1174 time: 0.0965755
2026-07-02 11:16:41.598 9 INFO neutron.db.ovn_revision_numbers_db [None req-b582701f-b510-457f-adbc-1e1007217209 - - - - - -] Successfully bumped revision number for resource 119c5944-8b61-4ac7-bfa6-6230bf2920d7 (type: ports) to 2
2026-07-02 11:16:41.600 9 INFO neutron.db.ovn_revision_numbers_db [None req-a6e483b5-3606-4649-afbc-33f49725d954 77240ad744294c35b7ae80100fc78dbe 0a98d02fb3d8404a862651be04768bd5 - - default default] Successfully bumped revision number for resource b6ec82fd-ab65-43f8-af44-cdd414c19fbe (type: ports) to 1
2026-07-02 11:16:41.666 10 INFO neutron.wsgi [req-f77ed012-5e78-4ed6-b711-81eb2437d505 req-6b8e16a5-df8f-4ad4-b25f-19003dc5d9bf a9b376ec75bd41bba5ed331aaff2901f 3f2f94f3d6d441529152bc6c735d9993 - - default default] 10.0.0.229 "GET /v2.0/security-groups?id=bd26f480-7e7e-4991-b6ef-89943330dd67&fields=id&fields=name HTTP/1.1" status: 200 len: 286 time: 0.0974245
2026-07-02 11:16:41.675 10 INFO neutron.wsgi [req-128f2881-29cb-4e4d-a565-a05a8f18f7eb req-af594722-2d24-48bd-908b-467e96a9565a a8bf2d62c31e45418f76d39fc9b68ef9 d98d35a1dab14b5e8d941d9a1ea8026d - - default default] 10.0.0.229 "GET /v2.0/security-groups?id=8722a03a-361a-407f-85de-9666b5d72ed3&fields=id&fields=name HTTP/1.1" status: 200 len: 312 time: 0.0781622
2026-07-02 11:16:41.774 9 INFO neutron.wsgi [None req-d0c0870c-2a56-4603-8305-997f5adab5a0 2d30ffac9f76423abe6ffbdbb9294086 93f145e8663c4205b78f3c402f5c3cca - - default default] 10.0.0.248 "GET /v2.0/ports?device_id=5b6165cf-ea24-45d4-9adc-1a5e35c5ebff HTTP/1.1" status: 200 len: 1408 time: 0.0703468
2026-07-02 11:16:41.842 9 INFO neutron.db.ovn_revision_numbers_db [None req-b582701f-b510-457f-adbc-1e1007217209 - - - - - -] Successfully bumped revision number for resource 119c5944-8b61-4ac7-bfa6-6230bf2920d7 (type: router_ports) to 2
2026-07-02 11:16:41.943 10 INFO neutron.db.ovn_revision_numbers_db [req-81f45baf-78d2-44d6-b2e8-92afbf4b116b req-023ca0b8-8071-4c7b-9bfd-0327f80024a3 c009b804a6574fc1a3e7663aadd95622 a1e5a7691a304189972788d916dfc909 - - 7e6cee0005ce4cdbbd56e806f4693548 7e6cee0005ce4cdbbd56e806f4693548] Successfully bumped revision number for resource 3af0bd06-6cb2-49a7-95ba-7b2aa9b4fd71 (type: ports) to 2
2026-07-02 11:16:41.971 10 INFO neutron.wsgi [req-81f45baf-78d2-44d6-b2e8-92afbf4b116b req-023ca0b8-8071-4c7b-9bfd-0327f80024a3 c009b804a6574fc1a3e7663aadd95622 a1e5a7691a304189972788d916dfc909 - - 7e6cee0005ce4cdbbd56e806f4693548 7e6cee0005ce4cdbbd56e806f4693548] 199.19.213.63 "PUT /v2.0/ports/3af0bd06-6cb2-49a7-95ba-7b2aa9b4fd71 HTTP/1.1" status: 200 len: 1380 time: 1.2224519
2026-07-02 11:16:42.006 10 INFO neutron.wsgi [None req-eefb640a-48c8-402d-957a-a3e113841ffc 77240ad744294c35b7ae80100fc78dbe 0a98d02fb3d8404a862651be04768bd5 - - default default] 10.0.0.248 "DELETE /v2.0/security-groups/51d14648-4820-4b80-818f-e0fee6f28caf HTTP/1.1" status: 204 len: 168 time: 0.4298902
2026-07-02 11:16:42.017 10 INFO neutron.notifiers.nova [-] Nova event matching ['req-2bf27e96-51fd-432d-83e1-ff812c7fb1e4'] response: {'name': 'network-changed', 'server_uuid': 'a088abed-294a-4f27-9b48-1c76d00fc771', 'tag': '3af0bd06-6cb2-49a7-95ba-7b2aa9b4fd71', 'status': 'completed', 'code': 200} /var/lib/openstack/lib/python3.10/site-packages/pycadf/identifier.py:71: UserWarning: Invalid uuid: neutron. To ensure interoperability, identifiers should be a valid uuid. warnings.warn(('Invalid uuid: %s. To ensure interoperability, '
2026-07-02 11:16:42.069 10 INFO neutron.wsgi [req-81f45baf-78d2-44d6-b2e8-92afbf4b116b req-1e0bdc93-212c-4c04-a391-8c4d9ce81a5c c009b804a6574fc1a3e7663aadd95622 a1e5a7691a304189972788d916dfc909 - - 7e6cee0005ce4cdbbd56e806f4693548 7e6cee0005ce4cdbbd56e806f4693548] 199.19.213.63 "GET /v2.0/ports?tenant_id=3f2f94f3d6d441529152bc6c735d9993&device_id=a088abed-294a-4f27-9b48-1c76d00fc771 HTTP/1.1" status: 200 len: 1411 time: 0.0473125
2026-07-02 11:16:42.104 10 INFO neutron.wsgi [req-81f45baf-78d2-44d6-b2e8-92afbf4b116b req-dfe242f5-7f35-45a5-9f34-1ee157201baf c009b804a6574fc1a3e7663aadd95622 a1e5a7691a304189972788d916dfc909 - - 7e6cee0005ce4cdbbd56e806f4693548 7e6cee0005ce4cdbbd56e806f4693548] 199.19.213.63 "GET /v2.0/floatingips?fixed_ip_address=10.100.0.10&port_id=3af0bd06-6cb2-49a7-95ba-7b2aa9b4fd71 HTTP/1.1" status: 200 len: 217 time: 0.0258389
2026-07-02 11:16:42.183 10 INFO neutron.wsgi [req-81f45baf-78d2-44d6-b2e8-92afbf4b116b req-29bb9118-d13c-47e1-866e-242762b6cc52 c009b804a6574fc1a3e7663aadd95622 a1e5a7691a304189972788d916dfc909 - - 7e6cee0005ce4cdbbd56e806f4693548 7e6cee0005ce4cdbbd56e806f4693548] 199.19.213.63 "GET /v2.0/subnets?id=e6298f79-e6a7-484c-8a9c-58b2b89cb27b HTTP/1.1" status: 200 len: 870 time: 0.0669467
2026-07-02 11:16:42.192 10 WARNING neutron.scheduler.dhcp_agent_scheduler [None req-469d89c9-5d91-405b-b098-3b7cc00ad7c7 a8bf2d62c31e45418f76d39fc9b68ef9 d98d35a1dab14b5e8d941d9a1ea8026d - - default default] No more DHCP agents
2026-07-02 11:16:42.200 10 WARNING neutron.api.rpc.agentnotifiers.dhcp_rpc_agent_api [None req-469d89c9-5d91-405b-b098-3b7cc00ad7c7 a8bf2d62c31e45418f76d39fc9b68ef9 d98d35a1dab14b5e8d941d9a1ea8026d - - default default] Unable to schedule network 8ee51cf5-5613-4fd9-a1a5-7a52d1319abd: no agents available; will retry on subsequent port and subnet creation events.
2026-07-02 11:16:42.225 10 INFO neutron.wsgi [req-81f45baf-78d2-44d6-b2e8-92afbf4b116b req-0951f73b-5bc8-4d1f-bdad-ac85353a0ed0 c009b804a6574fc1a3e7663aadd95622 a1e5a7691a304189972788d916dfc909 - - 7e6cee0005ce4cdbbd56e806f4693548 7e6cee0005ce4cdbbd56e806f4693548] 199.19.213.63 "GET /v2.0/ports?network_id=5ff3db4f-2d6b-4678-8ba0-46c1bb3b89a4&device_owner=network%3Adhcp HTTP/1.1" status: 200 len: 210 time: 0.0349727
2026-07-02 11:16:42.309 10 INFO neutron.wsgi [req-81f45baf-78d2-44d6-b2e8-92afbf4b116b req-895d4648-b36a-474d-8cae-7c3ff5094c7b c009b804a6574fc1a3e7663aadd95622 a1e5a7691a304189972788d916dfc909 - - 7e6cee0005ce4cdbbd56e806f4693548 7e6cee0005ce4cdbbd56e806f4693548] 199.19.213.63 "GET /v2.0/networks/5ff3db4f-2d6b-4678-8ba0-46c1bb3b89a4?fields=segments HTTP/1.1" status: 200 len: 212 time: 0.0684311
2026-07-02 11:16:42.331 9 INFO neutron.plugins.ml2.drivers.ovn.mech_driver.ovsdb.ovsdb_monitor [None req-073a6816-7725-4a8f-907a-b624325a0100 - - - - - -] Router a7b5c1c7-d6a2-4048-8fc8-52d3b6748afa is bound to host instance
2026-07-02 11:16:42.360 9 INFO neutron.db.ovn_revision_numbers_db [None req-a6e483b5-3606-4649-afbc-33f49725d954 77240ad744294c35b7ae80100fc78dbe 0a98d02fb3d8404a862651be04768bd5 - - default default] Successfully bumped revision number for resource b6ec82fd-ab65-43f8-af44-cdd414c19fbe (type: router_ports) to 1
2026-07-02 11:16:42.415 10 INFO neutron.wsgi [req-81f45baf-78d2-44d6-b2e8-92afbf4b116b req-b1449a04-cad0-42a0-a45b-329a7b5f52ae c009b804a6574fc1a3e7663aadd95622 a1e5a7691a304189972788d916dfc909 - - 7e6cee0005ce4cdbbd56e806f4693548 7e6cee0005ce4cdbbd56e806f4693548] 199.19.213.63 "GET /v2.0/networks/5ff3db4f-2d6b-4678-8ba0-46c1bb3b89a4?fields=provider%3Aphysical_network&fields=provider%3Anetwork_type HTTP/1.1" status: 200 len: 277 time: 0.0890248
2026-07-02 11:16:42.497 10 INFO neutron.wsgi [req-4ac4ec1a-12cf-4c70-87e3-cefc3c72c20c req-8cb55e15-fdd3-4675-9e58-df7922b44338 c009b804a6574fc1a3e7663aadd95622 a1e5a7691a304189972788d916dfc909 - - 7e6cee0005ce4cdbbd56e806f4693548 7e6cee0005ce4cdbbd56e806f4693548] 199.19.213.63 "GET /v2.0/ports?tenant_id=3f2f94f3d6d441529152bc6c735d9993&device_id=a088abed-294a-4f27-9b48-1c76d00fc771 HTTP/1.1" status: 200 len: 1411 time: 0.0440283
2026-07-02 11:16:42.637 10 INFO neutron.wsgi [req-4ac4ec1a-12cf-4c70-87e3-cefc3c72c20c req-86db16ae-9197-45f8-9b54-4d7c5bd7ff99 c009b804a6574fc1a3e7663aadd95622 a1e5a7691a304189972788d916dfc909 - - 7e6cee0005ce4cdbbd56e806f4693548 7e6cee0005ce4cdbbd56e806f4693548] 199.19.213.63 "GET /v2.0/networks?id=5ff3db4f-2d6b-4678-8ba0-46c1bb3b89a4 HTTP/1.1" status: 200 len: 975 time: 0.1291201
2026-07-02 11:16:42.693 10 INFO neutron.wsgi [req-4ac4ec1a-12cf-4c70-87e3-cefc3c72c20c req-7a8bb0e3-9b41-459a-b020-b2d87bf266a4 c009b804a6574fc1a3e7663aadd95622 a1e5a7691a304189972788d916dfc909 - - 7e6cee0005ce4cdbbd56e806f4693548 7e6cee0005ce4cdbbd56e806f4693548] 199.19.213.63 "GET /v2.0/floatingips?fixed_ip_address=10.100.0.10&port_id=3af0bd06-6cb2-49a7-95ba-7b2aa9b4fd71 HTTP/1.1" status: 200 len: 217 time: 0.0500698
2026-07-02 11:16:42.725 9 INFO neutron.db.ovn_revision_numbers_db [None req-a6e483b5-3606-4649-afbc-33f49725d954 77240ad744294c35b7ae80100fc78dbe 0a98d02fb3d8404a862651be04768bd5 - - default default] Successfully bumped revision number for resource a7b5c1c7-d6a2-4048-8fc8-52d3b6748afa (type: routers) to 2
2026-07-02 11:16:42.747 10 INFO neutron.wsgi [req-4ac4ec1a-12cf-4c70-87e3-cefc3c72c20c req-c3a45a45-97d7-4c6f-b62f-80638bb76947 c009b804a6574fc1a3e7663aadd95622 a1e5a7691a304189972788d916dfc909 - - 7e6cee0005ce4cdbbd56e806f4693548 7e6cee0005ce4cdbbd56e806f4693548] 199.19.213.63 "GET /v2.0/subnets?id=e6298f79-e6a7-484c-8a9c-58b2b89cb27b HTTP/1.1" status: 200 len: 870 time: 0.0475402
2026-07-02 11:16:42.750 9 INFO neutron.wsgi [None req-a6e483b5-3606-4649-afbc-33f49725d954 77240ad744294c35b7ae80100fc78dbe 0a98d02fb3d8404a862651be04768bd5 - - default default] 10.0.0.248 "POST /v2.0/routers HTTP/1.1" status: 201 len: 873 time: 1.9166324
2026-07-02 11:16:42.814 10 INFO neutron.wsgi [req-4ac4ec1a-12cf-4c70-87e3-cefc3c72c20c req-793f617c-392b-4224-b7c3-fd6517226fd0 c009b804a6574fc1a3e7663aadd95622 a1e5a7691a304189972788d916dfc909 - - 7e6cee0005ce4cdbbd56e806f4693548 7e6cee0005ce4cdbbd56e806f4693548] 199.19.213.63 "GET /v2.0/ports?network_id=5ff3db4f-2d6b-4678-8ba0-46c1bb3b89a4&device_owner=network%3Adhcp HTTP/1.1" status: 200 len: 210 time: 0.0590837
2026-07-02 11:16:42.832 10 INFO neutron.wsgi [req-44a7ec94-3718-4617-b3c4-6fc2ef760694 req-c1962d4c-202f-4b2a-b65f-e24ec1836043 a9b376ec75bd41bba5ed331aaff2901f 3f2f94f3d6d441529152bc6c735d9993 - - default default] 10.0.0.229 "GET /v2.0/ports?device_id=a088abed-294a-4f27-9b48-1c76d00fc771 HTTP/1.1" status: 200 len: 1172 time: 0.1015053
2026-07-02 11:16:42.929 10 INFO neutron.db.l3_db [None req-469d89c9-5d91-405b-b098-3b7cc00ad7c7 a8bf2d62c31e45418f76d39fc9b68ef9 d98d35a1dab14b5e8d941d9a1ea8026d - - default default] Floating IP d805db32-cc22-4eef-80e2-7448b17d1566 associated. External IP: 10.96.250.209, port: 059ec34a-cb74-49e1-b3ce-753ea1d75981.
2026-07-02 11:16:42.935 10 INFO neutron.wsgi [req-44a7ec94-3718-4617-b3c4-6fc2ef760694 req-5667ea95-8a3f-47e1-9c7c-2b535fc984d9 a9b376ec75bd41bba5ed331aaff2901f 3f2f94f3d6d441529152bc6c735d9993 - - default default] 10.0.0.229 "GET /v2.0/security-groups?id=bd26f480-7e7e-4991-b6ef-89943330dd67&fields=id&fields=name HTTP/1.1" status: 200 len: 286 time: 0.0933065
2026-07-02 11:16:42.975 10 INFO neutron.wsgi [req-4ac4ec1a-12cf-4c70-87e3-cefc3c72c20c req-8cfebb14-343f-49f5-ae66-936abb468de7 c009b804a6574fc1a3e7663aadd95622 a1e5a7691a304189972788d916dfc909 - - 7e6cee0005ce4cdbbd56e806f4693548 7e6cee0005ce4cdbbd56e806f4693548] 199.19.213.63 "GET /v2.0/networks/5ff3db4f-2d6b-4678-8ba0-46c1bb3b89a4?fields=segments HTTP/1.1" status: 200 len: 212 time: 0.1479208
2026-07-02 11:16:43.094 10 INFO neutron.wsgi [req-4ac4ec1a-12cf-4c70-87e3-cefc3c72c20c req-9b8a2c0a-b0da-4f35-8a3b-d76e01476902 c009b804a6574fc1a3e7663aadd95622 a1e5a7691a304189972788d916dfc909 - - 7e6cee0005ce4cdbbd56e806f4693548 7e6cee0005ce4cdbbd56e806f4693548] 199.19.213.63 "GET /v2.0/networks/5ff3db4f-2d6b-4678-8ba0-46c1bb3b89a4?fields=provider%3Aphysical_network&fields=provider%3Anetwork_type HTTP/1.1" status: 200 len: 277 time: 0.1092875
2026-07-02 11:16:43.215 9 INFO neutron.db.ovn_revision_numbers_db [None req-073a6816-7725-4a8f-907a-b624325a0100 - - - - - -] Successfully bumped revision number for resource b6ec82fd-ab65-43f8-af44-cdd414c19fbe (type: ports) to 1
2026-07-02 11:16:43.254 10 INFO neutron.db.ovn_revision_numbers_db [None req-469d89c9-5d91-405b-b098-3b7cc00ad7c7 a8bf2d62c31e45418f76d39fc9b68ef9 d98d35a1dab14b5e8d941d9a1ea8026d - - default default] Successfully bumped revision number for resource d805db32-cc22-4eef-80e2-7448b17d1566 (type: floatingips) to 0
2026-07-02 11:16:43.397 10 INFO neutron.db.ovn_revision_numbers_db [None req-469d89c9-5d91-405b-b098-3b7cc00ad7c7 a8bf2d62c31e45418f76d39fc9b68ef9 d98d35a1dab14b5e8d941d9a1ea8026d - - default default] Successfully bumped revision number for resource d805db32-cc22-4eef-80e2-7448b17d1566 (type: floatingips) to 1
2026-07-02 11:16:43.441 10 INFO neutron.wsgi [None req-469d89c9-5d91-405b-b098-3b7cc00ad7c7 a8bf2d62c31e45418f76d39fc9b68ef9 d98d35a1dab14b5e8d941d9a1ea8026d - - default default] 10.0.0.248 "POST /v2.0/floatingips HTTP/1.1" status: 201 len: 1055 time: 1.6624286 /var/lib/openstack/lib/python3.10/site-packages/pycadf/identifier.py:71: UserWarning: Invalid uuid: neutron. To ensure interoperability, identifiers should be a valid uuid. warnings.warn(('Invalid uuid: %s. To ensure interoperability, '
2026-07-02 11:16:43.479 9 INFO neutron.db.ovn_revision_numbers_db [None req-073a6816-7725-4a8f-907a-b624325a0100 - - - - - -] Successfully bumped revision number for resource b6ec82fd-ab65-43f8-af44-cdd414c19fbe (type: router_ports) to 3
2026-07-02 11:16:43.488 10 INFO neutron.wsgi [None req-3d76e645-35f5-4a5f-97a4-0b3e8de64431 a8bf2d62c31e45418f76d39fc9b68ef9 d98d35a1dab14b5e8d941d9a1ea8026d - - default default] 10.0.0.248 "GET /v2.0/floatingips/d805db32-cc22-4eef-80e2-7448b17d1566 HTTP/1.1" status: 200 len: 1052 time: 0.0415583
2026-07-02 11:16:43.511 10 WARNING neutron.scheduler.dhcp_agent_scheduler [None req-c3f1bc24-205e-4d5d-aba7-bbc2eb0fab4a 77240ad744294c35b7ae80100fc78dbe 0a98d02fb3d8404a862651be04768bd5 - - default default] No more DHCP agents
2026-07-02 11:16:43.513 10 WARNING neutron.api.rpc.agentnotifiers.dhcp_rpc_agent_api [None req-c3f1bc24-205e-4d5d-aba7-bbc2eb0fab4a 77240ad744294c35b7ae80100fc78dbe 0a98d02fb3d8404a862651be04768bd5 - - default default] Unable to schedule network 3314c91c-37bc-4ae3-a4e8-00c6716b679c: no agents available; will retry on subsequent port and subnet creation events.
2026-07-02 11:16:43.634 10 INFO neutron.wsgi [-] 10.0.0.201 "GET / HTTP/1.1" status: 200 len: 247 time: 0.0013840
2026-07-02 11:16:43.637 10 INFO neutron.wsgi [-] 10.0.0.201 "GET / HTTP/1.1" status: 200 len: 247 time: 0.0013530
2026-07-02 11:16:43.671 9 INFO neutron.db.ovn_revision_numbers_db [None req-073a6816-7725-4a8f-907a-b624325a0100 - - - - - -] Successfully bumped revision number for resource b6ec82fd-ab65-43f8-af44-cdd414c19fbe (type: ports) to 2
2026-07-02 11:16:43.679 10 INFO neutron.db.ovn_revision_numbers_db [None req-c3f1bc24-205e-4d5d-aba7-bbc2eb0fab4a 77240ad744294c35b7ae80100fc78dbe 0a98d02fb3d8404a862651be04768bd5 - - default default] Successfully bumped revision number for resource bc87f597-2362-4a0c-bf60-f7e1bd0ab7b5 (type: ports) to 1
2026-07-02 11:16:43.962 9 INFO neutron.db.ovn_revision_numbers_db [None req-073a6816-7725-4a8f-907a-b624325a0100 - - - - - -] Successfully bumped revision number for resource b6ec82fd-ab65-43f8-af44-cdd414c19fbe (type: ports) to 4
2026-07-02 11:16:44.077 10 INFO neutron.notifiers.nova [-] Nova event matching ['req-3cc6a998-ac44-4bdc-870e-8df42d157f45'] response: {'name': 'network-changed', 'server_uuid': '5b6165cf-ea24-45d4-9adc-1a5e35c5ebff', 'tag': '059ec34a-cb74-49e1-b3ce-753ea1d75981', 'status': 'completed', 'code': 200}
2026-07-02 11:16:44.220 10 INFO neutron.wsgi [req-1038202e-65d2-423e-a367-991f39849390 req-e64c1c5e-7f52-4314-af8a-d73a512aad03 c009b804a6574fc1a3e7663aadd95622 a1e5a7691a304189972788d916dfc909 - - 7e6cee0005ce4cdbbd56e806f4693548 7e6cee0005ce4cdbbd56e806f4693548] 199.19.213.63 "GET /v2.0/ports?tenant_id=d98d35a1dab14b5e8d941d9a1ea8026d&device_id=5b6165cf-ea24-45d4-9adc-1a5e35c5ebff HTTP/1.1" status: 200 len: 1413 time: 0.0951550
2026-07-02 11:16:44.248 10 INFO neutron.wsgi [req-e301a1fc-bf86-4e6b-aabd-ae03464d00d6 req-19936890-1ad6-482d-bf28-9392ce5e1659 a9b376ec75bd41bba5ed331aaff2901f 3f2f94f3d6d441529152bc6c735d9993 - - default default] 10.0.0.229 "GET /v2.0/ports?device_id=a088abed-294a-4f27-9b48-1c76d00fc771 HTTP/1.1" status: 200 len: 1172 time: 0.2403529
2026-07-02 11:16:44.282 9 INFO neutron.db.ovn_revision_numbers_db [None req-073a6816-7725-4a8f-907a-b624325a0100 - - - - - -] Successfully bumped revision number for resource b6ec82fd-ab65-43f8-af44-cdd414c19fbe (type: router_ports) to 4
2026-07-02 11:16:44.571 10 INFO neutron.wsgi [req-e301a1fc-bf86-4e6b-aabd-ae03464d00d6 req-e602e2e2-6d8d-450b-9c8e-5894b2cd5fd0 a9b376ec75bd41bba5ed331aaff2901f 3f2f94f3d6d441529152bc6c735d9993 - - default default] 10.0.0.229 "GET /v2.0/security-groups?id=bd26f480-7e7e-4991-b6ef-89943330dd67&fields=id&fields=name HTTP/1.1" status: 200 len: 286 time: 0.3075843
2026-07-02 11:16:44.578 10 INFO neutron.wsgi [req-1038202e-65d2-423e-a367-991f39849390 req-375556dc-50f1-4d57-b1e9-8c23a76c4f43 c009b804a6574fc1a3e7663aadd95622 a1e5a7691a304189972788d916dfc909 - - 7e6cee0005ce4cdbbd56e806f4693548 7e6cee0005ce4cdbbd56e806f4693548] 199.19.213.63 "GET /v2.0/networks?id=bf82e6fc-80cb-48bc-b72e-af56e197ada8 HTTP/1.1" status: 200 len: 957 time: 0.3514600
2026-07-02 11:16:44.632 10 INFO neutron.db.ovn_revision_numbers_db [None req-c3f1bc24-205e-4d5d-aba7-bbc2eb0fab4a 77240ad744294c35b7ae80100fc78dbe 0a98d02fb3d8404a862651be04768bd5 - - default default] Successfully bumped revision number for resource bc87f597-2362-4a0c-bf60-f7e1bd0ab7b5 (type: router_ports) to 1
2026-07-02 11:16:44.645 10 INFO neutron.wsgi [req-1038202e-65d2-423e-a367-991f39849390 req-d2e2f8ad-6895-4034-9a5e-b43337ba7475 c009b804a6574fc1a3e7663aadd95622 a1e5a7691a304189972788d916dfc909 - - 7e6cee0005ce4cdbbd56e806f4693548 7e6cee0005ce4cdbbd56e806f4693548] 199.19.213.63 "GET /v2.0/floatingips?fixed_ip_address=10.100.0.13&port_id=059ec34a-cb74-49e1-b3ce-753ea1d75981 HTTP/1.1" status: 200 len: 1060 time: 0.0550287
2026-07-02 11:16:44.699 10 INFO neutron.wsgi [req-1038202e-65d2-423e-a367-991f39849390 req-df07d3ce-b647-4a9a-81e5-f92b77bd1e18 c009b804a6574fc1a3e7663aadd95622 a1e5a7691a304189972788d916dfc909 - - 7e6cee0005ce4cdbbd56e806f4693548 7e6cee0005ce4cdbbd56e806f4693548] 199.19.213.63 "GET /v2.0/subnets?id=3a19901b-2713-4f7d-a55b-04d4dbf5771d HTTP/1.1" status: 200 len: 852 time: 0.0462205
2026-07-02 11:16:44.734 10 INFO neutron.wsgi [req-1038202e-65d2-423e-a367-991f39849390 req-29e74f28-440d-4a0b-b40d-807007b0ae82 c009b804a6574fc1a3e7663aadd95622 a1e5a7691a304189972788d916dfc909 - - 7e6cee0005ce4cdbbd56e806f4693548 7e6cee0005ce4cdbbd56e806f4693548] 199.19.213.63 "GET /v2.0/ports?network_id=bf82e6fc-80cb-48bc-b72e-af56e197ada8&device_owner=network%3Adhcp HTTP/1.1" status: 200 len: 210 time: 0.0266912
2026-07-02 11:16:44.833 10 INFO neutron.wsgi [req-1038202e-65d2-423e-a367-991f39849390 req-14800057-de57-4508-a810-6663c08fbc0a c009b804a6574fc1a3e7663aadd95622 a1e5a7691a304189972788d916dfc909 - - 7e6cee0005ce4cdbbd56e806f4693548 7e6cee0005ce4cdbbd56e806f4693548] 199.19.213.63 "GET /v2.0/networks/bf82e6fc-80cb-48bc-b72e-af56e197ada8?fields=segments HTTP/1.1" status: 200 len: 212 time: 0.0905337
2026-07-02 11:16:44.891 10 INFO neutron.db.ovn_revision_numbers_db [None req-c3f1bc24-205e-4d5d-aba7-bbc2eb0fab4a 77240ad744294c35b7ae80100fc78dbe 0a98d02fb3d8404a862651be04768bd5 - - default default] Successfully bumped revision number for resource bc87f597-2362-4a0c-bf60-f7e1bd0ab7b5 (type: ports) to 1
2026-07-02 11:16:44.915 10 INFO neutron.wsgi [req-1038202e-65d2-423e-a367-991f39849390 req-266021d4-d377-4a44-afda-69427df1434f c009b804a6574fc1a3e7663aadd95622 a1e5a7691a304189972788d916dfc909 - - 7e6cee0005ce4cdbbd56e806f4693548 7e6cee0005ce4cdbbd56e806f4693548] 199.19.213.63 "GET /v2.0/networks/bf82e6fc-80cb-48bc-b72e-af56e197ada8?fields=provider%3Aphysical_network&fields=provider%3Anetwork_type HTTP/1.1" status: 200 len: 277 time: 0.0736275
2026-07-02 11:16:44.967 10 WARNING neutron.scheduler.dhcp_agent_scheduler [None req-c3f1bc24-205e-4d5d-aba7-bbc2eb0fab4a 77240ad744294c35b7ae80100fc78dbe 0a98d02fb3d8404a862651be04768bd5 - - default default] No more DHCP agents
2026-07-02 11:16:44.969 10 WARNING neutron.api.rpc.agentnotifiers.dhcp_rpc_agent_api [None req-c3f1bc24-205e-4d5d-aba7-bbc2eb0fab4a 77240ad744294c35b7ae80100fc78dbe 0a98d02fb3d8404a862651be04768bd5 - - default default] Unable to schedule network 3314c91c-37bc-4ae3-a4e8-00c6716b679c: no agents available; will retry on subsequent port and subnet creation events.
2026-07-02 11:16:45.716 10 INFO neutron.wsgi [req-b4c9c81d-2ba0-4bbc-a8f8-c278d57af275 req-d8b17aa1-aad2-42c7-8a93-ac9cb28fcc8a a9b376ec75bd41bba5ed331aaff2901f 3f2f94f3d6d441529152bc6c735d9993 - - default default] 10.0.0.229 "GET /v2.0/ports?device_id=a088abed-294a-4f27-9b48-1c76d00fc771 HTTP/1.1" status: 200 len: 1172 time: 0.0596890
2026-07-02 11:16:45.787 10 INFO neutron.wsgi [req-b4c9c81d-2ba0-4bbc-a8f8-c278d57af275 req-52205907-de1a-4a42-8fb2-cf39eeca625d a9b376ec75bd41bba5ed331aaff2901f 3f2f94f3d6d441529152bc6c735d9993 - - default default] 10.0.0.229 "GET /v2.0/security-groups?id=bd26f480-7e7e-4991-b6ef-89943330dd67&fields=id&fields=name HTTP/1.1" status: 200 len: 286 time: 0.0613427
2026-07-02 11:16:45.884 10 INFO neutron.db.ovn_revision_numbers_db [None req-c3f1bc24-205e-4d5d-aba7-bbc2eb0fab4a 77240ad744294c35b7ae80100fc78dbe 0a98d02fb3d8404a862651be04768bd5 - - default default] Successfully bumped revision number for resource bc87f597-2362-4a0c-bf60-f7e1bd0ab7b5 (type: router_ports) to 1
2026-07-02 11:16:45.887 10 INFO neutron.wsgi [None req-c3f1bc24-205e-4d5d-aba7-bbc2eb0fab4a 77240ad744294c35b7ae80100fc78dbe 0a98d02fb3d8404a862651be04768bd5 - - default default] 10.0.0.248 "PUT /v2.0/routers/a7b5c1c7-d6a2-4048-8fc8-52d3b6748afa/add_router_interface HTTP/1.1" status: 200 len: 503 time: 3.1290939
2026-07-02 11:16:46.662 10 INFO neutron.db.ovn_revision_numbers_db [None req-d2ed2250-f61f-49c3-964c-e17ae4db40b0 770afbe9f5f144488e77890c156835c0 c2deb068a9e84284b2c37f2cd9e980fc - - default default] Successfully bumped revision number for resource ab73ffbc-203f-4b9c-8b39-a7f8d1c9ba11 (type: security_groups) to 1
2026-07-02 11:16:46.694 10 INFO neutron.db.ovn_revision_numbers_db [None req-d2ed2250-f61f-49c3-964c-e17ae4db40b0 770afbe9f5f144488e77890c156835c0 c2deb068a9e84284b2c37f2cd9e980fc - - default default] Successfully bumped revision number for resource 33af6dee-80ef-413d-9208-e2124ea1b887 (type: security_group_rules) to 0
2026-07-02 11:16:46.706 10 INFO neutron.db.ovn_revision_numbers_db [None req-09c544ea-ebc6-4432-9005-c405c55539f3 feda5f226fe945d18444e62ae0085ec8 5f2a364117124c3aaa01a8e2ac111348 - - default default] Successfully bumped revision number for resource 2aa8c110-857d-4c73-bb58-1516dddd3e1d (type: security_groups) to 1
2026-07-02 11:16:46.708 10 INFO neutron.db.ovn_revision_numbers_db [None req-d2ed2250-f61f-49c3-964c-e17ae4db40b0 770afbe9f5f144488e77890c156835c0 c2deb068a9e84284b2c37f2cd9e980fc - - default default] Successfully bumped revision number for resource 63b97a6b-d822-4030-85ea-3191a9b4cbc7 (type: security_group_rules) to 0
2026-07-02 11:16:46.726 10 INFO neutron.db.ovn_revision_numbers_db [None req-09c544ea-ebc6-4432-9005-c405c55539f3 feda5f226fe945d18444e62ae0085ec8 5f2a364117124c3aaa01a8e2ac111348 - - default default] Successfully bumped revision number for resource 61782840-9844-4a8a-8d84-5e9c8b3eb149 (type: security_group_rules) to 0
2026-07-02 11:16:46.729 10 INFO neutron.db.ovn_revision_numbers_db [None req-d2ed2250-f61f-49c3-964c-e17ae4db40b0 770afbe9f5f144488e77890c156835c0 c2deb068a9e84284b2c37f2cd9e980fc - - default default] Successfully bumped revision number for resource e8c41b65-0e90-429e-bba0-6c44cebe7adb (type: security_group_rules) to 0
2026-07-02 11:16:46.747 10 INFO neutron.db.ovn_revision_numbers_db [None req-09c544ea-ebc6-4432-9005-c405c55539f3 feda5f226fe945d18444e62ae0085ec8 5f2a364117124c3aaa01a8e2ac111348 - - default default] Successfully bumped revision number for resource 8f5dca8b-7e06-4d17-b71b-81bfc71126cd (type: security_group_rules) to 0
2026-07-02 11:16:46.752 10 INFO neutron.db.ovn_revision_numbers_db [None req-d2ed2250-f61f-49c3-964c-e17ae4db40b0 770afbe9f5f144488e77890c156835c0 c2deb068a9e84284b2c37f2cd9e980fc - - default default] Successfully bumped revision number for resource fb4b6acb-5aee-40a5-8344-7b2541fa9d3b (type: security_group_rules) to 0
2026-07-02 11:16:46.779 10 INFO neutron.wsgi [None req-09c544ea-ebc6-4432-9005-c405c55539f3 feda5f226fe945d18444e62ae0085ec8 5f2a364117124c3aaa01a8e2ac111348 - - default default] 10.0.0.248 "POST /v2.0/security-groups HTTP/1.1" status: 201 len: 1809 time: 0.2533557
2026-07-02 11:16:46.813 10 INFO neutron.db.segments_db [None req-d2ed2250-f61f-49c3-964c-e17ae4db40b0 770afbe9f5f144488e77890c156835c0 c2deb068a9e84284b2c37f2cd9e980fc - - default default] Added segment 7c546319-f9a2-4e64-b12e-eb8f27e4fb01 of type geneve for network f6fa242d-e012-46d4-b7a5-42d960978b06
2026-07-02 11:16:46.956 9 INFO neutron.db.ovn_revision_numbers_db [None req-40620fa0-5c43-4b34-87a2-d4dd7dbe80a9 feda5f226fe945d18444e62ae0085ec8 5f2a364117124c3aaa01a8e2ac111348 - - default default] Successfully bumped revision number for resource 3ccfff1e-7313-497a-8b37-ed65bf05a880 (type: security_group_rules) to 0
2026-07-02 11:16:46.966 10 INFO neutron.wsgi [req-28cc524b-7aca-4d57-951c-2292d6626f33 req-116de906-ad20-47a0-906f-484254ee357c a9b376ec75bd41bba5ed331aaff2901f 3f2f94f3d6d441529152bc6c735d9993 - - default default] 10.0.0.229 "GET /v2.0/ports?device_id=a088abed-294a-4f27-9b48-1c76d00fc771 HTTP/1.1" status: 200 len: 1172 time: 0.0642796
2026-07-02 11:16:46.983 9 INFO neutron.wsgi [None req-40620fa0-5c43-4b34-87a2-d4dd7dbe80a9 feda5f226fe945d18444e62ae0085ec8 5f2a364117124c3aaa01a8e2ac111348 - - default default] 10.0.0.248 "POST /v2.0/security-group-rules HTTP/1.1" status: 201 len: 764 time: 0.1876516
2026-07-02 11:16:47.003 10 INFO neutron.db.ovn_revision_numbers_db [None req-d2ed2250-f61f-49c3-964c-e17ae4db40b0 770afbe9f5f144488e77890c156835c0 c2deb068a9e84284b2c37f2cd9e980fc - - default default] Successfully bumped revision number for resource f6fa242d-e012-46d4-b7a5-42d960978b06 (type: networks) to 1
2026-07-02 11:16:47.033 10 INFO neutron.wsgi [req-28cc524b-7aca-4d57-951c-2292d6626f33 req-0bf9dc2e-c5c0-436d-a352-c1157b2ba667 a9b376ec75bd41bba5ed331aaff2901f 3f2f94f3d6d441529152bc6c735d9993 - - default default] 10.0.0.229 "GET /v2.0/security-groups?id=bd26f480-7e7e-4991-b6ef-89943330dd67&fields=id&fields=name HTTP/1.1" status: 200 len: 286 time: 0.0575664
2026-07-02 11:16:47.105 9 INFO neutron.db.ovn_revision_numbers_db [None req-cc8f266f-54c4-418f-8fcd-cef2c101e15e feda5f226fe945d18444e62ae0085ec8 5f2a364117124c3aaa01a8e2ac111348 - - default default] Successfully bumped revision number for resource 96d63b31-0376-40f3-9c8c-2d799a6ed56b (type: security_group_rules) to 0
2026-07-02 11:16:47.134 9 INFO neutron.wsgi [None req-cc8f266f-54c4-418f-8fcd-cef2c101e15e feda5f226fe945d18444e62ae0085ec8 5f2a364117124c3aaa01a8e2ac111348 - - default default] 10.0.0.248 "POST /v2.0/security-group-rules HTTP/1.1" status: 201 len: 763 time: 0.1464186
2026-07-02 11:16:47.219 10 WARNING neutron.scheduler.dhcp_agent_scheduler [None req-d2ed2250-f61f-49c3-964c-e17ae4db40b0 770afbe9f5f144488e77890c156835c0 c2deb068a9e84284b2c37f2cd9e980fc - - default default] No more DHCP agents
2026-07-02 11:16:47.223 10 WARNING neutron.api.rpc.agentnotifiers.dhcp_rpc_agent_api [None req-d2ed2250-f61f-49c3-964c-e17ae4db40b0 770afbe9f5f144488e77890c156835c0 c2deb068a9e84284b2c37f2cd9e980fc - - default default] Unable to schedule network f6fa242d-e012-46d4-b7a5-42d960978b06: no agents available; will retry on subsequent port and subnet creation events.
2026-07-02 11:16:47.330 10 INFO neutron.db.ovn_revision_numbers_db [None req-d2ed2250-f61f-49c3-964c-e17ae4db40b0 770afbe9f5f144488e77890c156835c0 c2deb068a9e84284b2c37f2cd9e980fc - - default default] Successfully bumped revision number for resource 37c6c675-4272-42a8-a1a8-3cebf5d2058b (type: ports) to 1
2026-07-02 11:16:47.351 10 INFO neutron.wsgi [None req-d2ed2250-f61f-49c3-964c-e17ae4db40b0 770afbe9f5f144488e77890c156835c0 c2deb068a9e84284b2c37f2cd9e980fc - - default default] 10.0.0.248 "POST /v2.0/networks HTTP/1.1" status: 201 len: 929 time: 1.0016737
2026-07-02 11:16:47.352 10 INFO neutron.db.ovn_revision_numbers_db [None req-9ed7e9ad-bb55-4ace-a401-4f6162355396 feda5f226fe945d18444e62ae0085ec8 5f2a364117124c3aaa01a8e2ac111348 - - default default] Successfully bumped revision number for resource b45c74b9-9de7-4dca-be6c-0adebcdfb71b (type: security_group_rules) to 0
2026-07-02 11:16:47.373 10 INFO neutron.wsgi [None req-9ed7e9ad-bb55-4ace-a401-4f6162355396 feda5f226fe945d18444e62ae0085ec8 5f2a364117124c3aaa01a8e2ac111348 - - default default] 10.0.0.248 "POST /v2.0/security-group-rules HTTP/1.1" status: 201 len: 769 time: 0.2309425
2026-07-02 11:16:47.488 10 INFO neutron.db.ovn_revision_numbers_db [None req-6ec618d4-d6d3-4776-9363-302967870cc9 feda5f226fe945d18444e62ae0085ec8 5f2a364117124c3aaa01a8e2ac111348 - - default default] Successfully bumped revision number for resource 4fc8cdf6-5dca-4050-af59-69c92b399300 (type: security_group_rules) to 0
2026-07-02 11:16:47.532 10 INFO neutron.wsgi [None req-6ec618d4-d6d3-4776-9363-302967870cc9 feda5f226fe945d18444e62ae0085ec8 5f2a364117124c3aaa01a8e2ac111348 - - default default] 10.0.0.248 "POST /v2.0/security-group-rules HTTP/1.1" status: 201 len: 768 time: 0.1539843
2026-07-02 11:16:47.563 10 INFO neutron.db.securitygroups_db [None req-c24a635e-9176-4f1e-b2db-c117207eb446 feda5f226fe945d18444e62ae0085ec8 5f2a364117124c3aaa01a8e2ac111348 - - default default] Project 5f2a364117124c3aaa01a8e2ac111348 added a security group rule with legacy IPv6 ICMP protocol name icmp, ipv6-icmp should be used instead. It was automatically converted.
2026-07-02 11:16:47.566 9 WARNING neutron.scheduler.dhcp_agent_scheduler [None req-8e5309e4-e224-4722-aa3d-0baf8834cb91 770afbe9f5f144488e77890c156835c0 c2deb068a9e84284b2c37f2cd9e980fc - - default default] No more DHCP agents
2026-07-02 11:16:47.568 9 WARNING neutron.api.rpc.agentnotifiers.dhcp_rpc_agent_api [None req-8e5309e4-e224-4722-aa3d-0baf8834cb91 770afbe9f5f144488e77890c156835c0 c2deb068a9e84284b2c37f2cd9e980fc - - default default] Unable to schedule network f6fa242d-e012-46d4-b7a5-42d960978b06: no agents available; will retry on subsequent port and subnet creation events.
2026-07-02 11:16:47.659 10 INFO neutron.db.ovn_revision_numbers_db [None req-c24a635e-9176-4f1e-b2db-c117207eb446 feda5f226fe945d18444e62ae0085ec8 5f2a364117124c3aaa01a8e2ac111348 - - default default] Successfully bumped revision number for resource 7964afbc-7169-41ff-afed-aa543bdbc933 (type: security_group_rules) to 0
