2026-07-02 11:15:52.008 9 INFO neutron.db.segments_db [None req-65198bab-c235-41e7-a5f4-8d1a6daa0874 77240ad744294c35b7ae80100fc78dbe 0a98d02fb3d8404a862651be04768bd5 - - default default] Added segment 7d582cdc-b8d5-48da-a4d9-8007fc9104a5 of type geneve for network c93a5f45-f2b0-434f-82f3-62b50e6eee87
2026-07-02 11:15:52.222 9 INFO neutron.db.ovn_revision_numbers_db [None req-65198bab-c235-41e7-a5f4-8d1a6daa0874 77240ad744294c35b7ae80100fc78dbe 0a98d02fb3d8404a862651be04768bd5 - - default default] Successfully bumped revision number for resource c93a5f45-f2b0-434f-82f3-62b50e6eee87 (type: networks) to 1
2026-07-02 11:15:52.454 9 WARNING neutron.scheduler.dhcp_agent_scheduler [None req-65198bab-c235-41e7-a5f4-8d1a6daa0874 77240ad744294c35b7ae80100fc78dbe 0a98d02fb3d8404a862651be04768bd5 - - default default] No more DHCP agents
2026-07-02 11:15:52.458 9 WARNING neutron.api.rpc.agentnotifiers.dhcp_rpc_agent_api [None req-65198bab-c235-41e7-a5f4-8d1a6daa0874 77240ad744294c35b7ae80100fc78dbe 0a98d02fb3d8404a862651be04768bd5 - - default default] Unable to schedule network c93a5f45-f2b0-434f-82f3-62b50e6eee87: no agents available; will retry on subsequent port and subnet creation events.
2026-07-02 11:15:52.534 10 INFO neutron.wsgi [None req-b256f67d-94bf-4d15-8dcc-d3c36d22084c 77240ad744294c35b7ae80100fc78dbe 0a98d02fb3d8404a862651be04768bd5 - - default default] 10.0.0.248 "GET /v2.0/security-groups?tenant_id=78dd85470785410c951f8b0f1422ffdb&name=default HTTP/1.1" status: 200 len: 2996 time: 0.1720884
2026-07-02 11:15:52.576 9 INFO neutron.db.ovn_revision_numbers_db [None req-65198bab-c235-41e7-a5f4-8d1a6daa0874 77240ad744294c35b7ae80100fc78dbe 0a98d02fb3d8404a862651be04768bd5 - - default default] Successfully bumped revision number for resource 9c283219-8662-445a-be85-817051ac1e80 (type: ports) to 1
2026-07-02 11:15:52.587 9 INFO neutron.db.ovn_revision_numbers_db [None req-c1576886-71f9-4559-a393-042174295d5d cad145f87c2c456eb7fa960a99e7fed1 c4b68023693a4bf0bff18cca4ef65769 - - default default] Successfully bumped revision number for resource e4cea236-1031-4b3a-8dd8-853177ffc846 (type: ports) to 2
2026-07-02 11:15:52.609 9 INFO neutron.wsgi [None req-65198bab-c235-41e7-a5f4-8d1a6daa0874 77240ad744294c35b7ae80100fc78dbe 0a98d02fb3d8404a862651be04768bd5 - - default default] 10.0.0.248 "POST /v2.0/networks HTTP/1.1" status: 201 len: 941 time: 1.1298730
2026-07-02 11:15:52.630 9 INFO neutron.db.ovn_revision_numbers_db [None req-c1576886-71f9-4559-a393-042174295d5d cad145f87c2c456eb7fa960a99e7fed1 c4b68023693a4bf0bff18cca4ef65769 - - default default] Successfully bumped revision number for resource 8ba98b3a-68b2-424a-8433-d952a1885a84 (type: subnets) to 0
2026-07-02 11:15:52.649 9 INFO neutron.wsgi [None req-c1576886-71f9-4559-a393-042174295d5d cad145f87c2c456eb7fa960a99e7fed1 c4b68023693a4bf0bff18cca4ef65769 - - default default] 10.0.0.248 "POST /v2.0/subnets HTTP/1.1" status: 201 len: 801 time: 1.0566363
2026-07-02 11:15:52.830 10 WARNING neutron.scheduler.dhcp_agent_scheduler [None req-30c555c7-2b32-4e8b-8134-2471c8731a53 77240ad744294c35b7ae80100fc78dbe 0a98d02fb3d8404a862651be04768bd5 - - default default] No more DHCP agents
2026-07-02 11:15:52.834 10 WARNING neutron.api.rpc.agentnotifiers.dhcp_rpc_agent_api [None req-30c555c7-2b32-4e8b-8134-2471c8731a53 77240ad744294c35b7ae80100fc78dbe 0a98d02fb3d8404a862651be04768bd5 - - default default] Unable to schedule network c93a5f45-f2b0-434f-82f3-62b50e6eee87: no agents available; will retry on subsequent port and subnet creation events.
2026-07-02 11:15:52.844 9 INFO neutron.db.ovn_revision_numbers_db [None req-ee594418-c30f-4801-89f0-f0e2e32cbe4c cad145f87c2c456eb7fa960a99e7fed1 c4b68023693a4bf0bff18cca4ef65769 - - default default] Successfully bumped revision number for resource 7a0eafb4-62e2-481d-b9f1-4b0988ae1c71 (type: routers) to 1
2026-07-02 11:15:52.857 9 INFO neutron.wsgi [None req-ee594418-c30f-4801-89f0-f0e2e32cbe4c cad145f87c2c456eb7fa960a99e7fed1 c4b68023693a4bf0bff18cca4ef65769 - - default default] 10.0.0.248 "POST /v2.0/routers HTTP/1.1" status: 201 len: 686 time: 0.2000871
2026-07-02 11:15:52.857 10 INFO neutron.wsgi [None req-f41649e7-1fb6-4fb8-b7b0-a954ec607d5d 77240ad744294c35b7ae80100fc78dbe 0a98d02fb3d8404a862651be04768bd5 - - default default] 10.0.0.248 "DELETE /v2.0/security-groups/177788b2-7f22-497c-8a28-1e8ca1496551 HTTP/1.1" status: 204 len: 168 time: 0.3176391
2026-07-02 11:15:53.362 10 INFO neutron.db.ovn_revision_numbers_db [None req-30c555c7-2b32-4e8b-8134-2471c8731a53 77240ad744294c35b7ae80100fc78dbe 0a98d02fb3d8404a862651be04768bd5 - - default default] Successfully bumped revision number for resource 9c283219-8662-445a-be85-817051ac1e80 (type: ports) to 2
2026-07-02 11:15:53.401 10 INFO neutron.db.ovn_revision_numbers_db [None req-30c555c7-2b32-4e8b-8134-2471c8731a53 77240ad744294c35b7ae80100fc78dbe 0a98d02fb3d8404a862651be04768bd5 - - default default] Successfully bumped revision number for resource e4c72130-a424-42fe-9044-6c0e7e4f8ebd (type: subnets) to 0
2026-07-02 11:15:53.415 10 INFO neutron.wsgi [None req-30c555c7-2b32-4e8b-8134-2471c8731a53 77240ad744294c35b7ae80100fc78dbe 0a98d02fb3d8404a862651be04768bd5 - - default default] 10.0.0.248 "POST /v2.0/subnets HTTP/1.1" status: 201 len: 862 time: 0.7999222
2026-07-02 11:15:53.609 9 WARNING neutron.scheduler.dhcp_agent_scheduler [None req-3abeef35-bc0b-4e9e-a4e1-b2baeee4f148 cad145f87c2c456eb7fa960a99e7fed1 c4b68023693a4bf0bff18cca4ef65769 - - default default] No more DHCP agents
2026-07-02 11:15:53.623 9 WARNING neutron.api.rpc.agentnotifiers.dhcp_rpc_agent_api [None req-3abeef35-bc0b-4e9e-a4e1-b2baeee4f148 cad145f87c2c456eb7fa960a99e7fed1 c4b68023693a4bf0bff18cca4ef65769 - - default default] Unable to schedule network e4b117d7-ffc0-4be4-8972-226dc4617f8e: no agents available; will retry on subsequent port and subnet creation events.
2026-07-02 11:15:53.842 9 INFO neutron.db.ovn_revision_numbers_db [None req-3abeef35-bc0b-4e9e-a4e1-b2baeee4f148 cad145f87c2c456eb7fa960a99e7fed1 c4b68023693a4bf0bff18cca4ef65769 - - default default] Successfully bumped revision number for resource ba8eb628-806e-4c12-a109-9b13a3eb1c3e (type: ports) to 1
2026-07-02 11:15:54.008 9 WARNING neutron.scheduler.dhcp_agent_scheduler [None req-38adcd37-c9af-468e-bfee-96891609f606 77240ad744294c35b7ae80100fc78dbe 0a98d02fb3d8404a862651be04768bd5 - - default default] No more DHCP agents
2026-07-02 11:15:54.015 9 WARNING neutron.api.rpc.agentnotifiers.dhcp_rpc_agent_api [None req-38adcd37-c9af-468e-bfee-96891609f606 77240ad744294c35b7ae80100fc78dbe 0a98d02fb3d8404a862651be04768bd5 - - default default] Unable to schedule network 8ee51cf5-5613-4fd9-a1a5-7a52d1319abd: no agents available; will retry on subsequent port and subnet creation events.
2026-07-02 11:15:54.269 9 INFO neutron.db.ovn_revision_numbers_db [None req-38adcd37-c9af-468e-bfee-96891609f606 77240ad744294c35b7ae80100fc78dbe 0a98d02fb3d8404a862651be04768bd5 - - default default] Successfully bumped revision number for resource 9c558cf9-b0c4-4a2d-b16a-42aa933c26a2 (type: ports) to 1
2026-07-02 11:15:54.384 9 INFO neutron.plugins.ml2.drivers.ovn.mech_driver.mech_driver [None req-b582701f-b510-457f-adbc-1e1007217209 - - - - - -] OVN reports status up for port: ba8eb628-806e-4c12-a109-9b13a3eb1c3e
2026-07-02 11:15:54.410 9 INFO neutron.plugins.ml2.plugin [None req-b582701f-b510-457f-adbc-1e1007217209 - - - - - -] Attempt 1 to provision port ba8eb628-806e-4c12-a109-9b13a3eb1c3e
2026-07-02 11:15:54.435 9 INFO neutron.db.ovn_revision_numbers_db [None req-3abeef35-bc0b-4e9e-a4e1-b2baeee4f148 cad145f87c2c456eb7fa960a99e7fed1 c4b68023693a4bf0bff18cca4ef65769 - - default default] Successfully bumped revision number for resource ba8eb628-806e-4c12-a109-9b13a3eb1c3e (type: router_ports) to 1
2026-07-02 11:15:54.758 9 INFO neutron.db.ovn_revision_numbers_db [None req-3abeef35-bc0b-4e9e-a4e1-b2baeee4f148 cad145f87c2c456eb7fa960a99e7fed1 c4b68023693a4bf0bff18cca4ef65769 - - default default] Successfully bumped revision number for resource ba8eb628-806e-4c12-a109-9b13a3eb1c3e (type: ports) to 1
2026-07-02 11:15:54.863 10 INFO neutron.db.ovn_revision_numbers_db [None req-4727af83-c42c-4085-8e95-b24b44144049 6f273336732542e882b4bc3e5b226755 fb5e4b39adfb4ae2a7571e97c8218a48 - - default default] Successfully bumped revision number for resource 0b95ea3b-ef8a-428c-b190-a3285b0c61f5 (type: security_groups) to 1
2026-07-02 11:15:54.877 10 INFO neutron.db.ovn_revision_numbers_db [None req-4727af83-c42c-4085-8e95-b24b44144049 6f273336732542e882b4bc3e5b226755 fb5e4b39adfb4ae2a7571e97c8218a48 - - default default] Successfully bumped revision number for resource 32819ede-3e23-4533-b125-9963ee7855b4 (type: security_group_rules) to 0
2026-07-02 11:15:54.893 10 INFO neutron.db.ovn_revision_numbers_db [None req-4727af83-c42c-4085-8e95-b24b44144049 6f273336732542e882b4bc3e5b226755 fb5e4b39adfb4ae2a7571e97c8218a48 - - default default] Successfully bumped revision number for resource 742812d0-2d6c-445d-9277-f9d97614999f (type: security_group_rules) to 0
2026-07-02 11:15:54.901 9 WARNING neutron.scheduler.dhcp_agent_scheduler [None req-3abeef35-bc0b-4e9e-a4e1-b2baeee4f148 cad145f87c2c456eb7fa960a99e7fed1 c4b68023693a4bf0bff18cca4ef65769 - - default default] No more DHCP agents
2026-07-02 11:15:54.904 9 WARNING neutron.api.rpc.agentnotifiers.dhcp_rpc_agent_api [None req-3abeef35-bc0b-4e9e-a4e1-b2baeee4f148 cad145f87c2c456eb7fa960a99e7fed1 c4b68023693a4bf0bff18cca4ef65769 - - default default] Unable to schedule network e4b117d7-ffc0-4be4-8972-226dc4617f8e: no agents available; will retry on subsequent port and subnet creation events.
2026-07-02 11:15:54.907 10 INFO neutron.db.ovn_revision_numbers_db [None req-4727af83-c42c-4085-8e95-b24b44144049 6f273336732542e882b4bc3e5b226755 fb5e4b39adfb4ae2a7571e97c8218a48 - - default default] Successfully bumped revision number for resource 8f8194fa-073f-4ecf-8959-2bc26f7e3a5a (type: security_group_rules) to 0
2026-07-02 11:15:54.908 9 INFO neutron.db.ovn_revision_numbers_db [None req-b582701f-b510-457f-adbc-1e1007217209 - - - - - -] Successfully bumped revision number for resource ba8eb628-806e-4c12-a109-9b13a3eb1c3e (type: ports) to 2
2026-07-02 11:15:54.924 10 INFO neutron.db.ovn_revision_numbers_db [None req-4727af83-c42c-4085-8e95-b24b44144049 6f273336732542e882b4bc3e5b226755 fb5e4b39adfb4ae2a7571e97c8218a48 - - default default] Successfully bumped revision number for resource a36b8bce-f713-4fae-9684-e451e8e9004e (type: security_group_rules) to 0
2026-07-02 11:15:55.056 10 INFO neutron.db.ovn_revision_numbers_db [None req-4727af83-c42c-4085-8e95-b24b44144049 6f273336732542e882b4bc3e5b226755 fb5e4b39adfb4ae2a7571e97c8218a48 - - default default] Successfully bumped revision number for resource bff6376d-b61a-40e1-bdc0-3ee9aedd377a (type: security_groups) to 1
2026-07-02 11:15:55.070 10 INFO neutron.db.ovn_revision_numbers_db [None req-4727af83-c42c-4085-8e95-b24b44144049 6f273336732542e882b4bc3e5b226755 fb5e4b39adfb4ae2a7571e97c8218a48 - - default default] Successfully bumped revision number for resource 6441bfb9-305e-48b8-b1c5-16544a1dcefb (type: security_group_rules) to 0
2026-07-02 11:15:55.085 10 INFO neutron.db.ovn_revision_numbers_db [None req-4727af83-c42c-4085-8e95-b24b44144049 6f273336732542e882b4bc3e5b226755 fb5e4b39adfb4ae2a7571e97c8218a48 - - default default] Successfully bumped revision number for resource 96422cb4-be34-4a8d-b92c-00a24edf9778 (type: security_group_rules) to 0
2026-07-02 11:15:55.112 10 INFO neutron.wsgi [None req-4727af83-c42c-4085-8e95-b24b44144049 6f273336732542e882b4bc3e5b226755 fb5e4b39adfb4ae2a7571e97c8218a48 - - default default] 10.0.0.248 "POST /v2.0/security-groups HTTP/1.1" status: 201 len: 1761 time: 0.5662210
2026-07-02 11:15:55.172 10 INFO neutron.wsgi [None req-19d2ccf4-0272-495f-9aa3-53be3bc5766e 6f273336732542e882b4bc3e5b226755 fb5e4b39adfb4ae2a7571e97c8218a48 - - default default] 10.0.0.248 "GET /v2.0/security-groups HTTP/1.1" status: 200 len: 4539 time: 0.0541737
2026-07-02 11:15:55.272 10 INFO neutron.db.ovn_revision_numbers_db [None req-cd91dc29-04a5-4c9d-9d62-dc682d202c13 6f273336732542e882b4bc3e5b226755 fb5e4b39adfb4ae2a7571e97c8218a48 - - default default] Successfully bumped revision number for resource bff6376d-b61a-40e1-bdc0-3ee9aedd377a (type: security_groups) to 2
2026-07-02 11:15:55.276 10 INFO neutron.wsgi [None req-cd91dc29-04a5-4c9d-9d62-dc682d202c13 6f273336732542e882b4bc3e5b226755 fb5e4b39adfb4ae2a7571e97c8218a48 - - default default] 10.0.0.248 "PUT /v2.0/security-groups/bff6376d-b61a-40e1-bdc0-3ee9aedd377a HTTP/1.1" status: 200 len: 1795 time: 0.0980539
2026-07-02 11:15:55.363 9 INFO neutron.wsgi [None req-5494fec9-d002-4668-947b-2f4fadca0dd0 6f273336732542e882b4bc3e5b226755 fb5e4b39adfb4ae2a7571e97c8218a48 - - default default] 10.0.0.248 "GET /v2.0/security-groups/bff6376d-b61a-40e1-bdc0-3ee9aedd377a HTTP/1.1" status: 200 len: 1795 time: 0.0792196
2026-07-02 11:15:55.460 9 INFO neutron.db.ovn_revision_numbers_db [None req-b582701f-b510-457f-adbc-1e1007217209 - - - - - -] Successfully bumped revision number for resource ba8eb628-806e-4c12-a109-9b13a3eb1c3e (type: router_ports) to 2
2026-07-02 11:15:55.483 10 INFO neutron.wsgi [None req-85ed4ca3-235e-41d1-ad76-ca8f9835a129 6f273336732542e882b4bc3e5b226755 fb5e4b39adfb4ae2a7571e97c8218a48 - - default default] 10.0.0.248 "DELETE /v2.0/security-groups/bff6376d-b61a-40e1-bdc0-3ee9aedd377a HTTP/1.1" status: 204 len: 168 time: 0.1146526
2026-07-02 11:15:55.516 9 INFO neutron.db.ovn_revision_numbers_db [None req-3abeef35-bc0b-4e9e-a4e1-b2baeee4f148 cad145f87c2c456eb7fa960a99e7fed1 c4b68023693a4bf0bff18cca4ef65769 - - default default] Successfully bumped revision number for resource ba8eb628-806e-4c12-a109-9b13a3eb1c3e (type: router_ports) to 2
2026-07-02 11:15:55.518 9 INFO neutron.wsgi [None req-3abeef35-bc0b-4e9e-a4e1-b2baeee4f148 cad145f87c2c456eb7fa960a99e7fed1 c4b68023693a4bf0bff18cca4ef65769 - - default default] 10.0.0.248 "PUT /v2.0/routers/7a0eafb4-62e2-481d-b9f1-4b0988ae1c71/add_router_interface HTTP/1.1" status: 200 len: 503 time: 2.6569467
2026-07-02 11:15:55.529 10 INFO neutron.plugins.ml2.drivers.ovn.mech_driver.mech_driver [None req-763d87c8-6bdf-4eba-92f2-49be3e009292 - - - - - -] OVN reports status up for port: 9c558cf9-b0c4-4a2d-b16a-42aa933c26a2
2026-07-02 11:15:55.542 10 INFO neutron.wsgi [None req-5c5af9d9-8325-409b-ab1b-a82d6cd3234c 6f273336732542e882b4bc3e5b226755 fb5e4b39adfb4ae2a7571e97c8218a48 - - default default] 10.0.0.248 "GET /v2.0/security-groups HTTP/1.1" status: 200 len: 2996 time: 0.0545402
2026-07-02 11:15:55.547 9 INFO neutron.plugins.ml2.drivers.ovn.mech_driver.ovsdb.ovsdb_monitor [None req-073a6816-7725-4a8f-907a-b624325a0100 - - - - - -] Router a807efa3-d58c-4faa-b409-3e6869c8fe62 is bound to host instance
2026-07-02 11:15:55.558 10 INFO neutron.plugins.ml2.plugin [None req-763d87c8-6bdf-4eba-92f2-49be3e009292 - - - - - -] Attempt 1 to provision port 9c558cf9-b0c4-4a2d-b16a-42aa933c26a2
2026-07-02 11:15:55.577 9 INFO neutron.api.v2.resource [None req-1ba085ba-bf34-4b04-8476-301b22ed85f1 6f273336732542e882b4bc3e5b226755 fb5e4b39adfb4ae2a7571e97c8218a48 - - default default] delete failed (client error): The resource could not be found.
2026-07-02 11:15:55.578 9 INFO neutron.wsgi [None req-1ba085ba-bf34-4b04-8476-301b22ed85f1 6f273336732542e882b4bc3e5b226755 fb5e4b39adfb4ae2a7571e97c8218a48 - - default default] 10.0.0.248 "DELETE /v2.0/security-groups/bff6376d-b61a-40e1-bdc0-3ee9aedd377a HTTP/1.1" status: 404 len: 347 time: 0.0268209
2026-07-02 11:15:55.587 10 INFO neutron.wsgi [None req-e9a76f54-b293-4dfd-94b5-294c96426333 cad145f87c2c456eb7fa960a99e7fed1 c4b68023693a4bf0bff18cca4ef65769 - - default default] 10.0.0.248 "GET /v2.0/ports/ba8eb628-806e-4c12-a109-9b13a3eb1c3e HTTP/1.1" status: 200 len: 1137 time: 0.0567198
2026-07-02 11:15:55.588 9 INFO neutron.db.ovn_revision_numbers_db [None req-38adcd37-c9af-468e-bfee-96891609f606 77240ad744294c35b7ae80100fc78dbe 0a98d02fb3d8404a862651be04768bd5 - - default default] Successfully bumped revision number for resource 9c558cf9-b0c4-4a2d-b16a-42aa933c26a2 (type: router_ports) to 1
2026-07-02 11:15:55.710 10 INFO neutron.db.ovn_revision_numbers_db [None req-b21024ca-be93-4573-b5f0-75f550cbafaa 6f273336732542e882b4bc3e5b226755 fb5e4b39adfb4ae2a7571e97c8218a48 - - default default] Successfully bumped revision number for resource 172c802c-0621-442e-a89c-0f410f45c326 (type: security_groups) to 1
2026-07-02 11:15:55.725 10 INFO neutron.db.ovn_revision_numbers_db [None req-b21024ca-be93-4573-b5f0-75f550cbafaa 6f273336732542e882b4bc3e5b226755 fb5e4b39adfb4ae2a7571e97c8218a48 - - default default] Successfully bumped revision number for resource 9ca092b3-1136-4875-a00a-0d51e1318588 (type: security_group_rules) to 0
2026-07-02 11:15:55.739 10 INFO neutron.db.ovn_revision_numbers_db [None req-b21024ca-be93-4573-b5f0-75f550cbafaa 6f273336732542e882b4bc3e5b226755 fb5e4b39adfb4ae2a7571e97c8218a48 - - default default] Successfully bumped revision number for resource e063671c-d7cb-4f6a-bd99-25b92da91ef6 (type: security_group_rules) to 0
2026-07-02 11:15:55.747 9 INFO neutron.db.ovn_revision_numbers_db [None req-38adcd37-c9af-468e-bfee-96891609f606 77240ad744294c35b7ae80100fc78dbe 0a98d02fb3d8404a862651be04768bd5 - - default default] Successfully bumped revision number for resource a807efa3-d58c-4faa-b409-3e6869c8fe62 (type: routers) to 2
2026-07-02 11:15:55.758 10 INFO neutron.wsgi [None req-b21024ca-be93-4573-b5f0-75f550cbafaa 6f273336732542e882b4bc3e5b226755 fb5e4b39adfb4ae2a7571e97c8218a48 - - default default] 10.0.0.248 "POST /v2.0/security-groups HTTP/1.1" status: 201 len: 1760 time: 0.1688635
2026-07-02 11:15:55.768 9 INFO neutron.wsgi [None req-38adcd37-c9af-468e-bfee-96891609f606 77240ad744294c35b7ae80100fc78dbe 0a98d02fb3d8404a862651be04768bd5 - - default default] 10.0.0.248 "POST /v2.0/routers HTTP/1.1" status: 201 len: 873 time: 2.3460023
2026-07-02 11:15:56.195 10 INFO neutron.db.ovn_revision_numbers_db [None req-287750c4-5b0c-4804-967f-6db2cc57e650 6f273336732542e882b4bc3e5b226755 fb5e4b39adfb4ae2a7571e97c8218a48 - - default default] Successfully bumped revision number for resource 8e3d0d0c-9a10-44d1-9e0e-48c5f058e63b (type: security_group_rules) to 0
2026-07-02 11:15:56.233 10 INFO neutron.wsgi [None req-287750c4-5b0c-4804-967f-6db2cc57e650 6f273336732542e882b4bc3e5b226755 fb5e4b39adfb4ae2a7571e97c8218a48 - - default default] 10.0.0.248 "POST /v2.0/security-group-rules HTTP/1.1" status: 201 len: 768 time: 0.4698322
2026-07-02 11:15:56.281 9 INFO neutron.wsgi [None req-e73b70ed-e503-4d01-a866-b782d02896e2 6f273336732542e882b4bc3e5b226755 fb5e4b39adfb4ae2a7571e97c8218a48 - - default default] 10.0.0.248 "GET /v2.0/security-group-rules/8e3d0d0c-9a10-44d1-9e0e-48c5f058e63b HTTP/1.1" status: 200 len: 763 time: 0.0309291
2026-07-02 11:15:56.299 9 WARNING neutron.scheduler.dhcp_agent_scheduler [None req-acb38d8f-e09d-499d-90f4-ac4faaf261bd cad145f87c2c456eb7fa960a99e7fed1 c4b68023693a4bf0bff18cca4ef65769 - - default default] No more DHCP agents
2026-07-02 11:15:56.302 9 WARNING neutron.api.rpc.agentnotifiers.dhcp_rpc_agent_api [None req-acb38d8f-e09d-499d-90f4-ac4faaf261bd cad145f87c2c456eb7fa960a99e7fed1 c4b68023693a4bf0bff18cca4ef65769 - - default default] Unable to schedule network 97f11415-3ae5-4c64-adea-a52d23b44d71: no agents available; will retry on subsequent port and subnet creation events.
2026-07-02 11:15:56.341 10 INFO neutron.wsgi [None req-1d4bcac3-cde2-4da1-80f7-b076a098d845 6f273336732542e882b4bc3e5b226755 fb5e4b39adfb4ae2a7571e97c8218a48 - - default default] 10.0.0.248 "GET /v2.0/security-group-rules HTTP/1.1" status: 200 len: 4113 time: 0.0539358
2026-07-02 11:15:56.446 9 INFO neutron.db.ovn_revision_numbers_db [None req-073a6816-7725-4a8f-907a-b624325a0100 - - - - - -] Successfully bumped revision number for resource 9c558cf9-b0c4-4a2d-b16a-42aa933c26a2 (type: ports) to 1
2026-07-02 11:15:56.540 10 INFO neutron.wsgi [None req-de57c966-069c-488f-88b5-3b79be5e5c60 6f273336732542e882b4bc3e5b226755 fb5e4b39adfb4ae2a7571e97c8218a48 - - default default] 10.0.0.248 "DELETE /v2.0/security-group-rules/8e3d0d0c-9a10-44d1-9e0e-48c5f058e63b HTTP/1.1" status: 204 len: 168 time: 0.1941974
2026-07-02 11:15:56.570 9 INFO neutron.db.ovn_revision_numbers_db [None req-acb38d8f-e09d-499d-90f4-ac4faaf261bd cad145f87c2c456eb7fa960a99e7fed1 c4b68023693a4bf0bff18cca4ef65769 - - default default] Successfully bumped revision number for resource 4974e69e-5f4b-4ca6-b84f-ae3c07320658 (type: ports) to 1
2026-07-02 11:15:56.578 10 WARNING neutron.scheduler.dhcp_agent_scheduler [None req-07193a9d-908a-43d3-9974-0141e84ad73a 77240ad744294c35b7ae80100fc78dbe 0a98d02fb3d8404a862651be04768bd5 - - default default] No more DHCP agents
2026-07-02 11:15:56.582 10 WARNING neutron.api.rpc.agentnotifiers.dhcp_rpc_agent_api [None req-07193a9d-908a-43d3-9974-0141e84ad73a 77240ad744294c35b7ae80100fc78dbe 0a98d02fb3d8404a862651be04768bd5 - - default default] Unable to schedule network c93a5f45-f2b0-434f-82f3-62b50e6eee87: no agents available; will retry on subsequent port and subnet creation events.
2026-07-02 11:15:56.607 10 INFO neutron.wsgi [None req-3e0f6060-4b2b-4401-b6a8-00c8e97d0de7 6f273336732542e882b4bc3e5b226755 fb5e4b39adfb4ae2a7571e97c8218a48 - - default default] 10.0.0.248 "GET /v2.0/security-group-rules HTTP/1.1" status: 200 len: 3567 time: 0.0611517
2026-07-02 11:15:56.618 9 INFO neutron.wsgi [None req-538f2453-cd50-40ed-8ee8-c6bad03c06e1 77240ad744294c35b7ae80100fc78dbe 0a98d02fb3d8404a862651be04768bd5 - - default default] 10.0.0.148 "GET /v2.0/network-ip-availabilities HTTP/1.1" status: 200 len: 3054 time: 0.1205387
2026-07-02 11:15:56.754 9 INFO neutron.wsgi [None req-29072b00-3db5-4a4c-99c6-5432e9e3b080 77240ad744294c35b7ae80100fc78dbe 0a98d02fb3d8404a862651be04768bd5 - - default default] 10.0.0.148 "GET /v2.0/routers HTTP/1.1" status: 200 len: 2016 time: 0.1337473
2026-07-02 11:15:56.776 10 INFO neutron.db.ovn_revision_numbers_db [None req-07193a9d-908a-43d3-9974-0141e84ad73a 77240ad744294c35b7ae80100fc78dbe 0a98d02fb3d8404a862651be04768bd5 - - default default] Successfully bumped revision number for resource 37dccfb7-5c62-4fe6-a745-ea45a8482c30 (type: ports) to 1
2026-07-02 11:15:56.806 9 INFO neutron.wsgi [None req-34a74a62-d727-44da-923d-a54b4badbcee 77240ad744294c35b7ae80100fc78dbe 0a98d02fb3d8404a862651be04768bd5 - - default default] 10.0.0.148 "GET /v2.0/agents?binary=ovn-controller HTTP/1.1" status: 200 len: 591 time: 0.0474801
2026-07-02 11:15:56.858 10 INFO neutron.db.ovn_revision_numbers_db [None req-adcd72dd-a642-498a-9962-14dd15a6a218 6f273336732542e882b4bc3e5b226755 fb5e4b39adfb4ae2a7571e97c8218a48 - - default default] Successfully bumped revision number for resource 78ec1c92-5e41-4972-8983-abd57a55fe05 (type: security_group_rules) to 0
2026-07-02 11:15:56.899 10 INFO neutron.wsgi [None req-adcd72dd-a642-498a-9962-14dd15a6a218 6f273336732542e882b4bc3e5b226755 fb5e4b39adfb4ae2a7571e97c8218a48 - - default default] 10.0.0.248 "POST /v2.0/security-group-rules HTTP/1.1" status: 201 len: 768 time: 0.2856681
2026-07-02 11:15:56.943 10 INFO neutron.wsgi [None req-af08edee-62ea-4df4-a596-b1c55176bec8 6f273336732542e882b4bc3e5b226755 fb5e4b39adfb4ae2a7571e97c8218a48 - - default default] 10.0.0.248 "GET /v2.0/security-group-rules/78ec1c92-5e41-4972-8983-abd57a55fe05 HTTP/1.1" status: 200 len: 763 time: 0.0323136
2026-07-02 11:15:57.000 10 INFO neutron.wsgi [None req-9f73b72a-c889-4649-8069-5c8163b53760 6f273336732542e882b4bc3e5b226755 fb5e4b39adfb4ae2a7571e97c8218a48 - - default default] 10.0.0.248 "GET /v2.0/security-group-rules HTTP/1.1" status: 200 len: 4113 time: 0.0524390
2026-07-02 11:15:57.187 10 INFO neutron.wsgi [None req-f84481c1-c084-4e44-8a6e-e5ae5888bc49 6f273336732542e882b4bc3e5b226755 fb5e4b39adfb4ae2a7571e97c8218a48 - - default default] 10.0.0.248 "DELETE /v2.0/security-group-rules/78ec1c92-5e41-4972-8983-abd57a55fe05 HTTP/1.1" status: 204 len: 168 time: 0.1824100
2026-07-02 11:15:57.217 9 INFO neutron.wsgi [None req-8b4b44b3-5ad5-4af8-9ec7-f8a6df3f1f5d 77240ad744294c35b7ae80100fc78dbe 0a98d02fb3d8404a862651be04768bd5 - - default default] 10.0.0.148 "GET /v2.0/subnets HTTP/1.1" status: 200 len: 3967 time: 0.4061511
2026-07-02 11:15:57.236 10 INFO neutron.wsgi [req-c6349e7b-9fb0-478b-b2e6-ffeb1ced6b17 req-b3854de7-cec1-4e9a-a19c-1f367ccf7cf8 c009b804a6574fc1a3e7663aadd95622 a1e5a7691a304189972788d916dfc909 - - 7e6cee0005ce4cdbbd56e806f4693548 7e6cee0005ce4cdbbd56e806f4693548] 10.0.0.47 "GET /v2.0/ports?device_id=2d38d819-10f2-4dfb-bb48-61419a35936e HTTP/1.1" status: 200 len: 1409 time: 0.1805754
2026-07-02 11:15:57.263 9 INFO neutron.wsgi [None req-093e6e22-1a87-480a-b95f-0f14ff450a61 77240ad744294c35b7ae80100fc78dbe 0a98d02fb3d8404a862651be04768bd5 - - default default] 10.0.0.148 "GET /v2.0/subnetpools HTTP/1.1" status: 200 len: 193 time: 0.0382025
2026-07-02 11:15:57.284 10 INFO neutron.wsgi [None req-fc72ded8-c13d-445a-8b9a-207e7cc603a6 6f273336732542e882b4bc3e5b226755 fb5e4b39adfb4ae2a7571e97c8218a48 - - default default] 10.0.0.248 "GET /v2.0/security-group-rules HTTP/1.1" status: 200 len: 3567 time: 0.0824411
2026-07-02 11:15:57.341 10 INFO neutron.wsgi [req-c6349e7b-9fb0-478b-b2e6-ffeb1ced6b17 req-fb80017d-955e-496d-b094-18129d4e069c c009b804a6574fc1a3e7663aadd95622 a1e5a7691a304189972788d916dfc909 - - 7e6cee0005ce4cdbbd56e806f4693548 7e6cee0005ce4cdbbd56e806f4693548] 10.0.0.47 "GET /v2.0/security-groups?id=189cbc6e-18dd-4a76-a322-1bc5ebe44980&fields=id&fields=name HTTP/1.1" status: 200 len: 313 time: 0.0931418
2026-07-02 11:15:57.411 9 INFO neutron.wsgi [None req-fdbdf071-1c17-4a87-b394-38e730c31787 77240ad744294c35b7ae80100fc78dbe 0a98d02fb3d8404a862651be04768bd5 - - default default] 10.0.0.148 "GET /v2.0/networks HTTP/1.1" status: 200 len: 5351 time: 0.1443129
2026-07-02 11:15:57.427 9 INFO neutron.db.ovn_revision_numbers_db [None req-073a6816-7725-4a8f-907a-b624325a0100 - - - - - -] Successfully bumped revision number for resource 9c558cf9-b0c4-4a2d-b16a-42aa933c26a2 (type: router_ports) to 3
2026-07-02 11:15:57.432 10 INFO neutron.db.ovn_revision_numbers_db [None req-07193a9d-908a-43d3-9974-0141e84ad73a 77240ad744294c35b7ae80100fc78dbe 0a98d02fb3d8404a862651be04768bd5 - - default default] Successfully bumped revision number for resource 37dccfb7-5c62-4fe6-a745-ea45a8482c30 (type: router_ports) to 1
2026-07-02 11:15:57.470 9 INFO neutron.wsgi [None req-353c3c7d-7c05-4824-962e-2e68be807498 77240ad744294c35b7ae80100fc78dbe 0a98d02fb3d8404a862651be04768bd5 - - default default] 10.0.0.148 "GET /v2.0/ports HTTP/1.1" status: 200 len: 18200 time: 0.0537956
2026-07-02 11:15:57.512 9 INFO neutron.wsgi [None req-69451c8b-9496-4071-87aa-e791fde4d2fd 77240ad744294c35b7ae80100fc78dbe 0a98d02fb3d8404a862651be04768bd5 - - default default] 10.0.0.148 "GET /v2.0/agents HTTP/1.1" status: 200 len: 997 time: 0.0126965
2026-07-02 11:15:57.523 10 INFO neutron.db.ovn_revision_numbers_db [None req-2d78c7a3-6afd-4687-a02d-1b390873a942 6f273336732542e882b4bc3e5b226755 fb5e4b39adfb4ae2a7571e97c8218a48 - - default default] Successfully bumped revision number for resource 8ef9f02e-17bb-4653-8254-8a98a924636a (type: security_group_rules) to 0
2026-07-02 11:15:57.562 10 INFO neutron.wsgi [None req-2d78c7a3-6afd-4687-a02d-1b390873a942 6f273336732542e882b4bc3e5b226755 fb5e4b39adfb4ae2a7571e97c8218a48 - - default default] 10.0.0.248 "POST /v2.0/security-group-rules HTTP/1.1" status: 201 len: 769 time: 0.2719038
2026-07-02 11:15:57.578 9 INFO neutron.wsgi [None req-732c4352-b9e9-4101-ad18-88fe6af46ad9 77240ad744294c35b7ae80100fc78dbe 0a98d02fb3d8404a862651be04768bd5 - - default default] 10.0.0.148 "GET /v2.0/subnets HTTP/1.1" status: 200 len: 3967 time: 0.0595260
2026-07-02 11:15:57.633 10 INFO neutron.db.ovn_revision_numbers_db [None req-07193a9d-908a-43d3-9974-0141e84ad73a 77240ad744294c35b7ae80100fc78dbe 0a98d02fb3d8404a862651be04768bd5 - - default default] Successfully bumped revision number for resource 37dccfb7-5c62-4fe6-a745-ea45a8482c30 (type: ports) to 1
2026-07-02 11:15:57.646 9 INFO neutron.wsgi [None req-c7f90fd3-af46-4b4a-be5c-20fa30d9db70 6f273336732542e882b4bc3e5b226755 fb5e4b39adfb4ae2a7571e97c8218a48 - - default default] 10.0.0.248 "GET /v2.0/security-group-rules/8ef9f02e-17bb-4653-8254-8a98a924636a HTTP/1.1" status: 200 len: 764 time: 0.0715263
2026-07-02 11:15:57.680 9 INFO neutron.wsgi [None req-fef6f611-f00a-4554-ab74-030b6f01f6e8 77240ad744294c35b7ae80100fc78dbe 0a98d02fb3d8404a862651be04768bd5 - - default default] 10.0.0.148 "GET /v2.0/floatingips HTTP/1.1" status: 200 len: 1035 time: 0.0997362
2026-07-02 11:15:57.714 10 INFO neutron.wsgi [None req-8a534b44-04e5-4aea-b319-ed2d72d6c392 6f273336732542e882b4bc3e5b226755 fb5e4b39adfb4ae2a7571e97c8218a48 - - default default] 10.0.0.248 "GET /v2.0/security-group-rules HTTP/1.1" status: 200 len: 4114 time: 0.0624163
2026-07-02 11:15:57.716 10 WARNING neutron.scheduler.dhcp_agent_scheduler [None req-07193a9d-908a-43d3-9974-0141e84ad73a 77240ad744294c35b7ae80100fc78dbe 0a98d02fb3d8404a862651be04768bd5 - - default default] No more DHCP agents
2026-07-02 11:15:57.717 10 WARNING neutron.api.rpc.agentnotifiers.dhcp_rpc_agent_api [None req-07193a9d-908a-43d3-9974-0141e84ad73a 77240ad744294c35b7ae80100fc78dbe 0a98d02fb3d8404a862651be04768bd5 - - default default] Unable to schedule network c93a5f45-f2b0-434f-82f3-62b50e6eee87: no agents available; will retry on subsequent port and subnet creation events.
2026-07-02 11:15:57.822 9 INFO neutron.wsgi [None req-64db221c-1d17-41a1-9179-650464dfef68 77240ad744294c35b7ae80100fc78dbe 0a98d02fb3d8404a862651be04768bd5 - - default default] 10.0.0.148 "GET /v2.0/security-groups HTTP/1.1" status: 200 len: 32790 time: 0.1386516
2026-07-02 11:15:57.880 9 INFO neutron.db.ovn_revision_numbers_db [None req-073a6816-7725-4a8f-907a-b624325a0100 - - - - - -] Successfully bumped revision number for resource 9c558cf9-b0c4-4a2d-b16a-42aa933c26a2 (type: ports) to 2
2026-07-02 11:15:57.991 10 INFO neutron.plugins.ml2.drivers.ovn.mech_driver.mech_driver [None req-763d87c8-6bdf-4eba-92f2-49be3e009292 - - - - - -] OVN reports status up for port: 4974e69e-5f4b-4ca6-b84f-ae3c07320658
2026-07-02 11:15:58.005 10 INFO neutron.plugins.ml2.plugin [None req-763d87c8-6bdf-4eba-92f2-49be3e009292 - - - - - -] Attempt 1 to provision port 4974e69e-5f4b-4ca6-b84f-ae3c07320658
2026-07-02 11:15:58.038 9 INFO neutron.db.ovn_revision_numbers_db [None req-acb38d8f-e09d-499d-90f4-ac4faaf261bd cad145f87c2c456eb7fa960a99e7fed1 c4b68023693a4bf0bff18cca4ef65769 - - default default] Successfully bumped revision number for resource 4974e69e-5f4b-4ca6-b84f-ae3c07320658 (type: router_ports) to 1
2026-07-02 11:15:58.056 9 INFO neutron.wsgi [None req-75ab4aba-80f6-408e-8963-6c992418f80e 6f273336732542e882b4bc3e5b226755 fb5e4b39adfb4ae2a7571e97c8218a48 - - default default] 10.0.0.248 "DELETE /v2.0/security-group-rules/8ef9f02e-17bb-4653-8254-8a98a924636a HTTP/1.1" status: 204 len: 168 time: 0.3279748
2026-07-02 11:15:58.131 10 INFO neutron.wsgi [None req-d79aac55-eb25-4251-b546-c15289da16fb 6f273336732542e882b4bc3e5b226755 fb5e4b39adfb4ae2a7571e97c8218a48 - - default default] 10.0.0.248 "GET /v2.0/security-group-rules HTTP/1.1" status: 200 len: 3567 time: 0.0682509
2026-07-02 11:15:58.283 9 INFO neutron.db.ovn_revision_numbers_db [None req-073a6816-7725-4a8f-907a-b624325a0100 - - - - - -] Successfully bumped revision number for resource 9c558cf9-b0c4-4a2d-b16a-42aa933c26a2 (type: ports) to 4
2026-07-02 11:15:58.287 9 INFO neutron.db.ovn_revision_numbers_db [None req-acb38d8f-e09d-499d-90f4-ac4faaf261bd cad145f87c2c456eb7fa960a99e7fed1 c4b68023693a4bf0bff18cca4ef65769 - - default default] Successfully bumped revision number for resource 4974e69e-5f4b-4ca6-b84f-ae3c07320658 (type: ports) to 1
2026-07-02 11:15:58.406 10 INFO neutron.wsgi [None req-bfe2ffe1-3dc8-4d87-ba0a-e89888ae1ef8 6f273336732542e882b4bc3e5b226755 fb5e4b39adfb4ae2a7571e97c8218a48 - - default default] 10.0.0.248 "DELETE /v2.0/security-groups/172c802c-0621-442e-a89c-0f410f45c326 HTTP/1.1" status: 204 len: 168 time: 0.2676382
2026-07-02 11:15:58.426 9 WARNING neutron.scheduler.dhcp_agent_scheduler [None req-acb38d8f-e09d-499d-90f4-ac4faaf261bd cad145f87c2c456eb7fa960a99e7fed1 c4b68023693a4bf0bff18cca4ef65769 - - default default] No more DHCP agents
2026-07-02 11:15:58.428 9 WARNING neutron.api.rpc.agentnotifiers.dhcp_rpc_agent_api [None req-acb38d8f-e09d-499d-90f4-ac4faaf261bd cad145f87c2c456eb7fa960a99e7fed1 c4b68023693a4bf0bff18cca4ef65769 - - default default] Unable to schedule network 97f11415-3ae5-4c64-adea-a52d23b44d71: no agents available; will retry on subsequent port and subnet creation events.
2026-07-02 11:15:58.433 10 INFO neutron.db.ovn_revision_numbers_db [None req-07193a9d-908a-43d3-9974-0141e84ad73a 77240ad744294c35b7ae80100fc78dbe 0a98d02fb3d8404a862651be04768bd5 - - default default] Successfully bumped revision number for resource 37dccfb7-5c62-4fe6-a745-ea45a8482c30 (type: router_ports) to 1
2026-07-02 11:15:58.435 10 INFO neutron.wsgi [None req-07193a9d-908a-43d3-9974-0141e84ad73a 77240ad744294c35b7ae80100fc78dbe 0a98d02fb3d8404a862651be04768bd5 - - default default] 10.0.0.248 "PUT /v2.0/routers/a807efa3-d58c-4faa-b409-3e6869c8fe62/add_router_interface HTTP/1.1" status: 200 len: 503 time: 2.6616974
2026-07-02 11:15:58.478 10 INFO neutron.db.ovn_revision_numbers_db [None req-763d87c8-6bdf-4eba-92f2-49be3e009292 - - - - - -] Successfully bumped revision number for resource 4974e69e-5f4b-4ca6-b84f-ae3c07320658 (type: ports) to 2
2026-07-02 11:15:58.517 10 INFO neutron.wsgi [None req-795338ba-55e2-4123-b84f-110e7026c6b0 6f273336732542e882b4bc3e5b226755 fb5e4b39adfb4ae2a7571e97c8218a48 - - default default] 10.0.0.248 "GET /v2.0/security-groups HTTP/1.1" status: 200 len: 2996 time: 0.1045103
2026-07-02 11:15:58.586 9 INFO neutron.wsgi [None req-cd113539-77b0-4884-bfae-b6a9a7032037 6f273336732542e882b4bc3e5b226755 fb5e4b39adfb4ae2a7571e97c8218a48 - - default default] 10.0.0.248 "GET /v2.0/security-groups HTTP/1.1" status: 200 len: 2996 time: 0.0582495
2026-07-02 11:15:58.631 10 INFO neutron.db.ovn_revision_numbers_db [None req-763d87c8-6bdf-4eba-92f2-49be3e009292 - - - - - -] Successfully bumped revision number for resource 4974e69e-5f4b-4ca6-b84f-ae3c07320658 (type: router_ports) to 2
2026-07-02 11:15:58.635 9 INFO neutron.wsgi [-] 10.0.0.201 "GET / HTTP/1.1" status: 200 len: 247 time: 0.0013742
2026-07-02 11:15:58.637 9 INFO neutron.wsgi [-] 10.0.0.201 "GET / HTTP/1.1" status: 200 len: 247 time: 0.0009449
2026-07-02 11:15:58.646 9 INFO neutron.db.ovn_revision_numbers_db [None req-073a6816-7725-4a8f-907a-b624325a0100 - - - - - -] Successfully bumped revision number for resource 9c558cf9-b0c4-4a2d-b16a-42aa933c26a2 (type: router_ports) to 4
2026-07-02 11:15:58.677 9 INFO neutron.db.ovn_revision_numbers_db [None req-acb38d8f-e09d-499d-90f4-ac4faaf261bd cad145f87c2c456eb7fa960a99e7fed1 c4b68023693a4bf0bff18cca4ef65769 - - default default] Successfully bumped revision number for resource 4974e69e-5f4b-4ca6-b84f-ae3c07320658 (type: router_ports) to 2
2026-07-02 11:15:58.679 9 INFO neutron.wsgi [None req-acb38d8f-e09d-499d-90f4-ac4faaf261bd cad145f87c2c456eb7fa960a99e7fed1 c4b68023693a4bf0bff18cca4ef65769 - - default default] 10.0.0.248 "PUT /v2.0/routers/7a0eafb4-62e2-481d-b9f1-4b0988ae1c71/add_router_interface HTTP/1.1" status: 200 len: 503 time: 3.0863419
2026-07-02 11:15:58.775 10 INFO neutron.wsgi [None req-f1b91b27-db1b-4af9-94f5-2d74d356c729 cad145f87c2c456eb7fa960a99e7fed1 c4b68023693a4bf0bff18cca4ef65769 - - default default] 10.0.0.248 "GET /v2.0/ports/4974e69e-5f4b-4ca6-b84f-ae3c07320658 HTTP/1.1" status: 200 len: 1137 time: 0.0826898
2026-07-02 11:15:58.810 10 INFO neutron.wsgi [None req-8554c2a1-4da1-4d03-92a3-cf20b017812a cad145f87c2c456eb7fa960a99e7fed1 c4b68023693a4bf0bff18cca4ef65769 - - default default] 10.0.0.248 "GET /v2.0/ports/4974e69e-5f4b-4ca6-b84f-ae3c07320658 HTTP/1.1" status: 200 len: 1137 time: 0.0301108
2026-07-02 11:15:59.284 10 INFO neutron.wsgi [None req-0d4f4d2f-1cb7-4167-b08f-40491559f0ba 77240ad744294c35b7ae80100fc78dbe 0a98d02fb3d8404a862651be04768bd5 - - default default] 10.0.0.248 "GET /v2.0/security-groups?tenant_id=fb5e4b39adfb4ae2a7571e97c8218a48&name=default HTTP/1.1" status: 200 len: 2996 time: 0.2147696
2026-07-02 11:15:59.505 9 INFO neutron.wsgi [None req-fc23b76e-09ab-46f6-8cbe-55cf7e0c0bf3 77240ad744294c35b7ae80100fc78dbe 0a98d02fb3d8404a862651be04768bd5 - - default default] 10.0.0.248 "DELETE /v2.0/security-groups/0b95ea3b-ef8a-428c-b190-a3285b0c61f5 HTTP/1.1" status: 204 len: 168 time: 0.2157159
2026-07-02 11:15:59.594 10 INFO neutron.wsgi [None req-e3bb193a-af03-4269-ab74-e8052ce0c272 cad145f87c2c456eb7fa960a99e7fed1 c4b68023693a4bf0bff18cca4ef65769 - - default default] 10.0.0.248 "PUT /v2.0/routers/7a0eafb4-62e2-481d-b9f1-4b0988ae1c71/remove_router_interface HTTP/1.1" status: 200 len: 503 time: 0.7782977 /var/lib/openstack/lib/python3.10/site-packages/pycadf/identifier.py:71: UserWarning: Invalid uuid: neutron. To ensure interoperability, identifiers should be a valid uuid. warnings.warn(('Invalid uuid: %s. To ensure interoperability, '
2026-07-02 11:15:59.690 10 INFO neutron.wsgi [None req-e49e21e0-db81-4b45-a3f3-da733f7499fa cad145f87c2c456eb7fa960a99e7fed1 c4b68023693a4bf0bff18cca4ef65769 - - default default] 10.0.0.248 "GET /v2.0/ports/ba8eb628-806e-4c12-a109-9b13a3eb1c3e HTTP/1.1" status: 200 len: 1137 time: 0.0900500
2026-07-02 11:16:00.374 10 INFO neutron.wsgi [None req-aa25e561-74c1-486d-b730-49c3b3c25bed cad145f87c2c456eb7fa960a99e7fed1 c4b68023693a4bf0bff18cca4ef65769 - - default default] 10.0.0.248 "PUT /v2.0/routers/7a0eafb4-62e2-481d-b9f1-4b0988ae1c71/remove_router_interface HTTP/1.1" status: 200 len: 503 time: 0.6783593 /var/lib/openstack/lib/python3.10/site-packages/pycadf/identifier.py:71: UserWarning: Invalid uuid: neutron. To ensure interoperability, identifiers should be a valid uuid. warnings.warn(('Invalid uuid: %s. To ensure interoperability, '
2026-07-02 11:16:00.383 9 WARNING neutron.plugins.ml2.drivers.ovn.mech_driver.ovsdb.ovn_client [None req-b582701f-b510-457f-adbc-1e1007217209 - - - - - -] No port found with ID ba8eb628-806e-4c12-a109-9b13a3eb1c3e: RuntimeError: No port found with ID ba8eb628-806e-4c12-a109-9b13a3eb1c3e
2026-07-02 11:16:00.383 9 INFO neutron.plugins.ml2.drivers.ovn.mech_driver.mech_driver [None req-b582701f-b510-457f-adbc-1e1007217209 - - - - - -] OVN reports status up for port: 37dccfb7-5c62-4fe6-a745-ea45a8482c30
2026-07-02 11:16:00.390 9 INFO neutron.plugins.ml2.plugin [None req-b582701f-b510-457f-adbc-1e1007217209 - - - - - -] Attempt 1 to provision port 37dccfb7-5c62-4fe6-a745-ea45a8482c30
2026-07-02 11:16:00.641 10 INFO neutron.wsgi [None req-5c8a8a54-8a39-43e8-84d7-ff14688f270b cad145f87c2c456eb7fa960a99e7fed1 c4b68023693a4bf0bff18cca4ef65769 - - default default] 10.0.0.248 "GET /v2.0/ports?device_id=7a0eafb4-62e2-481d-b9f1-4b0988ae1c71 HTTP/1.1" status: 200 len: 205 time: 0.2621586
2026-07-02 11:16:00.729 9 INFO neutron.db.ovn_revision_numbers_db [None req-b582701f-b510-457f-adbc-1e1007217209 - - - - - -] Successfully bumped revision number for resource 37dccfb7-5c62-4fe6-a745-ea45a8482c30 (type: ports) to 2
2026-07-02 11:16:00.873 10 INFO neutron.wsgi [None req-864ea501-991f-4ef3-a133-efc2138cf3a6 cad145f87c2c456eb7fa960a99e7fed1 c4b68023693a4bf0bff18cca4ef65769 - - default default] 10.0.0.248 "DELETE /v2.0/routers/7a0eafb4-62e2-481d-b9f1-4b0988ae1c71 HTTP/1.1" status: 204 len: 168 time: 0.2194345
2026-07-02 11:16:00.886 9 INFO neutron.db.ovn_revision_numbers_db [None req-b582701f-b510-457f-adbc-1e1007217209 - - - - - -] Successfully bumped revision number for resource 37dccfb7-5c62-4fe6-a745-ea45a8482c30 (type: router_ports) to 2
2026-07-02 11:16:00.958 10 INFO neutron.wsgi [req-78053875-fa3f-465b-8efc-04f78ce4c28d req-9545e603-0ce6-4d10-b257-9125c772879f 09c1b81649164d7a9f7b1ffa066cc05c 28c1e7dae7cf40ef9401ec5de545c4ce - - default default] 10.0.0.229 "GET /v2.0/networks?id=c93a5f45-f2b0-434f-82f3-62b50e6eee87 HTTP/1.1" status: 200 len: 871 time: 0.0752349
2026-07-02 11:16:00.978 10 INFO neutron.wsgi [req-78053875-fa3f-465b-8efc-04f78ce4c28d req-b0dabdfc-bceb-46ee-be67-96ecd5c972ed 09c1b81649164d7a9f7b1ffa066cc05c 28c1e7dae7cf40ef9401ec5de545c4ce - - default default] 10.0.0.229 "GET /v2.0/quotas/28c1e7dae7cf40ef9401ec5de545c4ce HTTP/1.1" status: 200 len: 386 time: 0.0116580
2026-07-02 11:16:01.076 10 INFO neutron.wsgi [req-78053875-fa3f-465b-8efc-04f78ce4c28d req-8b826ca1-84c3-4966-ad50-9a26f50c6bf2 09c1b81649164d7a9f7b1ffa066cc05c 28c1e7dae7cf40ef9401ec5de545c4ce - - default default] 10.0.0.229 "GET /v2.0/ports?tenant_id=28c1e7dae7cf40ef9401ec5de545c4ce&fields=id HTTP/1.1" status: 200 len: 302 time: 0.0914738
2026-07-02 11:16:01.106 9 INFO neutron.wsgi [None req-b40977a7-31d6-4eb8-9d2c-8f6e9a844063 cad145f87c2c456eb7fa960a99e7fed1 c4b68023693a4bf0bff18cca4ef65769 - - default default] 10.0.0.248 "DELETE /v2.0/subnets/8ba98b3a-68b2-424a-8433-d952a1885a84 HTTP/1.1" status: 204 len: 168 time: 0.2272222
2026-07-02 11:16:01.174 10 INFO neutron.wsgi [req-78053875-fa3f-465b-8efc-04f78ce4c28d req-051bd380-b259-4809-b670-8e111ec5c3e4 c009b804a6574fc1a3e7663aadd95622 a1e5a7691a304189972788d916dfc909 - - 7e6cee0005ce4cdbbd56e806f4693548 7e6cee0005ce4cdbbd56e806f4693548] 10.0.0.229 "GET /v2.0/networks/c93a5f45-f2b0-434f-82f3-62b50e6eee87?fields=segments HTTP/1.1" status: 200 len: 212 time: 0.0889306
2026-07-02 11:16:01.294 9 INFO neutron.wsgi [-] 10.0.0.248 "GET / HTTP/1.1" status: 200 len: 279 time: 0.0020511
2026-07-02 11:16:01.313 10 INFO neutron.wsgi [req-78053875-fa3f-465b-8efc-04f78ce4c28d req-c1bf038e-dd55-447d-a739-07a1e0f31744 c009b804a6574fc1a3e7663aadd95622 a1e5a7691a304189972788d916dfc909 - - 7e6cee0005ce4cdbbd56e806f4693548 7e6cee0005ce4cdbbd56e806f4693548] 10.0.0.229 "GET /v2.0/networks/c93a5f45-f2b0-434f-82f3-62b50e6eee87?fields=provider%3Aphysical_network&fields=provider%3Anetwork_type HTTP/1.1" status: 200 len: 277 time: 0.1200266
2026-07-02 11:16:01.361 10 INFO neutron.wsgi [req-986cbbca-2b5c-48b9-bed5-05b25aca795e req-e96114c1-df7a-4c5b-a436-ba2cede5751b e146d90c1c2c40c7905a178fd59ac0b0 cc6389961abe4634b40722a02252bd53 - - default default] 10.0.0.229 "GET /v2.0/ports?device_id=2d38d819-10f2-4dfb-bb48-61419a35936e HTTP/1.1" status: 200 len: 1170 time: 0.1251838
2026-07-02 11:16:01.417 10 INFO neutron.wsgi [req-986cbbca-2b5c-48b9-bed5-05b25aca795e req-19c49edd-358d-40a0-a51f-254e4cd09b9a e146d90c1c2c40c7905a178fd59ac0b0 cc6389961abe4634b40722a02252bd53 - - default default] 10.0.0.229 "GET /v2.0/security-groups?id=189cbc6e-18dd-4a76-a322-1bc5ebe44980&fields=id&fields=name HTTP/1.1" status: 200 len: 313 time: 0.0490329
2026-07-02 11:16:01.436 10 INFO neutron.wsgi [None req-600c1346-ecc6-4334-9c4e-c7457bcce56e cad145f87c2c456eb7fa960a99e7fed1 c4b68023693a4bf0bff18cca4ef65769 - - default default] 10.0.0.248 "DELETE /v2.0/subnets/dbe73875-e129-4521-9152-399f7721b249 HTTP/1.1" status: 204 len: 168 time: 0.3243141
2026-07-02 11:16:01.478 10 INFO neutron.wsgi [req-eeef6018-baca-42f7-907a-9620b21b3d74 req-1cbfb3d8-863d-4035-b3a4-5f82cb39c41c 09c1b81649164d7a9f7b1ffa066cc05c 28c1e7dae7cf40ef9401ec5de545c4ce - - default default] 10.0.0.229 "GET /v2.0/ports?device_id=08d6c3be-b1ac-4e72-8086-dc7a09995462 HTTP/1.1" status: 200 len: 210 time: 0.0217276
2026-07-02 11:16:01.531 10 INFO neutron.wsgi [req-0070f954-b838-4ddc-9b4c-c83048ea949d req-10c0809a-d7f9-47c6-b16c-1b5dafb8229e e146d90c1c2c40c7905a178fd59ac0b0 cc6389961abe4634b40722a02252bd53 - - default default] 10.0.0.229 "GET /v2.0/ports?device_id=2d38d819-10f2-4dfb-bb48-61419a35936e HTTP/1.1" status: 200 len: 1170 time: 0.0435236
2026-07-02 11:16:01.533 9 INFO neutron.wsgi [None req-90d8d726-3319-4500-afdd-3f23b6b1c68c 0ecdd8bf225647259c028e2d107d96a8 f2ebeb5d5a334a7ebc7fa85c70f41b09 - - default default] 10.0.0.248 "GET /v2.0/ HTTP/1.1" status: 200 len: 826 time: 0.2344301
2026-07-02 11:16:01.576 10 INFO neutron.wsgi [req-0070f954-b838-4ddc-9b4c-c83048ea949d req-93403bbf-8a68-49e0-9278-b1681005a27d e146d90c1c2c40c7905a178fd59ac0b0 cc6389961abe4634b40722a02252bd53 - - default default] 10.0.0.229 "GET /v2.0/security-groups?id=189cbc6e-18dd-4a76-a322-1bc5ebe44980&fields=id&fields=name HTTP/1.1" status: 200 len: 313 time: 0.0371258
2026-07-02 11:16:01.969 10 INFO neutron.wsgi [req-aa50a007-fd6d-49a3-bc2f-42ac96beb60f req-9e821534-2ee4-4a7d-9a45-87710dd24522 e146d90c1c2c40c7905a178fd59ac0b0 cc6389961abe4634b40722a02252bd53 - - default default] 10.0.0.229 "GET /v2.0/ports?device_id=2d38d819-10f2-4dfb-bb48-61419a35936e HTTP/1.1" status: 200 len: 1170 time: 0.0625653
2026-07-02 11:16:01.969 9 INFO neutron.wsgi [req-0da5bfcb-4cdd-480c-addf-ba0c856b3cc7 req-7fe5f7e0-cf59-4313-9477-5eb4343dd7be c009b804a6574fc1a3e7663aadd95622 a1e5a7691a304189972788d916dfc909 - - 7e6cee0005ce4cdbbd56e806f4693548 7e6cee0005ce4cdbbd56e806f4693548] 199.19.213.63 "GET /v2.0/ports?tenant_id=cc6389961abe4634b40722a02252bd53&device_id=2d38d819-10f2-4dfb-bb48-61419a35936e HTTP/1.1" status: 200 len: 1409 time: 0.0536098
2026-07-02 11:16:02.020 10 INFO neutron.wsgi [req-aa50a007-fd6d-49a3-bc2f-42ac96beb60f req-2b0fb16d-c2e8-4b7d-92ba-b8cad77b2799 e146d90c1c2c40c7905a178fd59ac0b0 cc6389961abe4634b40722a02252bd53 - - default default] 10.0.0.229 "GET /v2.0/security-groups?id=189cbc6e-18dd-4a76-a322-1bc5ebe44980&fields=id&fields=name HTTP/1.1" status: 200 len: 313 time: 0.0439553
2026-07-02 11:16:02.099 9 INFO neutron.wsgi [req-0da5bfcb-4cdd-480c-addf-ba0c856b3cc7 req-b8bd725f-8788-4a0e-97d3-d84d4041020a c009b804a6574fc1a3e7663aadd95622 a1e5a7691a304189972788d916dfc909 - - 7e6cee0005ce4cdbbd56e806f4693548 7e6cee0005ce4cdbbd56e806f4693548] 199.19.213.63 "GET /v2.0/networks?id=53a07dec-ee09-4791-8a87-75add270addf HTTP/1.1" status: 200 len: 973 time: 0.1151967
2026-07-02 11:16:02.146 9 INFO neutron.services.segments.plugin [-] Segment fc7f819f-0c37-4bad-a950-700d27161b0f resource provider aggregate not found
2026-07-02 11:16:02.167 9 INFO neutron.services.segments.plugin [-] Segment fc7f819f-0c37-4bad-a950-700d27161b0f resource provider aggregate not found
2026-07-02 11:16:02.194 9 INFO neutron.services.segments.plugin [-] Segment fc7f819f-0c37-4bad-a950-700d27161b0f resource provider not found; error: Placement Client Error (4xx): {"errors": [{"status": 404, "title": "Not Found", "detail": "The resource could not be found.\n\n No resource provider with uuid fc7f819f-0c37-4bad-a950-700d27161b0f found for delete ", "request_id": "req-68769abc-8ad4-4727-bb51-3ca303f7d447"}]}
2026-07-02 11:16:02.195 9 INFO neutron.services.segments.plugin [-] Segment fc7f819f-0c37-4bad-a950-700d27161b0f resource provider not found; error: Placement Client Error (4xx): {"errors": [{"status": 404, "title": "Not Found", "detail": "The resource could not be found.\n\n No resource provider with uuid fc7f819f-0c37-4bad-a950-700d27161b0f found for delete ", "request_id": "req-28935ef0-12b1-4bd7-82af-40da0e71286b"}]}
2026-07-02 11:16:02.208 9 INFO neutron.wsgi [req-0da5bfcb-4cdd-480c-addf-ba0c856b3cc7 req-80c17a10-8307-4b1a-8d6f-7e7c0e6d0218 c009b804a6574fc1a3e7663aadd95622 a1e5a7691a304189972788d916dfc909 - - 7e6cee0005ce4cdbbd56e806f4693548 7e6cee0005ce4cdbbd56e806f4693548] 199.19.213.63 "GET /v2.0/floatingips?fixed_ip_address=10.100.0.7&port_id=f9c591ac-fa7e-4ee2-a55d-a9f3da1cd17a HTTP/1.1" status: 200 len: 1059 time: 0.1039479
2026-07-02 11:16:02.229 9 INFO neutron.wsgi [None req-115d152b-b25b-4380-aa0c-f2955dced4c7 cad145f87c2c456eb7fa960a99e7fed1 c4b68023693a4bf0bff18cca4ef65769 - - default default] 10.0.0.248 "DELETE /v2.0/networks/97f11415-3ae5-4c64-adea-a52d23b44d71 HTTP/1.1" status: 204 len: 168 time: 0.7803779
2026-07-02 11:16:02.276 9 INFO neutron.wsgi [req-0da5bfcb-4cdd-480c-addf-ba0c856b3cc7 req-7c46b7ba-21e4-4767-9946-1393016c3075 c009b804a6574fc1a3e7663aadd95622 a1e5a7691a304189972788d916dfc909 - - 7e6cee0005ce4cdbbd56e806f4693548 7e6cee0005ce4cdbbd56e806f4693548] 199.19.213.63 "GET /v2.0/subnets?id=67dddd99-fdae-4afe-b7a8-bfb6319d9ee2 HTTP/1.1" status: 200 len: 869 time: 0.0455787
2026-07-02 11:16:02.309 9 INFO neutron.wsgi [req-0da5bfcb-4cdd-480c-addf-ba0c856b3cc7 req-3f30327a-2e0b-4958-8662-fb9b8dfed11c c009b804a6574fc1a3e7663aadd95622 a1e5a7691a304189972788d916dfc909 - - 7e6cee0005ce4cdbbd56e806f4693548 7e6cee0005ce4cdbbd56e806f4693548] 199.19.213.63 "GET /v2.0/ports?network_id=53a07dec-ee09-4791-8a87-75add270addf&device_owner=network%3Adhcp HTTP/1.1" status: 200 len: 210 time: 0.0260921
2026-07-02 11:16:02.385 9 INFO neutron.wsgi [req-0da5bfcb-4cdd-480c-addf-ba0c856b3cc7 req-756a2152-147f-4abc-9079-75d2602122ba c009b804a6574fc1a3e7663aadd95622 a1e5a7691a304189972788d916dfc909 - - 7e6cee0005ce4cdbbd56e806f4693548 7e6cee0005ce4cdbbd56e806f4693548] 199.19.213.63 "GET /v2.0/networks/53a07dec-ee09-4791-8a87-75add270addf?fields=segments HTTP/1.1" status: 200 len: 212 time: 0.0690584
2026-07-02 11:16:02.388 10 INFO neutron.wsgi [req-78053875-fa3f-465b-8efc-04f78ce4c28d req-91d6484e-c186-4986-8230-9cf80b31c2de 09c1b81649164d7a9f7b1ffa066cc05c 28c1e7dae7cf40ef9401ec5de545c4ce - - default default] 199.19.213.63 "GET /v2.0/networks?id=c93a5f45-f2b0-434f-82f3-62b50e6eee87 HTTP/1.1" status: 200 len: 871 time: 0.0851877
2026-07-02 11:16:02.477 9 INFO neutron.wsgi [req-0da5bfcb-4cdd-480c-addf-ba0c856b3cc7 req-188b6bf5-ca57-4be8-b607-b4fdfe4c122b c009b804a6574fc1a3e7663aadd95622 a1e5a7691a304189972788d916dfc909 - - 7e6cee0005ce4cdbbd56e806f4693548 7e6cee0005ce4cdbbd56e806f4693548] 199.19.213.63 "GET /v2.0/networks/53a07dec-ee09-4791-8a87-75add270addf?fields=provider%3Aphysical_network&fields=provider%3Anetwork_type HTTP/1.1" status: 200 len: 277 time: 0.0788565
2026-07-02 11:16:02.561 10 INFO neutron.db.ovn_revision_numbers_db [None req-be34f3b0-9f9d-43a6-b154-8b2980aa0f91 77240ad744294c35b7ae80100fc78dbe 0a98d02fb3d8404a862651be04768bd5 - - default default] Successfully bumped revision number for resource 7b651344-deff-4585-bc3e-6605ceb49e1c (type: security_groups) to 1
