2026-07-02 11:09:56.925 9 INFO neutron.wsgi [None req-d1759a21-01c9-4db8-a579-777c7251a0c2 77240ad744294c35b7ae80100fc78dbe 0a98d02fb3d8404a862651be04768bd5 - - default default] 10.0.0.148 "GET /v2.0/subnetpools HTTP/1.1" status: 200 len: 193 time: 0.0143070
2026-07-02 11:09:58.636 10 INFO neutron.wsgi [-] 10.0.0.201 "GET / HTTP/1.1" status: 200 len: 247 time: 0.0020220
2026-07-02 11:09:58.638 10 INFO neutron.wsgi [-] 10.0.0.201 "GET / HTTP/1.1" status: 200 len: 247 time: 0.0017395
2026-07-02 11:10:13.637 9 INFO neutron.wsgi [-] 10.0.0.201 "GET / HTTP/1.1" status: 200 len: 247 time: 0.0024188
2026-07-02 11:10:13.637 10 INFO neutron.wsgi [-] 10.0.0.201 "GET / HTTP/1.1" status: 200 len: 247 time: 0.0024364
2026-07-02 11:10:15.380 9 INFO neutron.wsgi [None req-8a527cb0-7478-40eb-beb6-48960ca51ec3 77240ad744294c35b7ae80100fc78dbe 0a98d02fb3d8404a862651be04768bd5 - - default default] 199.19.213.63,10.0.0.201 "GET /v2.0/networks HTTP/1.1" status: 200 len: 2349 time: 0.1176147
2026-07-02 11:10:16.411 9 INFO neutron.wsgi [None req-0386894c-6d9d-4deb-b941-6879c6d2f422 77240ad744294c35b7ae80100fc78dbe 0a98d02fb3d8404a862651be04768bd5 - - default default] 199.19.213.63,10.0.0.201 "GET /v2.0/subnets HTTP/1.1" status: 200 len: 1437 time: 0.0694611
2026-07-02 11:10:16.492 9 INFO neutron.wsgi [None req-15f782d8-a756-40c8-9613-316db0c3b155 77240ad744294c35b7ae80100fc78dbe 0a98d02fb3d8404a862651be04768bd5 - - default default] 199.19.213.63,10.0.0.201 "GET /v2.0/networks HTTP/1.1" status: 200 len: 2349 time: 0.0739782
2026-07-02 11:10:28.637 9 INFO neutron.wsgi [-] 10.0.0.201 "GET / HTTP/1.1" status: 200 len: 247 time: 0.0025852
2026-07-02 11:10:28.639 10 INFO neutron.wsgi [-] 10.0.0.201 "GET / HTTP/1.1" status: 200 len: 247 time: 0.0040386
2026-07-02 11:10:43.636 9 INFO neutron.wsgi [-] 10.0.0.201 "GET / HTTP/1.1" status: 200 len: 247 time: 0.0025039
2026-07-02 11:10:43.636 10 INFO neutron.wsgi [-] 10.0.0.201 "GET / HTTP/1.1" status: 200 len: 247 time: 0.0025690
2026-07-02 11:10:53.338 9 INFO neutron.wsgi [None req-4a05cd6b-30dd-4cc1-b333-6bf57886f56f 77240ad744294c35b7ae80100fc78dbe 0a98d02fb3d8404a862651be04768bd5 - - default default] 199.19.213.63,10.0.0.201 "GET /v2.0/networks HTTP/1.1" status: 200 len: 2349 time: 0.1127458
2026-07-02 11:10:54.281 9 INFO neutron.wsgi [None req-f7a72e4a-e6b5-4805-b1b3-b39c5ee51dc2 77240ad744294c35b7ae80100fc78dbe 0a98d02fb3d8404a862651be04768bd5 - - default default] 199.19.213.63,10.0.0.201 "GET /v2.0/subnets HTTP/1.1" status: 200 len: 1437 time: 0.0899487
2026-07-02 11:10:54.353 9 INFO neutron.wsgi [None req-24fd82b3-6bc7-4552-bacb-d55102650cba 77240ad744294c35b7ae80100fc78dbe 0a98d02fb3d8404a862651be04768bd5 - - default default] 199.19.213.63,10.0.0.201 "GET /v2.0/networks HTTP/1.1" status: 200 len: 2349 time: 0.0656567
2026-07-02 11:10:55.570 9 INFO neutron.wsgi [None req-1c31a0b8-3072-4557-9be2-93e916d990ec 77240ad744294c35b7ae80100fc78dbe 0a98d02fb3d8404a862651be04768bd5 - - default default] 199.19.213.63,10.0.0.201 "GET /v2.0/security-groups?tenant_id=0a98d02fb3d8404a862651be04768bd5 HTTP/1.1" status: 200 len: 10161 time: 0.1017923
2026-07-02 11:10:56.524 9 INFO neutron.wsgi [None req-bc8c377d-a7a3-4c32-9dd0-db4ff4fdb483 77240ad744294c35b7ae80100fc78dbe 0a98d02fb3d8404a862651be04768bd5 - - default default] 10.0.0.148 "GET /v2.0/routers HTTP/1.1" status: 200 len: 189 time: 0.0957773
2026-07-02 11:10:56.569 9 INFO neutron.wsgi [None req-4112e611-a5ee-47a6-9de0-920d29a1ca20 77240ad744294c35b7ae80100fc78dbe 0a98d02fb3d8404a862651be04768bd5 - - default default] 10.0.0.148 "GET /v2.0/agents?binary=ovn-controller HTTP/1.1" status: 200 len: 591 time: 0.0441980
2026-07-02 11:10:56.602 9 INFO neutron.wsgi [None req-b635fdc5-127a-4f23-8e85-5bac9d88a1b8 77240ad744294c35b7ae80100fc78dbe 0a98d02fb3d8404a862651be04768bd5 - - default default] 10.0.0.148 "GET /v2.0/subnets HTTP/1.1" status: 200 len: 1437 time: 0.0314946
2026-07-02 11:10:56.612 9 INFO neutron.wsgi [None req-91c2381f-192b-4035-842c-9a467d14b142 77240ad744294c35b7ae80100fc78dbe 0a98d02fb3d8404a862651be04768bd5 - - default default] 10.0.0.148 "GET /v2.0/subnetpools HTTP/1.1" status: 200 len: 193 time: 0.0090797
2026-07-02 11:10:56.659 9 INFO neutron.wsgi [None req-539004c0-f083-461c-b7f9-d907722f482c 77240ad744294c35b7ae80100fc78dbe 0a98d02fb3d8404a862651be04768bd5 - - default default] 10.0.0.148 "GET /v2.0/security-groups HTTP/1.1" status: 200 len: 16803 time: 0.0470793
2026-07-02 11:10:56.722 9 INFO neutron.wsgi [None req-ce2bae83-b9db-4fb2-8098-1454fb90339d 77240ad744294c35b7ae80100fc78dbe 0a98d02fb3d8404a862651be04768bd5 - - default default] 10.0.0.148 "GET /v2.0/ports HTTP/1.1" status: 200 len: 5351 time: 0.0583019
2026-07-02 11:10:56.745 9 INFO neutron.wsgi [None req-5c49cc1c-a427-4608-9871-6bd3b07ae923 77240ad744294c35b7ae80100fc78dbe 0a98d02fb3d8404a862651be04768bd5 - - default default] 10.0.0.148 "GET /v2.0/floatingips HTTP/1.1" status: 200 len: 193 time: 0.0185409
2026-07-02 11:10:56.820 9 INFO neutron.wsgi [None req-b54ac5d7-b067-46e2-8513-d9bf4fb5d337 77240ad744294c35b7ae80100fc78dbe 0a98d02fb3d8404a862651be04768bd5 - - default default] 199.19.213.63,10.0.0.201 "GET /v2.0/security-groups?tenant_id=0a98d02fb3d8404a862651be04768bd5 HTTP/1.1" status: 200 len: 10161 time: 0.1084509
2026-07-02 11:10:56.823 9 INFO neutron.wsgi [None req-de91657d-f6bb-40de-95d4-0eb12d58f5a9 77240ad744294c35b7ae80100fc78dbe 0a98d02fb3d8404a862651be04768bd5 - - default default] 10.0.0.148 "GET /v2.0/networks HTTP/1.1" status: 200 len: 2349 time: 0.0779979
2026-07-02 11:10:56.862 9 INFO neutron.wsgi [None req-ec0d1115-fd82-41e5-af95-a9a6b17c270d 77240ad744294c35b7ae80100fc78dbe 0a98d02fb3d8404a862651be04768bd5 - - default default] 10.0.0.148 "GET /v2.0/subnets HTTP/1.1" status: 200 len: 1437 time: 0.0365589
2026-07-02 11:10:56.880 9 INFO neutron.wsgi [None req-70b4f85c-df90-41dc-bc58-bbd635cc3f65 77240ad744294c35b7ae80100fc78dbe 0a98d02fb3d8404a862651be04768bd5 - - default default] 10.0.0.148 "GET /v2.0/agents HTTP/1.1" status: 200 len: 997 time: 0.0169055
2026-07-02 11:10:56.896 9 INFO neutron.wsgi [None req-840e94c2-d450-45e6-9d77-9c9b57e74b4a 77240ad744294c35b7ae80100fc78dbe 0a98d02fb3d8404a862651be04768bd5 - - default default] 10.0.0.148 "GET /v2.0/network-ip-availabilities HTTP/1.1" status: 200 len: 1280 time: 0.0140266
2026-07-02 11:10:57.706 9 INFO neutron.wsgi [None req-6bbf354c-e22a-4a71-8619-27828aa06325 77240ad744294c35b7ae80100fc78dbe 0a98d02fb3d8404a862651be04768bd5 - - default default] 199.19.213.63,10.0.0.201 "GET /v2.0/security-groups?tenant_id=0a98d02fb3d8404a862651be04768bd5 HTTP/1.1" status: 200 len: 10161 time: 0.0819049
2026-07-02 11:10:58.593 9 INFO neutron.wsgi [None req-ff35003c-8be5-4022-80c2-8ae86b4d649f 77240ad744294c35b7ae80100fc78dbe 0a98d02fb3d8404a862651be04768bd5 - - default default] 199.19.213.63,10.0.0.201 "GET /v2.0/security-groups?tenant_id=0a98d02fb3d8404a862651be04768bd5 HTTP/1.1" status: 200 len: 10161 time: 0.0889084
2026-07-02 11:10:58.638 10 INFO neutron.wsgi [-] 10.0.0.201 "GET / HTTP/1.1" status: 200 len: 247 time: 0.0028965
2026-07-02 11:10:58.641 10 INFO neutron.wsgi [-] 10.0.0.201 "GET / HTTP/1.1" status: 200 len: 247 time: 0.0027423
2026-07-02 11:10:59.430 9 INFO neutron.wsgi [None req-7b9deaa4-8f86-4158-a6a4-33526b6ea133 77240ad744294c35b7ae80100fc78dbe 0a98d02fb3d8404a862651be04768bd5 - - default default] 199.19.213.63,10.0.0.201 "GET /v2.0/security-groups?tenant_id=0a98d02fb3d8404a862651be04768bd5 HTTP/1.1" status: 200 len: 10161 time: 0.0711401
2026-07-02 11:11:00.302 9 INFO neutron.wsgi [None req-629d2d17-4553-4025-b036-826fc49d6a3c 77240ad744294c35b7ae80100fc78dbe 0a98d02fb3d8404a862651be04768bd5 - - default default] 199.19.213.63,10.0.0.201 "GET /v2.0/security-groups?tenant_id=0a98d02fb3d8404a862651be04768bd5 HTTP/1.1" status: 200 len: 10161 time: 0.0918603
2026-07-02 11:11:01.549 9 INFO neutron.wsgi [None req-4c6e8621-f4c5-4a27-9c39-ddbfd2a6ded4 77240ad744294c35b7ae80100fc78dbe 0a98d02fb3d8404a862651be04768bd5 - - default default] 199.19.213.63,10.0.0.201 "GET /v2.0/security-groups HTTP/1.1" status: 200 len: 16803 time: 0.1100791
2026-07-02 11:11:01.603 9 INFO neutron.wsgi [None req-fcaaa33b-00e2-4e54-8238-a53651d483fe 77240ad744294c35b7ae80100fc78dbe 0a98d02fb3d8404a862651be04768bd5 - - default default] 199.19.213.63,10.0.0.201 "GET /v2.0/ports HTTP/1.1" status: 200 len: 5351 time: 0.0427387
2026-07-02 11:11:08.481 9 INFO neutron.pecan_wsgi.hooks.translation [None req-e106ef57-ee32-41ec-b1f2-bd8d85b3bf4f 77240ad744294c35b7ae80100fc78dbe 0a98d02fb3d8404a862651be04768bd5 - - default default] GET failed (client error): The resource could not be found.
2026-07-02 11:11:08.482 9 INFO neutron.wsgi [None req-e106ef57-ee32-41ec-b1f2-bd8d85b3bf4f 77240ad744294c35b7ae80100fc78dbe 0a98d02fb3d8404a862651be04768bd5 - - default default] 199.19.213.63,10.0.0.201 "GET /v2.0/ports/octavia-health-manager-port-instance HTTP/1.1" status: 404 len: 314 time: 0.0681062
2026-07-02 11:11:08.518 9 INFO neutron.wsgi [None req-071ee302-6c72-4eb7-a2f8-2805f59ad56f 77240ad744294c35b7ae80100fc78dbe 0a98d02fb3d8404a862651be04768bd5 - - default default] 199.19.213.63,10.0.0.201 "GET /v2.0/ports?name=octavia-health-manager-port-instance HTTP/1.1" status: 200 len: 1399 time: 0.0308955
2026-07-02 11:11:10.228 9 INFO neutron.wsgi [None req-cb26b1c5-d208-4f17-944e-c1ec891c351f 77240ad744294c35b7ae80100fc78dbe 0a98d02fb3d8404a862651be04768bd5 - - default default] 199.19.213.63,10.0.0.201 "GET /v2.0/ports HTTP/1.1" status: 200 len: 5351 time: 0.0916822
2026-07-02 11:11:11.270 9 INFO neutron.wsgi [None req-8edfa22f-bfc5-4848-83ff-5751ce25f3b1 77240ad744294c35b7ae80100fc78dbe 0a98d02fb3d8404a862651be04768bd5 - - default default] 199.19.213.63,10.0.0.201 "GET /v2.0/security-groups?tenant_id=0a98d02fb3d8404a862651be04768bd5 HTTP/1.1" status: 200 len: 10161 time: 0.0814543
2026-07-02 11:11:12.280 9 INFO neutron.wsgi [None req-e955c793-48f2-441b-a7aa-51155746fa7a 77240ad744294c35b7ae80100fc78dbe 0a98d02fb3d8404a862651be04768bd5 - - default default] 199.19.213.63,10.0.0.201 "GET /v2.0/security-groups?tenant_id=0a98d02fb3d8404a862651be04768bd5 HTTP/1.1" status: 200 len: 10161 time: 0.0931630
2026-07-02 11:11:13.142 9 INFO neutron.wsgi [None req-53822e96-339e-4b7b-a50c-d64f047de0fa 77240ad744294c35b7ae80100fc78dbe 0a98d02fb3d8404a862651be04768bd5 - - default default] 199.19.213.63,10.0.0.201 "GET /v2.0/security-groups?tenant_id=0a98d02fb3d8404a862651be04768bd5 HTTP/1.1" status: 200 len: 10161 time: 0.0898650
2026-07-02 11:11:13.637 9 INFO neutron.wsgi [-] 10.0.0.201 "GET / HTTP/1.1" status: 200 len: 247 time: 0.0027642
2026-07-02 11:11:13.637 10 INFO neutron.wsgi [-] 10.0.0.201 "GET / HTTP/1.1" status: 200 len: 247 time: 0.0027561
2026-07-02 11:11:24.427 9 INFO neutron.wsgi [None req-b479363e-fe7d-4fa8-a6c8-c6a5c0aa3fd8 77240ad744294c35b7ae80100fc78dbe 0a98d02fb3d8404a862651be04768bd5 - - default default] 199.19.213.63,10.0.0.201 "GET /v2.0/quotas/0a98d02fb3d8404a862651be04768bd5 HTTP/1.1" status: 200 len: 361 time: 0.0129323
2026-07-02 11:11:28.636 10 INFO neutron.wsgi [-] 10.0.0.201 "GET / HTTP/1.1" status: 200 len: 247 time: 0.0023792
2026-07-02 11:11:28.636 9 INFO neutron.wsgi [-] 10.0.0.201 "GET / HTTP/1.1" status: 200 len: 247 time: 0.0025711
2026-07-02 11:11:43.634 10 INFO neutron.wsgi [-] 10.0.0.201 "GET / HTTP/1.1" status: 200 len: 247 time: 0.0012684
2026-07-02 11:11:43.636 10 INFO neutron.wsgi [-] 10.0.0.201 "GET / HTTP/1.1" status: 200 len: 247 time: 0.0014839
2026-07-02 11:11:56.511 9 INFO neutron.wsgi [None req-bc1996f7-f77a-4c2b-9ff5-c6fe79e52d82 77240ad744294c35b7ae80100fc78dbe 0a98d02fb3d8404a862651be04768bd5 - - default default] 10.0.0.148 "GET /v2.0/subnets HTTP/1.1" status: 200 len: 1437 time: 0.0813942
2026-07-02 11:11:56.521 9 INFO neutron.wsgi [None req-501c4665-6b5f-4ec3-9f69-217990821078 77240ad744294c35b7ae80100fc78dbe 0a98d02fb3d8404a862651be04768bd5 - - default default] 10.0.0.148 "GET /v2.0/subnetpools HTTP/1.1" status: 200 len: 193 time: 0.0095043
2026-07-02 11:11:56.531 9 INFO neutron.wsgi [None req-d535b5d4-014a-4746-8f6c-eb4e22807a73 77240ad744294c35b7ae80100fc78dbe 0a98d02fb3d8404a862651be04768bd5 - - default default] 10.0.0.148 "GET /v2.0/network-ip-availabilities HTTP/1.1" status: 200 len: 1280 time: 0.0092242
2026-07-02 11:11:56.557 9 INFO neutron.wsgi [None req-33aec0bd-9874-4822-95f1-ac482e5706c7 77240ad744294c35b7ae80100fc78dbe 0a98d02fb3d8404a862651be04768bd5 - - default default] 10.0.0.148 "GET /v2.0/routers HTTP/1.1" status: 200 len: 189 time: 0.0256073
2026-07-02 11:11:56.595 9 INFO neutron.wsgi [None req-e24649dd-f4e7-4242-9908-7267e033c340 77240ad744294c35b7ae80100fc78dbe 0a98d02fb3d8404a862651be04768bd5 - - default default] 10.0.0.148 "GET /v2.0/agents?binary=ovn-controller HTTP/1.1" status: 200 len: 591 time: 0.0364168
2026-07-02 11:11:56.609 9 INFO neutron.wsgi [None req-46353c3d-6c76-4cde-aef9-4ddcd8f7e0f6 77240ad744294c35b7ae80100fc78dbe 0a98d02fb3d8404a862651be04768bd5 - - default default] 10.0.0.148 "GET /v2.0/agents HTTP/1.1" status: 200 len: 997 time: 0.0131259
2026-07-02 11:11:56.666 9 INFO neutron.wsgi [None req-5e9ee4fa-f9c4-4298-91de-10b6e578407c 77240ad744294c35b7ae80100fc78dbe 0a98d02fb3d8404a862651be04768bd5 - - default default] 10.0.0.148 "GET /v2.0/security-groups HTTP/1.1" status: 200 len: 16803 time: 0.0557468
2026-07-02 11:11:56.741 9 INFO neutron.wsgi [None req-2221734d-8185-4da9-81e4-571fa1ffb3d9 77240ad744294c35b7ae80100fc78dbe 0a98d02fb3d8404a862651be04768bd5 - - default default] 10.0.0.148 "GET /v2.0/networks HTTP/1.1" status: 200 len: 2349 time: 0.0668328
2026-07-02 11:11:56.775 9 INFO neutron.wsgi [None req-c798a31a-33ca-4f34-ac51-7b03071102a8 77240ad744294c35b7ae80100fc78dbe 0a98d02fb3d8404a862651be04768bd5 - - default default] 10.0.0.148 "GET /v2.0/subnets HTTP/1.1" status: 200 len: 1437 time: 0.0322263
2026-07-02 11:11:56.807 9 INFO neutron.wsgi [None req-c959b35d-398e-41bc-9f2b-8bb39f193251 77240ad744294c35b7ae80100fc78dbe 0a98d02fb3d8404a862651be04768bd5 - - default default] 10.0.0.148 "GET /v2.0/ports HTTP/1.1" status: 200 len: 5351 time: 0.0315449
2026-07-02 11:11:56.831 9 INFO neutron.wsgi [None req-661901bb-8637-4995-91d3-efc0079be87d 77240ad744294c35b7ae80100fc78dbe 0a98d02fb3d8404a862651be04768bd5 - - default default] 10.0.0.148 "GET /v2.0/floatingips HTTP/1.1" status: 200 len: 193 time: 0.0202191
2026-07-02 11:11:58.637 9 INFO neutron.wsgi [-] 10.0.0.201 "GET / HTTP/1.1" status: 200 len: 247 time: 0.0025222
2026-07-02 11:11:58.637 10 INFO neutron.wsgi [-] 10.0.0.201 "GET / HTTP/1.1" status: 200 len: 247 time: 0.0028214
2026-07-02 11:12:13.636 10 INFO neutron.wsgi [-] 10.0.0.201 "GET / HTTP/1.1" status: 200 len: 247 time: 0.0026577
2026-07-02 11:12:13.637 9 INFO neutron.wsgi [-] 10.0.0.201 "GET / HTTP/1.1" status: 200 len: 247 time: 0.0028996
2026-07-02 11:12:15.743 9 INFO neutron.wsgi [None req-cfe548fb-169d-4aef-91e2-7acfa70c478c 77240ad744294c35b7ae80100fc78dbe 0a98d02fb3d8404a862651be04768bd5 - - default default] 199.19.213.63,10.0.0.201 "GET /v2.0/security-groups?tenant_id=a1e5a7691a304189972788d916dfc909 HTTP/1.1" status: 200 len: 6838 time: 0.1117210
2026-07-02 11:12:16.727 9 INFO neutron.wsgi [None req-3edbfd12-12cc-47f5-bb22-970efffdc24c 77240ad744294c35b7ae80100fc78dbe 0a98d02fb3d8404a862651be04768bd5 - - default default] 199.19.213.63,10.0.0.201 "GET /v2.0/security-groups?tenant_id=a1e5a7691a304189972788d916dfc909 HTTP/1.1" status: 200 len: 6838 time: 0.0915329
2026-07-02 11:12:17.643 9 INFO neutron.wsgi [None req-d32e1601-1220-4fba-970b-b470568737f1 77240ad744294c35b7ae80100fc78dbe 0a98d02fb3d8404a862651be04768bd5 - - default default] 199.19.213.63,10.0.0.201 "GET /v2.0/security-groups?tenant_id=a1e5a7691a304189972788d916dfc909 HTTP/1.1" status: 200 len: 6838 time: 0.0967822
2026-07-02 11:12:18.550 9 INFO neutron.wsgi [None req-0e4e08bc-34d3-4e08-8786-ef51f2d4510c 77240ad744294c35b7ae80100fc78dbe 0a98d02fb3d8404a862651be04768bd5 - - default default] 199.19.213.63,10.0.0.201 "GET /v2.0/security-groups?tenant_id=a1e5a7691a304189972788d916dfc909 HTTP/1.1" status: 200 len: 6838 time: 0.0814815
2026-07-02 11:12:19.552 9 INFO neutron.wsgi [None req-75a8afcd-a7c5-4335-8ff2-5df7a4e34fa5 77240ad744294c35b7ae80100fc78dbe 0a98d02fb3d8404a862651be04768bd5 - - default default] 199.19.213.63,10.0.0.201 "GET /v2.0/security-groups?tenant_id=a1e5a7691a304189972788d916dfc909 HTTP/1.1" status: 200 len: 6838 time: 0.0688469
2026-07-02 11:12:26.947 9 INFO neutron.wsgi [None req-05954d0b-1bb1-4c6e-9a35-37cdc890101c 77240ad744294c35b7ae80100fc78dbe 0a98d02fb3d8404a862651be04768bd5 - - default default] 199.19.213.63,10.0.0.201 "GET /v2.0/quotas/a1e5a7691a304189972788d916dfc909 HTTP/1.1" status: 200 len: 361 time: 0.0131304
2026-07-02 11:12:28.637 9 INFO neutron.wsgi [-] 10.0.0.201 "GET / HTTP/1.1" status: 200 len: 247 time: 0.0031171
2026-07-02 11:12:28.639 9 INFO neutron.wsgi [-] 10.0.0.201 "GET / HTTP/1.1" status: 200 len: 247 time: 0.0014291
2026-07-02 11:12:43.637 9 INFO neutron.wsgi [-] 10.0.0.201 "GET / HTTP/1.1" status: 200 len: 247 time: 0.0027268
2026-07-02 11:12:43.640 9 INFO neutron.wsgi [-] 10.0.0.201 "GET / HTTP/1.1" status: 200 len: 247 time: 0.0021894
2026-07-02 11:12:56.516 9 INFO neutron.wsgi [None req-a8a7f0fe-cfc0-40b1-add7-490a7ada6b25 77240ad744294c35b7ae80100fc78dbe 0a98d02fb3d8404a862651be04768bd5 - - default default] 10.0.0.148 "GET /v2.0/security-groups HTTP/1.1" status: 200 len: 16803 time: 0.0925465
2026-07-02 11:12:56.553 9 INFO neutron.wsgi [None req-6bf383be-cd21-41a6-9b6a-96ab3a05e3fb 77240ad744294c35b7ae80100fc78dbe 0a98d02fb3d8404a862651be04768bd5 - - default default] 10.0.0.148 "GET /v2.0/subnets HTTP/1.1" status: 200 len: 1437 time: 0.0297902
2026-07-02 11:12:56.569 9 INFO neutron.wsgi [None req-fa8f3c9a-cfc8-424d-936a-6b67cf2bb0f5 77240ad744294c35b7ae80100fc78dbe 0a98d02fb3d8404a862651be04768bd5 - - default default] 10.0.0.148 "GET /v2.0/subnetpools HTTP/1.1" status: 200 len: 193 time: 0.0151386
2026-07-02 11:12:56.641 9 INFO neutron.wsgi [None req-77a17799-6431-4125-9da3-67c976438cd3 77240ad744294c35b7ae80100fc78dbe 0a98d02fb3d8404a862651be04768bd5 - - default default] 10.0.0.148 "GET /v2.0/networks HTTP/1.1" status: 200 len: 2349 time: 0.0716014
2026-07-02 11:12:56.684 9 INFO neutron.wsgi [None req-8cf2b34d-39b7-4590-8c9b-d81cdc306997 77240ad744294c35b7ae80100fc78dbe 0a98d02fb3d8404a862651be04768bd5 - - default default] 10.0.0.148 "GET /v2.0/subnets HTTP/1.1" status: 200 len: 1437 time: 0.0401804
2026-07-02 11:12:56.738 9 INFO neutron.wsgi [None req-e2074df1-9c2a-4ab9-8778-db7f67117f6f 77240ad744294c35b7ae80100fc78dbe 0a98d02fb3d8404a862651be04768bd5 - - default default] 10.0.0.148 "GET /v2.0/agents HTTP/1.1" status: 200 len: 997 time: 0.0522311
2026-07-02 11:12:56.760 9 INFO neutron.wsgi [None req-90064a2f-5231-4cd1-aa68-d9b4fdba4c51 77240ad744294c35b7ae80100fc78dbe 0a98d02fb3d8404a862651be04768bd5 - - default default] 10.0.0.148 "GET /v2.0/floatingips HTTP/1.1" status: 200 len: 193 time: 0.0213423
2026-07-02 11:12:56.789 9 INFO neutron.wsgi [None req-01edb0ca-fa3b-4363-85be-4d6736112332 77240ad744294c35b7ae80100fc78dbe 0a98d02fb3d8404a862651be04768bd5 - - default default] 10.0.0.148 "GET /v2.0/ports HTTP/1.1" status: 200 len: 5351 time: 0.0287602
2026-07-02 11:12:56.819 9 INFO neutron.wsgi [None req-7a322abc-7959-43aa-9f5f-98a3fdfb4b9d 77240ad744294c35b7ae80100fc78dbe 0a98d02fb3d8404a862651be04768bd5 - - default default] 10.0.0.148 "GET /v2.0/routers HTTP/1.1" status: 200 len: 189 time: 0.0254593
2026-07-02 11:12:56.831 9 INFO neutron.wsgi [None req-1d038df1-98be-48ad-aa05-157a599d63a6 77240ad744294c35b7ae80100fc78dbe 0a98d02fb3d8404a862651be04768bd5 - - default default] 10.0.0.148 "GET /v2.0/agents?binary=ovn-controller HTTP/1.1" status: 200 len: 591 time: 0.0113893
2026-07-02 11:12:56.844 9 INFO neutron.wsgi [None req-1d0a15cc-316f-440c-ad4a-8c860b2fa7c3 77240ad744294c35b7ae80100fc78dbe 0a98d02fb3d8404a862651be04768bd5 - - default default] 10.0.0.148 "GET /v2.0/network-ip-availabilities HTTP/1.1" status: 200 len: 1280 time: 0.0119746
2026-07-02 11:12:58.637 10 INFO neutron.wsgi [-] 10.0.0.201 "GET / HTTP/1.1" status: 200 len: 247 time: 0.0024161
2026-07-02 11:12:58.637 9 INFO neutron.wsgi [-] 10.0.0.201 "GET / HTTP/1.1" status: 200 len: 247 time: 0.0025475
2026-07-02 11:13:13.637 10 INFO neutron.wsgi [-] 10.0.0.201 "GET / HTTP/1.1" status: 200 len: 247 time: 0.0025532
2026-07-02 11:13:13.639 9 INFO neutron.wsgi [-] 10.0.0.201 "GET / HTTP/1.1" status: 200 len: 247 time: 0.0040393
2026-07-02 11:13:17.609 9 INFO neutron.wsgi [None req-f8f260aa-8ef4-4458-bf0e-5037d4a2569f 77240ad744294c35b7ae80100fc78dbe 0a98d02fb3d8404a862651be04768bd5 - - default default] 199.19.213.63,10.0.0.201 "GET /v2.0/networks HTTP/1.1" status: 200 len: 2349 time: 0.1014822
2026-07-02 11:13:28.636 10 INFO neutron.wsgi [-] 10.0.0.201 "GET / HTTP/1.1" status: 200 len: 247 time: 0.0016909
2026-07-02 11:13:28.639 9 INFO neutron.wsgi [-] 10.0.0.201 "GET / HTTP/1.1" status: 200 len: 247 time: 0.0044646
2026-07-02 11:13:43.636 9 INFO neutron.wsgi [-] 10.0.0.201 "GET / HTTP/1.1" status: 200 len: 247 time: 0.0024087
2026-07-02 11:13:43.638 10 INFO neutron.wsgi [-] 10.0.0.201 "GET / HTTP/1.1" status: 200 len: 247 time: 0.0036900
2026-07-02 11:13:56.676 9 INFO neutron.wsgi [None req-86b95f59-f26e-48d9-b016-2f6863e44df8 77240ad744294c35b7ae80100fc78dbe 0a98d02fb3d8404a862651be04768bd5 - - default default] 10.0.0.148 "GET /v2.0/networks HTTP/1.1" status: 200 len: 2349 time: 0.2253985
2026-07-02 11:13:56.734 9 INFO neutron.wsgi [None req-ad558d08-fe5c-49ab-bd13-b3cdf9bfabb3 77240ad744294c35b7ae80100fc78dbe 0a98d02fb3d8404a862651be04768bd5 - - default default] 10.0.0.148 "GET /v2.0/security-groups HTTP/1.1" status: 200 len: 16803 time: 0.0556366
2026-07-02 11:13:56.795 9 INFO neutron.wsgi [None req-ea290ef7-9b8a-4992-846e-58302f33803c 77240ad744294c35b7ae80100fc78dbe 0a98d02fb3d8404a862651be04768bd5 - - default default] 10.0.0.148 "GET /v2.0/subnets HTTP/1.1" status: 200 len: 1437 time: 0.0524213
2026-07-02 11:13:56.819 9 INFO neutron.wsgi [None req-9057e713-9e93-4343-867c-6758bfed1513 77240ad744294c35b7ae80100fc78dbe 0a98d02fb3d8404a862651be04768bd5 - - default default] 10.0.0.148 "GET /v2.0/routers HTTP/1.1" status: 200 len: 189 time: 0.0220604
2026-07-02 11:13:56.847 9 INFO neutron.wsgi [None req-7cf75145-4e33-4ba7-85c1-39eb1b0a4ad9 77240ad744294c35b7ae80100fc78dbe 0a98d02fb3d8404a862651be04768bd5 - - default default] 10.0.0.148 "GET /v2.0/agents?binary=ovn-controller HTTP/1.1" status: 200 len: 591 time: 0.0280051
2026-07-02 11:13:56.876 9 INFO neutron.wsgi [None req-70f05c72-e6e2-4a68-9826-7b828e7b5e9e 77240ad744294c35b7ae80100fc78dbe 0a98d02fb3d8404a862651be04768bd5 - - default default] 10.0.0.148 "GET /v2.0/subnets HTTP/1.1" status: 200 len: 1437 time: 0.0280488
2026-07-02 11:13:56.884 9 INFO neutron.wsgi [None req-3a379a5b-b3a1-46a6-b826-876daca8c1d7 77240ad744294c35b7ae80100fc78dbe 0a98d02fb3d8404a862651be04768bd5 - - default default] 10.0.0.148 "GET /v2.0/subnetpools HTTP/1.1" status: 200 len: 193 time: 0.0071824
2026-07-02 11:13:56.907 9 INFO neutron.wsgi [None req-fc326fe0-3c90-46b8-836b-71c0dcd76315 77240ad744294c35b7ae80100fc78dbe 0a98d02fb3d8404a862651be04768bd5 - - default default] 10.0.0.148 "GET /v2.0/floatingips HTTP/1.1" status: 200 len: 193 time: 0.0221159
2026-07-02 11:13:56.942 9 INFO neutron.wsgi [None req-2fb502cd-ada1-4298-9eec-bebbec8fdc84 77240ad744294c35b7ae80100fc78dbe 0a98d02fb3d8404a862651be04768bd5 - - default default] 10.0.0.148 "GET /v2.0/ports HTTP/1.1" status: 200 len: 5351 time: 0.0339789
2026-07-02 11:13:56.956 9 INFO neutron.wsgi [None req-6ca2567b-3e69-44f0-b5c4-b7d8992db287 77240ad744294c35b7ae80100fc78dbe 0a98d02fb3d8404a862651be04768bd5 - - default default] 10.0.0.148 "GET /v2.0/agents HTTP/1.1" status: 200 len: 997 time: 0.0113795
2026-07-02 11:13:56.967 9 INFO neutron.wsgi [None req-175e4165-61c3-47ff-98c3-6edd7f68bd2e 77240ad744294c35b7ae80100fc78dbe 0a98d02fb3d8404a862651be04768bd5 - - default default] 10.0.0.148 "GET /v2.0/network-ip-availabilities HTTP/1.1" status: 200 len: 1280 time: 0.0102036
2026-07-02 11:13:57.370 10 INFO neutron.wsgi [None req-6b216707-50a0-4e62-a9e0-8a8b16fed596 77240ad744294c35b7ae80100fc78dbe 0a98d02fb3d8404a862651be04768bd5 - - default default] 10.0.0.248 "GET /v2.0/networks HTTP/1.1" status: 200 len: 2368 time: 0.0979605
2026-07-02 11:13:58.578 10 INFO neutron.wsgi [None req-d7ecd551-1626-41ba-8b67-a446d04fa496 77240ad744294c35b7ae80100fc78dbe 0a98d02fb3d8404a862651be04768bd5 - - default default] 10.0.0.248 "GET /v2.0/floatingips HTTP/1.1" status: 200 len: 212 time: 0.0375183
2026-07-02 11:13:58.619 10 INFO neutron.wsgi [None req-d2a81cfb-fe4f-4e01-8a61-d107a79bd5e2 77240ad744294c35b7ae80100fc78dbe 0a98d02fb3d8404a862651be04768bd5 - - default default] 10.0.0.248 "GET /v2.0/routers HTTP/1.1" status: 200 len: 208 time: 0.0366068
2026-07-02 11:13:58.636 9 INFO neutron.wsgi [-] 10.0.0.201 "GET / HTTP/1.1" status: 200 len: 247 time: 0.0019114
2026-07-02 11:13:58.639 9 INFO neutron.wsgi [-] 10.0.0.201 "GET / HTTP/1.1" status: 200 len: 247 time: 0.0017753
2026-07-02 11:13:58.655 10 INFO neutron.wsgi [None req-50bf6963-1c5e-486b-a75b-478f9e20d403 77240ad744294c35b7ae80100fc78dbe 0a98d02fb3d8404a862651be04768bd5 - - default default] 10.0.0.248 "GET /v2.0/ports HTTP/1.1" status: 200 len: 5370 time: 0.0308125
2026-07-02 11:13:58.696 10 INFO neutron.wsgi [None req-12f8ef24-5c97-4109-a0d4-2b1a100f44f2 77240ad744294c35b7ae80100fc78dbe 0a98d02fb3d8404a862651be04768bd5 - - default default] 10.0.0.248 "GET /v2.0/subnets HTTP/1.1" status: 200 len: 1456 time: 0.0352011
2026-07-02 11:13:58.760 10 INFO neutron.wsgi [None req-d6728e39-2400-481d-b234-3ff5c7f447ef 77240ad744294c35b7ae80100fc78dbe 0a98d02fb3d8404a862651be04768bd5 - - default default] 10.0.0.248 "GET /v2.0/networks HTTP/1.1" status: 200 len: 2368 time: 0.0593548
2026-07-02 11:13:58.819 10 INFO neutron.wsgi [None req-1cddc3ba-7702-4bc7-867b-3a500f13d45f 77240ad744294c35b7ae80100fc78dbe 0a98d02fb3d8404a862651be04768bd5 - - default default] 10.0.0.248 "GET /v2.0/security-groups HTTP/1.1" status: 200 len: 16822 time: 0.0539763
2026-07-02 11:13:58.834 9 INFO neutron.wsgi [None req-f90b1053-52ef-4821-a86e-7088c406d288 77240ad744294c35b7ae80100fc78dbe 0a98d02fb3d8404a862651be04768bd5 - - default default] 10.0.0.248 "GET /v2.0/subnetpools HTTP/1.1" status: 200 len: 212 time: 0.0103939
2026-07-02 11:14:10.281 9 INFO neutron.plugins.ml2.drivers.ovn.mech_driver.ovsdb.extensions.qos [None req-c823f876-4911-4533-8f6e-194a4a4cd627 77240ad744294c35b7ae80100fc78dbe 0a98d02fb3d8404a862651be04768bd5 - - default default] Starting OVNClientQosExtension
2026-07-02 11:14:10.283 9 INFO neutron.plugins.ml2.drivers.ovn.mech_driver.ovsdb.extensions.placement [None req-c823f876-4911-4533-8f6e-194a4a4cd627 77240ad744294c35b7ae80100fc78dbe 0a98d02fb3d8404a862651be04768bd5 - - default default] Starting OVNClientPlacementExtension
2026-07-02 11:14:10.312 10 INFO neutron.db.ovn_revision_numbers_db [None req-2e311fdd-7bc3-4ea7-afda-1d7aed543ef9 77240ad744294c35b7ae80100fc78dbe 0a98d02fb3d8404a862651be04768bd5 - - default default] Successfully bumped revision number for resource 1a17a2cf-27ee-48d5-997a-2ec45cd85c82 (type: security_groups) to 1
2026-07-02 11:14:10.331 9 INFO neutron.db.ovn_revision_numbers_db [None req-c823f876-4911-4533-8f6e-194a4a4cd627 77240ad744294c35b7ae80100fc78dbe 0a98d02fb3d8404a862651be04768bd5 - - default default] Successfully bumped revision number for resource f8b98b4f-29db-4b94-9751-672eb2a21392 (type: security_groups) to 1
2026-07-02 11:14:10.338 10 INFO neutron.db.ovn_revision_numbers_db [None req-2e311fdd-7bc3-4ea7-afda-1d7aed543ef9 77240ad744294c35b7ae80100fc78dbe 0a98d02fb3d8404a862651be04768bd5 - - default default] Successfully bumped revision number for resource 4dbeb730-eb26-42a8-94ab-3273c31e8cd7 (type: security_group_rules) to 0
2026-07-02 11:14:10.352 9 INFO neutron.db.ovn_revision_numbers_db [None req-c823f876-4911-4533-8f6e-194a4a4cd627 77240ad744294c35b7ae80100fc78dbe 0a98d02fb3d8404a862651be04768bd5 - - default default] Successfully bumped revision number for resource 237808e5-669c-4af3-8db7-94e9ea9d9831 (type: security_group_rules) to 0
2026-07-02 11:14:10.353 10 INFO neutron.db.ovn_revision_numbers_db [None req-502a2a76-c587-48b7-99fe-aeb9aaf6a127 77240ad744294c35b7ae80100fc78dbe 0a98d02fb3d8404a862651be04768bd5 - - default default] Successfully bumped revision number for resource ee0d8b40-ab36-4fe9-aab4-0adf6343db8d (type: security_groups) to 1
2026-07-02 11:14:10.354 10 INFO neutron.db.ovn_revision_numbers_db [None req-2e311fdd-7bc3-4ea7-afda-1d7aed543ef9 77240ad744294c35b7ae80100fc78dbe 0a98d02fb3d8404a862651be04768bd5 - - default default] Successfully bumped revision number for resource ac335370-b80f-42ed-9a98-fa765c16d8ce (type: security_group_rules) to 0
2026-07-02 11:14:10.367 9 INFO neutron.db.ovn_revision_numbers_db [None req-c823f876-4911-4533-8f6e-194a4a4cd627 77240ad744294c35b7ae80100fc78dbe 0a98d02fb3d8404a862651be04768bd5 - - default default] Successfully bumped revision number for resource 23d2a23c-3d71-40a8-98f1-4569ae309a7c (type: security_group_rules) to 0
2026-07-02 11:14:10.369 10 INFO neutron.db.ovn_revision_numbers_db [None req-502a2a76-c587-48b7-99fe-aeb9aaf6a127 77240ad744294c35b7ae80100fc78dbe 0a98d02fb3d8404a862651be04768bd5 - - default default] Successfully bumped revision number for resource 32e4436c-204b-46e4-b4c9-576322a4194d (type: security_group_rules) to 0
2026-07-02 11:14:10.371 10 INFO neutron.db.ovn_revision_numbers_db [None req-2e311fdd-7bc3-4ea7-afda-1d7aed543ef9 77240ad744294c35b7ae80100fc78dbe 0a98d02fb3d8404a862651be04768bd5 - - default default] Successfully bumped revision number for resource ce1dab34-ca28-4626-8a57-9d42d75d65ed (type: security_group_rules) to 0
2026-07-02 11:14:10.387 9 INFO neutron.db.ovn_revision_numbers_db [None req-c823f876-4911-4533-8f6e-194a4a4cd627 77240ad744294c35b7ae80100fc78dbe 0a98d02fb3d8404a862651be04768bd5 - - default default] Successfully bumped revision number for resource 7a82c215-fead-409f-8325-373a0265d627 (type: security_group_rules) to 0
2026-07-02 11:14:10.393 10 INFO neutron.db.ovn_revision_numbers_db [None req-502a2a76-c587-48b7-99fe-aeb9aaf6a127 77240ad744294c35b7ae80100fc78dbe 0a98d02fb3d8404a862651be04768bd5 - - default default] Successfully bumped revision number for resource 801cefe6-cab4-4954-b893-63e66a161c36 (type: security_group_rules) to 0
2026-07-02 11:14:10.395 10 INFO neutron.db.ovn_revision_numbers_db [None req-2e311fdd-7bc3-4ea7-afda-1d7aed543ef9 77240ad744294c35b7ae80100fc78dbe 0a98d02fb3d8404a862651be04768bd5 - - default default] Successfully bumped revision number for resource d0853400-4c11-4fc4-b79e-c0bbb6a273f8 (type: security_group_rules) to 0
2026-07-02 11:14:10.405 9 INFO neutron.db.ovn_revision_numbers_db [None req-c823f876-4911-4533-8f6e-194a4a4cd627 77240ad744294c35b7ae80100fc78dbe 0a98d02fb3d8404a862651be04768bd5 - - default default] Successfully bumped revision number for resource fef31a94-ca20-4784-83e4-8475d0bd8798 (type: security_group_rules) to 0
2026-07-02 11:14:10.427 10 INFO neutron.db.ovn_revision_numbers_db [None req-502a2a76-c587-48b7-99fe-aeb9aaf6a127 77240ad744294c35b7ae80100fc78dbe 0a98d02fb3d8404a862651be04768bd5 - - default default] Successfully bumped revision number for resource 94b98cf6-9f8d-45c1-bd5e-6d3bfc34f54a (type: security_group_rules) to 0
2026-07-02 11:14:10.454 10 INFO neutron.db.ovn_revision_numbers_db [None req-502a2a76-c587-48b7-99fe-aeb9aaf6a127 77240ad744294c35b7ae80100fc78dbe 0a98d02fb3d8404a862651be04768bd5 - - default default] Successfully bumped revision number for resource ff5968ca-8ffb-472d-9b06-d498777d6a99 (type: security_group_rules) to 0
2026-07-02 11:14:10.470 10 INFO neutron.db.segments_db [None req-2e311fdd-7bc3-4ea7-afda-1d7aed543ef9 77240ad744294c35b7ae80100fc78dbe 0a98d02fb3d8404a862651be04768bd5 - - default default] Added segment 774f5f21-b624-48a4-811d-79e95a020f7e of type geneve for network 503c0bd2-6cba-46e6-b89d-170eaec3f10c
2026-07-02 11:14:10.485 9 INFO neutron.db.segments_db [None req-c823f876-4911-4533-8f6e-194a4a4cd627 77240ad744294c35b7ae80100fc78dbe 0a98d02fb3d8404a862651be04768bd5 - - default default] Added segment 6564e4e5-a91e-4c33-9d8e-2f6d41e69401 of type geneve for network b6257254-ea5c-4f24-9391-8f973cd2d886
2026-07-02 11:14:10.527 10 INFO neutron.db.segments_db [None req-502a2a76-c587-48b7-99fe-aeb9aaf6a127 77240ad744294c35b7ae80100fc78dbe 0a98d02fb3d8404a862651be04768bd5 - - default default] Added segment 31ff4353-ed75-4e19-bca3-906202581cd1 of type geneve for network e1c359c3-edfb-4009-a488-82b26dd5b96b
2026-07-02 11:14:10.696 10 INFO neutron.db.ovn_revision_numbers_db [None req-2e311fdd-7bc3-4ea7-afda-1d7aed543ef9 77240ad744294c35b7ae80100fc78dbe 0a98d02fb3d8404a862651be04768bd5 - - default default] Successfully bumped revision number for resource 503c0bd2-6cba-46e6-b89d-170eaec3f10c (type: networks) to 1
2026-07-02 11:14:10.722 9 INFO neutron.db.ovn_revision_numbers_db [None req-c823f876-4911-4533-8f6e-194a4a4cd627 77240ad744294c35b7ae80100fc78dbe 0a98d02fb3d8404a862651be04768bd5 - - default default] Successfully bumped revision number for resource b6257254-ea5c-4f24-9391-8f973cd2d886 (type: networks) to 1
2026-07-02 11:14:10.752 10 INFO neutron.db.ovn_revision_numbers_db [None req-502a2a76-c587-48b7-99fe-aeb9aaf6a127 77240ad744294c35b7ae80100fc78dbe 0a98d02fb3d8404a862651be04768bd5 - - default default] Successfully bumped revision number for resource e1c359c3-edfb-4009-a488-82b26dd5b96b (type: networks) to 1
2026-07-02 11:14:10.944 9 WARNING neutron.scheduler.dhcp_agent_scheduler [None req-c823f876-4911-4533-8f6e-194a4a4cd627 77240ad744294c35b7ae80100fc78dbe 0a98d02fb3d8404a862651be04768bd5 - - default default] No more DHCP agents
2026-07-02 11:14:10.946 9 WARNING neutron.api.rpc.agentnotifiers.dhcp_rpc_agent_api [None req-c823f876-4911-4533-8f6e-194a4a4cd627 77240ad744294c35b7ae80100fc78dbe 0a98d02fb3d8404a862651be04768bd5 - - default default] Unable to schedule network b6257254-ea5c-4f24-9391-8f973cd2d886: no agents available; will retry on subsequent port and subnet creation events.
2026-07-02 11:14:10.957 10 WARNING neutron.scheduler.dhcp_agent_scheduler [None req-2e311fdd-7bc3-4ea7-afda-1d7aed543ef9 77240ad744294c35b7ae80100fc78dbe 0a98d02fb3d8404a862651be04768bd5 - - default default] No more DHCP agents
2026-07-02 11:14:10.960 10 WARNING neutron.api.rpc.agentnotifiers.dhcp_rpc_agent_api [None req-2e311fdd-7bc3-4ea7-afda-1d7aed543ef9 77240ad744294c35b7ae80100fc78dbe 0a98d02fb3d8404a862651be04768bd5 - - default default] Unable to schedule network 503c0bd2-6cba-46e6-b89d-170eaec3f10c: no agents available; will retry on subsequent port and subnet creation events.
2026-07-02 11:14:10.975 10 WARNING neutron.scheduler.dhcp_agent_scheduler [None req-502a2a76-c587-48b7-99fe-aeb9aaf6a127 77240ad744294c35b7ae80100fc78dbe 0a98d02fb3d8404a862651be04768bd5 - - default default] No more DHCP agents
2026-07-02 11:14:10.986 10 WARNING neutron.api.rpc.agentnotifiers.dhcp_rpc_agent_api [None req-502a2a76-c587-48b7-99fe-aeb9aaf6a127 77240ad744294c35b7ae80100fc78dbe 0a98d02fb3d8404a862651be04768bd5 - - default default] Unable to schedule network e1c359c3-edfb-4009-a488-82b26dd5b96b: no agents available; will retry on subsequent port and subnet creation events.
2026-07-02 11:14:11.047 9 INFO neutron.db.ovn_revision_numbers_db [None req-c823f876-4911-4533-8f6e-194a4a4cd627 77240ad744294c35b7ae80100fc78dbe 0a98d02fb3d8404a862651be04768bd5 - - default default] Successfully bumped revision number for resource 036bc4e4-9f35-4ddb-8850-625c98440a15 (type: ports) to 1
2026-07-02 11:14:11.077 9 INFO neutron.wsgi [None req-c823f876-4911-4533-8f6e-194a4a4cd627 77240ad744294c35b7ae80100fc78dbe 0a98d02fb3d8404a862651be04768bd5 - - default default] 10.0.0.248 "POST /v2.0/networks HTTP/1.1" status: 201 len: 951 time: 1.0720017
2026-07-02 11:14:11.103 10 INFO neutron.db.ovn_revision_numbers_db [None req-2e311fdd-7bc3-4ea7-afda-1d7aed543ef9 77240ad744294c35b7ae80100fc78dbe 0a98d02fb3d8404a862651be04768bd5 - - default default] Successfully bumped revision number for resource 20d5a1b4-56fd-4d63-8d6a-d539a1feed56 (type: ports) to 1
2026-07-02 11:14:11.126 10 INFO neutron.db.ovn_revision_numbers_db [None req-502a2a76-c587-48b7-99fe-aeb9aaf6a127 77240ad744294c35b7ae80100fc78dbe 0a98d02fb3d8404a862651be04768bd5 - - default default] Successfully bumped revision number for resource c663e181-d83f-49fd-8d2c-fafd05e6b8ba (type: ports) to 1
2026-07-02 11:14:11.133 10 INFO neutron.wsgi [None req-2e311fdd-7bc3-4ea7-afda-1d7aed543ef9 77240ad744294c35b7ae80100fc78dbe 0a98d02fb3d8404a862651be04768bd5 - - default default] 10.0.0.248 "POST /v2.0/networks HTTP/1.1" status: 201 len: 953 time: 1.1275511
2026-07-02 11:14:11.167 10 INFO neutron.wsgi [None req-502a2a76-c587-48b7-99fe-aeb9aaf6a127 77240ad744294c35b7ae80100fc78dbe 0a98d02fb3d8404a862651be04768bd5 - - default default] 10.0.0.248 "POST /v2.0/networks HTTP/1.1" status: 201 len: 949 time: 1.1093993
2026-07-02 11:14:11.174 10 INFO neutron.db.ovn_revision_numbers_db [None req-c2e5a905-fc5e-4d53-9d43-c0bcb6c7a488 77240ad744294c35b7ae80100fc78dbe 0a98d02fb3d8404a862651be04768bd5 - - default default] Successfully bumped revision number for resource 1c81c26d-645f-404c-8e4f-1edae9d4654d (type: security_groups) to 1
2026-07-02 11:14:11.281 10 INFO neutron.db.ovn_revision_numbers_db [None req-c2e5a905-fc5e-4d53-9d43-c0bcb6c7a488 77240ad744294c35b7ae80100fc78dbe 0a98d02fb3d8404a862651be04768bd5 - - default default] Successfully bumped revision number for resource 6c3991ef-bfdd-4dce-b7f5-b6a4f6134e16 (type: security_group_rules) to 0
2026-07-02 11:14:11.287 9 WARNING neutron.scheduler.dhcp_agent_scheduler [None req-3b6d5e8b-a2e6-4b29-9901-18834be56770 77240ad744294c35b7ae80100fc78dbe 0a98d02fb3d8404a862651be04768bd5 - - default default] No more DHCP agents
2026-07-02 11:14:11.288 9 WARNING neutron.api.rpc.agentnotifiers.dhcp_rpc_agent_api [None req-3b6d5e8b-a2e6-4b29-9901-18834be56770 77240ad744294c35b7ae80100fc78dbe 0a98d02fb3d8404a862651be04768bd5 - - default default] Unable to schedule network b6257254-ea5c-4f24-9391-8f973cd2d886: no agents available; will retry on subsequent port and subnet creation events.
2026-07-02 11:14:11.308 10 INFO neutron.db.ovn_revision_numbers_db [None req-c2e5a905-fc5e-4d53-9d43-c0bcb6c7a488 77240ad744294c35b7ae80100fc78dbe 0a98d02fb3d8404a862651be04768bd5 - - default default] Successfully bumped revision number for resource ba924b21-dd96-4210-a4e8-8314a5a6edd2 (type: security_group_rules) to 0
2026-07-02 11:14:11.339 10 INFO neutron.db.ovn_revision_numbers_db [None req-c2e5a905-fc5e-4d53-9d43-c0bcb6c7a488 77240ad744294c35b7ae80100fc78dbe 0a98d02fb3d8404a862651be04768bd5 - - default default] Successfully bumped revision number for resource df37dde4-b9b5-4c59-a0c6-c421ab8632c1 (type: security_group_rules) to 0
2026-07-02 11:14:11.373 10 INFO neutron.db.ovn_revision_numbers_db [None req-c2e5a905-fc5e-4d53-9d43-c0bcb6c7a488 77240ad744294c35b7ae80100fc78dbe 0a98d02fb3d8404a862651be04768bd5 - - default default] Successfully bumped revision number for resource ed468fe2-068f-4402-b113-76a8ffe535f2 (type: security_group_rules) to 0
2026-07-02 11:14:11.428 10 INFO neutron.wsgi [None req-c2e5a905-fc5e-4d53-9d43-c0bcb6c7a488 77240ad744294c35b7ae80100fc78dbe 0a98d02fb3d8404a862651be04768bd5 - - default default] 10.0.0.248 "GET /v2.0/security-groups?tenant_id=ef327b1394a84412aae871401e263893&name=default HTTP/1.1" status: 200 len: 2992 time: 0.6184444
2026-07-02 11:14:11.473 10 WARNING neutron.scheduler.dhcp_agent_scheduler [None req-f32c8fcd-251e-46eb-85d5-0df8db6b7b40 77240ad744294c35b7ae80100fc78dbe 0a98d02fb3d8404a862651be04768bd5 - - default default] No more DHCP agents
2026-07-02 11:14:11.480 10 WARNING neutron.api.rpc.agentnotifiers.dhcp_rpc_agent_api [None req-f32c8fcd-251e-46eb-85d5-0df8db6b7b40 77240ad744294c35b7ae80100fc78dbe 0a98d02fb3d8404a862651be04768bd5 - - default default] Unable to schedule network 503c0bd2-6cba-46e6-b89d-170eaec3f10c: no agents available; will retry on subsequent port and subnet creation events.
2026-07-02 11:14:11.503 10 WARNING neutron.scheduler.dhcp_agent_scheduler [None req-3ef34c19-7be8-4ccf-b3d5-8e5a88cbf47d 77240ad744294c35b7ae80100fc78dbe 0a98d02fb3d8404a862651be04768bd5 - - default default] No more DHCP agents
2026-07-02 11:14:11.508 10 WARNING neutron.api.rpc.agentnotifiers.dhcp_rpc_agent_api [None req-3ef34c19-7be8-4ccf-b3d5-8e5a88cbf47d 77240ad744294c35b7ae80100fc78dbe 0a98d02fb3d8404a862651be04768bd5 - - default default] Unable to schedule network e1c359c3-edfb-4009-a488-82b26dd5b96b: no agents available; will retry on subsequent port and subnet creation events.
2026-07-02 11:14:11.819 9 INFO neutron.wsgi [None req-6e998c66-9037-4adc-b69e-8f1c8c8e9c2d 77240ad744294c35b7ae80100fc78dbe 0a98d02fb3d8404a862651be04768bd5 - - default default] 10.0.0.248 "DELETE /v2.0/security-groups/1c81c26d-645f-404c-8e4f-1edae9d4654d HTTP/1.1" status: 204 len: 168 time: 0.3867886
2026-07-02 11:14:11.938 9 INFO neutron.db.ovn_revision_numbers_db [None req-3b6d5e8b-a2e6-4b29-9901-18834be56770 77240ad744294c35b7ae80100fc78dbe 0a98d02fb3d8404a862651be04768bd5 - - default default] Successfully bumped revision number for resource 036bc4e4-9f35-4ddb-8850-625c98440a15 (type: ports) to 2
2026-07-02 11:14:11.988 9 INFO neutron.db.ovn_revision_numbers_db [None req-3b6d5e8b-a2e6-4b29-9901-18834be56770 77240ad744294c35b7ae80100fc78dbe 0a98d02fb3d8404a862651be04768bd5 - - default default] Successfully bumped revision number for resource ef6a743c-5e93-4d2e-bc2d-7c64d7a5852a (type: subnets) to 0
2026-07-02 11:14:12.003 9 INFO neutron.wsgi [None req-3b6d5e8b-a2e6-4b29-9901-18834be56770 77240ad744294c35b7ae80100fc78dbe 0a98d02fb3d8404a862651be04768bd5 - - default default] 10.0.0.248 "POST /v2.0/subnets HTTP/1.1" status: 201 len: 871 time: 0.9185789
2026-07-02 11:14:12.160 10 INFO neutron.db.ovn_revision_numbers_db [None req-f32c8fcd-251e-46eb-85d5-0df8db6b7b40 77240ad744294c35b7ae80100fc78dbe 0a98d02fb3d8404a862651be04768bd5 - - default default] Successfully bumped revision number for resource 20d5a1b4-56fd-4d63-8d6a-d539a1feed56 (type: ports) to 2
2026-07-02 11:14:12.185 10 INFO neutron.db.ovn_revision_numbers_db [None req-3ef34c19-7be8-4ccf-b3d5-8e5a88cbf47d 77240ad744294c35b7ae80100fc78dbe 0a98d02fb3d8404a862651be04768bd5 - - default default] Successfully bumped revision number for resource c663e181-d83f-49fd-8d2c-fafd05e6b8ba (type: ports) to 2
2026-07-02 11:14:12.201 10 INFO neutron.db.ovn_revision_numbers_db [None req-f32c8fcd-251e-46eb-85d5-0df8db6b7b40 77240ad744294c35b7ae80100fc78dbe 0a98d02fb3d8404a862651be04768bd5 - - default default] Successfully bumped revision number for resource 51ebdce6-6a69-4057-aa15-eae9ec4d807c (type: subnets) to 0
2026-07-02 11:14:12.222 10 INFO neutron.wsgi [None req-f32c8fcd-251e-46eb-85d5-0df8db6b7b40 77240ad744294c35b7ae80100fc78dbe 0a98d02fb3d8404a862651be04768bd5 - - default default] 10.0.0.248 "POST /v2.0/subnets HTTP/1.1" status: 201 len: 873 time: 1.0839434
2026-07-02 11:14:12.223 10 INFO neutron.db.ovn_revision_numbers_db [None req-3ef34c19-7be8-4ccf-b3d5-8e5a88cbf47d 77240ad744294c35b7ae80100fc78dbe 0a98d02fb3d8404a862651be04768bd5 - - default default] Successfully bumped revision number for resource 2da9cd48-b272-4216-abfe-2d04f542b0a7 (type: subnets) to 0
2026-07-02 11:14:12.236 10 INFO neutron.wsgi [None req-3ef34c19-7be8-4ccf-b3d5-8e5a88cbf47d 77240ad744294c35b7ae80100fc78dbe 0a98d02fb3d8404a862651be04768bd5 - - default default] 10.0.0.248 "POST /v2.0/subnets HTTP/1.1" status: 201 len: 869 time: 1.0630596
2026-07-02 11:14:12.714 9 WARNING neutron.scheduler.dhcp_agent_scheduler [None req-3384482a-78d0-4388-b447-beb2fc9429d7 77240ad744294c35b7ae80100fc78dbe 0a98d02fb3d8404a862651be04768bd5 - - default default] No more DHCP agents
2026-07-02 11:14:12.720 9 WARNING neutron.api.rpc.agentnotifiers.dhcp_rpc_agent_api [None req-3384482a-78d0-4388-b447-beb2fc9429d7 77240ad744294c35b7ae80100fc78dbe 0a98d02fb3d8404a862651be04768bd5 - - default default] Unable to schedule network 8ee51cf5-5613-4fd9-a1a5-7a52d1319abd: no agents available; will retry on subsequent port and subnet creation events.
2026-07-02 11:14:12.776 10 WARNING neutron.scheduler.dhcp_agent_scheduler [None req-123564df-8e72-4d46-a9f7-2d8a9c7544d1 77240ad744294c35b7ae80100fc78dbe 0a98d02fb3d8404a862651be04768bd5 - - default default] No more DHCP agents
2026-07-02 11:14:12.780 10 WARNING neutron.api.rpc.agentnotifiers.dhcp_rpc_agent_api [None req-123564df-8e72-4d46-a9f7-2d8a9c7544d1 77240ad744294c35b7ae80100fc78dbe 0a98d02fb3d8404a862651be04768bd5 - - default default] Unable to schedule network 8ee51cf5-5613-4fd9-a1a5-7a52d1319abd: no agents available; will retry on subsequent port and subnet creation events.
2026-07-02 11:14:12.897 9 WARNING neutron.scheduler.dhcp_agent_scheduler [None req-4c6badb1-d004-4665-88ef-3d288b29d7f3 77240ad744294c35b7ae80100fc78dbe 0a98d02fb3d8404a862651be04768bd5 - - default default] No more DHCP agents
2026-07-02 11:14:12.898 9 INFO neutron.db.ovn_revision_numbers_db [None req-3384482a-78d0-4388-b447-beb2fc9429d7 77240ad744294c35b7ae80100fc78dbe 0a98d02fb3d8404a862651be04768bd5 - - default default] Successfully bumped revision number for resource 8076e9b4-95a2-4d32-bc0c-a5637ba8fad0 (type: ports) to 1
2026-07-02 11:14:12.901 9 WARNING neutron.api.rpc.agentnotifiers.dhcp_rpc_agent_api [None req-4c6badb1-d004-4665-88ef-3d288b29d7f3 77240ad744294c35b7ae80100fc78dbe 0a98d02fb3d8404a862651be04768bd5 - - default default] Unable to schedule network 8ee51cf5-5613-4fd9-a1a5-7a52d1319abd: no agents available; will retry on subsequent port and subnet creation events.
2026-07-02 11:14:12.927 10 INFO neutron.db.ovn_revision_numbers_db [None req-123564df-8e72-4d46-a9f7-2d8a9c7544d1 77240ad744294c35b7ae80100fc78dbe 0a98d02fb3d8404a862651be04768bd5 - - default default] Successfully bumped revision number for resource e895fe28-3419-4818-b26b-e712a84f2365 (type: ports) to 1
2026-07-02 11:14:13.167 9 INFO neutron.db.ovn_revision_numbers_db [None req-4c6badb1-d004-4665-88ef-3d288b29d7f3 77240ad744294c35b7ae80100fc78dbe 0a98d02fb3d8404a862651be04768bd5 - - default default] Successfully bumped revision number for resource b21cb188-4cc3-4930-82a9-1793b4652de8 (type: ports) to 1
2026-07-02 11:14:13.212 10 INFO neutron.plugins.ml2.drivers.ovn.mech_driver.ovsdb.extensions.qos [None req-123564df-8e72-4d46-a9f7-2d8a9c7544d1 77240ad744294c35b7ae80100fc78dbe 0a98d02fb3d8404a862651be04768bd5 - - default default] Starting OVNClientQosExtension
2026-07-02 11:14:13.374 9 INFO neutron.plugins.ml2.drivers.ovn.mech_driver.ovsdb.extensions.qos [None req-3384482a-78d0-4388-b447-beb2fc9429d7 77240ad744294c35b7ae80100fc78dbe 0a98d02fb3d8404a862651be04768bd5 - - default default] Starting OVNClientQosExtension
2026-07-02 11:14:13.563 9 INFO neutron.plugins.ml2.drivers.ovn.mech_driver.mech_driver [-] OVN reports status up for port: e895fe28-3419-4818-b26b-e712a84f2365
2026-07-02 11:14:13.571 10 INFO neutron.plugins.ml2.drivers.ovn.mech_driver.ovsdb.ovsdb_monitor [-] Router ccbeab39-5766-4b00-a341-6338c60a8863 is bound to host instance
2026-07-02 11:14:13.588 9 INFO neutron.plugins.ml2.plugin [None req-b582701f-b510-457f-adbc-1e1007217209 - - - - - -] Attempt 1 to provision port e895fe28-3419-4818-b26b-e712a84f2365
2026-07-02 11:14:13.611 10 INFO neutron.db.ovn_revision_numbers_db [None req-123564df-8e72-4d46-a9f7-2d8a9c7544d1 77240ad744294c35b7ae80100fc78dbe 0a98d02fb3d8404a862651be04768bd5 - - default default] Successfully bumped revision number for resource e895fe28-3419-4818-b26b-e712a84f2365 (type: router_ports) to 1
2026-07-02 11:14:13.646 9 INFO neutron.wsgi [-] 10.0.0.201 "GET / HTTP/1.1" status: 200 len: 247 time: 0.0014415
2026-07-02 11:14:13.648 9 INFO neutron.wsgi [-] 10.0.0.201 "GET / HTTP/1.1" status: 200 len: 247 time: 0.0010381
2026-07-02 11:14:13.693 10 INFO neutron.db.ovn_revision_numbers_db [None req-123564df-8e72-4d46-a9f7-2d8a9c7544d1 77240ad744294c35b7ae80100fc78dbe 0a98d02fb3d8404a862651be04768bd5 - - default default] Successfully bumped revision number for resource ccbeab39-5766-4b00-a341-6338c60a8863 (type: routers) to 2
2026-07-02 11:14:13.714 10 INFO neutron.wsgi [None req-123564df-8e72-4d46-a9f7-2d8a9c7544d1 77240ad744294c35b7ae80100fc78dbe 0a98d02fb3d8404a862651be04768bd5 - - default default] 10.0.0.248 "POST /v2.0/routers HTTP/1.1" status: 201 len: 880 time: 1.4743974
2026-07-02 11:14:13.872 9 INFO neutron.db.ovn_revision_numbers_db [None req-3384482a-78d0-4388-b447-beb2fc9429d7 77240ad744294c35b7ae80100fc78dbe 0a98d02fb3d8404a862651be04768bd5 - - default default] Successfully bumped revision number for resource 8076e9b4-95a2-4d32-bc0c-a5637ba8fad0 (type: router_ports) to 1
2026-07-02 11:14:13.955 9 INFO neutron.db.ovn_revision_numbers_db [None req-3384482a-78d0-4388-b447-beb2fc9429d7 77240ad744294c35b7ae80100fc78dbe 0a98d02fb3d8404a862651be04768bd5 - - default default] Successfully bumped revision number for resource ff2e5930-f308-4fb5-9403-58805e669409 (type: routers) to 2
2026-07-02 11:14:13.972 9 INFO neutron.wsgi [None req-3384482a-78d0-4388-b447-beb2fc9429d7 77240ad744294c35b7ae80100fc78dbe 0a98d02fb3d8404a862651be04768bd5 - - default default] 10.0.0.248 "POST /v2.0/routers HTTP/1.1" status: 201 len: 882 time: 1.9640431
2026-07-02 11:14:14.049 9 INFO neutron.db.ovn_revision_numbers_db [None req-4c6badb1-d004-4665-88ef-3d288b29d7f3 77240ad744294c35b7ae80100fc78dbe 0a98d02fb3d8404a862651be04768bd5 - - default default] Successfully bumped revision number for resource b21cb188-4cc3-4930-82a9-1793b4652de8 (type: router_ports) to 1
2026-07-02 11:14:14.053 10 INFO neutron.plugins.ml2.drivers.ovn.mech_driver.mech_driver [None req-763d87c8-6bdf-4eba-92f2-49be3e009292 - - - - - -] OVN reports status up for port: b21cb188-4cc3-4930-82a9-1793b4652de8
