2026-07-02 11:16:27.957 9 INFO neutron.wsgi [None req-7e7998bb-652f-4c05-bf87-ed387cbbe029 77240ad744294c35b7ae80100fc78dbe 0a98d02fb3d8404a862651be04768bd5 - - default default] 10.0.0.248 "GET /v2.0/security-groups?tenant_id=c2da28b83b2f4ff298c789446698e556&name=default HTTP/1.1" status: 200 len: 2996 time: 0.4034822
2026-07-02 11:16:28.197 9 INFO neutron.wsgi [None req-7148232f-38cc-49f4-a5ce-f8b9fbe44393 77240ad744294c35b7ae80100fc78dbe 0a98d02fb3d8404a862651be04768bd5 - - default default] 10.0.0.248 "DELETE /v2.0/security-groups/56e8197e-17d6-4d2b-bba8-137f4b54a7e2 HTTP/1.1" status: 204 len: 168 time: 0.2361186
2026-07-02 11:16:28.233 10 WARNING neutron.scheduler.dhcp_agent_scheduler [None req-72866323-c021-4ff8-907e-5ac2d62a90ce a8bf2d62c31e45418f76d39fc9b68ef9 d98d35a1dab14b5e8d941d9a1ea8026d - - default default] No more DHCP agents
2026-07-02 11:16:28.236 10 WARNING neutron.api.rpc.agentnotifiers.dhcp_rpc_agent_api [None req-72866323-c021-4ff8-907e-5ac2d62a90ce a8bf2d62c31e45418f76d39fc9b68ef9 d98d35a1dab14b5e8d941d9a1ea8026d - - default default] Unable to schedule network bf82e6fc-80cb-48bc-b72e-af56e197ada8: no agents available; will retry on subsequent port and subnet creation events.
2026-07-02 11:16:28.422 10 INFO neutron.db.ovn_revision_numbers_db [None req-72866323-c021-4ff8-907e-5ac2d62a90ce a8bf2d62c31e45418f76d39fc9b68ef9 d98d35a1dab14b5e8d941d9a1ea8026d - - default default] Successfully bumped revision number for resource 200ac8ba-d32f-4e61-b6b2-bec2516e6109 (type: ports) to 1
2026-07-02 11:16:28.636 9 INFO neutron.wsgi [-] 10.0.0.201 "GET / HTTP/1.1" status: 200 len: 247 time: 0.0018637
2026-07-02 11:16:28.641 9 INFO neutron.wsgi [-] 10.0.0.201 "GET / HTTP/1.1" status: 200 len: 247 time: 0.0039122
2026-07-02 11:16:28.947 10 INFO neutron.plugins.ml2.drivers.ovn.mech_driver.mech_driver [None req-763d87c8-6bdf-4eba-92f2-49be3e009292 - - - - - -] OVN reports status up for port: 200ac8ba-d32f-4e61-b6b2-bec2516e6109
2026-07-02 11:16:28.962 10 INFO neutron.plugins.ml2.plugin [None req-763d87c8-6bdf-4eba-92f2-49be3e009292 - - - - - -] Attempt 1 to provision port 200ac8ba-d32f-4e61-b6b2-bec2516e6109
2026-07-02 11:16:28.981 10 INFO neutron.db.ovn_revision_numbers_db [None req-72866323-c021-4ff8-907e-5ac2d62a90ce a8bf2d62c31e45418f76d39fc9b68ef9 d98d35a1dab14b5e8d941d9a1ea8026d - - default default] Successfully bumped revision number for resource 200ac8ba-d32f-4e61-b6b2-bec2516e6109 (type: router_ports) to 1
2026-07-02 11:16:29.208 10 INFO neutron.db.ovn_revision_numbers_db [None req-72866323-c021-4ff8-907e-5ac2d62a90ce a8bf2d62c31e45418f76d39fc9b68ef9 d98d35a1dab14b5e8d941d9a1ea8026d - - default default] Successfully bumped revision number for resource 200ac8ba-d32f-4e61-b6b2-bec2516e6109 (type: ports) to 1
2026-07-02 11:16:29.306 10 WARNING neutron.scheduler.dhcp_agent_scheduler [None req-72866323-c021-4ff8-907e-5ac2d62a90ce a8bf2d62c31e45418f76d39fc9b68ef9 d98d35a1dab14b5e8d941d9a1ea8026d - - default default] No more DHCP agents
2026-07-02 11:16:29.309 10 WARNING neutron.api.rpc.agentnotifiers.dhcp_rpc_agent_api [None req-72866323-c021-4ff8-907e-5ac2d62a90ce a8bf2d62c31e45418f76d39fc9b68ef9 d98d35a1dab14b5e8d941d9a1ea8026d - - default default] Unable to schedule network bf82e6fc-80cb-48bc-b72e-af56e197ada8: no agents available; will retry on subsequent port and subnet creation events.
2026-07-02 11:16:29.330 10 INFO neutron.db.ovn_revision_numbers_db [None req-763d87c8-6bdf-4eba-92f2-49be3e009292 - - - - - -] Successfully bumped revision number for resource 200ac8ba-d32f-4e61-b6b2-bec2516e6109 (type: ports) to 2
2026-07-02 11:16:29.731 10 INFO neutron.db.ovn_revision_numbers_db [None req-763d87c8-6bdf-4eba-92f2-49be3e009292 - - - - - -] Successfully bumped revision number for resource 200ac8ba-d32f-4e61-b6b2-bec2516e6109 (type: router_ports) to 2
2026-07-02 11:16:29.887 10 INFO neutron.db.ovn_revision_numbers_db [None req-72866323-c021-4ff8-907e-5ac2d62a90ce a8bf2d62c31e45418f76d39fc9b68ef9 d98d35a1dab14b5e8d941d9a1ea8026d - - default default] Successfully bumped revision number for resource 200ac8ba-d32f-4e61-b6b2-bec2516e6109 (type: router_ports) to 2
2026-07-02 11:16:29.890 10 INFO neutron.wsgi [None req-72866323-c021-4ff8-907e-5ac2d62a90ce a8bf2d62c31e45418f76d39fc9b68ef9 d98d35a1dab14b5e8d941d9a1ea8026d - - default default] 10.0.0.248 "PUT /v2.0/routers/7756ce56-72ad-4ad3-b11a-c6b1d64abc0a/add_router_interface HTTP/1.1" status: 200 len: 503 time: 2.2615268
2026-07-02 11:16:29.955 9 INFO neutron.db.ovn_revision_numbers_db [None req-b115bf14-9272-4d7d-9224-a05cc9b8ed18 77240ad744294c35b7ae80100fc78dbe 0a98d02fb3d8404a862651be04768bd5 - - default default] Successfully bumped revision number for resource 2bf8adb0-d6e6-4796-a8e8-b6c2cd973966 (type: security_groups) to 1
2026-07-02 11:16:29.968 9 INFO neutron.db.ovn_revision_numbers_db [None req-7f26dbdc-3c97-41f2-9c0e-f93f54b719bb 77240ad744294c35b7ae80100fc78dbe 0a98d02fb3d8404a862651be04768bd5 - - default default] Successfully bumped revision number for resource bd26f480-7e7e-4991-b6ef-89943330dd67 (type: security_groups) to 1
2026-07-02 11:16:29.971 9 INFO neutron.db.ovn_revision_numbers_db [None req-b115bf14-9272-4d7d-9224-a05cc9b8ed18 77240ad744294c35b7ae80100fc78dbe 0a98d02fb3d8404a862651be04768bd5 - - default default] Successfully bumped revision number for resource 111879f2-6d2b-4004-9eef-11a1047f2a2d (type: security_group_rules) to 0
2026-07-02 11:16:29.983 9 INFO neutron.db.ovn_revision_numbers_db [None req-7f26dbdc-3c97-41f2-9c0e-f93f54b719bb 77240ad744294c35b7ae80100fc78dbe 0a98d02fb3d8404a862651be04768bd5 - - default default] Successfully bumped revision number for resource 8fc71e92-fd12-4933-9f33-1774344930f5 (type: security_group_rules) to 0
2026-07-02 11:16:29.990 9 INFO neutron.db.ovn_revision_numbers_db [None req-b115bf14-9272-4d7d-9224-a05cc9b8ed18 77240ad744294c35b7ae80100fc78dbe 0a98d02fb3d8404a862651be04768bd5 - - default default] Successfully bumped revision number for resource 820d2f19-3494-4f2a-a1ab-cae9409e4027 (type: security_group_rules) to 0
2026-07-02 11:16:29.996 10 INFO neutron.wsgi [None req-8c9c4d3e-5bc9-4df7-85d9-e234446c731c 2d30ffac9f76423abe6ffbdbb9294086 93f145e8663c4205b78f3c402f5c3cca - - default default] 10.0.0.248 "GET /v2.0/networks HTTP/1.1" status: 200 len: 3112 time: 0.0950072
2026-07-02 11:16:30.000 9 INFO neutron.db.ovn_revision_numbers_db [None req-7f26dbdc-3c97-41f2-9c0e-f93f54b719bb 77240ad744294c35b7ae80100fc78dbe 0a98d02fb3d8404a862651be04768bd5 - - default default] Successfully bumped revision number for resource edd7338b-912e-43d5-ad3f-b534dd2987bd (type: security_group_rules) to 0
2026-07-02 11:16:30.007 9 INFO neutron.db.ovn_revision_numbers_db [None req-b115bf14-9272-4d7d-9224-a05cc9b8ed18 77240ad744294c35b7ae80100fc78dbe 0a98d02fb3d8404a862651be04768bd5 - - default default] Successfully bumped revision number for resource 90766e4b-165a-41d4-9885-e5b1d119f01a (type: security_group_rules) to 0
2026-07-02 11:16:30.015 9 INFO neutron.db.ovn_revision_numbers_db [None req-7f26dbdc-3c97-41f2-9c0e-f93f54b719bb 77240ad744294c35b7ae80100fc78dbe 0a98d02fb3d8404a862651be04768bd5 - - default default] Successfully bumped revision number for resource f194fb7a-9d58-42f6-b1e5-e1cf9ae33a57 (type: security_group_rules) to 0
2026-07-02 11:16:30.019 9 INFO neutron.db.ovn_revision_numbers_db [None req-b115bf14-9272-4d7d-9224-a05cc9b8ed18 77240ad744294c35b7ae80100fc78dbe 0a98d02fb3d8404a862651be04768bd5 - - default default] Successfully bumped revision number for resource 925968da-e5c9-4556-a763-796aeb467238 (type: security_group_rules) to 0
2026-07-02 11:16:30.035 9 INFO neutron.db.ovn_revision_numbers_db [None req-7f26dbdc-3c97-41f2-9c0e-f93f54b719bb 77240ad744294c35b7ae80100fc78dbe 0a98d02fb3d8404a862651be04768bd5 - - default default] Successfully bumped revision number for resource fa629468-cf0c-4140-822f-6af8b368817e (type: security_group_rules) to 0
2026-07-02 11:16:30.040 10 INFO neutron.wsgi [None req-bdeee44c-45b8-4d14-8d58-94ecaf0504de 2d30ffac9f76423abe6ffbdbb9294086 93f145e8663c4205b78f3c402f5c3cca - - default default] 10.0.0.248 "GET /v2.0/subnets HTTP/1.1" status: 200 len: 2096 time: 0.0393021
2026-07-02 11:16:30.042 9 INFO neutron.wsgi [None req-b115bf14-9272-4d7d-9224-a05cc9b8ed18 77240ad744294c35b7ae80100fc78dbe 0a98d02fb3d8404a862651be04768bd5 - - default default] 10.0.0.248 "GET /v2.0/security-groups?tenant_id=27962f2b38724d88a62b72b217d95718&name=default HTTP/1.1" status: 200 len: 2996 time: 0.4360743
2026-07-02 11:16:30.091 9 INFO neutron.db.segments_db [None req-7f26dbdc-3c97-41f2-9c0e-f93f54b719bb 77240ad744294c35b7ae80100fc78dbe 0a98d02fb3d8404a862651be04768bd5 - - default default] Added segment ff398307-c4d1-4695-968b-065a754f87fa of type geneve for network 5ff3db4f-2d6b-4678-8ba0-46c1bb3b89a4
2026-07-02 11:16:30.122 9 INFO neutron.wsgi [None req-ff674eea-8bee-4291-8891-10b539edcb2a 2d30ffac9f76423abe6ffbdbb9294086 93f145e8663c4205b78f3c402f5c3cca - - default default] 10.0.0.248 "GET /v2.0/routers HTTP/1.1" status: 200 len: 879 time: 0.0765600
2026-07-02 11:16:30.217 10 INFO neutron.db.ovn_revision_numbers_db [None req-c01074a3-da16-456d-9835-b03430e2802a 77240ad744294c35b7ae80100fc78dbe 0a98d02fb3d8404a862651be04768bd5 - - default default] Successfully bumped revision number for resource 0d3c9ec4-2473-4e45-abfb-3c92e41cac03 (type: security_groups) to 1
2026-07-02 11:16:30.241 10 INFO neutron.db.ovn_revision_numbers_db [None req-c01074a3-da16-456d-9835-b03430e2802a 77240ad744294c35b7ae80100fc78dbe 0a98d02fb3d8404a862651be04768bd5 - - default default] Successfully bumped revision number for resource 1392d684-4a59-40c2-a7d8-f052df45eed7 (type: security_group_rules) to 0
2026-07-02 11:16:30.255 9 INFO neutron.db.ovn_revision_numbers_db [None req-7f26dbdc-3c97-41f2-9c0e-f93f54b719bb 77240ad744294c35b7ae80100fc78dbe 0a98d02fb3d8404a862651be04768bd5 - - default default] Successfully bumped revision number for resource 5ff3db4f-2d6b-4678-8ba0-46c1bb3b89a4 (type: networks) to 1
2026-07-02 11:16:30.262 10 INFO neutron.db.ovn_revision_numbers_db [None req-c01074a3-da16-456d-9835-b03430e2802a 77240ad744294c35b7ae80100fc78dbe 0a98d02fb3d8404a862651be04768bd5 - - default default] Successfully bumped revision number for resource 5c6bd951-6fba-4efa-9cc9-d14a88579cbb (type: security_group_rules) to 0
2026-07-02 11:16:30.284 10 INFO neutron.db.ovn_revision_numbers_db [None req-c01074a3-da16-456d-9835-b03430e2802a 77240ad744294c35b7ae80100fc78dbe 0a98d02fb3d8404a862651be04768bd5 - - default default] Successfully bumped revision number for resource 9c78ae14-3998-4c07-a51d-51dc66a273c8 (type: security_group_rules) to 0
2026-07-02 11:16:30.309 10 INFO neutron.db.ovn_revision_numbers_db [None req-c01074a3-da16-456d-9835-b03430e2802a 77240ad744294c35b7ae80100fc78dbe 0a98d02fb3d8404a862651be04768bd5 - - default default] Successfully bumped revision number for resource f59df7ae-5b92-499b-bd7d-d8eda3cb75e7 (type: security_group_rules) to 0
2026-07-02 11:16:30.342 10 INFO neutron.db.ovn_revision_numbers_db [None req-fe867a29-b5ce-4961-b204-38c8aa6318b7 a8bf2d62c31e45418f76d39fc9b68ef9 d98d35a1dab14b5e8d941d9a1ea8026d - - default default] Successfully bumped revision number for resource 8722a03a-361a-407f-85de-9666b5d72ed3 (type: security_groups) to 1
2026-07-02 11:16:30.353 10 INFO neutron.wsgi [None req-5f086325-5b5b-4a9d-bee0-c9b5ae21a2d4 77240ad744294c35b7ae80100fc78dbe 0a98d02fb3d8404a862651be04768bd5 - - default default] 10.0.0.248 "DELETE /v2.0/security-groups/2bf8adb0-d6e6-4796-a8e8-b6c2cd973966 HTTP/1.1" status: 204 len: 168 time: 0.3022199
2026-07-02 11:16:30.360 10 INFO neutron.db.ovn_revision_numbers_db [None req-fe867a29-b5ce-4961-b204-38c8aa6318b7 a8bf2d62c31e45418f76d39fc9b68ef9 d98d35a1dab14b5e8d941d9a1ea8026d - - default default] Successfully bumped revision number for resource a9cb0fea-4494-484c-9b5b-29ca7f9157cb (type: security_group_rules) to 0
2026-07-02 11:16:30.375 10 INFO neutron.db.segments_db [None req-c01074a3-da16-456d-9835-b03430e2802a 77240ad744294c35b7ae80100fc78dbe 0a98d02fb3d8404a862651be04768bd5 - - default default] Added segment be799203-732f-4e1c-8cb7-ba0088dd88d7 of type geneve for network 6712db69-352f-4905-a76a-3946d6fa1c24
2026-07-02 11:16:30.379 10 INFO neutron.db.ovn_revision_numbers_db [None req-fe867a29-b5ce-4961-b204-38c8aa6318b7 a8bf2d62c31e45418f76d39fc9b68ef9 d98d35a1dab14b5e8d941d9a1ea8026d - - default default] Successfully bumped revision number for resource c997b53a-8c28-4bae-9655-329872128571 (type: security_group_rules) to 0
2026-07-02 11:16:30.406 10 INFO neutron.wsgi [None req-fe867a29-b5ce-4961-b204-38c8aa6318b7 a8bf2d62c31e45418f76d39fc9b68ef9 d98d35a1dab14b5e8d941d9a1ea8026d - - default default] 10.0.0.248 "POST /v2.0/security-groups HTTP/1.1" status: 201 len: 1809 time: 0.2190318
2026-07-02 11:16:30.551 10 INFO neutron.db.ovn_revision_numbers_db [None req-c01074a3-da16-456d-9835-b03430e2802a 77240ad744294c35b7ae80100fc78dbe 0a98d02fb3d8404a862651be04768bd5 - - default default] Successfully bumped revision number for resource 6712db69-352f-4905-a76a-3946d6fa1c24 (type: networks) to 1
2026-07-02 11:16:30.615 10 INFO neutron.db.ovn_revision_numbers_db [None req-96c82d39-cff2-41df-a8c5-93546e16d785 a8bf2d62c31e45418f76d39fc9b68ef9 d98d35a1dab14b5e8d941d9a1ea8026d - - default default] Successfully bumped revision number for resource 916061fb-7cc7-47b9-aa28-447065d48943 (type: security_group_rules) to 0
2026-07-02 11:16:30.663 10 INFO neutron.wsgi [None req-96c82d39-cff2-41df-a8c5-93546e16d785 a8bf2d62c31e45418f76d39fc9b68ef9 d98d35a1dab14b5e8d941d9a1ea8026d - - default default] 10.0.0.248 "POST /v2.0/security-group-rules HTTP/1.1" status: 201 len: 764 time: 0.2513094
2026-07-02 11:16:30.713 9 WARNING neutron.scheduler.dhcp_agent_scheduler [None req-7f26dbdc-3c97-41f2-9c0e-f93f54b719bb 77240ad744294c35b7ae80100fc78dbe 0a98d02fb3d8404a862651be04768bd5 - - default default] No more DHCP agents
2026-07-02 11:16:30.717 9 WARNING neutron.api.rpc.agentnotifiers.dhcp_rpc_agent_api [None req-7f26dbdc-3c97-41f2-9c0e-f93f54b719bb 77240ad744294c35b7ae80100fc78dbe 0a98d02fb3d8404a862651be04768bd5 - - default default] Unable to schedule network 5ff3db4f-2d6b-4678-8ba0-46c1bb3b89a4: no agents available; will retry on subsequent port and subnet creation events.
2026-07-02 11:16:30.768 10 WARNING neutron.scheduler.dhcp_agent_scheduler [None req-c01074a3-da16-456d-9835-b03430e2802a 77240ad744294c35b7ae80100fc78dbe 0a98d02fb3d8404a862651be04768bd5 - - default default] No more DHCP agents
2026-07-02 11:16:30.770 10 WARNING neutron.api.rpc.agentnotifiers.dhcp_rpc_agent_api [None req-c01074a3-da16-456d-9835-b03430e2802a 77240ad744294c35b7ae80100fc78dbe 0a98d02fb3d8404a862651be04768bd5 - - default default] Unable to schedule network 6712db69-352f-4905-a76a-3946d6fa1c24: no agents available; will retry on subsequent port and subnet creation events.
2026-07-02 11:16:30.824 9 INFO neutron.db.ovn_revision_numbers_db [None req-7f26dbdc-3c97-41f2-9c0e-f93f54b719bb 77240ad744294c35b7ae80100fc78dbe 0a98d02fb3d8404a862651be04768bd5 - - default default] Successfully bumped revision number for resource ea39d761-c62d-42a1-9cb5-ade4cb6f5a2f (type: ports) to 1
2026-07-02 11:16:30.875 9 INFO neutron.wsgi [None req-7f26dbdc-3c97-41f2-9c0e-f93f54b719bb 77240ad744294c35b7ae80100fc78dbe 0a98d02fb3d8404a862651be04768bd5 - - default default] 10.0.0.248 "POST /v2.0/networks HTTP/1.1" status: 201 len: 947 time: 1.1007428
2026-07-02 11:16:30.889 9 INFO neutron.db.ovn_revision_numbers_db [None req-1078841d-7080-44b6-8335-0ff60844ea84 a8bf2d62c31e45418f76d39fc9b68ef9 d98d35a1dab14b5e8d941d9a1ea8026d - - default default] Successfully bumped revision number for resource 667844ab-5cbb-41b7-8105-1070fcf9cb9b (type: security_group_rules) to 0
2026-07-02 11:16:30.895 10 INFO neutron.db.ovn_revision_numbers_db [None req-c01074a3-da16-456d-9835-b03430e2802a 77240ad744294c35b7ae80100fc78dbe 0a98d02fb3d8404a862651be04768bd5 - - default default] Successfully bumped revision number for resource 0d8c9c28-e3a7-4501-9a2f-c8f87d7372fb (type: ports) to 1
2026-07-02 11:16:30.919 10 INFO neutron.wsgi [None req-c01074a3-da16-456d-9835-b03430e2802a 77240ad744294c35b7ae80100fc78dbe 0a98d02fb3d8404a862651be04768bd5 - - default default] 10.0.0.248 "POST /v2.0/networks HTTP/1.1" status: 201 len: 942 time: 0.9530666
2026-07-02 11:16:30.943 9 INFO neutron.wsgi [None req-1078841d-7080-44b6-8335-0ff60844ea84 a8bf2d62c31e45418f76d39fc9b68ef9 d98d35a1dab14b5e8d941d9a1ea8026d - - default default] 10.0.0.248 "POST /v2.0/security-group-rules HTTP/1.1" status: 201 len: 763 time: 0.2743473
2026-07-02 11:16:31.095 10 WARNING neutron.scheduler.dhcp_agent_scheduler [None req-7ebf1c49-a498-474a-8a32-ea5dee2abc90 77240ad744294c35b7ae80100fc78dbe 0a98d02fb3d8404a862651be04768bd5 - - default default] No more DHCP agents
2026-07-02 11:16:31.097 10 WARNING neutron.api.rpc.agentnotifiers.dhcp_rpc_agent_api [None req-7ebf1c49-a498-474a-8a32-ea5dee2abc90 77240ad744294c35b7ae80100fc78dbe 0a98d02fb3d8404a862651be04768bd5 - - default default] Unable to schedule network 6712db69-352f-4905-a76a-3946d6fa1c24: no agents available; will retry on subsequent port and subnet creation events.
2026-07-02 11:16:31.111 9 WARNING neutron.scheduler.dhcp_agent_scheduler [None req-cb418b2a-8623-41d9-ad7a-4391a6d15ec3 77240ad744294c35b7ae80100fc78dbe 0a98d02fb3d8404a862651be04768bd5 - - default default] No more DHCP agents
2026-07-02 11:16:31.128 9 WARNING neutron.api.rpc.agentnotifiers.dhcp_rpc_agent_api [None req-cb418b2a-8623-41d9-ad7a-4391a6d15ec3 77240ad744294c35b7ae80100fc78dbe 0a98d02fb3d8404a862651be04768bd5 - - default default] Unable to schedule network 5ff3db4f-2d6b-4678-8ba0-46c1bb3b89a4: no agents available; will retry on subsequent port and subnet creation events.
2026-07-02 11:16:31.170 9 INFO neutron.db.ovn_revision_numbers_db [None req-4bd1aa1d-21dc-4f47-962c-5e0a6de95af9 a8bf2d62c31e45418f76d39fc9b68ef9 d98d35a1dab14b5e8d941d9a1ea8026d - - default default] Successfully bumped revision number for resource 8f9f84d8-689b-4534-adbf-2fe44e07ce8c (type: security_group_rules) to 0
2026-07-02 11:16:31.207 9 INFO neutron.wsgi [None req-4bd1aa1d-21dc-4f47-962c-5e0a6de95af9 a8bf2d62c31e45418f76d39fc9b68ef9 d98d35a1dab14b5e8d941d9a1ea8026d - - default default] 10.0.0.248 "POST /v2.0/security-group-rules HTTP/1.1" status: 201 len: 769 time: 0.2559755
2026-07-02 11:16:31.410 10 INFO neutron.db.ovn_revision_numbers_db [None req-ddbeda11-da6c-4c7c-aade-77963d31898b a8bf2d62c31e45418f76d39fc9b68ef9 d98d35a1dab14b5e8d941d9a1ea8026d - - default default] Successfully bumped revision number for resource 1644e2d3-2ef7-4e69-94fd-76a566f90d45 (type: security_group_rules) to 0
2026-07-02 11:16:31.462 10 INFO neutron.wsgi [None req-ddbeda11-da6c-4c7c-aade-77963d31898b a8bf2d62c31e45418f76d39fc9b68ef9 d98d35a1dab14b5e8d941d9a1ea8026d - - default default] 10.0.0.248 "POST /v2.0/security-group-rules HTTP/1.1" status: 201 len: 768 time: 0.2480121
2026-07-02 11:16:31.505 10 INFO neutron.db.securitygroups_db [None req-e9db8d7d-4e23-496e-9956-4df50e63258f a8bf2d62c31e45418f76d39fc9b68ef9 d98d35a1dab14b5e8d941d9a1ea8026d - - default default] Project d98d35a1dab14b5e8d941d9a1ea8026d added a security group rule with legacy IPv6 ICMP protocol name icmp, ipv6-icmp should be used instead. It was automatically converted.
2026-07-02 11:16:31.659 10 INFO neutron.db.ovn_revision_numbers_db [None req-e9db8d7d-4e23-496e-9956-4df50e63258f a8bf2d62c31e45418f76d39fc9b68ef9 d98d35a1dab14b5e8d941d9a1ea8026d - - default default] Successfully bumped revision number for resource 6c7e9e6a-206e-4e95-95bf-a2d03020e559 (type: security_group_rules) to 0
2026-07-02 11:16:31.696 10 INFO neutron.wsgi [None req-e9db8d7d-4e23-496e-9956-4df50e63258f a8bf2d62c31e45418f76d39fc9b68ef9 d98d35a1dab14b5e8d941d9a1ea8026d - - default default] 10.0.0.248 "POST /v2.0/security-group-rules HTTP/1.1" status: 201 len: 774 time: 0.2254660
2026-07-02 11:16:31.697 10 INFO neutron.db.ovn_revision_numbers_db [None req-7ebf1c49-a498-474a-8a32-ea5dee2abc90 77240ad744294c35b7ae80100fc78dbe 0a98d02fb3d8404a862651be04768bd5 - - default default] Successfully bumped revision number for resource 0d8c9c28-e3a7-4501-9a2f-c8f87d7372fb (type: ports) to 2
2026-07-02 11:16:31.730 9 INFO neutron.db.ovn_revision_numbers_db [None req-cb418b2a-8623-41d9-ad7a-4391a6d15ec3 77240ad744294c35b7ae80100fc78dbe 0a98d02fb3d8404a862651be04768bd5 - - default default] Successfully bumped revision number for resource ea39d761-c62d-42a1-9cb5-ade4cb6f5a2f (type: ports) to 2
2026-07-02 11:16:31.811 10 INFO neutron.db.securitygroups_db [None req-75c2580b-8447-4362-973e-15924f7ccac3 a8bf2d62c31e45418f76d39fc9b68ef9 d98d35a1dab14b5e8d941d9a1ea8026d - - default default] Project d98d35a1dab14b5e8d941d9a1ea8026d added a security group rule with legacy IPv6 ICMP protocol name icmp, ipv6-icmp should be used instead. It was automatically converted.
2026-07-02 11:16:31.824 10 INFO neutron.db.ovn_revision_numbers_db [None req-7ebf1c49-a498-474a-8a32-ea5dee2abc90 77240ad744294c35b7ae80100fc78dbe 0a98d02fb3d8404a862651be04768bd5 - - default default] Successfully bumped revision number for resource 43edf561-b051-4250-abdb-93f7c1c079fe (type: subnets) to 0
2026-07-02 11:16:31.832 9 INFO neutron.db.ovn_revision_numbers_db [None req-cb418b2a-8623-41d9-ad7a-4391a6d15ec3 77240ad744294c35b7ae80100fc78dbe 0a98d02fb3d8404a862651be04768bd5 - - default default] Successfully bumped revision number for resource e6298f79-e6a7-484c-8a9c-58b2b89cb27b (type: subnets) to 0
2026-07-02 11:16:31.843 10 INFO neutron.wsgi [None req-7ebf1c49-a498-474a-8a32-ea5dee2abc90 77240ad744294c35b7ae80100fc78dbe 0a98d02fb3d8404a862651be04768bd5 - - default default] 10.0.0.248 "POST /v2.0/subnets HTTP/1.1" status: 201 len: 862 time: 0.9116368
2026-07-02 11:16:31.848 9 INFO neutron.wsgi [None req-cb418b2a-8623-41d9-ad7a-4391a6d15ec3 77240ad744294c35b7ae80100fc78dbe 0a98d02fb3d8404a862651be04768bd5 - - default default] 10.0.0.248 "POST /v2.0/subnets HTTP/1.1" status: 201 len: 867 time: 0.9682608
2026-07-02 11:16:31.975 10 INFO neutron.db.ovn_revision_numbers_db [None req-75c2580b-8447-4362-973e-15924f7ccac3 a8bf2d62c31e45418f76d39fc9b68ef9 d98d35a1dab14b5e8d941d9a1ea8026d - - default default] Successfully bumped revision number for resource d06c30d4-1e28-4276-b715-b741bcd21604 (type: security_group_rules) to 0
2026-07-02 11:16:32.027 10 INFO neutron.wsgi [None req-75c2580b-8447-4362-973e-15924f7ccac3 a8bf2d62c31e45418f76d39fc9b68ef9 d98d35a1dab14b5e8d941d9a1ea8026d - - default default] 10.0.0.248 "POST /v2.0/security-group-rules HTTP/1.1" status: 201 len: 773 time: 0.3258860
2026-07-02 11:16:32.406 9 WARNING neutron.scheduler.dhcp_agent_scheduler [None req-569864e9-5484-4c8b-a95e-12a38f045dd3 77240ad744294c35b7ae80100fc78dbe 0a98d02fb3d8404a862651be04768bd5 - - default default] No more DHCP agents
2026-07-02 11:16:32.406 10 WARNING neutron.scheduler.dhcp_agent_scheduler [None req-5eb9e08e-b1ff-4663-b705-10a02f676fbd 77240ad744294c35b7ae80100fc78dbe 0a98d02fb3d8404a862651be04768bd5 - - default default] No more DHCP agents
2026-07-02 11:16:32.410 9 WARNING neutron.api.rpc.agentnotifiers.dhcp_rpc_agent_api [None req-569864e9-5484-4c8b-a95e-12a38f045dd3 77240ad744294c35b7ae80100fc78dbe 0a98d02fb3d8404a862651be04768bd5 - - default default] Unable to schedule network 8ee51cf5-5613-4fd9-a1a5-7a52d1319abd: no agents available; will retry on subsequent port and subnet creation events.
2026-07-02 11:16:32.412 10 WARNING neutron.api.rpc.agentnotifiers.dhcp_rpc_agent_api [None req-5eb9e08e-b1ff-4663-b705-10a02f676fbd 77240ad744294c35b7ae80100fc78dbe 0a98d02fb3d8404a862651be04768bd5 - - default default] Unable to schedule network 8ee51cf5-5613-4fd9-a1a5-7a52d1319abd: no agents available; will retry on subsequent port and subnet creation events.
2026-07-02 11:16:32.586 10 INFO neutron.db.ovn_revision_numbers_db [None req-5eb9e08e-b1ff-4663-b705-10a02f676fbd 77240ad744294c35b7ae80100fc78dbe 0a98d02fb3d8404a862651be04768bd5 - - default default] Successfully bumped revision number for resource 585c334d-459e-4b28-aabc-83b71d78e989 (type: ports) to 1
2026-07-02 11:16:32.632 9 INFO neutron.wsgi [None req-227e2150-9b8a-4948-abbb-5177a6950355 a8bf2d62c31e45418f76d39fc9b68ef9 d98d35a1dab14b5e8d941d9a1ea8026d - - default default] 10.0.0.248 "GET /v2.0/networks HTTP/1.1" status: 200 len: 1491 time: 0.2025604
2026-07-02 11:16:32.633 9 INFO neutron.db.ovn_revision_numbers_db [None req-569864e9-5484-4c8b-a95e-12a38f045dd3 77240ad744294c35b7ae80100fc78dbe 0a98d02fb3d8404a862651be04768bd5 - - default default] Successfully bumped revision number for resource 7cd996f2-2323-498e-970a-1f61b57eff66 (type: ports) to 1
2026-07-02 11:16:32.770 10 INFO neutron.wsgi [req-5b065e47-b4ca-472c-8b97-d4ed39a61021 req-761b9e0f-68a1-4db5-b86d-44b4b1643e13 a8bf2d62c31e45418f76d39fc9b68ef9 d98d35a1dab14b5e8d941d9a1ea8026d - - default default] 10.0.0.229 "GET /v2.0/security-groups?name=tempest-secgroup-smoke-274404920&fields=id&tenant_id=d98d35a1dab14b5e8d941d9a1ea8026d HTTP/1.1" status: 200 len: 267 time: 0.0635295
2026-07-02 11:16:32.871 10 INFO neutron.wsgi [req-5b065e47-b4ca-472c-8b97-d4ed39a61021 req-b5d2973d-e3e6-45ae-b0ae-cbc7d61ccaf4 a8bf2d62c31e45418f76d39fc9b68ef9 d98d35a1dab14b5e8d941d9a1ea8026d - - default default] 10.0.0.229 "GET /v2.0/networks?id=bf82e6fc-80cb-48bc-b72e-af56e197ada8 HTTP/1.1" status: 200 len: 858 time: 0.0915351
2026-07-02 11:16:32.900 10 INFO neutron.wsgi [req-5b065e47-b4ca-472c-8b97-d4ed39a61021 req-a952d410-483b-476b-aae1-0a5d11e35297 a8bf2d62c31e45418f76d39fc9b68ef9 d98d35a1dab14b5e8d941d9a1ea8026d - - default default] 10.0.0.229 "GET /v2.0/quotas/d98d35a1dab14b5e8d941d9a1ea8026d HTTP/1.1" status: 200 len: 386 time: 0.0221670
2026-07-02 11:16:33.016 10 INFO neutron.wsgi [req-5b065e47-b4ca-472c-8b97-d4ed39a61021 req-6c1792ef-9263-44bd-af51-949b9f186474 a8bf2d62c31e45418f76d39fc9b68ef9 d98d35a1dab14b5e8d941d9a1ea8026d - - default default] 10.0.0.229 "GET /v2.0/ports?tenant_id=d98d35a1dab14b5e8d941d9a1ea8026d&fields=id HTTP/1.1" status: 200 len: 302 time: 0.1011913
2026-07-02 11:16:33.108 10 INFO neutron.wsgi [req-5b065e47-b4ca-472c-8b97-d4ed39a61021 req-84ed76ee-e3e5-4cd0-8887-0cb902f5cf8f c009b804a6574fc1a3e7663aadd95622 a1e5a7691a304189972788d916dfc909 - - 7e6cee0005ce4cdbbd56e806f4693548 7e6cee0005ce4cdbbd56e806f4693548] 10.0.0.229 "GET /v2.0/networks/bf82e6fc-80cb-48bc-b72e-af56e197ada8?fields=segments HTTP/1.1" status: 200 len: 212 time: 0.0757852
2026-07-02 11:16:33.299 9 INFO neutron.plugins.ml2.drivers.ovn.mech_driver.ovsdb.ovsdb_monitor [None req-073a6816-7725-4a8f-907a-b624325a0100 - - - - - -] Router 80df7370-f142-4a3b-984e-9b15b121ad8a is bound to host instance
2026-07-02 11:16:33.321 9 INFO neutron.db.ovn_revision_numbers_db [None req-569864e9-5484-4c8b-a95e-12a38f045dd3 77240ad744294c35b7ae80100fc78dbe 0a98d02fb3d8404a862651be04768bd5 - - default default] Successfully bumped revision number for resource 7cd996f2-2323-498e-970a-1f61b57eff66 (type: router_ports) to 1
2026-07-02 11:16:33.417 9 INFO neutron.db.ovn_revision_numbers_db [None req-569864e9-5484-4c8b-a95e-12a38f045dd3 77240ad744294c35b7ae80100fc78dbe 0a98d02fb3d8404a862651be04768bd5 - - default default] Successfully bumped revision number for resource 80df7370-f142-4a3b-984e-9b15b121ad8a (type: routers) to 2
2026-07-02 11:16:33.435 9 INFO neutron.wsgi [None req-569864e9-5484-4c8b-a95e-12a38f045dd3 77240ad744294c35b7ae80100fc78dbe 0a98d02fb3d8404a862651be04768bd5 - - default default] 10.0.0.248 "POST /v2.0/routers HTTP/1.1" status: 201 len: 878 time: 1.5814564
2026-07-02 11:16:33.475 10 INFO neutron.wsgi [req-5b065e47-b4ca-472c-8b97-d4ed39a61021 req-16c0d396-869e-4c61-9851-462bce14ea21 c009b804a6574fc1a3e7663aadd95622 a1e5a7691a304189972788d916dfc909 - - 7e6cee0005ce4cdbbd56e806f4693548 7e6cee0005ce4cdbbd56e806f4693548] 10.0.0.229 "GET /v2.0/networks/bf82e6fc-80cb-48bc-b72e-af56e197ada8?fields=provider%3Aphysical_network&fields=provider%3Anetwork_type HTTP/1.1" status: 200 len: 277 time: 0.3583260
2026-07-02 11:16:33.631 10 INFO neutron.wsgi [req-86b8cf91-7e5f-4dbe-9efa-a0292d3f7b11 req-4e261dce-d589-4064-bc16-cb51eafc140b a8bf2d62c31e45418f76d39fc9b68ef9 d98d35a1dab14b5e8d941d9a1ea8026d - - default default] 10.0.0.229 "GET /v2.0/ports?device_id=5b6165cf-ea24-45d4-9adc-1a5e35c5ebff HTTP/1.1" status: 200 len: 210 time: 0.0308585
2026-07-02 11:16:33.644 10 INFO neutron.db.ovn_revision_numbers_db [None req-5eb9e08e-b1ff-4663-b705-10a02f676fbd 77240ad744294c35b7ae80100fc78dbe 0a98d02fb3d8404a862651be04768bd5 - - default default] Successfully bumped revision number for resource 585c334d-459e-4b28-aabc-83b71d78e989 (type: router_ports) to 1
2026-07-02 11:16:33.736 10 INFO neutron.db.ovn_revision_numbers_db [None req-5eb9e08e-b1ff-4663-b705-10a02f676fbd 77240ad744294c35b7ae80100fc78dbe 0a98d02fb3d8404a862651be04768bd5 - - default default] Successfully bumped revision number for resource b8f8ce3f-9391-4de2-9a3b-20322685fafb (type: routers) to 2
2026-07-02 11:16:33.763 10 INFO neutron.wsgi [None req-5eb9e08e-b1ff-4663-b705-10a02f676fbd 77240ad744294c35b7ae80100fc78dbe 0a98d02fb3d8404a862651be04768bd5 - - default default] 10.0.0.248 "POST /v2.0/routers HTTP/1.1" status: 201 len: 873 time: 1.9149668
2026-07-02 11:16:33.949 9 INFO neutron.db.ovn_revision_numbers_db [None req-073a6816-7725-4a8f-907a-b624325a0100 - - - - - -] Successfully bumped revision number for resource 7cd996f2-2323-498e-970a-1f61b57eff66 (type: ports) to 1
2026-07-02 11:16:34.133 10 WARNING neutron.scheduler.dhcp_agent_scheduler [None req-b171901d-a752-4598-ac28-6ab9922f89a9 77240ad744294c35b7ae80100fc78dbe 0a98d02fb3d8404a862651be04768bd5 - - default default] No more DHCP agents
2026-07-02 11:16:34.142 10 WARNING neutron.api.rpc.agentnotifiers.dhcp_rpc_agent_api [None req-b171901d-a752-4598-ac28-6ab9922f89a9 77240ad744294c35b7ae80100fc78dbe 0a98d02fb3d8404a862651be04768bd5 - - default default] Unable to schedule network 5ff3db4f-2d6b-4678-8ba0-46c1bb3b89a4: no agents available; will retry on subsequent port and subnet creation events.
2026-07-02 11:16:34.257 9 INFO neutron.db.ovn_revision_numbers_db [None req-073a6816-7725-4a8f-907a-b624325a0100 - - - - - -] Successfully bumped revision number for resource 7cd996f2-2323-498e-970a-1f61b57eff66 (type: router_ports) to 3
2026-07-02 11:16:34.381 10 INFO neutron.db.ovn_revision_numbers_db [None req-b171901d-a752-4598-ac28-6ab9922f89a9 77240ad744294c35b7ae80100fc78dbe 0a98d02fb3d8404a862651be04768bd5 - - default default] Successfully bumped revision number for resource 2bd0b4ca-9bee-48ff-9ffc-f48d970e91c6 (type: ports) to 1
2026-07-02 11:16:34.437 10 WARNING neutron.scheduler.dhcp_agent_scheduler [None req-873db47d-7d41-4ee9-8baf-c000fa29d10a 77240ad744294c35b7ae80100fc78dbe 0a98d02fb3d8404a862651be04768bd5 - - default default] No more DHCP agents
2026-07-02 11:16:34.439 10 WARNING neutron.api.rpc.agentnotifiers.dhcp_rpc_agent_api [None req-873db47d-7d41-4ee9-8baf-c000fa29d10a 77240ad744294c35b7ae80100fc78dbe 0a98d02fb3d8404a862651be04768bd5 - - default default] Unable to schedule network 6712db69-352f-4905-a76a-3946d6fa1c24: no agents available; will retry on subsequent port and subnet creation events.
2026-07-02 11:16:34.461 9 INFO neutron.db.ovn_revision_numbers_db [None req-073a6816-7725-4a8f-907a-b624325a0100 - - - - - -] Successfully bumped revision number for resource 7cd996f2-2323-498e-970a-1f61b57eff66 (type: ports) to 2
2026-07-02 11:16:34.673 10 INFO neutron.wsgi [req-5b065e47-b4ca-472c-8b97-d4ed39a61021 req-5daa7087-d498-42ca-94d9-27e4b30a23cc a8bf2d62c31e45418f76d39fc9b68ef9 d98d35a1dab14b5e8d941d9a1ea8026d - - default default] 199.19.213.63 "GET /v2.0/networks?id=bf82e6fc-80cb-48bc-b72e-af56e197ada8 HTTP/1.1" status: 200 len: 858 time: 0.1807320
2026-07-02 11:16:34.732 9 INFO neutron.db.ovn_revision_numbers_db [None req-073a6816-7725-4a8f-907a-b624325a0100 - - - - - -] Successfully bumped revision number for resource 7cd996f2-2323-498e-970a-1f61b57eff66 (type: ports) to 4
2026-07-02 11:16:34.752 10 INFO neutron.wsgi [req-22f66781-39d3-4024-b586-81a5a3a0bcef req-72052a38-6b7e-47fd-960d-376de480d644 a8bf2d62c31e45418f76d39fc9b68ef9 d98d35a1dab14b5e8d941d9a1ea8026d - - default default] 10.0.0.229 "GET /v2.0/ports?device_id=5b6165cf-ea24-45d4-9adc-1a5e35c5ebff HTTP/1.1" status: 200 len: 210 time: 0.0350540
2026-07-02 11:16:34.768 10 INFO neutron.db.ovn_revision_numbers_db [None req-873db47d-7d41-4ee9-8baf-c000fa29d10a 77240ad744294c35b7ae80100fc78dbe 0a98d02fb3d8404a862651be04768bd5 - - default default] Successfully bumped revision number for resource 119c5944-8b61-4ac7-bfa6-6230bf2920d7 (type: ports) to 1
2026-07-02 11:16:34.798 10 INFO neutron.wsgi [req-5b065e47-b4ca-472c-8b97-d4ed39a61021 req-8be9fe93-17c4-4a22-b34f-f345c6d96673 a8bf2d62c31e45418f76d39fc9b68ef9 d98d35a1dab14b5e8d941d9a1ea8026d - - default default] 199.19.213.63 "GET /v2.0/security-groups?fields=id&fields=name&tenant_id=d98d35a1dab14b5e8d941d9a1ea8026d HTTP/1.1" status: 200 len: 379 time: 0.1042593
2026-07-02 11:16:35.000 10 WARNING neutron.plugins.ml2.drivers.ovn.mech_driver.ovsdb.ovn_client [None req-763d87c8-6bdf-4eba-92f2-49be3e009292 - - - - - -] No hosting information found for port 200ac8ba-d32f-4e61-b6b2-bec2516e6109: RuntimeError: No hosting information found for port 200ac8ba-d32f-4e61-b6b2-bec2516e6109
2026-07-02 11:16:35.000 10 INFO neutron.plugins.ml2.drivers.ovn.mech_driver.mech_driver [None req-763d87c8-6bdf-4eba-92f2-49be3e009292 - - - - - -] OVN reports status up for port: 7cd996f2-2323-498e-970a-1f61b57eff66
2026-07-02 11:16:35.043 9 INFO neutron.db.ovn_revision_numbers_db [None req-073a6816-7725-4a8f-907a-b624325a0100 - - - - - -] Successfully bumped revision number for resource 7cd996f2-2323-498e-970a-1f61b57eff66 (type: router_ports) to 4
2026-07-02 11:16:35.062 10 INFO neutron.plugins.ml2.plugin [None req-763d87c8-6bdf-4eba-92f2-49be3e009292 - - - - - -] Attempt 1 to provision port 7cd996f2-2323-498e-970a-1f61b57eff66
2026-07-02 11:16:35.127 9 INFO neutron.plugins.ml2.drivers.ovn.mech_driver.ovsdb.ovsdb_monitor [None req-073a6816-7725-4a8f-907a-b624325a0100 - - - - - -] Router b8f8ce3f-9391-4de2-9a3b-20322685fafb is bound to host instance
2026-07-02 11:16:35.283 9 INFO neutron.plugins.ml2.drivers.ovn.mech_driver.mech_driver [None req-b582701f-b510-457f-adbc-1e1007217209 - - - - - -] OVN reports status up for port: 2bd0b4ca-9bee-48ff-9ffc-f48d970e91c6
2026-07-02 11:16:35.292 10 INFO neutron.plugins.ml2.drivers.ovn.mech_driver.mech_driver [None req-763d87c8-6bdf-4eba-92f2-49be3e009292 - - - - - -] OVN reports status up for port: 585c334d-459e-4b28-aabc-83b71d78e989
2026-07-02 11:16:35.295 9 INFO neutron.plugins.ml2.plugin [None req-b582701f-b510-457f-adbc-1e1007217209 - - - - - -] Attempt 1 to provision port 2bd0b4ca-9bee-48ff-9ffc-f48d970e91c6
2026-07-02 11:16:35.318 10 INFO neutron.plugins.ml2.plugin [None req-763d87c8-6bdf-4eba-92f2-49be3e009292 - - - - - -] Attempt 1 to provision port 585c334d-459e-4b28-aabc-83b71d78e989
2026-07-02 11:16:35.359 10 INFO neutron.db.ovn_revision_numbers_db [None req-b171901d-a752-4598-ac28-6ab9922f89a9 77240ad744294c35b7ae80100fc78dbe 0a98d02fb3d8404a862651be04768bd5 - - default default] Successfully bumped revision number for resource 2bd0b4ca-9bee-48ff-9ffc-f48d970e91c6 (type: router_ports) to 1
2026-07-02 11:16:35.641 9 INFO neutron.db.ovn_revision_numbers_db [None req-b582701f-b510-457f-adbc-1e1007217209 - - - - - -] Successfully bumped revision number for resource 2bd0b4ca-9bee-48ff-9ffc-f48d970e91c6 (type: ports) to 2 /var/lib/openstack/lib/python3.10/site-packages/pycadf/identifier.py:71: UserWarning: Invalid uuid: neutron. To ensure interoperability, identifiers should be a valid uuid. warnings.warn(('Invalid uuid: %s. To ensure interoperability, '
2026-07-02 11:16:35.861 10 WARNING neutron.scheduler.dhcp_agent_scheduler [req-5b065e47-b4ca-472c-8b97-d4ed39a61021 req-27de4bdf-dc3b-4368-b46c-3cf4f55ff119 a8bf2d62c31e45418f76d39fc9b68ef9 d98d35a1dab14b5e8d941d9a1ea8026d - - default default] No more DHCP agents
2026-07-02 11:16:35.880 10 WARNING neutron.api.rpc.agentnotifiers.dhcp_rpc_agent_api [req-5b065e47-b4ca-472c-8b97-d4ed39a61021 req-27de4bdf-dc3b-4368-b46c-3cf4f55ff119 a8bf2d62c31e45418f76d39fc9b68ef9 d98d35a1dab14b5e8d941d9a1ea8026d - - default default] Unable to schedule network bf82e6fc-80cb-48bc-b72e-af56e197ada8: no agents available; will retry on subsequent port and subnet creation events.
2026-07-02 11:16:35.922 10 INFO neutron.wsgi [req-313aa083-ec4f-40fc-875c-c22cdadb980a req-adaaae93-033e-4f23-83ca-87f79b2e1ac7 a8bf2d62c31e45418f76d39fc9b68ef9 d98d35a1dab14b5e8d941d9a1ea8026d - - default default] 10.0.0.229 "GET /v2.0/ports?device_id=5b6165cf-ea24-45d4-9adc-1a5e35c5ebff HTTP/1.1" status: 200 len: 1160 time: 0.0804305
2026-07-02 11:16:35.927 10 ERROR ovsdbapp.backend.ovs_idl.transaction [None req-b171901d-a752-4598-ac28-6ab9922f89a9 77240ad744294c35b7ae80100fc78dbe 0a98d02fb3d8404a862651be04768bd5 - - default default]
Traceback (most recent call last): File "/var/lib/openstack/lib/python3.10/site-packages/ovsdbapp/backend/ovs_idl/connection.py", line 118, in run txn.results.put(txn.do_commit())
File "/var/lib/openstack/lib/python3.10/site-packages/ovsdbapp/backend/ovs_idl/transaction.py", line 92, in do_commit command.run_idl(txn)
File "/var/lib/openstack/lib/python3.10/site-packages/neutron/plugins/ml2/drivers/ovn/mech_driver/ovsdb/commands.py", line 825, in run_idl raise ovn_exc.RevisionConflict( neutron.common.ovn.exceptions.RevisionConflict: OVN revision number for 2bd0b4ca-9bee-48ff-9ffc-f48d970e91c6 (type: ports) is higher than the given resource. Skipping update 
2026-07-02 11:16:35.927 10 INFO neutron.plugins.ml2.drivers.ovn.mech_driver.ovsdb.impl_idl_ovn [None req-b171901d-a752-4598-ac28-6ab9922f89a9 77240ad744294c35b7ae80100fc78dbe 0a98d02fb3d8404a862651be04768bd5 - - default default] Transaction aborted. Reason: OVN revision number for 2bd0b4ca-9bee-48ff-9ffc-f48d970e91c6 (type: ports) is higher than the given resource. Skipping update /var/lib/openstack/lib/python3.10/site-packages/pycadf/identifier.py:71: UserWarning: Invalid uuid: neutron. To ensure interoperability, identifiers should be a valid uuid. warnings.warn(('Invalid uuid: %s. To ensure interoperability, '
2026-07-02 11:16:36.034 10 INFO neutron.wsgi [req-313aa083-ec4f-40fc-875c-c22cdadb980a req-ed4f84b6-fbee-454a-8b4d-163c3c5b4f2e a8bf2d62c31e45418f76d39fc9b68ef9 d98d35a1dab14b5e8d941d9a1ea8026d - - default default] 10.0.0.229 "GET /v2.0/security-groups?id=8722a03a-361a-407f-85de-9666b5d72ed3&fields=id&fields=name HTTP/1.1" status: 200 len: 312 time: 0.1032052
2026-07-02 11:16:36.041 9 INFO neutron.db.ovn_revision_numbers_db [None req-b582701f-b510-457f-adbc-1e1007217209 - - - - - -] Successfully bumped revision number for resource 2bd0b4ca-9bee-48ff-9ffc-f48d970e91c6 (type: router_ports) to 2
2026-07-02 11:16:36.110 10 WARNING neutron.scheduler.dhcp_agent_scheduler [None req-b171901d-a752-4598-ac28-6ab9922f89a9 77240ad744294c35b7ae80100fc78dbe 0a98d02fb3d8404a862651be04768bd5 - - default default] No more DHCP agents
2026-07-02 11:16:36.112 10 WARNING neutron.api.rpc.agentnotifiers.dhcp_rpc_agent_api [None req-b171901d-a752-4598-ac28-6ab9922f89a9 77240ad744294c35b7ae80100fc78dbe 0a98d02fb3d8404a862651be04768bd5 - - default default] Unable to schedule network 5ff3db4f-2d6b-4678-8ba0-46c1bb3b89a4: no agents available; will retry on subsequent port and subnet creation events.
2026-07-02 11:16:36.116 10 INFO neutron.db.ovn_revision_numbers_db [None req-873db47d-7d41-4ee9-8baf-c000fa29d10a 77240ad744294c35b7ae80100fc78dbe 0a98d02fb3d8404a862651be04768bd5 - - default default] Successfully bumped revision number for resource 119c5944-8b61-4ac7-bfa6-6230bf2920d7 (type: router_ports) to 1
2026-07-02 11:16:36.141 9 INFO neutron.db.ovn_revision_numbers_db [None req-073a6816-7725-4a8f-907a-b624325a0100 - - - - - -] Successfully bumped revision number for resource 585c334d-459e-4b28-aabc-83b71d78e989 (type: ports) to 1
2026-07-02 11:16:36.241 10 INFO neutron.db.ovn_revision_numbers_db [req-5b065e47-b4ca-472c-8b97-d4ed39a61021 req-27de4bdf-dc3b-4368-b46c-3cf4f55ff119 a8bf2d62c31e45418f76d39fc9b68ef9 d98d35a1dab14b5e8d941d9a1ea8026d - - default default] Successfully bumped revision number for resource 059ec34a-cb74-49e1-b3ce-753ea1d75981 (type: ports) to 1
2026-07-02 11:16:36.286 10 INFO neutron.wsgi [req-5b065e47-b4ca-472c-8b97-d4ed39a61021 req-27de4bdf-dc3b-4368-b46c-3cf4f55ff119 a8bf2d62c31e45418f76d39fc9b68ef9 d98d35a1dab14b5e8d941d9a1ea8026d - - default default] 199.19.213.63 "POST /v2.0/ports HTTP/1.1" status: 201 len: 1162 time: 1.4759641
2026-07-02 11:16:36.436 10 INFO neutron.db.ovn_revision_numbers_db [None req-873db47d-7d41-4ee9-8baf-c000fa29d10a 77240ad744294c35b7ae80100fc78dbe 0a98d02fb3d8404a862651be04768bd5 - - default default] Successfully bumped revision number for resource 119c5944-8b61-4ac7-bfa6-6230bf2920d7 (type: ports) to 1
2026-07-02 11:16:36.549 9 INFO neutron.db.ovn_revision_numbers_db [None req-073a6816-7725-4a8f-907a-b624325a0100 - - - - - -] Successfully bumped revision number for resource 585c334d-459e-4b28-aabc-83b71d78e989 (type: router_ports) to 3
2026-07-02 11:16:36.603 10 WARNING neutron.scheduler.dhcp_agent_scheduler [None req-873db47d-7d41-4ee9-8baf-c000fa29d10a 77240ad744294c35b7ae80100fc78dbe 0a98d02fb3d8404a862651be04768bd5 - - default default] No more DHCP agents
2026-07-02 11:16:36.607 10 WARNING neutron.api.rpc.agentnotifiers.dhcp_rpc_agent_api [None req-873db47d-7d41-4ee9-8baf-c000fa29d10a 77240ad744294c35b7ae80100fc78dbe 0a98d02fb3d8404a862651be04768bd5 - - default default] Unable to schedule network 6712db69-352f-4905-a76a-3946d6fa1c24: no agents available; will retry on subsequent port and subnet creation events.
2026-07-02 11:16:36.730 9 INFO neutron.db.ovn_revision_numbers_db [None req-073a6816-7725-4a8f-907a-b624325a0100 - - - - - -] Successfully bumped revision number for resource 585c334d-459e-4b28-aabc-83b71d78e989 (type: ports) to 2
2026-07-02 11:16:36.989 9 INFO neutron.db.ovn_revision_numbers_db [None req-073a6816-7725-4a8f-907a-b624325a0100 - - - - - -] Successfully bumped revision number for resource 585c334d-459e-4b28-aabc-83b71d78e989 (type: ports) to 4
2026-07-02 11:16:37.282 9 INFO neutron.db.ovn_revision_numbers_db [None req-073a6816-7725-4a8f-907a-b624325a0100 - - - - - -] Successfully bumped revision number for resource 585c334d-459e-4b28-aabc-83b71d78e989 (type: router_ports) to 4 /var/lib/openstack/lib/python3.10/site-packages/pycadf/identifier.py:71: UserWarning: Invalid uuid: neutron. To ensure interoperability, identifiers should be a valid uuid. warnings.warn(('Invalid uuid: %s. To ensure interoperability, '
2026-07-02 11:16:37.361 10 INFO neutron.db.ovn_revision_numbers_db [req-5b065e47-b4ca-472c-8b97-d4ed39a61021 req-ce2abbaf-18b5-40ee-919f-0115a8ae6fad c009b804a6574fc1a3e7663aadd95622 a1e5a7691a304189972788d916dfc909 - - 7e6cee0005ce4cdbbd56e806f4693548 7e6cee0005ce4cdbbd56e806f4693548] Successfully bumped revision number for resource 059ec34a-cb74-49e1-b3ce-753ea1d75981 (type: ports) to 2
2026-07-02 11:16:37.389 10 INFO neutron.wsgi [req-4b8f5029-47c6-48de-9307-51495ec44440 req-bf61cd10-e1a8-4c5e-9c34-1ee1cfd68510 a8bf2d62c31e45418f76d39fc9b68ef9 d98d35a1dab14b5e8d941d9a1ea8026d - - default default] 10.0.0.229 "GET /v2.0/ports?device_id=5b6165cf-ea24-45d4-9adc-1a5e35c5ebff HTTP/1.1" status: 200 len: 1172 time: 0.0522940
2026-07-02 11:16:37.511 10 INFO neutron.wsgi [req-4b8f5029-47c6-48de-9307-51495ec44440 req-d2e322c0-ff68-44f2-aaac-3a145f5efe0b a8bf2d62c31e45418f76d39fc9b68ef9 d98d35a1dab14b5e8d941d9a1ea8026d - - default default] 10.0.0.229 "GET /v2.0/security-groups?id=8722a03a-361a-407f-85de-9666b5d72ed3&fields=id&fields=name HTTP/1.1" status: 200 len: 312 time: 0.1131606
2026-07-02 11:16:37.658 10 INFO neutron.db.ovn_revision_numbers_db [None req-b171901d-a752-4598-ac28-6ab9922f89a9 77240ad744294c35b7ae80100fc78dbe 0a98d02fb3d8404a862651be04768bd5 - - default default] Successfully bumped revision number for resource 2bd0b4ca-9bee-48ff-9ffc-f48d970e91c6 (type: router_ports) to 2
2026-07-02 11:16:37.660 10 INFO neutron.wsgi [None req-b171901d-a752-4598-ac28-6ab9922f89a9 77240ad744294c35b7ae80100fc78dbe 0a98d02fb3d8404a862651be04768bd5 - - default default] 10.0.0.248 "PUT /v2.0/routers/80df7370-f142-4a3b-984e-9b15b121ad8a/add_router_interface HTTP/1.1" status: 200 len: 503 time: 4.2170036
2026-07-02 11:16:37.795 10 INFO neutron.db.ovn_revision_numbers_db [req-5b065e47-b4ca-472c-8b97-d4ed39a61021 req-ce2abbaf-18b5-40ee-919f-0115a8ae6fad c009b804a6574fc1a3e7663aadd95622 a1e5a7691a304189972788d916dfc909 - - 7e6cee0005ce4cdbbd56e806f4693548 7e6cee0005ce4cdbbd56e806f4693548] Successfully bumped revision number for resource 059ec34a-cb74-49e1-b3ce-753ea1d75981 (type: ports) to 2
2026-07-02 11:16:37.839 10 INFO neutron.wsgi [req-5b065e47-b4ca-472c-8b97-d4ed39a61021 req-ce2abbaf-18b5-40ee-919f-0115a8ae6fad c009b804a6574fc1a3e7663aadd95622 a1e5a7691a304189972788d916dfc909 - - 7e6cee0005ce4cdbbd56e806f4693548 7e6cee0005ce4cdbbd56e806f4693548] 199.19.213.63 "PUT /v2.0/ports/059ec34a-cb74-49e1-b3ce-753ea1d75981 HTTP/1.1" status: 200 len: 1380 time: 1.5445094
2026-07-02 11:16:37.875 10 INFO neutron.notifiers.nova [-] Nova event matching ['req-8105e22e-98f5-4ad9-80a2-00c05010e413'] response: {'name': 'network-changed', 'server_uuid': '5b6165cf-ea24-45d4-9adc-1a5e35c5ebff', 'tag': '059ec34a-cb74-49e1-b3ce-753ea1d75981', 'status': 'completed', 'code': 200} /var/lib/openstack/lib/python3.10/site-packages/pycadf/identifier.py:71: UserWarning: Invalid uuid: neutron. To ensure interoperability, identifiers should be a valid uuid. warnings.warn(('Invalid uuid: %s. To ensure interoperability, '
2026-07-02 11:16:37.914 10 INFO neutron.wsgi [req-5b065e47-b4ca-472c-8b97-d4ed39a61021 req-9963ab54-0c7d-4849-a951-dd5854558aaa c009b804a6574fc1a3e7663aadd95622 a1e5a7691a304189972788d916dfc909 - - 7e6cee0005ce4cdbbd56e806f4693548 7e6cee0005ce4cdbbd56e806f4693548] 199.19.213.63 "GET /v2.0/ports?tenant_id=d98d35a1dab14b5e8d941d9a1ea8026d&device_id=5b6165cf-ea24-45d4-9adc-1a5e35c5ebff HTTP/1.1" status: 200 len: 1411 time: 0.0370567
2026-07-02 11:16:37.954 10 INFO neutron.wsgi [req-5b065e47-b4ca-472c-8b97-d4ed39a61021 req-15542132-4c88-4883-b399-3d094709262a c009b804a6574fc1a3e7663aadd95622 a1e5a7691a304189972788d916dfc909 - - 7e6cee0005ce4cdbbd56e806f4693548 7e6cee0005ce4cdbbd56e806f4693548] 199.19.213.63 "GET /v2.0/floatingips?fixed_ip_address=10.100.0.13&port_id=059ec34a-cb74-49e1-b3ce-753ea1d75981 HTTP/1.1" status: 200 len: 217 time: 0.0298734
2026-07-02 11:16:38.006 10 INFO neutron.wsgi [req-5b065e47-b4ca-472c-8b97-d4ed39a61021 req-34b5e796-1121-4eb3-b2bd-67a6a1c147d4 c009b804a6574fc1a3e7663aadd95622 a1e5a7691a304189972788d916dfc909 - - 7e6cee0005ce4cdbbd56e806f4693548 7e6cee0005ce4cdbbd56e806f4693548] 199.19.213.63 "GET /v2.0/subnets?id=3a19901b-2713-4f7d-a55b-04d4dbf5771d HTTP/1.1" status: 200 len: 852 time: 0.0462453
2026-07-02 11:16:38.041 10 INFO neutron.wsgi [req-5b065e47-b4ca-472c-8b97-d4ed39a61021 req-2c50cfb3-2f17-48d3-8bca-18df66adf40a c009b804a6574fc1a3e7663aadd95622 a1e5a7691a304189972788d916dfc909 - - 7e6cee0005ce4cdbbd56e806f4693548 7e6cee0005ce4cdbbd56e806f4693548] 199.19.213.63 "GET /v2.0/ports?network_id=bf82e6fc-80cb-48bc-b72e-af56e197ada8&device_owner=network%3Adhcp HTTP/1.1" status: 200 len: 210 time: 0.0270362
2026-07-02 11:16:38.106 10 INFO neutron.db.ovn_revision_numbers_db [None req-873db47d-7d41-4ee9-8baf-c000fa29d10a 77240ad744294c35b7ae80100fc78dbe 0a98d02fb3d8404a862651be04768bd5 - - default default] Successfully bumped revision number for resource 119c5944-8b61-4ac7-bfa6-6230bf2920d7 (type: router_ports) to 1
2026-07-02 11:16:38.109 10 INFO neutron.wsgi [None req-873db47d-7d41-4ee9-8baf-c000fa29d10a 77240ad744294c35b7ae80100fc78dbe 0a98d02fb3d8404a862651be04768bd5 - - default default] 10.0.0.248 "PUT /v2.0/routers/b8f8ce3f-9391-4de2-9a3b-20322685fafb/add_router_interface HTTP/1.1" status: 200 len: 503 time: 4.3411009
2026-07-02 11:16:38.132 10 INFO neutron.wsgi [req-5b065e47-b4ca-472c-8b97-d4ed39a61021 req-527b10e5-e981-4693-b75e-278a5f48b6b0 c009b804a6574fc1a3e7663aadd95622 a1e5a7691a304189972788d916dfc909 - - 7e6cee0005ce4cdbbd56e806f4693548 7e6cee0005ce4cdbbd56e806f4693548] 199.19.213.63 "GET /v2.0/networks/bf82e6fc-80cb-48bc-b72e-af56e197ada8?fields=segments HTTP/1.1" status: 200 len: 212 time: 0.0852971
2026-07-02 11:16:38.212 10 INFO neutron.wsgi [req-5b065e47-b4ca-472c-8b97-d4ed39a61021 req-15f097c1-be30-4088-a706-366ee25335a9 c009b804a6574fc1a3e7663aadd95622 a1e5a7691a304189972788d916dfc909 - - 7e6cee0005ce4cdbbd56e806f4693548 7e6cee0005ce4cdbbd56e806f4693548] 199.19.213.63 "GET /v2.0/networks/bf82e6fc-80cb-48bc-b72e-af56e197ada8?fields=provider%3Aphysical_network&fields=provider%3Anetwork_type HTTP/1.1" status: 200 len: 277 time: 0.0693276
2026-07-02 11:16:38.313 10 INFO neutron.wsgi [req-b40c720a-d811-4efa-8ae1-b26b63ebd702 req-e10f003d-8dad-4fab-be78-d43c69f0b576 c009b804a6574fc1a3e7663aadd95622 a1e5a7691a304189972788d916dfc909 - - 7e6cee0005ce4cdbbd56e806f4693548 7e6cee0005ce4cdbbd56e806f4693548] 199.19.213.63 "GET /v2.0/ports?tenant_id=d98d35a1dab14b5e8d941d9a1ea8026d&device_id=5b6165cf-ea24-45d4-9adc-1a5e35c5ebff HTTP/1.1" status: 200 len: 1411 time: 0.0515542
2026-07-02 11:16:38.404 10 INFO neutron.wsgi [req-b40c720a-d811-4efa-8ae1-b26b63ebd702 req-19854fac-99f3-4a39-99d4-02bf3ec35cb0 c009b804a6574fc1a3e7663aadd95622 a1e5a7691a304189972788d916dfc909 - - 7e6cee0005ce4cdbbd56e806f4693548 7e6cee0005ce4cdbbd56e806f4693548] 199.19.213.63 "GET /v2.0/networks?id=bf82e6fc-80cb-48bc-b72e-af56e197ada8 HTTP/1.1" status: 200 len: 957 time: 0.0828774
2026-07-02 11:16:38.414 10 INFO neutron.plugins.ml2.drivers.ovn.mech_driver.mech_driver [None req-763d87c8-6bdf-4eba-92f2-49be3e009292 - - - - - -] OVN reports status up for port: 059ec34a-cb74-49e1-b3ce-753ea1d75981
