2026-07-02 11:16:55.311 10 INFO neutron.notifiers.nova [-] Nova event matching ['req-835184ab-d1cf-4de0-b97d-05956999a21a'] response: {'server_uuid': 'd82dd747-8107-48c3-b66a-dea8abd9585c', 'name': 'network-vif-plugged', 'status': 'completed', 'tag': '386d251e-c79a-4b29-98b1-abe79382dbfd', 'code': 200}
2026-07-02 11:16:55.312 10 INFO neutron.notifiers.nova [-] Nova event matching ['req-835184ab-d1cf-4de0-b97d-05956999a21a'] response: {'name': 'network-changed', 'server_uuid': '5b6165cf-ea24-45d4-9adc-1a5e35c5ebff', 'tag': '059ec34a-cb74-49e1-b3ce-753ea1d75981', 'status': 'completed', 'code': 200}
2026-07-02 11:16:55.378 10 INFO neutron.wsgi [req-487a98ba-0dfc-479f-825e-406ee47c3f2c req-27cd304d-db35-4ced-ab36-069b4241bb9d c009b804a6574fc1a3e7663aadd95622 a1e5a7691a304189972788d916dfc909 - - 7e6cee0005ce4cdbbd56e806f4693548 7e6cee0005ce4cdbbd56e806f4693548] 199.19.213.63 "GET /v2.0/ports?tenant_id=d98d35a1dab14b5e8d941d9a1ea8026d&device_id=5b6165cf-ea24-45d4-9adc-1a5e35c5ebff HTTP/1.1" status: 200 len: 1413 time: 0.0428059
2026-07-02 11:16:55.456 10 INFO neutron.wsgi [req-487a98ba-0dfc-479f-825e-406ee47c3f2c req-9b2b7440-d784-43e5-9509-a9bb27112963 c009b804a6574fc1a3e7663aadd95622 a1e5a7691a304189972788d916dfc909 - - 7e6cee0005ce4cdbbd56e806f4693548 7e6cee0005ce4cdbbd56e806f4693548] 199.19.213.63 "GET /v2.0/networks?id=bf82e6fc-80cb-48bc-b72e-af56e197ada8 HTTP/1.1" status: 200 len: 957 time: 0.0725203
2026-07-02 11:16:55.495 10 INFO neutron.wsgi [req-487a98ba-0dfc-479f-825e-406ee47c3f2c req-c68cde8e-f7b3-466d-a6a2-22236a4f6bd4 c009b804a6574fc1a3e7663aadd95622 a1e5a7691a304189972788d916dfc909 - - 7e6cee0005ce4cdbbd56e806f4693548 7e6cee0005ce4cdbbd56e806f4693548] 199.19.213.63 "GET /v2.0/floatingips?fixed_ip_address=10.100.0.13&port_id=059ec34a-cb74-49e1-b3ce-753ea1d75981 HTTP/1.1" status: 200 len: 217 time: 0.0302238
2026-07-02 11:16:55.560 10 INFO neutron.wsgi [req-487a98ba-0dfc-479f-825e-406ee47c3f2c req-f35a0290-f86b-4cc2-9d72-88e72d1ae321 c009b804a6574fc1a3e7663aadd95622 a1e5a7691a304189972788d916dfc909 - - 7e6cee0005ce4cdbbd56e806f4693548 7e6cee0005ce4cdbbd56e806f4693548] 199.19.213.63 "GET /v2.0/subnets?id=3a19901b-2713-4f7d-a55b-04d4dbf5771d HTTP/1.1" status: 200 len: 852 time: 0.0584030
2026-07-02 11:16:55.609 10 INFO neutron.wsgi [req-487a98ba-0dfc-479f-825e-406ee47c3f2c req-12fe00ca-1df9-4558-b27f-5e91f8e3d9ec c009b804a6574fc1a3e7663aadd95622 a1e5a7691a304189972788d916dfc909 - - 7e6cee0005ce4cdbbd56e806f4693548 7e6cee0005ce4cdbbd56e806f4693548] 199.19.213.63 "GET /v2.0/ports?network_id=bf82e6fc-80cb-48bc-b72e-af56e197ada8&device_owner=network%3Adhcp HTTP/1.1" status: 200 len: 210 time: 0.0402334
2026-07-02 11:16:55.652 9 INFO neutron.wsgi [None req-ab992b08-c758-4462-9ef9-1a17be5e9274 77240ad744294c35b7ae80100fc78dbe 0a98d02fb3d8404a862651be04768bd5 - - default default] 10.0.0.248 "DELETE /v2.0/networks/5ff3db4f-2d6b-4678-8ba0-46c1bb3b89a4 HTTP/1.1" status: 204 len: 168 time: 0.4230304
2026-07-02 11:16:55.703 10 INFO neutron.wsgi [req-487a98ba-0dfc-479f-825e-406ee47c3f2c req-e774bebc-0ed4-4cd7-933f-4a9e5b062b42 c009b804a6574fc1a3e7663aadd95622 a1e5a7691a304189972788d916dfc909 - - 7e6cee0005ce4cdbbd56e806f4693548 7e6cee0005ce4cdbbd56e806f4693548] 199.19.213.63 "GET /v2.0/networks/bf82e6fc-80cb-48bc-b72e-af56e197ada8?fields=segments HTTP/1.1" status: 200 len: 212 time: 0.0853360
2026-07-02 11:16:55.784 10 INFO neutron.wsgi [req-100ce703-7bed-4a06-8f21-d8c49c5b27b0 req-2e535b25-1104-40d6-8ad0-d40883206298 feda5f226fe945d18444e62ae0085ec8 5f2a364117124c3aaa01a8e2ac111348 - - default default] 10.0.0.229 "GET /v2.0/ports?device_id=d82dd747-8107-48c3-b66a-dea8abd9585c HTTP/1.1" status: 200 len: 1210 time: 0.1070611
2026-07-02 11:16:55.787 10 INFO neutron.wsgi [req-487a98ba-0dfc-479f-825e-406ee47c3f2c req-6a5c2cd5-b785-4a91-b21a-c530ca17ec24 c009b804a6574fc1a3e7663aadd95622 a1e5a7691a304189972788d916dfc909 - - 7e6cee0005ce4cdbbd56e806f4693548 7e6cee0005ce4cdbbd56e806f4693548] 199.19.213.63 "GET /v2.0/networks/bf82e6fc-80cb-48bc-b72e-af56e197ada8?fields=provider%3Aphysical_network&fields=provider%3Anetwork_type HTTP/1.1" status: 200 len: 277 time: 0.0773268
2026-07-02 11:16:55.829 10 INFO neutron.wsgi [req-100ce703-7bed-4a06-8f21-d8c49c5b27b0 req-4def77dc-17f7-400d-a082-e3545368aaf3 feda5f226fe945d18444e62ae0085ec8 5f2a364117124c3aaa01a8e2ac111348 - - default default] 10.0.0.229 "GET /v2.0/security-groups?id=2aa8c110-857d-4c73-bb58-1516dddd3e1d&id=9c882c90-2b76-445c-9d91-fc6e3b0420db&fields=id&fields=name HTTP/1.1" status: 200 len: 404 time: 0.0393131
2026-07-02 11:16:55.900 10 INFO neutron.wsgi [None req-992873fb-3784-4d07-955e-d197927f367c 77240ad744294c35b7ae80100fc78dbe 0a98d02fb3d8404a862651be04768bd5 - - default default] 10.0.0.248 "GET /v2.0/security-groups?tenant_id=3f2f94f3d6d441529152bc6c735d9993&name=default HTTP/1.1" status: 200 len: 2996 time: 0.0662127
2026-07-02 11:16:55.950 10 INFO neutron.wsgi [req-66a3b4e6-6670-461f-83fd-1c219e3c4a4d req-7f06a257-764c-4723-bb06-e99ace3d5cac feda5f226fe945d18444e62ae0085ec8 5f2a364117124c3aaa01a8e2ac111348 - - default default] 10.0.0.229 "GET /v2.0/ports?device_id=d82dd747-8107-48c3-b66a-dea8abd9585c HTTP/1.1" status: 200 len: 1210 time: 0.0414972
2026-07-02 11:16:56.093 9 INFO neutron.wsgi [None req-45adbfe4-b0f6-4baa-959f-e588cc4ab65e 77240ad744294c35b7ae80100fc78dbe 0a98d02fb3d8404a862651be04768bd5 - - default default] 10.0.0.248 "GET /v2.0/security-groups?tenant_id=c2deb068a9e84284b2c37f2cd9e980fc&name=default HTTP/1.1" status: 200 len: 2996 time: 0.1449473
2026-07-02 11:16:56.256 10 INFO neutron.db.l3_db [None req-0ca26e22-d29f-4837-8294-c105f44c23f2 feda5f226fe945d18444e62ae0085ec8 5f2a364117124c3aaa01a8e2ac111348 - - default default] Floating IP 63c5e3bc-3f35-490a-9e47-f9057d74edd6 associated. External IP: 10.96.250.213, port: 386d251e-c79a-4b29-98b1-abe79382dbfd.
2026-07-02 11:16:56.265 10 INFO neutron.wsgi [None req-42bde3c0-f4cf-458a-a329-bafdb216de60 77240ad744294c35b7ae80100fc78dbe 0a98d02fb3d8404a862651be04768bd5 - - default default] 10.0.0.248 "DELETE /v2.0/security-groups/bd26f480-7e7e-4991-b6ef-89943330dd67 HTTP/1.1" status: 204 len: 168 time: 0.3614132
2026-07-02 11:16:56.364 9 INFO neutron.wsgi [None req-77ec3dbc-5e41-4a60-9872-22926dec8e5e 77240ad744294c35b7ae80100fc78dbe 0a98d02fb3d8404a862651be04768bd5 - - default default] 10.0.0.248 "DELETE /v2.0/security-groups/ab73ffbc-203f-4b9c-8b39-a7f8d1c9ba11 HTTP/1.1" status: 204 len: 168 time: 0.2668226
2026-07-02 11:16:56.401 9 INFO neutron.db.ovn_revision_numbers_db [None req-af0ac063-6c34-445e-876c-c1d6250df47c a8bf2d62c31e45418f76d39fc9b68ef9 d98d35a1dab14b5e8d941d9a1ea8026d - - default default] Successfully bumped revision number for resource e5f7d074-7db2-4816-b7ea-1ca04b4e273a (type: security_groups) to 1
2026-07-02 11:16:56.454 10 INFO neutron.db.ovn_revision_numbers_db [None req-0ca26e22-d29f-4837-8294-c105f44c23f2 feda5f226fe945d18444e62ae0085ec8 5f2a364117124c3aaa01a8e2ac111348 - - default default] Successfully bumped revision number for resource 63c5e3bc-3f35-490a-9e47-f9057d74edd6 (type: floatingips) to 1
2026-07-02 11:16:56.455 9 INFO neutron.db.ovn_revision_numbers_db [None req-af0ac063-6c34-445e-876c-c1d6250df47c a8bf2d62c31e45418f76d39fc9b68ef9 d98d35a1dab14b5e8d941d9a1ea8026d - - default default] Successfully bumped revision number for resource aade74c3-bd0e-4ce4-b3fa-951053a80abc (type: security_group_rules) to 0
2026-07-02 11:16:56.482 9 INFO neutron.db.ovn_revision_numbers_db [None req-af0ac063-6c34-445e-876c-c1d6250df47c a8bf2d62c31e45418f76d39fc9b68ef9 d98d35a1dab14b5e8d941d9a1ea8026d - - default default] Successfully bumped revision number for resource edb1270a-6964-41c6-bf86-7e2c3fe77fa0 (type: security_group_rules) to 0
2026-07-02 11:16:56.510 9 INFO neutron.wsgi [None req-af0ac063-6c34-445e-876c-c1d6250df47c a8bf2d62c31e45418f76d39fc9b68ef9 d98d35a1dab14b5e8d941d9a1ea8026d - - default default] 10.0.0.248 "POST /v2.0/security-groups HTTP/1.1" status: 201 len: 1809 time: 0.2553976 /var/lib/openstack/lib/python3.10/site-packages/pycadf/identifier.py:71: UserWarning: Invalid uuid: neutron. To ensure interoperability, identifiers should be a valid uuid. warnings.warn(('Invalid uuid: %s. To ensure interoperability, '
2026-07-02 11:16:56.613 10 INFO neutron.db.ovn_revision_numbers_db [None req-0ca26e22-d29f-4837-8294-c105f44c23f2 feda5f226fe945d18444e62ae0085ec8 5f2a364117124c3aaa01a8e2ac111348 - - default default] Successfully bumped revision number for resource 63c5e3bc-3f35-490a-9e47-f9057d74edd6 (type: floatingips) to 2
2026-07-02 11:16:56.641 10 INFO neutron.wsgi [None req-0ca26e22-d29f-4837-8294-c105f44c23f2 feda5f226fe945d18444e62ae0085ec8 5f2a364117124c3aaa01a8e2ac111348 - - default default] 10.0.0.248 "PUT /v2.0/floatingips/63c5e3bc-3f35-490a-9e47-f9057d74edd6 HTTP/1.1" status: 200 len: 1049 time: 0.6722555
2026-07-02 11:16:56.673 9 INFO neutron.db.ovn_revision_numbers_db [None req-635f4348-712e-421c-9fd2-34d181fca39b 77240ad744294c35b7ae80100fc78dbe 0a98d02fb3d8404a862651be04768bd5 - - default default] Successfully bumped revision number for resource bd676565-b5ef-4e08-8c66-77381934d74f (type: security_groups) to 1
2026-07-02 11:16:56.693 9 INFO neutron.db.ovn_revision_numbers_db [None req-93a49dac-fb83-424f-994c-7724c6088cca a8bf2d62c31e45418f76d39fc9b68ef9 d98d35a1dab14b5e8d941d9a1ea8026d - - default default] Successfully bumped revision number for resource 3b484268-360f-44c9-a1b3-c2599853f575 (type: security_group_rules) to 0
2026-07-02 11:16:56.699 9 INFO neutron.db.ovn_revision_numbers_db [None req-635f4348-712e-421c-9fd2-34d181fca39b 77240ad744294c35b7ae80100fc78dbe 0a98d02fb3d8404a862651be04768bd5 - - default default] Successfully bumped revision number for resource 50faefe3-a892-42a3-a831-4ff274d103f0 (type: security_group_rules) to 0
2026-07-02 11:16:56.726 9 INFO neutron.db.ovn_revision_numbers_db [None req-635f4348-712e-421c-9fd2-34d181fca39b 77240ad744294c35b7ae80100fc78dbe 0a98d02fb3d8404a862651be04768bd5 - - default default] Successfully bumped revision number for resource 799f7373-4206-490b-8085-67bc1eebe9e8 (type: security_group_rules) to 0
2026-07-02 11:16:56.731 9 INFO neutron.wsgi [None req-93a49dac-fb83-424f-994c-7724c6088cca a8bf2d62c31e45418f76d39fc9b68ef9 d98d35a1dab14b5e8d941d9a1ea8026d - - default default] 10.0.0.248 "POST /v2.0/security-group-rules HTTP/1.1" status: 201 len: 764 time: 0.2128966
2026-07-02 11:16:56.756 9 INFO neutron.db.ovn_revision_numbers_db [None req-635f4348-712e-421c-9fd2-34d181fca39b 77240ad744294c35b7ae80100fc78dbe 0a98d02fb3d8404a862651be04768bd5 - - default default] Successfully bumped revision number for resource a38a6552-f357-40d7-ac65-e0c512415e1b (type: security_group_rules) to 0
2026-07-02 11:16:56.777 9 INFO neutron.db.ovn_revision_numbers_db [None req-635f4348-712e-421c-9fd2-34d181fca39b 77240ad744294c35b7ae80100fc78dbe 0a98d02fb3d8404a862651be04768bd5 - - default default] Successfully bumped revision number for resource b2af3f4e-02be-4cae-9a0e-79987d7fe720 (type: security_group_rules) to 0
2026-07-02 11:16:56.822 9 INFO neutron.wsgi [None req-635f4348-712e-421c-9fd2-34d181fca39b 77240ad744294c35b7ae80100fc78dbe 0a98d02fb3d8404a862651be04768bd5 - - default default] 10.0.0.248 "GET /v2.0/security-groups?tenant_id=1663ec0539844643add75d654cf220b5&name=default HTTP/1.1" status: 200 len: 2996 time: 0.2814066
2026-07-02 11:16:56.889 9 INFO neutron.services.segments.plugin [-] Segment ff398307-c4d1-4695-968b-065a754f87fa resource provider aggregate not found
2026-07-02 11:16:56.896 9 INFO neutron.services.segments.plugin [-] Segment ff398307-c4d1-4695-968b-065a754f87fa resource provider aggregate not found
2026-07-02 11:16:56.912 9 INFO neutron.services.segments.plugin [-] Segment ff398307-c4d1-4695-968b-065a754f87fa resource provider not found; error: Placement Client Error (4xx): {"errors": [{"status": 404, "title": "Not Found", "detail": "The resource could not be found.\n\n No resource provider with uuid ff398307-c4d1-4695-968b-065a754f87fa found for delete ", "request_id": "req-d87fe3b1-dbbb-445b-b984-9d197a671c6e"}]}
2026-07-02 11:16:56.914 9 INFO neutron.wsgi [None req-2bcf6f96-e99e-4f61-9097-a6c2e1ab8d4c 77240ad744294c35b7ae80100fc78dbe 0a98d02fb3d8404a862651be04768bd5 - - default default] 10.0.0.148 "GET /v2.0/floatingips HTTP/1.1" status: 200 len: 1574 time: 0.3863261
2026-07-02 11:16:56.928 9 INFO neutron.services.segments.plugin [-] Segment ff398307-c4d1-4695-968b-065a754f87fa resource provider not found; error: Placement Client Error (4xx): {"errors": [{"status": 404, "title": "Not Found", "detail": "The resource could not be found.\n\n No resource provider with uuid ff398307-c4d1-4695-968b-065a754f87fa found for delete ", "request_id": "req-ed3e30d9-e17b-40b6-9209-e67e62c4df20"}]}
2026-07-02 11:16:57.003 9 INFO neutron.db.ovn_revision_numbers_db [None req-841d4c84-b8a5-4d8a-b171-a6b29a3b0d7d a8bf2d62c31e45418f76d39fc9b68ef9 d98d35a1dab14b5e8d941d9a1ea8026d - - default default] Successfully bumped revision number for resource a0d332a9-ee36-41ba-bafc-6e4be4c3126c (type: security_group_rules) to 0
2026-07-02 11:16:57.019 9 INFO neutron.wsgi [None req-ce6c9602-149c-47ae-9390-59d25edfde5b 77240ad744294c35b7ae80100fc78dbe 0a98d02fb3d8404a862651be04768bd5 - - default default] 10.0.0.148 "GET /v2.0/networks HTTP/1.1" status: 200 len: 4607 time: 0.1019273
2026-07-02 11:16:57.034 9 INFO neutron.wsgi [None req-841d4c84-b8a5-4d8a-b171-a6b29a3b0d7d a8bf2d62c31e45418f76d39fc9b68ef9 d98d35a1dab14b5e8d941d9a1ea8026d - - default default] 10.0.0.248 "POST /v2.0/security-group-rules HTTP/1.1" status: 201 len: 763 time: 0.2950611
2026-07-02 11:16:57.070 10 INFO neutron.wsgi [None req-0b541804-3faf-4130-a54e-2791ea9d84ad 77240ad744294c35b7ae80100fc78dbe 0a98d02fb3d8404a862651be04768bd5 - - default default] 10.0.0.248 "DELETE /v2.0/security-groups/bd676565-b5ef-4e08-8c66-77381934d74f HTTP/1.1" status: 204 len: 168 time: 0.2398725
2026-07-02 11:16:57.081 9 INFO neutron.wsgi [None req-ed7df463-1c71-47f0-a71d-7e02eb3804eb 77240ad744294c35b7ae80100fc78dbe 0a98d02fb3d8404a862651be04768bd5 - - default default] 10.0.0.148 "GET /v2.0/subnets HTTP/1.1" status: 200 len: 3383 time: 0.0562282
2026-07-02 11:16:57.343 10 INFO neutron.db.ovn_revision_numbers_db [None req-97a56d93-f288-4534-95ba-df9e10fe6131 77240ad744294c35b7ae80100fc78dbe 0a98d02fb3d8404a862651be04768bd5 - - default default] Successfully bumped revision number for resource 30d91ae5-2ff7-451a-8191-e9775276147e (type: security_groups) to 1
2026-07-02 11:16:57.353 10 INFO neutron.notifiers.nova [-] Nova event matching ['req-c26fff48-080c-41a0-a279-25d8fc239ff0'] response: {'name': 'network-changed', 'server_uuid': 'd82dd747-8107-48c3-b66a-dea8abd9585c', 'tag': '386d251e-c79a-4b29-98b1-abe79382dbfd', 'status': 'completed', 'code': 200}
2026-07-02 11:16:57.364 10 INFO neutron.db.ovn_revision_numbers_db [None req-97a56d93-f288-4534-95ba-df9e10fe6131 77240ad744294c35b7ae80100fc78dbe 0a98d02fb3d8404a862651be04768bd5 - - default default] Successfully bumped revision number for resource 5d55b874-1a13-4b72-b237-0b93aed0b174 (type: security_group_rules) to 0
2026-07-02 11:16:57.396 10 INFO neutron.db.ovn_revision_numbers_db [None req-97a56d93-f288-4534-95ba-df9e10fe6131 77240ad744294c35b7ae80100fc78dbe 0a98d02fb3d8404a862651be04768bd5 - - default default] Successfully bumped revision number for resource 86b10cdd-424a-4805-9fbc-eb26a2d1f841 (type: security_group_rules) to 0
2026-07-02 11:16:57.400 9 INFO neutron.wsgi [None req-63884f25-7ec7-43e3-be23-8a235b4d734e 77240ad744294c35b7ae80100fc78dbe 0a98d02fb3d8404a862651be04768bd5 - - default default] 10.0.0.148 "GET /v2.0/routers HTTP/1.1" status: 200 len: 2201 time: 0.3167508
2026-07-02 11:16:57.426 10 INFO neutron.wsgi [req-f30941d7-5832-420d-9bc0-9005a68751ca req-40804833-df4b-4753-a98f-5d6d7f223195 c009b804a6574fc1a3e7663aadd95622 a1e5a7691a304189972788d916dfc909 - - 7e6cee0005ce4cdbbd56e806f4693548 7e6cee0005ce4cdbbd56e806f4693548] 199.19.213.63 "GET /v2.0/ports?tenant_id=5f2a364117124c3aaa01a8e2ac111348&device_id=d82dd747-8107-48c3-b66a-dea8abd9585c HTTP/1.1" status: 200 len: 1448 time: 0.0535028
2026-07-02 11:16:57.432 10 INFO neutron.db.ovn_revision_numbers_db [None req-97a56d93-f288-4534-95ba-df9e10fe6131 77240ad744294c35b7ae80100fc78dbe 0a98d02fb3d8404a862651be04768bd5 - - default default] Successfully bumped revision number for resource 88b1ee05-0226-484a-84bb-d121e13705c6 (type: security_group_rules) to 0
2026-07-02 11:16:57.443 9 INFO neutron.wsgi [None req-786ccee3-5358-4e0a-89a2-53507e6bb44c 77240ad744294c35b7ae80100fc78dbe 0a98d02fb3d8404a862651be04768bd5 - - default default] 10.0.0.148 "GET /v2.0/agents?binary=ovn-controller HTTP/1.1" status: 200 len: 591 time: 0.0421650
2026-07-02 11:16:57.457 10 INFO neutron.db.ovn_revision_numbers_db [None req-97a56d93-f288-4534-95ba-df9e10fe6131 77240ad744294c35b7ae80100fc78dbe 0a98d02fb3d8404a862651be04768bd5 - - default default] Successfully bumped revision number for resource cc3d49cf-7e4c-42aa-a495-5f991ebfe7bb (type: security_group_rules) to 0
2026-07-02 11:16:57.458 9 INFO neutron.wsgi [None req-e4bc2fb7-7de3-42c9-b36d-1d5d4b1e298e 77240ad744294c35b7ae80100fc78dbe 0a98d02fb3d8404a862651be04768bd5 - - default default] 10.0.0.148 "GET /v2.0/agents HTTP/1.1" status: 200 len: 997 time: 0.0121367
2026-07-02 11:16:57.464 9 INFO neutron.db.ovn_revision_numbers_db [None req-6691a1ef-757d-4a41-a0c7-962a30555686 a8bf2d62c31e45418f76d39fc9b68ef9 d98d35a1dab14b5e8d941d9a1ea8026d - - default default] Successfully bumped revision number for resource 08679e48-2d91-40d1-b15c-c3cec569082a (type: security_group_rules) to 0
2026-07-02 11:16:57.497 10 INFO neutron.wsgi [None req-97a56d93-f288-4534-95ba-df9e10fe6131 77240ad744294c35b7ae80100fc78dbe 0a98d02fb3d8404a862651be04768bd5 - - default default] 10.0.0.248 "GET /v2.0/security-groups?tenant_id=f97940de5acc4e1c83e28d0af0211588&name=default HTTP/1.1" status: 200 len: 2996 time: 0.2771118
2026-07-02 11:16:57.526 9 INFO neutron.wsgi [None req-6691a1ef-757d-4a41-a0c7-962a30555686 a8bf2d62c31e45418f76d39fc9b68ef9 d98d35a1dab14b5e8d941d9a1ea8026d - - default default] 10.0.0.248 "POST /v2.0/security-group-rules HTTP/1.1" status: 201 len: 769 time: 0.4869134
2026-07-02 11:16:57.532 9 INFO neutron.wsgi [None req-597b6d87-65e8-4f20-8b46-ee4a1e5ce065 77240ad744294c35b7ae80100fc78dbe 0a98d02fb3d8404a862651be04768bd5 - - default default] 10.0.0.148 "GET /v2.0/ports HTTP/1.1" status: 200 len: 19454 time: 0.0729747
2026-07-02 11:16:57.539 10 INFO neutron.wsgi [req-f30941d7-5832-420d-9bc0-9005a68751ca req-dd20c17a-069c-4643-98c4-f8b5220590f2 c009b804a6574fc1a3e7663aadd95622 a1e5a7691a304189972788d916dfc909 - - 7e6cee0005ce4cdbbd56e806f4693548 7e6cee0005ce4cdbbd56e806f4693548] 199.19.213.63 "GET /v2.0/networks?id=6712db69-352f-4905-a76a-3946d6fa1c24 HTTP/1.1" status: 200 len: 970 time: 0.1076791
2026-07-02 11:16:57.598 10 INFO neutron.wsgi [req-f30941d7-5832-420d-9bc0-9005a68751ca req-fa234c83-c902-4fd2-89c0-90335863ddd9 c009b804a6574fc1a3e7663aadd95622 a1e5a7691a304189972788d916dfc909 - - 7e6cee0005ce4cdbbd56e806f4693548 7e6cee0005ce4cdbbd56e806f4693548] 199.19.213.63 "GET /v2.0/floatingips?fixed_ip_address=10.100.0.6&port_id=386d251e-c79a-4b29-98b1-abe79382dbfd HTTP/1.1" status: 200 len: 1059 time: 0.0504880
2026-07-02 11:16:57.647 10 INFO neutron.wsgi [req-f30941d7-5832-420d-9bc0-9005a68751ca req-7362108c-111e-447f-8c5e-945b126e24cf c009b804a6574fc1a3e7663aadd95622 a1e5a7691a304189972788d916dfc909 - - 7e6cee0005ce4cdbbd56e806f4693548 7e6cee0005ce4cdbbd56e806f4693548] 199.19.213.63 "GET /v2.0/subnets?id=43edf561-b051-4250-abdb-93f7c1c079fe HTTP/1.1" status: 200 len: 865 time: 0.0427158
2026-07-02 11:16:57.665 9 INFO neutron.wsgi [None req-6456133d-e90d-4f87-8211-2b9d4e8bbcc6 77240ad744294c35b7ae80100fc78dbe 0a98d02fb3d8404a862651be04768bd5 - - default default] 10.0.0.148 "GET /v2.0/security-groups HTTP/1.1" status: 200 len: 44179 time: 0.1125553
2026-07-02 11:16:57.683 10 INFO neutron.wsgi [req-f30941d7-5832-420d-9bc0-9005a68751ca req-c64ecf36-1949-400d-9421-a75e5ac82254 c009b804a6574fc1a3e7663aadd95622 a1e5a7691a304189972788d916dfc909 - - 7e6cee0005ce4cdbbd56e806f4693548 7e6cee0005ce4cdbbd56e806f4693548] 199.19.213.63 "GET /v2.0/ports?network_id=6712db69-352f-4905-a76a-3946d6fa1c24&device_owner=network%3Adhcp HTTP/1.1" status: 200 len: 210 time: 0.0262649
2026-07-02 11:16:57.697 9 INFO neutron.wsgi [None req-118e282e-66bd-4595-b8c4-474d6e3c3d4c 77240ad744294c35b7ae80100fc78dbe 0a98d02fb3d8404a862651be04768bd5 - - default default] 10.0.0.148 "GET /v2.0/network-ip-availabilities HTTP/1.1" status: 200 len: 2664 time: 0.0207136
2026-07-02 11:16:57.750 9 INFO neutron.wsgi [None req-0f980dbd-371d-4280-9d39-25fd31899aa2 77240ad744294c35b7ae80100fc78dbe 0a98d02fb3d8404a862651be04768bd5 - - default default] 10.0.0.148 "GET /v2.0/subnets HTTP/1.1" status: 200 len: 3383 time: 0.0519834
2026-07-02 11:16:57.767 9 INFO neutron.wsgi [None req-7e3e3225-565e-4de8-ac07-1292703d4117 77240ad744294c35b7ae80100fc78dbe 0a98d02fb3d8404a862651be04768bd5 - - default default] 10.0.0.148 "GET /v2.0/subnetpools HTTP/1.1" status: 200 len: 193 time: 0.0160596
2026-07-02 11:16:57.773 9 INFO neutron.db.ovn_revision_numbers_db [None req-2bccd131-25cf-4881-8dbe-2590af4c2c69 a8bf2d62c31e45418f76d39fc9b68ef9 d98d35a1dab14b5e8d941d9a1ea8026d - - default default] Successfully bumped revision number for resource 95be742a-956f-4334-be75-891daae7aa02 (type: security_group_rules) to 0
2026-07-02 11:16:57.773 10 INFO neutron.wsgi [req-f30941d7-5832-420d-9bc0-9005a68751ca req-f206c3c9-1af5-4e91-8d4d-9d0358cb171e c009b804a6574fc1a3e7663aadd95622 a1e5a7691a304189972788d916dfc909 - - 7e6cee0005ce4cdbbd56e806f4693548 7e6cee0005ce4cdbbd56e806f4693548] 199.19.213.63 "GET /v2.0/networks/6712db69-352f-4905-a76a-3946d6fa1c24?fields=segments HTTP/1.1" status: 200 len: 212 time: 0.0840473
2026-07-02 11:16:57.803 9 INFO neutron.wsgi [None req-2bccd131-25cf-4881-8dbe-2590af4c2c69 a8bf2d62c31e45418f76d39fc9b68ef9 d98d35a1dab14b5e8d941d9a1ea8026d - - default default] 10.0.0.248 "POST /v2.0/security-group-rules HTTP/1.1" status: 201 len: 768 time: 0.2597511
2026-07-02 11:16:57.829 9 INFO neutron.db.securitygroups_db [None req-77b52373-27a6-4ed0-960a-8c8db367532f a8bf2d62c31e45418f76d39fc9b68ef9 d98d35a1dab14b5e8d941d9a1ea8026d - - default default] Project d98d35a1dab14b5e8d941d9a1ea8026d added a security group rule with legacy IPv6 ICMP protocol name icmp, ipv6-icmp should be used instead. It was automatically converted.
2026-07-02 11:16:57.864 10 INFO neutron.wsgi [None req-4dbcbc4b-4cad-4625-9f47-ac73b4884214 77240ad744294c35b7ae80100fc78dbe 0a98d02fb3d8404a862651be04768bd5 - - default default] 10.0.0.248 "DELETE /v2.0/security-groups/30d91ae5-2ff7-451a-8191-e9775276147e HTTP/1.1" status: 204 len: 168 time: 0.3618209
2026-07-02 11:16:57.868 10 INFO neutron.wsgi [req-f30941d7-5832-420d-9bc0-9005a68751ca req-8bd3e84f-060c-48c1-a984-73ad7c7a691b c009b804a6574fc1a3e7663aadd95622 a1e5a7691a304189972788d916dfc909 - - 7e6cee0005ce4cdbbd56e806f4693548 7e6cee0005ce4cdbbd56e806f4693548] 199.19.213.63 "GET /v2.0/networks/6712db69-352f-4905-a76a-3946d6fa1c24?fields=provider%3Aphysical_network&fields=provider%3Anetwork_type HTTP/1.1" status: 200 len: 277 time: 0.0870574
2026-07-02 11:16:57.962 9 INFO neutron.db.ovn_revision_numbers_db [None req-77b52373-27a6-4ed0-960a-8c8db367532f a8bf2d62c31e45418f76d39fc9b68ef9 d98d35a1dab14b5e8d941d9a1ea8026d - - default default] Successfully bumped revision number for resource c449a300-d865-4cb7-9f82-1f795f2c7318 (type: security_group_rules) to 0
2026-07-02 11:16:57.989 9 INFO neutron.wsgi [None req-77b52373-27a6-4ed0-960a-8c8db367532f a8bf2d62c31e45418f76d39fc9b68ef9 d98d35a1dab14b5e8d941d9a1ea8026d - - default default] 10.0.0.248 "POST /v2.0/security-group-rules HTTP/1.1" status: 201 len: 774 time: 0.1826632
2026-07-02 11:16:58.017 9 INFO neutron.db.securitygroups_db [None req-8a1cb9d9-c3db-4f5a-a00f-660776bafa30 a8bf2d62c31e45418f76d39fc9b68ef9 d98d35a1dab14b5e8d941d9a1ea8026d - - default default] Project d98d35a1dab14b5e8d941d9a1ea8026d added a security group rule with legacy IPv6 ICMP protocol name icmp, ipv6-icmp should be used instead. It was automatically converted.
2026-07-02 11:16:58.134 9 INFO neutron.db.ovn_revision_numbers_db [None req-8a1cb9d9-c3db-4f5a-a00f-660776bafa30 a8bf2d62c31e45418f76d39fc9b68ef9 d98d35a1dab14b5e8d941d9a1ea8026d - - default default] Successfully bumped revision number for resource de1872bc-e3ee-4799-ad5e-80dbff7189ca (type: security_group_rules) to 0
2026-07-02 11:16:58.166 9 INFO neutron.wsgi [None req-8a1cb9d9-c3db-4f5a-a00f-660776bafa30 a8bf2d62c31e45418f76d39fc9b68ef9 d98d35a1dab14b5e8d941d9a1ea8026d - - default default] 10.0.0.248 "POST /v2.0/security-group-rules HTTP/1.1" status: 201 len: 773 time: 0.1718738
2026-07-02 11:16:58.641 9 INFO neutron.wsgi [-] 10.0.0.201 "GET / HTTP/1.1" status: 200 len: 247 time: 0.0059125
2026-07-02 11:16:58.644 9 INFO neutron.wsgi [-] 10.0.0.201 "GET / HTTP/1.1" status: 200 len: 247 time: 0.0015490
2026-07-02 11:16:58.714 10 INFO neutron.wsgi [None req-011ca332-cad5-43a0-b3b3-6dfbe667a377 a8bf2d62c31e45418f76d39fc9b68ef9 d98d35a1dab14b5e8d941d9a1ea8026d - - default default] 10.0.0.248 "GET /v2.0/networks HTTP/1.1" status: 200 len: 1491 time: 0.1806560
2026-07-02 11:16:58.835 10 INFO neutron.wsgi [req-e799ccb3-fe27-4de0-9934-063a00233845 req-64a1c17d-2fbe-4906-b3ac-2dd965489d35 a8bf2d62c31e45418f76d39fc9b68ef9 d98d35a1dab14b5e8d941d9a1ea8026d - - default default] 10.0.0.229 "GET /v2.0/security-groups?name=tempest-secgroup-smoke-305574825&fields=id&tenant_id=d98d35a1dab14b5e8d941d9a1ea8026d HTTP/1.1" status: 200 len: 267 time: 0.0428867
2026-07-02 11:16:58.939 10 INFO neutron.wsgi [req-e799ccb3-fe27-4de0-9934-063a00233845 req-a9febd33-c154-465a-85ba-42462d228315 a8bf2d62c31e45418f76d39fc9b68ef9 d98d35a1dab14b5e8d941d9a1ea8026d - - default default] 10.0.0.229 "GET /v2.0/networks?id=bf82e6fc-80cb-48bc-b72e-af56e197ada8 HTTP/1.1" status: 200 len: 858 time: 0.0986247
2026-07-02 11:16:58.960 10 INFO neutron.wsgi [req-e799ccb3-fe27-4de0-9934-063a00233845 req-c41d98f0-e218-4ff4-98b9-e338762359dc a8bf2d62c31e45418f76d39fc9b68ef9 d98d35a1dab14b5e8d941d9a1ea8026d - - default default] 10.0.0.229 "GET /v2.0/quotas/d98d35a1dab14b5e8d941d9a1ea8026d HTTP/1.1" status: 200 len: 386 time: 0.0130239
2026-07-02 11:16:59.062 10 INFO neutron.wsgi [req-e799ccb3-fe27-4de0-9934-063a00233845 req-bf795123-5654-41c4-b436-a8b50a54d705 a8bf2d62c31e45418f76d39fc9b68ef9 d98d35a1dab14b5e8d941d9a1ea8026d - - default default] 10.0.0.229 "GET /v2.0/ports?tenant_id=d98d35a1dab14b5e8d941d9a1ea8026d&fields=id HTTP/1.1" status: 200 len: 348 time: 0.0930631
2026-07-02 11:16:59.165 10 INFO neutron.wsgi [req-e799ccb3-fe27-4de0-9934-063a00233845 req-03cea00e-0ab4-4f2e-ab27-9d391600ac9f c009b804a6574fc1a3e7663aadd95622 a1e5a7691a304189972788d916dfc909 - - 7e6cee0005ce4cdbbd56e806f4693548 7e6cee0005ce4cdbbd56e806f4693548] 10.0.0.229 "GET /v2.0/networks/bf82e6fc-80cb-48bc-b72e-af56e197ada8?fields=segments HTTP/1.1" status: 200 len: 212 time: 0.0849102
2026-07-02 11:16:59.240 10 INFO neutron.wsgi [req-e799ccb3-fe27-4de0-9934-063a00233845 req-2e088f2c-bd58-4835-a697-246a5baeca64 c009b804a6574fc1a3e7663aadd95622 a1e5a7691a304189972788d916dfc909 - - 7e6cee0005ce4cdbbd56e806f4693548 7e6cee0005ce4cdbbd56e806f4693548] 10.0.0.229 "GET /v2.0/networks/bf82e6fc-80cb-48bc-b72e-af56e197ada8?fields=provider%3Aphysical_network&fields=provider%3Anetwork_type HTTP/1.1" status: 200 len: 277 time: 0.0676451
2026-07-02 11:16:59.414 10 INFO neutron.wsgi [req-fcbfda3e-cee0-4ca1-96e4-c297e13135e0 req-e9dcd402-23b5-4111-8b68-1c1641ca9759 a8bf2d62c31e45418f76d39fc9b68ef9 d98d35a1dab14b5e8d941d9a1ea8026d - - default default] 10.0.0.229 "GET /v2.0/ports?device_id=f08837d3-71a9-444d-8de6-dcf3d07d8571 HTTP/1.1" status: 200 len: 210 time: 0.0222747
2026-07-02 11:16:59.435 10 INFO neutron.db.ovn_revision_numbers_db [None req-bca4e2d0-ae0b-488d-9798-06e91df95b24 77240ad744294c35b7ae80100fc78dbe 0a98d02fb3d8404a862651be04768bd5 - - default default] Successfully bumped revision number for resource e5cac519-05c0-4128-bab4-746544941fa4 (type: security_groups) to 1
2026-07-02 11:16:59.450 10 INFO neutron.db.ovn_revision_numbers_db [None req-bca4e2d0-ae0b-488d-9798-06e91df95b24 77240ad744294c35b7ae80100fc78dbe 0a98d02fb3d8404a862651be04768bd5 - - default default] Successfully bumped revision number for resource 107c52ca-89e0-4af6-afd5-fd6e22f5f8f9 (type: security_group_rules) to 0
2026-07-02 11:16:59.464 10 INFO neutron.db.ovn_revision_numbers_db [None req-bca4e2d0-ae0b-488d-9798-06e91df95b24 77240ad744294c35b7ae80100fc78dbe 0a98d02fb3d8404a862651be04768bd5 - - default default] Successfully bumped revision number for resource 34b88071-dfb2-455f-a54d-9a1a93c61220 (type: security_group_rules) to 0
2026-07-02 11:16:59.481 10 INFO neutron.db.ovn_revision_numbers_db [None req-bca4e2d0-ae0b-488d-9798-06e91df95b24 77240ad744294c35b7ae80100fc78dbe 0a98d02fb3d8404a862651be04768bd5 - - default default] Successfully bumped revision number for resource b71acc14-9e71-4c6f-bcd5-66752983d7a5 (type: security_group_rules) to 0
2026-07-02 11:16:59.497 10 INFO neutron.db.ovn_revision_numbers_db [None req-bca4e2d0-ae0b-488d-9798-06e91df95b24 77240ad744294c35b7ae80100fc78dbe 0a98d02fb3d8404a862651be04768bd5 - - default default] Successfully bumped revision number for resource f9944715-c8ba-498d-a679-eb8b86189837 (type: security_group_rules) to 0
2026-07-02 11:16:59.520 10 INFO neutron.wsgi [None req-bca4e2d0-ae0b-488d-9798-06e91df95b24 77240ad744294c35b7ae80100fc78dbe 0a98d02fb3d8404a862651be04768bd5 - - default default] 10.0.0.248 "GET /v2.0/security-groups?tenant_id=77349674efa34137b0483b892a92a89c&name=default HTTP/1.1" status: 200 len: 2996 time: 0.4209821
2026-07-02 11:16:59.828 10 INFO neutron.wsgi [None req-03c87da8-a72d-4783-92b3-76db51da7750 77240ad744294c35b7ae80100fc78dbe 0a98d02fb3d8404a862651be04768bd5 - - default default] 10.0.0.248 "DELETE /v2.0/security-groups/e5cac519-05c0-4128-bab4-746544941fa4 HTTP/1.1" status: 204 len: 168 time: 0.3028560
2026-07-02 11:17:00.336 10 INFO neutron.wsgi [req-e799ccb3-fe27-4de0-9934-063a00233845 req-14be42d3-7a48-4b6f-8f04-f0f776cd9094 a8bf2d62c31e45418f76d39fc9b68ef9 d98d35a1dab14b5e8d941d9a1ea8026d - - default default] 199.19.213.63 "GET /v2.0/networks?id=bf82e6fc-80cb-48bc-b72e-af56e197ada8 HTTP/1.1" status: 200 len: 858 time: 0.0738130
2026-07-02 11:17:00.391 10 INFO neutron.wsgi [req-e799ccb3-fe27-4de0-9934-063a00233845 req-cd03d88c-6ded-47e7-a7b3-79cfa1328015 a8bf2d62c31e45418f76d39fc9b68ef9 d98d35a1dab14b5e8d941d9a1ea8026d - - default default] 199.19.213.63 "GET /v2.0/security-groups?fields=id&fields=name&tenant_id=d98d35a1dab14b5e8d941d9a1ea8026d HTTP/1.1" status: 200 len: 471 time: 0.0477374
2026-07-02 11:17:00.498 10 INFO neutron.wsgi [req-c0cb1fbd-6e5e-4768-bb48-5436d5f0813a req-9136ebc5-d724-40a4-94b5-4a7ea9c31000 a8bf2d62c31e45418f76d39fc9b68ef9 d98d35a1dab14b5e8d941d9a1ea8026d - - default default] 10.0.0.229 "GET /v2.0/ports?device_id=f08837d3-71a9-444d-8de6-dcf3d07d8571 HTTP/1.1" status: 200 len: 210 time: 0.0277960
2026-07-02 11:17:00.785 10 WARNING neutron.scheduler.dhcp_agent_scheduler [req-e799ccb3-fe27-4de0-9934-063a00233845 req-6a33be30-bfb1-4142-96a3-f0785cc2a339 a8bf2d62c31e45418f76d39fc9b68ef9 d98d35a1dab14b5e8d941d9a1ea8026d - - default default] No more DHCP agents
2026-07-02 11:17:00.788 10 WARNING neutron.api.rpc.agentnotifiers.dhcp_rpc_agent_api [req-e799ccb3-fe27-4de0-9934-063a00233845 req-6a33be30-bfb1-4142-96a3-f0785cc2a339 a8bf2d62c31e45418f76d39fc9b68ef9 d98d35a1dab14b5e8d941d9a1ea8026d - - default default] Unable to schedule network bf82e6fc-80cb-48bc-b72e-af56e197ada8: no agents available; will retry on subsequent port and subnet creation events.
2026-07-02 11:17:00.966 10 INFO neutron.db.ovn_revision_numbers_db [req-e799ccb3-fe27-4de0-9934-063a00233845 req-6a33be30-bfb1-4142-96a3-f0785cc2a339 a8bf2d62c31e45418f76d39fc9b68ef9 d98d35a1dab14b5e8d941d9a1ea8026d - - default default] Successfully bumped revision number for resource 92f90c68-f7d4-4883-b039-9a19334c8eae (type: ports) to 1
2026-07-02 11:17:00.991 10 INFO neutron.wsgi [req-e799ccb3-fe27-4de0-9934-063a00233845 req-6a33be30-bfb1-4142-96a3-f0785cc2a339 a8bf2d62c31e45418f76d39fc9b68ef9 d98d35a1dab14b5e8d941d9a1ea8026d - - default default] 199.19.213.63 "POST /v2.0/ports HTTP/1.1" status: 201 len: 1162 time: 0.5966132 /var/lib/openstack/lib/python3.10/site-packages/pycadf/identifier.py:71: UserWarning: Invalid uuid: neutron. To ensure interoperability, identifiers should be a valid uuid. warnings.warn(('Invalid uuid: %s. To ensure interoperability, '
2026-07-02 11:17:01.468 10 INFO neutron.db.ovn_revision_numbers_db [req-e799ccb3-fe27-4de0-9934-063a00233845 req-bd36bc88-501f-43cf-ba27-64487b8ad67d c009b804a6574fc1a3e7663aadd95622 a1e5a7691a304189972788d916dfc909 - - 7e6cee0005ce4cdbbd56e806f4693548 7e6cee0005ce4cdbbd56e806f4693548] Successfully bumped revision number for resource 92f90c68-f7d4-4883-b039-9a19334c8eae (type: ports) to 2 /var/lib/openstack/lib/python3.10/site-packages/pycadf/identifier.py:71: UserWarning: Invalid uuid: neutron. To ensure interoperability, identifiers should be a valid uuid. warnings.warn(('Invalid uuid: %s. To ensure interoperability, '
2026-07-02 11:17:01.646 10 INFO neutron.wsgi [req-81a57a83-6eaf-4429-9a78-d2f660234432 req-dfdf5cda-8dfe-4b81-9a19-49e57f95596a a8bf2d62c31e45418f76d39fc9b68ef9 d98d35a1dab14b5e8d941d9a1ea8026d - - default default] 10.0.0.229 "GET /v2.0/ports?device_id=f08837d3-71a9-444d-8de6-dcf3d07d8571 HTTP/1.1" status: 200 len: 1172 time: 0.0683143
2026-07-02 11:17:01.722 10 INFO neutron.wsgi [req-81a57a83-6eaf-4429-9a78-d2f660234432 req-e2fb67d2-f20e-4953-b401-230cee85ae39 a8bf2d62c31e45418f76d39fc9b68ef9 d98d35a1dab14b5e8d941d9a1ea8026d - - default default] 10.0.0.229 "GET /v2.0/security-groups?id=e5f7d074-7db2-4816-b7ea-1ca04b4e273a&fields=id&fields=name HTTP/1.1" status: 200 len: 312 time: 0.0673294
2026-07-02 11:17:01.779 10 INFO neutron.db.ovn_revision_numbers_db [req-e799ccb3-fe27-4de0-9934-063a00233845 req-bd36bc88-501f-43cf-ba27-64487b8ad67d c009b804a6574fc1a3e7663aadd95622 a1e5a7691a304189972788d916dfc909 - - 7e6cee0005ce4cdbbd56e806f4693548 7e6cee0005ce4cdbbd56e806f4693548] Successfully bumped revision number for resource 92f90c68-f7d4-4883-b039-9a19334c8eae (type: ports) to 2
2026-07-02 11:17:01.799 10 INFO neutron.wsgi [req-e799ccb3-fe27-4de0-9934-063a00233845 req-bd36bc88-501f-43cf-ba27-64487b8ad67d c009b804a6574fc1a3e7663aadd95622 a1e5a7691a304189972788d916dfc909 - - 7e6cee0005ce4cdbbd56e806f4693548 7e6cee0005ce4cdbbd56e806f4693548] 199.19.213.63 "PUT /v2.0/ports/92f90c68-f7d4-4883-b039-9a19334c8eae HTTP/1.1" status: 200 len: 1380 time: 0.7996550
2026-07-02 11:17:01.830 10 INFO neutron.notifiers.nova [-] Nova event matching ['req-3befd4d3-eb0a-41d9-b9a0-3c7cfd597355'] response: {'name': 'network-changed', 'server_uuid': 'f08837d3-71a9-444d-8de6-dcf3d07d8571', 'tag': '92f90c68-f7d4-4883-b039-9a19334c8eae', 'status': 'completed', 'code': 200} /var/lib/openstack/lib/python3.10/site-packages/pycadf/identifier.py:71: UserWarning: Invalid uuid: neutron. To ensure interoperability, identifiers should be a valid uuid. warnings.warn(('Invalid uuid: %s. To ensure interoperability, '
2026-07-02 11:17:01.877 10 INFO neutron.wsgi [req-e799ccb3-fe27-4de0-9934-063a00233845 req-6dab00d9-9289-4af6-a558-fd5e29204034 c009b804a6574fc1a3e7663aadd95622 a1e5a7691a304189972788d916dfc909 - - 7e6cee0005ce4cdbbd56e806f4693548 7e6cee0005ce4cdbbd56e806f4693548] 199.19.213.63 "GET /v2.0/ports?tenant_id=d98d35a1dab14b5e8d941d9a1ea8026d&device_id=f08837d3-71a9-444d-8de6-dcf3d07d8571 HTTP/1.1" status: 200 len: 1411 time: 0.0340977
2026-07-02 11:17:01.913 10 INFO neutron.wsgi [req-e799ccb3-fe27-4de0-9934-063a00233845 req-85eb21d8-e2b5-4567-ab01-b4604e7dcdc5 c009b804a6574fc1a3e7663aadd95622 a1e5a7691a304189972788d916dfc909 - - 7e6cee0005ce4cdbbd56e806f4693548 7e6cee0005ce4cdbbd56e806f4693548] 199.19.213.63 "GET /v2.0/floatingips?fixed_ip_address=10.100.0.12&port_id=92f90c68-f7d4-4883-b039-9a19334c8eae HTTP/1.1" status: 200 len: 217 time: 0.0233657
2026-07-02 11:17:01.947 10 INFO neutron.wsgi [req-e799ccb3-fe27-4de0-9934-063a00233845 req-cd469142-6f9f-4610-a989-83ae10d76364 c009b804a6574fc1a3e7663aadd95622 a1e5a7691a304189972788d916dfc909 - - 7e6cee0005ce4cdbbd56e806f4693548 7e6cee0005ce4cdbbd56e806f4693548] 199.19.213.63 "GET /v2.0/subnets?id=3a19901b-2713-4f7d-a55b-04d4dbf5771d HTTP/1.1" status: 200 len: 852 time: 0.0297596
2026-07-02 11:17:01.978 10 INFO neutron.wsgi [req-e799ccb3-fe27-4de0-9934-063a00233845 req-14cf42d1-59e1-4c21-9a61-a19cc83ede57 c009b804a6574fc1a3e7663aadd95622 a1e5a7691a304189972788d916dfc909 - - 7e6cee0005ce4cdbbd56e806f4693548 7e6cee0005ce4cdbbd56e806f4693548] 199.19.213.63 "GET /v2.0/ports?network_id=bf82e6fc-80cb-48bc-b72e-af56e197ada8&device_owner=network%3Adhcp HTTP/1.1" status: 200 len: 210 time: 0.0244086
2026-07-02 11:17:02.312 10 INFO neutron.wsgi [req-e799ccb3-fe27-4de0-9934-063a00233845 req-7c07b81d-9b53-4463-9be7-e2a0f5e09395 c009b804a6574fc1a3e7663aadd95622 a1e5a7691a304189972788d916dfc909 - - 7e6cee0005ce4cdbbd56e806f4693548 7e6cee0005ce4cdbbd56e806f4693548] 199.19.213.63 "GET /v2.0/networks/bf82e6fc-80cb-48bc-b72e-af56e197ada8?fields=segments HTTP/1.1" status: 200 len: 212 time: 0.3290348
2026-07-02 11:17:02.393 10 INFO neutron.wsgi [req-e799ccb3-fe27-4de0-9934-063a00233845 req-1d7fdbbc-eeb6-4f37-ac3f-38291a4a857b c009b804a6574fc1a3e7663aadd95622 a1e5a7691a304189972788d916dfc909 - - 7e6cee0005ce4cdbbd56e806f4693548 7e6cee0005ce4cdbbd56e806f4693548] 199.19.213.63 "GET /v2.0/networks/bf82e6fc-80cb-48bc-b72e-af56e197ada8?fields=provider%3Aphysical_network&fields=provider%3Anetwork_type HTTP/1.1" status: 200 len: 277 time: 0.0726857
2026-07-02 11:17:02.472 10 INFO neutron.wsgi [req-520c8771-b618-4e0a-a0ae-46257a63b8d9 req-fd869449-cbe5-42bf-80a0-3384c4a236b3 c009b804a6574fc1a3e7663aadd95622 a1e5a7691a304189972788d916dfc909 - - 7e6cee0005ce4cdbbd56e806f4693548 7e6cee0005ce4cdbbd56e806f4693548] 199.19.213.63 "GET /v2.0/ports?tenant_id=d98d35a1dab14b5e8d941d9a1ea8026d&device_id=f08837d3-71a9-444d-8de6-dcf3d07d8571 HTTP/1.1" status: 200 len: 1411 time: 0.0349736
2026-07-02 11:17:02.546 10 INFO neutron.wsgi [req-520c8771-b618-4e0a-a0ae-46257a63b8d9 req-78aa9210-09d8-4953-bf8e-e0ce8e2fabf9 c009b804a6574fc1a3e7663aadd95622 a1e5a7691a304189972788d916dfc909 - - 7e6cee0005ce4cdbbd56e806f4693548 7e6cee0005ce4cdbbd56e806f4693548] 199.19.213.63 "GET /v2.0/networks?id=bf82e6fc-80cb-48bc-b72e-af56e197ada8 HTTP/1.1" status: 200 len: 957 time: 0.0636640
2026-07-02 11:17:02.586 10 INFO neutron.wsgi [req-520c8771-b618-4e0a-a0ae-46257a63b8d9 req-3ae79eca-dd47-40fa-b31e-a609fc98591f c009b804a6574fc1a3e7663aadd95622 a1e5a7691a304189972788d916dfc909 - - 7e6cee0005ce4cdbbd56e806f4693548 7e6cee0005ce4cdbbd56e806f4693548] 199.19.213.63 "GET /v2.0/floatingips?fixed_ip_address=10.100.0.12&port_id=92f90c68-f7d4-4883-b039-9a19334c8eae HTTP/1.1" status: 200 len: 217 time: 0.0346959
2026-07-02 11:17:02.618 10 INFO neutron.plugins.ml2.drivers.ovn.mech_driver.mech_driver [None req-763d87c8-6bdf-4eba-92f2-49be3e009292 - - - - - -] OVN reports status up for port: 92f90c68-f7d4-4883-b039-9a19334c8eae
2026-07-02 11:17:02.627 10 INFO neutron.wsgi [req-520c8771-b618-4e0a-a0ae-46257a63b8d9 req-1e7e8b03-62d7-4402-955b-ee7815c763c5 c009b804a6574fc1a3e7663aadd95622 a1e5a7691a304189972788d916dfc909 - - 7e6cee0005ce4cdbbd56e806f4693548 7e6cee0005ce4cdbbd56e806f4693548] 199.19.213.63 "GET /v2.0/subnets?id=3a19901b-2713-4f7d-a55b-04d4dbf5771d HTTP/1.1" status: 200 len: 852 time: 0.0351038
2026-07-02 11:17:02.656 10 INFO neutron.wsgi [req-520c8771-b618-4e0a-a0ae-46257a63b8d9 req-b65b1c7b-9e14-4086-b421-3e0dfd6bb300 c009b804a6574fc1a3e7663aadd95622 a1e5a7691a304189972788d916dfc909 - - 7e6cee0005ce4cdbbd56e806f4693548 7e6cee0005ce4cdbbd56e806f4693548] 199.19.213.63 "GET /v2.0/ports?network_id=bf82e6fc-80cb-48bc-b72e-af56e197ada8&device_owner=network%3Adhcp HTTP/1.1" status: 200 len: 210 time: 0.0241539
2026-07-02 11:17:02.657 10 INFO neutron.plugins.ml2.plugin [None req-763d87c8-6bdf-4eba-92f2-49be3e009292 - - - - - -] Attempt 1 to provision port 92f90c68-f7d4-4883-b039-9a19334c8eae
2026-07-02 11:17:02.786 10 INFO neutron.wsgi [req-520c8771-b618-4e0a-a0ae-46257a63b8d9 req-5d674722-c146-4c6c-bde7-34608e9e1910 c009b804a6574fc1a3e7663aadd95622 a1e5a7691a304189972788d916dfc909 - - 7e6cee0005ce4cdbbd56e806f4693548 7e6cee0005ce4cdbbd56e806f4693548] 199.19.213.63 "GET /v2.0/networks/bf82e6fc-80cb-48bc-b72e-af56e197ada8?fields=segments HTTP/1.1" status: 200 len: 212 time: 0.1137445
2026-07-02 11:17:02.894 10 INFO neutron.wsgi [req-bfa8d9d2-dc6e-4dd0-ab74-d65b7e70f010 req-5e70383f-0d74-4530-999f-14766ac1df8c a8bf2d62c31e45418f76d39fc9b68ef9 d98d35a1dab14b5e8d941d9a1ea8026d - - default default] 10.0.0.229 "GET /v2.0/ports?device_id=f08837d3-71a9-444d-8de6-dcf3d07d8571 HTTP/1.1" status: 200 len: 1172 time: 0.1049411
2026-07-02 11:17:02.981 10 INFO neutron.wsgi [req-520c8771-b618-4e0a-a0ae-46257a63b8d9 req-408e3856-1ced-4999-97e2-543b07649389 c009b804a6574fc1a3e7663aadd95622 a1e5a7691a304189972788d916dfc909 - - 7e6cee0005ce4cdbbd56e806f4693548 7e6cee0005ce4cdbbd56e806f4693548] 199.19.213.63 "GET /v2.0/networks/bf82e6fc-80cb-48bc-b72e-af56e197ada8?fields=provider%3Aphysical_network&fields=provider%3Anetwork_type HTTP/1.1" status: 200 len: 277 time: 0.1775630
2026-07-02 11:17:02.997 10 INFO neutron.wsgi [req-bfa8d9d2-dc6e-4dd0-ab74-d65b7e70f010 req-651d89b9-2715-46c2-ba3e-6023bfd31f03 a8bf2d62c31e45418f76d39fc9b68ef9 d98d35a1dab14b5e8d941d9a1ea8026d - - default default] 10.0.0.229 "GET /v2.0/security-groups?id=e5f7d074-7db2-4816-b7ea-1ca04b4e273a&fields=id&fields=name HTTP/1.1" status: 200 len: 312 time: 0.0924609
2026-07-02 11:17:02.999 10 INFO neutron.db.ovn_revision_numbers_db [None req-77020a57-b9ed-4d65-9fcc-6a28bddc93dc 3076fd28e53b4ab9a85ec6285ca02c30 e00495aa05a14c73b008c0b3bf03c311 - - default default] Successfully bumped revision number for resource 4dbbd3b6-88d0-44ab-916b-9480958757ba (type: routers) to 1
2026-07-02 11:17:03.017 10 INFO neutron.wsgi [None req-77020a57-b9ed-4d65-9fcc-6a28bddc93dc 3076fd28e53b4ab9a85ec6285ca02c30 e00495aa05a14c73b008c0b3bf03c311 - - default default] 10.0.0.248 "POST /v2.0/routers HTTP/1.1" status: 201 len: 654 time: 0.5387073
2026-07-02 11:17:03.156 10 INFO neutron.db.ovn_revision_numbers_db [None req-763d87c8-6bdf-4eba-92f2-49be3e009292 - - - - - -] Successfully bumped revision number for resource 92f90c68-f7d4-4883-b039-9a19334c8eae (type: ports) to 4
2026-07-02 11:17:03.240 9 INFO neutron.db.ovn_revision_numbers_db [None req-39ed32e7-451c-4f55-9e68-9bb345aca14e 3076fd28e53b4ab9a85ec6285ca02c30 e00495aa05a14c73b008c0b3bf03c311 - - default default] Successfully bumped revision number for resource 77e6b37e-cb26-4768-9a96-4e45a62728a2 (type: routers) to 1
2026-07-02 11:17:03.256 9 INFO neutron.wsgi [None req-39ed32e7-451c-4f55-9e68-9bb345aca14e 3076fd28e53b4ab9a85ec6285ca02c30 e00495aa05a14c73b008c0b3bf03c311 - - default default] 10.0.0.248 "POST /v2.0/routers HTTP/1.1" status: 201 len: 654 time: 0.2311001
2026-07-02 11:17:03.432 9 INFO neutron.db.ovn_revision_numbers_db [None req-41521aaf-e005-4128-98a6-be905a33dcc5 3076fd28e53b4ab9a85ec6285ca02c30 e00495aa05a14c73b008c0b3bf03c311 - - default default] Successfully bumped revision number for resource ceee88d2-ba05-4f6a-bc0a-5f2a758ad841 (type: routers) to 1
2026-07-02 11:17:03.447 9 INFO neutron.wsgi [None req-41521aaf-e005-4128-98a6-be905a33dcc5 3076fd28e53b4ab9a85ec6285ca02c30 e00495aa05a14c73b008c0b3bf03c311 - - default default] 10.0.0.248 "POST /v2.0/routers HTTP/1.1" status: 201 len: 654 time: 0.1869264
2026-07-02 11:17:03.622 9 INFO neutron.db.ovn_revision_numbers_db [None req-09186f70-0b82-4e2f-8054-9d4670da4f5d 3076fd28e53b4ab9a85ec6285ca02c30 e00495aa05a14c73b008c0b3bf03c311 - - default default] Successfully bumped revision number for resource 0247fdfa-38b1-44f9-b22a-0580fc860daf (type: routers) to 1
2026-07-02 11:17:03.642 9 INFO neutron.wsgi [None req-09186f70-0b82-4e2f-8054-9d4670da4f5d 3076fd28e53b4ab9a85ec6285ca02c30 e00495aa05a14c73b008c0b3bf03c311 - - default default] 10.0.0.248 "POST /v2.0/routers HTTP/1.1" status: 201 len: 654 time: 0.1897135
2026-07-02 11:17:03.823 9 INFO neutron.db.ovn_revision_numbers_db [None req-07cadfcb-9de8-463c-a25e-cce5be34ff5d 3076fd28e53b4ab9a85ec6285ca02c30 e00495aa05a14c73b008c0b3bf03c311 - - default default] Successfully bumped revision number for resource c373f003-5c7b-41c5-8346-131af363b150 (type: routers) to 1
2026-07-02 11:17:03.837 9 INFO neutron.wsgi [None req-07cadfcb-9de8-463c-a25e-cce5be34ff5d 3076fd28e53b4ab9a85ec6285ca02c30 e00495aa05a14c73b008c0b3bf03c311 - - default default] 10.0.0.248 "POST /v2.0/routers HTTP/1.1" status: 201 len: 654 time: 0.1905453 /var/lib/openstack/lib/python3.10/site-packages/pycadf/identifier.py:71: UserWarning: Invalid uuid: neutron. To ensure interoperability, identifiers should be a valid uuid. warnings.warn(('Invalid uuid: %s. To ensure interoperability, '
2026-07-02 11:17:03.877 10 INFO neutron.notifiers.nova [-] Nova event matching ['req-fb6c6a5d-2879-4118-a8f8-0bf40df8d3a0'] response: {'server_uuid': 'f08837d3-71a9-444d-8de6-dcf3d07d8571', 'name': 'network-vif-plugged', 'status': 'completed', 'tag': '92f90c68-f7d4-4883-b039-9a19334c8eae', 'code': 200}
2026-07-02 11:17:03.877 10 INFO neutron.notifiers.nova [-] Nova event matching ['req-fb6c6a5d-2879-4118-a8f8-0bf40df8d3a0'] response: {'server_uuid': 'f08837d3-71a9-444d-8de6-dcf3d07d8571', 'name': 'network-vif-plugged', 'status': 'completed', 'tag': '92f90c68-f7d4-4883-b039-9a19334c8eae', 'code': 200}
2026-07-02 11:17:03.921 10 INFO neutron.wsgi [None req-1bcce6ed-36fc-4f08-b105-881a9cc51998 3076fd28e53b4ab9a85ec6285ca02c30 e00495aa05a14c73b008c0b3bf03c311 - - default default] 10.0.0.248 "PUT /v2.0/routers/4dbbd3b6-88d0-44ab-916b-9480958757ba/tags HTTP/1.1" status: 200 len: 210 time: 0.0803144
2026-07-02 11:17:03.994 10 INFO neutron.wsgi [None req-63abd416-a4c9-4443-908a-f8e939d5fd72 3076fd28e53b4ab9a85ec6285ca02c30 e00495aa05a14c73b008c0b3bf03c311 - - default default] 10.0.0.248 "PUT /v2.0/routers/77e6b37e-cb26-4768-9a96-4e45a62728a2/tags HTTP/1.1" status: 200 len: 218 time: 0.0677097
2026-07-02 11:17:04.055 10 INFO neutron.wsgi [None req-08c87d17-1439-46ed-a065-9e86d5136686 3076fd28e53b4ab9a85ec6285ca02c30 e00495aa05a14c73b008c0b3bf03c311 - - default default] 10.0.0.248 "PUT /v2.0/routers/ceee88d2-ba05-4f6a-bc0a-5f2a758ad841/tags HTTP/1.1" status: 200 len: 227 time: 0.0563014
2026-07-02 11:17:04.173 10 INFO neutron.wsgi [None req-7e771fce-ac6c-482f-a416-05fecc720a42 3076fd28e53b4ab9a85ec6285ca02c30 e00495aa05a14c73b008c0b3bf03c311 - - default default] 10.0.0.248 "PUT /v2.0/routers/0247fdfa-38b1-44f9-b22a-0580fc860daf/tags HTTP/1.1" status: 200 len: 212 time: 0.1121290
2026-07-02 11:17:04.271 10 INFO neutron.wsgi [req-1301e6a4-acb5-4c56-9813-ccc4d109cab2 req-7ea27ed7-1294-48c9-8f8d-005195100b02 a8bf2d62c31e45418f76d39fc9b68ef9 d98d35a1dab14b5e8d941d9a1ea8026d - - default default] 10.0.0.229 "GET /v2.0/ports?device_id=f08837d3-71a9-444d-8de6-dcf3d07d8571 HTTP/1.1" status: 200 len: 1174 time: 0.1772220
2026-07-02 11:17:04.303 9 INFO neutron.wsgi [None req-e1196b96-7663-4226-8336-0ba5fc4be7bf 3076fd28e53b4ab9a85ec6285ca02c30 e00495aa05a14c73b008c0b3bf03c311 - - default default] 10.0.0.248 "GET /v2.0/routers?tags=red HTTP/1.1" status: 200 len: 1601 time: 0.1235235
2026-07-02 11:17:04.319 10 INFO neutron.wsgi [req-1301e6a4-acb5-4c56-9813-ccc4d109cab2 req-3b47644b-1f96-4920-8438-ed4809f0e45b a8bf2d62c31e45418f76d39fc9b68ef9 d98d35a1dab14b5e8d941d9a1ea8026d - - default default] 10.0.0.229 "GET /v2.0/security-groups?id=e5f7d074-7db2-4816-b7ea-1ca04b4e273a&fields=id&fields=name HTTP/1.1" status: 200 len: 312 time: 0.0424976
2026-07-02 11:17:04.392 9 INFO neutron.wsgi [None req-66220a3e-73c4-4dac-ba7f-42c3adbdaaf7 3076fd28e53b4ab9a85ec6285ca02c30 e00495aa05a14c73b008c0b3bf03c311 - - default default] 10.0.0.248 "GET /v2.0/routers?tags=red%2Cblue HTTP/1.1" status: 200 len: 1144 time: 0.0842118
2026-07-02 11:17:04.473 9 INFO neutron.wsgi [None req-d1d707c0-bd89-4fd4-aed1-0c0349a4e09f 3076fd28e53b4ab9a85ec6285ca02c30 e00495aa05a14c73b008c0b3bf03c311 - - default default] 10.0.0.248 "GET /v2.0/routers?tags-any=blue HTTP/1.1" status: 200 len: 1144 time: 0.0747571
2026-07-02 11:17:04.554 9 INFO neutron.wsgi [None req-87aca8c4-8df2-4935-bd84-0bd733f0cccf 3076fd28e53b4ab9a85ec6285ca02c30 e00495aa05a14c73b008c0b3bf03c311 - - default default] 10.0.0.248 "GET /v2.0/routers?tags-any=red%2Cblue HTTP/1.1" status: 200 len: 1601 time: 0.0730295
2026-07-02 11:17:04.597 10 INFO neutron.wsgi [req-1875a80a-5165-4c38-8d39-b8d7368db4a3 req-aef4e304-de8f-4efb-8f6d-364a39aed562 c009b804a6574fc1a3e7663aadd95622 a1e5a7691a304189972788d916dfc909 - - 7e6cee0005ce4cdbbd56e806f4693548 7e6cee0005ce4cdbbd56e806f4693548] 199.19.213.63 "GET /v2.0/ports?device_id=5b6165cf-ea24-45d4-9adc-1a5e35c5ebff&fields=binding%3Ahost_id&fields=binding%3Avif_type HTTP/1.1" status: 200 len: 265 time: 0.0428796
2026-07-02 11:17:04.674 10 INFO neutron.wsgi [req-1875a80a-5165-4c38-8d39-b8d7368db4a3 req-9bfccee7-051e-4398-ac01-3e9a2b5b7a3c c009b804a6574fc1a3e7663aadd95622 a1e5a7691a304189972788d916dfc909 - - 7e6cee0005ce4cdbbd56e806f4693548 7e6cee0005ce4cdbbd56e806f4693548] 199.19.213.63 "GET /v2.0/ports?tenant_id=d98d35a1dab14b5e8d941d9a1ea8026d&device_id=5b6165cf-ea24-45d4-9adc-1a5e35c5ebff HTTP/1.1" status: 200 len: 1413 time: 0.0336282
2026-07-02 11:17:04.760 10 INFO neutron.wsgi [req-1875a80a-5165-4c38-8d39-b8d7368db4a3 req-04e19d8d-71f4-4e71-8880-5e8c2c6a95a3 c009b804a6574fc1a3e7663aadd95622 a1e5a7691a304189972788d916dfc909 - - 7e6cee0005ce4cdbbd56e806f4693548 7e6cee0005ce4cdbbd56e806f4693548] 199.19.213.63 "GET /v2.0/networks?id=bf82e6fc-80cb-48bc-b72e-af56e197ada8 HTTP/1.1" status: 200 len: 957 time: 0.0628192
