2026-07-02 11:17:04.787 10 INFO neutron.wsgi [req-1875a80a-5165-4c38-8d39-b8d7368db4a3 req-0f2434d4-4d54-4452-80a7-42a4f9dba980 c009b804a6574fc1a3e7663aadd95622 a1e5a7691a304189972788d916dfc909 - - 7e6cee0005ce4cdbbd56e806f4693548 7e6cee0005ce4cdbbd56e806f4693548] 199.19.213.63 "GET /v2.0/floatingips?fixed_ip_address=10.100.0.13&port_id=059ec34a-cb74-49e1-b3ce-753ea1d75981 HTTP/1.1" status: 200 len: 217 time: 0.0210187
2026-07-02 11:17:04.825 10 INFO neutron.wsgi [req-1875a80a-5165-4c38-8d39-b8d7368db4a3 req-f8065c9c-1594-4a5d-a17b-6acf68f653ce c009b804a6574fc1a3e7663aadd95622 a1e5a7691a304189972788d916dfc909 - - 7e6cee0005ce4cdbbd56e806f4693548 7e6cee0005ce4cdbbd56e806f4693548] 199.19.213.63 "GET /v2.0/subnets?id=3a19901b-2713-4f7d-a55b-04d4dbf5771d HTTP/1.1" status: 200 len: 852 time: 0.0334713
2026-07-02 11:17:04.853 10 INFO neutron.wsgi [req-1875a80a-5165-4c38-8d39-b8d7368db4a3 req-257de645-0974-4c2c-bfb4-6396259ab186 c009b804a6574fc1a3e7663aadd95622 a1e5a7691a304189972788d916dfc909 - - 7e6cee0005ce4cdbbd56e806f4693548 7e6cee0005ce4cdbbd56e806f4693548] 199.19.213.63 "GET /v2.0/ports?network_id=bf82e6fc-80cb-48bc-b72e-af56e197ada8&device_owner=network%3Adhcp HTTP/1.1" status: 200 len: 210 time: 0.0213933
2026-07-02 11:17:04.861 9 INFO neutron.wsgi [None req-c9436f53-bb12-4864-9de4-bd3aac258d23 3076fd28e53b4ab9a85ec6285ca02c30 e00495aa05a14c73b008c0b3bf03c311 - - default default] 10.0.0.248 "GET /v2.0/routers?not-tags=red HTTP/1.1" status: 200 len: 1116 time: 0.3014312
2026-07-02 11:17:04.939 10 INFO neutron.wsgi [req-1875a80a-5165-4c38-8d39-b8d7368db4a3 req-539394c5-7a36-4f2b-99a5-e0977f7cb2e4 c009b804a6574fc1a3e7663aadd95622 a1e5a7691a304189972788d916dfc909 - - 7e6cee0005ce4cdbbd56e806f4693548 7e6cee0005ce4cdbbd56e806f4693548] 199.19.213.63 "GET /v2.0/networks/bf82e6fc-80cb-48bc-b72e-af56e197ada8?fields=segments HTTP/1.1" status: 200 len: 212 time: 0.0776885
2026-07-02 11:17:04.971 9 INFO neutron.wsgi [None req-f73a32c7-56ee-4645-9567-5405da637763 3076fd28e53b4ab9a85ec6285ca02c30 e00495aa05a14c73b008c0b3bf03c311 - - default default] 10.0.0.248 "GET /v2.0/routers?not-tags=red%2Cblue HTTP/1.1" status: 200 len: 1573 time: 0.1035473
2026-07-02 11:17:05.039 10 INFO neutron.wsgi [req-1875a80a-5165-4c38-8d39-b8d7368db4a3 req-725442bb-4b23-431d-bb82-0b2270dc9bbd c009b804a6574fc1a3e7663aadd95622 a1e5a7691a304189972788d916dfc909 - - 7e6cee0005ce4cdbbd56e806f4693548 7e6cee0005ce4cdbbd56e806f4693548] 199.19.213.63 "GET /v2.0/networks/bf82e6fc-80cb-48bc-b72e-af56e197ada8?fields=provider%3Aphysical_network&fields=provider%3Anetwork_type HTTP/1.1" status: 200 len: 277 time: 0.0943186
2026-07-02 11:17:05.085 9 INFO neutron.wsgi [None req-61d0f1a1-e8b4-42ee-9615-d59d04fe927d 3076fd28e53b4ab9a85ec6285ca02c30 e00495aa05a14c73b008c0b3bf03c311 - - default default] 10.0.0.248 "GET /v2.0/routers?not-tags-any=blue HTTP/1.1" status: 200 len: 1573 time: 0.1094279
2026-07-02 11:17:05.179 9 INFO neutron.wsgi [None req-a68da599-12ac-4f7c-9f9f-831f76de0a2d 3076fd28e53b4ab9a85ec6285ca02c30 e00495aa05a14c73b008c0b3bf03c311 - - default default] 10.0.0.248 "GET /v2.0/routers?not-tags-any=red%2Cblue HTTP/1.1" status: 200 len: 1116 time: 0.0877688
2026-07-02 11:17:05.242 10 INFO neutron.wsgi [None req-58e5f042-74b9-4930-baf9-c9960f6627e1 3076fd28e53b4ab9a85ec6285ca02c30 e00495aa05a14c73b008c0b3bf03c311 - - default default] 10.0.0.248 "GET /v2.0/routers/4dbbd3b6-88d0-44ab-916b-9480958757ba HTTP/1.1" status: 200 len: 660 time: 0.0543592
2026-07-02 11:17:05.437 10 INFO neutron.wsgi [req-7c56fc11-97d3-4f93-b817-cd30115f9b9c req-19eb2d29-993a-427d-bb48-9aa727870a61 a8bf2d62c31e45418f76d39fc9b68ef9 d98d35a1dab14b5e8d941d9a1ea8026d - - default default] 10.0.0.229 "GET /v2.0/ports?device_id=f08837d3-71a9-444d-8de6-dcf3d07d8571 HTTP/1.1" status: 200 len: 1174 time: 0.0510700
2026-07-02 11:17:05.514 10 INFO neutron.wsgi [req-7c56fc11-97d3-4f93-b817-cd30115f9b9c req-bb6a7fc3-6a8b-40d4-8266-e638dfed9189 a8bf2d62c31e45418f76d39fc9b68ef9 d98d35a1dab14b5e8d941d9a1ea8026d - - default default] 10.0.0.229 "GET /v2.0/security-groups?id=e5f7d074-7db2-4816-b7ea-1ca04b4e273a&fields=id&fields=name HTTP/1.1" status: 200 len: 312 time: 0.0675397
2026-07-02 11:17:05.648 10 INFO neutron.wsgi [req-350b9fc8-654c-4fa2-9eb5-fdfee73425fa req-73feec76-0240-46ac-9294-8c580123dc7b a8bf2d62c31e45418f76d39fc9b68ef9 d98d35a1dab14b5e8d941d9a1ea8026d - - default default] 10.0.0.229 "GET /v2.0/ports?device_id=f08837d3-71a9-444d-8de6-dcf3d07d8571 HTTP/1.1" status: 200 len: 1174 time: 0.0449460
2026-07-02 11:17:05.721 10 INFO neutron.wsgi [req-350b9fc8-654c-4fa2-9eb5-fdfee73425fa req-22ca201b-c968-4369-a5dc-cc3c325759ff a8bf2d62c31e45418f76d39fc9b68ef9 d98d35a1dab14b5e8d941d9a1ea8026d - - default default] 10.0.0.229 "GET /v2.0/security-groups?id=e5f7d074-7db2-4816-b7ea-1ca04b4e273a&fields=id&fields=name HTTP/1.1" status: 200 len: 312 time: 0.0599384
2026-07-02 11:17:05.779 10 INFO neutron.db.ovn_revision_numbers_db [None req-e486b714-b5e2-46bd-8366-ec49475efd44 3076fd28e53b4ab9a85ec6285ca02c30 e00495aa05a14c73b008c0b3bf03c311 - - default default] Successfully bumped revision number for resource 4dbbd3b6-88d0-44ab-916b-9480958757ba (type: routers) to 2
2026-07-02 11:17:05.782 10 INFO neutron.wsgi [None req-e486b714-b5e2-46bd-8366-ec49475efd44 3076fd28e53b4ab9a85ec6285ca02c30 e00495aa05a14c73b008c0b3bf03c311 - - default default] 10.0.0.248 "PUT /v2.0/routers/4dbbd3b6-88d0-44ab-916b-9480958757ba HTTP/1.1" status: 200 len: 660 time: 0.5340474
2026-07-02 11:17:05.789 9 INFO neutron.wsgi [None req-8b51cde2-02ad-4257-92b4-72842f9c518f 2d30ffac9f76423abe6ffbdbb9294086 93f145e8663c4205b78f3c402f5c3cca - - default default] 10.0.0.248 "GET /v2.0/ports?device_id=f08837d3-71a9-444d-8de6-dcf3d07d8571 HTTP/1.1" status: 200 len: 1408 time: 0.0382438
2026-07-02 11:17:05.803 10 INFO neutron.wsgi [None req-7c671878-9a72-46a8-bb25-c516e015e213 3076fd28e53b4ab9a85ec6285ca02c30 e00495aa05a14c73b008c0b3bf03c311 - - default default] 10.0.0.248 "GET /v2.0/ports?device_id=4dbbd3b6-88d0-44ab-916b-9480958757ba HTTP/1.1" status: 200 len: 205 time: 0.0155556
2026-07-02 11:17:06.044 10 INFO neutron.wsgi [None req-a56d3bfd-a253-40dd-b620-e9f7fe66c6a1 3076fd28e53b4ab9a85ec6285ca02c30 e00495aa05a14c73b008c0b3bf03c311 - - default default] 10.0.0.248 "DELETE /v2.0/routers/4dbbd3b6-88d0-44ab-916b-9480958757ba HTTP/1.1" status: 204 len: 168 time: 0.2349505
2026-07-02 11:17:06.088 10 INFO neutron.wsgi [None req-18fb7e9c-3f52-4212-bca8-8d6a6442af81 3076fd28e53b4ab9a85ec6285ca02c30 e00495aa05a14c73b008c0b3bf03c311 - - default default] 10.0.0.248 "GET /v2.0/routers/77e6b37e-cb26-4768-9a96-4e45a62728a2 HTTP/1.1" status: 200 len: 668 time: 0.0396135
2026-07-02 11:17:06.101 9 INFO neutron.db.l3_db [None req-bc541353-3d04-47aa-8c7b-e5e1f7690ed4 a8bf2d62c31e45418f76d39fc9b68ef9 d98d35a1dab14b5e8d941d9a1ea8026d - - default default] Floating IP d805db32-cc22-4eef-80e2-7448b17d1566 associated. External IP: 10.96.250.209, port: 92f90c68-f7d4-4883-b039-9a19334c8eae.
2026-07-02 11:17:06.417 9 INFO neutron.db.ovn_revision_numbers_db [None req-bc541353-3d04-47aa-8c7b-e5e1f7690ed4 a8bf2d62c31e45418f76d39fc9b68ef9 d98d35a1dab14b5e8d941d9a1ea8026d - - default default] Successfully bumped revision number for resource d805db32-cc22-4eef-80e2-7448b17d1566 (type: floatingips) to 4
2026-07-02 11:17:06.549 9 INFO neutron.db.ovn_revision_numbers_db [None req-bc541353-3d04-47aa-8c7b-e5e1f7690ed4 a8bf2d62c31e45418f76d39fc9b68ef9 d98d35a1dab14b5e8d941d9a1ea8026d - - default default] Successfully bumped revision number for resource d805db32-cc22-4eef-80e2-7448b17d1566 (type: floatingips) to 5 /var/lib/openstack/lib/python3.10/site-packages/pycadf/identifier.py:71: UserWarning: Invalid uuid: neutron. To ensure interoperability, identifiers should be a valid uuid. warnings.warn(('Invalid uuid: %s. To ensure interoperability, '
2026-07-02 11:17:06.588 9 INFO neutron.wsgi [None req-bc541353-3d04-47aa-8c7b-e5e1f7690ed4 a8bf2d62c31e45418f76d39fc9b68ef9 d98d35a1dab14b5e8d941d9a1ea8026d - - default default] 10.0.0.248 "PUT /v2.0/floatingips/d805db32-cc22-4eef-80e2-7448b17d1566 HTTP/1.1" status: 200 len: 1050 time: 0.7943349
2026-07-02 11:17:06.637 9 INFO neutron.notifiers.nova [-] Nova event matching ['req-eae565f7-a0fa-414c-a10f-3593dbfc9421'] response: {'name': 'network-changed', 'server_uuid': 'f08837d3-71a9-444d-8de6-dcf3d07d8571', 'tag': '92f90c68-f7d4-4883-b039-9a19334c8eae', 'status': 'completed', 'code': 200}
2026-07-02 11:17:06.648 9 INFO neutron.wsgi [None req-6c7f7925-3ac1-454c-ad29-3eba4af90b16 a8bf2d62c31e45418f76d39fc9b68ef9 d98d35a1dab14b5e8d941d9a1ea8026d - - default default] 10.0.0.248 "GET /v2.0/floatingips/d805db32-cc22-4eef-80e2-7448b17d1566 HTTP/1.1" status: 200 len: 1052 time: 0.0504730
2026-07-02 11:17:06.710 9 INFO neutron.db.ovn_revision_numbers_db [None req-eec9685a-d826-47e8-8497-a1a975d5ee7c 77240ad744294c35b7ae80100fc78dbe 0a98d02fb3d8404a862651be04768bd5 - - default default] Successfully bumped revision number for resource fd675ac4-ccce-4e4e-9463-fea343ad75b3 (type: security_groups) to 1
2026-07-02 11:17:06.720 10 INFO neutron.wsgi [req-754031ec-729c-4aba-a804-2f4fb53d5f65 req-db9291f9-e2a5-4289-97bd-a390d14d1a07 c009b804a6574fc1a3e7663aadd95622 a1e5a7691a304189972788d916dfc909 - - 7e6cee0005ce4cdbbd56e806f4693548 7e6cee0005ce4cdbbd56e806f4693548] 199.19.213.63 "GET /v2.0/ports?tenant_id=d98d35a1dab14b5e8d941d9a1ea8026d&device_id=f08837d3-71a9-444d-8de6-dcf3d07d8571 HTTP/1.1" status: 200 len: 1413 time: 0.0560069
2026-07-02 11:17:06.727 9 INFO neutron.db.ovn_revision_numbers_db [None req-eec9685a-d826-47e8-8497-a1a975d5ee7c 77240ad744294c35b7ae80100fc78dbe 0a98d02fb3d8404a862651be04768bd5 - - default default] Successfully bumped revision number for resource 66a2f41f-60c1-4fb9-a33f-f73f3c9eafc8 (type: security_group_rules) to 0
2026-07-02 11:17:06.743 9 INFO neutron.db.ovn_revision_numbers_db [None req-eec9685a-d826-47e8-8497-a1a975d5ee7c 77240ad744294c35b7ae80100fc78dbe 0a98d02fb3d8404a862651be04768bd5 - - default default] Successfully bumped revision number for resource 6a9c7f19-d320-4ce7-8bfb-60277348a1b7 (type: security_group_rules) to 0
2026-07-02 11:17:06.759 9 INFO neutron.db.ovn_revision_numbers_db [None req-eec9685a-d826-47e8-8497-a1a975d5ee7c 77240ad744294c35b7ae80100fc78dbe 0a98d02fb3d8404a862651be04768bd5 - - default default] Successfully bumped revision number for resource b6e69ff9-5814-4d6d-b91b-4e0f863bc5d3 (type: security_group_rules) to 0
2026-07-02 11:17:06.772 9 INFO neutron.db.ovn_revision_numbers_db [None req-eec9685a-d826-47e8-8497-a1a975d5ee7c 77240ad744294c35b7ae80100fc78dbe 0a98d02fb3d8404a862651be04768bd5 - - default default] Successfully bumped revision number for resource d6840f09-5c83-48fb-b144-583d88a87fe5 (type: security_group_rules) to 0
2026-07-02 11:17:06.808 9 INFO neutron.wsgi [None req-eec9685a-d826-47e8-8497-a1a975d5ee7c 77240ad744294c35b7ae80100fc78dbe 0a98d02fb3d8404a862651be04768bd5 - - default default] 10.0.0.248 "GET /v2.0/security-groups?tenant_id=504e5da6bc294de4bf9f4a7b7268883f&name=default HTTP/1.1" status: 200 len: 2996 time: 0.4901628
2026-07-02 11:17:06.829 10 INFO neutron.db.ovn_revision_numbers_db [None req-5ae8f750-ead3-4395-a46f-fc5ee51c3079 3076fd28e53b4ab9a85ec6285ca02c30 e00495aa05a14c73b008c0b3bf03c311 - - default default] Successfully bumped revision number for resource 77e6b37e-cb26-4768-9a96-4e45a62728a2 (type: routers) to 2
2026-07-02 11:17:06.832 10 INFO neutron.wsgi [None req-5ae8f750-ead3-4395-a46f-fc5ee51c3079 3076fd28e53b4ab9a85ec6285ca02c30 e00495aa05a14c73b008c0b3bf03c311 - - default default] 10.0.0.248 "PUT /v2.0/routers/77e6b37e-cb26-4768-9a96-4e45a62728a2 HTTP/1.1" status: 200 len: 668 time: 0.7404511
2026-07-02 11:17:06.834 10 INFO neutron.wsgi [req-754031ec-729c-4aba-a804-2f4fb53d5f65 req-e4cae5a1-990c-4357-947f-773c3be3f061 c009b804a6574fc1a3e7663aadd95622 a1e5a7691a304189972788d916dfc909 - - 7e6cee0005ce4cdbbd56e806f4693548 7e6cee0005ce4cdbbd56e806f4693548] 199.19.213.63 "GET /v2.0/networks?id=bf82e6fc-80cb-48bc-b72e-af56e197ada8 HTTP/1.1" status: 200 len: 957 time: 0.0949204
2026-07-02 11:17:06.859 10 INFO neutron.wsgi [None req-9760e93f-f5aa-4c53-a4c7-cb0152d1e712 3076fd28e53b4ab9a85ec6285ca02c30 e00495aa05a14c73b008c0b3bf03c311 - - default default] 10.0.0.248 "GET /v2.0/ports?device_id=77e6b37e-cb26-4768-9a96-4e45a62728a2 HTTP/1.1" status: 200 len: 205 time: 0.0219297
2026-07-02 11:17:06.893 10 INFO neutron.wsgi [req-754031ec-729c-4aba-a804-2f4fb53d5f65 req-ac00652d-fc3d-40fd-88b2-b6c2549a1ef1 c009b804a6574fc1a3e7663aadd95622 a1e5a7691a304189972788d916dfc909 - - 7e6cee0005ce4cdbbd56e806f4693548 7e6cee0005ce4cdbbd56e806f4693548] 199.19.213.63 "GET /v2.0/floatingips?fixed_ip_address=10.100.0.12&port_id=92f90c68-f7d4-4883-b039-9a19334c8eae HTTP/1.1" status: 200 len: 1060 time: 0.0487072
2026-07-02 11:17:06.933 10 INFO neutron.wsgi [req-754031ec-729c-4aba-a804-2f4fb53d5f65 req-83aa7299-6e06-4f18-a17c-0bf6be67993c c009b804a6574fc1a3e7663aadd95622 a1e5a7691a304189972788d916dfc909 - - 7e6cee0005ce4cdbbd56e806f4693548 7e6cee0005ce4cdbbd56e806f4693548] 199.19.213.63 "GET /v2.0/subnets?id=3a19901b-2713-4f7d-a55b-04d4dbf5771d HTTP/1.1" status: 200 len: 852 time: 0.0327930
2026-07-02 11:17:06.966 10 INFO neutron.wsgi [req-754031ec-729c-4aba-a804-2f4fb53d5f65 req-4d22f5d2-d874-49f8-8966-36d47426e86c c009b804a6574fc1a3e7663aadd95622 a1e5a7691a304189972788d916dfc909 - - 7e6cee0005ce4cdbbd56e806f4693548 7e6cee0005ce4cdbbd56e806f4693548] 199.19.213.63 "GET /v2.0/ports?network_id=bf82e6fc-80cb-48bc-b72e-af56e197ada8&device_owner=network%3Adhcp HTTP/1.1" status: 200 len: 210 time: 0.0244465
2026-07-02 11:17:07.053 10 INFO neutron.wsgi [req-754031ec-729c-4aba-a804-2f4fb53d5f65 req-2f4c36e9-6d30-400d-9f8f-c72a8e593036 c009b804a6574fc1a3e7663aadd95622 a1e5a7691a304189972788d916dfc909 - - 7e6cee0005ce4cdbbd56e806f4693548 7e6cee0005ce4cdbbd56e806f4693548] 199.19.213.63 "GET /v2.0/networks/bf82e6fc-80cb-48bc-b72e-af56e197ada8?fields=segments HTTP/1.1" status: 200 len: 212 time: 0.0776768
2026-07-02 11:17:07.124 9 INFO neutron.wsgi [None req-613652a1-e4df-46da-9431-258363e0c5e5 3076fd28e53b4ab9a85ec6285ca02c30 e00495aa05a14c73b008c0b3bf03c311 - - default default] 10.0.0.248 "DELETE /v2.0/routers/77e6b37e-cb26-4768-9a96-4e45a62728a2 HTTP/1.1" status: 204 len: 168 time: 0.2598383
2026-07-02 11:17:07.145 10 INFO neutron.wsgi [req-754031ec-729c-4aba-a804-2f4fb53d5f65 req-5384acdf-113e-49f1-a0e5-53f80adea602 c009b804a6574fc1a3e7663aadd95622 a1e5a7691a304189972788d916dfc909 - - 7e6cee0005ce4cdbbd56e806f4693548 7e6cee0005ce4cdbbd56e806f4693548] 199.19.213.63 "GET /v2.0/networks/bf82e6fc-80cb-48bc-b72e-af56e197ada8?fields=provider%3Aphysical_network&fields=provider%3Anetwork_type HTTP/1.1" status: 200 len: 277 time: 0.0823812
2026-07-02 11:17:07.417 9 INFO neutron.wsgi [None req-2f81d31a-ae57-48a3-8cfe-9b6a80cf58dc 3076fd28e53b4ab9a85ec6285ca02c30 e00495aa05a14c73b008c0b3bf03c311 - - default default] 10.0.0.248 "GET /v2.0/routers/ceee88d2-ba05-4f6a-bc0a-5f2a758ad841 HTTP/1.1" status: 200 len: 677 time: 0.2866902
2026-07-02 11:17:07.433 9 INFO neutron.wsgi [None req-22d6e75f-1a98-405e-ba98-e62a3ee75a28 77240ad744294c35b7ae80100fc78dbe 0a98d02fb3d8404a862651be04768bd5 - - default default] 10.0.0.248 "DELETE /v2.0/security-groups/fd675ac4-ccce-4e4e-9463-fea343ad75b3 HTTP/1.1" status: 204 len: 168 time: 0.6200492
2026-07-02 11:17:07.676 10 INFO neutron.db.ovn_revision_numbers_db [None req-8a547ecd-64a7-4da6-af9c-e737d8887028 77240ad744294c35b7ae80100fc78dbe 0a98d02fb3d8404a862651be04768bd5 - - default default] Successfully bumped revision number for resource 386815f8-c046-4c8c-bbcb-c39aaccc0a1f (type: security_groups) to 1
2026-07-02 11:17:07.694 10 INFO neutron.db.ovn_revision_numbers_db [None req-8a547ecd-64a7-4da6-af9c-e737d8887028 77240ad744294c35b7ae80100fc78dbe 0a98d02fb3d8404a862651be04768bd5 - - default default] Successfully bumped revision number for resource 14aa3608-ce51-4c2b-8a70-0d4d9012f869 (type: security_group_rules) to 0
2026-07-02 11:17:07.709 10 INFO neutron.db.ovn_revision_numbers_db [None req-8a547ecd-64a7-4da6-af9c-e737d8887028 77240ad744294c35b7ae80100fc78dbe 0a98d02fb3d8404a862651be04768bd5 - - default default] Successfully bumped revision number for resource 45030137-0600-4c16-9cb8-617d348c679a (type: security_group_rules) to 0
2026-07-02 11:17:07.730 10 INFO neutron.db.ovn_revision_numbers_db [None req-8a547ecd-64a7-4da6-af9c-e737d8887028 77240ad744294c35b7ae80100fc78dbe 0a98d02fb3d8404a862651be04768bd5 - - default default] Successfully bumped revision number for resource 47c04218-474c-445e-accb-3c289bfb8d2d (type: security_group_rules) to 0
2026-07-02 11:17:07.748 10 INFO neutron.db.ovn_revision_numbers_db [None req-8a547ecd-64a7-4da6-af9c-e737d8887028 77240ad744294c35b7ae80100fc78dbe 0a98d02fb3d8404a862651be04768bd5 - - default default] Successfully bumped revision number for resource 8bdf2687-d900-42e0-ac8c-14a03a5472ab (type: security_group_rules) to 0
2026-07-02 11:17:07.773 10 INFO neutron.wsgi [None req-8a547ecd-64a7-4da6-af9c-e737d8887028 77240ad744294c35b7ae80100fc78dbe 0a98d02fb3d8404a862651be04768bd5 - - default default] 10.0.0.248 "GET /v2.0/security-groups?tenant_id=ec04eaca586d40df85deb12fa2ee909c&name=default HTTP/1.1" status: 200 len: 2996 time: 0.2269735
2026-07-02 11:17:07.860 9 INFO neutron.db.ovn_revision_numbers_db [None req-01a2e43c-8e56-48b4-bd43-0e8523331e4e 3076fd28e53b4ab9a85ec6285ca02c30 e00495aa05a14c73b008c0b3bf03c311 - - default default] Successfully bumped revision number for resource ceee88d2-ba05-4f6a-bc0a-5f2a758ad841 (type: routers) to 2
2026-07-02 11:17:07.864 9 INFO neutron.wsgi [None req-01a2e43c-8e56-48b4-bd43-0e8523331e4e 3076fd28e53b4ab9a85ec6285ca02c30 e00495aa05a14c73b008c0b3bf03c311 - - default default] 10.0.0.248 "PUT /v2.0/routers/ceee88d2-ba05-4f6a-bc0a-5f2a758ad841 HTTP/1.1" status: 200 len: 677 time: 0.4412882
2026-07-02 11:17:07.891 9 INFO neutron.wsgi [None req-886f6951-e3e1-4557-ac74-419fc068e88f 3076fd28e53b4ab9a85ec6285ca02c30 e00495aa05a14c73b008c0b3bf03c311 - - default default] 10.0.0.248 "GET /v2.0/ports?device_id=ceee88d2-ba05-4f6a-bc0a-5f2a758ad841 HTTP/1.1" status: 200 len: 205 time: 0.0214894
2026-07-02 11:17:07.984 10 INFO neutron.wsgi [None req-8854d415-c3e7-430e-8fe3-b347ae841484 77240ad744294c35b7ae80100fc78dbe 0a98d02fb3d8404a862651be04768bd5 - - default default] 10.0.0.248 "DELETE /v2.0/security-groups/386815f8-c046-4c8c-bbcb-c39aaccc0a1f HTTP/1.1" status: 204 len: 168 time: 0.2050564
2026-07-02 11:17:08.151 9 INFO neutron.wsgi [None req-6078be3a-48bc-4d4f-86e6-e0b62433b782 3076fd28e53b4ab9a85ec6285ca02c30 e00495aa05a14c73b008c0b3bf03c311 - - default default] 10.0.0.248 "DELETE /v2.0/routers/ceee88d2-ba05-4f6a-bc0a-5f2a758ad841 HTTP/1.1" status: 204 len: 168 time: 0.2534022
2026-07-02 11:17:08.217 9 INFO neutron.wsgi [None req-20a4a43f-bbc8-443c-b4e7-5c608c723533 3076fd28e53b4ab9a85ec6285ca02c30 e00495aa05a14c73b008c0b3bf03c311 - - default default] 10.0.0.248 "GET /v2.0/routers/0247fdfa-38b1-44f9-b22a-0580fc860daf HTTP/1.1" status: 200 len: 662 time: 0.0608335
2026-07-02 11:17:08.708 9 INFO neutron.db.ovn_revision_numbers_db [None req-f879b8ab-9be9-4656-a4ff-04fca058d6ba 3076fd28e53b4ab9a85ec6285ca02c30 e00495aa05a14c73b008c0b3bf03c311 - - default default] Successfully bumped revision number for resource 0247fdfa-38b1-44f9-b22a-0580fc860daf (type: routers) to 2
2026-07-02 11:17:08.712 9 INFO neutron.wsgi [None req-f879b8ab-9be9-4656-a4ff-04fca058d6ba 3076fd28e53b4ab9a85ec6285ca02c30 e00495aa05a14c73b008c0b3bf03c311 - - default default] 10.0.0.248 "PUT /v2.0/routers/0247fdfa-38b1-44f9-b22a-0580fc860daf HTTP/1.1" status: 200 len: 662 time: 0.4880450
2026-07-02 11:17:08.737 9 INFO neutron.wsgi [None req-bb07df31-2f25-4ca5-bb69-e16e889c217e 3076fd28e53b4ab9a85ec6285ca02c30 e00495aa05a14c73b008c0b3bf03c311 - - default default] 10.0.0.248 "GET /v2.0/ports?device_id=0247fdfa-38b1-44f9-b22a-0580fc860daf HTTP/1.1" status: 200 len: 205 time: 0.0191073
2026-07-02 11:17:08.968 9 INFO neutron.wsgi [None req-3daca109-d8a9-4669-b4f2-2afaf7e1bdb4 3076fd28e53b4ab9a85ec6285ca02c30 e00495aa05a14c73b008c0b3bf03c311 - - default default] 10.0.0.248 "DELETE /v2.0/routers/0247fdfa-38b1-44f9-b22a-0580fc860daf HTTP/1.1" status: 204 len: 168 time: 0.2239316
2026-07-02 11:17:09.014 9 INFO neutron.wsgi [None req-afd3e477-d9cb-4f8a-96d2-a7cec60cc299 3076fd28e53b4ab9a85ec6285ca02c30 e00495aa05a14c73b008c0b3bf03c311 - - default default] 10.0.0.248 "GET /v2.0/routers/c373f003-5c7b-41c5-8346-131af363b150 HTTP/1.1" status: 200 len: 655 time: 0.0409346
2026-07-02 11:17:09.654 9 INFO neutron.wsgi [None req-4b75cef0-9349-46b3-81cb-9b12bce3745e 3076fd28e53b4ab9a85ec6285ca02c30 e00495aa05a14c73b008c0b3bf03c311 - - default default] 10.0.0.248 "PUT /v2.0/routers/c373f003-5c7b-41c5-8346-131af363b150 HTTP/1.1" status: 200 len: 655 time: 0.6356540
2026-07-02 11:17:09.681 9 INFO neutron.wsgi [None req-67285300-f07a-468a-8f67-3baebe52a962 3076fd28e53b4ab9a85ec6285ca02c30 e00495aa05a14c73b008c0b3bf03c311 - - default default] 10.0.0.248 "GET /v2.0/ports?device_id=c373f003-5c7b-41c5-8346-131af363b150 HTTP/1.1" status: 200 len: 205 time: 0.0207639
2026-07-02 11:17:09.878 9 INFO neutron.wsgi [None req-5af2eb7f-be0d-4e99-afb4-0d766bc7f5b3 3076fd28e53b4ab9a85ec6285ca02c30 e00495aa05a14c73b008c0b3bf03c311 - - default default] 10.0.0.248 "DELETE /v2.0/routers/c373f003-5c7b-41c5-8346-131af363b150 HTTP/1.1" status: 204 len: 168 time: 0.1924767
2026-07-02 11:17:10.762 10 INFO neutron.db.ovn_revision_numbers_db [None req-07a8a684-e3bd-4c88-bb9f-b9ace2586a32 77240ad744294c35b7ae80100fc78dbe 0a98d02fb3d8404a862651be04768bd5 - - default default] Successfully bumped revision number for resource 738f9bb1-8370-4f3e-9cbd-0bf54daf404d (type: security_groups) to 1
2026-07-02 11:17:10.779 10 INFO neutron.db.ovn_revision_numbers_db [None req-07a8a684-e3bd-4c88-bb9f-b9ace2586a32 77240ad744294c35b7ae80100fc78dbe 0a98d02fb3d8404a862651be04768bd5 - - default default] Successfully bumped revision number for resource 1b64fb2b-0372-4d4a-ab8e-43fe438d729c (type: security_group_rules) to 0
2026-07-02 11:17:10.794 10 INFO neutron.db.ovn_revision_numbers_db [None req-07a8a684-e3bd-4c88-bb9f-b9ace2586a32 77240ad744294c35b7ae80100fc78dbe 0a98d02fb3d8404a862651be04768bd5 - - default default] Successfully bumped revision number for resource 20590d70-180d-4790-902d-e833a4019e93 (type: security_group_rules) to 0
2026-07-02 11:17:10.811 10 INFO neutron.db.ovn_revision_numbers_db [None req-07a8a684-e3bd-4c88-bb9f-b9ace2586a32 77240ad744294c35b7ae80100fc78dbe 0a98d02fb3d8404a862651be04768bd5 - - default default] Successfully bumped revision number for resource 5988146c-d4a6-4bce-8af7-5bfbc3ac02b0 (type: security_group_rules) to 0
2026-07-02 11:17:10.825 10 INFO neutron.db.ovn_revision_numbers_db [None req-07a8a684-e3bd-4c88-bb9f-b9ace2586a32 77240ad744294c35b7ae80100fc78dbe 0a98d02fb3d8404a862651be04768bd5 - - default default] Successfully bumped revision number for resource b8afab53-0afd-4889-843a-9eb60309376d (type: security_group_rules) to 0
2026-07-02 11:17:10.847 10 INFO neutron.wsgi [None req-07a8a684-e3bd-4c88-bb9f-b9ace2586a32 77240ad744294c35b7ae80100fc78dbe 0a98d02fb3d8404a862651be04768bd5 - - default default] 10.0.0.248 "GET /v2.0/security-groups?tenant_id=8dc87739306f45e0bf46690f975a48d1&name=default HTTP/1.1" status: 200 len: 2996 time: 0.4168937
2026-07-02 11:17:11.002 9 INFO neutron.db.ovn_revision_numbers_db [None req-54b1574f-dc08-4cde-b0b9-38cae84248ff 77240ad744294c35b7ae80100fc78dbe 0a98d02fb3d8404a862651be04768bd5 - - default default] Successfully bumped revision number for resource 028b6bd8-322b-4431-8631-df0d05c1c372 (type: security_groups) to 1
2026-07-02 11:17:11.017 9 INFO neutron.db.ovn_revision_numbers_db [None req-54b1574f-dc08-4cde-b0b9-38cae84248ff 77240ad744294c35b7ae80100fc78dbe 0a98d02fb3d8404a862651be04768bd5 - - default default] Successfully bumped revision number for resource 39f86247-f62e-4021-953d-a592e08ff540 (type: security_group_rules) to 0
2026-07-02 11:17:11.033 9 INFO neutron.db.ovn_revision_numbers_db [None req-54b1574f-dc08-4cde-b0b9-38cae84248ff 77240ad744294c35b7ae80100fc78dbe 0a98d02fb3d8404a862651be04768bd5 - - default default] Successfully bumped revision number for resource 6a7cd7ee-3335-4370-bddf-8543e3335383 (type: security_group_rules) to 0
2026-07-02 11:17:11.047 9 INFO neutron.db.ovn_revision_numbers_db [None req-54b1574f-dc08-4cde-b0b9-38cae84248ff 77240ad744294c35b7ae80100fc78dbe 0a98d02fb3d8404a862651be04768bd5 - - default default] Successfully bumped revision number for resource b1e11605-f480-4ccd-940e-1d4ad4caeb67 (type: security_group_rules) to 0
2026-07-02 11:17:11.063 9 INFO neutron.db.ovn_revision_numbers_db [None req-54b1574f-dc08-4cde-b0b9-38cae84248ff 77240ad744294c35b7ae80100fc78dbe 0a98d02fb3d8404a862651be04768bd5 - - default default] Successfully bumped revision number for resource d4ca9925-4173-4008-bb25-e74e1f0f1b3a (type: security_group_rules) to 0
2026-07-02 11:17:11.066 10 INFO neutron.wsgi [None req-8e5169d7-6b8e-446f-a8cd-3d38aad32a83 77240ad744294c35b7ae80100fc78dbe 0a98d02fb3d8404a862651be04768bd5 - - default default] 10.0.0.248 "DELETE /v2.0/security-groups/738f9bb1-8370-4f3e-9cbd-0bf54daf404d HTTP/1.1" status: 204 len: 168 time: 0.2140381
2026-07-02 11:17:11.093 9 INFO neutron.wsgi [None req-54b1574f-dc08-4cde-b0b9-38cae84248ff 77240ad744294c35b7ae80100fc78dbe 0a98d02fb3d8404a862651be04768bd5 - - default default] 10.0.0.248 "GET /v2.0/security-groups?tenant_id=59daf37369884ad3ad2ad4a9273b75f9&name=default HTTP/1.1" status: 200 len: 2996 time: 0.3075657
2026-07-02 11:17:11.325 10 INFO neutron.wsgi [None req-94216e44-29a3-423b-bec9-4ba9065978a8 77240ad744294c35b7ae80100fc78dbe 0a98d02fb3d8404a862651be04768bd5 - - default default] 10.0.0.248 "DELETE /v2.0/security-groups/028b6bd8-322b-4431-8631-df0d05c1c372 HTTP/1.1" status: 204 len: 168 time: 0.2212908
2026-07-02 11:17:11.618 9 INFO neutron.db.ovn_revision_numbers_db [None req-7dbc5fde-8581-472c-b88a-1844a5a8425c 77240ad744294c35b7ae80100fc78dbe 0a98d02fb3d8404a862651be04768bd5 - - default default] Successfully bumped revision number for resource 45439810-394f-4e1c-8a41-8a973c7ce6d7 (type: security_groups) to 1
2026-07-02 11:17:11.634 9 INFO neutron.db.ovn_revision_numbers_db [None req-7dbc5fde-8581-472c-b88a-1844a5a8425c 77240ad744294c35b7ae80100fc78dbe 0a98d02fb3d8404a862651be04768bd5 - - default default] Successfully bumped revision number for resource 060c2694-5aa7-4aa7-901d-e5f5531c555a (type: security_group_rules) to 0
2026-07-02 11:17:11.649 9 INFO neutron.db.ovn_revision_numbers_db [None req-7dbc5fde-8581-472c-b88a-1844a5a8425c 77240ad744294c35b7ae80100fc78dbe 0a98d02fb3d8404a862651be04768bd5 - - default default] Successfully bumped revision number for resource 257bfa3e-0856-4490-9c9c-401d6b274a8d (type: security_group_rules) to 0
2026-07-02 11:17:11.667 9 INFO neutron.db.ovn_revision_numbers_db [None req-7dbc5fde-8581-472c-b88a-1844a5a8425c 77240ad744294c35b7ae80100fc78dbe 0a98d02fb3d8404a862651be04768bd5 - - default default] Successfully bumped revision number for resource 7fe2934e-abfe-407a-bb50-cd04eae04fe0 (type: security_group_rules) to 0
2026-07-02 11:17:11.683 9 INFO neutron.db.ovn_revision_numbers_db [None req-7dbc5fde-8581-472c-b88a-1844a5a8425c 77240ad744294c35b7ae80100fc78dbe 0a98d02fb3d8404a862651be04768bd5 - - default default] Successfully bumped revision number for resource 98749f51-baa0-46f9-8ce4-ad6d35c70a7b (type: security_group_rules) to 0
2026-07-02 11:17:11.709 9 INFO neutron.wsgi [None req-7dbc5fde-8581-472c-b88a-1844a5a8425c 77240ad744294c35b7ae80100fc78dbe 0a98d02fb3d8404a862651be04768bd5 - - default default] 10.0.0.248 "GET /v2.0/security-groups?tenant_id=3eef7b59525a48658b153f09827399da&name=default HTTP/1.1" status: 200 len: 2996 time: 0.2176030
2026-07-02 11:17:11.943 9 INFO neutron.wsgi [None req-1cd6d345-43c2-410b-8a6d-756d46bb0a33 77240ad744294c35b7ae80100fc78dbe 0a98d02fb3d8404a862651be04768bd5 - - default default] 10.0.0.248 "DELETE /v2.0/security-groups/45439810-394f-4e1c-8a41-8a973c7ce6d7 HTTP/1.1" status: 204 len: 168 time: 0.2292752
2026-07-02 11:17:12.202 10 INFO neutron.wsgi [req-72b88c91-db34-44b9-83db-800d0ba5fc27 req-6a7b0cda-4ff5-4a96-bf46-bb4ad5ece834 feda5f226fe945d18444e62ae0085ec8 5f2a364117124c3aaa01a8e2ac111348 - - default default] 10.0.0.229 "GET /v2.0/ports?device_id=d82dd747-8107-48c3-b66a-dea8abd9585c HTTP/1.1" status: 200 len: 1210 time: 0.1169503
2026-07-02 11:17:12.252 9 INFO neutron.db.ovn_revision_numbers_db [None req-cc31d739-b046-4b1b-a3e3-c84e9bbd4f23 77240ad744294c35b7ae80100fc78dbe 0a98d02fb3d8404a862651be04768bd5 - - default default] Successfully bumped revision number for resource c7687eac-a06c-49e2-a14e-0f3f6c2bf398 (type: security_groups) to 1
2026-07-02 11:17:12.264 10 INFO neutron.wsgi [req-72b88c91-db34-44b9-83db-800d0ba5fc27 req-32a4baad-7fe3-4a73-b702-c2b60465273f feda5f226fe945d18444e62ae0085ec8 5f2a364117124c3aaa01a8e2ac111348 - - default default] 10.0.0.229 "GET /v2.0/security-groups?id=2aa8c110-857d-4c73-bb58-1516dddd3e1d&id=9c882c90-2b76-445c-9d91-fc6e3b0420db&fields=id&fields=name HTTP/1.1" status: 200 len: 404 time: 0.0537021
2026-07-02 11:17:12.269 9 INFO neutron.db.ovn_revision_numbers_db [None req-cc31d739-b046-4b1b-a3e3-c84e9bbd4f23 77240ad744294c35b7ae80100fc78dbe 0a98d02fb3d8404a862651be04768bd5 - - default default] Successfully bumped revision number for resource 45c42ebe-f044-4a74-a2f0-4aec2357ec81 (type: security_group_rules) to 0
2026-07-02 11:17:12.292 9 INFO neutron.db.ovn_revision_numbers_db [None req-cc31d739-b046-4b1b-a3e3-c84e9bbd4f23 77240ad744294c35b7ae80100fc78dbe 0a98d02fb3d8404a862651be04768bd5 - - default default] Successfully bumped revision number for resource 518550d8-2a82-45bd-9b24-3433c01f0455 (type: security_group_rules) to 0
2026-07-02 11:17:12.313 9 INFO neutron.db.ovn_revision_numbers_db [None req-cc31d739-b046-4b1b-a3e3-c84e9bbd4f23 77240ad744294c35b7ae80100fc78dbe 0a98d02fb3d8404a862651be04768bd5 - - default default] Successfully bumped revision number for resource 82c8b5fd-dd66-4ab6-973a-e4f887716fab (type: security_group_rules) to 0
2026-07-02 11:17:12.329 9 INFO neutron.db.ovn_revision_numbers_db [None req-cc31d739-b046-4b1b-a3e3-c84e9bbd4f23 77240ad744294c35b7ae80100fc78dbe 0a98d02fb3d8404a862651be04768bd5 - - default default] Successfully bumped revision number for resource 88d244d0-3f98-4921-b796-cbc63066f0a9 (type: security_group_rules) to 0
2026-07-02 11:17:12.351 9 INFO neutron.wsgi [None req-cc31d739-b046-4b1b-a3e3-c84e9bbd4f23 77240ad744294c35b7ae80100fc78dbe 0a98d02fb3d8404a862651be04768bd5 - - default default] 10.0.0.248 "GET /v2.0/security-groups?tenant_id=e00495aa05a14c73b008c0b3bf03c311&name=default HTTP/1.1" status: 200 len: 2996 time: 0.2270641
2026-07-02 11:17:12.572 9 INFO neutron.wsgi [None req-600a0b09-ea39-48b0-83e4-cfda014454b5 77240ad744294c35b7ae80100fc78dbe 0a98d02fb3d8404a862651be04768bd5 - - default default] 10.0.0.248 "DELETE /v2.0/security-groups/c7687eac-a06c-49e2-a14e-0f3f6c2bf398 HTTP/1.1" status: 204 len: 168 time: 0.2129776
2026-07-02 11:17:12.572 10 INFO neutron.wsgi [None req-8dc8f0ef-9065-4ef5-86e9-e4e69c054f5f 861ff89f7cfb48859a0ad75a30e68120 df3ddb6afdd043f4a4b74cf07915c532 - - default default] 10.0.0.248 "GET /v2.0/ports?device_id=d82dd747-8107-48c3-b66a-dea8abd9585c HTTP/1.1" status: 200 len: 1443 time: 0.2780735
2026-07-02 11:17:12.637 10 INFO neutron.wsgi [None req-ee253b69-56a7-493a-984e-a17f266636ed feda5f226fe945d18444e62ae0085ec8 5f2a364117124c3aaa01a8e2ac111348 - - default default] 10.0.0.248 "GET /v2.0/floatingips?floating_network_id=8ee51cf5-5613-4fd9-a1a5-7a52d1319abd&port_id=386d251e-c79a-4b29-98b1-abe79382dbfd HTTP/1.1" status: 200 len: 1054 time: 0.0604866
2026-07-02 11:17:12.866 10 INFO neutron.wsgi [req-666659b8-c3a4-4847-b712-ea74a63a725d req-a7f9b38d-d411-4689-a700-b05ceb5496e3 c009b804a6574fc1a3e7663aadd95622 a1e5a7691a304189972788d916dfc909 - - 7e6cee0005ce4cdbbd56e806f4693548 7e6cee0005ce4cdbbd56e806f4693548] 10.0.0.47 "GET /v2.0/ports?device_id=d82dd747-8107-48c3-b66a-dea8abd9585c HTTP/1.1" status: 200 len: 1448 time: 0.0347414
2026-07-02 11:17:12.924 10 INFO neutron.wsgi [req-666659b8-c3a4-4847-b712-ea74a63a725d req-0a0cc13d-97b1-4c72-a092-6f31530078f9 c009b804a6574fc1a3e7663aadd95622 a1e5a7691a304189972788d916dfc909 - - 7e6cee0005ce4cdbbd56e806f4693548 7e6cee0005ce4cdbbd56e806f4693548] 10.0.0.47 "GET /v2.0/security-groups?id=2aa8c110-857d-4c73-bb58-1516dddd3e1d&id=9c882c90-2b76-445c-9d91-fc6e3b0420db&fields=id&fields=name HTTP/1.1" status: 200 len: 404 time: 0.0462716
2026-07-02 11:17:13.635 10 INFO neutron.wsgi [-] 10.0.0.201 "GET / HTTP/1.1" status: 200 len: 247 time: 0.0015481
2026-07-02 11:17:13.636 10 INFO neutron.wsgi [-] 10.0.0.201 "GET / HTTP/1.1" status: 200 len: 247 time: 0.0009854
2026-07-02 11:17:14.966 10 INFO neutron.wsgi [req-cff4408e-3b72-4a4a-a349-efb2ba1aceeb req-e9fd5c30-5c0c-4bb3-844e-0da9db3afdef feda5f226fe945d18444e62ae0085ec8 5f2a364117124c3aaa01a8e2ac111348 - - default default] 10.0.0.229 "GET /v2.0/ports?device_id=d82dd747-8107-48c3-b66a-dea8abd9585c HTTP/1.1" status: 200 len: 1210 time: 0.0531487
2026-07-02 11:17:14.990 10 INFO neutron.plugins.ml2.drivers.ovn.mech_driver.mech_driver [None req-763d87c8-6bdf-4eba-92f2-49be3e009292 - - - - - -] OVN reports status down for port: 386d251e-c79a-4b29-98b1-abe79382dbfd
2026-07-02 11:17:15.057 10 INFO neutron.wsgi [req-cff4408e-3b72-4a4a-a349-efb2ba1aceeb req-6297ee15-8b52-44e9-8247-d7482fb72898 feda5f226fe945d18444e62ae0085ec8 5f2a364117124c3aaa01a8e2ac111348 - - default default] 10.0.0.229 "GET /v2.0/security-groups?id=2aa8c110-857d-4c73-bb58-1516dddd3e1d&id=9c882c90-2b76-445c-9d91-fc6e3b0420db&fields=id&fields=name HTTP/1.1" status: 200 len: 404 time: 0.0824213
2026-07-02 11:17:15.184 10 INFO neutron.notifiers.nova [-] Nova event matching ['req-7cb85cdc-6fb7-4542-bb48-e1198e4d0bcb'] response: {'server_uuid': 'd82dd747-8107-48c3-b66a-dea8abd9585c', 'name': 'network-vif-unplugged', 'status': 'completed', 'tag': '386d251e-c79a-4b29-98b1-abe79382dbfd', 'code': 200}
2026-07-02 11:17:15.315 10 INFO neutron.wsgi [req-7e2eec50-d3f8-4c39-841b-61fd726959bb req-513ef644-eb8f-4397-8e0a-925305239d06 feda5f226fe945d18444e62ae0085ec8 5f2a364117124c3aaa01a8e2ac111348 - - default default] 199.19.213.63 "GET /v2.0/ports?device_id=d82dd747-8107-48c3-b66a-dea8abd9585c HTTP/1.1" status: 200 len: 1208 time: 0.0493801
2026-07-02 11:17:15.424 10 INFO neutron.db.ovn_revision_numbers_db [None req-763d87c8-6bdf-4eba-92f2-49be3e009292 - - - - - -] Successfully bumped revision number for resource 386d251e-c79a-4b29-98b1-abe79382dbfd (type: ports) to 5
2026-07-02 11:17:15.694 10 INFO neutron.db.l3_db [req-7e2eec50-d3f8-4c39-841b-61fd726959bb req-e4121b32-1b11-43d6-a1d8-d2f9abffe8c3 feda5f226fe945d18444e62ae0085ec8 5f2a364117124c3aaa01a8e2ac111348 - - default default] Floating IP 63c5e3bc-3f35-490a-9e47-f9057d74edd6 disassociated. External IP: 10.96.250.213, port: 386d251e-c79a-4b29-98b1-abe79382dbfd.
2026-07-02 11:17:15.878 10 INFO neutron.wsgi [req-7e2eec50-d3f8-4c39-841b-61fd726959bb req-e4121b32-1b11-43d6-a1d8-d2f9abffe8c3 feda5f226fe945d18444e62ae0085ec8 5f2a364117124c3aaa01a8e2ac111348 - - default default] 199.19.213.63 "DELETE /v2.0/ports/386d251e-c79a-4b29-98b1-abe79382dbfd HTTP/1.1" status: 204 len: 173 time: 0.5395017 /var/lib/openstack/lib/python3.10/site-packages/pycadf/identifier.py:71: UserWarning: Invalid uuid: neutron. To ensure interoperability, identifiers should be a valid uuid. warnings.warn(('Invalid uuid: %s. To ensure interoperability, ' /var/lib/openstack/lib/python3.10/site-packages/pycadf/identifier.py:71: UserWarning: Invalid uuid: neutron. To ensure interoperability, identifiers should be a valid uuid. warnings.warn(('Invalid uuid: %s. To ensure interoperability, '
2026-07-02 11:17:16.170 10 INFO neutron.wsgi [req-6d14c98c-9103-4594-a155-c3853fdf2c2e req-860cfbc4-6dc6-4e2d-aa82-01aac518b035 feda5f226fe945d18444e62ae0085ec8 5f2a364117124c3aaa01a8e2ac111348 - - default default] 10.0.0.229 "GET /v2.0/ports?device_id=d82dd747-8107-48c3-b66a-dea8abd9585c HTTP/1.1" status: 200 len: 210 time: 0.0231786
2026-07-02 11:17:16.340 9 INFO neutron.db.ovn_revision_numbers_db [None req-0f5693ed-ca11-4280-a9e0-fe0291db1ba7 77240ad744294c35b7ae80100fc78dbe 0a98d02fb3d8404a862651be04768bd5 - - default default] Successfully bumped revision number for resource 417733dc-d55f-471e-8134-d29088f271d6 (type: security_groups) to 1
2026-07-02 11:17:16.359 9 INFO neutron.db.ovn_revision_numbers_db [None req-0f5693ed-ca11-4280-a9e0-fe0291db1ba7 77240ad744294c35b7ae80100fc78dbe 0a98d02fb3d8404a862651be04768bd5 - - default default] Successfully bumped revision number for resource 2a2e04fb-d968-4069-8a4e-5fb3667b211d (type: security_group_rules) to 0
2026-07-02 11:17:16.383 9 INFO neutron.db.ovn_revision_numbers_db [None req-0f5693ed-ca11-4280-a9e0-fe0291db1ba7 77240ad744294c35b7ae80100fc78dbe 0a98d02fb3d8404a862651be04768bd5 - - default default] Successfully bumped revision number for resource 31a8ae85-cc24-4cf7-b0f0-25ecfe9abf8e (type: security_group_rules) to 0
2026-07-02 11:17:16.401 9 INFO neutron.db.ovn_revision_numbers_db [None req-0f5693ed-ca11-4280-a9e0-fe0291db1ba7 77240ad744294c35b7ae80100fc78dbe 0a98d02fb3d8404a862651be04768bd5 - - default default] Successfully bumped revision number for resource f0c1a1c7-5beb-42d0-9759-637d0d74fdf8 (type: security_group_rules) to 0
2026-07-02 11:17:16.428 9 INFO neutron.db.ovn_revision_numbers_db [None req-0f5693ed-ca11-4280-a9e0-fe0291db1ba7 77240ad744294c35b7ae80100fc78dbe 0a98d02fb3d8404a862651be04768bd5 - - default default] Successfully bumped revision number for resource f1f3e5d9-3202-479a-8a9f-6eb714ecc7a0 (type: security_group_rules) to 0
2026-07-02 11:17:16.463 9 INFO neutron.wsgi [None req-0f5693ed-ca11-4280-a9e0-fe0291db1ba7 77240ad744294c35b7ae80100fc78dbe 0a98d02fb3d8404a862651be04768bd5 - - default default] 10.0.0.248 "GET /v2.0/security-groups?tenant_id=1274882f0ab84ec0af00cf02f776b997&name=default HTTP/1.1" status: 200 len: 2996 time: 0.4682348
2026-07-02 11:17:16.505 10 INFO neutron.wsgi [req-a4f3e708-bbb6-4224-b568-d17041672cb1 req-7c9bf1bb-928c-4698-8d4b-08b5208cdb3d c009b804a6574fc1a3e7663aadd95622 a1e5a7691a304189972788d916dfc909 - - 7e6cee0005ce4cdbbd56e806f4693548 7e6cee0005ce4cdbbd56e806f4693548] 10.0.0.47 "GET /v2.0/ports?device_id=f08837d3-71a9-444d-8de6-dcf3d07d8571 HTTP/1.1" status: 200 len: 1413 time: 0.0388362
2026-07-02 11:17:16.558 10 INFO neutron.wsgi [req-a4f3e708-bbb6-4224-b568-d17041672cb1 req-2242a590-825e-436e-b2d0-e91e0748b25a c009b804a6574fc1a3e7663aadd95622 a1e5a7691a304189972788d916dfc909 - - 7e6cee0005ce4cdbbd56e806f4693548 7e6cee0005ce4cdbbd56e806f4693548] 10.0.0.47 "GET /v2.0/security-groups?id=e5f7d074-7db2-4816-b7ea-1ca04b4e273a&fields=id&fields=name HTTP/1.1" status: 200 len: 312 time: 0.0471799
2026-07-02 11:17:16.561 9 WARNING neutron.scheduler.dhcp_agent_scheduler [None req-843663a8-689a-4ac5-843f-f5597c9381ab 7eb28a68814948059f1b782b2b25052d c45fe504763b415ba058dc39b79e42ed - - default default] No more DHCP agents
2026-07-02 11:17:16.567 9 WARNING neutron.api.rpc.agentnotifiers.dhcp_rpc_agent_api [None req-843663a8-689a-4ac5-843f-f5597c9381ab 7eb28a68814948059f1b782b2b25052d c45fe504763b415ba058dc39b79e42ed - - default default] Unable to schedule network 8ee51cf5-5613-4fd9-a1a5-7a52d1319abd: no agents available; will retry on subsequent port and subnet creation events.
2026-07-02 11:17:16.796 9 INFO neutron.wsgi [None req-b32fcf49-ba5a-4849-a78e-a700157b8696 77240ad744294c35b7ae80100fc78dbe 0a98d02fb3d8404a862651be04768bd5 - - default default] 10.0.0.248 "DELETE /v2.0/security-groups/417733dc-d55f-471e-8134-d29088f271d6 HTTP/1.1" status: 204 len: 168 time: 0.3276470
2026-07-02 11:17:16.993 9 INFO neutron.db.ovn_revision_numbers_db [None req-843663a8-689a-4ac5-843f-f5597c9381ab 7eb28a68814948059f1b782b2b25052d c45fe504763b415ba058dc39b79e42ed - - default default] Successfully bumped revision number for resource f368591d-9978-49d5-a7d5-467655caef3d (type: floatingips) to 0
2026-07-02 11:17:17.008 9 INFO neutron.wsgi [None req-843663a8-689a-4ac5-843f-f5597c9381ab 7eb28a68814948059f1b782b2b25052d c45fe504763b415ba058dc39b79e42ed - - default default] 10.0.0.248 "POST /v2.0/floatingips HTTP/1.1" status: 201 len: 751 time: 0.9626298
2026-07-02 11:17:17.065 10 INFO neutron.wsgi [None req-48319bfe-66d4-46a1-bbfb-c680e947691c 7eb28a68814948059f1b782b2b25052d c45fe504763b415ba058dc39b79e42ed - - default default] 10.0.0.248 "PUT /v2.0/floatingips/f368591d-9978-49d5-a7d5-467655caef3d/tags HTTP/1.1" status: 200 len: 218 time: 0.0504160
2026-07-02 11:17:17.108 10 INFO neutron.wsgi [None req-68a41263-fe7e-4d0e-8b29-121e43e70950 7eb28a68814948059f1b782b2b25052d c45fe504763b415ba058dc39b79e42ed - - default default] 10.0.0.248 "GET /v2.0/floatingips/f368591d-9978-49d5-a7d5-467655caef3d/tags HTTP/1.1" status: 200 len: 218 time: 0.0339475
2026-07-02 11:17:17.177 10 INFO neutron.wsgi [None req-ac2a467c-9d16-4544-9488-1d4b3e78b0da 7eb28a68814948059f1b782b2b25052d c45fe504763b415ba058dc39b79e42ed - - default default] 10.0.0.248 "PUT /v2.0/floatingips/f368591d-9978-49d5-a7d5-467655caef3d/tags/green HTTP/1.1" status: 201 len: 201 time: 0.0605502
2026-07-02 11:17:17.222 10 INFO neutron.wsgi [None req-f618510e-33db-4a25-8d0d-8cf22be45e4f 7eb28a68814948059f1b782b2b25052d c45fe504763b415ba058dc39b79e42ed - - default default] 10.0.0.248 "GET /v2.0/floatingips/f368591d-9978-49d5-a7d5-467655caef3d/tags HTTP/1.1" status: 200 len: 227 time: 0.0276003
2026-07-02 11:17:17.243 10 INFO neutron.notifiers.nova [-] Nova event matching ['req-b68a2fe0-3283-49a8-bdb3-0fe5a7b999a5'] response: {'server_uuid': 'd82dd747-8107-48c3-b66a-dea8abd9585c', 'name': 'network-vif-plugged', 'status': 'completed', 'tag': '386d251e-c79a-4b29-98b1-abe79382dbfd', 'code': 200}
2026-07-02 11:17:17.245 10 INFO neutron.notifiers.nova [-] Nova event matching ['req-b68a2fe0-3283-49a8-bdb3-0fe5a7b999a5'] response: {'server_uuid': 'd82dd747-8107-48c3-b66a-dea8abd9585c', 'name': 'network-vif-deleted', 'tag': '386d251e-c79a-4b29-98b1-abe79382dbfd', 'status': 'completed', 'code': 200}
2026-07-02 11:17:17.264 10 INFO neutron.wsgi [None req-267618c3-3681-471b-bace-348479cbd3c4 7eb28a68814948059f1b782b2b25052d c45fe504763b415ba058dc39b79e42ed - - default default] 10.0.0.248 "PUT /v2.0/floatingips/f368591d-9978-49d5-a7d5-467655caef3d/tags/red HTTP/1.1" status: 201 len: 201 time: 0.0302153
2026-07-02 11:17:17.296 10 INFO neutron.wsgi [None req-73b2319b-df6b-4389-b808-615a1db1fea2 7eb28a68814948059f1b782b2b25052d c45fe504763b415ba058dc39b79e42ed - - default default] 10.0.0.248 "GET /v2.0/floatingips/f368591d-9978-49d5-a7d5-467655caef3d/tags HTTP/1.1" status: 200 len: 227 time: 0.0273347
2026-07-02 11:17:17.348 10 INFO neutron.wsgi [None req-45d13dd4-06f6-4bd9-b1a7-6cfe0a7dd5f6 7eb28a68814948059f1b782b2b25052d c45fe504763b415ba058dc39b79e42ed - - default default] 10.0.0.248 "PUT /v2.0/floatingips/f368591d-9978-49d5-a7d5-467655caef3d/tags/black.or.white HTTP/1.1" status: 201 len: 201 time: 0.0465648
2026-07-02 11:17:17.393 9 INFO neutron.wsgi [None req-b1cd38e2-7f4e-46e5-b6e5-507a91688dea 7eb28a68814948059f1b782b2b25052d c45fe504763b415ba058dc39b79e42ed - - default default] 10.0.0.248 "GET /v2.0/floatingips/f368591d-9978-49d5-a7d5-467655caef3d/tags HTTP/1.1" status: 200 len: 245 time: 0.0416927
2026-07-02 11:17:17.436 9 INFO neutron.wsgi [None req-9a491eb1-8620-4e4a-adc5-9037474f8d40 7eb28a68814948059f1b782b2b25052d c45fe504763b415ba058dc39b79e42ed - - default default] 10.0.0.248 "PUT /v2.0/floatingips/f368591d-9978-49d5-a7d5-467655caef3d/tags HTTP/1.1" status: 200 len: 230 time: 0.0388780
2026-07-02 11:17:17.488 9 INFO neutron.wsgi [None req-fe91171e-2636-496c-9899-2d536d1ed32b 7eb28a68814948059f1b782b2b25052d c45fe504763b415ba058dc39b79e42ed - - default default] 10.0.0.248 "GET /v2.0/floatingips/f368591d-9978-49d5-a7d5-467655caef3d/tags HTTP/1.1" status: 200 len: 230 time: 0.0463226
2026-07-02 11:17:17.493 10 INFO neutron.wsgi [None req-42ab36ab-efb8-427e-943d-40e099dbd498 feda5f226fe945d18444e62ae0085ec8 5f2a364117124c3aaa01a8e2ac111348 - - default default] 10.0.0.248 "DELETE /v2.0/security-groups/9c882c90-2b76-445c-9d91-fc6e3b0420db HTTP/1.1" status: 204 len: 168 time: 0.1549904
2026-07-02 11:17:17.512 10 INFO neutron.api.v2.resource [None req-c4fb72c7-a1f7-48c6-8210-d0338225badd feda5f226fe945d18444e62ae0085ec8 5f2a364117124c3aaa01a8e2ac111348 - - default default] show failed (client error): The resource could not be found.
2026-07-02 11:17:17.515 10 INFO neutron.wsgi [None req-c4fb72c7-a1f7-48c6-8210-d0338225badd feda5f226fe945d18444e62ae0085ec8 5f2a364117124c3aaa01a8e2ac111348 - - default default] 10.0.0.248 "GET /v2.0/security-groups/9c882c90-2b76-445c-9d91-fc6e3b0420db HTTP/1.1" status: 404 len: 347 time: 0.0162652
2026-07-02 11:17:17.533 9 INFO neutron.wsgi [None req-9afe6390-9f68-400f-8125-aeb881c608fe 7eb28a68814948059f1b782b2b25052d c45fe504763b415ba058dc39b79e42ed - - default default] 10.0.0.248 "GET /v2.0/floatingips/f368591d-9978-49d5-a7d5-467655caef3d/tags/red HTTP/1.1" status: 204 len: 168 time: 0.0395093
2026-07-02 11:17:17.555 9 INFO neutron.api.v2.resource [None req-137610a1-8687-4288-b2cf-a74efeadf893 7eb28a68814948059f1b782b2b25052d c45fe504763b415ba058dc39b79e42ed - - default default] show failed (client error): The resource could not be found.
2026-07-02 11:17:17.556 9 INFO neutron.wsgi [None req-137610a1-8687-4288-b2cf-a74efeadf893 7eb28a68814948059f1b782b2b25052d c45fe504763b415ba058dc39b79e42ed - - default default] 10.0.0.248 "GET /v2.0/floatingips/f368591d-9978-49d5-a7d5-467655caef3d/tags/green HTTP/1.1" status: 404 len: 299 time: 0.0205183
2026-07-02 11:17:17.585 10 INFO neutron.plugins.ml2.drivers.ovn.mech_driver.mech_driver [None req-763d87c8-6bdf-4eba-92f2-49be3e009292 - - - - - -] OVN reports status down for port: 92f90c68-f7d4-4883-b039-9a19334c8eae
2026-07-02 11:17:17.607 9 INFO neutron.wsgi [None req-3b9b4c5a-c8fb-41bb-80ce-eb5ca19cf56b 7eb28a68814948059f1b782b2b25052d c45fe504763b415ba058dc39b79e42ed - - default default] 10.0.0.248 "DELETE /v2.0/floatingips/f368591d-9978-49d5-a7d5-467655caef3d/tags/red HTTP/1.1" status: 204 len: 168 time: 0.0453694
2026-07-02 11:17:17.643 9 INFO neutron.wsgi [None req-8263d12e-d4d1-4967-b5fe-07e1254413fc 7eb28a68814948059f1b782b2b25052d c45fe504763b415ba058dc39b79e42ed - - default default] 10.0.0.248 "GET /v2.0/floatingips/f368591d-9978-49d5-a7d5-467655caef3d/tags HTTP/1.1" status: 200 len: 223 time: 0.0284743
2026-07-02 11:17:17.679 9 INFO neutron.api.v2.resource [None req-62681a83-ca1e-41ec-bf7e-608b783ffbb9 7eb28a68814948059f1b782b2b25052d c45fe504763b415ba058dc39b79e42ed - - default default] delete failed (client error): The resource could not be found.
2026-07-02 11:17:17.680 9 INFO neutron.wsgi [None req-62681a83-ca1e-41ec-bf7e-608b783ffbb9 7eb28a68814948059f1b782b2b25052d c45fe504763b415ba058dc39b79e42ed - - default default] 10.0.0.248 "DELETE /v2.0/floatingips/f368591d-9978-49d5-a7d5-467655caef3d/tags/green HTTP/1.1" status: 404 len: 299 time: 0.0325513
2026-07-02 11:17:17.690 10 INFO neutron.wsgi [req-d5ca53ed-7718-4227-bb65-62afd5474c1b req-eab18d2c-0ba4-47d3-9968-44f04594c8d3 a8bf2d62c31e45418f76d39fc9b68ef9 d98d35a1dab14b5e8d941d9a1ea8026d - - default default] 10.0.0.229 "GET /v2.0/ports?device_id=f08837d3-71a9-444d-8de6-dcf3d07d8571 HTTP/1.1" status: 200 len: 1174 time: 0.1512418
2026-07-02 11:17:17.740 9 INFO neutron.wsgi [None req-8eeab511-a310-4e39-b464-c1dae02c0996 7eb28a68814948059f1b782b2b25052d c45fe504763b415ba058dc39b79e42ed - - default default] 10.0.0.248 "DELETE /v2.0/floatingips/f368591d-9978-49d5-a7d5-467655caef3d/tags HTTP/1.1" status: 204 len: 168 time: 0.0558333
2026-07-02 11:17:17.777 9 INFO neutron.wsgi [None req-25f7371f-b8c7-4901-8cfe-f97eed87ff30 7eb28a68814948059f1b782b2b25052d c45fe504763b415ba058dc39b79e42ed - - default default] 10.0.0.248 "GET /v2.0/floatingips/f368591d-9978-49d5-a7d5-467655caef3d/tags HTTP/1.1" status: 200 len: 205 time: 0.0297019
2026-07-02 11:17:17.788 10 INFO neutron.wsgi [req-d5ca53ed-7718-4227-bb65-62afd5474c1b req-7667b425-4f58-4a6b-b9cd-c88c7bb37b70 a8bf2d62c31e45418f76d39fc9b68ef9 d98d35a1dab14b5e8d941d9a1ea8026d - - default default] 10.0.0.229 "GET /v2.0/security-groups?id=e5f7d074-7db2-4816-b7ea-1ca04b4e273a&fields=id&fields=name HTTP/1.1" status: 200 len: 312 time: 0.0889776
2026-07-02 11:17:17.908 10 INFO neutron.wsgi [req-c25b4020-335f-4a72-b266-c50603f6302c req-72de4f71-6fb2-40ac-ae05-6b1a886eb64c a8bf2d62c31e45418f76d39fc9b68ef9 d98d35a1dab14b5e8d941d9a1ea8026d - - default default] 199.19.213.63 "GET /v2.0/ports?device_id=f08837d3-71a9-444d-8de6-dcf3d07d8571 HTTP/1.1" status: 200 len: 1172 time: 0.0835028
2026-07-02 11:17:18.528 10 INFO neutron.db.ovn_revision_numbers_db [None req-763d87c8-6bdf-4eba-92f2-49be3e009292 - - - - - -] Successfully bumped revision number for resource 92f90c68-f7d4-4883-b039-9a19334c8eae (type: ports) to 5
2026-07-02 11:17:18.593 10 INFO neutron.wsgi [None req-851031e0-8fb2-4506-a560-b562a3ba8165 feda5f226fe945d18444e62ae0085ec8 5f2a364117124c3aaa01a8e2ac111348 - - default default] 10.0.0.248 "DELETE /v2.0/floatingips/63c5e3bc-3f35-490a-9e47-f9057d74edd6 HTTP/1.1" status: 204 len: 168 time: 1.0645058
2026-07-02 11:17:18.755 9 INFO neutron.wsgi [None req-9615513b-babe-4d83-9326-540a0692ee52 feda5f226fe945d18444e62ae0085ec8 5f2a364117124c3aaa01a8e2ac111348 - - default default] 10.0.0.248 "DELETE /v2.0/security-groups/2aa8c110-857d-4c73-bb58-1516dddd3e1d HTTP/1.1" status: 204 len: 168 time: 0.1572511
2026-07-02 11:17:18.787 10 INFO neutron.wsgi [None req-7fae6d88-a98e-4a89-a078-efd20ac1f947 7eb28a68814948059f1b782b2b25052d c45fe504763b415ba058dc39b79e42ed - - default default] 10.0.0.248 "DELETE /v2.0/floatingips/f368591d-9978-49d5-a7d5-467655caef3d HTTP/1.1" status: 204 len: 168 time: 1.0020587
