2026-07-02 11:15:20.129 9 INFO neutron.db.ovn_revision_numbers_db [None req-58fb8017-a9f9-47e3-b0f5-11b0629454b8 fee026d0183a4162b0400492f498c6fb 41658446b0424391ac95b599ac9eef1c - - default default] Successfully bumped revision number for resource f655c8c5-8a39-4ed2-9ae6-b8034a80b914 (type: security_group_rules) to 0
2026-07-02 11:15:20.170 10 INFO neutron.wsgi [None req-48026cd8-d85f-4bdd-9e7f-7415b11409e5 dcf404d32f1d4b2fb66b417914d8f1b4 391c0440525e4b50a32fc7c6059cf665 - - default default] 10.0.0.248 "GET /v2.0/ports/a8c14c4f-3dae-491c-995e-dd584ebe5cf0 HTTP/1.1" status: 200 len: 1149 time: 0.3543000
2026-07-02 11:15:20.190 9 INFO neutron.db.segments_db [None req-58fb8017-a9f9-47e3-b0f5-11b0629454b8 fee026d0183a4162b0400492f498c6fb 41658446b0424391ac95b599ac9eef1c - - default default] Added segment c703397c-3218-41f3-a91d-e3c53dcdb07d of type geneve for network a0f70207-1f50-4578-ad0f-21c99cc83c17
2026-07-02 11:15:20.266 10 INFO neutron.wsgi [None req-ebe2491b-7c0b-4a30-9117-1ece14dab7e5 77240ad744294c35b7ae80100fc78dbe 0a98d02fb3d8404a862651be04768bd5 - - default default] 10.0.0.248 "PUT /v2.0/routers/be35ddbe-d873-4f3d-8551-10442b9b3521/remove_router_interface HTTP/1.1" status: 200 len: 503 time: 1.5009372 /var/lib/openstack/lib/python3.10/site-packages/pycadf/identifier.py:71: UserWarning: Invalid uuid: neutron. To ensure interoperability, identifiers should be a valid uuid. warnings.warn(('Invalid uuid: %s. To ensure interoperability, '
2026-07-02 11:15:20.364 9 INFO neutron.db.ovn_revision_numbers_db [None req-58fb8017-a9f9-47e3-b0f5-11b0629454b8 fee026d0183a4162b0400492f498c6fb 41658446b0424391ac95b599ac9eef1c - - default default] Successfully bumped revision number for resource a0f70207-1f50-4578-ad0f-21c99cc83c17 (type: networks) to 1
2026-07-02 11:15:20.554 9 WARNING neutron.scheduler.dhcp_agent_scheduler [None req-58fb8017-a9f9-47e3-b0f5-11b0629454b8 fee026d0183a4162b0400492f498c6fb 41658446b0424391ac95b599ac9eef1c - - default default] No more DHCP agents
2026-07-02 11:15:20.556 9 WARNING neutron.api.rpc.agentnotifiers.dhcp_rpc_agent_api [None req-58fb8017-a9f9-47e3-b0f5-11b0629454b8 fee026d0183a4162b0400492f498c6fb 41658446b0424391ac95b599ac9eef1c - - default default] Unable to schedule network a0f70207-1f50-4578-ad0f-21c99cc83c17: no agents available; will retry on subsequent port and subnet creation events.
2026-07-02 11:15:20.643 9 INFO neutron.db.ovn_revision_numbers_db [None req-58fb8017-a9f9-47e3-b0f5-11b0629454b8 fee026d0183a4162b0400492f498c6fb 41658446b0424391ac95b599ac9eef1c - - default default] Successfully bumped revision number for resource 6acedb56-327a-46ca-9752-06ba5ed26beb (type: ports) to 1
2026-07-02 11:15:20.669 9 INFO neutron.wsgi [None req-58fb8017-a9f9-47e3-b0f5-11b0629454b8 fee026d0183a4162b0400492f498c6fb 41658446b0424391ac95b599ac9eef1c - - default default] 10.0.0.248 "POST /v2.0/networks HTTP/1.1" status: 201 len: 848 time: 1.0033014
2026-07-02 11:15:20.913 9 WARNING neutron.scheduler.dhcp_agent_scheduler [None req-b1856add-961b-45c3-bee8-f5754966fa33 fee026d0183a4162b0400492f498c6fb 41658446b0424391ac95b599ac9eef1c - - default default] No more DHCP agents
2026-07-02 11:15:20.916 9 WARNING neutron.api.rpc.agentnotifiers.dhcp_rpc_agent_api [None req-b1856add-961b-45c3-bee8-f5754966fa33 fee026d0183a4162b0400492f498c6fb 41658446b0424391ac95b599ac9eef1c - - default default] Unable to schedule network a0f70207-1f50-4578-ad0f-21c99cc83c17: no agents available; will retry on subsequent port and subnet creation events.
2026-07-02 11:15:21.004 9 INFO neutron.db.ovn_revision_numbers_db [None req-b1856add-961b-45c3-bee8-f5754966fa33 fee026d0183a4162b0400492f498c6fb 41658446b0424391ac95b599ac9eef1c - - default default] Successfully bumped revision number for resource 2ef8ddfd-079e-46f4-a910-dabdd6e97b52 (type: ports) to 1
2026-07-02 11:15:21.004 10 INFO neutron.wsgi [None req-90ba1104-6350-4ba3-b94b-ba56c9617e98 dcf404d32f1d4b2fb66b417914d8f1b4 391c0440525e4b50a32fc7c6059cf665 - - default default] 10.0.0.248 "PUT /v2.0/routers/b33932a5-3195-4cbd-9ffe-f3fa9357e113/remove_router_interface HTTP/1.1" status: 200 len: 503 time: 0.8268118 /var/lib/openstack/lib/python3.10/site-packages/pycadf/identifier.py:71: UserWarning: Invalid uuid: neutron. To ensure interoperability, identifiers should be a valid uuid. warnings.warn(('Invalid uuid: %s. To ensure interoperability, '
2026-07-02 11:15:21.044 9 INFO neutron.wsgi [None req-b1856add-961b-45c3-bee8-f5754966fa33 fee026d0183a4162b0400492f498c6fb 41658446b0424391ac95b599ac9eef1c - - default default] 10.0.0.248 "POST /v2.0/ports HTTP/1.1" status: 201 len: 977 time: 0.3701363 /var/lib/openstack/lib/python3.10/site-packages/pycadf/identifier.py:71: UserWarning: Invalid uuid: neutron. To ensure interoperability, identifiers should be a valid uuid. warnings.warn(('Invalid uuid: %s. To ensure interoperability, '
2026-07-02 11:15:21.054 9 INFO neutron.wsgi [None req-4b7f3876-5910-4587-b0e0-f91580aa8e0a dcf404d32f1d4b2fb66b417914d8f1b4 391c0440525e4b50a32fc7c6059cf665 - - default default] 10.0.0.248 "GET /v2.0/ports/a925daa9-99da-498b-9b2d-0b5794fe94c9 HTTP/1.1" status: 200 len: 1141 time: 0.0447783
2026-07-02 11:15:21.068 10 INFO neutron.wsgi [None req-271827ed-c67c-4b0d-9592-0ef491a0c0c7 77240ad744294c35b7ae80100fc78dbe 0a98d02fb3d8404a862651be04768bd5 - - default default] 10.0.0.248 "DELETE /v2.0/routers/be35ddbe-d873-4f3d-8551-10442b9b3521 HTTP/1.1" status: 204 len: 168 time: 0.7974498
2026-07-02 11:15:21.163 10 INFO neutron.db.segments_db [None req-44bdfcd1-efa2-433b-983b-bfcfb6b97227 fee026d0183a4162b0400492f498c6fb 41658446b0424391ac95b599ac9eef1c - - default default] Added segment 2362c7ee-a19f-4ed1-8035-3ba24a5e1a2d of type geneve for network 47ef9e27-03e5-460a-9de4-c10d315a7c99
2026-07-02 11:15:21.320 10 INFO neutron.db.ovn_revision_numbers_db [None req-44bdfcd1-efa2-433b-983b-bfcfb6b97227 fee026d0183a4162b0400492f498c6fb 41658446b0424391ac95b599ac9eef1c - - default default] Successfully bumped revision number for resource 47ef9e27-03e5-460a-9de4-c10d315a7c99 (type: networks) to 1
2026-07-02 11:15:21.345 10 INFO neutron.wsgi [None req-d94c7743-af8a-486a-8e58-15db10f1a138 77240ad744294c35b7ae80100fc78dbe 0a98d02fb3d8404a862651be04768bd5 - - default default] 10.0.0.248 "DELETE /v2.0/subnets/5f56088f-569c-4c51-a17c-67688fcc5d37 HTTP/1.1" status: 204 len: 168 time: 0.2697532
2026-07-02 11:15:21.565 10 WARNING neutron.scheduler.dhcp_agent_scheduler [None req-44bdfcd1-efa2-433b-983b-bfcfb6b97227 fee026d0183a4162b0400492f498c6fb 41658446b0424391ac95b599ac9eef1c - - default default] No more DHCP agents
2026-07-02 11:15:21.578 10 WARNING neutron.api.rpc.agentnotifiers.dhcp_rpc_agent_api [None req-44bdfcd1-efa2-433b-983b-bfcfb6b97227 fee026d0183a4162b0400492f498c6fb 41658446b0424391ac95b599ac9eef1c - - default default] Unable to schedule network 47ef9e27-03e5-460a-9de4-c10d315a7c99: no agents available; will retry on subsequent port and subnet creation events.
2026-07-02 11:15:21.684 10 INFO neutron.db.ovn_revision_numbers_db [None req-44bdfcd1-efa2-433b-983b-bfcfb6b97227 fee026d0183a4162b0400492f498c6fb 41658446b0424391ac95b599ac9eef1c - - default default] Successfully bumped revision number for resource 65c2a46c-2319-4156-bc38-4bd9fefe211c (type: ports) to 1
2026-07-02 11:15:21.722 10 INFO neutron.wsgi [None req-44bdfcd1-efa2-433b-983b-bfcfb6b97227 fee026d0183a4162b0400492f498c6fb 41658446b0424391ac95b599ac9eef1c - - default default] 10.0.0.248 "POST /v2.0/networks HTTP/1.1" status: 201 len: 834 time: 0.6720135
2026-07-02 11:15:21.778 9 INFO neutron.wsgi [None req-32780ba1-6c9d-446b-808d-2a42ad798248 dcf404d32f1d4b2fb66b417914d8f1b4 391c0440525e4b50a32fc7c6059cf665 - - default default] 10.0.0.248 "PUT /v2.0/routers/b33932a5-3195-4cbd-9ffe-f3fa9357e113/remove_router_interface HTTP/1.1" status: 200 len: 503 time: 0.7116976
2026-07-02 11:15:21.798 10 INFO neutron.services.segments.plugin [-] Segment 4eda833c-84b5-4e74-9c40-348448ff884c resource provider aggregate not found
2026-07-02 11:15:21.811 10 INFO neutron.services.segments.plugin [-] Segment 4eda833c-84b5-4e74-9c40-348448ff884c resource provider aggregate not found
2026-07-02 11:15:21.829 10 INFO neutron.wsgi [None req-e2a0a2f5-8312-4f6b-adf6-6f0279c1dd5f dcf404d32f1d4b2fb66b417914d8f1b4 391c0440525e4b50a32fc7c6059cf665 - - default default] 10.0.0.248 "GET /v2.0/ports?device_id=b33932a5-3195-4cbd-9ffe-f3fa9357e113 HTTP/1.1" status: 200 len: 205 time: 0.0413458
2026-07-02 11:15:21.831 10 INFO neutron.services.segments.plugin [-] Segment 4eda833c-84b5-4e74-9c40-348448ff884c resource provider not found; error: Placement Client Error (4xx): {"errors": [{"status": 404, "title": "Not Found", "detail": "The resource could not be found.\n\n No resource provider with uuid 4eda833c-84b5-4e74-9c40-348448ff884c found for delete ", "request_id": "req-909ee24e-02ee-4e07-bb33-fd5307a24e37"}]}
2026-07-02 11:15:21.834 10 INFO neutron.services.segments.plugin [-] Segment 4eda833c-84b5-4e74-9c40-348448ff884c resource provider not found; error: Placement Client Error (4xx): {"errors": [{"status": 404, "title": "Not Found", "detail": "The resource could not be found.\n\n No resource provider with uuid 4eda833c-84b5-4e74-9c40-348448ff884c found for delete ", "request_id": "req-dd54cc2e-3701-4cfd-883d-fbf6123f3b6f"}]}
2026-07-02 11:15:21.905 10 INFO neutron.wsgi [None req-848c5964-e3c0-439c-8e8e-1dde342cd76e 77240ad744294c35b7ae80100fc78dbe 0a98d02fb3d8404a862651be04768bd5 - - default default] 10.0.0.248 "DELETE /v2.0/networks/e184ed09-3ab7-42ba-96b9-70ec7e237f22 HTTP/1.1" status: 204 len: 168 time: 0.5518465
2026-07-02 11:15:22.043 9 WARNING neutron.scheduler.dhcp_agent_scheduler [None req-05e33733-3e0e-4414-9151-515e20f8e143 fee026d0183a4162b0400492f498c6fb 41658446b0424391ac95b599ac9eef1c - - default default] No more DHCP agents
2026-07-02 11:15:22.045 9 WARNING neutron.api.rpc.agentnotifiers.dhcp_rpc_agent_api [None req-05e33733-3e0e-4414-9151-515e20f8e143 fee026d0183a4162b0400492f498c6fb 41658446b0424391ac95b599ac9eef1c - - default default] Unable to schedule network 47ef9e27-03e5-460a-9de4-c10d315a7c99: no agents available; will retry on subsequent port and subnet creation events.
2026-07-02 11:15:22.081 10 INFO neutron.wsgi [None req-277503cc-d5c9-4062-b9ea-df517cb6dd4a dcf404d32f1d4b2fb66b417914d8f1b4 391c0440525e4b50a32fc7c6059cf665 - - default default] 10.0.0.248 "DELETE /v2.0/routers/b33932a5-3195-4cbd-9ffe-f3fa9357e113 HTTP/1.1" status: 204 len: 168 time: 0.2458997
2026-07-02 11:15:22.089 9 INFO neutron.db.ovn_revision_numbers_db [None req-05e33733-3e0e-4414-9151-515e20f8e143 fee026d0183a4162b0400492f498c6fb 41658446b0424391ac95b599ac9eef1c - - default default] Successfully bumped revision number for resource 6d4e687c-c3c4-4c68-bc6c-25adfec1cc3c (type: subnets) to 0
2026-07-02 11:15:22.101 10 INFO neutron.wsgi [None req-64634eef-76ec-4ff4-a2ca-a8db3eefeb5d 77240ad744294c35b7ae80100fc78dbe 0a98d02fb3d8404a862651be04768bd5 - - default default] 10.0.0.248 "GET /v2.0/security-groups?tenant_id=5eb4db50cae54cb283298fc37e40e21d&name=default HTTP/1.1" status: 200 len: 2996 time: 0.0636516 /var/lib/openstack/lib/python3.10/site-packages/pycadf/identifier.py:71: UserWarning: Invalid uuid: neutron. To ensure interoperability, identifiers should be a valid uuid. warnings.warn(('Invalid uuid: %s. To ensure interoperability, '
2026-07-02 11:15:22.122 9 INFO neutron.wsgi [None req-05e33733-3e0e-4414-9151-515e20f8e143 fee026d0183a4162b0400492f498c6fb 41658446b0424391ac95b599ac9eef1c - - default default] 10.0.0.248 "POST /v2.0/subnets HTTP/1.1" status: 201 len: 821 time: 0.3926849
2026-07-02 11:15:22.277 10 INFO neutron.wsgi [None req-9c0ac706-4454-4d25-9161-eb9dc575806d dcf404d32f1d4b2fb66b417914d8f1b4 391c0440525e4b50a32fc7c6059cf665 - - default default] 10.0.0.248 "DELETE /v2.0/subnets/59067be3-b913-49f9-a434-6a941fec1861 HTTP/1.1" status: 204 len: 168 time: 0.1885750
2026-07-02 11:15:22.553 9 INFO neutron.wsgi [None req-7c3479e0-1c45-463d-9fc2-032b055fca13 77240ad744294c35b7ae80100fc78dbe 0a98d02fb3d8404a862651be04768bd5 - - default default] 10.0.0.248 "DELETE /v2.0/security-groups/dfe4d169-1337-44f1-a898-11cec231f69d HTTP/1.1" status: 204 len: 168 time: 0.4446447
2026-07-02 11:15:22.578 9 INFO neutron.wsgi [None req-4402d0ba-f827-416e-8ae3-733a301985af dcf404d32f1d4b2fb66b417914d8f1b4 391c0440525e4b50a32fc7c6059cf665 - - default default] 10.0.0.248 "DELETE /v2.0/subnets/9253981f-a1f9-4ce3-87af-ea838974c260 HTTP/1.1" status: 204 len: 168 time: 0.2905741
2026-07-02 11:15:22.620 9 WARNING neutron.scheduler.dhcp_agent_scheduler [None req-89cd0b59-104a-484e-a18c-1eae3356d63d fee026d0183a4162b0400492f498c6fb 41658446b0424391ac95b599ac9eef1c - - default default] No more DHCP agents
2026-07-02 11:15:22.623 9 WARNING neutron.api.rpc.agentnotifiers.dhcp_rpc_agent_api [None req-89cd0b59-104a-484e-a18c-1eae3356d63d fee026d0183a4162b0400492f498c6fb 41658446b0424391ac95b599ac9eef1c - - default default] Unable to schedule network 47ef9e27-03e5-460a-9de4-c10d315a7c99: no agents available; will retry on subsequent port and subnet creation events.
2026-07-02 11:15:22.850 10 WARNING neutron.plugins.ml2.drivers.ovn.mech_driver.ovsdb.ovn_client [None req-763d87c8-6bdf-4eba-92f2-49be3e009292 - - - - - -] No port found with ID a925daa9-99da-498b-9b2d-0b5794fe94c9: RuntimeError: No port found with ID a925daa9-99da-498b-9b2d-0b5794fe94c9
2026-07-02 11:15:22.931 9 INFO neutron.db.ovn_revision_numbers_db [None req-89cd0b59-104a-484e-a18c-1eae3356d63d fee026d0183a4162b0400492f498c6fb 41658446b0424391ac95b599ac9eef1c - - default default] Successfully bumped revision number for resource 4cba4c12-321f-445d-b435-462bec9f469f (type: ports) to 1
2026-07-02 11:15:22.956 9 INFO neutron.wsgi [None req-89cd0b59-104a-484e-a18c-1eae3356d63d fee026d0183a4162b0400492f498c6fb 41658446b0424391ac95b599ac9eef1c - - default default] 10.0.0.248 "POST /v2.0/ports HTTP/1.1" status: 201 len: 1165 time: 0.8279610 /var/lib/openstack/lib/python3.10/site-packages/pycadf/identifier.py:71: UserWarning: Invalid uuid: neutron. To ensure interoperability, identifiers should be a valid uuid. warnings.warn(('Invalid uuid: %s. To ensure interoperability, '
2026-07-02 11:15:22.988 10 INFO neutron.wsgi [None req-cad7ab33-0b83-460e-aecb-6bf675ee2bad dcf404d32f1d4b2fb66b417914d8f1b4 391c0440525e4b50a32fc7c6059cf665 - - default default] 10.0.0.248 "DELETE /v2.0/networks/7785e556-babf-4949-a376-7d377bacc081 HTTP/1.1" status: 204 len: 168 time: 0.4021626
2026-07-02 11:15:23.073 10 INFO neutron.db.ovn_revision_numbers_db [None req-5252c5ac-454b-4fb0-807b-d9df85046b50 77240ad744294c35b7ae80100fc78dbe 0a98d02fb3d8404a862651be04768bd5 - - default default] Successfully bumped revision number for resource f78ba3e5-6f31-474e-abae-7fe01be1bc9b (type: security_groups) to 1
2026-07-02 11:15:23.087 10 INFO neutron.db.ovn_revision_numbers_db [None req-5252c5ac-454b-4fb0-807b-d9df85046b50 77240ad744294c35b7ae80100fc78dbe 0a98d02fb3d8404a862651be04768bd5 - - default default] Successfully bumped revision number for resource 0b2865e7-d00b-4172-9ad4-8497c2b5124d (type: security_group_rules) to 0
2026-07-02 11:15:23.099 10 INFO neutron.db.ovn_revision_numbers_db [None req-5252c5ac-454b-4fb0-807b-d9df85046b50 77240ad744294c35b7ae80100fc78dbe 0a98d02fb3d8404a862651be04768bd5 - - default default] Successfully bumped revision number for resource 2ea5de59-3d7e-4c27-858a-5741963478b9 (type: security_group_rules) to 0
2026-07-02 11:15:23.119 10 INFO neutron.db.ovn_revision_numbers_db [None req-5252c5ac-454b-4fb0-807b-d9df85046b50 77240ad744294c35b7ae80100fc78dbe 0a98d02fb3d8404a862651be04768bd5 - - default default] Successfully bumped revision number for resource 38db3512-41f4-4fc3-af78-d324c08c2e2e (type: security_group_rules) to 0
2026-07-02 11:15:23.137 10 INFO neutron.db.ovn_revision_numbers_db [None req-5252c5ac-454b-4fb0-807b-d9df85046b50 77240ad744294c35b7ae80100fc78dbe 0a98d02fb3d8404a862651be04768bd5 - - default default] Successfully bumped revision number for resource cdddb5a7-24bc-41e7-af9e-4e758e51239c (type: security_group_rules) to 0
2026-07-02 11:15:23.160 10 INFO neutron.wsgi [None req-5252c5ac-454b-4fb0-807b-d9df85046b50 77240ad744294c35b7ae80100fc78dbe 0a98d02fb3d8404a862651be04768bd5 - - default default] 10.0.0.248 "GET /v2.0/security-groups?tenant_id=b52c008e82c74e85bc63b27f62b9f6cd&name=default HTTP/1.1" status: 200 len: 2996 time: 0.5539711
2026-07-02 11:15:23.333 10 INFO neutron.wsgi [None req-631cf511-0fd3-4e0f-ac45-7432128a5f22 77240ad744294c35b7ae80100fc78dbe 0a98d02fb3d8404a862651be04768bd5 - - default default] 10.0.0.248 "DELETE /v2.0/security-groups/f78ba3e5-6f31-474e-abae-7fe01be1bc9b HTTP/1.1" status: 204 len: 168 time: 0.1674421
2026-07-02 11:15:23.369 9 INFO neutron.wsgi [None req-b2e15142-511f-443e-9587-e8d356ea920c fee026d0183a4162b0400492f498c6fb 41658446b0424391ac95b599ac9eef1c - - default default] 10.0.0.248 "DELETE /v2.0/ports/4cba4c12-321f-445d-b435-462bec9f469f HTTP/1.1" status: 204 len: 168 time: 0.4041286
2026-07-02 11:15:23.391 10 INFO neutron.pecan_wsgi.hooks.translation [None req-568c7d6f-d77e-498a-8591-a9ead4bc9a06 fee026d0183a4162b0400492f498c6fb 41658446b0424391ac95b599ac9eef1c - - default default] DELETE failed (client error): The resource could not be found.
2026-07-02 11:15:23.394 10 INFO neutron.wsgi [None req-568c7d6f-d77e-498a-8591-a9ead4bc9a06 fee026d0183a4162b0400492f498c6fb 41658446b0424391ac95b599ac9eef1c - - default default] 10.0.0.248 "DELETE /v2.0/ports/4cba4c12-321f-445d-b435-462bec9f469f HTTP/1.1" status: 404 len: 333 time: 0.0200102
2026-07-02 11:15:23.413 10 INFO neutron.pecan_wsgi.hooks.translation [None req-1b9c4562-f7d8-4888-8bc4-64b4ee03d41c fee026d0183a4162b0400492f498c6fb 41658446b0424391ac95b599ac9eef1c - - default default] GET failed (client error): The resource could not be found.
2026-07-02 11:15:23.414 10 INFO neutron.wsgi [None req-1b9c4562-f7d8-4888-8bc4-64b4ee03d41c fee026d0183a4162b0400492f498c6fb 41658446b0424391ac95b599ac9eef1c - - default default] 10.0.0.248 "GET /v2.0/ports/4cba4c12-321f-445d-b435-462bec9f469f HTTP/1.1" status: 404 len: 333 time: 0.0165393
2026-07-02 11:15:23.462 9 INFO neutron.services.segments.plugin [-] Segment 6014fb3e-a034-48d6-bc4b-5388b81cb08e resource provider aggregate not found
2026-07-02 11:15:23.467 9 INFO neutron.services.segments.plugin [-] Segment 6014fb3e-a034-48d6-bc4b-5388b81cb08e resource provider aggregate not found
2026-07-02 11:15:23.488 9 INFO neutron.services.segments.plugin [-] Segment 6014fb3e-a034-48d6-bc4b-5388b81cb08e resource provider not found; error: Placement Client Error (4xx): {"errors": [{"status": 404, "title": "Not Found", "detail": "The resource could not be found.\n\n No resource provider with uuid 6014fb3e-a034-48d6-bc4b-5388b81cb08e found for delete ", "request_id": "req-f5155695-d87a-43ee-86f6-5f4ab7fb6a69"}]}
2026-07-02 11:15:23.490 9 INFO neutron.services.segments.plugin [-] Segment 6014fb3e-a034-48d6-bc4b-5388b81cb08e resource provider not found; error: Placement Client Error (4xx): {"errors": [{"status": 404, "title": "Not Found", "detail": "The resource could not be found.\n\n No resource provider with uuid 6014fb3e-a034-48d6-bc4b-5388b81cb08e found for delete ", "request_id": "req-f8953c79-9da7-42a7-9f53-28d456743043"}]}
2026-07-02 11:15:23.510 9 INFO neutron.wsgi [None req-3952969d-9213-48e6-80b4-f70ea920cb72 dcf404d32f1d4b2fb66b417914d8f1b4 391c0440525e4b50a32fc7c6059cf665 - - default default] 10.0.0.248 "DELETE /v2.0/networks/f6cf411a-70d4-47db-9381-a7c25f7da19c HTTP/1.1" status: 204 len: 168 time: 0.5158904
2026-07-02 11:15:23.575 10 INFO neutron.db.ovn_revision_numbers_db [None req-1c3edfb0-ff56-4532-9cb2-a2a33aa5fc69 77240ad744294c35b7ae80100fc78dbe 0a98d02fb3d8404a862651be04768bd5 - - default default] Successfully bumped revision number for resource 788acf6f-64b6-4971-a880-964a68dcbcba (type: security_groups) to 1
2026-07-02 11:15:23.593 10 INFO neutron.db.ovn_revision_numbers_db [None req-1c3edfb0-ff56-4532-9cb2-a2a33aa5fc69 77240ad744294c35b7ae80100fc78dbe 0a98d02fb3d8404a862651be04768bd5 - - default default] Successfully bumped revision number for resource 35e67002-1fd4-44c1-b05a-1a8653719e27 (type: security_group_rules) to 0
2026-07-02 11:15:23.605 9 INFO neutron.db.segments_db [None req-797d916b-cf3b-460e-ad3a-37b3fa7e7f6e dcf404d32f1d4b2fb66b417914d8f1b4 391c0440525e4b50a32fc7c6059cf665 - - default default] Added segment 5a8ce722-8fe0-48a8-aafe-da224e54e4e0 of type geneve for network 411104c3-b7a3-495a-8301-a334218222d3
2026-07-02 11:15:23.608 10 INFO neutron.wsgi [None req-0b40b870-ffe4-4447-afb8-2be005a3aa1d fee026d0183a4162b0400492f498c6fb 41658446b0424391ac95b599ac9eef1c - - default default] 10.0.0.248 "DELETE /v2.0/subnets/6d4e687c-c3c4-4c68-bc6c-25adfec1cc3c HTTP/1.1" status: 204 len: 168 time: 0.1867468
2026-07-02 11:15:23.622 10 INFO neutron.db.ovn_revision_numbers_db [None req-1c3edfb0-ff56-4532-9cb2-a2a33aa5fc69 77240ad744294c35b7ae80100fc78dbe 0a98d02fb3d8404a862651be04768bd5 - - default default] Successfully bumped revision number for resource 752d1929-0687-4d89-8ba9-90b7f3b4ef96 (type: security_group_rules) to 0
2026-07-02 11:15:23.646 10 INFO neutron.db.ovn_revision_numbers_db [None req-1c3edfb0-ff56-4532-9cb2-a2a33aa5fc69 77240ad744294c35b7ae80100fc78dbe 0a98d02fb3d8404a862651be04768bd5 - - default default] Successfully bumped revision number for resource 752d833e-d1c9-429c-976a-8942fcc2ee37 (type: security_group_rules) to 0
2026-07-02 11:15:23.662 10 INFO neutron.db.ovn_revision_numbers_db [None req-1c3edfb0-ff56-4532-9cb2-a2a33aa5fc69 77240ad744294c35b7ae80100fc78dbe 0a98d02fb3d8404a862651be04768bd5 - - default default] Successfully bumped revision number for resource da8baff2-c474-4092-a77c-30fefa34736a (type: security_group_rules) to 0
2026-07-02 11:15:23.689 10 INFO neutron.wsgi [None req-1c3edfb0-ff56-4532-9cb2-a2a33aa5fc69 77240ad744294c35b7ae80100fc78dbe 0a98d02fb3d8404a862651be04768bd5 - - default default] 10.0.0.248 "GET /v2.0/security-groups?tenant_id=797f39f0eed24f6ab5b452a2a90e8bd3&name=default HTTP/1.1" status: 200 len: 2996 time: 0.2511353
2026-07-02 11:15:23.797 9 INFO neutron.db.ovn_revision_numbers_db [None req-797d916b-cf3b-460e-ad3a-37b3fa7e7f6e dcf404d32f1d4b2fb66b417914d8f1b4 391c0440525e4b50a32fc7c6059cf665 - - default default] Successfully bumped revision number for resource 411104c3-b7a3-495a-8301-a334218222d3 (type: networks) to 1
2026-07-02 11:15:23.852 10 INFO neutron.services.segments.plugin [-] Segment dbeda12e-2e18-42fb-8bff-7e89ecb2f762 resource provider aggregate not found
2026-07-02 11:15:23.862 10 INFO neutron.services.segments.plugin [-] Segment dbeda12e-2e18-42fb-8bff-7e89ecb2f762 resource provider aggregate not found
2026-07-02 11:15:23.869 10 INFO neutron.services.segments.plugin [-] Segment dbeda12e-2e18-42fb-8bff-7e89ecb2f762 resource provider not found; error: Placement Client Error (4xx): {"errors": [{"status": 404, "title": "Not Found", "detail": "The resource could not be found.\n\n No resource provider with uuid dbeda12e-2e18-42fb-8bff-7e89ecb2f762 found for delete ", "request_id": "req-82c11866-add1-4d03-9435-9515d82a0b41"}]}
2026-07-02 11:15:23.881 10 INFO neutron.services.segments.plugin [-] Segment dbeda12e-2e18-42fb-8bff-7e89ecb2f762 resource provider not found; error: Placement Client Error (4xx): {"errors": [{"status": 404, "title": "Not Found", "detail": "The resource could not be found.\n\n No resource provider with uuid dbeda12e-2e18-42fb-8bff-7e89ecb2f762 found for delete ", "request_id": "req-0f9789d2-f171-4835-8ba3-65dc8e871a69"}]}
2026-07-02 11:15:24.006 9 WARNING neutron.scheduler.dhcp_agent_scheduler [None req-797d916b-cf3b-460e-ad3a-37b3fa7e7f6e dcf404d32f1d4b2fb66b417914d8f1b4 391c0440525e4b50a32fc7c6059cf665 - - default default] No more DHCP agents
2026-07-02 11:15:24.009 9 WARNING neutron.api.rpc.agentnotifiers.dhcp_rpc_agent_api [None req-797d916b-cf3b-460e-ad3a-37b3fa7e7f6e dcf404d32f1d4b2fb66b417914d8f1b4 391c0440525e4b50a32fc7c6059cf665 - - default default] Unable to schedule network 411104c3-b7a3-495a-8301-a334218222d3: no agents available; will retry on subsequent port and subnet creation events.
2026-07-02 11:15:24.032 9 INFO neutron.wsgi [None req-453c528f-ed95-4e89-a38b-dd5c76200f8a 77240ad744294c35b7ae80100fc78dbe 0a98d02fb3d8404a862651be04768bd5 - - default default] 10.0.0.248 "DELETE /v2.0/security-groups/788acf6f-64b6-4971-a880-964a68dcbcba HTTP/1.1" status: 204 len: 168 time: 0.3359475
2026-07-02 11:15:24.055 10 INFO neutron.wsgi [None req-8af24c6a-6f15-451c-b22d-ce3cc1ed009f fee026d0183a4162b0400492f498c6fb 41658446b0424391ac95b599ac9eef1c - - default default] 10.0.0.248 "DELETE /v2.0/networks/47ef9e27-03e5-460a-9de4-c10d315a7c99 HTTP/1.1" status: 204 len: 168 time: 0.4398975
2026-07-02 11:15:24.117 9 INFO neutron.db.ovn_revision_numbers_db [None req-797d916b-cf3b-460e-ad3a-37b3fa7e7f6e dcf404d32f1d4b2fb66b417914d8f1b4 391c0440525e4b50a32fc7c6059cf665 - - default default] Successfully bumped revision number for resource f151993a-3266-4f73-9b32-aa4f2203c675 (type: ports) to 1
2026-07-02 11:15:24.153 9 INFO neutron.wsgi [None req-797d916b-cf3b-460e-ad3a-37b3fa7e7f6e dcf404d32f1d4b2fb66b417914d8f1b4 391c0440525e4b50a32fc7c6059cf665 - - default default] 10.0.0.248 "POST /v2.0/networks HTTP/1.1" status: 201 len: 832 time: 0.6358368
2026-07-02 11:15:24.183 9 INFO neutron.db.segments_db [None req-fc47416a-20bf-4880-8962-bb18e77337d0 fee026d0183a4162b0400492f498c6fb 41658446b0424391ac95b599ac9eef1c - - default default] Added segment 66762c5f-1d49-4f0e-8bc0-549b4876adb1 of type geneve for network 8bf4b5e2-d4eb-46c7-be41-9757141c043d
2026-07-02 11:15:24.223 9 WARNING neutron.plugins.ml2.drivers.ovn.mech_driver.ovsdb.ovn_client [None req-b582701f-b510-457f-adbc-1e1007217209 - - - - - -] No port found with ID a8c14c4f-3dae-491c-995e-dd584ebe5cf0: RuntimeError: No port found with ID a8c14c4f-3dae-491c-995e-dd584ebe5cf0
2026-07-02 11:15:24.391 9 INFO neutron.db.ovn_revision_numbers_db [None req-fc47416a-20bf-4880-8962-bb18e77337d0 fee026d0183a4162b0400492f498c6fb 41658446b0424391ac95b599ac9eef1c - - default default] Successfully bumped revision number for resource 8bf4b5e2-d4eb-46c7-be41-9757141c043d (type: networks) to 1
2026-07-02 11:15:24.507 9 WARNING neutron.scheduler.dhcp_agent_scheduler [None req-a308936d-f6c8-4706-a0c3-e9607e84d032 dcf404d32f1d4b2fb66b417914d8f1b4 391c0440525e4b50a32fc7c6059cf665 - - default default] No more DHCP agents
2026-07-02 11:15:24.520 9 WARNING neutron.api.rpc.agentnotifiers.dhcp_rpc_agent_api [None req-a308936d-f6c8-4706-a0c3-e9607e84d032 dcf404d32f1d4b2fb66b417914d8f1b4 391c0440525e4b50a32fc7c6059cf665 - - default default] Unable to schedule network 411104c3-b7a3-495a-8301-a334218222d3: no agents available; will retry on subsequent port and subnet creation events.
2026-07-02 11:15:24.549 10 INFO neutron.db.ovn_revision_numbers_db [None req-e7327afd-f302-46cc-af8e-20ace5c7a000 77240ad744294c35b7ae80100fc78dbe 0a98d02fb3d8404a862651be04768bd5 - - default default] Successfully bumped revision number for resource 4d145430-fc57-4cb3-a176-7da869869eb7 (type: security_groups) to 1
2026-07-02 11:15:24.566 10 INFO neutron.db.ovn_revision_numbers_db [None req-e7327afd-f302-46cc-af8e-20ace5c7a000 77240ad744294c35b7ae80100fc78dbe 0a98d02fb3d8404a862651be04768bd5 - - default default] Successfully bumped revision number for resource 0d02b558-6903-4718-bcd9-3606854c68ab (type: security_group_rules) to 0
2026-07-02 11:15:24.567 9 INFO neutron.db.ovn_revision_numbers_db [None req-a308936d-f6c8-4706-a0c3-e9607e84d032 dcf404d32f1d4b2fb66b417914d8f1b4 391c0440525e4b50a32fc7c6059cf665 - - default default] Successfully bumped revision number for resource 9682920a-9261-46e8-9741-0311ea014c4d (type: subnets) to 0
2026-07-02 11:15:24.584 10 INFO neutron.db.ovn_revision_numbers_db [None req-e7327afd-f302-46cc-af8e-20ace5c7a000 77240ad744294c35b7ae80100fc78dbe 0a98d02fb3d8404a862651be04768bd5 - - default default] Successfully bumped revision number for resource 267e0fc5-8026-4308-9d9b-aec950411bfc (type: security_group_rules) to 0
2026-07-02 11:15:24.597 9 INFO neutron.wsgi [None req-a308936d-f6c8-4706-a0c3-e9607e84d032 dcf404d32f1d4b2fb66b417914d8f1b4 391c0440525e4b50a32fc7c6059cf665 - - default default] 10.0.0.248 "POST /v2.0/subnets HTTP/1.1" status: 201 len: 821 time: 0.4365220
2026-07-02 11:15:24.599 10 INFO neutron.db.ovn_revision_numbers_db [None req-e7327afd-f302-46cc-af8e-20ace5c7a000 77240ad744294c35b7ae80100fc78dbe 0a98d02fb3d8404a862651be04768bd5 - - default default] Successfully bumped revision number for resource 4b743167-4ad6-42b9-b8e7-4073e4448412 (type: security_group_rules) to 0
2026-07-02 11:15:24.602 9 WARNING neutron.scheduler.dhcp_agent_scheduler [None req-fc47416a-20bf-4880-8962-bb18e77337d0 fee026d0183a4162b0400492f498c6fb 41658446b0424391ac95b599ac9eef1c - - default default] No more DHCP agents
2026-07-02 11:15:24.609 9 WARNING neutron.api.rpc.agentnotifiers.dhcp_rpc_agent_api [None req-fc47416a-20bf-4880-8962-bb18e77337d0 fee026d0183a4162b0400492f498c6fb 41658446b0424391ac95b599ac9eef1c - - default default] Unable to schedule network 8bf4b5e2-d4eb-46c7-be41-9757141c043d: no agents available; will retry on subsequent port and subnet creation events.
2026-07-02 11:15:24.613 10 INFO neutron.db.ovn_revision_numbers_db [None req-e7327afd-f302-46cc-af8e-20ace5c7a000 77240ad744294c35b7ae80100fc78dbe 0a98d02fb3d8404a862651be04768bd5 - - default default] Successfully bumped revision number for resource 7661cda9-9b83-448f-8b01-4cebed285cb9 (type: security_group_rules) to 0
2026-07-02 11:15:24.670 10 INFO neutron.db.segments_db [None req-e7327afd-f302-46cc-af8e-20ace5c7a000 77240ad744294c35b7ae80100fc78dbe 0a98d02fb3d8404a862651be04768bd5 - - default default] Added segment 7e313f87-44ae-45f8-9971-8f54b8c43f01 of type geneve for network 53a07dec-ee09-4791-8a87-75add270addf
2026-07-02 11:15:24.744 9 INFO neutron.db.ovn_revision_numbers_db [None req-fc47416a-20bf-4880-8962-bb18e77337d0 fee026d0183a4162b0400492f498c6fb 41658446b0424391ac95b599ac9eef1c - - default default] Successfully bumped revision number for resource f19e9a65-4f9d-41f2-9570-d3ee89e52ebb (type: ports) to 1
2026-07-02 11:15:24.773 9 INFO neutron.wsgi [None req-fc47416a-20bf-4880-8962-bb18e77337d0 fee026d0183a4162b0400492f498c6fb 41658446b0424391ac95b599ac9eef1c - - default default] 10.0.0.248 "POST /v2.0/networks HTTP/1.1" status: 201 len: 834 time: 0.7085376
2026-07-02 11:15:24.817 9 INFO neutron.db.ovn_revision_numbers_db [None req-23e0515a-59eb-42a5-9a06-bc80905b0df6 dcf404d32f1d4b2fb66b417914d8f1b4 391c0440525e4b50a32fc7c6059cf665 - - default default] Successfully bumped revision number for resource e74f6242-63af-43e0-99e4-c63b2439b003 (type: routers) to 1
2026-07-02 11:15:24.834 9 INFO neutron.wsgi [None req-23e0515a-59eb-42a5-9a06-bc80905b0df6 dcf404d32f1d4b2fb66b417914d8f1b4 391c0440525e4b50a32fc7c6059cf665 - - default default] 10.0.0.248 "POST /v2.0/routers HTTP/1.1" status: 201 len: 691 time: 0.2320688
2026-07-02 11:15:25.056 10 INFO neutron.db.ovn_revision_numbers_db [None req-e7327afd-f302-46cc-af8e-20ace5c7a000 77240ad744294c35b7ae80100fc78dbe 0a98d02fb3d8404a862651be04768bd5 - - default default] Successfully bumped revision number for resource 53a07dec-ee09-4791-8a87-75add270addf (type: networks) to 1
2026-07-02 11:15:25.224 9 WARNING neutron.scheduler.dhcp_agent_scheduler [None req-f70241b6-0298-42c7-816e-a5d4e21bffd9 dcf404d32f1d4b2fb66b417914d8f1b4 391c0440525e4b50a32fc7c6059cf665 - - default default] No more DHCP agents
2026-07-02 11:15:25.227 9 WARNING neutron.api.rpc.agentnotifiers.dhcp_rpc_agent_api [None req-f70241b6-0298-42c7-816e-a5d4e21bffd9 dcf404d32f1d4b2fb66b417914d8f1b4 391c0440525e4b50a32fc7c6059cf665 - - default default] Unable to schedule network 411104c3-b7a3-495a-8301-a334218222d3: no agents available; will retry on subsequent port and subnet creation events.
2026-07-02 11:15:25.314 10 WARNING neutron.scheduler.dhcp_agent_scheduler [None req-e7327afd-f302-46cc-af8e-20ace5c7a000 77240ad744294c35b7ae80100fc78dbe 0a98d02fb3d8404a862651be04768bd5 - - default default] No more DHCP agents
2026-07-02 11:15:25.322 10 WARNING neutron.api.rpc.agentnotifiers.dhcp_rpc_agent_api [None req-e7327afd-f302-46cc-af8e-20ace5c7a000 77240ad744294c35b7ae80100fc78dbe 0a98d02fb3d8404a862651be04768bd5 - - default default] Unable to schedule network 53a07dec-ee09-4791-8a87-75add270addf: no agents available; will retry on subsequent port and subnet creation events.
2026-07-02 11:15:25.372 9 INFO neutron.db.ovn_revision_numbers_db [None req-f70241b6-0298-42c7-816e-a5d4e21bffd9 dcf404d32f1d4b2fb66b417914d8f1b4 391c0440525e4b50a32fc7c6059cf665 - - default default] Successfully bumped revision number for resource bb4ae286-2dff-47d1-8275-5cc71f09ed36 (type: ports) to 1
2026-07-02 11:15:25.377 10 WARNING neutron.scheduler.dhcp_agent_scheduler [None req-92e16900-3cb2-4a72-9b4a-fe7aafe20da9 fee026d0183a4162b0400492f498c6fb 41658446b0424391ac95b599ac9eef1c - - default default] No more DHCP agents
2026-07-02 11:15:25.381 10 WARNING neutron.api.rpc.agentnotifiers.dhcp_rpc_agent_api [None req-92e16900-3cb2-4a72-9b4a-fe7aafe20da9 fee026d0183a4162b0400492f498c6fb 41658446b0424391ac95b599ac9eef1c - - default default] Unable to schedule network 8bf4b5e2-d4eb-46c7-be41-9757141c043d: no agents available; will retry on subsequent port and subnet creation events.
2026-07-02 11:15:25.401 9 INFO neutron.wsgi [None req-f70241b6-0298-42c7-816e-a5d4e21bffd9 dcf404d32f1d4b2fb66b417914d8f1b4 391c0440525e4b50a32fc7c6059cf665 - - default default] 10.0.0.248 "POST /v2.0/ports HTTP/1.1" status: 201 len: 1158 time: 0.5623233 /var/lib/openstack/lib/python3.10/site-packages/pycadf/identifier.py:71: UserWarning: Invalid uuid: neutron. To ensure interoperability, identifiers should be a valid uuid. warnings.warn(('Invalid uuid: %s. To ensure interoperability, '
2026-07-02 11:15:25.435 10 INFO neutron.db.ovn_revision_numbers_db [None req-92e16900-3cb2-4a72-9b4a-fe7aafe20da9 fee026d0183a4162b0400492f498c6fb 41658446b0424391ac95b599ac9eef1c - - default default] Successfully bumped revision number for resource 6d508a91-4bf6-4aaa-895f-f7c9297d6bf9 (type: subnets) to 0
2026-07-02 11:15:25.454 10 INFO neutron.wsgi [None req-92e16900-3cb2-4a72-9b4a-fe7aafe20da9 fee026d0183a4162b0400492f498c6fb 41658446b0424391ac95b599ac9eef1c - - default default] 10.0.0.248 "POST /v2.0/subnets HTTP/1.1" status: 201 len: 821 time: 0.6731572
2026-07-02 11:15:25.458 10 INFO neutron.db.ovn_revision_numbers_db [None req-e7327afd-f302-46cc-af8e-20ace5c7a000 77240ad744294c35b7ae80100fc78dbe 0a98d02fb3d8404a862651be04768bd5 - - default default] Successfully bumped revision number for resource b07b360a-e763-43dc-9dcc-ff0c35e1d299 (type: ports) to 1
2026-07-02 11:15:25.500 10 INFO neutron.wsgi [None req-e7327afd-f302-46cc-af8e-20ace5c7a000 77240ad744294c35b7ae80100fc78dbe 0a98d02fb3d8404a862651be04768bd5 - - default default] 10.0.0.248 "POST /v2.0/networks HTTP/1.1" status: 201 len: 945 time: 1.2365718
2026-07-02 11:15:25.735 10 WARNING neutron.scheduler.dhcp_agent_scheduler [None req-0e0b3f68-ecb3-48b3-bbcf-dc8f4ff0a9c4 77240ad744294c35b7ae80100fc78dbe 0a98d02fb3d8404a862651be04768bd5 - - default default] No more DHCP agents
2026-07-02 11:15:25.740 10 WARNING neutron.api.rpc.agentnotifiers.dhcp_rpc_agent_api [None req-0e0b3f68-ecb3-48b3-bbcf-dc8f4ff0a9c4 77240ad744294c35b7ae80100fc78dbe 0a98d02fb3d8404a862651be04768bd5 - - default default] Unable to schedule network 53a07dec-ee09-4791-8a87-75add270addf: no agents available; will retry on subsequent port and subnet creation events.
2026-07-02 11:15:25.849 9 INFO neutron.plugins.ml2.drivers.ovn.mech_driver.mech_driver [None req-b582701f-b510-457f-adbc-1e1007217209 - - - - - -] OVN reports status up for port: bb4ae286-2dff-47d1-8275-5cc71f09ed36
2026-07-02 11:15:25.865 9 INFO neutron.plugins.ml2.plugin [None req-b582701f-b510-457f-adbc-1e1007217209 - - - - - -] Attempt 1 to provision port bb4ae286-2dff-47d1-8275-5cc71f09ed36
2026-07-02 11:15:25.887 9 INFO neutron.db.ovn_revision_numbers_db [None req-f16aee02-8d68-43c2-b758-1268a4f5b82e dcf404d32f1d4b2fb66b417914d8f1b4 391c0440525e4b50a32fc7c6059cf665 - - default default] Successfully bumped revision number for resource bb4ae286-2dff-47d1-8275-5cc71f09ed36 (type: router_ports) to 2
2026-07-02 11:15:25.894 10 INFO neutron.services.segments.plugin [-] Segment 2362c7ee-a19f-4ed1-8035-3ba24a5e1a2d resource provider aggregate not found
2026-07-02 11:15:25.914 10 INFO neutron.services.segments.plugin [-] Segment 2362c7ee-a19f-4ed1-8035-3ba24a5e1a2d resource provider aggregate not found
2026-07-02 11:15:25.922 10 INFO neutron.services.segments.plugin [-] Segment 2362c7ee-a19f-4ed1-8035-3ba24a5e1a2d resource provider not found; error: Placement Client Error (4xx): {"errors": [{"status": 404, "title": "Not Found", "detail": "The resource could not be found.\n\n No resource provider with uuid 2362c7ee-a19f-4ed1-8035-3ba24a5e1a2d found for delete ", "request_id": "req-af518265-d7dc-43f1-84d0-11140690bb82"}]}
2026-07-02 11:15:25.933 10 WARNING neutron.scheduler.dhcp_agent_scheduler [None req-0861a931-626d-40e0-af0e-1f87c7a3e576 fee026d0183a4162b0400492f498c6fb 41658446b0424391ac95b599ac9eef1c - - default default] No more DHCP agents
2026-07-02 11:15:25.936 10 WARNING neutron.api.rpc.agentnotifiers.dhcp_rpc_agent_api [None req-0861a931-626d-40e0-af0e-1f87c7a3e576 fee026d0183a4162b0400492f498c6fb 41658446b0424391ac95b599ac9eef1c - - default default] Unable to schedule network 8bf4b5e2-d4eb-46c7-be41-9757141c043d: no agents available; will retry on subsequent port and subnet creation events.
2026-07-02 11:15:25.939 10 INFO neutron.services.segments.plugin [-] Segment 2362c7ee-a19f-4ed1-8035-3ba24a5e1a2d resource provider not found; error: Placement Client Error (4xx): {"errors": [{"status": 404, "title": "Not Found", "detail": "The resource could not be found.\n\n No resource provider with uuid 2362c7ee-a19f-4ed1-8035-3ba24a5e1a2d found for delete ", "request_id": "req-de9a1839-6e67-4224-890e-7f06902a0a85"}]}
2026-07-02 11:15:26.094 10 INFO neutron.db.ovn_revision_numbers_db [None req-0861a931-626d-40e0-af0e-1f87c7a3e576 fee026d0183a4162b0400492f498c6fb 41658446b0424391ac95b599ac9eef1c - - default default] Successfully bumped revision number for resource 55922c97-def9-4d4a-ae74-667979bf510d (type: ports) to 1
2026-07-02 11:15:26.095 9 INFO neutron.db.ovn_revision_numbers_db [None req-f16aee02-8d68-43c2-b758-1268a4f5b82e dcf404d32f1d4b2fb66b417914d8f1b4 391c0440525e4b50a32fc7c6059cf665 - - default default] Successfully bumped revision number for resource bb4ae286-2dff-47d1-8275-5cc71f09ed36 (type: ports) to 2
2026-07-02 11:15:26.137 10 INFO neutron.wsgi [None req-0861a931-626d-40e0-af0e-1f87c7a3e576 fee026d0183a4162b0400492f498c6fb 41658446b0424391ac95b599ac9eef1c - - default default] 10.0.0.248 "POST /v2.0/ports HTTP/1.1" status: 201 len: 1127 time: 0.6757805
2026-07-02 11:15:26.284 9 INFO neutron.db.ovn_revision_numbers_db [None req-b582701f-b510-457f-adbc-1e1007217209 - - - - - -] Successfully bumped revision number for resource bb4ae286-2dff-47d1-8275-5cc71f09ed36 (type: ports) to 3
2026-07-02 11:15:26.435 10 INFO neutron.db.ovn_revision_numbers_db [None req-0e0b3f68-ecb3-48b3-bbcf-dc8f4ff0a9c4 77240ad744294c35b7ae80100fc78dbe 0a98d02fb3d8404a862651be04768bd5 - - default default] Successfully bumped revision number for resource b07b360a-e763-43dc-9dcc-ff0c35e1d299 (type: ports) to 2
2026-07-02 11:15:26.487 10 INFO neutron.db.ovn_revision_numbers_db [None req-0e0b3f68-ecb3-48b3-bbcf-dc8f4ff0a9c4 77240ad744294c35b7ae80100fc78dbe 0a98d02fb3d8404a862651be04768bd5 - - default default] Successfully bumped revision number for resource 67dddd99-fdae-4afe-b7a8-bfb6319d9ee2 (type: subnets) to 0
2026-07-02 11:15:26.516 10 INFO neutron.wsgi [None req-0e0b3f68-ecb3-48b3-bbcf-dc8f4ff0a9c4 77240ad744294c35b7ae80100fc78dbe 0a98d02fb3d8404a862651be04768bd5 - - default default] 10.0.0.248 "POST /v2.0/subnets HTTP/1.1" status: 201 len: 866 time: 1.0099146
2026-07-02 11:15:26.546 10 INFO neutron.wsgi [None req-a7426542-754c-4de8-90e9-1882ce40fae2 fee026d0183a4162b0400492f498c6fb 41658446b0424391ac95b599ac9eef1c - - default default] 10.0.0.248 "DELETE /v2.0/ports/55922c97-def9-4d4a-ae74-667979bf510d HTTP/1.1" status: 204 len: 168 time: 0.3975101
2026-07-02 11:15:26.571 10 INFO neutron.pecan_wsgi.hooks.translation [None req-95e23791-109a-4bce-bad6-2004ef3ecf41 fee026d0183a4162b0400492f498c6fb 41658446b0424391ac95b599ac9eef1c - - default default] GET failed (client error): The resource could not be found.
2026-07-02 11:15:26.573 10 INFO neutron.wsgi [None req-95e23791-109a-4bce-bad6-2004ef3ecf41 fee026d0183a4162b0400492f498c6fb 41658446b0424391ac95b599ac9eef1c - - default default] 10.0.0.248 "GET /v2.0/ports/55922c97-def9-4d4a-ae74-667979bf510d HTTP/1.1" status: 404 len: 333 time: 0.0217979 /var/lib/openstack/lib/python3.10/site-packages/pycadf/identifier.py:71: UserWarning: Invalid uuid: neutron. To ensure interoperability, identifiers should be a valid uuid. warnings.warn(('Invalid uuid: %s. To ensure interoperability, '
2026-07-02 11:15:26.695 9 INFO neutron.db.ovn_revision_numbers_db [None req-b582701f-b510-457f-adbc-1e1007217209 - - - - - -] Successfully bumped revision number for resource bb4ae286-2dff-47d1-8275-5cc71f09ed36 (type: router_ports) to 3
2026-07-02 11:15:26.891 9 INFO neutron.wsgi [None req-b6a0d40c-19a4-48ca-993a-caaad13be90a fee026d0183a4162b0400492f498c6fb 41658446b0424391ac95b599ac9eef1c - - default default] 10.0.0.248 "DELETE /v2.0/subnets/6d508a91-4bf6-4aaa-895f-f7c9297d6bf9 HTTP/1.1" status: 204 len: 168 time: 0.3046014
2026-07-02 11:15:27.053 9 INFO neutron.db.ovn_revision_numbers_db [None req-f16aee02-8d68-43c2-b758-1268a4f5b82e dcf404d32f1d4b2fb66b417914d8f1b4 391c0440525e4b50a32fc7c6059cf665 - - default default] Successfully bumped revision number for resource bb4ae286-2dff-47d1-8275-5cc71f09ed36 (type: ports) to 3
2026-07-02 11:15:27.098 10 WARNING neutron.scheduler.dhcp_agent_scheduler [None req-3fb16472-3a17-4d4a-8d7e-26980e8d4bdf 77240ad744294c35b7ae80100fc78dbe 0a98d02fb3d8404a862651be04768bd5 - - default default] No more DHCP agents
2026-07-02 11:15:27.117 10 WARNING neutron.api.rpc.agentnotifiers.dhcp_rpc_agent_api [None req-3fb16472-3a17-4d4a-8d7e-26980e8d4bdf 77240ad744294c35b7ae80100fc78dbe 0a98d02fb3d8404a862651be04768bd5 - - default default] Unable to schedule network 8ee51cf5-5613-4fd9-a1a5-7a52d1319abd: no agents available; will retry on subsequent port and subnet creation events.
2026-07-02 11:15:27.152 9 WARNING neutron.scheduler.dhcp_agent_scheduler [None req-f16aee02-8d68-43c2-b758-1268a4f5b82e dcf404d32f1d4b2fb66b417914d8f1b4 391c0440525e4b50a32fc7c6059cf665 - - default default] No more DHCP agents
2026-07-02 11:15:27.153 9 WARNING neutron.api.rpc.agentnotifiers.dhcp_rpc_agent_api [None req-f16aee02-8d68-43c2-b758-1268a4f5b82e dcf404d32f1d4b2fb66b417914d8f1b4 391c0440525e4b50a32fc7c6059cf665 - - default default] Unable to schedule network 411104c3-b7a3-495a-8301-a334218222d3: no agents available; will retry on subsequent port and subnet creation events.
2026-07-02 11:15:27.352 9 INFO neutron.db.ovn_revision_numbers_db [None req-f16aee02-8d68-43c2-b758-1268a4f5b82e dcf404d32f1d4b2fb66b417914d8f1b4 391c0440525e4b50a32fc7c6059cf665 - - default default] Successfully bumped revision number for resource bb4ae286-2dff-47d1-8275-5cc71f09ed36 (type: router_ports) to 3
2026-07-02 11:15:27.356 9 INFO neutron.wsgi [None req-f16aee02-8d68-43c2-b758-1268a4f5b82e dcf404d32f1d4b2fb66b417914d8f1b4 391c0440525e4b50a32fc7c6059cf665 - - default default] 10.0.0.248 "PUT /v2.0/routers/e74f6242-63af-43e0-99e4-c63b2439b003/add_router_interface HTTP/1.1" status: 200 len: 503 time: 1.9511948
2026-07-02 11:15:27.356 10 INFO neutron.db.ovn_revision_numbers_db [None req-3fb16472-3a17-4d4a-8d7e-26980e8d4bdf 77240ad744294c35b7ae80100fc78dbe 0a98d02fb3d8404a862651be04768bd5 - - default default] Successfully bumped revision number for resource cfaac603-55eb-4ce6-93a3-39d5d7dccb0b (type: ports) to 1 /var/lib/openstack/lib/python3.10/site-packages/pycadf/identifier.py:71: UserWarning: Invalid uuid: neutron. To ensure interoperability, identifiers should be a valid uuid. warnings.warn(('Invalid uuid: %s. To ensure interoperability, '
2026-07-02 11:15:27.395 9 INFO neutron.wsgi [None req-8f1c1078-aaa6-4d18-a703-e2695dd7194e dcf404d32f1d4b2fb66b417914d8f1b4 391c0440525e4b50a32fc7c6059cf665 - - default default] 10.0.0.248 "GET /v2.0/ports/bb4ae286-2dff-47d1-8275-5cc71f09ed36 HTTP/1.1" status: 200 len: 1216 time: 0.0356112
2026-07-02 11:15:27.439 10 INFO neutron.wsgi [None req-4818d0f4-71a4-4c11-a38d-5444256a162b fee026d0183a4162b0400492f498c6fb 41658446b0424391ac95b599ac9eef1c - - default default] 10.0.0.248 "DELETE /v2.0/networks/8bf4b5e2-d4eb-46c7-be41-9757141c043d HTTP/1.1" status: 204 len: 168 time: 0.5411615
2026-07-02 11:15:27.809 9 WARNING neutron.scheduler.dhcp_agent_scheduler [None req-c9ec0b28-8526-469f-9b75-85c7ff693ea2 fee026d0183a4162b0400492f498c6fb 41658446b0424391ac95b599ac9eef1c - - default default] No more DHCP agents
2026-07-02 11:15:27.814 9 WARNING neutron.api.rpc.agentnotifiers.dhcp_rpc_agent_api [None req-c9ec0b28-8526-469f-9b75-85c7ff693ea2 fee026d0183a4162b0400492f498c6fb 41658446b0424391ac95b599ac9eef1c - - default default] Unable to schedule network a0f70207-1f50-4578-ad0f-21c99cc83c17: no agents available; will retry on subsequent port and subnet creation events.
2026-07-02 11:15:27.913 9 INFO neutron.db.ovn_revision_numbers_db [None req-c9ec0b28-8526-469f-9b75-85c7ff693ea2 fee026d0183a4162b0400492f498c6fb 41658446b0424391ac95b599ac9eef1c - - default default] Successfully bumped revision number for resource 007c1730-d609-448a-a756-0cb8cd489261 (type: ports) to 1
2026-07-02 11:15:27.947 10 INFO neutron.services.segments.plugin [-] Segment 66762c5f-1d49-4f0e-8bc0-549b4876adb1 resource provider aggregate not found
2026-07-02 11:15:27.950 9 INFO neutron.wsgi [None req-c9ec0b28-8526-469f-9b75-85c7ff693ea2 fee026d0183a4162b0400492f498c6fb 41658446b0424391ac95b599ac9eef1c - - default default] 10.0.0.248 "POST /v2.0/ports HTTP/1.1" status: 201 len: 978 time: 0.5028448
2026-07-02 11:15:27.964 10 INFO neutron.services.segments.plugin [-] Segment 66762c5f-1d49-4f0e-8bc0-549b4876adb1 resource provider aggregate not found
2026-07-02 11:15:27.970 10 INFO neutron.services.segments.plugin [-] Segment 66762c5f-1d49-4f0e-8bc0-549b4876adb1 resource provider not found; error: Placement Client Error (4xx): {"errors": [{"status": 404, "title": "Not Found", "detail": "The resource could not be found.\n\n No resource provider with uuid 66762c5f-1d49-4f0e-8bc0-549b4876adb1 found for delete ", "request_id": "req-fa6b036a-1d00-47d5-b2d0-9fcfb1212273"}]}
2026-07-02 11:15:27.989 10 INFO neutron.services.segments.plugin [-] Segment 66762c5f-1d49-4f0e-8bc0-549b4876adb1 resource provider not found; error: Placement Client Error (4xx): {"errors": [{"status": 404, "title": "Not Found", "detail": "The resource could not be found.\n\n No resource provider with uuid 66762c5f-1d49-4f0e-8bc0-549b4876adb1 found for delete ", "request_id": "req-3f0deebe-a467-4a46-a835-0ef44413a361"}]}
2026-07-02 11:15:28.027 9 INFO neutron.plugins.ml2.drivers.ovn.mech_driver.ovsdb.ovsdb_monitor [None req-073a6816-7725-4a8f-907a-b624325a0100 - - - - - -] Router 1559c562-3872-4cf3-a890-244aecc183b0 is bound to host instance
2026-07-02 11:15:28.053 10 INFO neutron.db.ovn_revision_numbers_db [None req-3fb16472-3a17-4d4a-8d7e-26980e8d4bdf 77240ad744294c35b7ae80100fc78dbe 0a98d02fb3d8404a862651be04768bd5 - - default default] Successfully bumped revision number for resource cfaac603-55eb-4ce6-93a3-39d5d7dccb0b (type: router_ports) to 1
2026-07-02 11:15:28.154 10 INFO neutron.db.ovn_revision_numbers_db [None req-3fb16472-3a17-4d4a-8d7e-26980e8d4bdf 77240ad744294c35b7ae80100fc78dbe 0a98d02fb3d8404a862651be04768bd5 - - default default] Successfully bumped revision number for resource 1559c562-3872-4cf3-a890-244aecc183b0 (type: routers) to 2
2026-07-02 11:15:28.158 9 INFO neutron.wsgi [None req-a802c353-701b-4e7c-8890-f86ab49e3b29 dcf404d32f1d4b2fb66b417914d8f1b4 391c0440525e4b50a32fc7c6059cf665 - - default default] 10.0.0.248 "PUT /v2.0/routers/e74f6242-63af-43e0-99e4-c63b2439b003/remove_router_interface HTTP/1.1" status: 200 len: 503 time: 0.7574222
2026-07-02 11:15:28.179 10 INFO neutron.wsgi [None req-3fb16472-3a17-4d4a-8d7e-26980e8d4bdf 77240ad744294c35b7ae80100fc78dbe 0a98d02fb3d8404a862651be04768bd5 - - default default] 10.0.0.248 "POST /v2.0/routers HTTP/1.1" status: 201 len: 877 time: 1.6567831 /var/lib/openstack/lib/python3.10/site-packages/pycadf/identifier.py:71: UserWarning: Invalid uuid: neutron. To ensure interoperability, identifiers should be a valid uuid. warnings.warn(('Invalid uuid: %s. To ensure interoperability, '
2026-07-02 11:15:28.245 10 INFO neutron.api.v2.resource [None req-0dedf58d-6975-4dbe-80bb-e1c936f560ba dcf404d32f1d4b2fb66b417914d8f1b4 391c0440525e4b50a32fc7c6059cf665 - - default default] remove_router_interface failed (client error): The resource could not be found.
2026-07-02 11:15:28.246 10 INFO neutron.wsgi [None req-0dedf58d-6975-4dbe-80bb-e1c936f560ba dcf404d32f1d4b2fb66b417914d8f1b4 391c0440525e4b50a32fc7c6059cf665 - - default default] 10.0.0.248 "PUT /v2.0/routers/e74f6242-63af-43e0-99e4-c63b2439b003/remove_router_interface HTTP/1.1" status: 404 len: 398 time: 0.0786476
2026-07-02 11:15:28.291 9 INFO neutron.wsgi [None req-b5059867-9523-42f0-bdde-21e3e912e2eb dcf404d32f1d4b2fb66b417914d8f1b4 391c0440525e4b50a32fc7c6059cf665 - - default default] 10.0.0.248 "GET /v2.0/ports?device_id=e74f6242-63af-43e0-99e4-c63b2439b003 HTTP/1.1" status: 200 len: 205 time: 0.0350714
2026-07-02 11:15:28.555 10 INFO neutron.db.ovn_revision_numbers_db [None req-9d622184-ff4b-4da6-9768-d11ea2a3d256 fee026d0183a4162b0400492f498c6fb 41658446b0424391ac95b599ac9eef1c - - default default] Successfully bumped revision number for resource 007c1730-d609-448a-a756-0cb8cd489261 (type: ports) to 2
