2026-07-02 11:15:11.939 9 INFO neutron.wsgi [req-ff2bdbea-ea79-4fb6-81a0-89f1c1d90cd8 req-53947913-e9ef-4a8e-b89b-a3fe035a5e90 c009b804a6574fc1a3e7663aadd95622 a1e5a7691a304189972788d916dfc909 - - 7e6cee0005ce4cdbbd56e806f4693548 7e6cee0005ce4cdbbd56e806f4693548] 199.19.213.63 "GET /v2.0/floatingips?fixed_ip_address=10.100.0.6&port_id=b86b2509-18e6-4591-a199-98ae47db642f HTTP/1.1" status: 200 len: 217 time: 0.0229993
2026-07-02 11:15:11.987 9 INFO neutron.wsgi [req-ff2bdbea-ea79-4fb6-81a0-89f1c1d90cd8 req-514f10ac-c8b7-4c00-a440-6a404f4d1c0f c009b804a6574fc1a3e7663aadd95622 a1e5a7691a304189972788d916dfc909 - - 7e6cee0005ce4cdbbd56e806f4693548 7e6cee0005ce4cdbbd56e806f4693548] 199.19.213.63 "GET /v2.0/subnets?id=5f56088f-569c-4c51-a17c-67688fcc5d37 HTTP/1.1" status: 200 len: 868 time: 0.0391989
2026-07-02 11:15:12.004 10 WARNING neutron.scheduler.dhcp_agent_scheduler [None req-ee096739-557f-4fb4-9c59-148ce2fe1470 28aba42f3e944f5585f7cfd2fa21aa58 551bb1d207824899b8ea7dd122b76265 - - default default] No more DHCP agents
2026-07-02 11:15:12.011 10 WARNING neutron.api.rpc.agentnotifiers.dhcp_rpc_agent_api [None req-ee096739-557f-4fb4-9c59-148ce2fe1470 28aba42f3e944f5585f7cfd2fa21aa58 551bb1d207824899b8ea7dd122b76265 - - default default] Unable to schedule network d0f3025f-2eac-4d30-af39-3682e251c0a8: no agents available; will retry on subsequent port and subnet creation events.
2026-07-02 11:15:12.018 9 INFO neutron.wsgi [req-ff2bdbea-ea79-4fb6-81a0-89f1c1d90cd8 req-5715be35-d134-411f-acec-bf853d974534 c009b804a6574fc1a3e7663aadd95622 a1e5a7691a304189972788d916dfc909 - - 7e6cee0005ce4cdbbd56e806f4693548 7e6cee0005ce4cdbbd56e806f4693548] 199.19.213.63 "GET /v2.0/ports?network_id=e184ed09-3ab7-42ba-96b9-70ec7e237f22&device_owner=network%3Adhcp HTTP/1.1" status: 200 len: 210 time: 0.0248504
2026-07-02 11:15:12.112 9 INFO neutron.wsgi [req-ff2bdbea-ea79-4fb6-81a0-89f1c1d90cd8 req-b416f05f-55c0-4cfc-afd5-0058693bb7d8 c009b804a6574fc1a3e7663aadd95622 a1e5a7691a304189972788d916dfc909 - - 7e6cee0005ce4cdbbd56e806f4693548 7e6cee0005ce4cdbbd56e806f4693548] 199.19.213.63 "GET /v2.0/networks/e184ed09-3ab7-42ba-96b9-70ec7e237f22?fields=segments HTTP/1.1" status: 200 len: 212 time: 0.0885110
2026-07-02 11:15:12.222 9 WARNING neutron.plugins.ml2.drivers.ovn.mech_driver.ovsdb.ovn_client [None req-b582701f-b510-457f-adbc-1e1007217209 - - - - - -] No hosting information found for port 03eb57c1-59cc-4b18-adef-3b2500b9f96e: RuntimeError: No hosting information found for port 03eb57c1-59cc-4b18-adef-3b2500b9f96e
2026-07-02 11:15:12.230 9 INFO neutron.wsgi [req-ff2bdbea-ea79-4fb6-81a0-89f1c1d90cd8 req-b6e9c3e2-5a41-4b6b-a781-87b2def00697 c009b804a6574fc1a3e7663aadd95622 a1e5a7691a304189972788d916dfc909 - - 7e6cee0005ce4cdbbd56e806f4693548 7e6cee0005ce4cdbbd56e806f4693548] 199.19.213.63 "GET /v2.0/networks/e184ed09-3ab7-42ba-96b9-70ec7e237f22?fields=provider%3Aphysical_network&fields=provider%3Anetwork_type HTTP/1.1" status: 200 len: 277 time: 0.1110699
2026-07-02 11:15:12.306 9 INFO neutron.wsgi [req-47f87b7f-fc1b-4758-b80c-ca4bd82f6f6f req-aad41d91-1403-4eea-a637-1a9d91be45a6 c009b804a6574fc1a3e7663aadd95622 a1e5a7691a304189972788d916dfc909 - - 7e6cee0005ce4cdbbd56e806f4693548 7e6cee0005ce4cdbbd56e806f4693548] 199.19.213.63 "GET /v2.0/ports?tenant_id=5eb4db50cae54cb283298fc37e40e21d&device_id=8180e461-6028-4db8-9a2b-a84e55b75ba5 HTTP/1.1" status: 200 len: 1407 time: 0.0366795
2026-07-02 11:15:12.382 9 INFO neutron.wsgi [req-47f87b7f-fc1b-4758-b80c-ca4bd82f6f6f req-f9e37095-737b-441e-bf6c-10720ce041f2 c009b804a6574fc1a3e7663aadd95622 a1e5a7691a304189972788d916dfc909 - - 7e6cee0005ce4cdbbd56e806f4693548 7e6cee0005ce4cdbbd56e806f4693548] 199.19.213.63 "GET /v2.0/networks?id=e184ed09-3ab7-42ba-96b9-70ec7e237f22 HTTP/1.1" status: 200 len: 973 time: 0.0716152
2026-07-02 11:15:12.387 9 INFO neutron.db.ovn_revision_numbers_db [None req-17012618-a5b6-44b2-ac1c-c8916635a63e dcf404d32f1d4b2fb66b417914d8f1b4 391c0440525e4b50a32fc7c6059cf665 - - default default] Successfully bumped revision number for resource 0c29a6a5-d707-43ce-9816-6f8d59420a45 (type: security_groups) to 1
2026-07-02 11:15:12.411 10 INFO neutron.plugins.ml2.drivers.ovn.mech_driver.mech_driver [None req-763d87c8-6bdf-4eba-92f2-49be3e009292 - - - - - -] OVN reports status up for port: b86b2509-18e6-4591-a199-98ae47db642f
2026-07-02 11:15:12.418 9 INFO neutron.wsgi [req-47f87b7f-fc1b-4758-b80c-ca4bd82f6f6f req-1951c69c-272b-4e75-b90a-cec59ac95327 c009b804a6574fc1a3e7663aadd95622 a1e5a7691a304189972788d916dfc909 - - 7e6cee0005ce4cdbbd56e806f4693548 7e6cee0005ce4cdbbd56e806f4693548] 199.19.213.63 "GET /v2.0/floatingips?fixed_ip_address=10.100.0.6&port_id=b86b2509-18e6-4591-a199-98ae47db642f HTTP/1.1" status: 200 len: 217 time: 0.0293536
2026-07-02 11:15:12.432 10 INFO neutron.plugins.ml2.plugin [None req-763d87c8-6bdf-4eba-92f2-49be3e009292 - - - - - -] Attempt 1 to provision port b86b2509-18e6-4591-a199-98ae47db642f
2026-07-02 11:15:12.433 9 INFO neutron.db.ovn_revision_numbers_db [None req-17012618-a5b6-44b2-ac1c-c8916635a63e dcf404d32f1d4b2fb66b417914d8f1b4 391c0440525e4b50a32fc7c6059cf665 - - default default] Successfully bumped revision number for resource 8b15e048-786d-4b9a-8eb7-4281a3e58869 (type: security_group_rules) to 0
2026-07-02 11:15:12.468 9 INFO neutron.wsgi [req-47f87b7f-fc1b-4758-b80c-ca4bd82f6f6f req-e09986b5-7197-499a-9974-44a017e05152 c009b804a6574fc1a3e7663aadd95622 a1e5a7691a304189972788d916dfc909 - - 7e6cee0005ce4cdbbd56e806f4693548 7e6cee0005ce4cdbbd56e806f4693548] 199.19.213.63 "GET /v2.0/subnets?id=5f56088f-569c-4c51-a17c-67688fcc5d37 HTTP/1.1" status: 200 len: 868 time: 0.0437598
2026-07-02 11:15:12.469 9 INFO neutron.db.ovn_revision_numbers_db [None req-17012618-a5b6-44b2-ac1c-c8916635a63e dcf404d32f1d4b2fb66b417914d8f1b4 391c0440525e4b50a32fc7c6059cf665 - - default default] Successfully bumped revision number for resource 9cefedf0-1adb-4912-9fc1-29ccc072dc00 (type: security_group_rules) to 0
2026-07-02 11:15:12.497 9 INFO neutron.db.ovn_revision_numbers_db [None req-17012618-a5b6-44b2-ac1c-c8916635a63e dcf404d32f1d4b2fb66b417914d8f1b4 391c0440525e4b50a32fc7c6059cf665 - - default default] Successfully bumped revision number for resource e537d7d4-4750-4b61-8d7b-f57cac553952 (type: security_group_rules) to 0
2026-07-02 11:15:12.499 9 INFO neutron.wsgi [req-47f87b7f-fc1b-4758-b80c-ca4bd82f6f6f req-89fcc328-8810-4050-8050-4ff0fc99c3bd c009b804a6574fc1a3e7663aadd95622 a1e5a7691a304189972788d916dfc909 - - 7e6cee0005ce4cdbbd56e806f4693548 7e6cee0005ce4cdbbd56e806f4693548] 199.19.213.63 "GET /v2.0/ports?network_id=e184ed09-3ab7-42ba-96b9-70ec7e237f22&device_owner=network%3Adhcp HTTP/1.1" status: 200 len: 210 time: 0.0250757
2026-07-02 11:15:12.528 9 INFO neutron.db.ovn_revision_numbers_db [None req-17012618-a5b6-44b2-ac1c-c8916635a63e dcf404d32f1d4b2fb66b417914d8f1b4 391c0440525e4b50a32fc7c6059cf665 - - default default] Successfully bumped revision number for resource f29490f5-a641-4dff-8729-9c237cb340d0 (type: security_group_rules) to 0
2026-07-02 11:15:12.588 9 INFO neutron.wsgi [req-47f87b7f-fc1b-4758-b80c-ca4bd82f6f6f req-ed025a42-8ecb-4512-83cd-166aab375ad1 c009b804a6574fc1a3e7663aadd95622 a1e5a7691a304189972788d916dfc909 - - 7e6cee0005ce4cdbbd56e806f4693548 7e6cee0005ce4cdbbd56e806f4693548] 199.19.213.63 "GET /v2.0/networks/e184ed09-3ab7-42ba-96b9-70ec7e237f22?fields=segments HTTP/1.1" status: 200 len: 212 time: 0.0827298
2026-07-02 11:15:12.591 9 INFO neutron.db.segments_db [None req-17012618-a5b6-44b2-ac1c-c8916635a63e dcf404d32f1d4b2fb66b417914d8f1b4 391c0440525e4b50a32fc7c6059cf665 - - default default] Added segment 6014fb3e-a034-48d6-bc4b-5388b81cb08e of type geneve for network f6cf411a-70d4-47db-9381-a7c25f7da19c
2026-07-02 11:15:12.620 10 INFO neutron.notifiers.nova [-] Nova event matching ['req-cd2f07dc-6cc0-47c7-9fbb-7a9c063ebeb7'] response: {'server_uuid': '8180e461-6028-4db8-9a2b-a84e55b75ba5', 'name': 'network-vif-plugged', 'status': 'completed', 'tag': 'b86b2509-18e6-4591-a199-98ae47db642f', 'code': 200}
2026-07-02 11:15:12.693 9 INFO neutron.wsgi [req-47f87b7f-fc1b-4758-b80c-ca4bd82f6f6f req-e1cb392a-66d9-4748-ba97-81131ec3ab68 c009b804a6574fc1a3e7663aadd95622 a1e5a7691a304189972788d916dfc909 - - 7e6cee0005ce4cdbbd56e806f4693548 7e6cee0005ce4cdbbd56e806f4693548] 199.19.213.63 "GET /v2.0/networks/e184ed09-3ab7-42ba-96b9-70ec7e237f22?fields=provider%3Aphysical_network&fields=provider%3Anetwork_type HTTP/1.1" status: 200 len: 277 time: 0.0997972
2026-07-02 11:15:12.705 10 INFO neutron.db.ovn_revision_numbers_db [None req-ee096739-557f-4fb4-9c59-148ce2fe1470 28aba42f3e944f5585f7cfd2fa21aa58 551bb1d207824899b8ea7dd122b76265 - - default default] Successfully bumped revision number for resource bffe459b-cab0-4473-adb6-61984329d9b8 (type: ports) to 2
2026-07-02 11:15:12.769 10 INFO neutron.db.ovn_revision_numbers_db [None req-ee096739-557f-4fb4-9c59-148ce2fe1470 28aba42f3e944f5585f7cfd2fa21aa58 551bb1d207824899b8ea7dd122b76265 - - default default] Successfully bumped revision number for resource 1682f579-d124-42d9-b823-5757f3148d9c (type: subnets) to 0
2026-07-02 11:15:12.790 9 INFO neutron.db.ovn_revision_numbers_db [None req-17012618-a5b6-44b2-ac1c-c8916635a63e dcf404d32f1d4b2fb66b417914d8f1b4 391c0440525e4b50a32fc7c6059cf665 - - default default] Successfully bumped revision number for resource f6cf411a-70d4-47db-9381-a7c25f7da19c (type: networks) to 1
2026-07-02 11:15:12.793 10 INFO neutron.wsgi [None req-ee096739-557f-4fb4-9c59-148ce2fe1470 28aba42f3e944f5585f7cfd2fa21aa58 551bb1d207824899b8ea7dd122b76265 - - default default] 10.0.0.248 "POST /v2.0/subnets HTTP/1.1" status: 201 len: 801 time: 1.1221287
2026-07-02 11:15:12.861 10 INFO neutron.wsgi [req-7f2d24c8-8610-4db5-a42e-64aeff48a40d req-d6676b45-b53c-4f02-b9c1-017546aaa748 2841b0f176394f05a9b7745f412bcc0b 5eb4db50cae54cb283298fc37e40e21d - - default default] 10.0.0.229 "GET /v2.0/ports?device_id=8180e461-6028-4db8-9a2b-a84e55b75ba5 HTTP/1.1" status: 200 len: 1170 time: 0.0647511
2026-07-02 11:15:12.928 10 INFO neutron.db.ovn_revision_numbers_db [None req-763d87c8-6bdf-4eba-92f2-49be3e009292 - - - - - -] Successfully bumped revision number for resource b86b2509-18e6-4591-a199-98ae47db642f (type: ports) to 4
2026-07-02 11:15:12.972 10 INFO neutron.wsgi [req-7f2d24c8-8610-4db5-a42e-64aeff48a40d req-facb8b5e-a3a1-4db4-9c9c-3adbd8bc83cf 2841b0f176394f05a9b7745f412bcc0b 5eb4db50cae54cb283298fc37e40e21d - - default default] 10.0.0.229 "GET /v2.0/security-groups?id=3b405d13-5468-4740-bd75-086b2a536cfc&fields=id&fields=name HTTP/1.1" status: 200 len: 312 time: 0.0981672
2026-07-02 11:15:12.975 9 WARNING neutron.scheduler.dhcp_agent_scheduler [None req-17012618-a5b6-44b2-ac1c-c8916635a63e dcf404d32f1d4b2fb66b417914d8f1b4 391c0440525e4b50a32fc7c6059cf665 - - default default] No more DHCP agents
2026-07-02 11:15:12.979 9 WARNING neutron.api.rpc.agentnotifiers.dhcp_rpc_agent_api [None req-17012618-a5b6-44b2-ac1c-c8916635a63e dcf404d32f1d4b2fb66b417914d8f1b4 391c0440525e4b50a32fc7c6059cf665 - - default default] Unable to schedule network f6cf411a-70d4-47db-9381-a7c25f7da19c: no agents available; will retry on subsequent port and subnet creation events.
2026-07-02 11:15:13.093 9 INFO neutron.db.ovn_revision_numbers_db [None req-17012618-a5b6-44b2-ac1c-c8916635a63e dcf404d32f1d4b2fb66b417914d8f1b4 391c0440525e4b50a32fc7c6059cf665 - - default default] Successfully bumped revision number for resource 39bf79e1-8308-4549-9de2-4a0302f2c7dc (type: ports) to 1
2026-07-02 11:15:13.114 9 INFO neutron.wsgi [None req-17012618-a5b6-44b2-ac1c-c8916635a63e dcf404d32f1d4b2fb66b417914d8f1b4 391c0440525e4b50a32fc7c6059cf665 - - default default] 10.0.0.248 "POST /v2.0/networks HTTP/1.1" status: 201 len: 833 time: 1.2040784
2026-07-02 11:15:13.204 9 INFO neutron.db.segments_db [None req-1c23cea6-5641-4ce4-b338-ad4a56562959 dcf404d32f1d4b2fb66b417914d8f1b4 391c0440525e4b50a32fc7c6059cf665 - - default default] Added segment dbeda12e-2e18-42fb-8bff-7e89ecb2f762 of type geneve for network 7785e556-babf-4949-a376-7d377bacc081
2026-07-02 11:15:13.289 10 INFO neutron.db.ovn_revision_numbers_db [None req-2e6d4d46-3e66-4c9c-9668-9bb5c2074892 28aba42f3e944f5585f7cfd2fa21aa58 551bb1d207824899b8ea7dd122b76265 - - default default] Successfully bumped revision number for resource 1682f579-d124-42d9-b823-5757f3148d9c (type: subnets) to 1
2026-07-02 11:15:13.294 10 INFO neutron.wsgi [None req-2e6d4d46-3e66-4c9c-9668-9bb5c2074892 28aba42f3e944f5585f7cfd2fa21aa58 551bb1d207824899b8ea7dd122b76265 - - default default] 10.0.0.248 "PUT /v2.0/subnets/1682f579-d124-42d9-b823-5757f3148d9c HTTP/1.1" status: 200 len: 806 time: 0.4937871 /var/lib/openstack/lib/python3.10/site-packages/pycadf/identifier.py:71: UserWarning: Invalid uuid: neutron. To ensure interoperability, identifiers should be a valid uuid. warnings.warn(('Invalid uuid: %s. To ensure interoperability, '
2026-07-02 11:15:13.374 9 INFO neutron.db.ovn_revision_numbers_db [None req-1c23cea6-5641-4ce4-b338-ad4a56562959 dcf404d32f1d4b2fb66b417914d8f1b4 391c0440525e4b50a32fc7c6059cf665 - - default default] Successfully bumped revision number for resource 7785e556-babf-4949-a376-7d377bacc081 (type: networks) to 1
2026-07-02 11:15:13.578 9 WARNING neutron.scheduler.dhcp_agent_scheduler [None req-1c23cea6-5641-4ce4-b338-ad4a56562959 dcf404d32f1d4b2fb66b417914d8f1b4 391c0440525e4b50a32fc7c6059cf665 - - default default] No more DHCP agents
2026-07-02 11:15:13.580 9 WARNING neutron.api.rpc.agentnotifiers.dhcp_rpc_agent_api [None req-1c23cea6-5641-4ce4-b338-ad4a56562959 dcf404d32f1d4b2fb66b417914d8f1b4 391c0440525e4b50a32fc7c6059cf665 - - default default] Unable to schedule network 7785e556-babf-4949-a376-7d377bacc081: no agents available; will retry on subsequent port and subnet creation events.
2026-07-02 11:15:13.635 9 INFO neutron.wsgi [-] 10.0.0.201 "GET / HTTP/1.1" status: 200 len: 247 time: 0.0015175
2026-07-02 11:15:13.636 9 INFO neutron.wsgi [-] 10.0.0.201 "GET / HTTP/1.1" status: 200 len: 247 time: 0.0009377
2026-07-02 11:15:13.667 9 INFO neutron.db.ovn_revision_numbers_db [None req-1c23cea6-5641-4ce4-b338-ad4a56562959 dcf404d32f1d4b2fb66b417914d8f1b4 391c0440525e4b50a32fc7c6059cf665 - - default default] Successfully bumped revision number for resource f802f1d6-9de3-4443-af73-61236d098097 (type: ports) to 1
2026-07-02 11:15:13.693 9 INFO neutron.wsgi [None req-1c23cea6-5641-4ce4-b338-ad4a56562959 dcf404d32f1d4b2fb66b417914d8f1b4 391c0440525e4b50a32fc7c6059cf665 - - default default] 10.0.0.248 "POST /v2.0/networks HTTP/1.1" status: 201 len: 833 time: 0.5742970
2026-07-02 11:15:14.006 10 INFO neutron.services.segments.plugin [-] Segment fec37156-b4da-4a0e-bb69-8941ae10f39e resource provider aggregate not found
2026-07-02 11:15:14.010 10 INFO neutron.services.segments.plugin [-] Segment fec37156-b4da-4a0e-bb69-8941ae10f39e resource provider aggregate not found
2026-07-02 11:15:14.033 10 INFO neutron.services.segments.plugin [-] Segment fec37156-b4da-4a0e-bb69-8941ae10f39e resource provider not found; error: Placement Client Error (4xx): {"errors": [{"status": 404, "title": "Not Found", "detail": "The resource could not be found.\n\n No resource provider with uuid fec37156-b4da-4a0e-bb69-8941ae10f39e found for delete ", "request_id": "req-859e54ab-4423-44e1-9dfe-b017b95c86b0"}]}
2026-07-02 11:15:14.036 10 INFO neutron.services.segments.plugin [-] Segment fec37156-b4da-4a0e-bb69-8941ae10f39e resource provider not found; error: Placement Client Error (4xx): {"errors": [{"status": 404, "title": "Not Found", "detail": "The resource could not be found.\n\n No resource provider with uuid fec37156-b4da-4a0e-bb69-8941ae10f39e found for delete ", "request_id": "req-56f8c732-1fd0-4246-8d5a-93f433ccf819"}]}
2026-07-02 11:15:14.046 10 WARNING neutron.scheduler.dhcp_agent_scheduler [None req-115cbc86-2d1a-4ea0-accc-0e331da28c87 dcf404d32f1d4b2fb66b417914d8f1b4 391c0440525e4b50a32fc7c6059cf665 - - default default] No more DHCP agents
2026-07-02 11:15:14.056 10 WARNING neutron.api.rpc.agentnotifiers.dhcp_rpc_agent_api [None req-115cbc86-2d1a-4ea0-accc-0e331da28c87 dcf404d32f1d4b2fb66b417914d8f1b4 391c0440525e4b50a32fc7c6059cf665 - - default default] Unable to schedule network f6cf411a-70d4-47db-9381-a7c25f7da19c: no agents available; will retry on subsequent port and subnet creation events.
2026-07-02 11:15:14.094 10 INFO neutron.wsgi [None req-30519e14-e05d-48fe-9e37-0655f8886c62 28aba42f3e944f5585f7cfd2fa21aa58 551bb1d207824899b8ea7dd122b76265 - - default default] 10.0.0.248 "DELETE /v2.0/networks/d0f3025f-2eac-4d30-af39-3682e251c0a8 HTTP/1.1" status: 204 len: 168 time: 0.7936609
2026-07-02 11:15:14.114 9 INFO neutron.pecan_wsgi.hooks.translation [None req-22c353cb-98db-49d7-883f-963b6a7bb81e 28aba42f3e944f5585f7cfd2fa21aa58 551bb1d207824899b8ea7dd122b76265 - - default default] DELETE failed (client error): The resource could not be found.
2026-07-02 11:15:14.117 9 INFO neutron.wsgi [None req-22c353cb-98db-49d7-883f-963b6a7bb81e 28aba42f3e944f5585f7cfd2fa21aa58 551bb1d207824899b8ea7dd122b76265 - - default default] 10.0.0.248 "DELETE /v2.0/networks/d0f3025f-2eac-4d30-af39-3682e251c0a8 HTTP/1.1" status: 404 len: 339 time: 0.0190489
2026-07-02 11:15:14.151 10 INFO neutron.db.ovn_revision_numbers_db [None req-115cbc86-2d1a-4ea0-accc-0e331da28c87 dcf404d32f1d4b2fb66b417914d8f1b4 391c0440525e4b50a32fc7c6059cf665 - - default default] Successfully bumped revision number for resource 9253981f-a1f9-4ce3-87af-ea838974c260 (type: subnets) to 0
2026-07-02 11:15:14.190 10 INFO neutron.wsgi [None req-115cbc86-2d1a-4ea0-accc-0e331da28c87 dcf404d32f1d4b2fb66b417914d8f1b4 391c0440525e4b50a32fc7c6059cf665 - - default default] 10.0.0.248 "POST /v2.0/subnets HTTP/1.1" status: 201 len: 821 time: 0.4926646
2026-07-02 11:15:14.209 10 INFO neutron.wsgi [req-783655cf-935a-40f8-97c5-7b9da590dcb8 req-3236adae-e73f-4e35-9e84-029fa33dced4 2841b0f176394f05a9b7745f412bcc0b 5eb4db50cae54cb283298fc37e40e21d - - default default] 10.0.0.229 "GET /v2.0/ports?device_id=8180e461-6028-4db8-9a2b-a84e55b75ba5 HTTP/1.1" status: 200 len: 1170 time: 0.1639187
2026-07-02 11:15:14.254 10 INFO neutron.wsgi [None req-18c91dc5-3c49-4433-ab5c-3c2ccdf42341 28aba42f3e944f5585f7cfd2fa21aa58 551bb1d207824899b8ea7dd122b76265 - - default default] 10.0.0.248 "GET /v2.0/networks?router%3Aexternal=True HTTP/1.1" status: 200 len: 845 time: 0.1294379
2026-07-02 11:15:14.263 10 INFO neutron.wsgi [req-783655cf-935a-40f8-97c5-7b9da590dcb8 req-8bd973ed-8f35-496f-8d28-3f9b30705dff 2841b0f176394f05a9b7745f412bcc0b 5eb4db50cae54cb283298fc37e40e21d - - default default] 10.0.0.229 "GET /v2.0/security-groups?id=3b405d13-5468-4740-bd75-086b2a536cfc&fields=id&fields=name HTTP/1.1" status: 200 len: 312 time: 0.0457361
2026-07-02 11:15:14.315 9 INFO neutron.wsgi [None req-4987fab1-6c93-4c38-96d8-88f7ef4c2c9f 28aba42f3e944f5585f7cfd2fa21aa58 551bb1d207824899b8ea7dd122b76265 - - default default] 10.0.0.248 "GET /v2.0/subnets?network_id=8ee51cf5-5613-4fd9-a1a5-7a52d1319abd HTTP/1.1" status: 200 len: 820 time: 0.0537179
2026-07-02 11:15:14.328 10 INFO neutron.wsgi [None req-4de2fd9c-0a1f-4654-8f3a-b1d9a9c712e7 28aba42f3e944f5585f7cfd2fa21aa58 551bb1d207824899b8ea7dd122b76265 - - default default] 10.0.0.248 "GET /v2.0/extensions HTTP/1.1" status: 200 len: 16520 time: 0.0072961
2026-07-02 11:15:14.388 10 INFO neutron.wsgi [req-f739cd79-ed66-4fcd-b0f3-69cc95a6fb91 req-a81a836b-9ddd-4184-b1f5-f9167e028a37 2841b0f176394f05a9b7745f412bcc0b 5eb4db50cae54cb283298fc37e40e21d - - default default] 10.0.0.229 "GET /v2.0/ports?device_id=8180e461-6028-4db8-9a2b-a84e55b75ba5 HTTP/1.1" status: 200 len: 1170 time: 0.0538542
2026-07-02 11:15:14.415 10 INFO neutron.wsgi [None req-e5375cc5-8a6e-4c08-8b9a-b9c9d072845c 28aba42f3e944f5585f7cfd2fa21aa58 551bb1d207824899b8ea7dd122b76265 - - default default] 10.0.0.248 "GET /v2.0/networks HTTP/1.1" status: 200 len: 1504 time: 0.0797858
2026-07-02 11:15:14.467 10 INFO neutron.wsgi [None req-5d1f1a51-4193-4e9f-8bf2-0cf44a7d2f20 28aba42f3e944f5585f7cfd2fa21aa58 551bb1d207824899b8ea7dd122b76265 - - default default] 10.0.0.248 "GET /v2.0/subnets HTTP/1.1" status: 200 len: 1428 time: 0.0436254
2026-07-02 11:15:14.556 10 INFO neutron.wsgi [None req-cfcbfcc5-7a6e-440d-97e8-8adcc5d284b9 28aba42f3e944f5585f7cfd2fa21aa58 551bb1d207824899b8ea7dd122b76265 - - default default] 10.0.0.248 "GET /v2.0/networks/fc3ef91e-f7f9-4120-a82e-78e3740c0f2f HTTP/1.1" status: 200 len: 863 time: 0.0818152
2026-07-02 11:15:14.589 9 WARNING neutron.scheduler.dhcp_agent_scheduler [None req-a88edbe2-8901-4d07-b35a-4c6229f90151 dcf404d32f1d4b2fb66b417914d8f1b4 391c0440525e4b50a32fc7c6059cf665 - - default default] No more DHCP agents
2026-07-02 11:15:14.595 9 WARNING neutron.api.rpc.agentnotifiers.dhcp_rpc_agent_api [None req-a88edbe2-8901-4d07-b35a-4c6229f90151 dcf404d32f1d4b2fb66b417914d8f1b4 391c0440525e4b50a32fc7c6059cf665 - - default default] Unable to schedule network 7785e556-babf-4949-a376-7d377bacc081: no agents available; will retry on subsequent port and subnet creation events.
2026-07-02 11:15:14.599 10 INFO neutron.wsgi [None req-329a9beb-ecbf-439d-b47f-827d943a30fe 28aba42f3e944f5585f7cfd2fa21aa58 551bb1d207824899b8ea7dd122b76265 - - default default] 10.0.0.248 "GET /v2.0/subnets/d78f6a7a-a11a-4660-9111-b43231f186ba HTTP/1.1" status: 200 len: 811 time: 0.0325789
2026-07-02 11:15:14.620 10 INFO neutron.pecan_wsgi.hooks.translation [None req-e2a9eef0-0ca0-4d30-b372-8b83aaa0c5ff 28aba42f3e944f5585f7cfd2fa21aa58 551bb1d207824899b8ea7dd122b76265 - - default default] DELETE failed (client error): The resource could not be found.
2026-07-02 11:15:14.622 10 INFO neutron.wsgi [None req-e2a9eef0-0ca0-4d30-b372-8b83aaa0c5ff 28aba42f3e944f5585f7cfd2fa21aa58 551bb1d207824899b8ea7dd122b76265 - - default default] 10.0.0.248 "DELETE /v2.0/subnets/1682f579-d124-42d9-b823-5757f3148d9c HTTP/1.1" status: 404 len: 337 time: 0.0160084
2026-07-02 11:15:14.642 10 INFO neutron.pecan_wsgi.hooks.translation [None req-321dcbff-f602-489d-ab9b-1d14054b72c3 28aba42f3e944f5585f7cfd2fa21aa58 551bb1d207824899b8ea7dd122b76265 - - default default] DELETE failed (client error): The resource could not be found.
2026-07-02 11:15:14.644 10 INFO neutron.wsgi [None req-321dcbff-f602-489d-ab9b-1d14054b72c3 28aba42f3e944f5585f7cfd2fa21aa58 551bb1d207824899b8ea7dd122b76265 - - default default] 10.0.0.248 "DELETE /v2.0/networks/d0f3025f-2eac-4d30-af39-3682e251c0a8 HTTP/1.1" status: 404 len: 339 time: 0.0157475
2026-07-02 11:15:14.658 9 INFO neutron.db.ovn_revision_numbers_db [None req-a88edbe2-8901-4d07-b35a-4c6229f90151 dcf404d32f1d4b2fb66b417914d8f1b4 391c0440525e4b50a32fc7c6059cf665 - - default default] Successfully bumped revision number for resource 59067be3-b913-49f9-a434-6a941fec1861 (type: subnets) to 0
2026-07-02 11:15:14.667 10 INFO neutron.notifiers.nova [-] Nova event matching ['req-1ff61705-ee96-4fa2-8cf8-fb0d8b53add6'] response: {'server_uuid': '8180e461-6028-4db8-9a2b-a84e55b75ba5', 'name': 'network-vif-plugged', 'status': 'completed', 'tag': 'b86b2509-18e6-4591-a199-98ae47db642f', 'code': 200}
2026-07-02 11:15:14.677 9 INFO neutron.wsgi [None req-a88edbe2-8901-4d07-b35a-4c6229f90151 dcf404d32f1d4b2fb66b417914d8f1b4 391c0440525e4b50a32fc7c6059cf665 - - default default] 10.0.0.248 "POST /v2.0/subnets HTTP/1.1" status: 201 len: 830 time: 0.4801531
2026-07-02 11:15:14.679 9 INFO neutron.db.l3_db [None req-daaf928f-0c32-4e06-86f4-020d349ddb80 2841b0f176394f05a9b7745f412bcc0b 5eb4db50cae54cb283298fc37e40e21d - - default default] Floating IP cd431a37-bd5a-4d31-8851-bfc9a4c2a5bb associated. External IP: 10.96.250.215, port: b86b2509-18e6-4591-a199-98ae47db642f.
2026-07-02 11:15:15.119 10 INFO neutron.db.ovn_revision_numbers_db [None req-549ce9df-92b2-41ba-a97e-c8219d9c6d70 dcf404d32f1d4b2fb66b417914d8f1b4 391c0440525e4b50a32fc7c6059cf665 - - default default] Successfully bumped revision number for resource b33932a5-3195-4cbd-9ffe-f3fa9357e113 (type: routers) to 1
2026-07-02 11:15:15.124 9 INFO neutron.db.ovn_revision_numbers_db [None req-daaf928f-0c32-4e06-86f4-020d349ddb80 2841b0f176394f05a9b7745f412bcc0b 5eb4db50cae54cb283298fc37e40e21d - - default default] Successfully bumped revision number for resource cd431a37-bd5a-4d31-8851-bfc9a4c2a5bb (type: floatingips) to 1
2026-07-02 11:15:15.146 10 INFO neutron.wsgi [None req-549ce9df-92b2-41ba-a97e-c8219d9c6d70 dcf404d32f1d4b2fb66b417914d8f1b4 391c0440525e4b50a32fc7c6059cf665 - - default default] 10.0.0.248 "POST /v2.0/routers HTTP/1.1" status: 201 len: 691 time: 0.4617658
2026-07-02 11:15:15.250 9 INFO neutron.db.ovn_revision_numbers_db [None req-daaf928f-0c32-4e06-86f4-020d349ddb80 2841b0f176394f05a9b7745f412bcc0b 5eb4db50cae54cb283298fc37e40e21d - - default default] Successfully bumped revision number for resource cd431a37-bd5a-4d31-8851-bfc9a4c2a5bb (type: floatingips) to 2
2026-07-02 11:15:15.271 9 INFO neutron.wsgi [None req-daaf928f-0c32-4e06-86f4-020d349ddb80 2841b0f176394f05a9b7745f412bcc0b 5eb4db50cae54cb283298fc37e40e21d - - default default] 10.0.0.248 "PUT /v2.0/floatingips/cd431a37-bd5a-4d31-8851-bfc9a4c2a5bb HTTP/1.1" status: 200 len: 1049 time: 0.8720047
2026-07-02 11:15:15.279 10 INFO neutron.wsgi [None req-59adc3c7-6099-43ec-b2de-147c0ac1371d 28aba42f3e944f5585f7cfd2fa21aa58 551bb1d207824899b8ea7dd122b76265 - - default default] 10.0.0.248 "DELETE /v2.0/subnets/d78f6a7a-a11a-4660-9111-b43231f186ba HTTP/1.1" status: 204 len: 168 time: 0.6290224
2026-07-02 11:15:15.333 9 INFO neutron.notifiers.nova [-] Nova event matching ['req-a085a6c3-fca6-431a-9b58-7fc5002baeb6'] response: {'name': 'network-changed', 'server_uuid': '8180e461-6028-4db8-9a2b-a84e55b75ba5', 'tag': 'b86b2509-18e6-4591-a199-98ae47db642f', 'status': 'completed', 'code': 200} /var/lib/openstack/lib/python3.10/site-packages/pycadf/identifier.py:71: UserWarning: Invalid uuid: neutron. To ensure interoperability, identifiers should be a valid uuid. warnings.warn(('Invalid uuid: %s. To ensure interoperability, '
2026-07-02 11:15:15.400 10 INFO neutron.wsgi [req-ca590c5b-9804-4647-8934-e191a7e2cdc5 req-c283bd71-2078-4932-863d-8aace4122528 2841b0f176394f05a9b7745f412bcc0b 5eb4db50cae54cb283298fc37e40e21d - - default default] 10.0.0.229 "GET /v2.0/ports?device_id=8180e461-6028-4db8-9a2b-a84e55b75ba5 HTTP/1.1" status: 200 len: 1170 time: 0.0653310
2026-07-02 11:15:15.413 9 INFO neutron.wsgi [req-f5220997-18ac-4942-8713-23ab414fb07f req-de35c8d7-dedf-46f6-837a-79bf416e9343 c009b804a6574fc1a3e7663aadd95622 a1e5a7691a304189972788d916dfc909 - - 7e6cee0005ce4cdbbd56e806f4693548 7e6cee0005ce4cdbbd56e806f4693548] 199.19.213.63 "GET /v2.0/ports?tenant_id=5eb4db50cae54cb283298fc37e40e21d&device_id=8180e461-6028-4db8-9a2b-a84e55b75ba5 HTTP/1.1" status: 200 len: 1409 time: 0.0520172
2026-07-02 11:15:15.479 9 INFO neutron.wsgi [req-f5220997-18ac-4942-8713-23ab414fb07f req-f0cd0589-8018-41ed-a970-ace1081d1a17 c009b804a6574fc1a3e7663aadd95622 a1e5a7691a304189972788d916dfc909 - - 7e6cee0005ce4cdbbd56e806f4693548 7e6cee0005ce4cdbbd56e806f4693548] 199.19.213.63 "GET /v2.0/networks?id=e184ed09-3ab7-42ba-96b9-70ec7e237f22 HTTP/1.1" status: 200 len: 973 time: 0.0593383
2026-07-02 11:15:15.518 10 INFO neutron.wsgi [req-ca590c5b-9804-4647-8934-e191a7e2cdc5 req-46dd3d0a-b1b8-4185-8980-e997141e155c 2841b0f176394f05a9b7745f412bcc0b 5eb4db50cae54cb283298fc37e40e21d - - default default] 10.0.0.229 "GET /v2.0/security-groups?id=3b405d13-5468-4740-bd75-086b2a536cfc&fields=id&fields=name HTTP/1.1" status: 200 len: 312 time: 0.0992408
2026-07-02 11:15:15.520 9 INFO neutron.wsgi [req-f5220997-18ac-4942-8713-23ab414fb07f req-82196f02-b4de-4629-9fcb-3f2b00bf58c6 c009b804a6574fc1a3e7663aadd95622 a1e5a7691a304189972788d916dfc909 - - 7e6cee0005ce4cdbbd56e806f4693548 7e6cee0005ce4cdbbd56e806f4693548] 199.19.213.63 "GET /v2.0/floatingips?fixed_ip_address=10.100.0.6&port_id=b86b2509-18e6-4591-a199-98ae47db642f HTTP/1.1" status: 200 len: 1059 time: 0.0376196
2026-07-02 11:15:15.564 9 INFO neutron.wsgi [req-f5220997-18ac-4942-8713-23ab414fb07f req-dea32e51-b7c3-4f81-ba35-7b479427438d c009b804a6574fc1a3e7663aadd95622 a1e5a7691a304189972788d916dfc909 - - 7e6cee0005ce4cdbbd56e806f4693548 7e6cee0005ce4cdbbd56e806f4693548] 199.19.213.63 "GET /v2.0/subnets?id=5f56088f-569c-4c51-a17c-67688fcc5d37 HTTP/1.1" status: 200 len: 868 time: 0.0352621
2026-07-02 11:15:15.595 9 INFO neutron.wsgi [req-f5220997-18ac-4942-8713-23ab414fb07f req-7e7e54b8-ea93-4fda-a319-14139c25f91e c009b804a6574fc1a3e7663aadd95622 a1e5a7691a304189972788d916dfc909 - - 7e6cee0005ce4cdbbd56e806f4693548 7e6cee0005ce4cdbbd56e806f4693548] 199.19.213.63 "GET /v2.0/ports?network_id=e184ed09-3ab7-42ba-96b9-70ec7e237f22&device_owner=network%3Adhcp HTTP/1.1" status: 200 len: 210 time: 0.0256929
2026-07-02 11:15:15.702 9 INFO neutron.wsgi [req-f5220997-18ac-4942-8713-23ab414fb07f req-775e07b6-daa4-4644-915d-6dbd8899d795 c009b804a6574fc1a3e7663aadd95622 a1e5a7691a304189972788d916dfc909 - - 7e6cee0005ce4cdbbd56e806f4693548 7e6cee0005ce4cdbbd56e806f4693548] 199.19.213.63 "GET /v2.0/networks/e184ed09-3ab7-42ba-96b9-70ec7e237f22?fields=segments HTTP/1.1" status: 200 len: 212 time: 0.0975480
2026-07-02 11:15:15.775 9 INFO neutron.wsgi [req-f5220997-18ac-4942-8713-23ab414fb07f req-8bb63fa9-b8a3-4b98-a3ad-55084b82463b c009b804a6574fc1a3e7663aadd95622 a1e5a7691a304189972788d916dfc909 - - 7e6cee0005ce4cdbbd56e806f4693548 7e6cee0005ce4cdbbd56e806f4693548] 199.19.213.63 "GET /v2.0/networks/e184ed09-3ab7-42ba-96b9-70ec7e237f22?fields=provider%3Aphysical_network&fields=provider%3Anetwork_type HTTP/1.1" status: 200 len: 277 time: 0.0666940
2026-07-02 11:15:15.849 10 WARNING neutron.scheduler.dhcp_agent_scheduler [None req-4dd9d41c-78b7-4b9b-bcb4-ebdc4651bd51 dcf404d32f1d4b2fb66b417914d8f1b4 391c0440525e4b50a32fc7c6059cf665 - - default default] No more DHCP agents
2026-07-02 11:15:15.852 10 INFO neutron.plugins.ml2.drivers.ovn.mech_driver.mech_driver [None req-763d87c8-6bdf-4eba-92f2-49be3e009292 - - - - - -] OVN reports status down for port: b86b2509-18e6-4591-a199-98ae47db642f
2026-07-02 11:15:15.859 10 INFO neutron.wsgi [req-e457c7d1-3bc1-489a-b995-c0b62357cc11 req-7d361819-aeb7-4de3-bd3d-899387390a8f 2841b0f176394f05a9b7745f412bcc0b 5eb4db50cae54cb283298fc37e40e21d - - default default] 10.0.0.229 "GET /v2.0/ports?device_id=8180e461-6028-4db8-9a2b-a84e55b75ba5 HTTP/1.1" status: 200 len: 1170 time: 0.0678685
2026-07-02 11:15:15.862 10 WARNING neutron.api.rpc.agentnotifiers.dhcp_rpc_agent_api [None req-4dd9d41c-78b7-4b9b-bcb4-ebdc4651bd51 dcf404d32f1d4b2fb66b417914d8f1b4 391c0440525e4b50a32fc7c6059cf665 - - default default] Unable to schedule network f6cf411a-70d4-47db-9381-a7c25f7da19c: no agents available; will retry on subsequent port and subnet creation events.
2026-07-02 11:15:15.982 10 INFO neutron.wsgi [req-e457c7d1-3bc1-489a-b995-c0b62357cc11 req-808e59f7-8ce0-42b5-9821-032fc5dfed99 2841b0f176394f05a9b7745f412bcc0b 5eb4db50cae54cb283298fc37e40e21d - - default default] 10.0.0.229 "GET /v2.0/security-groups?id=3b405d13-5468-4740-bd75-086b2a536cfc&fields=id&fields=name HTTP/1.1" status: 200 len: 312 time: 0.1083419
2026-07-02 11:15:16.060 10 INFO neutron.services.segments.plugin [-] Segment 39cd95a9-c1b2-4264-a66a-dc660c3581c3 resource provider aggregate not found
2026-07-02 11:15:16.071 10 INFO neutron.services.segments.plugin [-] Segment 39cd95a9-c1b2-4264-a66a-dc660c3581c3 resource provider aggregate not found
2026-07-02 11:15:16.082 10 INFO neutron.services.segments.plugin [-] Segment 39cd95a9-c1b2-4264-a66a-dc660c3581c3 resource provider not found; error: Placement Client Error (4xx): {"errors": [{"status": 404, "title": "Not Found", "detail": "The resource could not be found.\n\n No resource provider with uuid 39cd95a9-c1b2-4264-a66a-dc660c3581c3 found for delete ", "request_id": "req-a4a4dd0c-b3ff-4b6e-a324-c20836198547"}]}
2026-07-02 11:15:16.102 10 INFO neutron.wsgi [None req-e32f8081-a6ef-46dc-a866-7cc7842f3acd 28aba42f3e944f5585f7cfd2fa21aa58 551bb1d207824899b8ea7dd122b76265 - - default default] 10.0.0.248 "DELETE /v2.0/networks/fc3ef91e-f7f9-4120-a82e-78e3740c0f2f HTTP/1.1" status: 204 len: 168 time: 0.8179677
2026-07-02 11:15:16.103 10 INFO neutron.services.segments.plugin [-] Segment 39cd95a9-c1b2-4264-a66a-dc660c3581c3 resource provider not found; error: Placement Client Error (4xx): {"errors": [{"status": 404, "title": "Not Found", "detail": "The resource could not be found.\n\n No resource provider with uuid 39cd95a9-c1b2-4264-a66a-dc660c3581c3 found for delete ", "request_id": "req-d32d8de4-d5a1-479d-9ff9-7ad63c93916f"}]}
2026-07-02 11:15:16.133 10 INFO neutron.db.ovn_revision_numbers_db [None req-4dd9d41c-78b7-4b9b-bcb4-ebdc4651bd51 dcf404d32f1d4b2fb66b417914d8f1b4 391c0440525e4b50a32fc7c6059cf665 - - default default] Successfully bumped revision number for resource a925daa9-99da-498b-9b2d-0b5794fe94c9 (type: ports) to 1
2026-07-02 11:15:16.276 9 INFO neutron.wsgi [req-104393ea-6ef4-45b8-8d65-31379975e583 req-a2a579bc-62bf-45f3-be36-2c1a8b7d313a 2841b0f176394f05a9b7745f412bcc0b 5eb4db50cae54cb283298fc37e40e21d - - default default] 199.19.213.63 "GET /v2.0/ports?device_id=8180e461-6028-4db8-9a2b-a84e55b75ba5 HTTP/1.1" status: 200 len: 1168 time: 0.1038768
2026-07-02 11:15:16.452 10 INFO neutron.db.ovn_revision_numbers_db [None req-763d87c8-6bdf-4eba-92f2-49be3e009292 - - - - - -] Successfully bumped revision number for resource b86b2509-18e6-4591-a199-98ae47db642f (type: ports) to 5
2026-07-02 11:15:16.635 9 INFO neutron.db.l3_db [req-104393ea-6ef4-45b8-8d65-31379975e583 req-02f831b5-78c9-4f0c-a905-30f46721cd6b 2841b0f176394f05a9b7745f412bcc0b 5eb4db50cae54cb283298fc37e40e21d - - default default] Floating IP cd431a37-bd5a-4d31-8851-bfc9a4c2a5bb disassociated. External IP: 10.96.250.215, port: b86b2509-18e6-4591-a199-98ae47db642f.
2026-07-02 11:15:16.683 10 INFO neutron.plugins.ml2.drivers.ovn.mech_driver.mech_driver [None req-763d87c8-6bdf-4eba-92f2-49be3e009292 - - - - - -] OVN reports status up for port: a925daa9-99da-498b-9b2d-0b5794fe94c9
2026-07-02 11:15:16.703 10 INFO neutron.plugins.ml2.plugin [None req-763d87c8-6bdf-4eba-92f2-49be3e009292 - - - - - -] Attempt 1 to provision port a925daa9-99da-498b-9b2d-0b5794fe94c9
2026-07-02 11:15:16.723 10 INFO neutron.notifiers.nova [-] Nova event matching ['req-d4c99006-d66b-4e6d-bf7b-21de7435329a'] response: {'server_uuid': '8180e461-6028-4db8-9a2b-a84e55b75ba5', 'name': 'network-vif-unplugged', 'status': 'completed', 'tag': 'b86b2509-18e6-4591-a199-98ae47db642f', 'code': 200}
2026-07-02 11:15:16.723 10 INFO neutron.notifiers.nova [-] Nova event matching ['req-d4c99006-d66b-4e6d-bf7b-21de7435329a'] response: {'server_uuid': '8180e461-6028-4db8-9a2b-a84e55b75ba5', 'name': 'network-vif-plugged', 'status': 'completed', 'tag': 'b86b2509-18e6-4591-a199-98ae47db642f', 'code': 200}
2026-07-02 11:15:16.735 10 INFO neutron.db.ovn_revision_numbers_db [None req-4dd9d41c-78b7-4b9b-bcb4-ebdc4651bd51 dcf404d32f1d4b2fb66b417914d8f1b4 391c0440525e4b50a32fc7c6059cf665 - - default default] Successfully bumped revision number for resource a925daa9-99da-498b-9b2d-0b5794fe94c9 (type: router_ports) to 1
2026-07-02 11:15:16.871 9 INFO neutron.wsgi [req-104393ea-6ef4-45b8-8d65-31379975e583 req-02f831b5-78c9-4f0c-a905-30f46721cd6b 2841b0f176394f05a9b7745f412bcc0b 5eb4db50cae54cb283298fc37e40e21d - - default default] 199.19.213.63 "DELETE /v2.0/ports/b86b2509-18e6-4591-a199-98ae47db642f HTTP/1.1" status: 204 len: 173 time: 0.5913830 /var/lib/openstack/lib/python3.10/site-packages/pycadf/identifier.py:71: UserWarning: Invalid uuid: neutron. To ensure interoperability, identifiers should be a valid uuid. warnings.warn(('Invalid uuid: %s. To ensure interoperability, '
2026-07-02 11:15:16.905 10 INFO neutron.db.ovn_revision_numbers_db [None req-4dd9d41c-78b7-4b9b-bcb4-ebdc4651bd51 dcf404d32f1d4b2fb66b417914d8f1b4 391c0440525e4b50a32fc7c6059cf665 - - default default] Successfully bumped revision number for resource a925daa9-99da-498b-9b2d-0b5794fe94c9 (type: ports) to 1
2026-07-02 11:15:16.958 10 INFO neutron.wsgi [None req-d4aaac2a-6061-4a0b-9f82-e2ed44d950cf 77240ad744294c35b7ae80100fc78dbe 0a98d02fb3d8404a862651be04768bd5 - - default default] 10.0.0.248 "GET /v2.0/security-groups?tenant_id=551bb1d207824899b8ea7dd122b76265&name=default HTTP/1.1" status: 200 len: 2996 time: 0.2069268
2026-07-02 11:15:17.074 10 WARNING neutron.scheduler.dhcp_agent_scheduler [None req-4dd9d41c-78b7-4b9b-bcb4-ebdc4651bd51 dcf404d32f1d4b2fb66b417914d8f1b4 391c0440525e4b50a32fc7c6059cf665 - - default default] No more DHCP agents
2026-07-02 11:15:17.087 10 WARNING neutron.api.rpc.agentnotifiers.dhcp_rpc_agent_api [None req-4dd9d41c-78b7-4b9b-bcb4-ebdc4651bd51 dcf404d32f1d4b2fb66b417914d8f1b4 391c0440525e4b50a32fc7c6059cf665 - - default default] Unable to schedule network f6cf411a-70d4-47db-9381-a7c25f7da19c: no agents available; will retry on subsequent port and subnet creation events.
2026-07-02 11:15:17.115 10 INFO neutron.wsgi [req-8f7a4928-4c13-462a-b8b2-9da70d6505c5 req-b6f6e515-e251-42cb-a27d-2b8b755ca06e 2841b0f176394f05a9b7745f412bcc0b 5eb4db50cae54cb283298fc37e40e21d - - default default] 10.0.0.229 "GET /v2.0/ports?device_id=8180e461-6028-4db8-9a2b-a84e55b75ba5 HTTP/1.1" status: 200 len: 210 time: 0.0446424
2026-07-02 11:15:17.373 9 INFO neutron.notifiers.nova [-] Nova event matching ['req-d09faa88-d315-434e-974f-78853bd84fc1'] response: {'server_uuid': '8180e461-6028-4db8-9a2b-a84e55b75ba5', 'name': 'network-vif-deleted', 'tag': 'b86b2509-18e6-4591-a199-98ae47db642f', 'status': 'completed', 'code': 200}
2026-07-02 11:15:17.421 10 INFO neutron.db.ovn_revision_numbers_db [None req-b20dc421-79ca-4f52-b82e-a36df47f9d2e 77240ad744294c35b7ae80100fc78dbe 0a98d02fb3d8404a862651be04768bd5 - - default default] Successfully bumped revision number for resource dfb6deb2-c092-4733-8874-ef24584ee492 (type: security_groups) to 1
2026-07-02 11:15:17.485 10 INFO neutron.db.ovn_revision_numbers_db [None req-b20dc421-79ca-4f52-b82e-a36df47f9d2e 77240ad744294c35b7ae80100fc78dbe 0a98d02fb3d8404a862651be04768bd5 - - default default] Successfully bumped revision number for resource 048e5801-ddcf-487e-a7d2-588f694b2888 (type: security_group_rules) to 0
2026-07-02 11:15:17.513 10 INFO neutron.db.ovn_revision_numbers_db [None req-763d87c8-6bdf-4eba-92f2-49be3e009292 - - - - - -] Successfully bumped revision number for resource a925daa9-99da-498b-9b2d-0b5794fe94c9 (type: ports) to 2
2026-07-02 11:15:17.523 10 INFO neutron.db.ovn_revision_numbers_db [None req-b20dc421-79ca-4f52-b82e-a36df47f9d2e 77240ad744294c35b7ae80100fc78dbe 0a98d02fb3d8404a862651be04768bd5 - - default default] Successfully bumped revision number for resource 1b8d3c7a-7163-4042-8cc1-05a30071ce0f (type: security_group_rules) to 0
2026-07-02 11:15:17.568 10 INFO neutron.db.ovn_revision_numbers_db [None req-b20dc421-79ca-4f52-b82e-a36df47f9d2e 77240ad744294c35b7ae80100fc78dbe 0a98d02fb3d8404a862651be04768bd5 - - default default] Successfully bumped revision number for resource 201b9176-4bd0-41c1-a6c1-6553397f1130 (type: security_group_rules) to 0
2026-07-02 11:15:17.621 10 INFO neutron.db.ovn_revision_numbers_db [None req-b20dc421-79ca-4f52-b82e-a36df47f9d2e 77240ad744294c35b7ae80100fc78dbe 0a98d02fb3d8404a862651be04768bd5 - - default default] Successfully bumped revision number for resource 9cef2bc8-8bce-46dc-b452-0c7a64dd46be (type: security_group_rules) to 0
2026-07-02 11:15:17.680 10 INFO neutron.wsgi [None req-b20dc421-79ca-4f52-b82e-a36df47f9d2e 77240ad744294c35b7ae80100fc78dbe 0a98d02fb3d8404a862651be04768bd5 - - default default] 10.0.0.248 "GET /v2.0/security-groups?tenant_id=85bcf51c47e04d059c5442d8a9029258&name=default HTTP/1.1" status: 200 len: 2996 time: 0.9544005 /var/lib/openstack/lib/python3.10/site-packages/pycadf/identifier.py:71: UserWarning: Invalid uuid: neutron. To ensure interoperability, identifiers should be a valid uuid. warnings.warn(('Invalid uuid: %s. To ensure interoperability, '
2026-07-02 11:15:17.726 10 INFO neutron.db.ovn_revision_numbers_db [None req-4dd9d41c-78b7-4b9b-bcb4-ebdc4651bd51 dcf404d32f1d4b2fb66b417914d8f1b4 391c0440525e4b50a32fc7c6059cf665 - - default default] Successfully bumped revision number for resource a925daa9-99da-498b-9b2d-0b5794fe94c9 (type: router_ports) to 2
2026-07-02 11:15:17.729 10 INFO neutron.wsgi [None req-4dd9d41c-78b7-4b9b-bcb4-ebdc4651bd51 dcf404d32f1d4b2fb66b417914d8f1b4 391c0440525e4b50a32fc7c6059cf665 - - default default] 10.0.0.248 "PUT /v2.0/routers/b33932a5-3195-4cbd-9ffe-f3fa9357e113/add_router_interface HTTP/1.1" status: 200 len: 503 time: 2.5761664
2026-07-02 11:15:17.789 10 INFO neutron.wsgi [None req-b96a56c9-0de5-4456-8f45-1bfe51975212 77240ad744294c35b7ae80100fc78dbe 0a98d02fb3d8404a862651be04768bd5 - - default default] 10.0.0.248 "DELETE /v2.0/security-groups/3fda4532-8f71-4ca3-a061-fcab3898471f HTTP/1.1" status: 204 len: 168 time: 0.8261149
2026-07-02 11:15:17.842 9 INFO neutron.wsgi [None req-f03d11f4-8f9a-4081-85e8-cbb9e297d91a dcf404d32f1d4b2fb66b417914d8f1b4 391c0440525e4b50a32fc7c6059cf665 - - default default] 10.0.0.248 "GET /v2.0/ports/a925daa9-99da-498b-9b2d-0b5794fe94c9 HTTP/1.1" status: 200 len: 1141 time: 0.1052477
2026-07-02 11:15:17.920 9 INFO neutron.wsgi [None req-f9fcfd47-7af3-48cc-8581-d83b9a62d3c7 77240ad744294c35b7ae80100fc78dbe 0a98d02fb3d8404a862651be04768bd5 - - default default] 10.0.0.248 "DELETE /v2.0/security-groups/dfb6deb2-c092-4733-8874-ef24584ee492 HTTP/1.1" status: 204 len: 168 time: 0.2341044
2026-07-02 11:15:18.224 9 INFO neutron.db.ovn_revision_numbers_db [None req-6d0280e7-381f-492a-819a-83e183a56b25 77240ad744294c35b7ae80100fc78dbe 0a98d02fb3d8404a862651be04768bd5 - - default default] Successfully bumped revision number for resource 59bf0726-f195-4159-8b47-36e09e2edaab (type: security_groups) to 1
2026-07-02 11:15:18.239 9 INFO neutron.db.ovn_revision_numbers_db [None req-6d0280e7-381f-492a-819a-83e183a56b25 77240ad744294c35b7ae80100fc78dbe 0a98d02fb3d8404a862651be04768bd5 - - default default] Successfully bumped revision number for resource 5213f85a-8a62-458f-93e7-22b39b5ccb7c (type: security_group_rules) to 0
2026-07-02 11:15:18.263 9 INFO neutron.db.ovn_revision_numbers_db [None req-6d0280e7-381f-492a-819a-83e183a56b25 77240ad744294c35b7ae80100fc78dbe 0a98d02fb3d8404a862651be04768bd5 - - default default] Successfully bumped revision number for resource 601981b9-eefc-469d-aed3-4f5289653baa (type: security_group_rules) to 0
2026-07-02 11:15:18.285 9 INFO neutron.db.ovn_revision_numbers_db [None req-6d0280e7-381f-492a-819a-83e183a56b25 77240ad744294c35b7ae80100fc78dbe 0a98d02fb3d8404a862651be04768bd5 - - default default] Successfully bumped revision number for resource 76df8a92-ff43-4047-81d3-4df571c721ea (type: security_group_rules) to 0
2026-07-02 11:15:18.304 9 INFO neutron.db.ovn_revision_numbers_db [None req-6d0280e7-381f-492a-819a-83e183a56b25 77240ad744294c35b7ae80100fc78dbe 0a98d02fb3d8404a862651be04768bd5 - - default default] Successfully bumped revision number for resource d840b299-b25c-4ba6-b859-a64df4d2b878 (type: security_group_rules) to 0
2026-07-02 11:15:18.328 9 INFO neutron.wsgi [None req-6d0280e7-381f-492a-819a-83e183a56b25 77240ad744294c35b7ae80100fc78dbe 0a98d02fb3d8404a862651be04768bd5 - - default default] 10.0.0.248 "GET /v2.0/security-groups?tenant_id=15cc2715d5ce4b1db95b2d4774007840&name=default HTTP/1.1" status: 200 len: 2996 time: 0.2472119
2026-07-02 11:15:18.390 9 INFO neutron.wsgi [None req-4bfc387e-9b07-4fd0-9594-7112c3178cf9 2841b0f176394f05a9b7745f412bcc0b 5eb4db50cae54cb283298fc37e40e21d - - default default] 10.0.0.248 "DELETE /v2.0/security-groups/3b405d13-5468-4740-bd75-086b2a536cfc HTTP/1.1" status: 204 len: 168 time: 0.1373582
2026-07-02 11:15:18.404 9 INFO neutron.api.v2.resource [None req-5f61ba86-3f99-4c65-9dbd-c1fdf71a4c22 2841b0f176394f05a9b7745f412bcc0b 5eb4db50cae54cb283298fc37e40e21d - - default default] show failed (client error): The resource could not be found.
2026-07-02 11:15:18.405 9 INFO neutron.wsgi [None req-5f61ba86-3f99-4c65-9dbd-c1fdf71a4c22 2841b0f176394f05a9b7745f412bcc0b 5eb4db50cae54cb283298fc37e40e21d - - default default] 10.0.0.248 "GET /v2.0/security-groups/3b405d13-5468-4740-bd75-086b2a536cfc HTTP/1.1" status: 404 len: 347 time: 0.0103312
2026-07-02 11:15:18.419 10 WARNING neutron.scheduler.dhcp_agent_scheduler [None req-62db6073-0552-4b61-b3a3-ba862c411176 dcf404d32f1d4b2fb66b417914d8f1b4 391c0440525e4b50a32fc7c6059cf665 - - default default] No more DHCP agents
2026-07-02 11:15:18.421 10 WARNING neutron.api.rpc.agentnotifiers.dhcp_rpc_agent_api [None req-62db6073-0552-4b61-b3a3-ba862c411176 dcf404d32f1d4b2fb66b417914d8f1b4 391c0440525e4b50a32fc7c6059cf665 - - default default] Unable to schedule network 7785e556-babf-4949-a376-7d377bacc081: no agents available; will retry on subsequent port and subnet creation events.
2026-07-02 11:15:18.548 10 INFO neutron.db.ovn_revision_numbers_db [None req-62db6073-0552-4b61-b3a3-ba862c411176 dcf404d32f1d4b2fb66b417914d8f1b4 391c0440525e4b50a32fc7c6059cf665 - - default default] Successfully bumped revision number for resource a8c14c4f-3dae-491c-995e-dd584ebe5cf0 (type: ports) to 1
2026-07-02 11:15:18.640 10 INFO neutron.wsgi [None req-3f1a386a-0c9e-4648-b4a1-39c24cabb52d 77240ad744294c35b7ae80100fc78dbe 0a98d02fb3d8404a862651be04768bd5 - - default default] 10.0.0.248 "DELETE /v2.0/security-groups/59bf0726-f195-4159-8b47-36e09e2edaab HTTP/1.1" status: 204 len: 168 time: 0.3058054
2026-07-02 11:15:18.760 9 INFO neutron.wsgi [None req-289ec596-3d28-4c10-9253-e0e9bd237f26 2841b0f176394f05a9b7745f412bcc0b 5eb4db50cae54cb283298fc37e40e21d - - default default] 10.0.0.248 "DELETE /v2.0/floatingips/cd431a37-bd5a-4d31-8851-bfc9a4c2a5bb HTTP/1.1" status: 204 len: 168 time: 0.3509896
2026-07-02 11:15:19.170 9 INFO neutron.plugins.ml2.drivers.ovn.mech_driver.mech_driver [None req-b582701f-b510-457f-adbc-1e1007217209 - - - - - -] OVN reports status up for port: a8c14c4f-3dae-491c-995e-dd584ebe5cf0
2026-07-02 11:15:19.180 9 INFO neutron.plugins.ml2.plugin [None req-b582701f-b510-457f-adbc-1e1007217209 - - - - - -] Attempt 1 to provision port a8c14c4f-3dae-491c-995e-dd584ebe5cf0
2026-07-02 11:15:19.199 10 INFO neutron.db.ovn_revision_numbers_db [None req-62db6073-0552-4b61-b3a3-ba862c411176 dcf404d32f1d4b2fb66b417914d8f1b4 391c0440525e4b50a32fc7c6059cf665 - - default default] Successfully bumped revision number for resource a8c14c4f-3dae-491c-995e-dd584ebe5cf0 (type: router_ports) to 1
2026-07-02 11:15:19.367 10 INFO neutron.db.ovn_revision_numbers_db [None req-62db6073-0552-4b61-b3a3-ba862c411176 dcf404d32f1d4b2fb66b417914d8f1b4 391c0440525e4b50a32fc7c6059cf665 - - default default] Successfully bumped revision number for resource a8c14c4f-3dae-491c-995e-dd584ebe5cf0 (type: ports) to 1
2026-07-02 11:15:19.471 9 INFO neutron.db.ovn_revision_numbers_db [None req-b582701f-b510-457f-adbc-1e1007217209 - - - - - -] Successfully bumped revision number for resource a8c14c4f-3dae-491c-995e-dd584ebe5cf0 (type: ports) to 2
2026-07-02 11:15:19.478 10 WARNING neutron.scheduler.dhcp_agent_scheduler [None req-62db6073-0552-4b61-b3a3-ba862c411176 dcf404d32f1d4b2fb66b417914d8f1b4 391c0440525e4b50a32fc7c6059cf665 - - default default] No more DHCP agents
2026-07-02 11:15:19.480 10 WARNING neutron.api.rpc.agentnotifiers.dhcp_rpc_agent_api [None req-62db6073-0552-4b61-b3a3-ba862c411176 dcf404d32f1d4b2fb66b417914d8f1b4 391c0440525e4b50a32fc7c6059cf665 - - default default] Unable to schedule network 7785e556-babf-4949-a376-7d377bacc081: no agents available; will retry on subsequent port and subnet creation events.
2026-07-02 11:15:19.617 9 INFO neutron.db.ovn_revision_numbers_db [None req-b582701f-b510-457f-adbc-1e1007217209 - - - - - -] Successfully bumped revision number for resource a8c14c4f-3dae-491c-995e-dd584ebe5cf0 (type: router_ports) to 2
2026-07-02 11:15:19.720 10 INFO neutron.db.ovn_revision_numbers_db [None req-62db6073-0552-4b61-b3a3-ba862c411176 dcf404d32f1d4b2fb66b417914d8f1b4 391c0440525e4b50a32fc7c6059cf665 - - default default] Successfully bumped revision number for resource a8c14c4f-3dae-491c-995e-dd584ebe5cf0 (type: router_ports) to 2
2026-07-02 11:15:19.723 10 INFO neutron.wsgi [None req-62db6073-0552-4b61-b3a3-ba862c411176 dcf404d32f1d4b2fb66b417914d8f1b4 391c0440525e4b50a32fc7c6059cf665 - - default default] 10.0.0.248 "PUT /v2.0/routers/b33932a5-3195-4cbd-9ffe-f3fa9357e113/add_router_interface HTTP/1.1" status: 200 len: 503 time: 1.8757236
2026-07-02 11:15:19.811 9 INFO neutron.wsgi [None req-03a5313a-6997-40f1-84d3-2c8298a809b6 dcf404d32f1d4b2fb66b417914d8f1b4 391c0440525e4b50a32fc7c6059cf665 - - default default] 10.0.0.248 "GET /v2.0/ports/a8c14c4f-3dae-491c-995e-dd584ebe5cf0 HTTP/1.1" status: 200 len: 1149 time: 0.0833516
2026-07-02 11:15:20.050 9 INFO neutron.db.ovn_revision_numbers_db [None req-58fb8017-a9f9-47e3-b0f5-11b0629454b8 fee026d0183a4162b0400492f498c6fb 41658446b0424391ac95b599ac9eef1c - - default default] Successfully bumped revision number for resource 61406a30-ecda-4108-8eac-87ab9ce3f1f6 (type: security_groups) to 1
2026-07-02 11:15:20.074 9 INFO neutron.db.ovn_revision_numbers_db [None req-58fb8017-a9f9-47e3-b0f5-11b0629454b8 fee026d0183a4162b0400492f498c6fb 41658446b0424391ac95b599ac9eef1c - - default default] Successfully bumped revision number for resource 3e350e72-abee-4944-9e4d-f7cd6a2efac7 (type: security_group_rules) to 0
2026-07-02 11:15:20.092 9 INFO neutron.db.ovn_revision_numbers_db [None req-58fb8017-a9f9-47e3-b0f5-11b0629454b8 fee026d0183a4162b0400492f498c6fb 41658446b0424391ac95b599ac9eef1c - - default default] Successfully bumped revision number for resource 95977df0-2cb8-4caa-927b-bc1b771bc641 (type: security_group_rules) to 0
2026-07-02 11:15:20.108 9 INFO neutron.db.ovn_revision_numbers_db [None req-58fb8017-a9f9-47e3-b0f5-11b0629454b8 fee026d0183a4162b0400492f498c6fb 41658446b0424391ac95b599ac9eef1c - - default default] Successfully bumped revision number for resource 97756902-9eaa-4030-affa-4974486e748d (type: security_group_rules) to 0
