2026-07-02 11:16:12.298 9 WARNING neutron.scheduler.dhcp_agent_scheduler [None req-d8aa0eca-cf99-4e1e-ba6d-16ac3cbd6b0f cad145f87c2c456eb7fa960a99e7fed1 c4b68023693a4bf0bff18cca4ef65769 - - default default] No more DHCP agents
2026-07-02 11:16:12.300 9 WARNING neutron.api.rpc.agentnotifiers.dhcp_rpc_agent_api [None req-d8aa0eca-cf99-4e1e-ba6d-16ac3cbd6b0f cad145f87c2c456eb7fa960a99e7fed1 c4b68023693a4bf0bff18cca4ef65769 - - default default] Unable to schedule network 902fe9d2-d052-47ff-9b87-050c9f2b2e34: no agents available; will retry on subsequent port and subnet creation events.
2026-07-02 11:16:12.467 9 INFO neutron.db.ovn_revision_numbers_db [None req-d8aa0eca-cf99-4e1e-ba6d-16ac3cbd6b0f cad145f87c2c456eb7fa960a99e7fed1 c4b68023693a4bf0bff18cca4ef65769 - - default default] Successfully bumped revision number for resource a2ed036d-90df-4816-8fe4-4429a9ebcabd (type: ports) to 1
2026-07-02 11:16:12.833 9 INFO neutron.plugins.ml2.drivers.ovn.mech_driver.mech_driver [None req-b582701f-b510-457f-adbc-1e1007217209 - - - - - -] OVN reports status up for port: a2ed036d-90df-4816-8fe4-4429a9ebcabd
2026-07-02 11:16:12.848 9 INFO neutron.notifiers.nova [-] Nova event matching ['req-f59817c0-94f6-4490-b9ae-a65e3b773233'] response: {'server_uuid': '08d6c3be-b1ac-4e72-8086-dc7a09995462', 'name': 'network-vif-plugged', 'status': 'completed', 'tag': '72c46b84-3a9c-4cba-98c3-88bb14be87b3', 'code': 200}
2026-07-02 11:16:12.852 9 INFO neutron.plugins.ml2.plugin [None req-b582701f-b510-457f-adbc-1e1007217209 - - - - - -] Attempt 1 to provision port a2ed036d-90df-4816-8fe4-4429a9ebcabd
2026-07-02 11:16:12.873 9 INFO neutron.db.ovn_revision_numbers_db [None req-d8aa0eca-cf99-4e1e-ba6d-16ac3cbd6b0f cad145f87c2c456eb7fa960a99e7fed1 c4b68023693a4bf0bff18cca4ef65769 - - default default] Successfully bumped revision number for resource a2ed036d-90df-4816-8fe4-4429a9ebcabd (type: router_ports) to 1
2026-07-02 11:16:13.493 9 INFO neutron.db.ovn_revision_numbers_db [None req-d8aa0eca-cf99-4e1e-ba6d-16ac3cbd6b0f cad145f87c2c456eb7fa960a99e7fed1 c4b68023693a4bf0bff18cca4ef65769 - - default default] Successfully bumped revision number for resource a2ed036d-90df-4816-8fe4-4429a9ebcabd (type: ports) to 1
2026-07-02 11:16:13.617 9 WARNING neutron.scheduler.dhcp_agent_scheduler [None req-d8aa0eca-cf99-4e1e-ba6d-16ac3cbd6b0f cad145f87c2c456eb7fa960a99e7fed1 c4b68023693a4bf0bff18cca4ef65769 - - default default] No more DHCP agents
2026-07-02 11:16:13.622 9 WARNING neutron.api.rpc.agentnotifiers.dhcp_rpc_agent_api [None req-d8aa0eca-cf99-4e1e-ba6d-16ac3cbd6b0f cad145f87c2c456eb7fa960a99e7fed1 c4b68023693a4bf0bff18cca4ef65769 - - default default] Unable to schedule network 902fe9d2-d052-47ff-9b87-050c9f2b2e34: no agents available; will retry on subsequent port and subnet creation events.
2026-07-02 11:16:13.636 10 INFO neutron.wsgi [-] 10.0.0.201 "GET / HTTP/1.1" status: 200 len: 247 time: 0.0019274
2026-07-02 11:16:13.639 10 INFO neutron.wsgi [-] 10.0.0.201 "GET / HTTP/1.1" status: 200 len: 247 time: 0.0024476
2026-07-02 11:16:13.643 9 INFO neutron.db.ovn_revision_numbers_db [None req-b582701f-b510-457f-adbc-1e1007217209 - - - - - -] Successfully bumped revision number for resource a2ed036d-90df-4816-8fe4-4429a9ebcabd (type: ports) to 2
2026-07-02 11:16:13.889 9 INFO neutron.db.ovn_revision_numbers_db [None req-b582701f-b510-457f-adbc-1e1007217209 - - - - - -] Successfully bumped revision number for resource a2ed036d-90df-4816-8fe4-4429a9ebcabd (type: router_ports) to 2
2026-07-02 11:16:13.929 9 INFO neutron.db.ovn_revision_numbers_db [None req-d8aa0eca-cf99-4e1e-ba6d-16ac3cbd6b0f cad145f87c2c456eb7fa960a99e7fed1 c4b68023693a4bf0bff18cca4ef65769 - - default default] Successfully bumped revision number for resource a2ed036d-90df-4816-8fe4-4429a9ebcabd (type: router_ports) to 2
2026-07-02 11:16:13.931 9 INFO neutron.wsgi [None req-d8aa0eca-cf99-4e1e-ba6d-16ac3cbd6b0f cad145f87c2c456eb7fa960a99e7fed1 c4b68023693a4bf0bff18cca4ef65769 - - default default] 10.0.0.248 "PUT /v2.0/routers/4694b381-4535-4712-a589-06785a495b5c/add_router_interface HTTP/1.1" status: 200 len: 503 time: 2.1344104
2026-07-02 11:16:14.031 10 INFO neutron.wsgi [None req-98493323-7891-4c21-a16d-9fb5463a3d2d cad145f87c2c456eb7fa960a99e7fed1 c4b68023693a4bf0bff18cca4ef65769 - - default default] 10.0.0.248 "GET /v2.0/ports/a2ed036d-90df-4816-8fe4-4429a9ebcabd HTTP/1.1" status: 200 len: 1137 time: 0.0942998
2026-07-02 11:16:14.069 10 INFO neutron.wsgi [None req-e0c3f113-ae6f-48f1-9be6-0146a6bed87b cad145f87c2c456eb7fa960a99e7fed1 c4b68023693a4bf0bff18cca4ef65769 - - default default] 10.0.0.248 "GET /v2.0/ports/a2ed036d-90df-4816-8fe4-4429a9ebcabd HTTP/1.1" status: 200 len: 1137 time: 0.0331190
2026-07-02 11:16:14.227 9 INFO neutron.wsgi [None req-beb7a0ed-1679-4630-8f8f-6766426617ea 69f08653cfa74a4da9ab31eb5d18bd53 ebfc21dee6ca44f0a1702205a047333d - - default default] 10.0.0.180 "GET /v2.0/extensions HTTP/1.1" status: 200 len: 16525 time: 0.1352937
2026-07-02 11:16:14.375 9 INFO neutron.wsgi [None req-66f5477a-c812-4829-9f94-d326bb1d5154 69f08653cfa74a4da9ab31eb5d18bd53 ebfc21dee6ca44f0a1702205a047333d - - default default] 10.0.0.180 "GET /v2.0/quotas/ebfc21dee6ca44f0a1702205a047333d/details HTTP/1.1" status: 200 len: 756 time: 0.1321025
2026-07-02 11:16:14.557 9 INFO neutron.wsgi [None req-33ae022c-050a-4f77-af7b-d745ef7d34ac 77240ad744294c35b7ae80100fc78dbe 0a98d02fb3d8404a862651be04768bd5 - - default default] 10.0.0.248 "PUT /v2.0/routers/a807efa3-d58c-4faa-b409-3e6869c8fe62/remove_router_interface HTTP/1.1" status: 200 len: 503 time: 1.6913676 /var/lib/openstack/lib/python3.10/site-packages/pycadf/identifier.py:71: UserWarning: Invalid uuid: neutron. To ensure interoperability, identifiers should be a valid uuid. warnings.warn(('Invalid uuid: %s. To ensure interoperability, '
2026-07-02 11:16:15.003 10 INFO neutron.wsgi [None req-976beff4-f00f-4a13-a112-0cb7229b04d6 cad145f87c2c456eb7fa960a99e7fed1 c4b68023693a4bf0bff18cca4ef65769 - - default default] 10.0.0.248 "PUT /v2.0/routers/4694b381-4535-4712-a589-06785a495b5c/remove_router_interface HTTP/1.1" status: 200 len: 503 time: 0.9304790 /var/lib/openstack/lib/python3.10/site-packages/pycadf/identifier.py:71: UserWarning: Invalid uuid: neutron. To ensure interoperability, identifiers should be a valid uuid. warnings.warn(('Invalid uuid: %s. To ensure interoperability, '
2026-07-02 11:16:15.038 10 INFO neutron.wsgi [None req-d3b4510f-d636-4000-82e1-6c20e2952c76 cad145f87c2c456eb7fa960a99e7fed1 c4b68023693a4bf0bff18cca4ef65769 - - default default] 10.0.0.248 "GET /v2.0/ports?device_id=4694b381-4535-4712-a589-06785a495b5c HTTP/1.1" status: 200 len: 205 time: 0.0275400
2026-07-02 11:16:15.185 9 INFO neutron.wsgi [None req-9ce75c76-5d61-4378-8fb1-01c0244f9ce2 77240ad744294c35b7ae80100fc78dbe 0a98d02fb3d8404a862651be04768bd5 - - default default] 10.0.0.248 "DELETE /v2.0/routers/a807efa3-d58c-4faa-b409-3e6869c8fe62 HTTP/1.1" status: 204 len: 168 time: 0.6090052
2026-07-02 11:16:15.305 10 INFO neutron.wsgi [None req-3351fbab-6eaf-4588-b8a8-c3314b8a759a cad145f87c2c456eb7fa960a99e7fed1 c4b68023693a4bf0bff18cca4ef65769 - - default default] 10.0.0.248 "DELETE /v2.0/routers/4694b381-4535-4712-a589-06785a495b5c HTTP/1.1" status: 204 len: 168 time: 0.2620792
2026-07-02 11:16:15.404 9 INFO neutron.wsgi [None req-13508431-7de2-4599-a329-0ddea73f448d 77240ad744294c35b7ae80100fc78dbe 0a98d02fb3d8404a862651be04768bd5 - - default default] 10.0.0.248 "DELETE /v2.0/subnets/e4c72130-a424-42fe-9044-6c0e7e4f8ebd HTTP/1.1" status: 204 len: 168 time: 0.2129576
2026-07-02 11:16:15.505 10 INFO neutron.wsgi [None req-4bab9df9-5d37-4b3c-9bc3-8d8d92b57814 cad145f87c2c456eb7fa960a99e7fed1 c4b68023693a4bf0bff18cca4ef65769 - - default default] 10.0.0.248 "DELETE /v2.0/subnets/b1571e50-c28f-4e80-8025-a183fb2b5dfd HTTP/1.1" status: 204 len: 168 time: 0.1960042
2026-07-02 11:16:15.816 9 INFO neutron.services.segments.plugin [-] Segment 7d582cdc-b8d5-48da-a4d9-8007fc9104a5 resource provider aggregate not found
2026-07-02 11:16:15.821 9 INFO neutron.services.segments.plugin [-] Segment 7d582cdc-b8d5-48da-a4d9-8007fc9104a5 resource provider aggregate not found
2026-07-02 11:16:15.841 9 INFO neutron.services.segments.plugin [-] Segment 7d582cdc-b8d5-48da-a4d9-8007fc9104a5 resource provider not found; error: Placement Client Error (4xx): {"errors": [{"status": 404, "title": "Not Found", "detail": "The resource could not be found.\n\n No resource provider with uuid 7d582cdc-b8d5-48da-a4d9-8007fc9104a5 found for delete ", "request_id": "req-8233e9b6-0398-44ac-a3e0-5e8465abbddd"}]}
2026-07-02 11:16:15.842 9 INFO neutron.services.segments.plugin [-] Segment 7d582cdc-b8d5-48da-a4d9-8007fc9104a5 resource provider not found; error: Placement Client Error (4xx): {"errors": [{"status": 404, "title": "Not Found", "detail": "The resource could not be found.\n\n No resource provider with uuid 7d582cdc-b8d5-48da-a4d9-8007fc9104a5 found for delete ", "request_id": "req-0c7aff31-f93b-444d-a10e-39c203e03d55"}]}
2026-07-02 11:16:15.870 9 INFO neutron.wsgi [None req-e95069d8-446f-4351-8e2e-6d32f6beaae0 77240ad744294c35b7ae80100fc78dbe 0a98d02fb3d8404a862651be04768bd5 - - default default] 10.0.0.248 "DELETE /v2.0/networks/c93a5f45-f2b0-434f-82f3-62b50e6eee87 HTTP/1.1" status: 204 len: 168 time: 0.4592433
2026-07-02 11:16:15.956 9 INFO neutron.wsgi [None req-542271e1-b1f0-47b5-814d-a2b0c436323c cad145f87c2c456eb7fa960a99e7fed1 c4b68023693a4bf0bff18cca4ef65769 - - default default] 10.0.0.248 "DELETE /v2.0/networks/902fe9d2-d052-47ff-9b87-050c9f2b2e34 HTTP/1.1" status: 204 len: 168 time: 0.4459796
2026-07-02 11:16:16.081 10 INFO neutron.wsgi [None req-15b42474-6bf4-4481-9ccc-8d8060ae37f3 77240ad744294c35b7ae80100fc78dbe 0a98d02fb3d8404a862651be04768bd5 - - default default] 10.0.0.248 "GET /v2.0/security-groups?tenant_id=28c1e7dae7cf40ef9401ec5de545c4ce&name=default HTTP/1.1" status: 200 len: 2996 time: 0.0461998
2026-07-02 11:16:16.321 10 INFO neutron.wsgi [None req-97a438e5-09a9-473c-bcc5-3b31a8975791 77240ad744294c35b7ae80100fc78dbe 0a98d02fb3d8404a862651be04768bd5 - - default default] 10.0.0.248 "DELETE /v2.0/security-groups/dc52cb00-7ac7-4b0c-8845-f4b57727535f HTTP/1.1" status: 204 len: 168 time: 0.2317119
2026-07-02 11:16:16.752 9 WARNING neutron.scheduler.dhcp_agent_scheduler [None req-1a4c1030-5fe4-41a3-bcbc-b537b92aff49 cad145f87c2c456eb7fa960a99e7fed1 c4b68023693a4bf0bff18cca4ef65769 - - default default] No more DHCP agents
2026-07-02 11:16:16.755 9 WARNING neutron.api.rpc.agentnotifiers.dhcp_rpc_agent_api [None req-1a4c1030-5fe4-41a3-bcbc-b537b92aff49 cad145f87c2c456eb7fa960a99e7fed1 c4b68023693a4bf0bff18cca4ef65769 - - default default] Unable to schedule network 8ee51cf5-5613-4fd9-a1a5-7a52d1319abd: no agents available; will retry on subsequent port and subnet creation events.
2026-07-02 11:16:16.912 10 INFO neutron.wsgi [None req-e1a769ac-ca19-4d89-868c-6cae003ffa02 69f08653cfa74a4da9ab31eb5d18bd53 ebfc21dee6ca44f0a1702205a047333d - - default default] 10.0.0.180 "GET /v2.0/extensions HTTP/1.1" status: 200 len: 16525 time: 0.0100169
2026-07-02 11:16:16.983 9 INFO neutron.db.ovn_revision_numbers_db [None req-1a4c1030-5fe4-41a3-bcbc-b537b92aff49 cad145f87c2c456eb7fa960a99e7fed1 c4b68023693a4bf0bff18cca4ef65769 - - default default] Successfully bumped revision number for resource 411a0134-f56b-4f82-9cf9-776dcfca27c0 (type: ports) to 1
2026-07-02 11:16:17.029 10 INFO neutron.wsgi [req-33a73826-0bc1-4167-af57-bce7b975b470 req-d1f4e01e-99a4-4316-8c23-3bc49b88859c c009b804a6574fc1a3e7663aadd95622 a1e5a7691a304189972788d916dfc909 - - 7e6cee0005ce4cdbbd56e806f4693548 7e6cee0005ce4cdbbd56e806f4693548] 10.0.0.47 "GET /v2.0/ports?device_id=2d38d819-10f2-4dfb-bb48-61419a35936e HTTP/1.1" status: 200 len: 1409 time: 0.0410964
2026-07-02 11:16:17.057 9 INFO neutron.wsgi [None req-8ec6f531-47dc-4930-8cbf-30e712019264 69f08653cfa74a4da9ab31eb5d18bd53 ebfc21dee6ca44f0a1702205a047333d - - default default] 10.0.0.180 "GET /v2.0/quotas/ebfc21dee6ca44f0a1702205a047333d/details HTTP/1.1" status: 200 len: 756 time: 0.1335065
2026-07-02 11:16:17.083 10 INFO neutron.wsgi [req-33a73826-0bc1-4167-af57-bce7b975b470 req-41104b1d-7ad1-49dd-9037-6cf343dd3af6 c009b804a6574fc1a3e7663aadd95622 a1e5a7691a304189972788d916dfc909 - - 7e6cee0005ce4cdbbd56e806f4693548 7e6cee0005ce4cdbbd56e806f4693548] 10.0.0.47 "GET /v2.0/security-groups?id=189cbc6e-18dd-4a76-a322-1bc5ebe44980&fields=id&fields=name HTTP/1.1" status: 200 len: 313 time: 0.0469229
2026-07-02 11:16:17.670 9 INFO neutron.db.ovn_revision_numbers_db [None req-1a4c1030-5fe4-41a3-bcbc-b537b92aff49 cad145f87c2c456eb7fa960a99e7fed1 c4b68023693a4bf0bff18cca4ef65769 - - default default] Successfully bumped revision number for resource 411a0134-f56b-4f82-9cf9-776dcfca27c0 (type: router_ports) to 1
2026-07-02 11:16:17.726 9 INFO neutron.db.ovn_revision_numbers_db [None req-1a4c1030-5fe4-41a3-bcbc-b537b92aff49 cad145f87c2c456eb7fa960a99e7fed1 c4b68023693a4bf0bff18cca4ef65769 - - default default] Successfully bumped revision number for resource 99146942-8676-49b1-8bcc-a8b6a23aafa8 (type: routers) to 2
2026-07-02 11:16:17.745 9 INFO neutron.wsgi [None req-1a4c1030-5fe4-41a3-bcbc-b537b92aff49 cad145f87c2c456eb7fa960a99e7fed1 c4b68023693a4bf0bff18cca4ef65769 - - default default] 10.0.0.248 "POST /v2.0/routers HTTP/1.1" status: 201 len: 867 time: 1.7777615
2026-07-02 11:16:17.815 9 INFO neutron.wsgi [None req-08ee703a-167d-4f96-b262-5173b1ae5b52 cad145f87c2c456eb7fa960a99e7fed1 c4b68023693a4bf0bff18cca4ef65769 - - default default] 10.0.0.248 "GET /v2.0/routers/99146942-8676-49b1-8bcc-a8b6a23aafa8 HTTP/1.1" status: 200 len: 868 time: 0.0657842
2026-07-02 11:16:17.890 9 INFO neutron.services.segments.plugin [-] Segment 078417c9-c799-463c-beee-a3acc8b6398b resource provider aggregate not found
2026-07-02 11:16:17.895 9 INFO neutron.services.segments.plugin [-] Segment 078417c9-c799-463c-beee-a3acc8b6398b resource provider aggregate not found
2026-07-02 11:16:17.919 9 INFO neutron.services.segments.plugin [-] Segment 078417c9-c799-463c-beee-a3acc8b6398b resource provider not found; error: Placement Client Error (4xx): {"errors": [{"status": 404, "title": "Not Found", "detail": "The resource could not be found.\n\n No resource provider with uuid 078417c9-c799-463c-beee-a3acc8b6398b found for delete ", "request_id": "req-c12d7891-498a-4682-9f14-f7fd404a745d"}]}
2026-07-02 11:16:17.920 9 INFO neutron.services.segments.plugin [-] Segment 078417c9-c799-463c-beee-a3acc8b6398b resource provider not found; error: Placement Client Error (4xx): {"errors": [{"status": 404, "title": "Not Found", "detail": "The resource could not be found.\n\n No resource provider with uuid 078417c9-c799-463c-beee-a3acc8b6398b found for delete ", "request_id": "req-2d5bec67-c791-48e1-b020-a8d70366401d"}]}
2026-07-02 11:16:17.947 9 INFO neutron.wsgi [None req-2bd393f1-af03-4cae-b1a6-d1e520d47ad6 cad145f87c2c456eb7fa960a99e7fed1 c4b68023693a4bf0bff18cca4ef65769 - - default default] 10.0.0.248 "GET /v2.0/routers HTTP/1.1" status: 200 len: 871 time: 0.1265116
2026-07-02 11:16:18.441 9 INFO neutron.db.ovn_revision_numbers_db [None req-b56f6bc3-9ce9-4844-addc-1719da3df624 cad145f87c2c456eb7fa960a99e7fed1 c4b68023693a4bf0bff18cca4ef65769 - - default default] Successfully bumped revision number for resource 99146942-8676-49b1-8bcc-a8b6a23aafa8 (type: routers) to 3
2026-07-02 11:16:18.445 9 INFO neutron.wsgi [None req-b56f6bc3-9ce9-4844-addc-1719da3df624 cad145f87c2c456eb7fa960a99e7fed1 c4b68023693a4bf0bff18cca4ef65769 - - default default] 10.0.0.248 "PUT /v2.0/routers/99146942-8676-49b1-8bcc-a8b6a23aafa8 HTTP/1.1" status: 200 len: 875 time: 0.4924552
2026-07-02 11:16:18.538 9 INFO neutron.wsgi [None req-ee308e7b-82a9-4f5f-aef8-fd975e5dbb5a cad145f87c2c456eb7fa960a99e7fed1 c4b68023693a4bf0bff18cca4ef65769 - - default default] 10.0.0.248 "GET /v2.0/routers/99146942-8676-49b1-8bcc-a8b6a23aafa8 HTTP/1.1" status: 200 len: 875 time: 0.0814431
2026-07-02 11:16:18.582 9 INFO neutron.wsgi [None req-aa9ac056-bd0b-4b7b-9b85-2696f0bd92e3 cad145f87c2c456eb7fa960a99e7fed1 c4b68023693a4bf0bff18cca4ef65769 - - default default] 10.0.0.248 "GET /v2.0/ports?device_id=99146942-8676-49b1-8bcc-a8b6a23aafa8 HTTP/1.1" status: 200 len: 205 time: 0.0356748
2026-07-02 11:16:19.217 9 INFO neutron.wsgi [None req-1f100f4f-c314-4406-8ce9-73627bbb98e0 cad145f87c2c456eb7fa960a99e7fed1 c4b68023693a4bf0bff18cca4ef65769 - - default default] 10.0.0.248 "DELETE /v2.0/routers/99146942-8676-49b1-8bcc-a8b6a23aafa8 HTTP/1.1" status: 204 len: 168 time: 0.6313045
2026-07-02 11:16:19.254 9 INFO neutron.wsgi [None req-5b7b1649-9539-4abb-aaaa-bb04fc3b4cf2 cad145f87c2c456eb7fa960a99e7fed1 c4b68023693a4bf0bff18cca4ef65769 - - default default] 10.0.0.248 "GET /v2.0/ports?device_id=99146942-8676-49b1-8bcc-a8b6a23aafa8 HTTP/1.1" status: 200 len: 205 time: 0.0292518
2026-07-02 11:16:19.283 9 INFO neutron.api.v2.resource [None req-aada8383-d5d3-491f-b414-ba688453f047 cad145f87c2c456eb7fa960a99e7fed1 c4b68023693a4bf0bff18cca4ef65769 - - default default] delete failed (client error): The resource could not be found.
2026-07-02 11:16:19.284 9 INFO neutron.wsgi [None req-aada8383-d5d3-491f-b414-ba688453f047 cad145f87c2c456eb7fa960a99e7fed1 c4b68023693a4bf0bff18cca4ef65769 - - default default] 10.0.0.248 "DELETE /v2.0/routers/99146942-8676-49b1-8bcc-a8b6a23aafa8 HTTP/1.1" status: 404 len: 336 time: 0.0255890
2026-07-02 11:16:19.311 9 INFO neutron.wsgi [None req-eefbdbb6-8f52-425e-83e8-e1aecef42505 cad145f87c2c456eb7fa960a99e7fed1 c4b68023693a4bf0bff18cca4ef65769 - - default default] 10.0.0.248 "GET /v2.0/ports?device_id=4694b381-4535-4712-a589-06785a495b5c HTTP/1.1" status: 200 len: 205 time: 0.0241408
2026-07-02 11:16:19.341 9 INFO neutron.api.v2.resource [None req-f10045d0-e682-40f4-9c38-9ba38453f57d cad145f87c2c456eb7fa960a99e7fed1 c4b68023693a4bf0bff18cca4ef65769 - - default default] delete failed (client error): The resource could not be found.
2026-07-02 11:16:19.343 9 INFO neutron.wsgi [None req-f10045d0-e682-40f4-9c38-9ba38453f57d cad145f87c2c456eb7fa960a99e7fed1 c4b68023693a4bf0bff18cca4ef65769 - - default default] 10.0.0.248 "DELETE /v2.0/routers/4694b381-4535-4712-a589-06785a495b5c HTTP/1.1" status: 404 len: 336 time: 0.0266380
2026-07-02 11:16:19.359 9 INFO neutron.pecan_wsgi.hooks.translation [None req-29041e04-f760-4c96-a23b-46916a8e9d98 cad145f87c2c456eb7fa960a99e7fed1 c4b68023693a4bf0bff18cca4ef65769 - - default default] DELETE failed (client error): The resource could not be found.
2026-07-02 11:16:19.361 9 INFO neutron.wsgi [None req-29041e04-f760-4c96-a23b-46916a8e9d98 cad145f87c2c456eb7fa960a99e7fed1 c4b68023693a4bf0bff18cca4ef65769 - - default default] 10.0.0.248 "DELETE /v2.0/subnets/b1571e50-c28f-4e80-8025-a183fb2b5dfd HTTP/1.1" status: 404 len: 337 time: 0.0148525
2026-07-02 11:16:19.385 9 INFO neutron.wsgi [None req-f60fea4a-cd66-462b-840c-5d96752b2d7e cad145f87c2c456eb7fa960a99e7fed1 c4b68023693a4bf0bff18cca4ef65769 - - default default] 10.0.0.248 "GET /v2.0/ports?device_id=1d23ac82-da5b-4070-8884-6cae2fa45f63 HTTP/1.1" status: 200 len: 205 time: 0.0202465
2026-07-02 11:16:19.408 9 INFO neutron.api.v2.resource [None req-7915c94f-b73d-4dc1-921f-ac210951f9cc cad145f87c2c456eb7fa960a99e7fed1 c4b68023693a4bf0bff18cca4ef65769 - - default default] delete failed (client error): The resource could not be found.
2026-07-02 11:16:19.409 9 INFO neutron.wsgi [None req-7915c94f-b73d-4dc1-921f-ac210951f9cc cad145f87c2c456eb7fa960a99e7fed1 c4b68023693a4bf0bff18cca4ef65769 - - default default] 10.0.0.248 "DELETE /v2.0/routers/1d23ac82-da5b-4070-8884-6cae2fa45f63 HTTP/1.1" status: 404 len: 336 time: 0.0205541
2026-07-02 11:16:19.431 9 INFO neutron.pecan_wsgi.hooks.translation [None req-bebabcda-6c28-4270-a51e-2875a7e2a5b9 cad145f87c2c456eb7fa960a99e7fed1 c4b68023693a4bf0bff18cca4ef65769 - - default default] DELETE failed (client error): The resource could not be found.
2026-07-02 11:16:19.434 9 INFO neutron.wsgi [None req-bebabcda-6c28-4270-a51e-2875a7e2a5b9 cad145f87c2c456eb7fa960a99e7fed1 c4b68023693a4bf0bff18cca4ef65769 - - default default] 10.0.0.248 "DELETE /v2.0/subnets/4bf815c0-d3d6-4602-b323-98b7f5c60329 HTTP/1.1" status: 404 len: 337 time: 0.0205832
2026-07-02 11:16:19.463 9 INFO neutron.wsgi [None req-7983b24c-aec2-4901-b1f2-ae0aaa82ba67 cad145f87c2c456eb7fa960a99e7fed1 c4b68023693a4bf0bff18cca4ef65769 - - default default] 10.0.0.248 "GET /v2.0/ports?device_id=7a0eafb4-62e2-481d-b9f1-4b0988ae1c71 HTTP/1.1" status: 200 len: 205 time: 0.0244408
2026-07-02 11:16:19.492 10 INFO neutron.api.v2.resource [None req-27d1a16e-318b-439b-9781-0febd87bd37b cad145f87c2c456eb7fa960a99e7fed1 c4b68023693a4bf0bff18cca4ef65769 - - default default] delete failed (client error): The resource could not be found.
2026-07-02 11:16:19.494 10 INFO neutron.wsgi [None req-27d1a16e-318b-439b-9781-0febd87bd37b cad145f87c2c456eb7fa960a99e7fed1 c4b68023693a4bf0bff18cca4ef65769 - - default default] 10.0.0.248 "DELETE /v2.0/routers/7a0eafb4-62e2-481d-b9f1-4b0988ae1c71 HTTP/1.1" status: 404 len: 336 time: 0.0261815
2026-07-02 11:16:19.513 10 INFO neutron.pecan_wsgi.hooks.translation [None req-c9dd5fe1-014f-4d6c-8bfe-006e11e8693e cad145f87c2c456eb7fa960a99e7fed1 c4b68023693a4bf0bff18cca4ef65769 - - default default] DELETE failed (client error): The resource could not be found.
2026-07-02 11:16:19.515 10 INFO neutron.wsgi [None req-c9dd5fe1-014f-4d6c-8bfe-006e11e8693e cad145f87c2c456eb7fa960a99e7fed1 c4b68023693a4bf0bff18cca4ef65769 - - default default] 10.0.0.248 "DELETE /v2.0/subnets/8ba98b3a-68b2-424a-8433-d952a1885a84 HTTP/1.1" status: 404 len: 337 time: 0.0170097
2026-07-02 11:16:19.536 10 INFO neutron.pecan_wsgi.hooks.translation [None req-75212f2c-4823-4948-b488-091b223f6aad cad145f87c2c456eb7fa960a99e7fed1 c4b68023693a4bf0bff18cca4ef65769 - - default default] DELETE failed (client error): The resource could not be found.
2026-07-02 11:16:19.538 10 INFO neutron.wsgi [None req-75212f2c-4823-4948-b488-091b223f6aad cad145f87c2c456eb7fa960a99e7fed1 c4b68023693a4bf0bff18cca4ef65769 - - default default] 10.0.0.248 "DELETE /v2.0/subnets/dbe73875-e129-4521-9152-399f7721b249 HTTP/1.1" status: 404 len: 337 time: 0.0180349
2026-07-02 11:16:19.549 9 WARNING neutron.plugins.ml2.drivers.ovn.mech_driver.ovsdb.ovn_client [None req-b582701f-b510-457f-adbc-1e1007217209 - - - - - -] No port found with ID a2ed036d-90df-4816-8fe4-4429a9ebcabd: RuntimeError: No port found with ID a2ed036d-90df-4816-8fe4-4429a9ebcabd
2026-07-02 11:16:19.549 9 INFO neutron.plugins.ml2.drivers.ovn.mech_driver.mech_driver [None req-b582701f-b510-457f-adbc-1e1007217209 - - - - - -] OVN reports status up for port: 411a0134-f56b-4f82-9cf9-776dcfca27c0
2026-07-02 11:16:20.034 10 INFO neutron.db.ovn_revision_numbers_db [None req-c2984ae6-dd55-47e3-a1d1-39411b16a560 77240ad744294c35b7ae80100fc78dbe 0a98d02fb3d8404a862651be04768bd5 - - default default] Successfully bumped revision number for resource a01e3de0-6498-478a-84dd-569d2ec37f87 (type: security_groups) to 1
2026-07-02 11:16:20.051 10 INFO neutron.db.ovn_revision_numbers_db [None req-c2984ae6-dd55-47e3-a1d1-39411b16a560 77240ad744294c35b7ae80100fc78dbe 0a98d02fb3d8404a862651be04768bd5 - - default default] Successfully bumped revision number for resource 1f0d2220-ea5c-4211-856f-e15ae0f9c35e (type: security_group_rules) to 0
2026-07-02 11:16:20.069 10 INFO neutron.db.ovn_revision_numbers_db [None req-c2984ae6-dd55-47e3-a1d1-39411b16a560 77240ad744294c35b7ae80100fc78dbe 0a98d02fb3d8404a862651be04768bd5 - - default default] Successfully bumped revision number for resource 75119b22-431b-44a9-b410-74a2b52e12db (type: security_group_rules) to 0
2026-07-02 11:16:20.085 10 INFO neutron.db.ovn_revision_numbers_db [None req-c2984ae6-dd55-47e3-a1d1-39411b16a560 77240ad744294c35b7ae80100fc78dbe 0a98d02fb3d8404a862651be04768bd5 - - default default] Successfully bumped revision number for resource dbf6fda0-a2c1-495b-993a-3ea19ea2835c (type: security_group_rules) to 0
2026-07-02 11:16:20.107 10 INFO neutron.db.ovn_revision_numbers_db [None req-c2984ae6-dd55-47e3-a1d1-39411b16a560 77240ad744294c35b7ae80100fc78dbe 0a98d02fb3d8404a862651be04768bd5 - - default default] Successfully bumped revision number for resource f926049c-9878-4c64-901b-ef8b5786a786 (type: security_group_rules) to 0
2026-07-02 11:16:20.134 10 INFO neutron.wsgi [None req-c2984ae6-dd55-47e3-a1d1-39411b16a560 77240ad744294c35b7ae80100fc78dbe 0a98d02fb3d8404a862651be04768bd5 - - default default] 10.0.0.248 "GET /v2.0/security-groups?tenant_id=ebfc21dee6ca44f0a1702205a047333d&name=default HTTP/1.1" status: 200 len: 2996 time: 0.4690642
2026-07-02 11:16:20.141 10 INFO neutron.wsgi [None req-6840aea4-3180-49b5-af13-aa9c6fb73b46 77240ad744294c35b7ae80100fc78dbe 0a98d02fb3d8404a862651be04768bd5 - - default default] 10.0.0.248 "GET /v2.0/security-groups?tenant_id=c4b68023693a4bf0bff18cca4ef65769&name=default HTTP/1.1" status: 200 len: 2996 time: 0.0932732
2026-07-02 11:16:20.358 9 INFO neutron.wsgi [None req-b70ec9ba-f25a-4660-b156-ae4ed6e99c79 77240ad744294c35b7ae80100fc78dbe 0a98d02fb3d8404a862651be04768bd5 - - default default] 10.0.0.248 "DELETE /v2.0/security-groups/a01e3de0-6498-478a-84dd-569d2ec37f87 HTTP/1.1" status: 204 len: 168 time: 0.2180333
2026-07-02 11:16:20.363 10 INFO neutron.wsgi [None req-35973e21-7f8c-4c27-83d9-9adb7085a218 77240ad744294c35b7ae80100fc78dbe 0a98d02fb3d8404a862651be04768bd5 - - default default] 10.0.0.248 "DELETE /v2.0/security-groups/3aa6f1eb-4d68-425f-8a2d-b87b718e4e49 HTTP/1.1" status: 204 len: 168 time: 0.2162187
2026-07-02 11:16:21.544 10 INFO neutron.wsgi [req-8743fa6a-6425-48d0-bbe8-6fb3ad16c844 req-6252fee2-8697-4089-aa15-f6c0f19b418b e146d90c1c2c40c7905a178fd59ac0b0 cc6389961abe4634b40722a02252bd53 - - default default] 10.0.0.229 "GET /v2.0/ports?device_id=2d38d819-10f2-4dfb-bb48-61419a35936e HTTP/1.1" status: 200 len: 1170 time: 0.0944052
2026-07-02 11:16:21.600 10 INFO neutron.wsgi [req-8743fa6a-6425-48d0-bbe8-6fb3ad16c844 req-255a130b-49f8-4b24-ab71-971fb3583274 e146d90c1c2c40c7905a178fd59ac0b0 cc6389961abe4634b40722a02252bd53 - - default default] 10.0.0.229 "GET /v2.0/security-groups?id=189cbc6e-18dd-4a76-a322-1bc5ebe44980&fields=id&fields=name HTTP/1.1" status: 200 len: 313 time: 0.0455549
2026-07-02 11:16:21.847 10 INFO neutron.wsgi [req-0b5466aa-1518-4c30-8f28-212a34b6f599 req-572fd995-85a2-4920-bce0-6b4f055037b8 e146d90c1c2c40c7905a178fd59ac0b0 cc6389961abe4634b40722a02252bd53 - - default default] 10.0.0.229 "GET /v2.0/ports?device_id=2d38d819-10f2-4dfb-bb48-61419a35936e HTTP/1.1" status: 200 len: 1170 time: 0.0692973
2026-07-02 11:16:21.863 9 INFO neutron.plugins.ml2.drivers.ovn.mech_driver.mech_driver [None req-b582701f-b510-457f-adbc-1e1007217209 - - - - - -] OVN reports status down for port: f9c591ac-fa7e-4ee2-a55d-a9f3da1cd17a
2026-07-02 11:16:21.919 10 INFO neutron.wsgi [req-0b5466aa-1518-4c30-8f28-212a34b6f599 req-4ce5df46-2a5a-4ae9-934d-ed783018906c e146d90c1c2c40c7905a178fd59ac0b0 cc6389961abe4634b40722a02252bd53 - - default default] 10.0.0.229 "GET /v2.0/security-groups?id=189cbc6e-18dd-4a76-a322-1bc5ebe44980&fields=id&fields=name HTTP/1.1" status: 200 len: 313 time: 0.0592294
2026-07-02 11:16:22.070 9 INFO neutron.notifiers.nova [-] Nova event matching ['req-8bf13c76-b126-4b45-9619-93d6c34ae7fd'] response: {'server_uuid': '2d38d819-10f2-4dfb-bb48-61419a35936e', 'name': 'network-vif-unplugged', 'status': 'completed', 'tag': 'f9c591ac-fa7e-4ee2-a55d-a9f3da1cd17a', 'code': 200}
2026-07-02 11:16:22.181 10 INFO neutron.wsgi [req-581286b0-ecd1-4250-85a8-437760cfe99d req-5a92b437-7000-448e-b72c-13cba8ea2946 e146d90c1c2c40c7905a178fd59ac0b0 cc6389961abe4634b40722a02252bd53 - - default default] 199.19.213.63 "GET /v2.0/ports?device_id=2d38d819-10f2-4dfb-bb48-61419a35936e HTTP/1.1" status: 200 len: 1168 time: 0.0458810
2026-07-02 11:16:22.509 9 INFO neutron.db.ovn_revision_numbers_db [None req-b582701f-b510-457f-adbc-1e1007217209 - - - - - -] Successfully bumped revision number for resource f9c591ac-fa7e-4ee2-a55d-a9f3da1cd17a (type: ports) to 7
2026-07-02 11:16:22.529 10 INFO neutron.db.l3_db [req-581286b0-ecd1-4250-85a8-437760cfe99d req-386a2333-1772-48d1-b27d-6368028e9562 e146d90c1c2c40c7905a178fd59ac0b0 cc6389961abe4634b40722a02252bd53 - - default default] Floating IP a003a862-04cd-4846-a8bf-164ffe435a0e disassociated. External IP: 10.96.250.206, port: f9c591ac-fa7e-4ee2-a55d-a9f3da1cd17a. /var/lib/openstack/lib/python3.10/site-packages/pycadf/identifier.py:71: UserWarning: Invalid uuid: neutron. To ensure interoperability, identifiers should be a valid uuid. warnings.warn(('Invalid uuid: %s. To ensure interoperability, '
2026-07-02 11:16:22.682 10 INFO neutron.wsgi [None req-5fbf764c-8b82-40c0-b0c2-439a9c2f0ee2 7b4fbf3dc82844838d3026183a880319 e0d99708657e41b983add8142a70b5d2 - - default default] 10.0.0.248 "POST /v2.0/subnetpools HTTP/1.1" status: 201 len: 748 time: 0.4030290 /var/lib/openstack/lib/python3.10/site-packages/pycadf/identifier.py:71: UserWarning: Invalid uuid: neutron. To ensure interoperability, identifiers should be a valid uuid. warnings.warn(('Invalid uuid: %s. To ensure interoperability, '
2026-07-02 11:16:22.718 9 INFO neutron.wsgi [None req-c84aec5c-6d0c-4182-b124-9e3f08630d42 7b4fbf3dc82844838d3026183a880319 e0d99708657e41b983add8142a70b5d2 - - default default] 10.0.0.248 "GET /v2.0/subnetpools/ee62751b-bcea-468c-a7c4-9fee544fcd6a HTTP/1.1" status: 200 len: 743 time: 0.0300999
2026-07-02 11:16:22.761 10 INFO neutron.wsgi [req-581286b0-ecd1-4250-85a8-437760cfe99d req-386a2333-1772-48d1-b27d-6368028e9562 e146d90c1c2c40c7905a178fd59ac0b0 cc6389961abe4634b40722a02252bd53 - - default default] 199.19.213.63 "DELETE /v2.0/ports/f9c591ac-fa7e-4ee2-a55d-a9f3da1cd17a HTTP/1.1" status: 204 len: 173 time: 0.5731854
2026-07-02 11:16:22.803 10 INFO neutron.notifiers.nova [-] Nova event matching ['req-894b7321-64c4-44b0-b07e-fdb73361a008'] response: {'server_uuid': '2d38d819-10f2-4dfb-bb48-61419a35936e', 'name': 'network-vif-deleted', 'tag': 'f9c591ac-fa7e-4ee2-a55d-a9f3da1cd17a', 'status': 'completed', 'code': 200}
2026-07-02 11:16:22.811 9 INFO neutron.wsgi [None req-fe6bd222-9621-462f-a2fc-9c94a9d93e58 7b4fbf3dc82844838d3026183a880319 e0d99708657e41b983add8142a70b5d2 - - default default] 10.0.0.248 "PUT /v2.0/subnetpools/ee62751b-bcea-468c-a7c4-9fee544fcd6a HTTP/1.1" status: 200 len: 695 time: 0.0877340
2026-07-02 11:16:22.882 9 INFO neutron.wsgi [None req-79f662ba-79de-4b17-adff-a613f510318e 7b4fbf3dc82844838d3026183a880319 e0d99708657e41b983add8142a70b5d2 - - default default] 10.0.0.248 "DELETE /v2.0/subnetpools/ee62751b-bcea-468c-a7c4-9fee544fcd6a HTTP/1.1" status: 204 len: 168 time: 0.0648034
2026-07-02 11:16:22.899 9 INFO neutron.api.v2.resource [None req-daa6b5ce-8750-4f9a-b287-86ad28fc1b7f 7b4fbf3dc82844838d3026183a880319 e0d99708657e41b983add8142a70b5d2 - - default default] show failed (client error): The resource could not be found.
2026-07-02 11:16:22.901 9 INFO neutron.wsgi [None req-daa6b5ce-8750-4f9a-b287-86ad28fc1b7f 7b4fbf3dc82844838d3026183a880319 e0d99708657e41b983add8142a70b5d2 - - default default] 10.0.0.248 "GET /v2.0/subnetpools/ee62751b-bcea-468c-a7c4-9fee544fcd6a HTTP/1.1" status: 404 len: 346 time: 0.0143549
2026-07-02 11:16:22.924 10 INFO neutron.api.v2.resource [None req-4b910e1c-c8c7-46c5-a483-766f673de232 7b4fbf3dc82844838d3026183a880319 e0d99708657e41b983add8142a70b5d2 - - default default] delete failed (client error): The resource could not be found.
2026-07-02 11:16:22.926 10 INFO neutron.wsgi [None req-4b910e1c-c8c7-46c5-a483-766f673de232 7b4fbf3dc82844838d3026183a880319 e0d99708657e41b983add8142a70b5d2 - - default default] 10.0.0.248 "DELETE /v2.0/subnetpools/ee62751b-bcea-468c-a7c4-9fee544fcd6a HTTP/1.1" status: 404 len: 346 time: 0.0191765
2026-07-02 11:16:23.027 10 INFO neutron.wsgi [req-56db5c9e-cfb6-4eb9-8050-8ea6996cede6 req-9eaa5a3d-0ea7-46e2-a9b5-6d2c18a698db e146d90c1c2c40c7905a178fd59ac0b0 cc6389961abe4634b40722a02252bd53 - - default default] 10.0.0.229 "GET /v2.0/ports?device_id=2d38d819-10f2-4dfb-bb48-61419a35936e HTTP/1.1" status: 200 len: 210 time: 0.0208251
2026-07-02 11:16:23.721 9 INFO neutron.db.ovn_revision_numbers_db [None req-19d55b8c-7c5e-4b73-83f1-54391d2c9ddb 77240ad744294c35b7ae80100fc78dbe 0a98d02fb3d8404a862651be04768bd5 - - default default] Successfully bumped revision number for resource 6cee67ab-33ef-4f67-9710-0f4398054006 (type: security_groups) to 1
2026-07-02 11:16:23.737 9 INFO neutron.db.ovn_revision_numbers_db [None req-19d55b8c-7c5e-4b73-83f1-54391d2c9ddb 77240ad744294c35b7ae80100fc78dbe 0a98d02fb3d8404a862651be04768bd5 - - default default] Successfully bumped revision number for resource 45437f96-5990-417d-b108-accf5969b476 (type: security_group_rules) to 0
2026-07-02 11:16:23.754 9 INFO neutron.db.ovn_revision_numbers_db [None req-19d55b8c-7c5e-4b73-83f1-54391d2c9ddb 77240ad744294c35b7ae80100fc78dbe 0a98d02fb3d8404a862651be04768bd5 - - default default] Successfully bumped revision number for resource 4cb38b66-b217-4304-bc3d-fc333854d246 (type: security_group_rules) to 0
2026-07-02 11:16:23.776 9 INFO neutron.db.ovn_revision_numbers_db [None req-19d55b8c-7c5e-4b73-83f1-54391d2c9ddb 77240ad744294c35b7ae80100fc78dbe 0a98d02fb3d8404a862651be04768bd5 - - default default] Successfully bumped revision number for resource 5533a8af-110b-40b7-87b9-3a945827780f (type: security_group_rules) to 0
2026-07-02 11:16:23.792 9 INFO neutron.db.ovn_revision_numbers_db [None req-19d55b8c-7c5e-4b73-83f1-54391d2c9ddb 77240ad744294c35b7ae80100fc78dbe 0a98d02fb3d8404a862651be04768bd5 - - default default] Successfully bumped revision number for resource af96aa76-0f2e-4c68-b14c-2e1ef83b2953 (type: security_group_rules) to 0
2026-07-02 11:16:23.802 10 INFO neutron.db.ovn_revision_numbers_db [None req-8088b55d-3c1e-4f33-9083-49490c81fd8e a8bf2d62c31e45418f76d39fc9b68ef9 d98d35a1dab14b5e8d941d9a1ea8026d - - default default] Successfully bumped revision number for resource dc2838cd-3f8b-40e6-87cd-d6c2e2faad80 (type: security_groups) to 1
2026-07-02 11:16:23.820 10 INFO neutron.db.ovn_revision_numbers_db [None req-8088b55d-3c1e-4f33-9083-49490c81fd8e a8bf2d62c31e45418f76d39fc9b68ef9 d98d35a1dab14b5e8d941d9a1ea8026d - - default default] Successfully bumped revision number for resource 064e2ac0-c01d-4873-adac-cb7349c6cdd5 (type: security_group_rules) to 0
2026-07-02 11:16:23.821 9 INFO neutron.wsgi [None req-19d55b8c-7c5e-4b73-83f1-54391d2c9ddb 77240ad744294c35b7ae80100fc78dbe 0a98d02fb3d8404a862651be04768bd5 - - default default] 10.0.0.248 "GET /v2.0/security-groups?tenant_id=e0d99708657e41b983add8142a70b5d2&name=default HTTP/1.1" status: 200 len: 2996 time: 0.3182635
2026-07-02 11:16:23.838 10 INFO neutron.db.ovn_revision_numbers_db [None req-8088b55d-3c1e-4f33-9083-49490c81fd8e a8bf2d62c31e45418f76d39fc9b68ef9 d98d35a1dab14b5e8d941d9a1ea8026d - - default default] Successfully bumped revision number for resource 602ef43b-0dd6-4a3e-8c9e-7e4cbc5eca62 (type: security_group_rules) to 0
2026-07-02 11:16:23.862 10 INFO neutron.db.ovn_revision_numbers_db [None req-8088b55d-3c1e-4f33-9083-49490c81fd8e a8bf2d62c31e45418f76d39fc9b68ef9 d98d35a1dab14b5e8d941d9a1ea8026d - - default default] Successfully bumped revision number for resource 75d0250e-5b79-437a-bd20-d86d71772bbc (type: security_group_rules) to 0
2026-07-02 11:16:23.882 10 INFO neutron.db.ovn_revision_numbers_db [None req-8088b55d-3c1e-4f33-9083-49490c81fd8e a8bf2d62c31e45418f76d39fc9b68ef9 d98d35a1dab14b5e8d941d9a1ea8026d - - default default] Successfully bumped revision number for resource 7ed634be-8b99-4c82-a740-80ea0c160d2d (type: security_group_rules) to 0
2026-07-02 11:16:23.937 10 INFO neutron.db.segments_db [None req-8088b55d-3c1e-4f33-9083-49490c81fd8e a8bf2d62c31e45418f76d39fc9b68ef9 d98d35a1dab14b5e8d941d9a1ea8026d - - default default] Added segment a1eb320f-300a-48ec-ad90-021853fa6cb6 of type geneve for network bf82e6fc-80cb-48bc-b72e-af56e197ada8
2026-07-02 11:16:24.044 9 INFO neutron.wsgi [None req-20c93f0d-c828-4484-8a35-0df920560655 77240ad744294c35b7ae80100fc78dbe 0a98d02fb3d8404a862651be04768bd5 - - default default] 10.0.0.248 "DELETE /v2.0/security-groups/6cee67ab-33ef-4f67-9710-0f4398054006 HTTP/1.1" status: 204 len: 168 time: 0.2174909
2026-07-02 11:16:24.093 10 INFO neutron.db.ovn_revision_numbers_db [None req-8088b55d-3c1e-4f33-9083-49490c81fd8e a8bf2d62c31e45418f76d39fc9b68ef9 d98d35a1dab14b5e8d941d9a1ea8026d - - default default] Successfully bumped revision number for resource bf82e6fc-80cb-48bc-b72e-af56e197ada8 (type: networks) to 1
2026-07-02 11:16:24.120 9 INFO neutron.notifiers.nova [-] Nova event matching ['req-1983730d-aa63-473d-b351-6eee6705afeb'] response: {'server_uuid': '2d38d819-10f2-4dfb-bb48-61419a35936e', 'name': 'network-vif-plugged', 'status': 'completed', 'tag': 'f9c591ac-fa7e-4ee2-a55d-a9f3da1cd17a', 'code': 200}
2026-07-02 11:16:24.330 10 INFO neutron.wsgi [None req-b22697c8-ee38-4cef-a1fe-51c1df5f668c e146d90c1c2c40c7905a178fd59ac0b0 cc6389961abe4634b40722a02252bd53 - - default default] 10.0.0.248 "DELETE /v2.0/security-groups/189cbc6e-18dd-4a76-a322-1bc5ebe44980 HTTP/1.1" status: 204 len: 168 time: 0.2105074
2026-07-02 11:16:24.339 10 WARNING neutron.scheduler.dhcp_agent_scheduler [None req-8088b55d-3c1e-4f33-9083-49490c81fd8e a8bf2d62c31e45418f76d39fc9b68ef9 d98d35a1dab14b5e8d941d9a1ea8026d - - default default] No more DHCP agents
2026-07-02 11:16:24.342 10 WARNING neutron.api.rpc.agentnotifiers.dhcp_rpc_agent_api [None req-8088b55d-3c1e-4f33-9083-49490c81fd8e a8bf2d62c31e45418f76d39fc9b68ef9 d98d35a1dab14b5e8d941d9a1ea8026d - - default default] Unable to schedule network bf82e6fc-80cb-48bc-b72e-af56e197ada8: no agents available; will retry on subsequent port and subnet creation events.
2026-07-02 11:16:24.347 9 INFO neutron.api.v2.resource [None req-fd083b5f-19bc-41dc-9e49-ef90013cc1dd e146d90c1c2c40c7905a178fd59ac0b0 cc6389961abe4634b40722a02252bd53 - - default default] show failed (client error): The resource could not be found.
2026-07-02 11:16:24.348 9 INFO neutron.wsgi [None req-fd083b5f-19bc-41dc-9e49-ef90013cc1dd e146d90c1c2c40c7905a178fd59ac0b0 cc6389961abe4634b40722a02252bd53 - - default default] 10.0.0.248 "GET /v2.0/security-groups/189cbc6e-18dd-4a76-a322-1bc5ebe44980 HTTP/1.1" status: 404 len: 347 time: 0.0138195
2026-07-02 11:16:24.428 10 INFO neutron.db.ovn_revision_numbers_db [None req-8088b55d-3c1e-4f33-9083-49490c81fd8e a8bf2d62c31e45418f76d39fc9b68ef9 d98d35a1dab14b5e8d941d9a1ea8026d - - default default] Successfully bumped revision number for resource fac5ef3a-62c8-4b75-8263-74029e404ef0 (type: ports) to 1
2026-07-02 11:16:24.454 10 INFO neutron.wsgi [None req-8088b55d-3c1e-4f33-9083-49490c81fd8e a8bf2d62c31e45418f76d39fc9b68ef9 d98d35a1dab14b5e8d941d9a1ea8026d - - default default] 10.0.0.248 "POST /v2.0/networks HTTP/1.1" status: 201 len: 830 time: 1.0415585
2026-07-02 11:16:24.675 9 INFO neutron.wsgi [None req-81fdbbc9-d518-4c16-ba42-0c22ede567d6 e146d90c1c2c40c7905a178fd59ac0b0 cc6389961abe4634b40722a02252bd53 - - default default] 10.0.0.248 "DELETE /v2.0/floatingips/a003a862-04cd-4846-a8bf-164ffe435a0e HTTP/1.1" status: 204 len: 168 time: 0.3221326
2026-07-02 11:16:24.924 10 WARNING neutron.scheduler.dhcp_agent_scheduler [None req-f293dc03-f23e-4ef4-a9a4-2b9c4bd2e786 a8bf2d62c31e45418f76d39fc9b68ef9 d98d35a1dab14b5e8d941d9a1ea8026d - - default default] No more DHCP agents
2026-07-02 11:16:24.926 10 WARNING neutron.api.rpc.agentnotifiers.dhcp_rpc_agent_api [None req-f293dc03-f23e-4ef4-a9a4-2b9c4bd2e786 a8bf2d62c31e45418f76d39fc9b68ef9 d98d35a1dab14b5e8d941d9a1ea8026d - - default default] Unable to schedule network 8ee51cf5-5613-4fd9-a1a5-7a52d1319abd: no agents available; will retry on subsequent port and subnet creation events.
2026-07-02 11:16:25.076 10 INFO neutron.db.ovn_revision_numbers_db [None req-f293dc03-f23e-4ef4-a9a4-2b9c4bd2e786 a8bf2d62c31e45418f76d39fc9b68ef9 d98d35a1dab14b5e8d941d9a1ea8026d - - default default] Successfully bumped revision number for resource ef524d2e-85f1-4689-9b8e-03590752678d (type: ports) to 1
2026-07-02 11:16:25.691 9 INFO neutron.wsgi [None req-4254c40e-49e5-4e86-9a77-52a1aaa18d0a 77240ad744294c35b7ae80100fc78dbe 0a98d02fb3d8404a862651be04768bd5 - - default default] 10.0.0.248 "PUT /v2.0/routers/1559c562-3872-4cf3-a890-244aecc183b0/remove_router_interface HTTP/1.1" status: 200 len: 503 time: 1.0101972 /var/lib/openstack/lib/python3.10/site-packages/pycadf/identifier.py:71: UserWarning: Invalid uuid: neutron. To ensure interoperability, identifiers should be a valid uuid. warnings.warn(('Invalid uuid: %s. To ensure interoperability, '
2026-07-02 11:16:25.952 9 INFO neutron.plugins.ml2.drivers.ovn.mech_driver.mech_driver [None req-b582701f-b510-457f-adbc-1e1007217209 - - - - - -] OVN reports status up for port: ef524d2e-85f1-4689-9b8e-03590752678d
2026-07-02 11:16:25.976 10 INFO neutron.plugins.ml2.drivers.ovn.mech_driver.ovsdb.ovsdb_monitor [None req-94b6a1b3-7d96-490d-9304-894385057ab4 - - - - - -] Router 7756ce56-72ad-4ad3-b11a-c6b1d64abc0a is bound to host instance
2026-07-02 11:16:25.989 9 INFO neutron.plugins.ml2.plugin [None req-b582701f-b510-457f-adbc-1e1007217209 - - - - - -] Attempt 1 to provision port ef524d2e-85f1-4689-9b8e-03590752678d
2026-07-02 11:16:26.003 10 INFO neutron.db.ovn_revision_numbers_db [None req-f293dc03-f23e-4ef4-a9a4-2b9c4bd2e786 a8bf2d62c31e45418f76d39fc9b68ef9 d98d35a1dab14b5e8d941d9a1ea8026d - - default default] Successfully bumped revision number for resource ef524d2e-85f1-4689-9b8e-03590752678d (type: router_ports) to 1
2026-07-02 11:16:26.098 10 INFO neutron.db.ovn_revision_numbers_db [None req-f293dc03-f23e-4ef4-a9a4-2b9c4bd2e786 a8bf2d62c31e45418f76d39fc9b68ef9 d98d35a1dab14b5e8d941d9a1ea8026d - - default default] Successfully bumped revision number for resource 7756ce56-72ad-4ad3-b11a-c6b1d64abc0a (type: routers) to 2
2026-07-02 11:16:26.124 10 INFO neutron.wsgi [None req-f293dc03-f23e-4ef4-a9a4-2b9c4bd2e786 a8bf2d62c31e45418f76d39fc9b68ef9 d98d35a1dab14b5e8d941d9a1ea8026d - - default default] 10.0.0.248 "POST /v2.0/routers HTTP/1.1" status: 201 len: 875 time: 1.6652865
2026-07-02 11:16:26.357 10 INFO neutron.wsgi [None req-244b32bc-2221-4590-950a-a35a1d45da4f 2d30ffac9f76423abe6ffbdbb9294086 93f145e8663c4205b78f3c402f5c3cca - - default default] 10.0.0.248 "GET /v2.0/subnets?project_id=d98d35a1dab14b5e8d941d9a1ea8026d&cidr=10.100.0.0%2F28 HTTP/1.1" status: 200 len: 207 time: 0.2287078
2026-07-02 11:16:26.448 9 INFO neutron.wsgi [None req-3d722365-5025-4230-99c1-98f39e681d45 77240ad744294c35b7ae80100fc78dbe 0a98d02fb3d8404a862651be04768bd5 - - default default] 10.0.0.248 "DELETE /v2.0/routers/1559c562-3872-4cf3-a890-244aecc183b0 HTTP/1.1" status: 204 len: 168 time: 0.7529240
2026-07-02 11:16:26.494 9 INFO neutron.wsgi [None req-06d467ea-9aaf-420c-9539-0aac7eb01420 2d30ffac9f76423abe6ffbdbb9294086 93f145e8663c4205b78f3c402f5c3cca - - default default] 10.0.0.248 "GET /v2.0/networks?router%3Aexternal=True HTTP/1.1" status: 200 len: 947 time: 0.1300867
2026-07-02 11:16:26.523 9 INFO neutron.wsgi [None req-6a9f06bd-6d24-457c-9231-c9b7d341488b 2d30ffac9f76423abe6ffbdbb9294086 93f145e8663c4205b78f3c402f5c3cca - - default default] 10.0.0.248 "GET /v2.0/subnets?network_id=8ee51cf5-5613-4fd9-a1a5-7a52d1319abd&cidr=10.100.0.0%2F28 HTTP/1.1" status: 200 len: 207 time: 0.0231335
2026-07-02 11:16:26.693 10 INFO neutron.db.ovn_revision_numbers_db [None req-94b6a1b3-7d96-490d-9304-894385057ab4 - - - - - -] Successfully bumped revision number for resource ef524d2e-85f1-4689-9b8e-03590752678d (type: ports) to 1
2026-07-02 11:16:26.742 10 INFO neutron.wsgi [None req-a003b445-dcbd-43b7-a76d-728f99b32cb8 77240ad744294c35b7ae80100fc78dbe 0a98d02fb3d8404a862651be04768bd5 - - default default] 10.0.0.248 "DELETE /v2.0/subnets/67dddd99-fdae-4afe-b7a8-bfb6319d9ee2 HTTP/1.1" status: 204 len: 168 time: 0.2905276
2026-07-02 11:16:26.836 9 WARNING neutron.scheduler.dhcp_agent_scheduler [None req-4d2be3b8-0bd8-4895-889b-1120cda9ecd4 a8bf2d62c31e45418f76d39fc9b68ef9 d98d35a1dab14b5e8d941d9a1ea8026d - - default default] No more DHCP agents
2026-07-02 11:16:26.840 9 WARNING neutron.api.rpc.agentnotifiers.dhcp_rpc_agent_api [None req-4d2be3b8-0bd8-4895-889b-1120cda9ecd4 a8bf2d62c31e45418f76d39fc9b68ef9 d98d35a1dab14b5e8d941d9a1ea8026d - - default default] Unable to schedule network bf82e6fc-80cb-48bc-b72e-af56e197ada8: no agents available; will retry on subsequent port and subnet creation events.
2026-07-02 11:16:26.991 10 INFO neutron.db.ovn_revision_numbers_db [None req-94b6a1b3-7d96-490d-9304-894385057ab4 - - - - - -] Successfully bumped revision number for resource ef524d2e-85f1-4689-9b8e-03590752678d (type: router_ports) to 3
2026-07-02 11:16:27.164 10 INFO neutron.db.ovn_revision_numbers_db [None req-94b6a1b3-7d96-490d-9304-894385057ab4 - - - - - -] Successfully bumped revision number for resource ef524d2e-85f1-4689-9b8e-03590752678d (type: ports) to 2
2026-07-02 11:16:27.259 9 INFO neutron.services.segments.plugin [-] Segment 7e313f87-44ae-45f8-9971-8f54b8c43f01 resource provider aggregate not found
2026-07-02 11:16:27.268 9 INFO neutron.services.segments.plugin [-] Segment 7e313f87-44ae-45f8-9971-8f54b8c43f01 resource provider aggregate not found
2026-07-02 11:16:27.288 9 INFO neutron.services.segments.plugin [-] Segment 7e313f87-44ae-45f8-9971-8f54b8c43f01 resource provider not found; error: Placement Client Error (4xx): {"errors": [{"status": 404, "title": "Not Found", "detail": "The resource could not be found.\n\n No resource provider with uuid 7e313f87-44ae-45f8-9971-8f54b8c43f01 found for delete ", "request_id": "req-57ebc6a6-481a-48be-98b0-a89e66183063"}]}
2026-07-02 11:16:27.290 9 INFO neutron.services.segments.plugin [-] Segment 7e313f87-44ae-45f8-9971-8f54b8c43f01 resource provider not found; error: Placement Client Error (4xx): {"errors": [{"status": 404, "title": "Not Found", "detail": "The resource could not be found.\n\n No resource provider with uuid 7e313f87-44ae-45f8-9971-8f54b8c43f01 found for delete ", "request_id": "req-b2da4986-f308-4d56-9761-f35afc939f6c"}]}
2026-07-02 11:16:27.346 9 INFO neutron.wsgi [None req-878d59b5-6467-4062-aa2f-7f9241d2b263 77240ad744294c35b7ae80100fc78dbe 0a98d02fb3d8404a862651be04768bd5 - - default default] 10.0.0.248 "DELETE /v2.0/networks/53a07dec-ee09-4791-8a87-75add270addf HTTP/1.1" status: 204 len: 168 time: 0.5948248
2026-07-02 11:16:27.462 10 INFO neutron.db.ovn_revision_numbers_db [None req-94b6a1b3-7d96-490d-9304-894385057ab4 - - - - - -] Successfully bumped revision number for resource ef524d2e-85f1-4689-9b8e-03590752678d (type: ports) to 4
2026-07-02 11:16:27.557 9 INFO neutron.db.ovn_revision_numbers_db [None req-4d2be3b8-0bd8-4895-889b-1120cda9ecd4 a8bf2d62c31e45418f76d39fc9b68ef9 d98d35a1dab14b5e8d941d9a1ea8026d - - default default] Successfully bumped revision number for resource fac5ef3a-62c8-4b75-8263-74029e404ef0 (type: ports) to 2
2026-07-02 11:16:27.585 10 INFO neutron.wsgi [None req-3d72d075-4024-458a-89ed-abec795089bd 77240ad744294c35b7ae80100fc78dbe 0a98d02fb3d8404a862651be04768bd5 - - default default] 10.0.0.248 "GET /v2.0/security-groups?tenant_id=cc6389961abe4634b40722a02252bd53&name=default HTTP/1.1" status: 200 len: 2996 time: 0.0521080
2026-07-02 11:16:27.595 9 INFO neutron.db.ovn_revision_numbers_db [None req-4d2be3b8-0bd8-4895-889b-1120cda9ecd4 a8bf2d62c31e45418f76d39fc9b68ef9 d98d35a1dab14b5e8d941d9a1ea8026d - - default default] Successfully bumped revision number for resource 3a19901b-2713-4f7d-a55b-04d4dbf5771d (type: subnets) to 0
2026-07-02 11:16:27.623 9 INFO neutron.wsgi [None req-4d2be3b8-0bd8-4895-889b-1120cda9ecd4 a8bf2d62c31e45418f76d39fc9b68ef9 d98d35a1dab14b5e8d941d9a1ea8026d - - default default] 10.0.0.248 "POST /v2.0/subnets HTTP/1.1" status: 201 len: 831 time: 1.0963366
2026-07-02 11:16:27.745 10 INFO neutron.db.ovn_revision_numbers_db [None req-94b6a1b3-7d96-490d-9304-894385057ab4 - - - - - -] Successfully bumped revision number for resource ef524d2e-85f1-4689-9b8e-03590752678d (type: router_ports) to 4
2026-07-02 11:16:27.830 9 INFO neutron.wsgi [None req-b7f0224f-bde8-4d0a-ae89-3e8e474ecdec 77240ad744294c35b7ae80100fc78dbe 0a98d02fb3d8404a862651be04768bd5 - - default default] 10.0.0.248 "DELETE /v2.0/security-groups/4d145430-fc57-4cb3-a176-7da869869eb7 HTTP/1.1" status: 204 len: 168 time: 0.2410598
2026-07-02 11:16:27.857 9 INFO neutron.db.ovn_revision_numbers_db [None req-7e7998bb-652f-4c05-bf87-ed387cbbe029 77240ad744294c35b7ae80100fc78dbe 0a98d02fb3d8404a862651be04768bd5 - - default default] Successfully bumped revision number for resource 56e8197e-17d6-4d2b-bba8-137f4b54a7e2 (type: security_groups) to 1
2026-07-02 11:16:27.876 9 INFO neutron.db.ovn_revision_numbers_db [None req-7e7998bb-652f-4c05-bf87-ed387cbbe029 77240ad744294c35b7ae80100fc78dbe 0a98d02fb3d8404a862651be04768bd5 - - default default] Successfully bumped revision number for resource 3121091e-7b48-4040-9919-cd2d6fb6224f (type: security_group_rules) to 0
2026-07-02 11:16:27.893 9 INFO neutron.db.ovn_revision_numbers_db [None req-7e7998bb-652f-4c05-bf87-ed387cbbe029 77240ad744294c35b7ae80100fc78dbe 0a98d02fb3d8404a862651be04768bd5 - - default default] Successfully bumped revision number for resource 73ab75d3-695f-4e95-ae35-93af0a627f54 (type: security_group_rules) to 0
2026-07-02 11:16:27.918 9 INFO neutron.db.ovn_revision_numbers_db [None req-7e7998bb-652f-4c05-bf87-ed387cbbe029 77240ad744294c35b7ae80100fc78dbe 0a98d02fb3d8404a862651be04768bd5 - - default default] Successfully bumped revision number for resource e28003ab-6859-41a2-8903-d3824a6e1017 (type: security_group_rules) to 0
2026-07-02 11:16:27.933 9 INFO neutron.db.ovn_revision_numbers_db [None req-7e7998bb-652f-4c05-bf87-ed387cbbe029 77240ad744294c35b7ae80100fc78dbe 0a98d02fb3d8404a862651be04768bd5 - - default default] Successfully bumped revision number for resource ecc162a0-a5c8-4a4b-b0f8-891d756e5866 (type: security_group_rules) to 0
