2026-07-02 11:17:25.119 10 INFO neutron.wsgi [None req-b1035523-78a0-4328-8072-67b0e9472900 a8bf2d62c31e45418f76d39fc9b68ef9 d98d35a1dab14b5e8d941d9a1ea8026d - - default default] 10.0.0.248 "DELETE /v2.0/networks/bf82e6fc-80cb-48bc-b72e-af56e197ada8 HTTP/1.1" status: 204 len: 168 time: 0.6311271
2026-07-02 11:17:25.277 10 INFO neutron.db.ovn_revision_numbers_db [None req-b082cc64-1eb3-464a-ae47-7548f96cd43b 923dd0f9a5cd4e2da3ce70f128f793d9 256cf45d3a44420e903daa6e86767366 - - default default] Successfully bumped revision number for resource cecb4180-5983-4625-82e2-2700a53599fc (type: networks) to 1
2026-07-02 11:17:25.324 10 INFO neutron.wsgi [None req-93fb0944-8064-4a78-abf4-0ee14e7a5f34 77240ad744294c35b7ae80100fc78dbe 0a98d02fb3d8404a862651be04768bd5 - - default default] 10.0.0.248 "GET /v2.0/security-groups?tenant_id=5f2a364117124c3aaa01a8e2ac111348&name=default HTTP/1.1" status: 200 len: 2996 time: 0.0527022
2026-07-02 11:17:25.473 10 WARNING neutron.scheduler.dhcp_agent_scheduler [None req-b082cc64-1eb3-464a-ae47-7548f96cd43b 923dd0f9a5cd4e2da3ce70f128f793d9 256cf45d3a44420e903daa6e86767366 - - default default] No more DHCP agents
2026-07-02 11:17:25.476 10 WARNING neutron.api.rpc.agentnotifiers.dhcp_rpc_agent_api [None req-b082cc64-1eb3-464a-ae47-7548f96cd43b 923dd0f9a5cd4e2da3ce70f128f793d9 256cf45d3a44420e903daa6e86767366 - - default default] Unable to schedule network cecb4180-5983-4625-82e2-2700a53599fc: no agents available; will retry on subsequent port and subnet creation events.
2026-07-02 11:17:25.577 10 INFO neutron.db.ovn_revision_numbers_db [None req-b082cc64-1eb3-464a-ae47-7548f96cd43b 923dd0f9a5cd4e2da3ce70f128f793d9 256cf45d3a44420e903daa6e86767366 - - default default] Successfully bumped revision number for resource 1f7a7d4a-9ded-4a4f-8113-5901530a8036 (type: ports) to 1
2026-07-02 11:17:25.623 10 INFO neutron.wsgi [None req-b082cc64-1eb3-464a-ae47-7548f96cd43b 923dd0f9a5cd4e2da3ce70f128f793d9 256cf45d3a44420e903daa6e86767366 - - default default] 10.0.0.248 "POST /v2.0/networks HTTP/1.1" status: 201 len: 831 time: 1.2142603
2026-07-02 11:17:25.866 9 INFO neutron.wsgi [None req-c086eb7f-ee83-4691-ada8-d18ae351abfb 77240ad744294c35b7ae80100fc78dbe 0a98d02fb3d8404a862651be04768bd5 - - default default] 10.0.0.248 "DELETE /v2.0/security-groups/0d3c9ec4-2473-4e45-abfb-3c92e41cac03 HTTP/1.1" status: 204 len: 168 time: 0.5373962
2026-07-02 11:17:25.913 10 WARNING neutron.scheduler.dhcp_agent_scheduler [None req-52f07c9d-de6a-4e53-a7dd-c909a1141d96 923dd0f9a5cd4e2da3ce70f128f793d9 256cf45d3a44420e903daa6e86767366 - - default default] No more DHCP agents
2026-07-02 11:17:25.915 10 WARNING neutron.api.rpc.agentnotifiers.dhcp_rpc_agent_api [None req-52f07c9d-de6a-4e53-a7dd-c909a1141d96 923dd0f9a5cd4e2da3ce70f128f793d9 256cf45d3a44420e903daa6e86767366 - - default default] Unable to schedule network cecb4180-5983-4625-82e2-2700a53599fc: no agents available; will retry on subsequent port and subnet creation events.
2026-07-02 11:17:25.950 9 INFO neutron.plugins.ml2.drivers.ovn.mech_driver.mech_driver [None req-b582701f-b510-457f-adbc-1e1007217209 - - - - - -] OVN reports status up for port: d18f03b5-e379-4dc2-8e3a-fcdc74a7e627
2026-07-02 11:17:25.965 9 INFO neutron.plugins.ml2.plugin [None req-b582701f-b510-457f-adbc-1e1007217209 - - - - - -] Attempt 1 to provision port d18f03b5-e379-4dc2-8e3a-fcdc74a7e627
2026-07-02 11:17:25.992 9 INFO neutron.db.ovn_revision_numbers_db [None req-143ee113-669e-49d5-800f-393a4d7fb495 5e48fbf1c2ac4c309357addc1d72522c 8ddbf4cd017c40d2a70d3469347a6123 - - default default] Successfully bumped revision number for resource d18f03b5-e379-4dc2-8e3a-fcdc74a7e627 (type: router_ports) to 1
2026-07-02 11:17:26.085 9 INFO neutron.db.ovn_revision_numbers_db [None req-143ee113-669e-49d5-800f-393a4d7fb495 5e48fbf1c2ac4c309357addc1d72522c 8ddbf4cd017c40d2a70d3469347a6123 - - default default] Successfully bumped revision number for resource bf55822c-f0fd-4567-81d4-f8f16a8aadff (type: routers) to 2
2026-07-02 11:17:26.100 9 INFO neutron.wsgi [None req-143ee113-669e-49d5-800f-393a4d7fb495 5e48fbf1c2ac4c309357addc1d72522c 8ddbf4cd017c40d2a70d3469347a6123 - - default default] 10.0.0.248 "POST /v2.0/routers HTTP/1.1" status: 201 len: 874 time: 1.6981421
2026-07-02 11:17:26.104 9 INFO neutron.wsgi [None req-b1bd1249-441f-460e-ba60-495e43191216 77240ad744294c35b7ae80100fc78dbe 0a98d02fb3d8404a862651be04768bd5 - - default default] 10.0.0.248 "GET /v2.0/security-groups?tenant_id=df3ddb6afdd043f4a4b74cf07915c532&name=default HTTP/1.1" status: 200 len: 2996 time: 0.0504687
2026-07-02 11:17:26.281 9 INFO neutron.db.ovn_revision_numbers_db [None req-007644ef-e8f1-483e-8fb2-9c5d506771b1 77240ad744294c35b7ae80100fc78dbe 0a98d02fb3d8404a862651be04768bd5 - - default default] Successfully bumped revision number for resource bc4dee46-b3ec-407b-be95-868eeb15ea22 (type: security_groups) to 1
2026-07-02 11:17:26.301 9 INFO neutron.db.ovn_revision_numbers_db [None req-007644ef-e8f1-483e-8fb2-9c5d506771b1 77240ad744294c35b7ae80100fc78dbe 0a98d02fb3d8404a862651be04768bd5 - - default default] Successfully bumped revision number for resource 27577aad-2f24-406d-aed2-ed2e6a459e92 (type: security_group_rules) to 0
2026-07-02 11:17:26.322 9 INFO neutron.db.ovn_revision_numbers_db [None req-007644ef-e8f1-483e-8fb2-9c5d506771b1 77240ad744294c35b7ae80100fc78dbe 0a98d02fb3d8404a862651be04768bd5 - - default default] Successfully bumped revision number for resource 4872b003-13a2-4e10-8050-f4ffd2ba7160 (type: security_group_rules) to 0
2026-07-02 11:17:26.351 9 INFO neutron.db.ovn_revision_numbers_db [None req-007644ef-e8f1-483e-8fb2-9c5d506771b1 77240ad744294c35b7ae80100fc78dbe 0a98d02fb3d8404a862651be04768bd5 - - default default] Successfully bumped revision number for resource 969ceead-f2e5-4944-9e5c-17a998baa268 (type: security_group_rules) to 0
2026-07-02 11:17:26.381 9 INFO neutron.db.ovn_revision_numbers_db [None req-007644ef-e8f1-483e-8fb2-9c5d506771b1 77240ad744294c35b7ae80100fc78dbe 0a98d02fb3d8404a862651be04768bd5 - - default default] Successfully bumped revision number for resource fb7cc4f9-3405-4bb1-97d3-7c6823be7f82 (type: security_group_rules) to 0
2026-07-02 11:17:26.417 9 INFO neutron.wsgi [None req-007644ef-e8f1-483e-8fb2-9c5d506771b1 77240ad744294c35b7ae80100fc78dbe 0a98d02fb3d8404a862651be04768bd5 - - default default] 10.0.0.248 "GET /v2.0/security-groups?tenant_id=93f145e8663c4205b78f3c402f5c3cca&name=default HTTP/1.1" status: 200 len: 2996 time: 0.5454185
2026-07-02 11:17:26.463 10 INFO neutron.wsgi [None req-94488f75-5f01-4d82-8fea-3ab79e5b739c 77240ad744294c35b7ae80100fc78dbe 0a98d02fb3d8404a862651be04768bd5 - - default default] 10.0.0.248 "DELETE /v2.0/security-groups/9e040e4d-1066-4683-801b-2e4438068bb0 HTTP/1.1" status: 204 len: 168 time: 0.3509967
2026-07-02 11:17:26.500 10 INFO neutron.db.ovn_revision_numbers_db [None req-52f07c9d-de6a-4e53-a7dd-c909a1141d96 923dd0f9a5cd4e2da3ce70f128f793d9 256cf45d3a44420e903daa6e86767366 - - default default] Successfully bumped revision number for resource 1f7a7d4a-9ded-4a4f-8113-5901530a8036 (type: ports) to 2
2026-07-02 11:17:26.547 10 INFO neutron.db.ovn_revision_numbers_db [None req-52f07c9d-de6a-4e53-a7dd-c909a1141d96 923dd0f9a5cd4e2da3ce70f128f793d9 256cf45d3a44420e903daa6e86767366 - - default default] Successfully bumped revision number for resource c196eda1-e20b-4f78-ae18-681203e95bed (type: subnets) to 0
2026-07-02 11:17:26.565 10 INFO neutron.wsgi [None req-52f07c9d-de6a-4e53-a7dd-c909a1141d96 923dd0f9a5cd4e2da3ce70f128f793d9 256cf45d3a44420e903daa6e86767366 - - default default] 10.0.0.248 "POST /v2.0/subnets HTTP/1.1" status: 201 len: 801 time: 0.9367030
2026-07-02 11:17:26.644 10 INFO neutron.wsgi [None req-80fa047b-f196-436a-a100-2adb50c79407 923dd0f9a5cd4e2da3ce70f128f793d9 256cf45d3a44420e903daa6e86767366 - - default default] 10.0.0.248 "PUT /v2.0/subnets/c196eda1-e20b-4f78-ae18-681203e95bed/tags HTTP/1.1" status: 200 len: 218 time: 0.0711684
2026-07-02 11:17:26.688 10 INFO neutron.wsgi [None req-2761ffda-d02f-480a-baa2-d028c82b5a7a 923dd0f9a5cd4e2da3ce70f128f793d9 256cf45d3a44420e903daa6e86767366 - - default default] 10.0.0.248 "GET /v2.0/subnets/c196eda1-e20b-4f78-ae18-681203e95bed/tags HTTP/1.1" status: 200 len: 218 time: 0.0377896
2026-07-02 11:17:26.752 10 INFO neutron.wsgi [None req-1ccbe2f2-9903-4404-9c9b-6b82301f9ea8 77240ad744294c35b7ae80100fc78dbe 0a98d02fb3d8404a862651be04768bd5 - - default default] 10.0.0.248 "DELETE /v2.0/security-groups/bc4dee46-b3ec-407b-be95-868eeb15ea22 HTTP/1.1" status: 204 len: 168 time: 0.3298435
2026-07-02 11:17:26.757 9 WARNING neutron.scheduler.dhcp_agent_scheduler [None req-32cf84cf-a22f-4436-b03a-a5f2888a4de9 5e48fbf1c2ac4c309357addc1d72522c 8ddbf4cd017c40d2a70d3469347a6123 - - default default] No more DHCP agents
2026-07-02 11:17:26.760 9 WARNING neutron.api.rpc.agentnotifiers.dhcp_rpc_agent_api [None req-32cf84cf-a22f-4436-b03a-a5f2888a4de9 5e48fbf1c2ac4c309357addc1d72522c 8ddbf4cd017c40d2a70d3469347a6123 - - default default] Unable to schedule network a9e9e615-5ff5-4a47-b24f-700d814cfed4: no agents available; will retry on subsequent port and subnet creation events.
2026-07-02 11:17:26.761 10 INFO neutron.wsgi [None req-2889f997-d73e-4212-81f9-0ab4a0d1a997 923dd0f9a5cd4e2da3ce70f128f793d9 256cf45d3a44420e903daa6e86767366 - - default default] 10.0.0.248 "PUT /v2.0/subnets/c196eda1-e20b-4f78-ae18-681203e95bed/tags/green HTTP/1.1" status: 201 len: 201 time: 0.0668409
2026-07-02 11:17:26.792 10 INFO neutron.wsgi [None req-46ee8207-8bb3-4cc1-aaf2-cd8343fdff80 923dd0f9a5cd4e2da3ce70f128f793d9 256cf45d3a44420e903daa6e86767366 - - default default] 10.0.0.248 "GET /v2.0/subnets/c196eda1-e20b-4f78-ae18-681203e95bed/tags HTTP/1.1" status: 200 len: 227 time: 0.0269885
2026-07-02 11:17:26.852 10 INFO neutron.wsgi [None req-4d30aa1e-4e5a-4074-8e6e-08b1bcd6bb81 923dd0f9a5cd4e2da3ce70f128f793d9 256cf45d3a44420e903daa6e86767366 - - default default] 10.0.0.248 "PUT /v2.0/subnets/c196eda1-e20b-4f78-ae18-681203e95bed/tags/red HTTP/1.1" status: 201 len: 201 time: 0.0540233
2026-07-02 11:17:26.859 10 INFO neutron.services.segments.plugin [-] Segment a1eb320f-300a-48ec-ad90-021853fa6cb6 resource provider aggregate not found
2026-07-02 11:17:26.877 10 INFO neutron.services.segments.plugin [-] Segment a1eb320f-300a-48ec-ad90-021853fa6cb6 resource provider not found; error: Placement Client Error (4xx): {"errors": [{"status": 404, "title": "Not Found", "detail": "The resource could not be found.\n\n No resource provider with uuid a1eb320f-300a-48ec-ad90-021853fa6cb6 found for delete ", "request_id": "req-0fee4184-24d8-451d-a1a9-3a140af51ffc"}]}
2026-07-02 11:17:26.910 10 INFO neutron.services.segments.plugin [-] Segment a1eb320f-300a-48ec-ad90-021853fa6cb6 resource provider aggregate not found
2026-07-02 11:17:26.920 9 INFO neutron.wsgi [None req-23971a8b-790e-4b50-a5dd-96e28ecac3ff 923dd0f9a5cd4e2da3ce70f128f793d9 256cf45d3a44420e903daa6e86767366 - - default default] 10.0.0.248 "GET /v2.0/subnets/c196eda1-e20b-4f78-ae18-681203e95bed/tags HTTP/1.1" status: 200 len: 227 time: 0.0572760
2026-07-02 11:17:26.929 10 INFO neutron.services.segments.plugin [-] Segment a1eb320f-300a-48ec-ad90-021853fa6cb6 resource provider not found; error: Placement Client Error (4xx): {"errors": [{"status": 404, "title": "Not Found", "detail": "The resource could not be found.\n\n No resource provider with uuid a1eb320f-300a-48ec-ad90-021853fa6cb6 found for delete ", "request_id": "req-c5fa4d70-0bf7-4dc7-813d-16a89f5bba96"}]}
2026-07-02 11:17:26.976 10 INFO neutron.wsgi [None req-defd80ff-bd51-4a90-8f64-625454753717 923dd0f9a5cd4e2da3ce70f128f793d9 256cf45d3a44420e903daa6e86767366 - - default default] 10.0.0.248 "PUT /v2.0/subnets/c196eda1-e20b-4f78-ae18-681203e95bed/tags/black.or.white HTTP/1.1" status: 201 len: 201 time: 0.0487797
2026-07-02 11:17:26.986 9 INFO neutron.db.ovn_revision_numbers_db [None req-32cf84cf-a22f-4436-b03a-a5f2888a4de9 5e48fbf1c2ac4c309357addc1d72522c 8ddbf4cd017c40d2a70d3469347a6123 - - default default] Successfully bumped revision number for resource 0dd5b0d3-3480-417f-9ae6-02496e90cae1 (type: ports) to 1
2026-07-02 11:17:26.998 9 INFO neutron.wsgi [None req-36ee2c25-4dfa-4150-9703-7fd7cb456b67 77240ad744294c35b7ae80100fc78dbe 0a98d02fb3d8404a862651be04768bd5 - - default default] 10.0.0.248 "GET /v2.0/security-groups?tenant_id=d98d35a1dab14b5e8d941d9a1ea8026d&name=default HTTP/1.1" status: 200 len: 2996 time: 0.0563047
2026-07-02 11:17:27.025 10 INFO neutron.wsgi [None req-3b2aae31-2d27-4ca8-992c-04f0edd01fa6 923dd0f9a5cd4e2da3ce70f128f793d9 256cf45d3a44420e903daa6e86767366 - - default default] 10.0.0.248 "GET /v2.0/subnets/c196eda1-e20b-4f78-ae18-681203e95bed/tags HTTP/1.1" status: 200 len: 245 time: 0.0420959
2026-07-02 11:17:27.097 10 INFO neutron.wsgi [None req-f83393b7-02e7-4d3b-97a9-19606c259a45 923dd0f9a5cd4e2da3ce70f128f793d9 256cf45d3a44420e903daa6e86767366 - - default default] 10.0.0.248 "PUT /v2.0/subnets/c196eda1-e20b-4f78-ae18-681203e95bed/tags HTTP/1.1" status: 200 len: 230 time: 0.0646453
2026-07-02 11:17:27.144 10 INFO neutron.wsgi [None req-67e33f94-7a1c-414c-939a-8cf9c5cb41d1 923dd0f9a5cd4e2da3ce70f128f793d9 256cf45d3a44420e903daa6e86767366 - - default default] 10.0.0.248 "GET /v2.0/subnets/c196eda1-e20b-4f78-ae18-681203e95bed/tags HTTP/1.1" status: 200 len: 230 time: 0.0382962
2026-07-02 11:17:27.206 9 INFO neutron.wsgi [None req-967a8f4e-3901-4eff-9ab6-abf1951fd8b8 923dd0f9a5cd4e2da3ce70f128f793d9 256cf45d3a44420e903daa6e86767366 - - default default] 10.0.0.248 "GET /v2.0/subnets/c196eda1-e20b-4f78-ae18-681203e95bed/tags/red HTTP/1.1" status: 204 len: 168 time: 0.0507009
2026-07-02 11:17:27.253 10 INFO neutron.api.v2.resource [None req-54571609-7da8-4283-a691-cc842c0174a7 923dd0f9a5cd4e2da3ce70f128f793d9 256cf45d3a44420e903daa6e86767366 - - default default] show failed (client error): The resource could not be found.
2026-07-02 11:17:27.256 10 INFO neutron.wsgi [None req-54571609-7da8-4283-a691-cc842c0174a7 923dd0f9a5cd4e2da3ce70f128f793d9 256cf45d3a44420e903daa6e86767366 - - default default] 10.0.0.248 "GET /v2.0/subnets/c196eda1-e20b-4f78-ae18-681203e95bed/tags/green HTTP/1.1" status: 404 len: 299 time: 0.0443547
2026-07-02 11:17:27.302 10 INFO neutron.wsgi [None req-a7e1a110-163c-4f83-ad19-5a708d5755b9 77240ad744294c35b7ae80100fc78dbe 0a98d02fb3d8404a862651be04768bd5 - - default default] 10.0.0.248 "DELETE /v2.0/security-groups/dc2838cd-3f8b-40e6-87cd-d6c2e2faad80 HTTP/1.1" status: 204 len: 168 time: 0.2977824
2026-07-02 11:17:27.325 10 INFO neutron.wsgi [None req-50bfc0ba-e2a6-4c68-80a6-5026c764cde5 923dd0f9a5cd4e2da3ce70f128f793d9 256cf45d3a44420e903daa6e86767366 - - default default] 10.0.0.248 "DELETE /v2.0/subnets/c196eda1-e20b-4f78-ae18-681203e95bed/tags/red HTTP/1.1" status: 204 len: 168 time: 0.0610552
2026-07-02 11:17:27.367 10 INFO neutron.wsgi [None req-811367c3-1797-4d14-8651-7aa66ecc4676 923dd0f9a5cd4e2da3ce70f128f793d9 256cf45d3a44420e903daa6e86767366 - - default default] 10.0.0.248 "GET /v2.0/subnets/c196eda1-e20b-4f78-ae18-681203e95bed/tags HTTP/1.1" status: 200 len: 223 time: 0.0366652
2026-07-02 11:17:27.413 10 INFO neutron.api.v2.resource [None req-595fa379-e236-4030-bdd2-4ac1c6f1d60a 923dd0f9a5cd4e2da3ce70f128f793d9 256cf45d3a44420e903daa6e86767366 - - default default] delete failed (client error): The resource could not be found.
2026-07-02 11:17:27.415 10 INFO neutron.wsgi [None req-595fa379-e236-4030-bdd2-4ac1c6f1d60a 923dd0f9a5cd4e2da3ce70f128f793d9 256cf45d3a44420e903daa6e86767366 - - default default] 10.0.0.248 "DELETE /v2.0/subnets/c196eda1-e20b-4f78-ae18-681203e95bed/tags/green HTTP/1.1" status: 404 len: 299 time: 0.0396862
2026-07-02 11:17:27.475 10 INFO neutron.wsgi [None req-f53ec54a-e35c-4c93-afdc-12c5a51e6d98 923dd0f9a5cd4e2da3ce70f128f793d9 256cf45d3a44420e903daa6e86767366 - - default default] 10.0.0.248 "DELETE /v2.0/subnets/c196eda1-e20b-4f78-ae18-681203e95bed/tags HTTP/1.1" status: 204 len: 168 time: 0.0548391
2026-07-02 11:17:27.521 10 INFO neutron.wsgi [None req-16d93f44-38f2-46b8-8fa2-c04921871ff8 923dd0f9a5cd4e2da3ce70f128f793d9 256cf45d3a44420e903daa6e86767366 - - default default] 10.0.0.248 "GET /v2.0/subnets/c196eda1-e20b-4f78-ae18-681203e95bed/tags HTTP/1.1" status: 200 len: 205 time: 0.0395846
2026-07-02 11:17:27.605 10 INFO neutron.plugins.ml2.drivers.ovn.mech_driver.mech_driver [None req-763d87c8-6bdf-4eba-92f2-49be3e009292 - - - - - -] OVN reports status up for port: 0dd5b0d3-3480-417f-9ae6-02496e90cae1
2026-07-02 11:17:27.614 10 INFO neutron.plugins.ml2.plugin [None req-763d87c8-6bdf-4eba-92f2-49be3e009292 - - - - - -] Attempt 1 to provision port 0dd5b0d3-3480-417f-9ae6-02496e90cae1
2026-07-02 11:17:27.633 9 INFO neutron.db.ovn_revision_numbers_db [None req-32cf84cf-a22f-4436-b03a-a5f2888a4de9 5e48fbf1c2ac4c309357addc1d72522c 8ddbf4cd017c40d2a70d3469347a6123 - - default default] Successfully bumped revision number for resource 0dd5b0d3-3480-417f-9ae6-02496e90cae1 (type: router_ports) to 1
2026-07-02 11:17:27.797 9 INFO neutron.db.ovn_revision_numbers_db [None req-32cf84cf-a22f-4436-b03a-a5f2888a4de9 5e48fbf1c2ac4c309357addc1d72522c 8ddbf4cd017c40d2a70d3469347a6123 - - default default] Successfully bumped revision number for resource 0dd5b0d3-3480-417f-9ae6-02496e90cae1 (type: ports) to 1
2026-07-02 11:17:27.822 10 INFO neutron.wsgi [None req-dedd6069-0298-4095-990b-75ce3c235b1e 923dd0f9a5cd4e2da3ce70f128f793d9 256cf45d3a44420e903daa6e86767366 - - default default] 10.0.0.248 "DELETE /v2.0/subnets/c196eda1-e20b-4f78-ae18-681203e95bed HTTP/1.1" status: 204 len: 168 time: 0.2965870
2026-07-02 11:17:27.865 9 WARNING neutron.scheduler.dhcp_agent_scheduler [None req-32cf84cf-a22f-4436-b03a-a5f2888a4de9 5e48fbf1c2ac4c309357addc1d72522c 8ddbf4cd017c40d2a70d3469347a6123 - - default default] No more DHCP agents
2026-07-02 11:17:27.866 9 WARNING neutron.api.rpc.agentnotifiers.dhcp_rpc_agent_api [None req-32cf84cf-a22f-4436-b03a-a5f2888a4de9 5e48fbf1c2ac4c309357addc1d72522c 8ddbf4cd017c40d2a70d3469347a6123 - - default default] Unable to schedule network a9e9e615-5ff5-4a47-b24f-700d814cfed4: no agents available; will retry on subsequent port and subnet creation events.
2026-07-02 11:17:27.998 10 INFO neutron.db.ovn_revision_numbers_db [None req-763d87c8-6bdf-4eba-92f2-49be3e009292 - - - - - -] Successfully bumped revision number for resource 0dd5b0d3-3480-417f-9ae6-02496e90cae1 (type: ports) to 2
2026-07-02 11:17:28.237 10 INFO neutron.db.ovn_revision_numbers_db [None req-763d87c8-6bdf-4eba-92f2-49be3e009292 - - - - - -] Successfully bumped revision number for resource 0dd5b0d3-3480-417f-9ae6-02496e90cae1 (type: router_ports) to 2
2026-07-02 11:17:28.370 10 INFO neutron.wsgi [None req-93ead441-6d08-4360-8112-4a7a7a0a6620 923dd0f9a5cd4e2da3ce70f128f793d9 256cf45d3a44420e903daa6e86767366 - - default default] 10.0.0.248 "DELETE /v2.0/networks/cecb4180-5983-4625-82e2-2700a53599fc HTTP/1.1" status: 204 len: 168 time: 0.5411839
2026-07-02 11:17:28.572 9 INFO neutron.db.ovn_revision_numbers_db [None req-32cf84cf-a22f-4436-b03a-a5f2888a4de9 5e48fbf1c2ac4c309357addc1d72522c 8ddbf4cd017c40d2a70d3469347a6123 - - default default] Successfully bumped revision number for resource 0dd5b0d3-3480-417f-9ae6-02496e90cae1 (type: router_ports) to 2
2026-07-02 11:17:28.575 9 INFO neutron.wsgi [None req-32cf84cf-a22f-4436-b03a-a5f2888a4de9 5e48fbf1c2ac4c309357addc1d72522c 8ddbf4cd017c40d2a70d3469347a6123 - - default default] 10.0.0.248 "PUT /v2.0/routers/bf55822c-f0fd-4567-81d4-f8f16a8aadff/add_router_interface HTTP/1.1" status: 200 len: 503 time: 2.4690256
2026-07-02 11:17:28.635 9 INFO neutron.wsgi [-] 10.0.0.201 "GET / HTTP/1.1" status: 200 len: 247 time: 0.0013459
2026-07-02 11:17:28.639 9 INFO neutron.wsgi [-] 10.0.0.201 "GET / HTTP/1.1" status: 200 len: 247 time: 0.0036304
2026-07-02 11:17:28.898 10 INFO neutron.services.segments.plugin [-] Segment 72b61935-f8d4-459a-8ea2-f17d9a89dad7 resource provider aggregate not found
2026-07-02 11:17:28.917 10 INFO neutron.services.segments.plugin [-] Segment 72b61935-f8d4-459a-8ea2-f17d9a89dad7 resource provider not found; error: Placement Client Error (4xx): {"errors": [{"status": 404, "title": "Not Found", "detail": "The resource could not be found.\n\n No resource provider with uuid 72b61935-f8d4-459a-8ea2-f17d9a89dad7 found for delete ", "request_id": "req-5f6bcc56-adaa-4f2b-b9fa-6043e7b3b50e"}]}
2026-07-02 11:17:28.951 10 INFO neutron.services.segments.plugin [-] Segment 72b61935-f8d4-459a-8ea2-f17d9a89dad7 resource provider aggregate not found
2026-07-02 11:17:28.970 9 WARNING neutron.scheduler.dhcp_agent_scheduler [None req-387b4256-f83a-4f1e-8149-470c268dd64b 5e48fbf1c2ac4c309357addc1d72522c 8ddbf4cd017c40d2a70d3469347a6123 - - default default] No more DHCP agents
2026-07-02 11:17:28.973 9 WARNING neutron.api.rpc.agentnotifiers.dhcp_rpc_agent_api [None req-387b4256-f83a-4f1e-8149-470c268dd64b 5e48fbf1c2ac4c309357addc1d72522c 8ddbf4cd017c40d2a70d3469347a6123 - - default default] Unable to schedule network a9e9e615-5ff5-4a47-b24f-700d814cfed4: no agents available; will retry on subsequent port and subnet creation events.
2026-07-02 11:17:28.975 10 INFO neutron.services.segments.plugin [-] Segment 72b61935-f8d4-459a-8ea2-f17d9a89dad7 resource provider not found; error: Placement Client Error (4xx): {"errors": [{"status": 404, "title": "Not Found", "detail": "The resource could not be found.\n\n No resource provider with uuid 72b61935-f8d4-459a-8ea2-f17d9a89dad7 found for delete ", "request_id": "req-2c155c39-4183-4a8d-bdf2-9d991a1d7313"}]}
2026-07-02 11:17:29.191 9 INFO neutron.db.ovn_revision_numbers_db [None req-387b4256-f83a-4f1e-8149-470c268dd64b 5e48fbf1c2ac4c309357addc1d72522c 8ddbf4cd017c40d2a70d3469347a6123 - - default default] Successfully bumped revision number for resource 6fdf3136-a253-4e66-8df2-a1e223afa2a3 (type: ports) to 1
2026-07-02 11:17:29.219 9 INFO neutron.wsgi [None req-387b4256-f83a-4f1e-8149-470c268dd64b 5e48fbf1c2ac4c309357addc1d72522c 8ddbf4cd017c40d2a70d3469347a6123 - - default default] 10.0.0.248 "POST /v2.0/ports HTTP/1.1" status: 201 len: 1152 time: 0.6393671 /var/lib/openstack/lib/python3.10/site-packages/pycadf/identifier.py:71: UserWarning: Invalid uuid: neutron. To ensure interoperability, identifiers should be a valid uuid. warnings.warn(('Invalid uuid: %s. To ensure interoperability, '
2026-07-02 11:17:29.360 10 INFO neutron.wsgi [None req-6d756a5c-8b82-49bc-9a04-18d177552b08 77240ad744294c35b7ae80100fc78dbe 0a98d02fb3d8404a862651be04768bd5 - - default default] 10.0.0.248 "GET /v2.0/security-groups?tenant_id=256cf45d3a44420e903daa6e86767366&name=default HTTP/1.1" status: 200 len: 2996 time: 0.2535617
2026-07-02 11:17:29.590 10 INFO neutron.wsgi [None req-34470e66-b5e0-45a0-983d-538c6ae08447 77240ad744294c35b7ae80100fc78dbe 0a98d02fb3d8404a862651be04768bd5 - - default default] 10.0.0.248 "DELETE /v2.0/security-groups/97a6cb60-eda2-45f1-a0be-e769f79b286e HTTP/1.1" status: 204 len: 168 time: 0.2249920
2026-07-02 11:17:29.598 9 WARNING neutron.scheduler.dhcp_agent_scheduler [None req-85bafc1e-3c07-4aa9-8f24-f32fe56f2e1a 5e48fbf1c2ac4c309357addc1d72522c 8ddbf4cd017c40d2a70d3469347a6123 - - default default] No more DHCP agents
2026-07-02 11:17:29.601 9 WARNING neutron.api.rpc.agentnotifiers.dhcp_rpc_agent_api [None req-85bafc1e-3c07-4aa9-8f24-f32fe56f2e1a 5e48fbf1c2ac4c309357addc1d72522c 8ddbf4cd017c40d2a70d3469347a6123 - - default default] Unable to schedule network a9e9e615-5ff5-4a47-b24f-700d814cfed4: no agents available; will retry on subsequent port and subnet creation events. /var/lib/openstack/lib/python3.10/site-packages/pycadf/identifier.py:71: UserWarning: Invalid uuid: neutron. To ensure interoperability, identifiers should be a valid uuid. warnings.warn(('Invalid uuid: %s. To ensure interoperability, '
2026-07-02 11:17:29.788 9 INFO neutron.db.ovn_revision_numbers_db [None req-85bafc1e-3c07-4aa9-8f24-f32fe56f2e1a 5e48fbf1c2ac4c309357addc1d72522c 8ddbf4cd017c40d2a70d3469347a6123 - - default default] Successfully bumped revision number for resource a9b1fa4f-fb79-4503-ae25-18d15b5f1448 (type: ports) to 1
2026-07-02 11:17:29.822 9 INFO neutron.wsgi [None req-85bafc1e-3c07-4aa9-8f24-f32fe56f2e1a 5e48fbf1c2ac4c309357addc1d72522c 8ddbf4cd017c40d2a70d3469347a6123 - - default default] 10.0.0.248 "POST /v2.0/ports HTTP/1.1" status: 201 len: 1158 time: 0.5992472
2026-07-02 11:17:29.835 9 INFO neutron.db.ovn_revision_numbers_db [None req-dbba9933-2e39-4271-8a26-49cdc9dc9cc3 77240ad744294c35b7ae80100fc78dbe 0a98d02fb3d8404a862651be04768bd5 - - default default] Successfully bumped revision number for resource bcd90172-53b7-491e-aa78-f07b096de7a3 (type: security_groups) to 1
2026-07-02 11:17:29.855 9 INFO neutron.db.ovn_revision_numbers_db [None req-dbba9933-2e39-4271-8a26-49cdc9dc9cc3 77240ad744294c35b7ae80100fc78dbe 0a98d02fb3d8404a862651be04768bd5 - - default default] Successfully bumped revision number for resource 08f42439-0372-4e0d-acd4-818ea967bd40 (type: security_group_rules) to 0
2026-07-02 11:17:29.885 9 INFO neutron.db.ovn_revision_numbers_db [None req-dbba9933-2e39-4271-8a26-49cdc9dc9cc3 77240ad744294c35b7ae80100fc78dbe 0a98d02fb3d8404a862651be04768bd5 - - default default] Successfully bumped revision number for resource 49b1e1d2-82d9-4f7f-8f62-f18ca4e848a3 (type: security_group_rules) to 0
2026-07-02 11:17:29.903 9 INFO neutron.db.ovn_revision_numbers_db [None req-dbba9933-2e39-4271-8a26-49cdc9dc9cc3 77240ad744294c35b7ae80100fc78dbe 0a98d02fb3d8404a862651be04768bd5 - - default default] Successfully bumped revision number for resource b4e502bb-7797-43ae-a514-5845eb4d2095 (type: security_group_rules) to 0
2026-07-02 11:17:29.923 9 INFO neutron.db.ovn_revision_numbers_db [None req-dbba9933-2e39-4271-8a26-49cdc9dc9cc3 77240ad744294c35b7ae80100fc78dbe 0a98d02fb3d8404a862651be04768bd5 - - default default] Successfully bumped revision number for resource d94dea7d-78bb-46d5-84bf-d8fd4e0f3146 (type: security_group_rules) to 0
2026-07-02 11:17:29.973 9 INFO neutron.wsgi [None req-dbba9933-2e39-4271-8a26-49cdc9dc9cc3 77240ad744294c35b7ae80100fc78dbe 0a98d02fb3d8404a862651be04768bd5 - - default default] 10.0.0.248 "GET /v2.0/security-groups?tenant_id=3ed2a25078454871999081914b85b2cb&name=default HTTP/1.1" status: 200 len: 2996 time: 0.2820597
2026-07-02 11:17:30.118 9 WARNING neutron.scheduler.dhcp_agent_scheduler [None req-fd9bf011-88ad-4f9e-8e14-f4c46180d57a 5e48fbf1c2ac4c309357addc1d72522c 8ddbf4cd017c40d2a70d3469347a6123 - - default default] No more DHCP agents
2026-07-02 11:17:30.121 9 WARNING neutron.api.rpc.agentnotifiers.dhcp_rpc_agent_api [None req-fd9bf011-88ad-4f9e-8e14-f4c46180d57a 5e48fbf1c2ac4c309357addc1d72522c 8ddbf4cd017c40d2a70d3469347a6123 - - default default] Unable to schedule network 8ee51cf5-5613-4fd9-a1a5-7a52d1319abd: no agents available; will retry on subsequent port and subnet creation events.
2026-07-02 11:17:30.232 10 INFO neutron.wsgi [None req-35dac5de-239a-4088-a510-0b3ed0ae2e64 77240ad744294c35b7ae80100fc78dbe 0a98d02fb3d8404a862651be04768bd5 - - default default] 10.0.0.248 "DELETE /v2.0/security-groups/bcd90172-53b7-491e-aa78-f07b096de7a3 HTTP/1.1" status: 204 len: 168 time: 0.2472208
2026-07-02 11:17:30.577 9 WARNING neutron.plugins.ml2.drivers.ovn.mech_driver.ovsdb.ovn_client [None req-b582701f-b510-457f-adbc-1e1007217209 - - - - - -] No hosting information found for port d18f03b5-e379-4dc2-8e3a-fcdc74a7e627: RuntimeError: No hosting information found for port d18f03b5-e379-4dc2-8e3a-fcdc74a7e627
2026-07-02 11:17:30.580 9 INFO neutron.db.l3_db [None req-fd9bf011-88ad-4f9e-8e14-f4c46180d57a 5e48fbf1c2ac4c309357addc1d72522c 8ddbf4cd017c40d2a70d3469347a6123 - - default default] Floating IP 03c61aaa-6612-4aa7-8319-279ac19e18d2 associated. External IP: 10.96.250.210, port: a9b1fa4f-fb79-4503-ae25-18d15b5f1448.
2026-07-02 11:17:30.799 9 INFO neutron.db.ovn_revision_numbers_db [None req-fd9bf011-88ad-4f9e-8e14-f4c46180d57a 5e48fbf1c2ac4c309357addc1d72522c 8ddbf4cd017c40d2a70d3469347a6123 - - default default] Successfully bumped revision number for resource 03c61aaa-6612-4aa7-8319-279ac19e18d2 (type: floatingips) to 0
2026-07-02 11:17:30.913 9 INFO neutron.db.ovn_revision_numbers_db [None req-fd9bf011-88ad-4f9e-8e14-f4c46180d57a 5e48fbf1c2ac4c309357addc1d72522c 8ddbf4cd017c40d2a70d3469347a6123 - - default default] Successfully bumped revision number for resource 03c61aaa-6612-4aa7-8319-279ac19e18d2 (type: floatingips) to 1
2026-07-02 11:17:30.954 9 INFO neutron.wsgi [None req-fd9bf011-88ad-4f9e-8e14-f4c46180d57a 5e48fbf1c2ac4c309357addc1d72522c 8ddbf4cd017c40d2a70d3469347a6123 - - default default] 10.0.0.248 "POST /v2.0/floatingips HTTP/1.1" status: 201 len: 1042 time: 1.1263745
2026-07-02 11:17:31.095 9 INFO neutron.db.l3_db [None req-f68d5f72-bbd7-4851-9a2d-5d922280aea3 5e48fbf1c2ac4c309357addc1d72522c 8ddbf4cd017c40d2a70d3469347a6123 - - default default] Floating IP 03c61aaa-6612-4aa7-8319-279ac19e18d2 disassociated. External IP: 10.96.250.210, port: a9b1fa4f-fb79-4503-ae25-18d15b5f1448.
2026-07-02 11:17:31.135 9 INFO neutron.db.ovn_revision_numbers_db [None req-f68d5f72-bbd7-4851-9a2d-5d922280aea3 5e48fbf1c2ac4c309357addc1d72522c 8ddbf4cd017c40d2a70d3469347a6123 - - default default] Successfully bumped revision number for resource 03c61aaa-6612-4aa7-8319-279ac19e18d2 (type: floatingips) to 2
2026-07-02 11:17:31.230 9 INFO neutron.wsgi [None req-f68d5f72-bbd7-4851-9a2d-5d922280aea3 5e48fbf1c2ac4c309357addc1d72522c 8ddbf4cd017c40d2a70d3469347a6123 - - default default] 10.0.0.248 "PUT /v2.0/floatingips/03c61aaa-6612-4aa7-8319-279ac19e18d2 HTTP/1.1" status: 200 len: 748 time: 0.2684593
2026-07-02 11:17:31.613 9 INFO neutron.wsgi [None req-d698a4f6-bdc6-4dbd-9eb8-6c3e8876b484 5e48fbf1c2ac4c309357addc1d72522c 8ddbf4cd017c40d2a70d3469347a6123 - - default default] 10.0.0.248 "DELETE /v2.0/floatingips/03c61aaa-6612-4aa7-8319-279ac19e18d2 HTTP/1.1" status: 204 len: 168 time: 0.3788972
2026-07-02 11:17:31.884 9 WARNING neutron.scheduler.dhcp_agent_scheduler [None req-36cfa6d1-383b-4680-9188-6c68d9482ab5 7175f74f0985495bb240e9e404294c8e 71f2f475fea7445bb3090c4e4a05d1ca - - default default] No more DHCP agents
2026-07-02 11:17:31.889 9 WARNING neutron.api.rpc.agentnotifiers.dhcp_rpc_agent_api [None req-36cfa6d1-383b-4680-9188-6c68d9482ab5 7175f74f0985495bb240e9e404294c8e 71f2f475fea7445bb3090c4e4a05d1ca - - default default] Unable to schedule network 8ee51cf5-5613-4fd9-a1a5-7a52d1319abd: no agents available; will retry on subsequent port and subnet creation events.
2026-07-02 11:17:32.178 10 WARNING neutron.scheduler.dhcp_agent_scheduler [None req-a48ed202-fd6a-4786-ac22-adfd421d88eb 5e48fbf1c2ac4c309357addc1d72522c 8ddbf4cd017c40d2a70d3469347a6123 - - default default] No more DHCP agents
2026-07-02 11:17:32.179 10 WARNING neutron.api.rpc.agentnotifiers.dhcp_rpc_agent_api [None req-a48ed202-fd6a-4786-ac22-adfd421d88eb 5e48fbf1c2ac4c309357addc1d72522c 8ddbf4cd017c40d2a70d3469347a6123 - - default default] Unable to schedule network 8ee51cf5-5613-4fd9-a1a5-7a52d1319abd: no agents available; will retry on subsequent port and subnet creation events.
2026-07-02 11:17:32.381 9 INFO neutron.db.ovn_revision_numbers_db [None req-0fe9c43f-7d53-4034-9a86-2477b1a99aab 029faaad4e6f4448afcca8aab304e0e0 95a53fd49c954306aa9aa839e2771945 - - default default] Successfully bumped revision number for resource 0434455d-576e-4fc9-aabc-3bd873c53bfd (type: security_groups) to 1
2026-07-02 11:17:32.406 9 INFO neutron.db.ovn_revision_numbers_db [None req-36cfa6d1-383b-4680-9188-6c68d9482ab5 7175f74f0985495bb240e9e404294c8e 71f2f475fea7445bb3090c4e4a05d1ca - - default default] Successfully bumped revision number for resource 98de0710-ccb5-4704-8d29-572a34bb3294 (type: floatingips) to 0
2026-07-02 11:17:32.408 9 INFO neutron.db.ovn_revision_numbers_db [None req-0fe9c43f-7d53-4034-9a86-2477b1a99aab 029faaad4e6f4448afcca8aab304e0e0 95a53fd49c954306aa9aa839e2771945 - - default default] Successfully bumped revision number for resource 4567f321-94e4-4d5e-bef9-25f834b51974 (type: security_group_rules) to 0
2026-07-02 11:17:32.433 9 INFO neutron.wsgi [None req-36cfa6d1-383b-4680-9188-6c68d9482ab5 7175f74f0985495bb240e9e404294c8e 71f2f475fea7445bb3090c4e4a05d1ca - - default default] 10.0.0.248 "POST /v2.0/floatingips HTTP/1.1" status: 201 len: 751 time: 0.9804964
2026-07-02 11:17:32.435 9 INFO neutron.db.ovn_revision_numbers_db [None req-0fe9c43f-7d53-4034-9a86-2477b1a99aab 029faaad4e6f4448afcca8aab304e0e0 95a53fd49c954306aa9aa839e2771945 - - default default] Successfully bumped revision number for resource 8125e5db-44c6-4949-b3ba-061cd6326338 (type: security_group_rules) to 0
2026-07-02 11:17:32.453 9 INFO neutron.db.ovn_revision_numbers_db [None req-0fe9c43f-7d53-4034-9a86-2477b1a99aab 029faaad4e6f4448afcca8aab304e0e0 95a53fd49c954306aa9aa839e2771945 - - default default] Successfully bumped revision number for resource 9b2be015-33a4-4a1c-9814-e9d415ec151d (type: security_group_rules) to 0
2026-07-02 11:17:32.490 9 INFO neutron.db.ovn_revision_numbers_db [None req-0fe9c43f-7d53-4034-9a86-2477b1a99aab 029faaad4e6f4448afcca8aab304e0e0 95a53fd49c954306aa9aa839e2771945 - - default default] Successfully bumped revision number for resource ba56c91a-69ce-49f7-be5e-d6988e045e86 (type: security_group_rules) to 0
2026-07-02 11:17:32.558 9 INFO neutron.db.segments_db [None req-0fe9c43f-7d53-4034-9a86-2477b1a99aab 029faaad4e6f4448afcca8aab304e0e0 95a53fd49c954306aa9aa839e2771945 - - default default] Added segment d8c1a910-7b66-4a62-9173-27e663b6ad58 of type geneve for network f3cb841d-a66d-4411-afbd-6c73134006a2
2026-07-02 11:17:32.751 9 INFO neutron.db.ovn_revision_numbers_db [None req-0fe9c43f-7d53-4034-9a86-2477b1a99aab 029faaad4e6f4448afcca8aab304e0e0 95a53fd49c954306aa9aa839e2771945 - - default default] Successfully bumped revision number for resource f3cb841d-a66d-4411-afbd-6c73134006a2 (type: networks) to 1
2026-07-02 11:17:32.810 10 INFO neutron.db.l3_db [None req-a48ed202-fd6a-4786-ac22-adfd421d88eb 5e48fbf1c2ac4c309357addc1d72522c 8ddbf4cd017c40d2a70d3469347a6123 - - default default] Floating IP 1d30397d-d8bf-49dc-be03-ea0897f065f0 associated. External IP: 10.96.250.211, port: 6fdf3136-a253-4e66-8df2-a1e223afa2a3.
2026-07-02 11:17:32.861 10 WARNING neutron.scheduler.dhcp_agent_scheduler [None req-36874f90-e833-416c-b953-d02378e9f859 7175f74f0985495bb240e9e404294c8e 71f2f475fea7445bb3090c4e4a05d1ca - - default default] No more DHCP agents
2026-07-02 11:17:32.871 10 WARNING neutron.api.rpc.agentnotifiers.dhcp_rpc_agent_api [None req-36874f90-e833-416c-b953-d02378e9f859 7175f74f0985495bb240e9e404294c8e 71f2f475fea7445bb3090c4e4a05d1ca - - default default] Unable to schedule network 8ee51cf5-5613-4fd9-a1a5-7a52d1319abd: no agents available; will retry on subsequent port and subnet creation events.
2026-07-02 11:17:32.959 9 WARNING neutron.scheduler.dhcp_agent_scheduler [None req-0fe9c43f-7d53-4034-9a86-2477b1a99aab 029faaad4e6f4448afcca8aab304e0e0 95a53fd49c954306aa9aa839e2771945 - - default default] No more DHCP agents
2026-07-02 11:17:32.964 9 WARNING neutron.api.rpc.agentnotifiers.dhcp_rpc_agent_api [None req-0fe9c43f-7d53-4034-9a86-2477b1a99aab 029faaad4e6f4448afcca8aab304e0e0 95a53fd49c954306aa9aa839e2771945 - - default default] Unable to schedule network f3cb841d-a66d-4411-afbd-6c73134006a2: no agents available; will retry on subsequent port and subnet creation events.
2026-07-02 11:17:33.065 10 INFO neutron.db.ovn_revision_numbers_db [None req-a48ed202-fd6a-4786-ac22-adfd421d88eb 5e48fbf1c2ac4c309357addc1d72522c 8ddbf4cd017c40d2a70d3469347a6123 - - default default] Successfully bumped revision number for resource 1d30397d-d8bf-49dc-be03-ea0897f065f0 (type: floatingips) to 0
2026-07-02 11:17:33.115 9 INFO neutron.db.ovn_revision_numbers_db [None req-0fe9c43f-7d53-4034-9a86-2477b1a99aab 029faaad4e6f4448afcca8aab304e0e0 95a53fd49c954306aa9aa839e2771945 - - default default] Successfully bumped revision number for resource 9f4b7676-f7eb-454b-a755-735fef6b6639 (type: ports) to 1
2026-07-02 11:17:33.149 9 INFO neutron.wsgi [None req-0fe9c43f-7d53-4034-9a86-2477b1a99aab 029faaad4e6f4448afcca8aab304e0e0 95a53fd49c954306aa9aa839e2771945 - - default default] 10.0.0.248 "POST /v2.0/networks HTTP/1.1" status: 201 len: 831 time: 1.2163253
2026-07-02 11:17:33.273 10 INFO neutron.db.ovn_revision_numbers_db [None req-a48ed202-fd6a-4786-ac22-adfd421d88eb 5e48fbf1c2ac4c309357addc1d72522c 8ddbf4cd017c40d2a70d3469347a6123 - - default default] Successfully bumped revision number for resource 1d30397d-d8bf-49dc-be03-ea0897f065f0 (type: floatingips) to 1
2026-07-02 11:17:33.347 10 INFO neutron.wsgi [None req-a48ed202-fd6a-4786-ac22-adfd421d88eb 5e48fbf1c2ac4c309357addc1d72522c 8ddbf4cd017c40d2a70d3469347a6123 - - default default] 10.0.0.248 "POST /v2.0/floatingips HTTP/1.1" status: 201 len: 1039 time: 1.7258563 /var/lib/openstack/lib/python3.10/site-packages/pycadf/identifier.py:71: UserWarning: Invalid uuid: neutron. To ensure interoperability, identifiers should be a valid uuid. warnings.warn(('Invalid uuid: %s. To ensure interoperability, '
2026-07-02 11:17:33.394 10 INFO neutron.db.ovn_revision_numbers_db [None req-36874f90-e833-416c-b953-d02378e9f859 7175f74f0985495bb240e9e404294c8e 71f2f475fea7445bb3090c4e4a05d1ca - - default default] Successfully bumped revision number for resource 8d1997f2-4c1e-48cb-a16a-552cb9f450ee (type: floatingips) to 0
2026-07-02 11:17:33.404 9 INFO neutron.wsgi [None req-e7ac80bd-8b34-4035-8189-bcfc9eb62137 5e48fbf1c2ac4c309357addc1d72522c 8ddbf4cd017c40d2a70d3469347a6123 - - default default] 10.0.0.248 "GET /v2.0/floatingips/1d30397d-d8bf-49dc-be03-ea0897f065f0 HTTP/1.1" status: 200 len: 1036 time: 0.0454340
2026-07-02 11:17:33.409 10 INFO neutron.wsgi [None req-36874f90-e833-416c-b953-d02378e9f859 7175f74f0985495bb240e9e404294c8e 71f2f475fea7445bb3090c4e4a05d1ca - - default default] 10.0.0.248 "POST /v2.0/floatingips HTTP/1.1" status: 201 len: 751 time: 0.9672818
2026-07-02 11:17:33.469 9 INFO neutron.wsgi [None req-fdd560b9-5d59-4dde-b3a6-3e0baa744922 5e48fbf1c2ac4c309357addc1d72522c 8ddbf4cd017c40d2a70d3469347a6123 - - default default] 10.0.0.248 "GET /v2.0/floatingips HTTP/1.1" status: 200 len: 1039 time: 0.0602591
2026-07-02 11:17:33.545 10 WARNING neutron.scheduler.dhcp_agent_scheduler [None req-69081bf2-71f8-4552-82e3-4d5e6b562bf7 029faaad4e6f4448afcca8aab304e0e0 95a53fd49c954306aa9aa839e2771945 - - default default] No more DHCP agents
2026-07-02 11:17:33.551 10 WARNING neutron.api.rpc.agentnotifiers.dhcp_rpc_agent_api [None req-69081bf2-71f8-4552-82e3-4d5e6b562bf7 029faaad4e6f4448afcca8aab304e0e0 95a53fd49c954306aa9aa839e2771945 - - default default] Unable to schedule network f3cb841d-a66d-4411-afbd-6c73134006a2: no agents available; will retry on subsequent port and subnet creation events.
2026-07-02 11:17:33.718 9 INFO neutron.db.l3_db [None req-588afbc4-214f-45db-9ca3-660e8aaa166f 5e48fbf1c2ac4c309357addc1d72522c 8ddbf4cd017c40d2a70d3469347a6123 - - default default] Floating IP 1d30397d-d8bf-49dc-be03-ea0897f065f0 associated. External IP: 10.96.250.211, port: 6fdf3136-a253-4e66-8df2-a1e223afa2a3.
2026-07-02 11:17:33.768 10 WARNING neutron.plugins.ml2.drivers.ovn.mech_driver.ovsdb.ovn_client [None req-763d87c8-6bdf-4eba-92f2-49be3e009292 - - - - - -] No hosting information found for port 0dd5b0d3-3480-417f-9ae6-02496e90cae1: RuntimeError: No hosting information found for port 0dd5b0d3-3480-417f-9ae6-02496e90cae1
2026-07-02 11:17:33.860 10 WARNING neutron.scheduler.dhcp_agent_scheduler [None req-42f5d6f6-97c4-4f08-9b8c-c3b04bf695b6 7175f74f0985495bb240e9e404294c8e 71f2f475fea7445bb3090c4e4a05d1ca - - default default] No more DHCP agents
2026-07-02 11:17:33.889 10 WARNING neutron.api.rpc.agentnotifiers.dhcp_rpc_agent_api [None req-42f5d6f6-97c4-4f08-9b8c-c3b04bf695b6 7175f74f0985495bb240e9e404294c8e 71f2f475fea7445bb3090c4e4a05d1ca - - default default] Unable to schedule network 8ee51cf5-5613-4fd9-a1a5-7a52d1319abd: no agents available; will retry on subsequent port and subnet creation events.
2026-07-02 11:17:33.937 9 INFO neutron.db.ovn_revision_numbers_db [None req-588afbc4-214f-45db-9ca3-660e8aaa166f 5e48fbf1c2ac4c309357addc1d72522c 8ddbf4cd017c40d2a70d3469347a6123 - - default default] Successfully bumped revision number for resource 1d30397d-d8bf-49dc-be03-ea0897f065f0 (type: floatingips) to 2
2026-07-02 11:17:34.051 9 INFO neutron.db.ovn_revision_numbers_db [None req-588afbc4-214f-45db-9ca3-660e8aaa166f 5e48fbf1c2ac4c309357addc1d72522c 8ddbf4cd017c40d2a70d3469347a6123 - - default default] Successfully bumped revision number for resource 1d30397d-d8bf-49dc-be03-ea0897f065f0 (type: floatingips) to 2 /var/lib/openstack/lib/python3.10/site-packages/pycadf/identifier.py:71: UserWarning: Invalid uuid: neutron. To ensure interoperability, identifiers should be a valid uuid. warnings.warn(('Invalid uuid: %s. To ensure interoperability, '
2026-07-02 11:17:34.129 9 INFO neutron.wsgi [None req-588afbc4-214f-45db-9ca3-660e8aaa166f 5e48fbf1c2ac4c309357addc1d72522c 8ddbf4cd017c40d2a70d3469347a6123 - - default default] 10.0.0.248 "PUT /v2.0/floatingips/1d30397d-d8bf-49dc-be03-ea0897f065f0 HTTP/1.1" status: 200 len: 1039 time: 0.6538901
2026-07-02 11:17:34.283 9 INFO neutron.db.ovn_revision_numbers_db [None req-bbbc116c-2fb0-4deb-bd68-55d44346d77a 713920b4f7f64453853c5a19c4c7696d ae12783fc9cc43c799386f645b199361 - - default default] Successfully bumped revision number for resource db752e03-abfe-4e0a-8225-e9fcf3786775 (type: security_groups) to 1
2026-07-02 11:17:34.301 9 INFO neutron.db.l3_db [None req-c88674df-b482-4ee3-ae53-6ee065e42700 5e48fbf1c2ac4c309357addc1d72522c 8ddbf4cd017c40d2a70d3469347a6123 - - default default] Floating IP 1d30397d-d8bf-49dc-be03-ea0897f065f0 disassociated. External IP: 10.96.250.211, port: a9b1fa4f-fb79-4503-ae25-18d15b5f1448.
2026-07-02 11:17:34.303 9 INFO neutron.db.ovn_revision_numbers_db [None req-bbbc116c-2fb0-4deb-bd68-55d44346d77a 713920b4f7f64453853c5a19c4c7696d ae12783fc9cc43c799386f645b199361 - - default default] Successfully bumped revision number for resource 46b85b65-b12f-4688-8218-0a1cc7af6c29 (type: security_group_rules) to 0
2026-07-02 11:17:34.326 9 INFO neutron.db.ovn_revision_numbers_db [None req-bbbc116c-2fb0-4deb-bd68-55d44346d77a 713920b4f7f64453853c5a19c4c7696d ae12783fc9cc43c799386f645b199361 - - default default] Successfully bumped revision number for resource c72e8662-ca42-4bf3-b68c-ade6fb94639d (type: security_group_rules) to 0
2026-07-02 11:17:34.340 9 INFO neutron.db.ovn_revision_numbers_db [None req-c88674df-b482-4ee3-ae53-6ee065e42700 5e48fbf1c2ac4c309357addc1d72522c 8ddbf4cd017c40d2a70d3469347a6123 - - default default] Successfully bumped revision number for resource 1d30397d-d8bf-49dc-be03-ea0897f065f0 (type: floatingips) to 3
2026-07-02 11:17:34.341 9 INFO neutron.db.ovn_revision_numbers_db [None req-bbbc116c-2fb0-4deb-bd68-55d44346d77a 713920b4f7f64453853c5a19c4c7696d ae12783fc9cc43c799386f645b199361 - - default default] Successfully bumped revision number for resource de43a30f-b4d9-49fb-bdb8-a2a0f1c1c848 (type: security_group_rules) to 0
2026-07-02 11:17:34.373 9 INFO neutron.db.ovn_revision_numbers_db [None req-bbbc116c-2fb0-4deb-bd68-55d44346d77a 713920b4f7f64453853c5a19c4c7696d ae12783fc9cc43c799386f645b199361 - - default default] Successfully bumped revision number for resource e72b3a0a-71dd-487e-b4ef-cdd5a392b656 (type: security_group_rules) to 0
2026-07-02 11:17:34.409 10 INFO neutron.db.ovn_revision_numbers_db [None req-69081bf2-71f8-4552-82e3-4d5e6b562bf7 029faaad4e6f4448afcca8aab304e0e0 95a53fd49c954306aa9aa839e2771945 - - default default] Successfully bumped revision number for resource 9f4b7676-f7eb-454b-a755-735fef6b6639 (type: ports) to 2
2026-07-02 11:17:34.437 9 INFO neutron.db.segments_db [None req-bbbc116c-2fb0-4deb-bd68-55d44346d77a 713920b4f7f64453853c5a19c4c7696d ae12783fc9cc43c799386f645b199361 - - default default] Added segment 3c073905-36ff-4dd9-ba54-f228640401d0 of type geneve for network a66490a1-5f66-4602-9fef-cc01d84bbabf
2026-07-02 11:17:34.439 9 INFO neutron.wsgi [None req-c88674df-b482-4ee3-ae53-6ee065e42700 5e48fbf1c2ac4c309357addc1d72522c 8ddbf4cd017c40d2a70d3469347a6123 - - default default] 10.0.0.248 "PUT /v2.0/floatingips/1d30397d-d8bf-49dc-be03-ea0897f065f0 HTTP/1.1" status: 200 len: 748 time: 0.2974813
2026-07-02 11:17:34.450 10 INFO neutron.db.ovn_revision_numbers_db [None req-42f5d6f6-97c4-4f08-9b8c-c3b04bf695b6 7175f74f0985495bb240e9e404294c8e 71f2f475fea7445bb3090c4e4a05d1ca - - default default] Successfully bumped revision number for resource 380751b4-e0c5-417d-ab04-fa1448e2e5dc (type: floatingips) to 0
2026-07-02 11:17:34.454 10 INFO neutron.db.ovn_revision_numbers_db [None req-69081bf2-71f8-4552-82e3-4d5e6b562bf7 029faaad4e6f4448afcca8aab304e0e0 95a53fd49c954306aa9aa839e2771945 - - default default] Successfully bumped revision number for resource 5ed471b0-bccd-4777-b560-827b824b6f82 (type: subnets) to 0
2026-07-02 11:17:34.467 10 INFO neutron.wsgi [None req-42f5d6f6-97c4-4f08-9b8c-c3b04bf695b6 7175f74f0985495bb240e9e404294c8e 71f2f475fea7445bb3090c4e4a05d1ca - - default default] 10.0.0.248 "POST /v2.0/floatingips HTTP/1.1" status: 201 len: 751 time: 1.0521617
2026-07-02 11:17:34.471 10 INFO neutron.wsgi [None req-69081bf2-71f8-4552-82e3-4d5e6b562bf7 029faaad4e6f4448afcca8aab304e0e0 95a53fd49c954306aa9aa839e2771945 - - default default] 10.0.0.248 "POST /v2.0/subnets HTTP/1.1" status: 201 len: 801 time: 1.3139796 /var/lib/openstack/lib/python3.10/site-packages/pycadf/identifier.py:71: UserWarning: Invalid uuid: neutron. To ensure interoperability, identifiers should be a valid uuid. warnings.warn(('Invalid uuid: %s. To ensure interoperability, '
2026-07-02 11:17:34.597 10 INFO neutron.db.segments_db [None req-cc1f7082-3dc5-4e60-a850-fb9112358db0 029faaad4e6f4448afcca8aab304e0e0 95a53fd49c954306aa9aa839e2771945 - - default default] Added segment d0ab2a7c-7f50-4b50-8ada-e9415afab858 of type geneve for network fd425e29-c9f0-4495-8884-6af10b0395a1
2026-07-02 11:17:34.813 10 INFO neutron.db.ovn_revision_numbers_db [None req-cc1f7082-3dc5-4e60-a850-fb9112358db0 029faaad4e6f4448afcca8aab304e0e0 95a53fd49c954306aa9aa839e2771945 - - default default] Successfully bumped revision number for resource fd425e29-c9f0-4495-8884-6af10b0395a1 (type: networks) to 1
2026-07-02 11:17:34.847 10 WARNING neutron.scheduler.dhcp_agent_scheduler [None req-6c305665-bc03-46be-b26c-33d80634005e 7175f74f0985495bb240e9e404294c8e 71f2f475fea7445bb3090c4e4a05d1ca - - default default] No more DHCP agents
2026-07-02 11:17:34.850 10 WARNING neutron.api.rpc.agentnotifiers.dhcp_rpc_agent_api [None req-6c305665-bc03-46be-b26c-33d80634005e 7175f74f0985495bb240e9e404294c8e 71f2f475fea7445bb3090c4e4a05d1ca - - default default] Unable to schedule network 8ee51cf5-5613-4fd9-a1a5-7a52d1319abd: no agents available; will retry on subsequent port and subnet creation events.
2026-07-02 11:17:34.958 9 INFO neutron.db.ovn_revision_numbers_db [None req-bbbc116c-2fb0-4deb-bd68-55d44346d77a 713920b4f7f64453853c5a19c4c7696d ae12783fc9cc43c799386f645b199361 - - default default] Successfully bumped revision number for resource a66490a1-5f66-4602-9fef-cc01d84bbabf (type: networks) to 1
2026-07-02 11:17:35.085 10 WARNING neutron.scheduler.dhcp_agent_scheduler [None req-cc1f7082-3dc5-4e60-a850-fb9112358db0 029faaad4e6f4448afcca8aab304e0e0 95a53fd49c954306aa9aa839e2771945 - - default default] No more DHCP agents
2026-07-02 11:17:35.098 10 WARNING neutron.api.rpc.agentnotifiers.dhcp_rpc_agent_api [None req-cc1f7082-3dc5-4e60-a850-fb9112358db0 029faaad4e6f4448afcca8aab304e0e0 95a53fd49c954306aa9aa839e2771945 - - default default] Unable to schedule network fd425e29-c9f0-4495-8884-6af10b0395a1: no agents available; will retry on subsequent port and subnet creation events.
2026-07-02 11:17:35.234 10 INFO neutron.db.ovn_revision_numbers_db [None req-cc1f7082-3dc5-4e60-a850-fb9112358db0 029faaad4e6f4448afcca8aab304e0e0 95a53fd49c954306aa9aa839e2771945 - - default default] Successfully bumped revision number for resource 6b76e078-172e-43c9-88fd-4bba3d5a598e (type: ports) to 1
2026-07-02 11:17:35.244 9 WARNING neutron.scheduler.dhcp_agent_scheduler [None req-bbbc116c-2fb0-4deb-bd68-55d44346d77a 713920b4f7f64453853c5a19c4c7696d ae12783fc9cc43c799386f645b199361 - - default default] No more DHCP agents
2026-07-02 11:17:35.245 9 WARNING neutron.api.rpc.agentnotifiers.dhcp_rpc_agent_api [None req-bbbc116c-2fb0-4deb-bd68-55d44346d77a 713920b4f7f64453853c5a19c4c7696d ae12783fc9cc43c799386f645b199361 - - default default] Unable to schedule network a66490a1-5f66-4602-9fef-cc01d84bbabf: no agents available; will retry on subsequent port and subnet creation events.
2026-07-02 11:17:35.271 10 INFO neutron.wsgi [None req-cc1f7082-3dc5-4e60-a850-fb9112358db0 029faaad4e6f4448afcca8aab304e0e0 95a53fd49c954306aa9aa839e2771945 - - default default] 10.0.0.248 "POST /v2.0/networks HTTP/1.1" status: 201 len: 831 time: 0.7882850
2026-07-02 11:17:35.303 9 INFO neutron.wsgi [None req-5c775639-bea7-4811-ba7f-1af67be0e543 5e48fbf1c2ac4c309357addc1d72522c 8ddbf4cd017c40d2a70d3469347a6123 - - default default] 10.0.0.248 "DELETE /v2.0/floatingips/1d30397d-d8bf-49dc-be03-ea0897f065f0 HTTP/1.1" status: 204 len: 168 time: 0.8563938
2026-07-02 11:17:35.339 9 INFO neutron.api.v2.resource [None req-45205439-447b-4d03-9299-dd192bbaad43 5e48fbf1c2ac4c309357addc1d72522c 8ddbf4cd017c40d2a70d3469347a6123 - - default default] delete failed (client error): The resource could not be found.
2026-07-02 11:17:35.341 9 INFO neutron.wsgi [None req-45205439-447b-4d03-9299-dd192bbaad43 5e48fbf1c2ac4c309357addc1d72522c 8ddbf4cd017c40d2a70d3469347a6123 - - default default] 10.0.0.248 "DELETE /v2.0/floatingips/1d30397d-d8bf-49dc-be03-ea0897f065f0 HTTP/1.1" status: 404 len: 345 time: 0.0313218
