2026-07-02 11:15:44.264 9 INFO neutron.db.ovn_revision_numbers_db [None req-b582701f-b510-457f-adbc-1e1007217209 - - - - - -] Successfully bumped revision number for resource f9c591ac-fa7e-4ee2-a55d-a9f3da1cd17a (type: ports) to 4
2026-07-02 11:15:44.335 9 INFO neutron.plugins.ml2.drivers.ovn.mech_driver.mech_driver [None req-b582701f-b510-457f-adbc-1e1007217209 - - - - - -] OVN reports status up for port: c0e1c16c-065d-4697-91fa-b59e4a21f539
2026-07-02 11:15:44.347 9 INFO neutron.plugins.ml2.plugin [None req-b582701f-b510-457f-adbc-1e1007217209 - - - - - -] Attempt 1 to provision port c0e1c16c-065d-4697-91fa-b59e4a21f539
2026-07-02 11:15:44.516 10 INFO neutron.wsgi [None req-7c70f8ec-187a-470c-9fa4-f730beae19b4 59b590c625de4353a2d9235e5738768f de08e78537e14b4581f32c89952747f4 - - default default] 10.0.0.248 "DELETE /v2.0/ports/8d62bbbd-4727-4bb6-ac74-933134f462e1 HTTP/1.1" status: 204 len: 168 time: 0.6596560
2026-07-02 11:15:44.594 10 INFO neutron.wsgi [req-e6c56a5d-54e9-4a5f-9247-17c1a3616bda req-ad1d0b00-af46-4b41-be8c-a4358fdbe323 e146d90c1c2c40c7905a178fd59ac0b0 cc6389961abe4634b40722a02252bd53 - - default default] 10.0.0.229 "GET /v2.0/ports?device_id=2d38d819-10f2-4dfb-bb48-61419a35936e HTTP/1.1" status: 200 len: 1170 time: 0.0588019
2026-07-02 11:15:44.670 10 INFO neutron.wsgi [None req-968213c7-5d07-4dec-8ef8-75bc7700a847 59b590c625de4353a2d9235e5738768f de08e78537e14b4581f32c89952747f4 - - default default] 10.0.0.248 "GET /v2.0/ports HTTP/1.1" status: 200 len: 1729 time: 0.1476808
2026-07-02 11:15:44.701 10 INFO neutron.services.segments.plugin [-] Segment 55c11fb1-3de6-4fa5-91a5-e0928aabdaae resource provider aggregate not found
2026-07-02 11:15:44.724 10 INFO neutron.services.segments.plugin [-] Segment 55c11fb1-3de6-4fa5-91a5-e0928aabdaae resource provider aggregate not found
2026-07-02 11:15:44.737 10 INFO neutron.services.segments.plugin [-] Segment 55c11fb1-3de6-4fa5-91a5-e0928aabdaae resource provider not found; error: Placement Client Error (4xx): {"errors": [{"status": 404, "title": "Not Found", "detail": "The resource could not be found.\n\n No resource provider with uuid 55c11fb1-3de6-4fa5-91a5-e0928aabdaae found for delete ", "request_id": "req-ea271443-f050-46b5-b9f2-3615f5ec9602"}]}
2026-07-02 11:15:44.741 10 INFO neutron.wsgi [req-e6c56a5d-54e9-4a5f-9247-17c1a3616bda req-b65d9c62-919f-4ca8-9d90-9f2553eedde4 e146d90c1c2c40c7905a178fd59ac0b0 cc6389961abe4634b40722a02252bd53 - - default default] 10.0.0.229 "GET /v2.0/security-groups?id=189cbc6e-18dd-4a76-a322-1bc5ebe44980&fields=id&fields=name HTTP/1.1" status: 200 len: 313 time: 0.1360247
2026-07-02 11:15:44.745 10 INFO neutron.pecan_wsgi.hooks.translation [None req-dff527da-7450-4477-8b86-d7e13b0bddea 59b590c625de4353a2d9235e5738768f de08e78537e14b4581f32c89952747f4 - - default default] GET failed (client error): The resource could not be found.
2026-07-02 11:15:44.747 10 INFO neutron.wsgi [None req-dff527da-7450-4477-8b86-d7e13b0bddea 59b590c625de4353a2d9235e5738768f de08e78537e14b4581f32c89952747f4 - - default default] 10.0.0.248 "GET /v2.0/ports/8d62bbbd-4727-4bb6-ac74-933134f462e1 HTTP/1.1" status: 404 len: 333 time: 0.0710704
2026-07-02 11:15:44.748 10 INFO neutron.services.segments.plugin [-] Segment 55c11fb1-3de6-4fa5-91a5-e0928aabdaae resource provider not found; error: Placement Client Error (4xx): {"errors": [{"status": 404, "title": "Not Found", "detail": "The resource could not be found.\n\n No resource provider with uuid 55c11fb1-3de6-4fa5-91a5-e0928aabdaae found for delete ", "request_id": "req-4ce49da7-1d73-45f7-a85a-99d69c1e1c35"}]}
2026-07-02 11:15:44.790 10 INFO neutron.wsgi [None req-27648095-b82b-4cd0-9ba4-33a12d0901e1 59b590c625de4353a2d9235e5738768f de08e78537e14b4581f32c89952747f4 - - default default] 10.0.0.248 "GET /v2.0/ports HTTP/1.1" status: 200 len: 1729 time: 0.0375657
2026-07-02 11:15:44.796 10 INFO neutron.wsgi [None req-4f7c24d3-d9ee-4425-9f31-2188f8878e0c 9a305541b9f14d2bb759cab206ba6aec 6a9c3b1511394172b118571a0fd53455 - - default default] 10.0.0.248 "DELETE /v2.0/networks/7f626b9c-2bf0-4768-820e-a4f4ab0d8c40 HTTP/1.1" status: 204 len: 168 time: 0.9490836 /var/lib/openstack/lib/python3.10/site-packages/pycadf/identifier.py:71: UserWarning: Invalid uuid: neutron. To ensure interoperability, identifiers should be a valid uuid. warnings.warn(('Invalid uuid: %s. To ensure interoperability, '
2026-07-02 11:15:44.867 9 INFO neutron.wsgi [None req-bd1157f9-5692-4e9e-818f-5d54c377a168 dcf404d32f1d4b2fb66b417914d8f1b4 391c0440525e4b50a32fc7c6059cf665 - - default default] 10.0.0.248 "DELETE /v2.0/routers/075d9416-800a-4a28-b181-dcb2187eea93 HTTP/1.1" status: 204 len: 168 time: 0.6834221
2026-07-02 11:15:44.882 9 INFO neutron.wsgi [None req-afda50c6-172b-43cc-87b5-edd6c6415029 59b590c625de4353a2d9235e5738768f de08e78537e14b4581f32c89952747f4 - - default default] 10.0.0.248 "GET /v2.0/ports/af688cb8-6a78-464e-bd90-7f6260aa7561 HTTP/1.1" status: 200 len: 969 time: 0.0856161
2026-07-02 11:15:44.912 10 INFO neutron.wsgi [None req-13bfe9a8-6a05-43c6-bb03-e2d5830c049a dcf404d32f1d4b2fb66b417914d8f1b4 391c0440525e4b50a32fc7c6059cf665 - - default default] 10.0.0.248 "GET /v2.0/ports?device_id=075d9416-800a-4a28-b181-dcb2187eea93 HTTP/1.1" status: 200 len: 205 time: 0.0276613
2026-07-02 11:15:44.913 9 INFO neutron.pecan_wsgi.hooks.translation [None req-da26b8ed-a0a2-4ba0-9909-dff36831e38c 59b590c625de4353a2d9235e5738768f de08e78537e14b4581f32c89952747f4 - - default default] DELETE failed (client error): The resource could not be found.
2026-07-02 11:15:44.916 9 INFO neutron.wsgi [None req-da26b8ed-a0a2-4ba0-9909-dff36831e38c 59b590c625de4353a2d9235e5738768f de08e78537e14b4581f32c89952747f4 - - default default] 10.0.0.248 "DELETE /v2.0/ports/ad701698-dcc7-47eb-a081-10885354c417 HTTP/1.1" status: 404 len: 333 time: 0.0280852
2026-07-02 11:15:44.932 10 INFO neutron.wsgi [req-4097530d-71b3-4c18-88b2-52a2cb5b0396 req-80e3138d-0e2c-4eef-8bc8-ce2884b718dd e146d90c1c2c40c7905a178fd59ac0b0 cc6389961abe4634b40722a02252bd53 - - default default] 10.0.0.229 "GET /v2.0/ports?device_id=2d38d819-10f2-4dfb-bb48-61419a35936e HTTP/1.1" status: 200 len: 1170 time: 0.1213052
2026-07-02 11:15:44.952 9 INFO neutron.api.v2.resource [None req-d92cbfe2-3f9a-4ff5-9541-323e584cfe78 dcf404d32f1d4b2fb66b417914d8f1b4 391c0440525e4b50a32fc7c6059cf665 - - default default] delete failed (client error): The resource could not be found.
2026-07-02 11:15:44.954 9 INFO neutron.wsgi [None req-d92cbfe2-3f9a-4ff5-9541-323e584cfe78 dcf404d32f1d4b2fb66b417914d8f1b4 391c0440525e4b50a32fc7c6059cf665 - - default default] 10.0.0.248 "DELETE /v2.0/routers/075d9416-800a-4a28-b181-dcb2187eea93 HTTP/1.1" status: 404 len: 336 time: 0.0335763
2026-07-02 11:15:44.954 9 INFO neutron.pecan_wsgi.hooks.translation [None req-167119fd-ea42-4f00-a396-a6d03b286446 59b590c625de4353a2d9235e5738768f de08e78537e14b4581f32c89952747f4 - - default default] DELETE failed (client error): The resource could not be found.
2026-07-02 11:15:44.956 9 INFO neutron.wsgi [None req-167119fd-ea42-4f00-a396-a6d03b286446 59b590c625de4353a2d9235e5738768f de08e78537e14b4581f32c89952747f4 - - default default] 10.0.0.248 "DELETE /v2.0/subnets/1a87049a-5671-4868-acd1-e19cb60f7251 HTTP/1.1" status: 404 len: 337 time: 0.0351708
2026-07-02 11:15:44.994 9 INFO neutron.pecan_wsgi.hooks.translation [None req-8eb45ee8-00c6-4c91-a259-97b12ba24e78 59b590c625de4353a2d9235e5738768f de08e78537e14b4581f32c89952747f4 - - default default] DELETE failed (client error): The resource could not be found.
2026-07-02 11:15:44.996 9 INFO neutron.wsgi [None req-8eb45ee8-00c6-4c91-a259-97b12ba24e78 59b590c625de4353a2d9235e5738768f de08e78537e14b4581f32c89952747f4 - - default default] 10.0.0.248 "DELETE /v2.0/subnets/f57136c5-3928-48a5-bb2a-e92d7682f231 HTTP/1.1" status: 404 len: 337 time: 0.0295892
2026-07-02 11:15:44.998 9 INFO neutron.wsgi [None req-039b9602-d68a-4081-a9a3-8a58e95dba75 dcf404d32f1d4b2fb66b417914d8f1b4 391c0440525e4b50a32fc7c6059cf665 - - default default] 10.0.0.248 "GET /v2.0/ports?device_id=3edcbb57-eec6-4183-bf18-95fc3b84d701 HTTP/1.1" status: 200 len: 205 time: 0.0302458
2026-07-02 11:15:45.034 9 INFO neutron.api.v2.resource [None req-e4274abf-d70d-4913-82a6-4ca904a3673c dcf404d32f1d4b2fb66b417914d8f1b4 391c0440525e4b50a32fc7c6059cf665 - - default default] delete failed (client error): The resource could not be found.
2026-07-02 11:15:45.036 9 INFO neutron.wsgi [None req-e4274abf-d70d-4913-82a6-4ca904a3673c dcf404d32f1d4b2fb66b417914d8f1b4 391c0440525e4b50a32fc7c6059cf665 - - default default] 10.0.0.248 "DELETE /v2.0/routers/3edcbb57-eec6-4183-bf18-95fc3b84d701 HTTP/1.1" status: 404 len: 336 time: 0.0247121
2026-07-02 11:15:45.271 10 INFO neutron.db.l3_db [None req-33d568ff-94e4-4faf-80ee-c583ab61dbdc e146d90c1c2c40c7905a178fd59ac0b0 cc6389961abe4634b40722a02252bd53 - - default default] Floating IP a003a862-04cd-4846-a8bf-164ffe435a0e associated. External IP: 10.96.250.206, port: f9c591ac-fa7e-4ee2-a55d-a9f3da1cd17a.
2026-07-02 11:15:45.343 10 INFO neutron.wsgi [None req-88f243ee-f923-4611-aa70-2f116ee66d33 9a305541b9f14d2bb759cab206ba6aec 6a9c3b1511394172b118571a0fd53455 - - default default] 10.0.0.248 "DELETE /v2.0/networks/4fcff273-9528-4bfc-8bc4-ac7c3cec95e4 HTTP/1.1" status: 204 len: 168 time: 0.5423570
2026-07-02 11:15:45.345 9 INFO neutron.pecan_wsgi.hooks.translation [None req-a4964c37-e257-4719-b6c8-49b7642b9ba6 dcf404d32f1d4b2fb66b417914d8f1b4 391c0440525e4b50a32fc7c6059cf665 - - default default] DELETE failed (client error): The resource could not be found.
2026-07-02 11:15:45.347 9 INFO neutron.wsgi [None req-a4964c37-e257-4719-b6c8-49b7642b9ba6 dcf404d32f1d4b2fb66b417914d8f1b4 391c0440525e4b50a32fc7c6059cf665 - - default default] 10.0.0.248 "DELETE /v2.0/subnets/3a41e5b8-63d4-4112-b890-ad14f04728be HTTP/1.1" status: 404 len: 337 time: 0.3044817
2026-07-02 11:15:45.391 9 INFO neutron.wsgi [None req-3ef61b65-d513-40e2-af89-df82e243924c dcf404d32f1d4b2fb66b417914d8f1b4 391c0440525e4b50a32fc7c6059cf665 - - default default] 10.0.0.248 "GET /v2.0/ports?device_id=e74f6242-63af-43e0-99e4-c63b2439b003 HTTP/1.1" status: 200 len: 205 time: 0.0296905
2026-07-02 11:15:45.418 10 INFO neutron.api.v2.resource [None req-0f47a7d1-7c11-4508-a4eb-7ba48cb1f17a dcf404d32f1d4b2fb66b417914d8f1b4 391c0440525e4b50a32fc7c6059cf665 - - default default] delete failed (client error): The resource could not be found.
2026-07-02 11:15:45.419 10 INFO neutron.wsgi [None req-0f47a7d1-7c11-4508-a4eb-7ba48cb1f17a dcf404d32f1d4b2fb66b417914d8f1b4 391c0440525e4b50a32fc7c6059cf665 - - default default] 10.0.0.248 "DELETE /v2.0/routers/e74f6242-63af-43e0-99e4-c63b2439b003 HTTP/1.1" status: 404 len: 336 time: 0.0225635
2026-07-02 11:15:45.443 9 INFO neutron.pecan_wsgi.hooks.translation [None req-42756904-123b-412f-bc07-ec1c8166dca2 dcf404d32f1d4b2fb66b417914d8f1b4 391c0440525e4b50a32fc7c6059cf665 - - default default] DELETE failed (client error): The resource could not be found.
2026-07-02 11:15:45.445 9 INFO neutron.wsgi [None req-42756904-123b-412f-bc07-ec1c8166dca2 dcf404d32f1d4b2fb66b417914d8f1b4 391c0440525e4b50a32fc7c6059cf665 - - default default] 10.0.0.248 "DELETE /v2.0/subnets/9682920a-9261-46e8-9741-0311ea014c4d HTTP/1.1" status: 404 len: 337 time: 0.0205057
2026-07-02 11:15:45.485 9 INFO neutron.wsgi [None req-f5ac0f78-ba25-4db5-9bae-61471ef994f4 dcf404d32f1d4b2fb66b417914d8f1b4 391c0440525e4b50a32fc7c6059cf665 - - default default] 10.0.0.248 "GET /v2.0/ports?device_id=b33932a5-3195-4cbd-9ffe-f3fa9357e113 HTTP/1.1" status: 200 len: 205 time: 0.0287924 /var/lib/openstack/lib/python3.10/site-packages/pycadf/identifier.py:71: UserWarning: Invalid uuid: neutron. To ensure interoperability, identifiers should be a valid uuid. warnings.warn(('Invalid uuid: %s. To ensure interoperability, '
2026-07-02 11:15:45.516 10 INFO neutron.api.v2.resource [None req-33dcf0d5-a76a-4eac-aee3-b4554a0fba51 dcf404d32f1d4b2fb66b417914d8f1b4 391c0440525e4b50a32fc7c6059cf665 - - default default] delete failed (client error): The resource could not be found.
2026-07-02 11:15:45.517 10 INFO neutron.wsgi [None req-33dcf0d5-a76a-4eac-aee3-b4554a0fba51 dcf404d32f1d4b2fb66b417914d8f1b4 391c0440525e4b50a32fc7c6059cf665 - - default default] 10.0.0.248 "DELETE /v2.0/routers/b33932a5-3195-4cbd-9ffe-f3fa9357e113 HTTP/1.1" status: 404 len: 336 time: 0.0249696
2026-07-02 11:15:45.528 10 INFO neutron.db.ovn_revision_numbers_db [None req-33d568ff-94e4-4faf-80ee-c583ab61dbdc e146d90c1c2c40c7905a178fd59ac0b0 cc6389961abe4634b40722a02252bd53 - - default default] Successfully bumped revision number for resource a003a862-04cd-4846-a8bf-164ffe435a0e (type: floatingips) to 1
2026-07-02 11:15:45.552 10 INFO neutron.pecan_wsgi.hooks.translation [None req-fd66d3e3-f3ea-4a86-b75a-2523b6e59a58 dcf404d32f1d4b2fb66b417914d8f1b4 391c0440525e4b50a32fc7c6059cf665 - - default default] DELETE failed (client error): The resource could not be found.
2026-07-02 11:15:45.554 10 INFO neutron.wsgi [None req-fd66d3e3-f3ea-4a86-b75a-2523b6e59a58 dcf404d32f1d4b2fb66b417914d8f1b4 391c0440525e4b50a32fc7c6059cf665 - - default default] 10.0.0.248 "DELETE /v2.0/subnets/59067be3-b913-49f9-a434-6a941fec1861 HTTP/1.1" status: 404 len: 337 time: 0.0309203
2026-07-02 11:15:45.577 10 INFO neutron.pecan_wsgi.hooks.translation [None req-1078dbd4-6e79-4ca2-89cf-6efe5d67f269 dcf404d32f1d4b2fb66b417914d8f1b4 391c0440525e4b50a32fc7c6059cf665 - - default default] DELETE failed (client error): The resource could not be found.
2026-07-02 11:15:45.579 10 INFO neutron.wsgi [None req-1078dbd4-6e79-4ca2-89cf-6efe5d67f269 dcf404d32f1d4b2fb66b417914d8f1b4 391c0440525e4b50a32fc7c6059cf665 - - default default] 10.0.0.248 "DELETE /v2.0/subnets/9253981f-a1f9-4ce3-87af-ea838974c260 HTTP/1.1" status: 404 len: 337 time: 0.0192273
2026-07-02 11:15:45.645 9 INFO neutron.wsgi [None req-d1c3fdf5-d112-4c70-8667-9ee71a6b0718 59b590c625de4353a2d9235e5738768f de08e78537e14b4581f32c89952747f4 - - default default] 10.0.0.248 "DELETE /v2.0/ports/af688cb8-6a78-464e-bd90-7f6260aa7561 HTTP/1.1" status: 204 len: 168 time: 0.6434414
2026-07-02 11:15:45.682 10 INFO neutron.db.ovn_revision_numbers_db [None req-33d568ff-94e4-4faf-80ee-c583ab61dbdc e146d90c1c2c40c7905a178fd59ac0b0 cc6389961abe4634b40722a02252bd53 - - default default] Successfully bumped revision number for resource a003a862-04cd-4846-a8bf-164ffe435a0e (type: floatingips) to 2
2026-07-02 11:15:45.712 10 INFO neutron.wsgi [None req-33d568ff-94e4-4faf-80ee-c583ab61dbdc e146d90c1c2c40c7905a178fd59ac0b0 cc6389961abe4634b40722a02252bd53 - - default default] 10.0.0.248 "PUT /v2.0/floatingips/a003a862-04cd-4846-a8bf-164ffe435a0e HTTP/1.1" status: 200 len: 1049 time: 0.7675245
2026-07-02 11:15:45.761 10 INFO neutron.notifiers.nova [-] Nova event matching ['req-dcd7401e-2eb0-4876-b22a-f8aa12463b23'] response: {'name': 'network-changed', 'server_uuid': '2d38d819-10f2-4dfb-bb48-61419a35936e', 'tag': 'f9c591ac-fa7e-4ee2-a55d-a9f3da1cd17a', 'status': 'completed', 'code': 200}
2026-07-02 11:15:45.829 9 INFO neutron.wsgi [req-1f909f10-4603-4f3c-be2f-3c0a86f4e045 req-92a77c1b-633b-4e91-88a6-60a4166d09f4 c009b804a6574fc1a3e7663aadd95622 a1e5a7691a304189972788d916dfc909 - - 7e6cee0005ce4cdbbd56e806f4693548 7e6cee0005ce4cdbbd56e806f4693548] 199.19.213.63 "GET /v2.0/ports?tenant_id=cc6389961abe4634b40722a02252bd53&device_id=2d38d819-10f2-4dfb-bb48-61419a35936e HTTP/1.1" status: 200 len: 1409 time: 0.0467613
2026-07-02 11:15:45.889 9 INFO neutron.services.segments.plugin [-] Segment 3bbf3f92-25a8-4337-b331-4bc8be9eec55 resource provider aggregate not found
2026-07-02 11:15:45.897 9 INFO neutron.services.segments.plugin [-] Segment 3bbf3f92-25a8-4337-b331-4bc8be9eec55 resource provider aggregate not found
2026-07-02 11:15:45.920 9 INFO neutron.services.segments.plugin [-] Segment 3bbf3f92-25a8-4337-b331-4bc8be9eec55 resource provider not found; error: Placement Client Error (4xx): {"errors": [{"status": 404, "title": "Not Found", "detail": "The resource could not be found.\n\n No resource provider with uuid 3bbf3f92-25a8-4337-b331-4bc8be9eec55 found for delete ", "request_id": "req-52c6697b-0725-466e-9815-c65b5336550d"}]}
2026-07-02 11:15:45.924 9 INFO neutron.services.segments.plugin [-] Segment 3bbf3f92-25a8-4337-b331-4bc8be9eec55 resource provider not found; error: Placement Client Error (4xx): {"errors": [{"status": 404, "title": "Not Found", "detail": "The resource could not be found.\n\n No resource provider with uuid 3bbf3f92-25a8-4337-b331-4bc8be9eec55 found for delete ", "request_id": "req-4a025e93-82e3-43a8-803c-8ac6e4a60d1f"}]}
2026-07-02 11:15:45.980 9 INFO neutron.wsgi [req-1f909f10-4603-4f3c-be2f-3c0a86f4e045 req-b63e97f5-6b17-47ab-9238-ab7f20c1064f c009b804a6574fc1a3e7663aadd95622 a1e5a7691a304189972788d916dfc909 - - 7e6cee0005ce4cdbbd56e806f4693548 7e6cee0005ce4cdbbd56e806f4693548] 199.19.213.63 "GET /v2.0/networks?id=53a07dec-ee09-4791-8a87-75add270addf HTTP/1.1" status: 200 len: 973 time: 0.1411211
2026-07-02 11:15:45.986 9 INFO neutron.wsgi [None req-9ed2ae39-a42d-460a-a0c6-e0cdb2e1d4e4 9a305541b9f14d2bb759cab206ba6aec 6a9c3b1511394172b118571a0fd53455 - - default default] 10.0.0.248 "DELETE /v2.0/networks/52b99918-164c-46df-92d4-ed6bdc4cabb2 HTTP/1.1" status: 204 len: 168 time: 0.6372979
2026-07-02 11:15:46.053 9 INFO neutron.wsgi [req-1f909f10-4603-4f3c-be2f-3c0a86f4e045 req-d06d95f8-b349-48d8-ac39-f1cb19b99cc0 c009b804a6574fc1a3e7663aadd95622 a1e5a7691a304189972788d916dfc909 - - 7e6cee0005ce4cdbbd56e806f4693548 7e6cee0005ce4cdbbd56e806f4693548] 199.19.213.63 "GET /v2.0/floatingips?fixed_ip_address=10.100.0.7&port_id=f9c591ac-fa7e-4ee2-a55d-a9f3da1cd17a HTTP/1.1" status: 200 len: 1059 time: 0.0654056
2026-07-02 11:15:46.075 9 INFO neutron.notifiers.nova [-] Nova event matching ['req-9da22075-bd45-40a0-9c6f-9323ba9fdc7d'] response: {'server_uuid': '2d38d819-10f2-4dfb-bb48-61419a35936e', 'name': 'network-vif-plugged', 'status': 'completed', 'tag': 'f9c591ac-fa7e-4ee2-a55d-a9f3da1cd17a', 'code': 200}
2026-07-02 11:15:46.106 9 INFO neutron.wsgi [req-1f909f10-4603-4f3c-be2f-3c0a86f4e045 req-528c3ff4-30f6-4ff7-bfb7-af660c3fe026 c009b804a6574fc1a3e7663aadd95622 a1e5a7691a304189972788d916dfc909 - - 7e6cee0005ce4cdbbd56e806f4693548 7e6cee0005ce4cdbbd56e806f4693548] 199.19.213.63 "GET /v2.0/subnets?id=67dddd99-fdae-4afe-b7a8-bfb6319d9ee2 HTTP/1.1" status: 200 len: 869 time: 0.0457923
2026-07-02 11:15:46.142 9 INFO neutron.wsgi [req-1f909f10-4603-4f3c-be2f-3c0a86f4e045 req-cc593825-b81a-4019-a472-83313ef4eb3c c009b804a6574fc1a3e7663aadd95622 a1e5a7691a304189972788d916dfc909 - - 7e6cee0005ce4cdbbd56e806f4693548 7e6cee0005ce4cdbbd56e806f4693548] 199.19.213.63 "GET /v2.0/ports?network_id=53a07dec-ee09-4791-8a87-75add270addf&device_owner=network%3Adhcp HTTP/1.1" status: 200 len: 210 time: 0.0302081
2026-07-02 11:15:46.243 9 INFO neutron.wsgi [req-1f909f10-4603-4f3c-be2f-3c0a86f4e045 req-e23149af-e241-48e7-ae11-821eda386e95 c009b804a6574fc1a3e7663aadd95622 a1e5a7691a304189972788d916dfc909 - - 7e6cee0005ce4cdbbd56e806f4693548 7e6cee0005ce4cdbbd56e806f4693548] 199.19.213.63 "GET /v2.0/networks/53a07dec-ee09-4791-8a87-75add270addf?fields=segments HTTP/1.1" status: 200 len: 212 time: 0.0855498
2026-07-02 11:15:46.329 9 INFO neutron.wsgi [None req-9cb0e27d-9c8d-4a31-a8be-c555b9d1ee5c 59b590c625de4353a2d9235e5738768f de08e78537e14b4581f32c89952747f4 - - default default] 10.0.0.248 "DELETE /v2.0/networks/f945808c-6ea9-4436-9df1-ed86dc575aaf HTTP/1.1" status: 204 len: 168 time: 0.6783831
2026-07-02 11:15:46.337 9 INFO neutron.wsgi [None req-50d444d6-a773-4849-a81b-cbfc7cb4191c 77240ad744294c35b7ae80100fc78dbe 0a98d02fb3d8404a862651be04768bd5 - - default default] 10.0.0.248 "GET /v2.0/security-groups?tenant_id=391c0440525e4b50a32fc7c6059cf665&name=default HTTP/1.1" status: 200 len: 2996 time: 0.1877987
2026-07-02 11:15:46.363 9 INFO neutron.wsgi [req-1f909f10-4603-4f3c-be2f-3c0a86f4e045 req-fdbceadf-d1b8-4ae5-bb2c-843a33c418b0 c009b804a6574fc1a3e7663aadd95622 a1e5a7691a304189972788d916dfc909 - - 7e6cee0005ce4cdbbd56e806f4693548 7e6cee0005ce4cdbbd56e806f4693548] 199.19.213.63 "GET /v2.0/networks/53a07dec-ee09-4791-8a87-75add270addf?fields=provider%3Aphysical_network&fields=provider%3Anetwork_type HTTP/1.1" status: 200 len: 277 time: 0.1121247
2026-07-02 11:15:46.416 10 INFO neutron.wsgi [None req-0a0729e8-0841-4292-9272-da81649f3f3c 9a305541b9f14d2bb759cab206ba6aec 6a9c3b1511394172b118571a0fd53455 - - default default] 10.0.0.248 "DELETE /v2.0/networks/513afe03-8853-4596-895b-dafd0f074e6b HTTP/1.1" status: 204 len: 168 time: 0.4230947
2026-07-02 11:15:46.581 9 INFO neutron.wsgi [None req-68804646-967a-4e03-9de2-38bea9e8962a 77240ad744294c35b7ae80100fc78dbe 0a98d02fb3d8404a862651be04768bd5 - - default default] 10.0.0.248 "DELETE /v2.0/security-groups/0c29a6a5-d707-43ce-9816-6f8d59420a45 HTTP/1.1" status: 204 len: 168 time: 0.2398083
2026-07-02 11:15:46.762 10 INFO neutron.services.segments.plugin [-] Segment cd4b4c15-3703-4ba0-aa04-927bf2d43ed4 resource provider aggregate not found
2026-07-02 11:15:46.784 10 INFO neutron.services.segments.plugin [-] Segment cd4b4c15-3703-4ba0-aa04-927bf2d43ed4 resource provider not found; error: Placement Client Error (4xx): {"errors": [{"status": 404, "title": "Not Found", "detail": "The resource could not be found.\n\n No resource provider with uuid cd4b4c15-3703-4ba0-aa04-927bf2d43ed4 found for delete ", "request_id": "req-b3a814ac-afbf-46e7-a127-2f1044b95c59"}]}
2026-07-02 11:15:46.796 10 INFO neutron.services.segments.plugin [-] Segment cd4b4c15-3703-4ba0-aa04-927bf2d43ed4 resource provider aggregate not found
2026-07-02 11:15:46.912 10 INFO neutron.services.segments.plugin [-] Segment 577a40a8-0d26-4867-bfaa-f4ff5ddf351b resource provider aggregate not found
2026-07-02 11:15:46.919 10 INFO neutron.services.segments.plugin [-] Segment cd4b4c15-3703-4ba0-aa04-927bf2d43ed4 resource provider not found; error: Placement Client Error (4xx): {"errors": [{"status": 404, "title": "Not Found", "detail": "The resource could not be found.\n\n No resource provider with uuid cd4b4c15-3703-4ba0-aa04-927bf2d43ed4 found for delete ", "request_id": "req-e0318c8d-26ad-46cd-bb2f-885d55bd0ae1"}]}
2026-07-02 11:15:46.939 10 INFO neutron.services.segments.plugin [-] Segment 577a40a8-0d26-4867-bfaa-f4ff5ddf351b resource provider aggregate not found
2026-07-02 11:15:46.946 10 INFO neutron.services.segments.plugin [-] Segment 577a40a8-0d26-4867-bfaa-f4ff5ddf351b resource provider not found; error: Placement Client Error (4xx): {"errors": [{"status": 404, "title": "Not Found", "detail": "The resource could not be found.\n\n No resource provider with uuid 577a40a8-0d26-4867-bfaa-f4ff5ddf351b found for delete ", "request_id": "req-0a1a8fc5-c5d4-4401-9279-4fba7bfc21be"}]}
2026-07-02 11:15:46.961 10 INFO neutron.services.segments.plugin [-] Segment 577a40a8-0d26-4867-bfaa-f4ff5ddf351b resource provider not found; error: Placement Client Error (4xx): {"errors": [{"status": 404, "title": "Not Found", "detail": "The resource could not be found.\n\n No resource provider with uuid 577a40a8-0d26-4867-bfaa-f4ff5ddf351b found for delete ", "request_id": "req-436cd7c3-1b50-4e64-a25a-6945ee2954b7"}]}
2026-07-02 11:15:47.111 9 INFO neutron.wsgi [None req-b3fae2e3-683a-43f4-9d88-58749e9b1ae3 77240ad744294c35b7ae80100fc78dbe 0a98d02fb3d8404a862651be04768bd5 - - default default] 10.0.0.248 "GET /v2.0/security-groups?tenant_id=6a9c3b1511394172b118571a0fd53455&name=default HTTP/1.1" status: 200 len: 2996 time: 0.1365011
2026-07-02 11:15:47.151 9 INFO neutron.wsgi [None req-28e202e2-096c-4a04-a2a8-76c902055742 77240ad744294c35b7ae80100fc78dbe 0a98d02fb3d8404a862651be04768bd5 - - default default] 10.0.0.248 "GET /v2.0/security-groups?tenant_id=de08e78537e14b4581f32c89952747f4&name=default HTTP/1.1" status: 200 len: 2996 time: 0.2304883
2026-07-02 11:15:47.346 9 INFO neutron.wsgi [None req-1c6e7755-26c8-47e9-b113-f66454710a78 77240ad744294c35b7ae80100fc78dbe 0a98d02fb3d8404a862651be04768bd5 - - default default] 10.0.0.248 "DELETE /v2.0/security-groups/2e7f56c7-942a-421d-b9f1-8cbdd9f82d2d HTTP/1.1" status: 204 len: 168 time: 0.1890984
2026-07-02 11:15:47.359 10 INFO neutron.wsgi [None req-fcea2b97-2d53-46da-a203-2372b9c3586b 77240ad744294c35b7ae80100fc78dbe 0a98d02fb3d8404a862651be04768bd5 - - default default] 10.0.0.248 "DELETE /v2.0/security-groups/5e015a8f-76c4-4adc-a1d0-3f35e7b594ad HTTP/1.1" status: 204 len: 168 time: 0.2406321
2026-07-02 11:15:47.940 9 INFO neutron.services.segments.plugin [-] Segment bc88982d-3634-4b71-84be-9ee9f97f632a resource provider aggregate not found
2026-07-02 11:15:47.959 9 INFO neutron.services.segments.plugin [-] Segment bc88982d-3634-4b71-84be-9ee9f97f632a resource provider aggregate not found
2026-07-02 11:15:47.966 9 INFO neutron.services.segments.plugin [-] Segment bc88982d-3634-4b71-84be-9ee9f97f632a resource provider not found; error: Placement Client Error (4xx): {"errors": [{"status": 404, "title": "Not Found", "detail": "The resource could not be found.\n\n No resource provider with uuid bc88982d-3634-4b71-84be-9ee9f97f632a found for delete ", "request_id": "req-a4f0f871-bb6d-4d73-9c9e-c39911581236"}]}
2026-07-02 11:15:47.977 9 INFO neutron.services.segments.plugin [-] Segment bc88982d-3634-4b71-84be-9ee9f97f632a resource provider not found; error: Placement Client Error (4xx): {"errors": [{"status": 404, "title": "Not Found", "detail": "The resource could not be found.\n\n No resource provider with uuid bc88982d-3634-4b71-84be-9ee9f97f632a found for delete ", "request_id": "req-5ed0b2eb-6c17-4e6d-8e52-0900fb336f02"}]}
2026-07-02 11:15:49.366 9 INFO neutron.db.ovn_revision_numbers_db [None req-d76754eb-2495-4f45-a9a5-1c6c2efec9e6 77240ad744294c35b7ae80100fc78dbe 0a98d02fb3d8404a862651be04768bd5 - - default default] Successfully bumped revision number for resource fc078eef-4b6b-41cf-8c85-ee4075aa5453 (type: security_groups) to 1
2026-07-02 11:15:49.394 9 INFO neutron.db.ovn_revision_numbers_db [None req-d76754eb-2495-4f45-a9a5-1c6c2efec9e6 77240ad744294c35b7ae80100fc78dbe 0a98d02fb3d8404a862651be04768bd5 - - default default] Successfully bumped revision number for resource 042564ed-8f39-4532-905c-57c8181c72e3 (type: security_group_rules) to 0
2026-07-02 11:15:49.421 9 INFO neutron.db.ovn_revision_numbers_db [None req-d76754eb-2495-4f45-a9a5-1c6c2efec9e6 77240ad744294c35b7ae80100fc78dbe 0a98d02fb3d8404a862651be04768bd5 - - default default] Successfully bumped revision number for resource 503617f0-682a-479a-9c9e-d5938faf307a (type: security_group_rules) to 0
2026-07-02 11:15:49.440 9 INFO neutron.db.ovn_revision_numbers_db [None req-d76754eb-2495-4f45-a9a5-1c6c2efec9e6 77240ad744294c35b7ae80100fc78dbe 0a98d02fb3d8404a862651be04768bd5 - - default default] Successfully bumped revision number for resource 93dfe969-2877-4071-be16-a57ca19fbdd3 (type: security_group_rules) to 0
2026-07-02 11:15:49.454 9 INFO neutron.db.ovn_revision_numbers_db [None req-d76754eb-2495-4f45-a9a5-1c6c2efec9e6 77240ad744294c35b7ae80100fc78dbe 0a98d02fb3d8404a862651be04768bd5 - - default default] Successfully bumped revision number for resource a45f7bdb-e3ce-457b-a933-012f5e070b14 (type: security_group_rules) to 0
2026-07-02 11:15:49.481 9 INFO neutron.wsgi [None req-d76754eb-2495-4f45-a9a5-1c6c2efec9e6 77240ad744294c35b7ae80100fc78dbe 0a98d02fb3d8404a862651be04768bd5 - - default default] 10.0.0.248 "GET /v2.0/security-groups?tenant_id=09270f738eec4c62899548bd953c5212&name=default HTTP/1.1" status: 200 len: 2996 time: 0.3378181
2026-07-02 11:15:49.482 10 INFO neutron.db.ovn_revision_numbers_db [None req-7160c29b-ff3e-4d49-b989-0fe3702f371e 0efa4d3da3914cf3a67ba58f706691c4 78dd85470785410c951f8b0f1422ffdb - - default default] Successfully bumped revision number for resource 177788b2-7f22-497c-8a28-1e8ca1496551 (type: security_groups) to 1
2026-07-02 11:15:49.494 10 INFO neutron.db.ovn_revision_numbers_db [None req-7160c29b-ff3e-4d49-b989-0fe3702f371e 0efa4d3da3914cf3a67ba58f706691c4 78dd85470785410c951f8b0f1422ffdb - - default default] Successfully bumped revision number for resource 3bd7a6e9-5187-4ddc-b0ec-c9bb3e782310 (type: security_group_rules) to 0
2026-07-02 11:15:49.507 10 INFO neutron.db.ovn_revision_numbers_db [None req-7160c29b-ff3e-4d49-b989-0fe3702f371e 0efa4d3da3914cf3a67ba58f706691c4 78dd85470785410c951f8b0f1422ffdb - - default default] Successfully bumped revision number for resource 66cc1029-48c4-4933-bfe8-14297e300c90 (type: security_group_rules) to 0
2026-07-02 11:15:49.521 10 INFO neutron.db.ovn_revision_numbers_db [None req-7160c29b-ff3e-4d49-b989-0fe3702f371e 0efa4d3da3914cf3a67ba58f706691c4 78dd85470785410c951f8b0f1422ffdb - - default default] Successfully bumped revision number for resource a62c24de-5784-4564-b493-cfd6e3874d34 (type: security_group_rules) to 0
2026-07-02 11:15:49.539 10 INFO neutron.db.ovn_revision_numbers_db [None req-7160c29b-ff3e-4d49-b989-0fe3702f371e 0efa4d3da3914cf3a67ba58f706691c4 78dd85470785410c951f8b0f1422ffdb - - default default] Successfully bumped revision number for resource bd4f5b86-3a68-4ddc-ad00-3ccd7702b594 (type: security_group_rules) to 0
2026-07-02 11:15:49.558 9 INFO neutron.db.ovn_revision_numbers_db [None req-e8a560a8-30d5-4e99-a1b3-820cb5e16109 cad145f87c2c456eb7fa960a99e7fed1 c4b68023693a4bf0bff18cca4ef65769 - - default default] Successfully bumped revision number for resource 3aa6f1eb-4d68-425f-8a2d-b87b718e4e49 (type: security_groups) to 1
2026-07-02 11:15:49.581 9 INFO neutron.db.ovn_revision_numbers_db [None req-e8a560a8-30d5-4e99-a1b3-820cb5e16109 cad145f87c2c456eb7fa960a99e7fed1 c4b68023693a4bf0bff18cca4ef65769 - - default default] Successfully bumped revision number for resource 15e78325-5c4e-4a21-8b51-9de1b2d93967 (type: security_group_rules) to 0
2026-07-02 11:15:49.597 9 INFO neutron.db.ovn_revision_numbers_db [None req-e8a560a8-30d5-4e99-a1b3-820cb5e16109 cad145f87c2c456eb7fa960a99e7fed1 c4b68023693a4bf0bff18cca4ef65769 - - default default] Successfully bumped revision number for resource 2c5d227f-fd07-430a-92ca-ea09d0f6e7d1 (type: security_group_rules) to 0
2026-07-02 11:15:49.605 10 INFO neutron.db.ovn_revision_numbers_db [None req-7160c29b-ff3e-4d49-b989-0fe3702f371e 0efa4d3da3914cf3a67ba58f706691c4 78dd85470785410c951f8b0f1422ffdb - - default default] Successfully bumped revision number for resource 967b364d-9bc6-4025-87b2-15a1f87cfe40 (type: security_groups) to 1
2026-07-02 11:15:49.613 9 INFO neutron.db.ovn_revision_numbers_db [None req-e8a560a8-30d5-4e99-a1b3-820cb5e16109 cad145f87c2c456eb7fa960a99e7fed1 c4b68023693a4bf0bff18cca4ef65769 - - default default] Successfully bumped revision number for resource 86524586-54ca-4f47-9146-cee517500488 (type: security_group_rules) to 0
2026-07-02 11:15:49.619 10 INFO neutron.db.ovn_revision_numbers_db [None req-7160c29b-ff3e-4d49-b989-0fe3702f371e 0efa4d3da3914cf3a67ba58f706691c4 78dd85470785410c951f8b0f1422ffdb - - default default] Successfully bumped revision number for resource 46279bfd-d1af-422f-a952-d07f47835c79 (type: security_group_rules) to 0
2026-07-02 11:15:49.628 9 INFO neutron.db.ovn_revision_numbers_db [None req-e8a560a8-30d5-4e99-a1b3-820cb5e16109 cad145f87c2c456eb7fa960a99e7fed1 c4b68023693a4bf0bff18cca4ef65769 - - default default] Successfully bumped revision number for resource 92fcf1e6-72b1-4c85-944b-9d6d92748a7e (type: security_group_rules) to 0
2026-07-02 11:15:49.633 10 INFO neutron.db.ovn_revision_numbers_db [None req-7160c29b-ff3e-4d49-b989-0fe3702f371e 0efa4d3da3914cf3a67ba58f706691c4 78dd85470785410c951f8b0f1422ffdb - - default default] Successfully bumped revision number for resource 9fd60a49-a384-4863-a10b-7c824fe652d4 (type: security_group_rules) to 0
2026-07-02 11:15:49.653 10 INFO neutron.wsgi [None req-7160c29b-ff3e-4d49-b989-0fe3702f371e 0efa4d3da3914cf3a67ba58f706691c4 78dd85470785410c951f8b0f1422ffdb - - default default] 10.0.0.248 "POST /v2.0/security-groups HTTP/1.1" status: 201 len: 1761 time: 0.3400910
2026-07-02 11:15:49.680 9 INFO neutron.db.segments_db [None req-e8a560a8-30d5-4e99-a1b3-820cb5e16109 cad145f87c2c456eb7fa960a99e7fed1 c4b68023693a4bf0bff18cca4ef65769 - - default default] Added segment e2df8a87-ebb9-4884-890f-7ace63b9726f of type geneve for network e4b117d7-ffc0-4be4-8972-226dc4617f8e
2026-07-02 11:15:49.713 9 INFO neutron.wsgi [None req-aeae253e-c9ad-4168-b8fd-8450b59975e9 0efa4d3da3914cf3a67ba58f706691c4 78dd85470785410c951f8b0f1422ffdb - - default default] 10.0.0.248 "GET /v2.0/security-groups HTTP/1.1" status: 200 len: 4539 time: 0.0544798
2026-07-02 11:15:49.721 9 INFO neutron.wsgi [None req-e6971cc4-c0ba-4531-9b66-2309a320355c 77240ad744294c35b7ae80100fc78dbe 0a98d02fb3d8404a862651be04768bd5 - - default default] 10.0.0.248 "DELETE /v2.0/security-groups/fc078eef-4b6b-41cf-8c85-ee4075aa5453 HTTP/1.1" status: 204 len: 168 time: 0.2340012
2026-07-02 11:15:49.810 10 INFO neutron.db.ovn_revision_numbers_db [None req-59c3f997-ff84-4117-ad8f-056c5eb492cb 0efa4d3da3914cf3a67ba58f706691c4 78dd85470785410c951f8b0f1422ffdb - - default default] Successfully bumped revision number for resource 967b364d-9bc6-4025-87b2-15a1f87cfe40 (type: security_groups) to 2
2026-07-02 11:15:49.814 10 INFO neutron.wsgi [None req-59c3f997-ff84-4117-ad8f-056c5eb492cb 0efa4d3da3914cf3a67ba58f706691c4 78dd85470785410c951f8b0f1422ffdb - - default default] 10.0.0.248 "PUT /v2.0/security-groups/967b364d-9bc6-4025-87b2-15a1f87cfe40 HTTP/1.1" status: 200 len: 1794 time: 0.0950968
2026-07-02 11:15:49.839 9 INFO neutron.db.ovn_revision_numbers_db [None req-e8a560a8-30d5-4e99-a1b3-820cb5e16109 cad145f87c2c456eb7fa960a99e7fed1 c4b68023693a4bf0bff18cca4ef65769 - - default default] Successfully bumped revision number for resource e4b117d7-ffc0-4be4-8972-226dc4617f8e (type: networks) to 1
2026-07-02 11:15:49.857 9 INFO neutron.wsgi [None req-1bd03874-2edd-4244-8ced-47320eda36ec 0efa4d3da3914cf3a67ba58f706691c4 78dd85470785410c951f8b0f1422ffdb - - default default] 10.0.0.248 "GET /v2.0/security-groups/967b364d-9bc6-4025-87b2-15a1f87cfe40 HTTP/1.1" status: 200 len: 1794 time: 0.0357692
2026-07-02 11:15:49.982 10 INFO neutron.wsgi [None req-ae01a08d-db5c-4ca1-a619-1b902b0c20d4 0efa4d3da3914cf3a67ba58f706691c4 78dd85470785410c951f8b0f1422ffdb - - default default] 10.0.0.248 "DELETE /v2.0/security-groups/967b364d-9bc6-4025-87b2-15a1f87cfe40 HTTP/1.1" status: 204 len: 168 time: 0.1193750
2026-07-02 11:15:50.015 9 WARNING neutron.scheduler.dhcp_agent_scheduler [None req-e8a560a8-30d5-4e99-a1b3-820cb5e16109 cad145f87c2c456eb7fa960a99e7fed1 c4b68023693a4bf0bff18cca4ef65769 - - default default] No more DHCP agents
2026-07-02 11:15:50.019 9 WARNING neutron.api.rpc.agentnotifiers.dhcp_rpc_agent_api [None req-e8a560a8-30d5-4e99-a1b3-820cb5e16109 cad145f87c2c456eb7fa960a99e7fed1 c4b68023693a4bf0bff18cca4ef65769 - - default default] Unable to schedule network e4b117d7-ffc0-4be4-8972-226dc4617f8e: no agents available; will retry on subsequent port and subnet creation events.
2026-07-02 11:15:50.022 9 WARNING neutron.plugins.ml2.drivers.ovn.mech_driver.ovsdb.ovn_client [None req-b582701f-b510-457f-adbc-1e1007217209 - - - - - -] No port found with ID c0e1c16c-065d-4697-91fa-b59e4a21f539: RuntimeError: No port found with ID c0e1c16c-065d-4697-91fa-b59e4a21f539
2026-07-02 11:15:50.022 9 INFO neutron.plugins.ml2.drivers.ovn.mech_driver.mech_driver [None req-b582701f-b510-457f-adbc-1e1007217209 - - - - - -] OVN reports status down for port: 8d62bbbd-4727-4bb6-ac74-933134f462e1
2026-07-02 11:15:50.030 10 INFO neutron.wsgi [None req-05fdc027-2b7b-43b8-b110-b792acfc73c7 0efa4d3da3914cf3a67ba58f706691c4 78dd85470785410c951f8b0f1422ffdb - - default default] 10.0.0.248 "GET /v2.0/security-groups HTTP/1.1" status: 200 len: 2996 time: 0.0388389
2026-07-02 11:15:50.042 10 INFO neutron.api.v2.resource [None req-ffb7e22e-ee03-4013-9e84-4262fe22dc5d 0efa4d3da3914cf3a67ba58f706691c4 78dd85470785410c951f8b0f1422ffdb - - default default] delete failed (client error): The resource could not be found.
2026-07-02 11:15:50.043 10 INFO neutron.wsgi [None req-ffb7e22e-ee03-4013-9e84-4262fe22dc5d 0efa4d3da3914cf3a67ba58f706691c4 78dd85470785410c951f8b0f1422ffdb - - default default] 10.0.0.248 "DELETE /v2.0/security-groups/967b364d-9bc6-4025-87b2-15a1f87cfe40 HTTP/1.1" status: 404 len: 347 time: 0.0090618
2026-07-02 11:15:50.116 9 INFO neutron.db.ovn_revision_numbers_db [None req-e8a560a8-30d5-4e99-a1b3-820cb5e16109 cad145f87c2c456eb7fa960a99e7fed1 c4b68023693a4bf0bff18cca4ef65769 - - default default] Successfully bumped revision number for resource ed3548f7-b0a5-45b5-a604-15a07341d4b5 (type: ports) to 1
2026-07-02 11:15:50.143 9 INFO neutron.wsgi [None req-e8a560a8-30d5-4e99-a1b3-820cb5e16109 cad145f87c2c456eb7fa960a99e7fed1 c4b68023693a4bf0bff18cca4ef65769 - - default default] 10.0.0.248 "POST /v2.0/networks HTTP/1.1" status: 201 len: 829 time: 0.7739227
2026-07-02 11:15:50.200 10 INFO neutron.db.ovn_revision_numbers_db [None req-86b928ce-382f-406f-a36c-32f381cf6a4b 0efa4d3da3914cf3a67ba58f706691c4 78dd85470785410c951f8b0f1422ffdb - - default default] Successfully bumped revision number for resource 8dc10733-d954-42fc-9e51-bbeb05cf6a46 (type: security_groups) to 1
2026-07-02 11:15:50.217 10 INFO neutron.db.ovn_revision_numbers_db [None req-86b928ce-382f-406f-a36c-32f381cf6a4b 0efa4d3da3914cf3a67ba58f706691c4 78dd85470785410c951f8b0f1422ffdb - - default default] Successfully bumped revision number for resource 6b91ef5f-3c7e-4d13-bd42-219fac225671 (type: security_group_rules) to 0
2026-07-02 11:15:50.233 10 INFO neutron.db.ovn_revision_numbers_db [None req-86b928ce-382f-406f-a36c-32f381cf6a4b 0efa4d3da3914cf3a67ba58f706691c4 78dd85470785410c951f8b0f1422ffdb - - default default] Successfully bumped revision number for resource 6f32f3c2-2421-444f-94e6-a522613f65da (type: security_group_rules) to 0
2026-07-02 11:15:50.244 9 INFO neutron.db.segments_db [None req-f164eaa1-3617-4c79-acf7-11bbb9d1556e cad145f87c2c456eb7fa960a99e7fed1 c4b68023693a4bf0bff18cca4ef65769 - - default default] Added segment fc7f819f-0c37-4bad-a950-700d27161b0f of type geneve for network 97f11415-3ae5-4c64-adea-a52d23b44d71
2026-07-02 11:15:50.258 10 INFO neutron.wsgi [None req-86b928ce-382f-406f-a36c-32f381cf6a4b 0efa4d3da3914cf3a67ba58f706691c4 78dd85470785410c951f8b0f1422ffdb - - default default] 10.0.0.248 "POST /v2.0/security-groups HTTP/1.1" status: 201 len: 1761 time: 0.2104456
2026-07-02 11:15:50.385 10 INFO neutron.db.ovn_revision_numbers_db [None req-66470aa3-5f56-48a4-a419-cca8cb82239d 0efa4d3da3914cf3a67ba58f706691c4 78dd85470785410c951f8b0f1422ffdb - - default default] Successfully bumped revision number for resource f944383f-1bc8-4fac-af7d-24881daeceb9 (type: security_group_rules) to 0
2026-07-02 11:15:50.409 10 INFO neutron.wsgi [None req-66470aa3-5f56-48a4-a419-cca8cb82239d 0efa4d3da3914cf3a67ba58f706691c4 78dd85470785410c951f8b0f1422ffdb - - default default] 10.0.0.248 "POST /v2.0/security-group-rules HTTP/1.1" status: 201 len: 768 time: 0.1449153
2026-07-02 11:15:50.429 10 INFO neutron.wsgi [None req-f022d25a-b7f9-4a2e-b0d6-8b2a33d42c23 0efa4d3da3914cf3a67ba58f706691c4 78dd85470785410c951f8b0f1422ffdb - - default default] 10.0.0.248 "GET /v2.0/security-group-rules/f944383f-1bc8-4fac-af7d-24881daeceb9 HTTP/1.1" status: 200 len: 763 time: 0.0143473
2026-07-02 11:15:50.435 9 INFO neutron.db.ovn_revision_numbers_db [None req-f164eaa1-3617-4c79-acf7-11bbb9d1556e cad145f87c2c456eb7fa960a99e7fed1 c4b68023693a4bf0bff18cca4ef65769 - - default default] Successfully bumped revision number for resource 97f11415-3ae5-4c64-adea-a52d23b44d71 (type: networks) to 1
2026-07-02 11:15:50.488 9 INFO neutron.wsgi [None req-a44cce8f-81ab-47a2-8e89-0ed6d3e0e8c9 0efa4d3da3914cf3a67ba58f706691c4 78dd85470785410c951f8b0f1422ffdb - - default default] 10.0.0.248 "GET /v2.0/security-group-rules HTTP/1.1" status: 200 len: 4113 time: 0.0538981
2026-07-02 11:15:50.639 9 WARNING neutron.scheduler.dhcp_agent_scheduler [None req-f164eaa1-3617-4c79-acf7-11bbb9d1556e cad145f87c2c456eb7fa960a99e7fed1 c4b68023693a4bf0bff18cca4ef65769 - - default default] No more DHCP agents
2026-07-02 11:15:50.642 9 WARNING neutron.api.rpc.agentnotifiers.dhcp_rpc_agent_api [None req-f164eaa1-3617-4c79-acf7-11bbb9d1556e cad145f87c2c456eb7fa960a99e7fed1 c4b68023693a4bf0bff18cca4ef65769 - - default default] Unable to schedule network 97f11415-3ae5-4c64-adea-a52d23b44d71: no agents available; will retry on subsequent port and subnet creation events.
2026-07-02 11:15:50.669 9 INFO neutron.wsgi [None req-9f9a2b58-e3bc-429c-b146-368d28bdb062 0efa4d3da3914cf3a67ba58f706691c4 78dd85470785410c951f8b0f1422ffdb - - default default] 10.0.0.248 "DELETE /v2.0/security-group-rules/f944383f-1bc8-4fac-af7d-24881daeceb9 HTTP/1.1" status: 204 len: 168 time: 0.1763158
2026-07-02 11:15:50.725 9 INFO neutron.db.ovn_revision_numbers_db [None req-f164eaa1-3617-4c79-acf7-11bbb9d1556e cad145f87c2c456eb7fa960a99e7fed1 c4b68023693a4bf0bff18cca4ef65769 - - default default] Successfully bumped revision number for resource e4cea236-1031-4b3a-8dd8-853177ffc846 (type: ports) to 1
2026-07-02 11:15:50.731 10 INFO neutron.wsgi [None req-c80eea84-489d-406d-82ea-f4d3c920799c 0efa4d3da3914cf3a67ba58f706691c4 78dd85470785410c951f8b0f1422ffdb - - default default] 10.0.0.248 "GET /v2.0/security-group-rules HTTP/1.1" status: 200 len: 3567 time: 0.0560198
2026-07-02 11:15:50.743 9 INFO neutron.wsgi [None req-f164eaa1-3617-4c79-acf7-11bbb9d1556e cad145f87c2c456eb7fa960a99e7fed1 c4b68023693a4bf0bff18cca4ef65769 - - default default] 10.0.0.248 "POST /v2.0/networks HTTP/1.1" status: 201 len: 829 time: 0.5933723
2026-07-02 11:15:50.909 10 INFO neutron.db.ovn_revision_numbers_db [None req-8f191dc5-834c-438b-a146-c51df8c4d132 0efa4d3da3914cf3a67ba58f706691c4 78dd85470785410c951f8b0f1422ffdb - - default default] Successfully bumped revision number for resource c9547795-f08b-4fe8-ae4c-0a9fe322b019 (type: security_group_rules) to 0
2026-07-02 11:15:50.948 10 INFO neutron.wsgi [None req-8f191dc5-834c-438b-a146-c51df8c4d132 0efa4d3da3914cf3a67ba58f706691c4 78dd85470785410c951f8b0f1422ffdb - - default default] 10.0.0.248 "POST /v2.0/security-group-rules HTTP/1.1" status: 201 len: 768 time: 0.2133133
2026-07-02 11:15:50.975 9 INFO neutron.wsgi [None req-b12f4a4b-4b95-474f-a428-7177a241b0bc 0efa4d3da3914cf3a67ba58f706691c4 78dd85470785410c951f8b0f1422ffdb - - default default] 10.0.0.248 "GET /v2.0/security-group-rules/c9547795-f08b-4fe8-ae4c-0a9fe322b019 HTTP/1.1" status: 200 len: 763 time: 0.0217824
2026-07-02 11:15:51.015 10 WARNING neutron.scheduler.dhcp_agent_scheduler [None req-fd9466d0-dac3-40a3-a4b9-c5b7dbbdecf5 cad145f87c2c456eb7fa960a99e7fed1 c4b68023693a4bf0bff18cca4ef65769 - - default default] No more DHCP agents
2026-07-02 11:15:51.019 10 WARNING neutron.api.rpc.agentnotifiers.dhcp_rpc_agent_api [None req-fd9466d0-dac3-40a3-a4b9-c5b7dbbdecf5 cad145f87c2c456eb7fa960a99e7fed1 c4b68023693a4bf0bff18cca4ef65769 - - default default] Unable to schedule network e4b117d7-ffc0-4be4-8972-226dc4617f8e: no agents available; will retry on subsequent port and subnet creation events.
2026-07-02 11:15:51.037 10 INFO neutron.wsgi [None req-f21927fe-7227-4c3a-bf1d-b1a419094f7f 0efa4d3da3914cf3a67ba58f706691c4 78dd85470785410c951f8b0f1422ffdb - - default default] 10.0.0.248 "GET /v2.0/security-group-rules HTTP/1.1" status: 200 len: 4113 time: 0.0566213
2026-07-02 11:15:51.180 9 INFO neutron.wsgi [None req-f1f01ed1-bdd9-46e8-890c-b508def61e68 0efa4d3da3914cf3a67ba58f706691c4 78dd85470785410c951f8b0f1422ffdb - - default default] 10.0.0.248 "DELETE /v2.0/security-group-rules/c9547795-f08b-4fe8-ae4c-0a9fe322b019 HTTP/1.1" status: 204 len: 168 time: 0.1364424
2026-07-02 11:15:51.233 9 INFO neutron.wsgi [None req-9b3b4f7c-9a33-43b6-b7a5-7ce4bbe2abee 0efa4d3da3914cf3a67ba58f706691c4 78dd85470785410c951f8b0f1422ffdb - - default default] 10.0.0.248 "GET /v2.0/security-group-rules HTTP/1.1" status: 200 len: 3567 time: 0.0434463
2026-07-02 11:15:51.268 9 INFO neutron.db.securitygroups_db [None req-99280a85-56c4-4a17-b127-366e17686ae9 0efa4d3da3914cf3a67ba58f706691c4 78dd85470785410c951f8b0f1422ffdb - - default default] Project 78dd85470785410c951f8b0f1422ffdb added a security group rule with legacy IPv6 ICMP protocol name icmp, ipv6-icmp should be used instead. It was automatically converted.
2026-07-02 11:15:51.368 9 INFO neutron.db.ovn_revision_numbers_db [None req-99280a85-56c4-4a17-b127-366e17686ae9 0efa4d3da3914cf3a67ba58f706691c4 78dd85470785410c951f8b0f1422ffdb - - default default] Successfully bumped revision number for resource 9fafc6dd-384d-4809-83f3-4dfbe71a0c47 (type: security_group_rules) to 0
2026-07-02 11:15:51.394 9 INFO neutron.wsgi [None req-99280a85-56c4-4a17-b127-366e17686ae9 0efa4d3da3914cf3a67ba58f706691c4 78dd85470785410c951f8b0f1422ffdb - - default default] 10.0.0.248 "POST /v2.0/security-group-rules HTTP/1.1" status: 201 len: 774 time: 0.1520631
2026-07-02 11:15:51.414 9 INFO neutron.wsgi [None req-3f09cb47-98d0-4094-a32b-df06ffe6057a 0efa4d3da3914cf3a67ba58f706691c4 78dd85470785410c951f8b0f1422ffdb - - default default] 10.0.0.248 "GET /v2.0/security-group-rules/9fafc6dd-384d-4809-83f3-4dfbe71a0c47 HTTP/1.1" status: 200 len: 769 time: 0.0149131
2026-07-02 11:15:51.462 9 INFO neutron.wsgi [None req-05a0c7d9-0859-49ff-8642-80c1943fa30c 0efa4d3da3914cf3a67ba58f706691c4 78dd85470785410c951f8b0f1422ffdb - - default default] 10.0.0.248 "GET /v2.0/security-group-rules HTTP/1.1" status: 200 len: 4119 time: 0.0407028
2026-07-02 11:15:51.534 10 INFO neutron.db.ovn_revision_numbers_db [None req-fd9466d0-dac3-40a3-a4b9-c5b7dbbdecf5 cad145f87c2c456eb7fa960a99e7fed1 c4b68023693a4bf0bff18cca4ef65769 - - default default] Successfully bumped revision number for resource ed3548f7-b0a5-45b5-a604-15a07341d4b5 (type: ports) to 2
2026-07-02 11:15:51.571 10 INFO neutron.db.ovn_revision_numbers_db [None req-fd9466d0-dac3-40a3-a4b9-c5b7dbbdecf5 cad145f87c2c456eb7fa960a99e7fed1 c4b68023693a4bf0bff18cca4ef65769 - - default default] Successfully bumped revision number for resource dbe73875-e129-4521-9152-399f7721b249 (type: subnets) to 0
2026-07-02 11:15:51.577 9 INFO neutron.wsgi [None req-2dceffe2-8a76-4ba3-a01d-268ce6a89a97 0efa4d3da3914cf3a67ba58f706691c4 78dd85470785410c951f8b0f1422ffdb - - default default] 10.0.0.248 "DELETE /v2.0/security-group-rules/9fafc6dd-384d-4809-83f3-4dfbe71a0c47 HTTP/1.1" status: 204 len: 168 time: 0.1101327
2026-07-02 11:15:51.588 10 INFO neutron.wsgi [None req-fd9466d0-dac3-40a3-a4b9-c5b7dbbdecf5 cad145f87c2c456eb7fa960a99e7fed1 c4b68023693a4bf0bff18cca4ef65769 - - default default] 10.0.0.248 "POST /v2.0/subnets HTTP/1.1" status: 201 len: 801 time: 0.8404150
2026-07-02 11:15:51.667 9 INFO neutron.wsgi [None req-daebf828-4de2-4ed5-937c-3bceeffaa031 0efa4d3da3914cf3a67ba58f706691c4 78dd85470785410c951f8b0f1422ffdb - - default default] 10.0.0.248 "GET /v2.0/security-group-rules HTTP/1.1" status: 200 len: 3567 time: 0.0818877
2026-07-02 11:15:51.785 10 INFO neutron.wsgi [None req-f0199c53-460e-410a-9827-2f881e165abd 0efa4d3da3914cf3a67ba58f706691c4 78dd85470785410c951f8b0f1422ffdb - - default default] 10.0.0.248 "DELETE /v2.0/security-groups/8dc10733-d954-42fc-9e51-bbeb05cf6a46 HTTP/1.1" status: 204 len: 168 time: 0.1125329
2026-07-02 11:15:51.833 10 INFO neutron.wsgi [None req-f5041fa4-26a3-4f61-b75a-3c78927b2e15 0efa4d3da3914cf3a67ba58f706691c4 78dd85470785410c951f8b0f1422ffdb - - default default] 10.0.0.248 "GET /v2.0/security-groups HTTP/1.1" status: 200 len: 2996 time: 0.0399570
2026-07-02 11:15:51.845 9 INFO neutron.db.ovn_revision_numbers_db [None req-65198bab-c235-41e7-a5f4-8d1a6daa0874 77240ad744294c35b7ae80100fc78dbe 0a98d02fb3d8404a862651be04768bd5 - - default default] Successfully bumped revision number for resource dc52cb00-7ac7-4b0c-8845-f4b57727535f (type: security_groups) to 1
2026-07-02 11:15:51.863 9 INFO neutron.db.ovn_revision_numbers_db [None req-65198bab-c235-41e7-a5f4-8d1a6daa0874 77240ad744294c35b7ae80100fc78dbe 0a98d02fb3d8404a862651be04768bd5 - - default default] Successfully bumped revision number for resource 1471cbd2-c02a-4792-bb65-ea0773f9bb0a (type: security_group_rules) to 0
2026-07-02 11:15:51.875 10 INFO neutron.wsgi [None req-0f370d44-73f3-4c8a-a1bf-e4dde8d5824a 0efa4d3da3914cf3a67ba58f706691c4 78dd85470785410c951f8b0f1422ffdb - - default default] 10.0.0.248 "GET /v2.0/security-groups HTTP/1.1" status: 200 len: 2996 time: 0.0357425
2026-07-02 11:15:51.889 9 INFO neutron.db.ovn_revision_numbers_db [None req-65198bab-c235-41e7-a5f4-8d1a6daa0874 77240ad744294c35b7ae80100fc78dbe 0a98d02fb3d8404a862651be04768bd5 - - default default] Successfully bumped revision number for resource 1977747d-49f6-49fb-81a4-f11f69fc3b3b (type: security_group_rules) to 0
2026-07-02 11:15:51.895 9 WARNING neutron.scheduler.dhcp_agent_scheduler [None req-c1576886-71f9-4559-a393-042174295d5d cad145f87c2c456eb7fa960a99e7fed1 c4b68023693a4bf0bff18cca4ef65769 - - default default] No more DHCP agents
2026-07-02 11:15:51.897 9 WARNING neutron.api.rpc.agentnotifiers.dhcp_rpc_agent_api [None req-c1576886-71f9-4559-a393-042174295d5d cad145f87c2c456eb7fa960a99e7fed1 c4b68023693a4bf0bff18cca4ef65769 - - default default] Unable to schedule network 97f11415-3ae5-4c64-adea-a52d23b44d71: no agents available; will retry on subsequent port and subnet creation events.
2026-07-02 11:15:51.916 9 INFO neutron.db.ovn_revision_numbers_db [None req-65198bab-c235-41e7-a5f4-8d1a6daa0874 77240ad744294c35b7ae80100fc78dbe 0a98d02fb3d8404a862651be04768bd5 - - default default] Successfully bumped revision number for resource acb62ead-ca61-4c5b-b51e-19ba8d883d4d (type: security_group_rules) to 0
2026-07-02 11:15:51.938 9 INFO neutron.db.ovn_revision_numbers_db [None req-65198bab-c235-41e7-a5f4-8d1a6daa0874 77240ad744294c35b7ae80100fc78dbe 0a98d02fb3d8404a862651be04768bd5 - - default default] Successfully bumped revision number for resource fe47172a-395c-48a2-b58e-41a5cdfdb548 (type: security_group_rules) to 0
