2026-07-02 11:17:18.812 10 INFO neutron.db.l3_db [req-c25b4020-335f-4a72-b266-c50603f6302c req-f8e31466-6858-41ab-bfb6-e50e0dc64709 a8bf2d62c31e45418f76d39fc9b68ef9 d98d35a1dab14b5e8d941d9a1ea8026d - - default default] Floating IP d805db32-cc22-4eef-80e2-7448b17d1566 disassociated. External IP: 10.96.250.209, port: 92f90c68-f7d4-4883-b039-9a19334c8eae. /var/lib/openstack/lib/python3.10/site-packages/pycadf/identifier.py:71: UserWarning: Invalid uuid: neutron. To ensure interoperability, identifiers should be a valid uuid. warnings.warn(('Invalid uuid: %s. To ensure interoperability, '
2026-07-02 11:17:18.918 10 INFO neutron.wsgi [req-a33aa422-64c6-4c21-8881-68754d90665b req-530433a9-cb43-4e38-a5f1-6af2d37847b6 a8bf2d62c31e45418f76d39fc9b68ef9 d98d35a1dab14b5e8d941d9a1ea8026d - - default default] 10.0.0.229 "GET /v2.0/ports?device_id=f08837d3-71a9-444d-8de6-dcf3d07d8571 HTTP/1.1" status: 200 len: 1172 time: 0.0611155 /var/lib/openstack/lib/python3.10/site-packages/pycadf/identifier.py:71: UserWarning: Invalid uuid: neutron. To ensure interoperability, identifiers should be a valid uuid. warnings.warn(('Invalid uuid: %s. To ensure interoperability, '
2026-07-02 11:17:18.953 9 INFO neutron.wsgi [None req-a7e7c7bb-549b-4f8e-bef8-0e322ede368c 4caa07f133b840929aef873e7927847d 3afb0db2906c47fca9cbbba15d6fc562 - - default default] 10.0.0.248 "GET /v2.0/extensions HTTP/1.1" status: 200 len: 16520 time: 0.2203453
2026-07-02 11:17:18.964 10 INFO neutron.wsgi [None req-5a91bfb7-4b68-4a87-916b-15828cf567cf 4caa07f133b840929aef873e7927847d 3afb0db2906c47fca9cbbba15d6fc562 - - default default] 10.0.0.248 "GET /v2.0/extensions/address-group HTTP/1.1" status: 200 len: 353 time: 0.0053499
2026-07-02 11:17:18.973 10 INFO neutron.wsgi [None req-25937130-2fc5-40e6-b2ff-b5dff0616cdb 4caa07f133b840929aef873e7927847d 3afb0db2906c47fca9cbbba15d6fc562 - - default default] 10.0.0.248 "GET /v2.0/extensions/address-scope HTTP/1.1" status: 200 len: 357 time: 0.0054960
2026-07-02 11:17:18.986 10 INFO neutron.wsgi [None req-c32837b3-459f-45cb-b031-3c7addbf9268 4caa07f133b840929aef873e7927847d 3afb0db2906c47fca9cbbba15d6fc562 - - default default] 10.0.0.248 "GET /v2.0/extensions/agent HTTP/1.1" status: 200 len: 347 time: 0.0046537
2026-07-02 11:17:18.993 10 INFO neutron.wsgi [None req-a06b9d67-caf7-4f72-8266-2b2fc67ed3c0 4caa07f133b840929aef873e7927847d 3afb0db2906c47fca9cbbba15d6fc562 - - default default] 10.0.0.248 "GET /v2.0/extensions/allowed-address-pairs HTTP/1.1" status: 200 len: 378 time: 0.0034628
2026-07-02 11:17:18.996 10 INFO neutron.wsgi [req-a33aa422-64c6-4c21-8881-68754d90665b req-84575111-ae1f-4ffa-bfb6-bf9ef0a1702b a8bf2d62c31e45418f76d39fc9b68ef9 d98d35a1dab14b5e8d941d9a1ea8026d - - default default] 10.0.0.229 "GET /v2.0/security-groups?id=e5f7d074-7db2-4816-b7ea-1ca04b4e273a&fields=id&fields=name HTTP/1.1" status: 200 len: 312 time: 0.0572853
2026-07-02 11:17:19.001 9 INFO neutron.wsgi [None req-5e016d90-e724-4980-a2e2-ec5c37a555b6 4caa07f133b840929aef873e7927847d 3afb0db2906c47fca9cbbba15d6fc562 - - default default] 10.0.0.248 "GET /v2.0/extensions/auto-allocated-topology HTTP/1.1" status: 200 len: 394 time: 0.0041978
2026-07-02 11:17:19.009 9 INFO neutron.wsgi [None req-db52af74-ef65-4b77-a6c4-8c97b20d9465 4caa07f133b840929aef873e7927847d 3afb0db2906c47fca9cbbba15d6fc562 - - default default] 10.0.0.248 "GET /v2.0/extensions/availability_zone HTTP/1.1" status: 200 len: 372 time: 0.0036550
2026-07-02 11:17:19.018 9 INFO neutron.wsgi [None req-f9b46ba5-fd9e-49e2-8ef0-5cdb3a5befee 4caa07f133b840929aef873e7927847d 3afb0db2906c47fca9cbbba15d6fc562 - - default default] 10.0.0.248 "GET /v2.0/extensions/default-subnetpools HTTP/1.1" status: 200 len: 405 time: 0.0033984
2026-07-02 11:17:19.032 10 INFO neutron.wsgi [None req-e1fd1e60-9c6b-4470-916e-285ec780a918 4caa07f133b840929aef873e7927847d 3afb0db2906c47fca9cbbba15d6fc562 - - default default] 10.0.0.248 "GET /v2.0/extensions/dhcp_agent_scheduler HTTP/1.1" status: 200 len: 381 time: 0.0089259
2026-07-02 11:17:19.043 10 INFO neutron.wsgi [None req-a1d976bd-243c-4f5f-8f32-f343c0745c87 4caa07f133b840929aef873e7927847d 3afb0db2906c47fca9cbbba15d6fc562 - - default default] 10.0.0.248 "GET /v2.0/extensions/dns-integration HTTP/1.1" status: 200 len: 366 time: 0.0059245
2026-07-02 11:17:19.054 10 INFO neutron.wsgi [None req-ec515fd6-c3e9-47c9-8bf9-ff17e7a1a497 4caa07f133b840929aef873e7927847d 3afb0db2906c47fca9cbbba15d6fc562 - - default default] 10.0.0.248 "GET /v2.0/extensions/dns-domain-ports HTTP/1.1" status: 200 len: 399 time: 0.0056996
2026-07-02 11:17:19.066 9 INFO neutron.wsgi [None req-672e7b27-e8a9-4736-b2b0-c15588bcf51a 4caa07f133b840929aef873e7927847d 3afb0db2906c47fca9cbbba15d6fc562 - - default default] 10.0.0.248 "GET /v2.0/extensions/dns-integration-domain-keywords HTTP/1.1" status: 200 len: 477 time: 0.0054076
2026-07-02 11:17:19.078 10 INFO neutron.wsgi [None req-bbb5f94b-1985-4596-989b-c1da2121aaec 4caa07f133b840929aef873e7927847d 3afb0db2906c47fca9cbbba15d6fc562 - - default default] 10.0.0.248 "GET /v2.0/extensions/external-net HTTP/1.1" status: 200 len: 394 time: 0.0041821
2026-07-02 11:17:19.102 9 INFO neutron.wsgi [None req-1e2408d7-7766-444d-8bd7-07858460af17 4caa07f133b840929aef873e7927847d 3afb0db2906c47fca9cbbba15d6fc562 - - default default] 10.0.0.248 "GET /v2.0/extensions/extra_dhcp_opt HTTP/1.1" status: 200 len: 498 time: 0.0188046
2026-07-02 11:17:19.105 10 INFO neutron.wsgi [req-c25b4020-335f-4a72-b266-c50603f6302c req-f8e31466-6858-41ab-bfb6-e50e0dc64709 a8bf2d62c31e45418f76d39fc9b68ef9 d98d35a1dab14b5e8d941d9a1ea8026d - - default default] 199.19.213.63 "DELETE /v2.0/ports/92f90c68-f7d4-4883-b039-9a19334c8eae HTTP/1.1" status: 204 len: 173 time: 1.1897240
2026-07-02 11:17:19.114 9 INFO neutron.wsgi [None req-634d47b1-5c67-4ae0-86af-f860c990afcd 4caa07f133b840929aef873e7927847d 3afb0db2906c47fca9cbbba15d6fc562 - - default default] 10.0.0.248 "GET /v2.0/extensions/extraroute HTTP/1.1" status: 200 len: 375 time: 0.0054882
2026-07-02 11:17:19.128 10 INFO neutron.wsgi [None req-a8d329f8-0fc4-46c0-ae34-d24950459a72 4caa07f133b840929aef873e7927847d 3afb0db2906c47fca9cbbba15d6fc562 - - default default] 10.0.0.248 "GET /v2.0/extensions/filter-validation HTTP/1.1" status: 200 len: 392 time: 0.0066059
2026-07-02 11:17:19.140 10 INFO neutron.wsgi [None req-bdf918b2-9881-427c-bfd8-a38d7f9fe260 4caa07f133b840929aef873e7927847d 3afb0db2906c47fca9cbbba15d6fc562 - - default default] 10.0.0.248 "GET /v2.0/extensions/floating-ip-port-forwarding-detail HTTP/1.1" status: 200 len: 465 time: 0.0067608
2026-07-02 11:17:19.152 10 INFO neutron.wsgi [None req-41ee94ec-28e8-4599-befd-dcb8e7d069ca 4caa07f133b840929aef873e7927847d 3afb0db2906c47fca9cbbba15d6fc562 - - default default] 10.0.0.248 "GET /v2.0/extensions/fip-port-details HTTP/1.1" status: 200 len: 406 time: 0.0077455
2026-07-02 11:17:19.164 10 INFO neutron.wsgi [None req-c0764a34-15bf-47a0-b2f9-e85187aef2f6 4caa07f133b840929aef873e7927847d 3afb0db2906c47fca9cbbba15d6fc562 - - default default] 10.0.0.248 "GET /v2.0/extensions/flavors HTTP/1.1" status: 200 len: 387 time: 0.0071661
2026-07-02 11:17:19.178 9 INFO neutron.wsgi [None req-c052e762-4b43-44b4-a93c-deb6f1a7d63b 4caa07f133b840929aef873e7927847d 3afb0db2906c47fca9cbbba15d6fc562 - - default default] 10.0.0.248 "GET /v2.0/extensions/floatingip-pools HTTP/1.1" status: 200 len: 382 time: 0.0093834
2026-07-02 11:17:19.195 9 INFO neutron.wsgi [None req-db59f575-05ad-43d5-a419-1a1453817a43 4caa07f133b840929aef873e7927847d 3afb0db2906c47fca9cbbba15d6fc562 - - default default] 10.0.0.248 "GET /v2.0/extensions/ip_allocation HTTP/1.1" status: 200 len: 356 time: 0.0133965
2026-07-02 11:17:19.209 10 INFO neutron.wsgi [None req-661f8f85-ff9f-4f48-bb08-6b6af840a456 4caa07f133b840929aef873e7927847d 3afb0db2906c47fca9cbbba15d6fc562 - - default default] 10.0.0.248 "GET /v2.0/extensions/l2_adjacency HTTP/1.1" status: 200 len: 372 time: 0.0080917
2026-07-02 11:17:19.223 10 INFO neutron.wsgi [None req-d632b842-abdd-4ca4-b64e-775a3e9aed02 4caa07f133b840929aef873e7927847d 3afb0db2906c47fca9cbbba15d6fc562 - - default default] 10.0.0.248 "GET /v2.0/extensions/router HTTP/1.1" status: 200 len: 450 time: 0.0066822
2026-07-02 11:17:19.232 10 INFO neutron.wsgi [None req-6624ddb7-1340-41f9-a8a5-4bd5fc5caf44 4caa07f133b840929aef873e7927847d 3afb0db2906c47fca9cbbba15d6fc562 - - default default] 10.0.0.248 "GET /v2.0/extensions/ext-gw-mode HTTP/1.1" status: 200 len: 462 time: 0.0046546
2026-07-02 11:17:19.243 10 INFO neutron.wsgi [None req-898ef1b4-d18f-40b7-ac0c-7971a064b4d3 4caa07f133b840929aef873e7927847d 3afb0db2906c47fca9cbbba15d6fc562 - - default default] 10.0.0.248 "GET /v2.0/extensions/logging HTTP/1.1" status: 200 len: 407 time: 0.0043333
2026-07-02 11:17:19.258 10 INFO neutron.wsgi [None req-650e8d21-2bff-456d-baea-4e33a01f982c 4caa07f133b840929aef873e7927847d 3afb0db2906c47fca9cbbba15d6fc562 - - default default] 10.0.0.248 "GET /v2.0/extensions/multi-provider HTTP/1.1" status: 200 len: 406 time: 0.0052886
2026-07-02 11:17:19.268 9 INFO neutron.wsgi [None req-e18cde02-5745-49c9-b299-22da02801587 4caa07f133b840929aef873e7927847d 3afb0db2906c47fca9cbbba15d6fc562 - - default default] 10.0.0.248 "GET /v2.0/extensions/net-mtu HTTP/1.1" status: 200 len: 370 time: 0.0066428
2026-07-02 11:17:19.277 10 INFO neutron.wsgi [None req-b3fe2215-d767-43bf-9328-e72c826c566a 4caa07f133b840929aef873e7927847d 3afb0db2906c47fca9cbbba15d6fc562 - - default default] 10.0.0.248 "GET /v2.0/extensions/net-mtu-writable HTTP/1.1" status: 200 len: 401 time: 0.0051861
2026-07-02 11:17:19.288 10 INFO neutron.wsgi [None req-8b240a62-be0c-4bf9-915c-b848528a21a4 4caa07f133b840929aef873e7927847d 3afb0db2906c47fca9cbbba15d6fc562 - - default default] 10.0.0.248 "GET /v2.0/extensions/network_availability_zone HTTP/1.1" status: 200 len: 394 time: 0.0068839
2026-07-02 11:17:19.289 10 INFO neutron.notifiers.nova [-] Nova event matching ['req-7cf4232f-a10a-4772-88ac-eedc1e91ad66'] response: {'server_uuid': 'f08837d3-71a9-444d-8de6-dcf3d07d8571', 'name': 'network-vif-unplugged', 'status': 'completed', 'tag': '92f90c68-f7d4-4883-b039-9a19334c8eae', 'code': 200}
2026-07-02 11:17:19.290 10 INFO neutron.notifiers.nova [-] Nova event matching ['req-7cf4232f-a10a-4772-88ac-eedc1e91ad66'] response: {'server_uuid': 'f08837d3-71a9-444d-8de6-dcf3d07d8571', 'name': 'network-vif-plugged', 'status': 'completed', 'tag': '92f90c68-f7d4-4883-b039-9a19334c8eae', 'code': 200}
2026-07-02 11:17:19.290 10 INFO neutron.notifiers.nova [-] Nova event matching ['req-7cf4232f-a10a-4772-88ac-eedc1e91ad66'] response: {'server_uuid': 'f08837d3-71a9-444d-8de6-dcf3d07d8571', 'name': 'network-vif-deleted', 'tag': '92f90c68-f7d4-4883-b039-9a19334c8eae', 'status': 'completed', 'code': 200}
2026-07-02 11:17:19.297 10 INFO neutron.wsgi [None req-9c71cd8b-a019-447f-855a-5d2e3e186bdb 4caa07f133b840929aef873e7927847d 3afb0db2906c47fca9cbbba15d6fc562 - - default default] 10.0.0.248 "GET /v2.0/extensions/network-ip-availability HTTP/1.1" status: 200 len: 410 time: 0.0034151
2026-07-02 11:17:19.305 10 INFO neutron.wsgi [None req-547a1a13-b99f-4a7b-b6da-78e9909398b4 4caa07f133b840929aef873e7927847d 3afb0db2906c47fca9cbbba15d6fc562 - - default default] 10.0.0.248 "GET /v2.0/extensions/pagination HTTP/1.1" status: 200 len: 386 time: 0.0045340
2026-07-02 11:17:19.313 10 INFO neutron.wsgi [None req-b17fcd5e-c13a-4c0c-aa37-3d8ca463f179 4caa07f133b840929aef873e7927847d 3afb0db2906c47fca9cbbba15d6fc562 - - default default] 10.0.0.248 "GET /v2.0/extensions/port-device-profile HTTP/1.1" status: 200 len: 383 time: 0.0043104
2026-07-02 11:17:19.321 10 INFO neutron.wsgi [None req-fa8e5517-ab7f-4d1a-9a8b-8787bef14a3f 4caa07f133b840929aef873e7927847d 3afb0db2906c47fca9cbbba15d6fc562 - - default default] 10.0.0.248 "GET /v2.0/extensions/port-mac-address-regenerate HTTP/1.1" status: 200 len: 403 time: 0.0033484
2026-07-02 11:17:19.332 10 INFO neutron.wsgi [None req-ea2d43e8-f9c5-4e88-9e6d-a6844a5e397f 4caa07f133b840929aef873e7927847d 3afb0db2906c47fca9cbbba15d6fc562 - - default default] 10.0.0.248 "GET /v2.0/extensions/port-numa-affinity-policy HTTP/1.1" status: 200 len: 392 time: 0.0046372
2026-07-02 11:17:19.342 10 INFO neutron.wsgi [None req-9c124259-0ba2-4727-8a8a-d3588456d4a8 4caa07f133b840929aef873e7927847d 3afb0db2906c47fca9cbbba15d6fc562 - - default default] 10.0.0.248 "GET /v2.0/extensions/port-resource-request HTTP/1.1" status: 200 len: 379 time: 0.0043998
2026-07-02 11:17:19.351 10 INFO neutron.wsgi [None req-369145e3-92b6-496a-9d0f-a8d4e7cf37be 4caa07f133b840929aef873e7927847d 3afb0db2906c47fca9cbbba15d6fc562 - - default default] 10.0.0.248 "GET /v2.0/extensions/port-resource-request-groups HTTP/1.1" status: 200 len: 465 time: 0.0040319
2026-07-02 11:17:19.358 10 INFO neutron.wsgi [None req-9d7047e0-60b9-4fb8-9834-0982a5c4dd10 4caa07f133b840929aef873e7927847d 3afb0db2906c47fca9cbbba15d6fc562 - - default default] 10.0.0.248 "GET /v2.0/extensions/binding HTTP/1.1" status: 200 len: 387 time: 0.0043340
2026-07-02 11:17:19.365 10 INFO neutron.wsgi [None req-b825b81a-b99b-402b-a04f-6d7e489ec832 4caa07f133b840929aef873e7927847d 3afb0db2906c47fca9cbbba15d6fc562 - - default default] 10.0.0.248 "GET /v2.0/extensions/binding-extended HTTP/1.1" status: 200 len: 406 time: 0.0041604
2026-07-02 11:17:19.372 10 INFO neutron.wsgi [None req-b65b76b7-8500-4de9-b9f2-b8d4c4f227db 4caa07f133b840929aef873e7927847d 3afb0db2906c47fca9cbbba15d6fc562 - - default default] 10.0.0.248 "GET /v2.0/extensions/port-security HTTP/1.1" status: 200 len: 354 time: 0.0028439
2026-07-02 11:17:19.380 10 INFO neutron.wsgi [None req-5b700925-0a30-4d1f-af2e-b8cdd7f46118 4caa07f133b840929aef873e7927847d 3afb0db2906c47fca9cbbba15d6fc562 - - default default] 10.0.0.248 "GET /v2.0/extensions/project-id HTTP/1.1" status: 200 len: 398 time: 0.0032980
2026-07-02 11:17:19.389 9 INFO neutron.wsgi [None req-b7119fa3-a13d-4d23-8616-d05e6da24b3e 4caa07f133b840929aef873e7927847d 3afb0db2906c47fca9cbbba15d6fc562 - - default default] 10.0.0.248 "GET /v2.0/extensions/provider HTTP/1.1" status: 200 len: 385 time: 0.0060134
2026-07-02 11:17:19.399 10 INFO neutron.wsgi [None req-75e47ee1-54b6-4639-937d-8d54361bad07 4caa07f133b840929aef873e7927847d 3afb0db2906c47fca9cbbba15d6fc562 - - default default] 10.0.0.248 "GET /v2.0/extensions/qos HTTP/1.1" status: 200 len: 360 time: 0.0059316
2026-07-02 11:17:19.407 10 INFO neutron.wsgi [None req-c1d528e9-33b0-4795-a005-d9dc7d34558b 4caa07f133b840929aef873e7927847d 3afb0db2906c47fca9cbbba15d6fc562 - - default default] 10.0.0.248 "GET /v2.0/extensions/qos-bw-limit-direction HTTP/1.1" status: 200 len: 452 time: 0.0041692
2026-07-02 11:17:19.415 10 INFO neutron.wsgi [None req-96c71d83-7264-401a-b98a-48b0c3167ed6 4caa07f133b840929aef873e7927847d 3afb0db2906c47fca9cbbba15d6fc562 - - default default] 10.0.0.248 "GET /v2.0/extensions/qos-bw-minimum-ingress HTTP/1.1" status: 200 len: 445 time: 0.0051401
2026-07-02 11:17:19.424 10 INFO neutron.wsgi [None req-08a3abab-06e3-45e8-b253-97d0fc2f9c3b 4caa07f133b840929aef873e7927847d 3afb0db2906c47fca9cbbba15d6fc562 - - default default] 10.0.0.248 "GET /v2.0/extensions/qos-default HTTP/1.1" status: 200 len: 377 time: 0.0046017
2026-07-02 11:17:19.433 10 INFO neutron.wsgi [None req-6996448e-bffe-4e41-96f4-9ae92f652a37 4caa07f133b840929aef873e7927847d 3afb0db2906c47fca9cbbba15d6fc562 - - default default] 10.0.0.248 "GET /v2.0/extensions/qos-fip HTTP/1.1" status: 200 len: 372 time: 0.0049946
2026-07-02 11:17:19.444 10 INFO neutron.wsgi [None req-4cccf13b-1b5a-4146-928f-d5a84c78b292 4caa07f133b840929aef873e7927847d 3afb0db2906c47fca9cbbba15d6fc562 - - default default] 10.0.0.248 "GET /v2.0/extensions/qos-gateway-ip HTTP/1.1" status: 200 len: 391 time: 0.0042703
2026-07-02 11:17:19.452 10 INFO neutron.wsgi [None req-705bc9d3-2a78-45a7-afc8-db78ada3bdf6 4caa07f133b840929aef873e7927847d 3afb0db2906c47fca9cbbba15d6fc562 - - default default] 10.0.0.248 "GET /v2.0/extensions/qos-port-network-policy HTTP/1.1" status: 200 len: 403 time: 0.0042579
2026-07-02 11:17:19.460 10 INFO neutron.wsgi [None req-9032282a-2f0a-4139-aa79-54a6b7e6d7bc 4caa07f133b840929aef873e7927847d 3afb0db2906c47fca9cbbba15d6fc562 - - default default] 10.0.0.248 "GET /v2.0/extensions/qos-pps-minimum HTTP/1.1" status: 200 len: 397 time: 0.0041444
2026-07-02 11:17:19.467 10 INFO neutron.wsgi [None req-ec1d675c-2de3-48a4-bdb7-4a504aa8c3ce 4caa07f133b840929aef873e7927847d 3afb0db2906c47fca9cbbba15d6fc562 - - default default] 10.0.0.248 "GET /v2.0/extensions/qos-pps-minimum-rule-alias HTTP/1.1" status: 200 len: 471 time: 0.0038362
2026-07-02 11:17:19.472 10 INFO neutron.wsgi [None req-2c550484-481c-42fc-b0db-ef3f4c67cea4 4caa07f133b840929aef873e7927847d 3afb0db2906c47fca9cbbba15d6fc562 - - default default] 10.0.0.248 "GET /v2.0/extensions/qos-pps HTTP/1.1" status: 200 len: 389 time: 0.0028019
2026-07-02 11:17:19.478 10 INFO neutron.wsgi [None req-25fcff30-a279-426b-8311-82a57db2989a 4caa07f133b840929aef873e7927847d 3afb0db2906c47fca9cbbba15d6fc562 - - default default] 10.0.0.248 "GET /v2.0/extensions/qos-rule-type-details HTTP/1.1" status: 200 len: 423 time: 0.0027356
2026-07-02 11:17:19.484 10 INFO neutron.wsgi [None req-a2f7404d-ceb5-48ae-9248-b2feabc4da98 4caa07f133b840929aef873e7927847d 3afb0db2906c47fca9cbbba15d6fc562 - - default default] 10.0.0.248 "GET /v2.0/extensions/qos-rule-type-filter HTTP/1.1" status: 200 len: 567 time: 0.0028350
2026-07-02 11:17:19.489 10 INFO neutron.wsgi [None req-2e88a3bb-b6b8-4379-92c2-c63dd43ebf5a 4caa07f133b840929aef873e7927847d 3afb0db2906c47fca9cbbba15d6fc562 - - default default] 10.0.0.248 "GET /v2.0/extensions/qos-rules-alias HTTP/1.1" status: 200 len: 448 time: 0.0029955
2026-07-02 11:17:19.495 10 INFO neutron.wsgi [None req-33002bce-f1b8-4091-8133-b802b4f1b649 4caa07f133b840929aef873e7927847d 3afb0db2906c47fca9cbbba15d6fc562 - - default default] 10.0.0.248 "GET /v2.0/extensions/quota-check-limit HTTP/1.1" status: 200 len: 420 time: 0.0030279
2026-07-02 11:17:19.509 10 INFO neutron.wsgi [None req-407fa1eb-f819-45bb-933f-814851bfcd32 4caa07f133b840929aef873e7927847d 3afb0db2906c47fca9cbbba15d6fc562 - - default default] 10.0.0.248 "GET /v2.0/extensions/quotas HTTP/1.1" status: 200 len: 386 time: 0.0075078
2026-07-02 11:17:19.517 10 INFO neutron.wsgi [None req-c945b790-feca-409b-b2fd-61b2f1dc025c 4caa07f133b840929aef873e7927847d 3afb0db2906c47fca9cbbba15d6fc562 - - default default] 10.0.0.248 "GET /v2.0/extensions/quota_details HTTP/1.1" status: 200 len: 407 time: 0.0038621
2026-07-02 11:17:19.525 10 INFO neutron.wsgi [None req-36501e99-405d-4e07-bb05-51c1cfde7fae 4caa07f133b840929aef873e7927847d 3afb0db2906c47fca9cbbba15d6fc562 - - default default] 10.0.0.248 "GET /v2.0/extensions/rbac-policies HTTP/1.1" status: 200 len: 417 time: 0.0039370
2026-07-02 11:17:19.533 10 INFO neutron.wsgi [None req-ae94d79e-66f0-4f06-bdf1-33fe35bc17b9 4caa07f133b840929aef873e7927847d 3afb0db2906c47fca9cbbba15d6fc562 - - default default] 10.0.0.248 "GET /v2.0/extensions/rbac-address-scope HTTP/1.1" status: 200 len: 384 time: 0.0049164
2026-07-02 11:17:19.543 10 INFO neutron.wsgi [None req-3005274e-8da2-4758-970f-b0fc96f866d4 4caa07f133b840929aef873e7927847d 3afb0db2906c47fca9cbbba15d6fc562 - - default default] 10.0.0.248 "GET /v2.0/extensions/rbac-security-groups HTTP/1.1" status: 200 len: 404 time: 0.0058079
2026-07-02 11:17:19.557 10 INFO neutron.wsgi [None req-7e49f5eb-a486-4d28-ab38-74415b2c27ef 4caa07f133b840929aef873e7927847d 3afb0db2906c47fca9cbbba15d6fc562 - - default default] 10.0.0.248 "GET /v2.0/extensions/revision-if-match HTTP/1.1" status: 200 len: 441 time: 0.0090413
2026-07-02 11:17:19.570 9 INFO neutron.wsgi [None req-fca42f96-a4bc-46b6-95d1-251a736e5fbe 4caa07f133b840929aef873e7927847d 3afb0db2906c47fca9cbbba15d6fc562 - - default default] 10.0.0.248 "GET /v2.0/extensions/standard-attr-revisions HTTP/1.1" status: 200 len: 423 time: 0.0064118
2026-07-02 11:17:19.577 9 INFO neutron.wsgi [None req-abec09f0-d83f-485d-9ebf-705b15c8fb9a 4caa07f133b840929aef873e7927847d 3afb0db2906c47fca9cbbba15d6fc562 - - default default] 10.0.0.248 "GET /v2.0/extensions/router_availability_zone HTTP/1.1" status: 200 len: 391 time: 0.0044041
2026-07-02 11:17:19.585 10 INFO neutron.wsgi [None req-857729d9-e4ec-4a44-baaa-2f1e13f7dc56 4caa07f133b840929aef873e7927847d 3afb0db2906c47fca9cbbba15d6fc562 - - default default] 10.0.0.248 "GET /v2.0/extensions/security-groups-normalized-cidr HTTP/1.1" status: 200 len: 445 time: 0.0043859
2026-07-02 11:17:19.594 10 INFO neutron.wsgi [None req-883f1e78-7f6f-462c-948f-c43e23ba6b3e 4caa07f133b840929aef873e7927847d 3afb0db2906c47fca9cbbba15d6fc562 - - default default] 10.0.0.248 "GET /v2.0/extensions/security-groups-remote-address-group HTTP/1.1" status: 200 len: 448 time: 0.0064464
2026-07-02 11:17:19.603 10 INFO neutron.wsgi [None req-ef4a05a3-b7af-4624-b9a4-836bfd5da392 4caa07f133b840929aef873e7927847d 3afb0db2906c47fca9cbbba15d6fc562 - - default default] 10.0.0.248 "GET /v2.0/extensions/security-groups-shared-filtering HTTP/1.1" status: 200 len: 435 time: 0.0044560
2026-07-02 11:17:19.611 10 INFO neutron.wsgi [None req-649aa55f-b3fd-45b4-a8d0-8f7ee4aad5f5 4caa07f133b840929aef873e7927847d 3afb0db2906c47fca9cbbba15d6fc562 - - default default] 10.0.0.248 "GET /v2.0/extensions/security-group HTTP/1.1" status: 200 len: 364 time: 0.0047312
2026-07-02 11:17:19.620 10 INFO neutron.wsgi [None req-759d5718-abf7-49ae-ba80-1a17eb008acb 4caa07f133b840929aef873e7927847d 3afb0db2906c47fca9cbbba15d6fc562 - - default default] 10.0.0.248 "GET /v2.0/extensions/segment HTTP/1.1" status: 200 len: 339 time: 0.0049934
2026-07-02 11:17:19.629 10 INFO neutron.wsgi [None req-57034f83-8a34-4b1d-99dc-996071e14700 4caa07f133b840929aef873e7927847d 3afb0db2906c47fca9cbbba15d6fc562 - - default default] 10.0.0.248 "GET /v2.0/extensions/segments-peer-subnet-host-routes HTTP/1.1" status: 200 len: 427 time: 0.0051684
2026-07-02 11:17:19.638 10 INFO neutron.wsgi [None req-168bb795-47b3-4d94-b58d-2a4426a7aaa9 4caa07f133b840929aef873e7927847d 3afb0db2906c47fca9cbbba15d6fc562 - - default default] 10.0.0.248 "GET /v2.0/extensions/service-type HTTP/1.1" status: 200 len: 415 time: 0.0050282
2026-07-02 11:17:19.649 9 INFO neutron.wsgi [None req-c217da05-59eb-4e5f-92fa-0374a4682dff 4caa07f133b840929aef873e7927847d 3afb0db2906c47fca9cbbba15d6fc562 - - default default] 10.0.0.248 "GET /v2.0/extensions/sorting HTTP/1.1" status: 200 len: 377 time: 0.0062447
2026-07-02 11:17:19.661 10 INFO neutron.wsgi [None req-15d5148e-fb6e-47b2-82af-8f27bd9d67b3 4caa07f133b840929aef873e7927847d 3afb0db2906c47fca9cbbba15d6fc562 - - default default] 10.0.0.248 "GET /v2.0/extensions/standard-attr-segment HTTP/1.1" status: 200 len: 406 time: 0.0077157
2026-07-02 11:17:19.669 10 INFO neutron.wsgi [None req-1a8ddebc-0bc2-4442-b8eb-d04c83e01277 4caa07f133b840929aef873e7927847d 3afb0db2906c47fca9cbbba15d6fc562 - - default default] 10.0.0.248 "GET /v2.0/extensions/standard-attr-description HTTP/1.1" status: 200 len: 408 time: 0.0039754
2026-07-02 11:17:19.677 10 INFO neutron.wsgi [None req-2ce38904-a139-4790-a8c3-1bee58f1a159 4caa07f133b840929aef873e7927847d 3afb0db2906c47fca9cbbba15d6fc562 - - default default] 10.0.0.248 "GET /v2.0/extensions/stateful-security-group HTTP/1.1" status: 200 len: 402 time: 0.0044966
2026-07-02 11:17:19.685 10 INFO neutron.wsgi [None req-74192253-e4a2-4ce0-b584-a6b1b3d4e176 4caa07f133b840929aef873e7927847d 3afb0db2906c47fca9cbbba15d6fc562 - - default default] 10.0.0.248 "GET /v2.0/extensions/subnet-dns-publish-fixed-ip HTTP/1.1" status: 200 len: 421 time: 0.0054858
2026-07-02 11:17:19.694 10 INFO neutron.wsgi [None req-4e02303c-b183-47c9-b345-fed1f5ee01d2 4caa07f133b840929aef873e7927847d 3afb0db2906c47fca9cbbba15d6fc562 - - default default] 10.0.0.248 "GET /v2.0/extensions/subnet-segmentid-writable HTTP/1.1" status: 200 len: 421 time: 0.0040975
2026-07-02 11:17:19.702 10 INFO neutron.wsgi [None req-15b18a93-4496-49e6-9f42-767bb4e17b9d 4caa07f133b840929aef873e7927847d 3afb0db2906c47fca9cbbba15d6fc562 - - default default] 10.0.0.248 "GET /v2.0/extensions/subnet-service-types HTTP/1.1" status: 200 len: 400 time: 0.0042646
2026-07-02 11:17:19.708 10 INFO neutron.wsgi [None req-7da9b672-8c38-46e4-b919-da01f96d91aa 4caa07f133b840929aef873e7927847d 3afb0db2906c47fca9cbbba15d6fc562 - - default default] 10.0.0.248 "GET /v2.0/extensions/subnet_allocation HTTP/1.1" status: 200 len: 388 time: 0.0031254
2026-07-02 11:17:19.717 10 INFO neutron.wsgi [None req-59c982c2-154a-4792-aa3a-538b8037aafc 4caa07f133b840929aef873e7927847d 3afb0db2906c47fca9cbbba15d6fc562 - - default default] 10.0.0.248 "GET /v2.0/extensions/subnetpool-prefix-ops HTTP/1.1" status: 200 len: 418 time: 0.0059657
2026-07-02 11:17:19.727 9 INFO neutron.wsgi [None req-d39019b2-7d32-4c05-9284-bf8be4a7e75d 4caa07f133b840929aef873e7927847d 3afb0db2906c47fca9cbbba15d6fc562 - - default default] 10.0.0.248 "GET /v2.0/extensions/standard-attr-tag HTTP/1.1" status: 200 len: 537 time: 0.0053091
2026-07-02 11:17:19.737 10 INFO neutron.wsgi [None req-a6298ed2-ef1d-41ef-8fd0-efd5e247e120 4caa07f133b840929aef873e7927847d 3afb0db2906c47fca9cbbba15d6fc562 - - default default] 10.0.0.248 "GET /v2.0/extensions/standard-attr-timestamp HTTP/1.1" status: 200 len: 449 time: 0.0053837
2026-07-02 11:17:19.748 9 INFO neutron.wsgi [None req-6e0cc784-b639-48fe-a36c-42712ec55654 4caa07f133b840929aef873e7927847d 3afb0db2906c47fca9cbbba15d6fc562 - - default default] 10.0.0.248 "GET /v2.0/extensions/trunk HTTP/1.1" status: 200 len: 358 time: 0.0069354
2026-07-02 11:17:19.758 10 INFO neutron.wsgi [None req-e9ce7330-31df-47fa-9e4e-8d17adfd7bc3 4caa07f133b840929aef873e7927847d 3afb0db2906c47fca9cbbba15d6fc562 - - default default] 10.0.0.248 "GET /v2.0/extensions/trunk-details HTTP/1.1" status: 200 len: 362 time: 0.0057230
2026-07-02 11:17:19.814 10 INFO neutron.db.ovn_revision_numbers_db [None req-2c1942c9-b28b-47e9-af85-2aae17a77eab 77240ad744294c35b7ae80100fc78dbe 0a98d02fb3d8404a862651be04768bd5 - - default default] Successfully bumped revision number for resource e6d402d1-7f5e-4182-b85f-72d43d8ec036 (type: security_groups) to 1
2026-07-02 11:17:19.830 10 INFO neutron.db.ovn_revision_numbers_db [None req-2c1942c9-b28b-47e9-af85-2aae17a77eab 77240ad744294c35b7ae80100fc78dbe 0a98d02fb3d8404a862651be04768bd5 - - default default] Successfully bumped revision number for resource 62001c96-0ae3-46b0-a8d5-1f305f52514e (type: security_group_rules) to 0
2026-07-02 11:17:19.843 10 INFO neutron.db.ovn_revision_numbers_db [None req-2c1942c9-b28b-47e9-af85-2aae17a77eab 77240ad744294c35b7ae80100fc78dbe 0a98d02fb3d8404a862651be04768bd5 - - default default] Successfully bumped revision number for resource 68bc53f6-e230-442b-927e-44e58a1f4942 (type: security_group_rules) to 0
2026-07-02 11:17:19.857 10 INFO neutron.db.ovn_revision_numbers_db [None req-2c1942c9-b28b-47e9-af85-2aae17a77eab 77240ad744294c35b7ae80100fc78dbe 0a98d02fb3d8404a862651be04768bd5 - - default default] Successfully bumped revision number for resource d1f028ea-98e9-45d0-bdba-82d197da6ee5 (type: security_group_rules) to 0
2026-07-02 11:17:19.871 10 INFO neutron.db.ovn_revision_numbers_db [None req-2c1942c9-b28b-47e9-af85-2aae17a77eab 77240ad744294c35b7ae80100fc78dbe 0a98d02fb3d8404a862651be04768bd5 - - default default] Successfully bumped revision number for resource ecda0e8b-8437-433a-ab17-eb59fb532f85 (type: security_group_rules) to 0
2026-07-02 11:17:19.895 10 INFO neutron.wsgi [None req-2c1942c9-b28b-47e9-af85-2aae17a77eab 77240ad744294c35b7ae80100fc78dbe 0a98d02fb3d8404a862651be04768bd5 - - default default] 10.0.0.248 "GET /v2.0/security-groups?tenant_id=c45fe504763b415ba058dc39b79e42ed&name=default HTTP/1.1" status: 200 len: 2996 time: 0.3234074
2026-07-02 11:17:20.110 10 INFO neutron.wsgi [None req-3c8c8029-f022-4975-a5c6-9b70aba60035 77240ad744294c35b7ae80100fc78dbe 0a98d02fb3d8404a862651be04768bd5 - - default default] 10.0.0.248 "DELETE /v2.0/security-groups/e6d402d1-7f5e-4182-b85f-72d43d8ec036 HTTP/1.1" status: 204 len: 168 time: 0.2073188
2026-07-02 11:17:20.239 9 INFO neutron.wsgi [None req-cf77664f-26e2-436b-838c-52cea8bb6d9e 77240ad744294c35b7ae80100fc78dbe 0a98d02fb3d8404a862651be04768bd5 - - default default] 10.0.0.248 "PUT /v2.0/routers/b8f8ce3f-9391-4de2-9a3b-20322685fafb/remove_router_interface HTTP/1.1" status: 200 len: 503 time: 1.4359982
2026-07-02 11:17:20.283 9 INFO neutron.wsgi [None req-d0b7bc23-a635-4bb3-b75b-7fb1f9ec4b7a a8bf2d62c31e45418f76d39fc9b68ef9 d98d35a1dab14b5e8d941d9a1ea8026d - - default default] 10.0.0.248 "DELETE /v2.0/security-groups/e5f7d074-7db2-4816-b7ea-1ca04b4e273a HTTP/1.1" status: 204 len: 168 time: 0.2308342 /var/lib/openstack/lib/python3.10/site-packages/pycadf/identifier.py:71: UserWarning: Invalid uuid: neutron. To ensure interoperability, identifiers should be a valid uuid. warnings.warn(('Invalid uuid: %s. To ensure interoperability, '
2026-07-02 11:17:20.464 10 INFO neutron.db.ovn_revision_numbers_db [None req-7946da13-9f0a-4b6c-a3eb-23e48764e29d 77240ad744294c35b7ae80100fc78dbe 0a98d02fb3d8404a862651be04768bd5 - - default default] Successfully bumped revision number for resource 44f92b18-d70a-463c-b861-fe3b1e8d8074 (type: security_groups) to 1
2026-07-02 11:17:20.485 10 INFO neutron.db.ovn_revision_numbers_db [None req-7946da13-9f0a-4b6c-a3eb-23e48764e29d 77240ad744294c35b7ae80100fc78dbe 0a98d02fb3d8404a862651be04768bd5 - - default default] Successfully bumped revision number for resource 498a17bf-ba7a-41f9-af65-00741ba1d70d (type: security_group_rules) to 0
2026-07-02 11:17:20.507 10 INFO neutron.db.ovn_revision_numbers_db [None req-7946da13-9f0a-4b6c-a3eb-23e48764e29d 77240ad744294c35b7ae80100fc78dbe 0a98d02fb3d8404a862651be04768bd5 - - default default] Successfully bumped revision number for resource 67b5fd49-32d5-42ff-bfa4-ec37101b2a48 (type: security_group_rules) to 0
2026-07-02 11:17:20.529 10 INFO neutron.db.ovn_revision_numbers_db [None req-7946da13-9f0a-4b6c-a3eb-23e48764e29d 77240ad744294c35b7ae80100fc78dbe 0a98d02fb3d8404a862651be04768bd5 - - default default] Successfully bumped revision number for resource a7a2030e-7b60-4895-8ea0-e7bfbb31ea7b (type: security_group_rules) to 0
2026-07-02 11:17:20.553 10 INFO neutron.db.ovn_revision_numbers_db [None req-7946da13-9f0a-4b6c-a3eb-23e48764e29d 77240ad744294c35b7ae80100fc78dbe 0a98d02fb3d8404a862651be04768bd5 - - default default] Successfully bumped revision number for resource ec8eed41-c65f-49a8-89b9-7688d58cbba3 (type: security_group_rules) to 0
2026-07-02 11:17:20.608 10 INFO neutron.wsgi [None req-7946da13-9f0a-4b6c-a3eb-23e48764e29d 77240ad744294c35b7ae80100fc78dbe 0a98d02fb3d8404a862651be04768bd5 - - default default] 10.0.0.248 "GET /v2.0/security-groups?tenant_id=f6e46e49fe73423c9cc22e6865c56ec4&name=default HTTP/1.1" status: 200 len: 2996 time: 0.3237357
2026-07-02 11:17:20.610 10 INFO neutron.db.ovn_revision_numbers_db [None req-b7b6db87-eb79-4a78-ba52-cb42c50d5ee4 77240ad744294c35b7ae80100fc78dbe 0a98d02fb3d8404a862651be04768bd5 - - default default] Successfully bumped revision number for resource d6cac20d-a50c-475a-9099-769a5e0d7da0 (type: security_groups) to 1
2026-07-02 11:17:20.645 10 INFO neutron.db.ovn_revision_numbers_db [None req-b7b6db87-eb79-4a78-ba52-cb42c50d5ee4 77240ad744294c35b7ae80100fc78dbe 0a98d02fb3d8404a862651be04768bd5 - - default default] Successfully bumped revision number for resource 2fcbe731-fbcb-4eee-8460-dd40b4912958 (type: security_group_rules) to 0
2026-07-02 11:17:20.688 10 INFO neutron.db.ovn_revision_numbers_db [None req-b7b6db87-eb79-4a78-ba52-cb42c50d5ee4 77240ad744294c35b7ae80100fc78dbe 0a98d02fb3d8404a862651be04768bd5 - - default default] Successfully bumped revision number for resource 48d49d7e-1c3f-47f4-87a0-a2f3941e185c (type: security_group_rules) to 0
2026-07-02 11:17:20.701 9 INFO neutron.wsgi [None req-f4e7da97-2718-4a79-ad00-a014d5420328 a8bf2d62c31e45418f76d39fc9b68ef9 d98d35a1dab14b5e8d941d9a1ea8026d - - default default] 10.0.0.248 "DELETE /v2.0/floatingips/d805db32-cc22-4eef-80e2-7448b17d1566 HTTP/1.1" status: 204 len: 168 time: 0.3818138
2026-07-02 11:17:20.706 10 INFO neutron.db.ovn_revision_numbers_db [None req-b7b6db87-eb79-4a78-ba52-cb42c50d5ee4 77240ad744294c35b7ae80100fc78dbe 0a98d02fb3d8404a862651be04768bd5 - - default default] Successfully bumped revision number for resource 4947f09e-03a3-45f0-bfcf-fea8b822e55d (type: security_group_rules) to 0
2026-07-02 11:17:20.740 10 INFO neutron.db.ovn_revision_numbers_db [None req-b7b6db87-eb79-4a78-ba52-cb42c50d5ee4 77240ad744294c35b7ae80100fc78dbe 0a98d02fb3d8404a862651be04768bd5 - - default default] Successfully bumped revision number for resource 4ae1cb94-9c63-4ac7-931a-b445394a0567 (type: security_group_rules) to 0
2026-07-02 11:17:20.776 10 INFO neutron.wsgi [None req-b7b6db87-eb79-4a78-ba52-cb42c50d5ee4 77240ad744294c35b7ae80100fc78dbe 0a98d02fb3d8404a862651be04768bd5 - - default default] 10.0.0.248 "GET /v2.0/security-groups?tenant_id=3afb0db2906c47fca9cbbba15d6fc562&name=default HTTP/1.1" status: 200 len: 2996 time: 0.5102825
2026-07-02 11:17:20.894 10 INFO neutron.wsgi [req-70205795-22bf-49de-9e2d-d6a87ee57855 req-3882d453-72eb-4c75-9fa1-8843587d7c69 a8bf2d62c31e45418f76d39fc9b68ef9 d98d35a1dab14b5e8d941d9a1ea8026d - - default default] 10.0.0.229 "GET /v2.0/ports?device_id=5b6165cf-ea24-45d4-9adc-1a5e35c5ebff HTTP/1.1" status: 200 len: 1174 time: 0.0442133
2026-07-02 11:17:20.933 10 INFO neutron.plugins.ml2.drivers.ovn.mech_driver.mech_driver [None req-763d87c8-6bdf-4eba-92f2-49be3e009292 - - - - - -] OVN reports status down for port: 059ec34a-cb74-49e1-b3ce-753ea1d75981
2026-07-02 11:17:20.979 10 INFO neutron.wsgi [req-70205795-22bf-49de-9e2d-d6a87ee57855 req-cd48846b-3922-42cc-adfe-e47a98c8b4e0 a8bf2d62c31e45418f76d39fc9b68ef9 d98d35a1dab14b5e8d941d9a1ea8026d - - default default] 10.0.0.229 "GET /v2.0/security-groups?id=8722a03a-361a-407f-85de-9666b5d72ed3&fields=id&fields=name HTTP/1.1" status: 200 len: 312 time: 0.0758765
2026-07-02 11:17:20.996 9 INFO neutron.wsgi [None req-2e8c690e-7e4b-4fdc-9b39-887052625f50 77240ad744294c35b7ae80100fc78dbe 0a98d02fb3d8404a862651be04768bd5 - - default default] 10.0.0.248 "DELETE /v2.0/security-groups/d6cac20d-a50c-475a-9099-769a5e0d7da0 HTTP/1.1" status: 204 len: 168 time: 0.2144032
2026-07-02 11:17:21.012 10 INFO neutron.wsgi [None req-334b6fed-474a-4260-b292-1f241caf0a21 77240ad744294c35b7ae80100fc78dbe 0a98d02fb3d8404a862651be04768bd5 - - default default] 10.0.0.248 "DELETE /v2.0/security-groups/44f92b18-d70a-463c-b861-fe3b1e8d8074 HTTP/1.1" status: 204 len: 168 time: 0.3934438
2026-07-02 11:17:21.071 10 INFO neutron.wsgi [None req-9b783ee7-f643-48e9-94a1-72cee4afe341 77240ad744294c35b7ae80100fc78dbe 0a98d02fb3d8404a862651be04768bd5 - - default default] 10.0.0.248 "DELETE /v2.0/routers/b8f8ce3f-9391-4de2-9a3b-20322685fafb HTTP/1.1" status: 204 len: 168 time: 0.8261812
2026-07-02 11:17:21.262 10 INFO neutron.wsgi [req-8b05c0a4-9f85-4ace-9127-6dbf6dc6fa62 req-452f69d0-aabf-432f-a113-0a4e78fffab4 a8bf2d62c31e45418f76d39fc9b68ef9 d98d35a1dab14b5e8d941d9a1ea8026d - - default default] 199.19.213.63 "GET /v2.0/ports?device_id=5b6165cf-ea24-45d4-9adc-1a5e35c5ebff HTTP/1.1" status: 200 len: 1172 time: 0.0545130
2026-07-02 11:17:21.301 9 INFO neutron.wsgi [None req-491f2281-76ae-4fed-8341-85214f125b19 77240ad744294c35b7ae80100fc78dbe 0a98d02fb3d8404a862651be04768bd5 - - default default] 10.0.0.248 "DELETE /v2.0/subnets/43edf561-b051-4250-abdb-93f7c1c079fe HTTP/1.1" status: 204 len: 168 time: 0.2226562
2026-07-02 11:17:21.340 10 INFO neutron.notifiers.nova [-] Nova event matching ['req-b3a68002-2a5d-44b8-94c3-dee795ca4d47'] response: {'server_uuid': '5b6165cf-ea24-45d4-9adc-1a5e35c5ebff', 'name': 'network-vif-unplugged', 'status': 'completed', 'tag': '059ec34a-cb74-49e1-b3ce-753ea1d75981', 'code': 200}
2026-07-02 11:17:21.405 10 INFO neutron.db.ovn_revision_numbers_db [None req-763d87c8-6bdf-4eba-92f2-49be3e009292 - - - - - -] Successfully bumped revision number for resource 059ec34a-cb74-49e1-b3ce-753ea1d75981 (type: ports) to 5
2026-07-02 11:17:21.646 10 INFO neutron.wsgi [req-8b05c0a4-9f85-4ace-9127-6dbf6dc6fa62 req-19dcdb5d-15b8-4944-9205-8070f99376e0 a8bf2d62c31e45418f76d39fc9b68ef9 d98d35a1dab14b5e8d941d9a1ea8026d - - default default] 199.19.213.63 "DELETE /v2.0/ports/059ec34a-cb74-49e1-b3ce-753ea1d75981 HTTP/1.1" status: 204 len: 173 time: 0.3777535
2026-07-02 11:17:21.914 9 INFO neutron.services.segments.plugin [-] Segment be799203-732f-4e1c-8cb7-ba0088dd88d7 resource provider aggregate not found
2026-07-02 11:17:21.920 9 INFO neutron.services.segments.plugin [-] Segment be799203-732f-4e1c-8cb7-ba0088dd88d7 resource provider aggregate not found
2026-07-02 11:17:21.940 9 INFO neutron.services.segments.plugin [-] Segment be799203-732f-4e1c-8cb7-ba0088dd88d7 resource provider not found; error: Placement Client Error (4xx): {"errors": [{"status": 404, "title": "Not Found", "detail": "The resource could not be found.\n\n No resource provider with uuid be799203-732f-4e1c-8cb7-ba0088dd88d7 found for delete ", "request_id": "req-92048298-ce93-4794-80b7-afd315fbeef4"}]}
2026-07-02 11:17:21.941 9 INFO neutron.services.segments.plugin [-] Segment be799203-732f-4e1c-8cb7-ba0088dd88d7 resource provider not found; error: Placement Client Error (4xx): {"errors": [{"status": 404, "title": "Not Found", "detail": "The resource could not be found.\n\n No resource provider with uuid be799203-732f-4e1c-8cb7-ba0088dd88d7 found for delete ", "request_id": "req-dd09ebda-033d-4e63-b651-97c3344cd839"}]}
2026-07-02 11:17:21.961 9 INFO neutron.wsgi [None req-32a16b5d-5286-46e4-ac4e-d635699a1582 77240ad744294c35b7ae80100fc78dbe 0a98d02fb3d8404a862651be04768bd5 - - default default] 10.0.0.248 "DELETE /v2.0/networks/6712db69-352f-4905-a76a-3946d6fa1c24 HTTP/1.1" status: 204 len: 168 time: 0.6534467 /var/lib/openstack/lib/python3.10/site-packages/pycadf/identifier.py:71: UserWarning: Invalid uuid: neutron. To ensure interoperability, identifiers should be a valid uuid. warnings.warn(('Invalid uuid: %s. To ensure interoperability, '
2026-07-02 11:17:22.233 10 INFO neutron.wsgi [None req-8dbebb23-28af-4077-bf88-561bc57c5f41 a8bf2d62c31e45418f76d39fc9b68ef9 d98d35a1dab14b5e8d941d9a1ea8026d - - default default] 10.0.0.248 "DELETE /v2.0/security-groups/8722a03a-361a-407f-85de-9666b5d72ed3 HTTP/1.1" status: 204 len: 168 time: 0.1780200
2026-07-02 11:17:23.108 9 INFO neutron.wsgi [None req-0e403424-b22e-424e-aba7-886d80d4da9d 77240ad744294c35b7ae80100fc78dbe 0a98d02fb3d8404a862651be04768bd5 - - default default] 10.0.0.248 "PUT /v2.0/routers/a7b5c1c7-d6a2-4048-8fc8-52d3b6748afa/remove_router_interface HTTP/1.1" status: 200 len: 503 time: 1.1389306 /var/lib/openstack/lib/python3.10/site-packages/pycadf/identifier.py:71: UserWarning: Invalid uuid: neutron. To ensure interoperability, identifiers should be a valid uuid. warnings.warn(('Invalid uuid: %s. To ensure interoperability, '
2026-07-02 11:17:23.135 10 INFO neutron.wsgi [None req-ef1cb1dd-126a-4f01-8e36-8f22e0b3352b a8bf2d62c31e45418f76d39fc9b68ef9 d98d35a1dab14b5e8d941d9a1ea8026d - - default default] 10.0.0.248 "PUT /v2.0/routers/7756ce56-72ad-4ad3-b11a-c6b1d64abc0a/remove_router_interface HTTP/1.1" status: 200 len: 503 time: 0.8673100 /var/lib/openstack/lib/python3.10/site-packages/pycadf/identifier.py:71: UserWarning: Invalid uuid: neutron. To ensure interoperability, identifiers should be a valid uuid. warnings.warn(('Invalid uuid: %s. To ensure interoperability, '
2026-07-02 11:17:23.261 9 INFO neutron.db.ovn_revision_numbers_db [None req-45f171d9-1de6-4ba2-a75b-a8bcdaff1636 5e48fbf1c2ac4c309357addc1d72522c 8ddbf4cd017c40d2a70d3469347a6123 - - default default] Successfully bumped revision number for resource 34bf0c56-8a56-462e-98e5-d43640b17f6c (type: security_groups) to 1
2026-07-02 11:17:23.280 9 INFO neutron.db.ovn_revision_numbers_db [None req-45f171d9-1de6-4ba2-a75b-a8bcdaff1636 5e48fbf1c2ac4c309357addc1d72522c 8ddbf4cd017c40d2a70d3469347a6123 - - default default] Successfully bumped revision number for resource 567b09f7-57ab-4369-8e0c-d35825976bec (type: security_group_rules) to 0
2026-07-02 11:17:23.324 9 INFO neutron.db.ovn_revision_numbers_db [None req-45f171d9-1de6-4ba2-a75b-a8bcdaff1636 5e48fbf1c2ac4c309357addc1d72522c 8ddbf4cd017c40d2a70d3469347a6123 - - default default] Successfully bumped revision number for resource 5d66b2a2-a835-47ec-af87-d571eea64cb6 (type: security_group_rules) to 0
2026-07-02 11:17:23.359 9 INFO neutron.db.ovn_revision_numbers_db [None req-45f171d9-1de6-4ba2-a75b-a8bcdaff1636 5e48fbf1c2ac4c309357addc1d72522c 8ddbf4cd017c40d2a70d3469347a6123 - - default default] Successfully bumped revision number for resource 8f7804d7-d5c7-4ab0-8a7b-9ca27eba42dc (type: security_group_rules) to 0
2026-07-02 11:17:23.378 9 INFO neutron.db.ovn_revision_numbers_db [None req-45f171d9-1de6-4ba2-a75b-a8bcdaff1636 5e48fbf1c2ac4c309357addc1d72522c 8ddbf4cd017c40d2a70d3469347a6123 - - default default] Successfully bumped revision number for resource a57bb488-f41a-4677-bca7-3ab85cd85a97 (type: security_group_rules) to 0
2026-07-02 11:17:23.397 10 INFO neutron.notifiers.nova [-] Nova event matching ['req-2aa46943-c7a3-4e31-b207-aa947faab7ea'] response: {'server_uuid': '5b6165cf-ea24-45d4-9adc-1a5e35c5ebff', 'name': 'network-vif-plugged', 'status': 'completed', 'tag': '059ec34a-cb74-49e1-b3ce-753ea1d75981', 'code': 200}
2026-07-02 11:17:23.397 10 INFO neutron.notifiers.nova [-] Nova event matching ['req-2aa46943-c7a3-4e31-b207-aa947faab7ea'] response: {'server_uuid': '5b6165cf-ea24-45d4-9adc-1a5e35c5ebff', 'name': 'network-vif-deleted', 'tag': '059ec34a-cb74-49e1-b3ce-753ea1d75981', 'status': 'completed', 'code': 200}
2026-07-02 11:17:23.411 10 INFO neutron.wsgi [None req-c329546d-1cb5-42e8-b6cb-dab99516d0d1 a8bf2d62c31e45418f76d39fc9b68ef9 d98d35a1dab14b5e8d941d9a1ea8026d - - default default] 10.0.0.248 "DELETE /v2.0/subnets/3a19901b-2713-4f7d-a55b-04d4dbf5771d HTTP/1.1" status: 204 len: 168 time: 0.2712095
2026-07-02 11:17:23.436 9 INFO neutron.db.segments_db [None req-45f171d9-1de6-4ba2-a75b-a8bcdaff1636 5e48fbf1c2ac4c309357addc1d72522c 8ddbf4cd017c40d2a70d3469347a6123 - - default default] Added segment 66fd56d8-f57e-4eeb-9568-132c6f0c0365 of type geneve for network a9e9e615-5ff5-4a47-b24f-700d814cfed4
2026-07-02 11:17:23.664 9 INFO neutron.db.ovn_revision_numbers_db [None req-45f171d9-1de6-4ba2-a75b-a8bcdaff1636 5e48fbf1c2ac4c309357addc1d72522c 8ddbf4cd017c40d2a70d3469347a6123 - - default default] Successfully bumped revision number for resource a9e9e615-5ff5-4a47-b24f-700d814cfed4 (type: networks) to 1
2026-07-02 11:17:23.903 9 WARNING neutron.scheduler.dhcp_agent_scheduler [None req-45f171d9-1de6-4ba2-a75b-a8bcdaff1636 5e48fbf1c2ac4c309357addc1d72522c 8ddbf4cd017c40d2a70d3469347a6123 - - default default] No more DHCP agents
2026-07-02 11:17:23.908 9 WARNING neutron.api.rpc.agentnotifiers.dhcp_rpc_agent_api [None req-45f171d9-1de6-4ba2-a75b-a8bcdaff1636 5e48fbf1c2ac4c309357addc1d72522c 8ddbf4cd017c40d2a70d3469347a6123 - - default default] Unable to schedule network a9e9e615-5ff5-4a47-b24f-700d814cfed4: no agents available; will retry on subsequent port and subnet creation events.
2026-07-02 11:17:23.992 9 INFO neutron.wsgi [None req-c943eac7-65d2-4224-8a69-3ce0b3b8c7fc 77240ad744294c35b7ae80100fc78dbe 0a98d02fb3d8404a862651be04768bd5 - - default default] 10.0.0.248 "DELETE /v2.0/routers/a7b5c1c7-d6a2-4048-8fc8-52d3b6748afa HTTP/1.1" status: 204 len: 168 time: 0.8703413
2026-07-02 11:17:24.033 9 INFO neutron.db.ovn_revision_numbers_db [None req-45f171d9-1de6-4ba2-a75b-a8bcdaff1636 5e48fbf1c2ac4c309357addc1d72522c 8ddbf4cd017c40d2a70d3469347a6123 - - default default] Successfully bumped revision number for resource db871b1e-85ad-412a-ba2d-946257d87960 (type: ports) to 1
2026-07-02 11:17:24.061 9 INFO neutron.wsgi [None req-45f171d9-1de6-4ba2-a75b-a8bcdaff1636 5e48fbf1c2ac4c309357addc1d72522c 8ddbf4cd017c40d2a70d3469347a6123 - - default default] 10.0.0.248 "POST /v2.0/networks HTTP/1.1" status: 201 len: 848 time: 1.2685697
2026-07-02 11:17:24.302 10 INFO neutron.wsgi [None req-691b20d2-c6eb-4e41-bb90-651ecb1971f1 77240ad744294c35b7ae80100fc78dbe 0a98d02fb3d8404a862651be04768bd5 - - default default] 10.0.0.248 "DELETE /v2.0/subnets/9b061ce0-ccb9-4493-97d4-4115beb83601 HTTP/1.1" status: 204 len: 168 time: 0.3047044
2026-07-02 11:17:24.349 9 WARNING neutron.scheduler.dhcp_agent_scheduler [None req-7aeac866-9d7c-44a7-a47e-ce32e5be2b7a 5e48fbf1c2ac4c309357addc1d72522c 8ddbf4cd017c40d2a70d3469347a6123 - - default default] No more DHCP agents
2026-07-02 11:17:24.354 9 WARNING neutron.api.rpc.agentnotifiers.dhcp_rpc_agent_api [None req-7aeac866-9d7c-44a7-a47e-ce32e5be2b7a 5e48fbf1c2ac4c309357addc1d72522c 8ddbf4cd017c40d2a70d3469347a6123 - - default default] Unable to schedule network a9e9e615-5ff5-4a47-b24f-700d814cfed4: no agents available; will retry on subsequent port and subnet creation events.
2026-07-02 11:17:24.383 9 INFO neutron.db.ovn_revision_numbers_db [None req-7aeac866-9d7c-44a7-a47e-ce32e5be2b7a 5e48fbf1c2ac4c309357addc1d72522c 8ddbf4cd017c40d2a70d3469347a6123 - - default default] Successfully bumped revision number for resource 62161229-b7f0-437c-941d-a27c2e24edb5 (type: subnets) to 0
2026-07-02 11:17:24.397 9 INFO neutron.wsgi [None req-7aeac866-9d7c-44a7-a47e-ce32e5be2b7a 5e48fbf1c2ac4c309357addc1d72522c 8ddbf4cd017c40d2a70d3469347a6123 - - default default] 10.0.0.248 "POST /v2.0/subnets HTTP/1.1" status: 201 len: 802 time: 0.3322067
2026-07-02 11:17:24.482 10 INFO neutron.wsgi [None req-7af45407-ae72-45c3-8b2c-2ce5ee2724af a8bf2d62c31e45418f76d39fc9b68ef9 d98d35a1dab14b5e8d941d9a1ea8026d - - default default] 10.0.0.248 "DELETE /v2.0/routers/7756ce56-72ad-4ad3-b11a-c6b1d64abc0a HTTP/1.1" status: 204 len: 168 time: 1.0665452
2026-07-02 11:17:24.797 10 INFO neutron.services.segments.plugin [-] Segment 4336b39d-7d22-4389-9c86-8e12cb1f6c8e resource provider aggregate not found
2026-07-02 11:17:24.804 10 INFO neutron.services.segments.plugin [-] Segment 4336b39d-7d22-4389-9c86-8e12cb1f6c8e resource provider aggregate not found
2026-07-02 11:17:24.822 10 INFO neutron.services.segments.plugin [-] Segment 4336b39d-7d22-4389-9c86-8e12cb1f6c8e resource provider not found; error: Placement Client Error (4xx): {"errors": [{"status": 404, "title": "Not Found", "detail": "The resource could not be found.\n\n No resource provider with uuid 4336b39d-7d22-4389-9c86-8e12cb1f6c8e found for delete ", "request_id": "req-fcbf8ac7-d269-454b-a5cd-5c919adfc8df"}]}
2026-07-02 11:17:24.834 10 INFO neutron.services.segments.plugin [-] Segment 4336b39d-7d22-4389-9c86-8e12cb1f6c8e resource provider not found; error: Placement Client Error (4xx): {"errors": [{"status": 404, "title": "Not Found", "detail": "The resource could not be found.\n\n No resource provider with uuid 4336b39d-7d22-4389-9c86-8e12cb1f6c8e found for delete ", "request_id": "req-3a955e98-dbb3-4ebb-bf43-90e8b0679fa7"}]}
2026-07-02 11:17:24.876 9 WARNING neutron.scheduler.dhcp_agent_scheduler [None req-143ee113-669e-49d5-800f-393a4d7fb495 5e48fbf1c2ac4c309357addc1d72522c 8ddbf4cd017c40d2a70d3469347a6123 - - default default] No more DHCP agents
2026-07-02 11:17:24.879 9 WARNING neutron.api.rpc.agentnotifiers.dhcp_rpc_agent_api [None req-143ee113-669e-49d5-800f-393a4d7fb495 5e48fbf1c2ac4c309357addc1d72522c 8ddbf4cd017c40d2a70d3469347a6123 - - default default] Unable to schedule network 8ee51cf5-5613-4fd9-a1a5-7a52d1319abd: no agents available; will retry on subsequent port and subnet creation events.
2026-07-02 11:17:24.880 10 INFO neutron.wsgi [None req-7e4516aa-a710-4574-8f3b-03f22f7a7a26 77240ad744294c35b7ae80100fc78dbe 0a98d02fb3d8404a862651be04768bd5 - - default default] 10.0.0.248 "DELETE /v2.0/networks/3314c91c-37bc-4ae3-a4e8-00c6716b679c HTTP/1.1" status: 204 len: 168 time: 0.5732272
2026-07-02 11:17:24.890 10 INFO neutron.db.ovn_revision_numbers_db [None req-b082cc64-1eb3-464a-ae47-7548f96cd43b 923dd0f9a5cd4e2da3ce70f128f793d9 256cf45d3a44420e903daa6e86767366 - - default default] Successfully bumped revision number for resource 97a6cb60-eda2-45f1-a0be-e769f79b286e (type: security_groups) to 1
2026-07-02 11:17:24.905 10 INFO neutron.db.ovn_revision_numbers_db [None req-b082cc64-1eb3-464a-ae47-7548f96cd43b 923dd0f9a5cd4e2da3ce70f128f793d9 256cf45d3a44420e903daa6e86767366 - - default default] Successfully bumped revision number for resource 3052365d-09e3-4e15-9e0b-7f78b2d28a3c (type: security_group_rules) to 0
2026-07-02 11:17:24.928 10 INFO neutron.db.ovn_revision_numbers_db [None req-b082cc64-1eb3-464a-ae47-7548f96cd43b 923dd0f9a5cd4e2da3ce70f128f793d9 256cf45d3a44420e903daa6e86767366 - - default default] Successfully bumped revision number for resource 91f72897-dad0-49c1-9a02-25b55af72046 (type: security_group_rules) to 0
2026-07-02 11:17:24.958 10 INFO neutron.db.ovn_revision_numbers_db [None req-b082cc64-1eb3-464a-ae47-7548f96cd43b 923dd0f9a5cd4e2da3ce70f128f793d9 256cf45d3a44420e903daa6e86767366 - - default default] Successfully bumped revision number for resource 97a78a4f-7e10-4891-a79f-28a39ead0520 (type: security_group_rules) to 0
2026-07-02 11:17:24.991 10 INFO neutron.db.ovn_revision_numbers_db [None req-b082cc64-1eb3-464a-ae47-7548f96cd43b 923dd0f9a5cd4e2da3ce70f128f793d9 256cf45d3a44420e903daa6e86767366 - - default default] Successfully bumped revision number for resource b715b5d3-5d6e-4d9f-918c-72d80fc68488 (type: security_group_rules) to 0
2026-07-02 11:17:25.041 9 INFO neutron.db.ovn_revision_numbers_db [None req-143ee113-669e-49d5-800f-393a4d7fb495 5e48fbf1c2ac4c309357addc1d72522c 8ddbf4cd017c40d2a70d3469347a6123 - - default default] Successfully bumped revision number for resource d18f03b5-e379-4dc2-8e3a-fcdc74a7e627 (type: ports) to 1
2026-07-02 11:17:25.070 10 INFO neutron.db.segments_db [None req-b082cc64-1eb3-464a-ae47-7548f96cd43b 923dd0f9a5cd4e2da3ce70f128f793d9 256cf45d3a44420e903daa6e86767366 - - default default] Added segment 72b61935-f8d4-459a-8ea2-f17d9a89dad7 of type geneve for network cecb4180-5983-4625-82e2-2700a53599fc
