2026-07-02 11:14:23.848 10 INFO neutron.wsgi [req-d3fa4e22-6688-45ce-80a4-8ba3407c832d req-d30b2073-6868-48c5-a8e1-e6eb3e90ba8d d443c665a4c9411dbb4a28df7376a815 c58407d481d94f58999bbb32c64efe11 - - default default] 10.0.0.229 "DELETE /v2.0/security-groups/2611516e-5b3a-4e8b-85f5-9fd724b3b1bd HTTP/1.1" status: 204 len: 173 time: 0.2295167
2026-07-02 11:14:23.931 9 INFO neutron.wsgi [req-f5ff7735-90f2-4ab9-b280-a22480c9eb0d req-0f212329-4b04-4b1d-b6b7-1710f97724c7 f05094fd117c4637aaf022bf96c74216 666f39bce2bc4208aa192433aa480e3f - - default default] 199.19.213.63 "GET /v2.0/security-groups?fields=id&fields=name&tenant_id=666f39bce2bc4208aa192433aa480e3f HTTP/1.1" status: 200 len: 380 time: 0.0695558
2026-07-02 11:14:23.933 10 INFO neutron.wsgi [req-14384e86-081c-4687-b972-e08e33e6b140 req-190e9fb4-f825-4976-b42e-02b7cd53a8b8 d443c665a4c9411dbb4a28df7376a815 c58407d481d94f58999bbb32c64efe11 - - default default] 10.0.0.229 "GET /v2.0/security-groups/1f49e3e7-cc87-4d08-a2a7-8a93daad394d HTTP/1.1" status: 200 len: 2413 time: 0.0623949
2026-07-02 11:14:24.082 10 INFO neutron.wsgi [req-f8065ebd-e064-4948-9422-e8f8e271028d req-644a55d7-f840-475e-bd5d-7e100878b7d8 a9ed9f0a451f4a1ab854529452af2d48 292bea1140a149458caf7bb93e4da1d8 - - default default] 10.0.0.229 "DELETE /v2.0/security-groups/8797af8f-ca37-4787-bd6c-817f2b33da57 HTTP/1.1" status: 204 len: 173 time: 0.2635436
2026-07-02 11:14:24.124 10 INFO neutron.api.v2.resource [req-1fcdbbcf-51c9-4f4b-b9c3-3dc7bcdbc54b req-6d71e3e1-640c-460d-81de-08ce1bfbb674 a9ed9f0a451f4a1ab854529452af2d48 292bea1140a149458caf7bb93e4da1d8 - - default default] show failed (client error): The resource could not be found.
2026-07-02 11:14:24.125 10 INFO neutron.wsgi [req-1fcdbbcf-51c9-4f4b-b9c3-3dc7bcdbc54b req-6d71e3e1-640c-460d-81de-08ce1bfbb674 a9ed9f0a451f4a1ab854529452af2d48 292bea1140a149458caf7bb93e4da1d8 - - default default] 10.0.0.229 "GET /v2.0/security-groups/8797af8f-ca37-4787-bd6c-817f2b33da57 HTTP/1.1" status: 404 len: 352 time: 0.0156393
2026-07-02 11:14:24.202 10 INFO neutron.wsgi [req-14384e86-081c-4687-b972-e08e33e6b140 req-dd16183a-4fc2-4360-ab98-7a9e2828ea9d d443c665a4c9411dbb4a28df7376a815 c58407d481d94f58999bbb32c64efe11 - - default default] 10.0.0.229 "DELETE /v2.0/security-groups/1f49e3e7-cc87-4d08-a2a7-8a93daad394d HTTP/1.1" status: 204 len: 173 time: 0.2582436
2026-07-02 11:14:24.267 10 INFO neutron.wsgi [req-88c1f16d-73df-462f-aec7-550ab5f92b15 req-67ef1a4b-1c7c-41c0-8101-a3f4bdc798ed a9ed9f0a451f4a1ab854529452af2d48 292bea1140a149458caf7bb93e4da1d8 - - default default] 10.0.0.229 "GET /v2.0/security-groups/ebdaa2a7-fd09-45ce-a597-2e90115cca79 HTTP/1.1" status: 200 len: 1817 time: 0.1175897
2026-07-02 11:14:24.360 10 INFO neutron.db.ovn_revision_numbers_db [None req-94b6a1b3-7d96-490d-9304-894385057ab4 - - - - - -] Successfully bumped revision number for resource 5a80c775-9052-41e2-a0df-5e4fda1f2e79 (type: ports) to 1
2026-07-02 11:14:24.559 9 WARNING neutron.scheduler.dhcp_agent_scheduler [req-f5ff7735-90f2-4ab9-b280-a22480c9eb0d req-5ec5c778-757b-49d4-8cc5-84d26c5acdc7 f05094fd117c4637aaf022bf96c74216 666f39bce2bc4208aa192433aa480e3f - - default default] No more DHCP agents
2026-07-02 11:14:24.561 9 WARNING neutron.api.rpc.agentnotifiers.dhcp_rpc_agent_api [req-f5ff7735-90f2-4ab9-b280-a22480c9eb0d req-5ec5c778-757b-49d4-8cc5-84d26c5acdc7 f05094fd117c4637aaf022bf96c74216 666f39bce2bc4208aa192433aa480e3f - - default default] Unable to schedule network 503c0bd2-6cba-46e6-b89d-170eaec3f10c: no agents available; will retry on subsequent port and subnet creation events.
2026-07-02 11:14:24.626 10 INFO neutron.wsgi [req-88c1f16d-73df-462f-aec7-550ab5f92b15 req-ef8c2f43-fb4d-4c18-9e79-f0de22de0db5 a9ed9f0a451f4a1ab854529452af2d48 292bea1140a149458caf7bb93e4da1d8 - - default default] 10.0.0.229 "DELETE /v2.0/security-groups/ebdaa2a7-fd09-45ce-a597-2e90115cca79 HTTP/1.1" status: 204 len: 173 time: 0.3382137
2026-07-02 11:14:24.722 9 INFO neutron.db.ovn_revision_numbers_db [req-f5ff7735-90f2-4ab9-b280-a22480c9eb0d req-5ec5c778-757b-49d4-8cc5-84d26c5acdc7 f05094fd117c4637aaf022bf96c74216 666f39bce2bc4208aa192433aa480e3f - - default default] Successfully bumped revision number for resource 008ff7a7-3f05-4306-9bb9-ac55aa79eaa1 (type: ports) to 1
2026-07-02 11:14:24.744 9 INFO neutron.wsgi [req-f5ff7735-90f2-4ab9-b280-a22480c9eb0d req-5ec5c778-757b-49d4-8cc5-84d26c5acdc7 f05094fd117c4637aaf022bf96c74216 666f39bce2bc4208aa192433aa480e3f - - default default] 199.19.213.63 "POST /v2.0/ports HTTP/1.1" status: 201 len: 1158 time: 0.8103602 /var/lib/openstack/lib/python3.10/site-packages/pycadf/identifier.py:71: UserWarning: Invalid uuid: neutron. To ensure interoperability, identifiers should be a valid uuid. warnings.warn(('Invalid uuid: %s. To ensure interoperability, '
2026-07-02 11:14:24.759 9 INFO neutron.wsgi [req-f5ff7735-90f2-4ab9-b280-a22480c9eb0d req-a1b7bc2c-534a-4065-b59a-16dc5c34f674 f05094fd117c4637aaf022bf96c74216 666f39bce2bc4208aa192433aa480e3f - - default default] 199.19.213.63 "GET /v2.0/extensions HTTP/1.1" status: 200 len: 16525 time: 0.0086911
2026-07-02 11:14:24.814 10 INFO neutron.api.v2.resource [req-aad52d36-cabf-4898-9bb0-85b3ec39fab5 req-32ae11ab-783d-4c05-bfe2-58a979ae3d31 a9ed9f0a451f4a1ab854529452af2d48 292bea1140a149458caf7bb93e4da1d8 - - default default] show failed (client error): The resource could not be found.
2026-07-02 11:14:24.815 10 INFO neutron.wsgi [req-aad52d36-cabf-4898-9bb0-85b3ec39fab5 req-32ae11ab-783d-4c05-bfe2-58a979ae3d31 a9ed9f0a451f4a1ab854529452af2d48 292bea1140a149458caf7bb93e4da1d8 - - default default] 10.0.0.229 "GET /v2.0/security-groups/ebdaa2a7-fd09-45ce-a597-2e90115cca79 HTTP/1.1" status: 404 len: 352 time: 0.1607137
2026-07-02 11:14:24.822 10 INFO neutron.wsgi [req-ed35739a-a888-42fd-ad21-2127b63bcf21 req-0ece2aca-0bf3-46eb-b09a-4a1df376ba5c f05094fd117c4637aaf022bf96c74216 666f39bce2bc4208aa192433aa480e3f - - default default] 10.0.0.229 "GET /v2.0/ports?device_id=36004a3c-a379-45e5-8ad3-e2e0ad0c96d3 HTTP/1.1" status: 200 len: 1156 time: 0.2089608
2026-07-02 11:14:24.916 10 INFO neutron.wsgi [req-ed35739a-a888-42fd-ad21-2127b63bcf21 req-ce3e4cc1-9ba6-4c36-9b14-156589c59712 f05094fd117c4637aaf022bf96c74216 666f39bce2bc4208aa192433aa480e3f - - default default] 10.0.0.229 "GET /v2.0/security-groups?id=304efdb1-6747-4390-aae8-3af19efa23bd&fields=id&fields=name HTTP/1.1" status: 200 len: 313 time: 0.0829120
2026-07-02 11:14:24.923 10 INFO neutron.wsgi [req-355d127d-32d1-4f7a-95bc-3b721a94343a req-a773dd70-2423-44c0-8d50-6bbc38e63bc1 a9ed9f0a451f4a1ab854529452af2d48 292bea1140a149458caf7bb93e4da1d8 - - default default] 10.0.0.229 "GET /v2.0/security-groups?tenant_id=292bea1140a149458caf7bb93e4da1d8 HTTP/1.1" status: 200 len: 2997 time: 0.0842040
2026-07-02 11:14:25.006 10 INFO neutron.wsgi [req-355d127d-32d1-4f7a-95bc-3b721a94343a req-906a0e06-b664-446e-bb3c-79d6e879332e a9ed9f0a451f4a1ab854529452af2d48 292bea1140a149458caf7bb93e4da1d8 - - default default] 10.0.0.229 "GET /v2.0/security-groups/f5583af4-5522-403e-9aec-322165422a07 HTTP/1.1" status: 200 len: 2994 time: 0.0736029
2026-07-02 11:14:25.133 10 INFO neutron.wsgi [req-355d127d-32d1-4f7a-95bc-3b721a94343a req-476f834e-0399-4159-a3a3-3fabbeec1b8e a9ed9f0a451f4a1ab854529452af2d48 292bea1140a149458caf7bb93e4da1d8 - - default default] 10.0.0.229 "GET /v2.0/security-groups/f5583af4-5522-403e-9aec-322165422a07 HTTP/1.1" status: 200 len: 2994 time: 0.1194780
2026-07-02 11:14:25.198 10 INFO neutron.api.v2.resource [req-b55b6d14-f01c-4c8a-9e70-438cefe1a3ff req-7cd402bc-189f-40cf-a39e-aaea33aac7af a9ed9f0a451f4a1ab854529452af2d48 292bea1140a149458caf7bb93e4da1d8 - - default default] show failed (client error): The resource could not be found.
2026-07-02 11:14:25.199 10 INFO neutron.wsgi [req-b55b6d14-f01c-4c8a-9e70-438cefe1a3ff req-7cd402bc-189f-40cf-a39e-aaea33aac7af a9ed9f0a451f4a1ab854529452af2d48 292bea1140a149458caf7bb93e4da1d8 - - default default] 10.0.0.229 "GET /v2.0/security-groups/ebdaa2a7-fd09-45ce-a597-2e90115cca79 HTTP/1.1" status: 404 len: 352 time: 0.0307229
2026-07-02 11:14:25.240 10 INFO neutron.api.v2.resource [req-225ee1c2-230a-4cd2-9df7-1a5e9c868717 req-69621f2a-fab7-4b25-8534-3cc3486e5b16 a9ed9f0a451f4a1ab854529452af2d48 292bea1140a149458caf7bb93e4da1d8 - - default default] show failed (client error): The resource could not be found.
2026-07-02 11:14:25.241 10 INFO neutron.wsgi [req-225ee1c2-230a-4cd2-9df7-1a5e9c868717 req-69621f2a-fab7-4b25-8534-3cc3486e5b16 a9ed9f0a451f4a1ab854529452af2d48 292bea1140a149458caf7bb93e4da1d8 - - default default] 10.0.0.229 "GET /v2.0/security-groups/8797af8f-ca37-4787-bd6c-817f2b33da57 HTTP/1.1" status: 404 len: 352 time: 0.0138447
2026-07-02 11:14:25.255 10 INFO neutron.db.ovn_revision_numbers_db [None req-94b6a1b3-7d96-490d-9304-894385057ab4 - - - - - -] Successfully bumped revision number for resource 5a80c775-9052-41e2-a0df-5e4fda1f2e79 (type: router_ports) to 3
2026-07-02 11:14:25.293 10 INFO neutron.api.v2.resource [req-ea4f49fd-b2c2-4cb1-bdd7-651606740e26 req-d4d4cf31-f5d2-4343-b915-33249c43bc8b a9ed9f0a451f4a1ab854529452af2d48 292bea1140a149458caf7bb93e4da1d8 - - default default] show failed (client error): The resource could not be found.
2026-07-02 11:14:25.294 10 INFO neutron.wsgi [req-ea4f49fd-b2c2-4cb1-bdd7-651606740e26 req-d4d4cf31-f5d2-4343-b915-33249c43bc8b a9ed9f0a451f4a1ab854529452af2d48 292bea1140a149458caf7bb93e4da1d8 - - default default] 10.0.0.229 "GET /v2.0/security-groups/6535ab92-6bad-403d-a46d-76b98e8f6bdd HTTP/1.1" status: 404 len: 352 time: 0.0255368
2026-07-02 11:14:25.519 10 INFO neutron.db.ovn_revision_numbers_db [None req-94b6a1b3-7d96-490d-9304-894385057ab4 - - - - - -] Successfully bumped revision number for resource 5a80c775-9052-41e2-a0df-5e4fda1f2e79 (type: ports) to 2
2026-07-02 11:14:25.586 9 INFO neutron.db.ovn_revision_numbers_db [req-f5ff7735-90f2-4ab9-b280-a22480c9eb0d req-dea52829-4a93-420b-b02a-0d8273d2c8a4 c009b804a6574fc1a3e7663aadd95622 a1e5a7691a304189972788d916dfc909 - - 7e6cee0005ce4cdbbd56e806f4693548 7e6cee0005ce4cdbbd56e806f4693548] Successfully bumped revision number for resource 008ff7a7-3f05-4306-9bb9-ac55aa79eaa1 (type: ports) to 2
2026-07-02 11:14:25.799 9 INFO neutron.db.ovn_revision_numbers_db [req-f5ff7735-90f2-4ab9-b280-a22480c9eb0d req-dea52829-4a93-420b-b02a-0d8273d2c8a4 c009b804a6574fc1a3e7663aadd95622 a1e5a7691a304189972788d916dfc909 - - 7e6cee0005ce4cdbbd56e806f4693548 7e6cee0005ce4cdbbd56e806f4693548] Successfully bumped revision number for resource 008ff7a7-3f05-4306-9bb9-ac55aa79eaa1 (type: ports) to 2
2026-07-02 11:14:25.815 9 INFO neutron.wsgi [req-f5ff7735-90f2-4ab9-b280-a22480c9eb0d req-dea52829-4a93-420b-b02a-0d8273d2c8a4 c009b804a6574fc1a3e7663aadd95622 a1e5a7691a304189972788d916dfc909 - - 7e6cee0005ce4cdbbd56e806f4693548 7e6cee0005ce4cdbbd56e806f4693548] 199.19.213.63 "PUT /v2.0/ports/008ff7a7-3f05-4306-9bb9-ac55aa79eaa1 HTTP/1.1" status: 200 len: 1376 time: 0.7301297 /var/lib/openstack/lib/python3.10/site-packages/pycadf/identifier.py:71: UserWarning: Invalid uuid: neutron. To ensure interoperability, identifiers should be a valid uuid. warnings.warn(('Invalid uuid: %s. To ensure interoperability, '
2026-07-02 11:14:25.914 9 INFO neutron.wsgi [req-f5ff7735-90f2-4ab9-b280-a22480c9eb0d req-f4f148b4-4dbd-46aa-b8b7-ebf73268d2f8 c009b804a6574fc1a3e7663aadd95622 a1e5a7691a304189972788d916dfc909 - - 7e6cee0005ce4cdbbd56e806f4693548 7e6cee0005ce4cdbbd56e806f4693548] 199.19.213.63 "GET /v2.0/ports?tenant_id=666f39bce2bc4208aa192433aa480e3f&device_id=36004a3c-a379-45e5-8ad3-e2e0ad0c96d3 HTTP/1.1" status: 200 len: 1407 time: 0.0503533
2026-07-02 11:14:25.953 9 INFO neutron.wsgi [req-f5ff7735-90f2-4ab9-b280-a22480c9eb0d req-6da2d499-59d6-4f28-b843-9900815c49f3 c009b804a6574fc1a3e7663aadd95622 a1e5a7691a304189972788d916dfc909 - - 7e6cee0005ce4cdbbd56e806f4693548 7e6cee0005ce4cdbbd56e806f4693548] 199.19.213.63 "GET /v2.0/floatingips?fixed_ip_address=10.100.0.7&port_id=008ff7a7-3f05-4306-9bb9-ac55aa79eaa1 HTTP/1.1" status: 200 len: 217 time: 0.0316846
2026-07-02 11:14:25.994 9 INFO neutron.wsgi [req-f5ff7735-90f2-4ab9-b280-a22480c9eb0d req-fab737fa-ac8a-4116-bc8c-e206fd107fc0 c009b804a6574fc1a3e7663aadd95622 a1e5a7691a304189972788d916dfc909 - - 7e6cee0005ce4cdbbd56e806f4693548 7e6cee0005ce4cdbbd56e806f4693548] 199.19.213.63 "GET /v2.0/subnets?id=51ebdce6-6a69-4057-aa15-eae9ec4d807c HTTP/1.1" status: 200 len: 876 time: 0.0358064
2026-07-02 11:14:26.034 10 WARNING neutron.plugins.ml2.drivers.ovn.mech_driver.ovsdb.ovn_client [None req-763d87c8-6bdf-4eba-92f2-49be3e009292 - - - - - -] No port found with ID 2e9f9d89-df74-495d-aee5-19d405c5d71a: RuntimeError: No port found with ID 2e9f9d89-df74-495d-aee5-19d405c5d71a
2026-07-02 11:14:26.035 10 INFO neutron.plugins.ml2.drivers.ovn.mech_driver.mech_driver [None req-763d87c8-6bdf-4eba-92f2-49be3e009292 - - - - - -] OVN reports status up for port: a0242d72-86c7-422c-a932-121a22d16aeb
2026-07-02 11:14:26.035 9 INFO neutron.wsgi [req-f5ff7735-90f2-4ab9-b280-a22480c9eb0d req-453e5bba-0484-4cba-ad3a-cb9e7bcc10d4 c009b804a6574fc1a3e7663aadd95622 a1e5a7691a304189972788d916dfc909 - - 7e6cee0005ce4cdbbd56e806f4693548 7e6cee0005ce4cdbbd56e806f4693548] 199.19.213.63 "GET /v2.0/ports?network_id=503c0bd2-6cba-46e6-b89d-170eaec3f10c&device_owner=network%3Adhcp HTTP/1.1" status: 200 len: 210 time: 0.0333741
2026-07-02 11:14:26.058 10 INFO neutron.plugins.ml2.plugin [None req-763d87c8-6bdf-4eba-92f2-49be3e009292 - - - - - -] Attempt 1 to provision port a0242d72-86c7-422c-a932-121a22d16aeb
2026-07-02 11:14:26.110 9 INFO neutron.wsgi [req-f5ff7735-90f2-4ab9-b280-a22480c9eb0d req-f89ab307-c534-45b2-bc4f-0c7b4733c00b c009b804a6574fc1a3e7663aadd95622 a1e5a7691a304189972788d916dfc909 - - 7e6cee0005ce4cdbbd56e806f4693548 7e6cee0005ce4cdbbd56e806f4693548] 199.19.213.63 "GET /v2.0/networks/503c0bd2-6cba-46e6-b89d-170eaec3f10c?fields=segments HTTP/1.1" status: 200 len: 212 time: 0.0670683
2026-07-02 11:14:26.221 9 INFO neutron.wsgi [req-f5ff7735-90f2-4ab9-b280-a22480c9eb0d req-5b9dbc92-9690-433e-a4ed-7568f2d3dfe0 c009b804a6574fc1a3e7663aadd95622 a1e5a7691a304189972788d916dfc909 - - 7e6cee0005ce4cdbbd56e806f4693548 7e6cee0005ce4cdbbd56e806f4693548] 199.19.213.63 "GET /v2.0/networks/503c0bd2-6cba-46e6-b89d-170eaec3f10c?fields=provider%3Aphysical_network&fields=provider%3Anetwork_type HTTP/1.1" status: 200 len: 277 time: 0.1053796
2026-07-02 11:14:26.260 9 WARNING neutron.plugins.ml2.drivers.ovn.mech_driver.ovsdb.ovn_client [None req-b582701f-b510-457f-adbc-1e1007217209 - - - - - -] No hosting information found for port 5fc2932b-ec5f-47d8-afc4-ee458ab7119a: RuntimeError: No hosting information found for port 5fc2932b-ec5f-47d8-afc4-ee458ab7119a
2026-07-02 11:14:26.261 9 INFO neutron.plugins.ml2.drivers.ovn.mech_driver.mech_driver [None req-b582701f-b510-457f-adbc-1e1007217209 - - - - - -] OVN reports status up for port: bdfa6b50-7421-4829-88a5-50985f0fa2a8
2026-07-02 11:14:26.268 9 INFO neutron.plugins.ml2.plugin [None req-b582701f-b510-457f-adbc-1e1007217209 - - - - - -] Attempt 1 to provision port bdfa6b50-7421-4829-88a5-50985f0fa2a8
2026-07-02 11:14:26.294 9 INFO neutron.notifiers.nova [-] Nova event matching ['req-2c7d1148-3c8f-4be9-a722-46781c142e0f'] response: {'name': 'network-changed', 'server_uuid': '36004a3c-a379-45e5-8ad3-e2e0ad0c96d3', 'tag': '008ff7a7-3f05-4306-9bb9-ac55aa79eaa1', 'status': 'completed', 'code': 200}
2026-07-02 11:14:26.302 10 INFO neutron.db.ovn_revision_numbers_db [None req-94b6a1b3-7d96-490d-9304-894385057ab4 - - - - - -] Successfully bumped revision number for resource 5a80c775-9052-41e2-a0df-5e4fda1f2e79 (type: ports) to 4
2026-07-02 11:14:26.362 9 INFO neutron.wsgi [req-251d8644-5b75-4dfb-af1c-2663744dfb6a req-be1d8791-fefd-45bd-90f3-891d36228f1f c009b804a6574fc1a3e7663aadd95622 a1e5a7691a304189972788d916dfc909 - - 7e6cee0005ce4cdbbd56e806f4693548 7e6cee0005ce4cdbbd56e806f4693548] 199.19.213.63 "GET /v2.0/ports?tenant_id=666f39bce2bc4208aa192433aa480e3f&device_id=36004a3c-a379-45e5-8ad3-e2e0ad0c96d3 HTTP/1.1" status: 200 len: 1407 time: 0.0464475
2026-07-02 11:14:26.376 10 INFO neutron.wsgi [req-7ae9e75b-9321-4599-917f-2ddbe9354136 req-d14d90fd-efd0-4c44-b79e-db5b4a5f5e27 f05094fd117c4637aaf022bf96c74216 666f39bce2bc4208aa192433aa480e3f - - default default] 10.0.0.229 "GET /v2.0/ports?device_id=36004a3c-a379-45e5-8ad3-e2e0ad0c96d3 HTTP/1.1" status: 200 len: 1168 time: 0.3096282
2026-07-02 11:14:26.462 9 INFO neutron.wsgi [req-251d8644-5b75-4dfb-af1c-2663744dfb6a req-7445746e-5757-4c65-8785-03c23e09aa53 c009b804a6574fc1a3e7663aadd95622 a1e5a7691a304189972788d916dfc909 - - 7e6cee0005ce4cdbbd56e806f4693548 7e6cee0005ce4cdbbd56e806f4693548] 199.19.213.63 "GET /v2.0/networks?id=503c0bd2-6cba-46e6-b89d-170eaec3f10c HTTP/1.1" status: 200 len: 981 time: 0.0909643
2026-07-02 11:14:26.488 9 INFO neutron.wsgi [req-251d8644-5b75-4dfb-af1c-2663744dfb6a req-2db6a68f-9429-4f43-9691-23eb0d5e4ceb c009b804a6574fc1a3e7663aadd95622 a1e5a7691a304189972788d916dfc909 - - 7e6cee0005ce4cdbbd56e806f4693548 7e6cee0005ce4cdbbd56e806f4693548] 199.19.213.63 "GET /v2.0/floatingips?fixed_ip_address=10.100.0.7&port_id=008ff7a7-3f05-4306-9bb9-ac55aa79eaa1 HTTP/1.1" status: 200 len: 217 time: 0.0206063
2026-07-02 11:14:26.534 10 INFO neutron.wsgi [req-7ae9e75b-9321-4599-917f-2ddbe9354136 req-3165fa1b-af52-4ea1-be27-b6532948609f f05094fd117c4637aaf022bf96c74216 666f39bce2bc4208aa192433aa480e3f - - default default] 10.0.0.229 "GET /v2.0/security-groups?id=304efdb1-6747-4390-aae8-3af19efa23bd&fields=id&fields=name HTTP/1.1" status: 200 len: 313 time: 0.1491828
2026-07-02 11:14:26.637 9 INFO neutron.wsgi [req-251d8644-5b75-4dfb-af1c-2663744dfb6a req-4b716517-1656-4878-8003-dd1b05fd5353 c009b804a6574fc1a3e7663aadd95622 a1e5a7691a304189972788d916dfc909 - - 7e6cee0005ce4cdbbd56e806f4693548 7e6cee0005ce4cdbbd56e806f4693548] 199.19.213.63 "GET /v2.0/subnets?id=51ebdce6-6a69-4057-aa15-eae9ec4d807c HTTP/1.1" status: 200 len: 876 time: 0.1421325
2026-07-02 11:14:26.685 9 INFO neutron.wsgi [req-251d8644-5b75-4dfb-af1c-2663744dfb6a req-7c9e66b1-6474-4317-bc4e-53fea676949b c009b804a6574fc1a3e7663aadd95622 a1e5a7691a304189972788d916dfc909 - - 7e6cee0005ce4cdbbd56e806f4693548 7e6cee0005ce4cdbbd56e806f4693548] 199.19.213.63 "GET /v2.0/ports?network_id=503c0bd2-6cba-46e6-b89d-170eaec3f10c&device_owner=network%3Adhcp HTTP/1.1" status: 200 len: 210 time: 0.0415828
2026-07-02 11:14:26.777 9 INFO neutron.wsgi [req-251d8644-5b75-4dfb-af1c-2663744dfb6a req-9dd40a3c-39de-4f50-abc1-8c79aa6e5c45 c009b804a6574fc1a3e7663aadd95622 a1e5a7691a304189972788d916dfc909 - - 7e6cee0005ce4cdbbd56e806f4693548 7e6cee0005ce4cdbbd56e806f4693548] 199.19.213.63 "GET /v2.0/networks/503c0bd2-6cba-46e6-b89d-170eaec3f10c?fields=segments HTTP/1.1" status: 200 len: 212 time: 0.0747616
2026-07-02 11:14:26.794 9 INFO neutron.db.ovn_revision_numbers_db [None req-b582701f-b510-457f-adbc-1e1007217209 - - - - - -] Successfully bumped revision number for resource bdfa6b50-7421-4829-88a5-50985f0fa2a8 (type: ports) to 2
2026-07-02 11:14:26.822 10 INFO neutron.db.ovn_revision_numbers_db [None req-94b6a1b3-7d96-490d-9304-894385057ab4 - - - - - -] Successfully bumped revision number for resource 5a80c775-9052-41e2-a0df-5e4fda1f2e79 (type: router_ports) to 4
2026-07-02 11:14:26.900 9 INFO neutron.wsgi [req-251d8644-5b75-4dfb-af1c-2663744dfb6a req-0b51d742-1b5d-41fa-ad75-d1dc7f4d3149 c009b804a6574fc1a3e7663aadd95622 a1e5a7691a304189972788d916dfc909 - - 7e6cee0005ce4cdbbd56e806f4693548 7e6cee0005ce4cdbbd56e806f4693548] 199.19.213.63 "GET /v2.0/networks/503c0bd2-6cba-46e6-b89d-170eaec3f10c?fields=provider%3Aphysical_network&fields=provider%3Anetwork_type HTTP/1.1" status: 200 len: 277 time: 0.0827203
2026-07-02 11:14:26.985 9 INFO neutron.db.ovn_revision_numbers_db [None req-b582701f-b510-457f-adbc-1e1007217209 - - - - - -] Successfully bumped revision number for resource bdfa6b50-7421-4829-88a5-50985f0fa2a8 (type: router_ports) to 2
2026-07-02 11:14:27.255 10 INFO neutron.wsgi [None req-4c61d7f4-f419-415e-b719-9b2455a1e7fd 77240ad744294c35b7ae80100fc78dbe 0a98d02fb3d8404a862651be04768bd5 - - default default] 10.0.0.248 "PUT /v2.0/routers/ff2e5930-f308-4fb5-9403-58805e669409/remove_router_interface HTTP/1.1" status: 200 len: 503 time: 3.0386424 /var/lib/openstack/lib/python3.10/site-packages/pycadf/identifier.py:71: UserWarning: Invalid uuid: neutron. To ensure interoperability, identifiers should be a valid uuid. warnings.warn(('Invalid uuid: %s. To ensure interoperability, '
2026-07-02 11:14:27.679 10 INFO neutron.wsgi [req-7b0e0cbc-771e-4849-be3d-ae0a80b34b98 req-b88aa8de-109c-4c1a-9ba1-21d700d511f8 f05094fd117c4637aaf022bf96c74216 666f39bce2bc4208aa192433aa480e3f - - default default] 10.0.0.229 "GET /v2.0/ports?device_id=36004a3c-a379-45e5-8ad3-e2e0ad0c96d3 HTTP/1.1" status: 200 len: 1168 time: 0.0545125
2026-07-02 11:14:27.686 10 INFO neutron.wsgi [req-8fca2183-78c7-489a-8eb5-ffd410e44362 req-a6287c11-18c9-412f-978f-bebf2ba3b030 e2a8277208c24ab6b1f563246d28987b 5c4ba1f4659044139c9b325a6e68d9d1 - - default default] 10.0.0.229 "GET /v2.0/security-groups?name=tempest-securitygroup--1214632241&fields=id&tenant_id=5c4ba1f4659044139c9b325a6e68d9d1 HTTP/1.1" status: 200 len: 267 time: 0.1016483
2026-07-02 11:14:27.766 10 INFO neutron.wsgi [req-7b0e0cbc-771e-4849-be3d-ae0a80b34b98 req-ef55ff35-5947-4f9d-98fa-aafdc0bf81e0 f05094fd117c4637aaf022bf96c74216 666f39bce2bc4208aa192433aa480e3f - - default default] 10.0.0.229 "GET /v2.0/security-groups?id=304efdb1-6747-4390-aae8-3af19efa23bd&fields=id&fields=name HTTP/1.1" status: 200 len: 313 time: 0.0753582
2026-07-02 11:14:27.806 10 INFO neutron.wsgi [req-8fca2183-78c7-489a-8eb5-ffd410e44362 req-f7f69d25-7e35-4939-a54d-faa9ecf5ac0d e2a8277208c24ab6b1f563246d28987b 5c4ba1f4659044139c9b325a6e68d9d1 - - default default] 10.0.0.229 "GET /v2.0/networks?id=e1c359c3-edfb-4009-a488-82b26dd5b96b HTTP/1.1" status: 200 len: 878 time: 0.1080663
2026-07-02 11:14:27.841 10 INFO neutron.wsgi [req-8fca2183-78c7-489a-8eb5-ffd410e44362 req-2b192d1c-39e1-490f-b90e-80d6144cec30 e2a8277208c24ab6b1f563246d28987b 5c4ba1f4659044139c9b325a6e68d9d1 - - default default] 10.0.0.229 "GET /v2.0/quotas/5c4ba1f4659044139c9b325a6e68d9d1 HTTP/1.1" status: 200 len: 386 time: 0.0287719 /var/lib/openstack/lib/python3.10/site-packages/pycadf/identifier.py:71: UserWarning: Invalid uuid: neutron. To ensure interoperability, identifiers should be a valid uuid. warnings.warn(('Invalid uuid: %s. To ensure interoperability, '
2026-07-02 11:14:27.861 10 INFO neutron.wsgi [None req-bcab6c70-3f17-453b-8e9a-3fb387f4e716 77240ad744294c35b7ae80100fc78dbe 0a98d02fb3d8404a862651be04768bd5 - - default default] 10.0.0.248 "PUT /v2.0/routers/9830aac7-dc7c-4105-af80-6a0b276d4640/remove_router_interface HTTP/1.1" status: 200 len: 503 time: 2.5570605
2026-07-02 11:14:27.945 10 INFO neutron.wsgi [req-8fca2183-78c7-489a-8eb5-ffd410e44362 req-59063a19-d80e-49ce-b898-1bc5e58dbbfe e2a8277208c24ab6b1f563246d28987b 5c4ba1f4659044139c9b325a6e68d9d1 - - default default] 10.0.0.229 "GET /v2.0/ports?tenant_id=5c4ba1f4659044139c9b325a6e68d9d1&fields=id HTTP/1.1" status: 200 len: 302 time: 0.0982721
2026-07-02 11:14:28.065 9 INFO neutron.wsgi [None req-8636af34-6474-424e-ab70-0a9466d0b802 77240ad744294c35b7ae80100fc78dbe 0a98d02fb3d8404a862651be04768bd5 - - default default] 10.0.0.248 "DELETE /v2.0/routers/ff2e5930-f308-4fb5-9403-58805e669409 HTTP/1.1" status: 204 len: 168 time: 0.8031425
2026-07-02 11:14:28.325 10 INFO neutron.wsgi [None req-0fcdb54f-67fa-4074-be8a-0a4f0fff1fbb 77240ad744294c35b7ae80100fc78dbe 0a98d02fb3d8404a862651be04768bd5 - - default default] 10.0.0.248 "DELETE /v2.0/subnets/ef6a743c-5e93-4d2e-bc2d-7c64d7a5852a HTTP/1.1" status: 204 len: 168 time: 0.2543204
2026-07-02 11:14:28.333 10 INFO neutron.wsgi [req-8fca2183-78c7-489a-8eb5-ffd410e44362 req-956c1b94-8e50-47ba-9248-6290bacf2f10 c009b804a6574fc1a3e7663aadd95622 a1e5a7691a304189972788d916dfc909 - - 7e6cee0005ce4cdbbd56e806f4693548 7e6cee0005ce4cdbbd56e806f4693548] 10.0.0.229 "GET /v2.0/extensions HTTP/1.1" status: 200 len: 16525 time: 0.0629363
2026-07-02 11:14:28.409 10 INFO neutron.wsgi [req-8fca2183-78c7-489a-8eb5-ffd410e44362 req-c68fb873-3d96-49fa-9a73-cec193a90885 c009b804a6574fc1a3e7663aadd95622 a1e5a7691a304189972788d916dfc909 - - 7e6cee0005ce4cdbbd56e806f4693548 7e6cee0005ce4cdbbd56e806f4693548] 10.0.0.229 "GET /v2.0/networks/e1c359c3-edfb-4009-a488-82b26dd5b96b?fields=segments HTTP/1.1" status: 200 len: 212 time: 0.0650473
2026-07-02 11:14:28.479 10 INFO neutron.wsgi [req-8fca2183-78c7-489a-8eb5-ffd410e44362 req-ac78262e-fd94-4104-91d8-50757b4d9b0c c009b804a6574fc1a3e7663aadd95622 a1e5a7691a304189972788d916dfc909 - - 7e6cee0005ce4cdbbd56e806f4693548 7e6cee0005ce4cdbbd56e806f4693548] 10.0.0.229 "GET /v2.0/networks/e1c359c3-edfb-4009-a488-82b26dd5b96b?fields=provider%3Aphysical_network&fields=provider%3Anetwork_type HTTP/1.1" status: 200 len: 277 time: 0.0624495
2026-07-02 11:14:28.638 10 INFO neutron.wsgi [-] 10.0.0.201 "GET / HTTP/1.1" status: 200 len: 247 time: 0.0046022
2026-07-02 11:14:28.641 10 INFO neutron.wsgi [-] 10.0.0.201 "GET / HTTP/1.1" status: 200 len: 247 time: 0.0022037
2026-07-02 11:14:28.792 9 INFO neutron.wsgi [None req-a0ce370b-3ac1-4f97-b4f0-7a8d352fb236 77240ad744294c35b7ae80100fc78dbe 0a98d02fb3d8404a862651be04768bd5 - - default default] 10.0.0.248 "DELETE /v2.0/routers/9830aac7-dc7c-4105-af80-6a0b276d4640 HTTP/1.1" status: 204 len: 168 time: 0.9245503
2026-07-02 11:14:28.828 10 INFO neutron.wsgi [req-db783869-bd03-415a-8338-7c592c010c49 req-97537ffc-55f4-4588-875c-9a6d8222e11f e2a8277208c24ab6b1f563246d28987b 5c4ba1f4659044139c9b325a6e68d9d1 - - default default] 10.0.0.229 "GET /v2.0/ports?device_id=7f7b4c5b-0bf4-4ede-8a34-daeb873e282c HTTP/1.1" status: 200 len: 210 time: 0.0516269
2026-07-02 11:14:28.889 10 INFO neutron.wsgi [req-7d64ab01-187e-4bc2-8f5a-c7ba79bc1cef req-359ec2d5-9164-491c-be7c-49a485b09395 f05094fd117c4637aaf022bf96c74216 666f39bce2bc4208aa192433aa480e3f - - default default] 10.0.0.229 "GET /v2.0/ports?device_id=36004a3c-a379-45e5-8ad3-e2e0ad0c96d3 HTTP/1.1" status: 200 len: 1168 time: 0.0468404
2026-07-02 11:14:28.935 10 INFO neutron.wsgi [req-7d64ab01-187e-4bc2-8f5a-c7ba79bc1cef req-60fd8d14-cb76-4604-8f57-e289bbfe4932 f05094fd117c4637aaf022bf96c74216 666f39bce2bc4208aa192433aa480e3f - - default default] 10.0.0.229 "GET /v2.0/security-groups?id=304efdb1-6747-4390-aae8-3af19efa23bd&fields=id&fields=name HTTP/1.1" status: 200 len: 313 time: 0.0385077
2026-07-02 11:14:29.150 9 INFO neutron.wsgi [None req-a201cc30-61b3-4757-aab0-788863737787 77240ad744294c35b7ae80100fc78dbe 0a98d02fb3d8404a862651be04768bd5 - - default default] 10.0.0.248 "DELETE /v2.0/networks/b6257254-ea5c-4f24-9391-8f973cd2d886 HTTP/1.1" status: 204 len: 168 time: 0.8192091
2026-07-02 11:14:29.192 9 INFO neutron.wsgi [None req-eeeac6bb-d0aa-45f3-af99-f09db2d9e9f5 77240ad744294c35b7ae80100fc78dbe 0a98d02fb3d8404a862651be04768bd5 - - default default] 10.0.0.248 "DELETE /v2.0/subnets/1ae6a242-8746-46a8-a3b4-774b830060dc HTTP/1.1" status: 204 len: 168 time: 0.3853612
2026-07-02 11:14:29.460 10 INFO neutron.wsgi [None req-ed4ae85f-13b5-4eb9-8d7d-bb9fec6645db 77240ad744294c35b7ae80100fc78dbe 0a98d02fb3d8404a862651be04768bd5 - - default default] 10.0.0.248 "GET /v2.0/security-groups?tenant_id=c58407d481d94f58999bbb32c64efe11&name=default HTTP/1.1" status: 200 len: 2992 time: 0.0541310
2026-07-02 11:14:29.657 9 INFO neutron.services.segments.plugin [-] Segment 6564e4e5-a91e-4c33-9d8e-2f6d41e69401 resource provider aggregate not found
2026-07-02 11:14:29.679 10 INFO neutron.wsgi [None req-4a1d9727-06a6-4675-a0d6-3063f9283e4d 77240ad744294c35b7ae80100fc78dbe 0a98d02fb3d8404a862651be04768bd5 - - default default] 10.0.0.248 "DELETE /v2.0/security-groups/f8b98b4f-29db-4b94-9751-672eb2a21392 HTTP/1.1" status: 204 len: 168 time: 0.2131810
2026-07-02 11:14:29.688 9 INFO neutron.services.segments.plugin [-] Segment 6564e4e5-a91e-4c33-9d8e-2f6d41e69401 resource provider not found; error: Placement Client Error (4xx): {"errors": [{"status": 404, "title": "Not Found", "detail": "The resource could not be found.\n\n No resource provider with uuid 6564e4e5-a91e-4c33-9d8e-2f6d41e69401 found for delete ", "request_id": "req-747c98fc-3337-4250-9db8-b27d6b767efb"}]}
2026-07-02 11:14:29.697 9 INFO neutron.wsgi [None req-dfe16768-5e70-46d7-b51c-71096da280dd 77240ad744294c35b7ae80100fc78dbe 0a98d02fb3d8404a862651be04768bd5 - - default default] 10.0.0.248 "DELETE /v2.0/networks/9991c1bd-7c85-4770-98f7-b2a9eb1c426f HTTP/1.1" status: 204 len: 168 time: 0.4991496
2026-07-02 11:14:29.724 9 INFO neutron.services.segments.plugin [-] Segment 6564e4e5-a91e-4c33-9d8e-2f6d41e69401 resource provider aggregate not found
2026-07-02 11:14:29.745 9 INFO neutron.services.segments.plugin [-] Segment 6564e4e5-a91e-4c33-9d8e-2f6d41e69401 resource provider not found; error: Placement Client Error (4xx): {"errors": [{"status": 404, "title": "Not Found", "detail": "The resource could not be found.\n\n No resource provider with uuid 6564e4e5-a91e-4c33-9d8e-2f6d41e69401 found for delete ", "request_id": "req-00deffb8-888c-467a-8c9a-2a0b782015d4"}]}
2026-07-02 11:14:29.949 10 INFO neutron.wsgi [req-744e9f96-93e2-4210-8360-4f76f22cd912 req-0ae1c02b-e2ee-4a3c-b9ae-4e2e575cce6d e2a8277208c24ab6b1f563246d28987b 5c4ba1f4659044139c9b325a6e68d9d1 - - default default] 10.0.0.229 "GET /v2.0/ports?device_id=7f7b4c5b-0bf4-4ede-8a34-daeb873e282c HTTP/1.1" status: 200 len: 210 time: 0.0291491
2026-07-02 11:14:30.061 10 INFO neutron.wsgi [req-3e826d90-168c-476f-8f5a-5242125a0cda req-aca287f9-ecb5-4395-a403-93597b833300 f05094fd117c4637aaf022bf96c74216 666f39bce2bc4208aa192433aa480e3f - - default default] 10.0.0.229 "GET /v2.0/ports?device_id=36004a3c-a379-45e5-8ad3-e2e0ad0c96d3 HTTP/1.1" status: 200 len: 1168 time: 0.0469813
2026-07-02 11:14:30.097 9 INFO neutron.wsgi [None req-d6c62e40-59e8-411e-8fef-65e44e040f7b 77240ad744294c35b7ae80100fc78dbe 0a98d02fb3d8404a862651be04768bd5 - - default default] 10.0.0.248 "GET /v2.0/security-groups?tenant_id=292bea1140a149458caf7bb93e4da1d8&name=default HTTP/1.1" status: 200 len: 2992 time: 0.0746467
2026-07-02 11:14:30.120 10 INFO neutron.wsgi [req-3e826d90-168c-476f-8f5a-5242125a0cda req-63bc5e27-e3fd-49ae-b2fd-cec3d2e80e37 f05094fd117c4637aaf022bf96c74216 666f39bce2bc4208aa192433aa480e3f - - default default] 10.0.0.229 "GET /v2.0/security-groups?id=304efdb1-6747-4390-aae8-3af19efa23bd&fields=id&fields=name HTTP/1.1" status: 200 len: 313 time: 0.0508103
2026-07-02 11:14:30.133 9 INFO neutron.wsgi [req-8fca2183-78c7-489a-8eb5-ffd410e44362 req-6e76bad3-5263-4800-8c7f-c7fd5d7e48c4 e2a8277208c24ab6b1f563246d28987b 5c4ba1f4659044139c9b325a6e68d9d1 - - default default] 199.19.213.63 "GET /v2.0/networks?id=e1c359c3-edfb-4009-a488-82b26dd5b96b HTTP/1.1" status: 200 len: 878 time: 0.1043065
2026-07-02 11:14:30.266 9 INFO neutron.wsgi [req-8fca2183-78c7-489a-8eb5-ffd410e44362 req-e65f6346-0ffd-4e84-9be2-40be1369d940 e2a8277208c24ab6b1f563246d28987b 5c4ba1f4659044139c9b325a6e68d9d1 - - default default] 199.19.213.63 "GET /v2.0/security-groups?fields=id&fields=name&tenant_id=5c4ba1f4659044139c9b325a6e68d9d1 HTTP/1.1" status: 200 len: 380 time: 0.0629354
2026-07-02 11:14:30.432 9 INFO neutron.wsgi [None req-4d44ca21-8023-4649-858d-e99ee00b9911 77240ad744294c35b7ae80100fc78dbe 0a98d02fb3d8404a862651be04768bd5 - - default default] 10.0.0.248 "DELETE /v2.0/security-groups/f5583af4-5522-403e-9aec-322165422a07 HTTP/1.1" status: 204 len: 168 time: 0.3286550
2026-07-02 11:14:30.652 9 WARNING neutron.scheduler.dhcp_agent_scheduler [req-8fca2183-78c7-489a-8eb5-ffd410e44362 req-5a38aeb5-ee70-495c-9e39-4f2605fedb60 e2a8277208c24ab6b1f563246d28987b 5c4ba1f4659044139c9b325a6e68d9d1 - - default default] No more DHCP agents
2026-07-02 11:14:30.653 9 WARNING neutron.api.rpc.agentnotifiers.dhcp_rpc_agent_api [req-8fca2183-78c7-489a-8eb5-ffd410e44362 req-5a38aeb5-ee70-495c-9e39-4f2605fedb60 e2a8277208c24ab6b1f563246d28987b 5c4ba1f4659044139c9b325a6e68d9d1 - - default default] Unable to schedule network e1c359c3-edfb-4009-a488-82b26dd5b96b: no agents available; will retry on subsequent port and subnet creation events.
2026-07-02 11:14:30.824 9 INFO neutron.db.ovn_revision_numbers_db [req-8fca2183-78c7-489a-8eb5-ffd410e44362 req-5a38aeb5-ee70-495c-9e39-4f2605fedb60 e2a8277208c24ab6b1f563246d28987b 5c4ba1f4659044139c9b325a6e68d9d1 - - default default] Successfully bumped revision number for resource 7ff8ab58-dfcd-4b3b-84e1-3ff1e45898bb (type: ports) to 1
2026-07-02 11:14:30.848 9 INFO neutron.wsgi [req-8fca2183-78c7-489a-8eb5-ffd410e44362 req-5a38aeb5-ee70-495c-9e39-4f2605fedb60 e2a8277208c24ab6b1f563246d28987b 5c4ba1f4659044139c9b325a6e68d9d1 - - default default] 199.19.213.63 "POST /v2.0/ports HTTP/1.1" status: 201 len: 1158 time: 0.5741708 /var/lib/openstack/lib/python3.10/site-packages/pycadf/identifier.py:71: UserWarning: Invalid uuid: neutron. To ensure interoperability, identifiers should be a valid uuid. warnings.warn(('Invalid uuid: %s. To ensure interoperability, '
2026-07-02 11:14:31.240 10 INFO neutron.wsgi [req-0adf5b23-e316-4352-8026-8f0b4e0e3bee req-4bda0dda-42d7-4d62-a65d-875428dae9c2 e2a8277208c24ab6b1f563246d28987b 5c4ba1f4659044139c9b325a6e68d9d1 - - default default] 10.0.0.229 "GET /v2.0/ports?device_id=7f7b4c5b-0bf4-4ede-8a34-daeb873e282c HTTP/1.1" status: 200 len: 1168 time: 0.0681202
2026-07-02 11:14:31.264 10 INFO neutron.wsgi [req-450c20b2-b63e-4966-a8e5-85f491a7fe5f req-bf31ea97-1c82-42d9-ab4f-3f16755d4ba0 f05094fd117c4637aaf022bf96c74216 666f39bce2bc4208aa192433aa480e3f - - default default] 10.0.0.229 "GET /v2.0/ports?device_id=36004a3c-a379-45e5-8ad3-e2e0ad0c96d3 HTTP/1.1" status: 200 len: 1168 time: 0.0552449
2026-07-02 11:14:31.301 10 INFO neutron.wsgi [req-0adf5b23-e316-4352-8026-8f0b4e0e3bee req-545e4896-f848-4594-bce8-3e0a84fc5f57 e2a8277208c24ab6b1f563246d28987b 5c4ba1f4659044139c9b325a6e68d9d1 - - default default] 10.0.0.229 "GET /v2.0/security-groups?id=4861cff8-8e7c-453f-8f8a-d1ec353edd49&fields=id&fields=name HTTP/1.1" status: 200 len: 313 time: 0.0529528
2026-07-02 11:14:31.320 10 INFO neutron.wsgi [req-450c20b2-b63e-4966-a8e5-85f491a7fe5f req-277dd4f8-f761-4ec0-a605-4eb2f8507365 f05094fd117c4637aaf022bf96c74216 666f39bce2bc4208aa192433aa480e3f - - default default] 10.0.0.229 "GET /v2.0/security-groups?id=304efdb1-6747-4390-aae8-3af19efa23bd&fields=id&fields=name HTTP/1.1" status: 200 len: 313 time: 0.0471923
2026-07-02 11:14:31.371 9 INFO neutron.db.ovn_revision_numbers_db [req-8fca2183-78c7-489a-8eb5-ffd410e44362 req-87092f83-8060-446b-9d95-9cab5aba832f c009b804a6574fc1a3e7663aadd95622 a1e5a7691a304189972788d916dfc909 - - 7e6cee0005ce4cdbbd56e806f4693548 7e6cee0005ce4cdbbd56e806f4693548] Successfully bumped revision number for resource 7ff8ab58-dfcd-4b3b-84e1-3ff1e45898bb (type: ports) to 2
2026-07-02 11:14:31.604 9 INFO neutron.db.ovn_revision_numbers_db [req-8fca2183-78c7-489a-8eb5-ffd410e44362 req-87092f83-8060-446b-9d95-9cab5aba832f c009b804a6574fc1a3e7663aadd95622 a1e5a7691a304189972788d916dfc909 - - 7e6cee0005ce4cdbbd56e806f4693548 7e6cee0005ce4cdbbd56e806f4693548] Successfully bumped revision number for resource 7ff8ab58-dfcd-4b3b-84e1-3ff1e45898bb (type: ports) to 2
2026-07-02 11:14:31.625 9 INFO neutron.wsgi [req-8fca2183-78c7-489a-8eb5-ffd410e44362 req-87092f83-8060-446b-9d95-9cab5aba832f c009b804a6574fc1a3e7663aadd95622 a1e5a7691a304189972788d916dfc909 - - 7e6cee0005ce4cdbbd56e806f4693548 7e6cee0005ce4cdbbd56e806f4693548] 199.19.213.63 "PUT /v2.0/ports/7ff8ab58-dfcd-4b3b-84e1-3ff1e45898bb HTTP/1.1" status: 200 len: 1376 time: 0.7604194 /var/lib/openstack/lib/python3.10/site-packages/pycadf/identifier.py:71: UserWarning: Invalid uuid: neutron. To ensure interoperability, identifiers should be a valid uuid. warnings.warn(('Invalid uuid: %s. To ensure interoperability, '
2026-07-02 11:14:31.688 9 INFO neutron.notifiers.nova [-] Nova event matching ['req-44d8a7ba-e4da-4c2d-ad84-e00d41475594'] response: {'name': 'network-changed', 'server_uuid': '7f7b4c5b-0bf4-4ede-8a34-daeb873e282c', 'tag': '7ff8ab58-dfcd-4b3b-84e1-3ff1e45898bb', 'status': 'completed', 'code': 200}
2026-07-02 11:14:31.705 10 WARNING neutron.plugins.ml2.drivers.ovn.mech_driver.ovsdb.ovn_client [None req-763d87c8-6bdf-4eba-92f2-49be3e009292 - - - - - -] No port found with ID a0242d72-86c7-422c-a932-121a22d16aeb: RuntimeError: No port found with ID a0242d72-86c7-422c-a932-121a22d16aeb
2026-07-02 11:14:31.706 10 INFO neutron.plugins.ml2.drivers.ovn.mech_driver.mech_driver [None req-763d87c8-6bdf-4eba-92f2-49be3e009292 - - - - - -] OVN reports status up for port: 008ff7a7-3f05-4306-9bb9-ac55aa79eaa1
2026-07-02 11:14:31.707 9 INFO neutron.wsgi [req-8fca2183-78c7-489a-8eb5-ffd410e44362 req-0f1f963f-4426-4052-ace3-16277d2a55f4 c009b804a6574fc1a3e7663aadd95622 a1e5a7691a304189972788d916dfc909 - - 7e6cee0005ce4cdbbd56e806f4693548 7e6cee0005ce4cdbbd56e806f4693548] 199.19.213.63 "GET /v2.0/ports?tenant_id=5c4ba1f4659044139c9b325a6e68d9d1&device_id=7f7b4c5b-0bf4-4ede-8a34-daeb873e282c HTTP/1.1" status: 200 len: 1407 time: 0.0441923
2026-07-02 11:14:31.708 9 INFO neutron.services.segments.plugin [-] Segment 437b3b28-6c79-47c4-bc79-b9f2faa62293 resource provider aggregate not found
2026-07-02 11:14:31.717 10 INFO neutron.plugins.ml2.plugin [None req-763d87c8-6bdf-4eba-92f2-49be3e009292 - - - - - -] Attempt 1 to provision port 008ff7a7-3f05-4306-9bb9-ac55aa79eaa1
2026-07-02 11:14:31.737 9 INFO neutron.services.segments.plugin [-] Segment 437b3b28-6c79-47c4-bc79-b9f2faa62293 resource provider not found; error: Placement Client Error (4xx): {"errors": [{"status": 404, "title": "Not Found", "detail": "The resource could not be found.\n\n No resource provider with uuid 437b3b28-6c79-47c4-bc79-b9f2faa62293 found for delete ", "request_id": "req-4dbdd54c-1cb1-4494-ae33-65c7962eb969"}]}
2026-07-02 11:14:31.741 9 INFO neutron.wsgi [req-8fca2183-78c7-489a-8eb5-ffd410e44362 req-79311e31-55f3-4d1c-9601-91c3b5a07297 c009b804a6574fc1a3e7663aadd95622 a1e5a7691a304189972788d916dfc909 - - 7e6cee0005ce4cdbbd56e806f4693548 7e6cee0005ce4cdbbd56e806f4693548] 199.19.213.63 "GET /v2.0/floatingips?fixed_ip_address=10.100.0.7&port_id=7ff8ab58-dfcd-4b3b-84e1-3ff1e45898bb HTTP/1.1" status: 200 len: 217 time: 0.0266123
2026-07-02 11:14:31.781 9 INFO neutron.services.segments.plugin [-] Segment 437b3b28-6c79-47c4-bc79-b9f2faa62293 resource provider aggregate not found
2026-07-02 11:14:31.799 9 INFO neutron.wsgi [req-8fca2183-78c7-489a-8eb5-ffd410e44362 req-f0a4f36e-8bda-4dd7-b982-f3000b88c54d c009b804a6574fc1a3e7663aadd95622 a1e5a7691a304189972788d916dfc909 - - 7e6cee0005ce4cdbbd56e806f4693548 7e6cee0005ce4cdbbd56e806f4693548] 199.19.213.63 "GET /v2.0/subnets?id=2da9cd48-b272-4216-abfe-2d04f542b0a7 HTTP/1.1" status: 200 len: 872 time: 0.0428848
2026-07-02 11:14:31.817 9 INFO neutron.services.segments.plugin [-] Segment 437b3b28-6c79-47c4-bc79-b9f2faa62293 resource provider not found; error: Placement Client Error (4xx): {"errors": [{"status": 404, "title": "Not Found", "detail": "The resource could not be found.\n\n No resource provider with uuid 437b3b28-6c79-47c4-bc79-b9f2faa62293 found for delete ", "request_id": "req-e1ee6e14-4465-4d62-984e-c852ed83feff"}]}
2026-07-02 11:14:31.828 9 INFO neutron.wsgi [req-8fca2183-78c7-489a-8eb5-ffd410e44362 req-37722c7c-514c-4dd8-9fc5-dfa16cc83894 c009b804a6574fc1a3e7663aadd95622 a1e5a7691a304189972788d916dfc909 - - 7e6cee0005ce4cdbbd56e806f4693548 7e6cee0005ce4cdbbd56e806f4693548] 199.19.213.63 "GET /v2.0/ports?network_id=e1c359c3-edfb-4009-a488-82b26dd5b96b&device_owner=network%3Adhcp HTTP/1.1" status: 200 len: 210 time: 0.0225224
2026-07-02 11:14:31.905 9 INFO neutron.wsgi [req-8fca2183-78c7-489a-8eb5-ffd410e44362 req-739d6a55-3c42-45c8-b6b5-02e9734b9383 c009b804a6574fc1a3e7663aadd95622 a1e5a7691a304189972788d916dfc909 - - 7e6cee0005ce4cdbbd56e806f4693548 7e6cee0005ce4cdbbd56e806f4693548] 199.19.213.63 "GET /v2.0/networks/e1c359c3-edfb-4009-a488-82b26dd5b96b?fields=segments HTTP/1.1" status: 200 len: 212 time: 0.0707083
2026-07-02 11:14:31.978 9 INFO neutron.wsgi [req-8fca2183-78c7-489a-8eb5-ffd410e44362 req-adc862d1-ef9f-4067-a0a7-ca9eaaf787e2 c009b804a6574fc1a3e7663aadd95622 a1e5a7691a304189972788d916dfc909 - - 7e6cee0005ce4cdbbd56e806f4693548 7e6cee0005ce4cdbbd56e806f4693548] 199.19.213.63 "GET /v2.0/networks/e1c359c3-edfb-4009-a488-82b26dd5b96b?fields=provider%3Aphysical_network&fields=provider%3Anetwork_type HTTP/1.1" status: 200 len: 277 time: 0.0681243
2026-07-02 11:14:32.055 9 INFO neutron.wsgi [req-72d02554-1e24-4d57-988d-96e9005ce2f9 req-0463e667-f1ca-4f3f-876a-5d525c7fe4ed c009b804a6574fc1a3e7663aadd95622 a1e5a7691a304189972788d916dfc909 - - 7e6cee0005ce4cdbbd56e806f4693548 7e6cee0005ce4cdbbd56e806f4693548] 199.19.213.63 "GET /v2.0/ports?tenant_id=5c4ba1f4659044139c9b325a6e68d9d1&device_id=7f7b4c5b-0bf4-4ede-8a34-daeb873e282c HTTP/1.1" status: 200 len: 1407 time: 0.0360255
2026-07-02 11:14:32.081 10 INFO neutron.db.ovn_revision_numbers_db [None req-b683a8a9-fd02-4860-87fd-1e37bc434142 77240ad744294c35b7ae80100fc78dbe 0a98d02fb3d8404a862651be04768bd5 - - default default] Successfully bumped revision number for resource cc8dc239-fac5-400b-aacf-19d5a5ce9ff9 (type: security_groups) to 1
2026-07-02 11:14:32.109 10 INFO neutron.db.ovn_revision_numbers_db [None req-b683a8a9-fd02-4860-87fd-1e37bc434142 77240ad744294c35b7ae80100fc78dbe 0a98d02fb3d8404a862651be04768bd5 - - default default] Successfully bumped revision number for resource 38fb105e-51bb-4484-b863-c870532feebf (type: security_group_rules) to 0
2026-07-02 11:14:32.148 10 INFO neutron.db.ovn_revision_numbers_db [None req-b683a8a9-fd02-4860-87fd-1e37bc434142 77240ad744294c35b7ae80100fc78dbe 0a98d02fb3d8404a862651be04768bd5 - - default default] Successfully bumped revision number for resource 3a5eb373-827e-43a3-b4af-fdf059f20052 (type: security_group_rules) to 0
2026-07-02 11:14:32.149 9 INFO neutron.wsgi [req-72d02554-1e24-4d57-988d-96e9005ce2f9 req-30273c51-471c-4c86-a7ba-f9225803e573 c009b804a6574fc1a3e7663aadd95622 a1e5a7691a304189972788d916dfc909 - - 7e6cee0005ce4cdbbd56e806f4693548 7e6cee0005ce4cdbbd56e806f4693548] 199.19.213.63 "GET /v2.0/networks?id=e1c359c3-edfb-4009-a488-82b26dd5b96b HTTP/1.1" status: 200 len: 977 time: 0.0880957
2026-07-02 11:14:32.160 10 INFO neutron.db.ovn_revision_numbers_db [None req-763d87c8-6bdf-4eba-92f2-49be3e009292 - - - - - -] Successfully bumped revision number for resource 008ff7a7-3f05-4306-9bb9-ac55aa79eaa1 (type: ports) to 4
2026-07-02 11:14:32.167 10 INFO neutron.db.ovn_revision_numbers_db [None req-b683a8a9-fd02-4860-87fd-1e37bc434142 77240ad744294c35b7ae80100fc78dbe 0a98d02fb3d8404a862651be04768bd5 - - default default] Successfully bumped revision number for resource 514ba06e-5df2-44b6-80fa-761fac3eef3f (type: security_group_rules) to 0
2026-07-02 11:14:32.183 9 INFO neutron.wsgi [req-72d02554-1e24-4d57-988d-96e9005ce2f9 req-0286e5d8-95af-40f8-b9e9-7f86036e95db c009b804a6574fc1a3e7663aadd95622 a1e5a7691a304189972788d916dfc909 - - 7e6cee0005ce4cdbbd56e806f4693548 7e6cee0005ce4cdbbd56e806f4693548] 199.19.213.63 "GET /v2.0/floatingips?fixed_ip_address=10.100.0.7&port_id=7ff8ab58-dfcd-4b3b-84e1-3ff1e45898bb HTTP/1.1" status: 200 len: 217 time: 0.0284660
2026-07-02 11:14:32.223 10 INFO neutron.db.ovn_revision_numbers_db [None req-b683a8a9-fd02-4860-87fd-1e37bc434142 77240ad744294c35b7ae80100fc78dbe 0a98d02fb3d8404a862651be04768bd5 - - default default] Successfully bumped revision number for resource c49c75a1-3c54-4aed-93f9-527d83b72139 (type: security_group_rules) to 0
2026-07-02 11:14:32.244 9 INFO neutron.wsgi [req-72d02554-1e24-4d57-988d-96e9005ce2f9 req-2ff11a12-41d3-4b10-9ccb-8d09ee0c6e87 c009b804a6574fc1a3e7663aadd95622 a1e5a7691a304189972788d916dfc909 - - 7e6cee0005ce4cdbbd56e806f4693548 7e6cee0005ce4cdbbd56e806f4693548] 199.19.213.63 "GET /v2.0/subnets?id=2da9cd48-b272-4216-abfe-2d04f542b0a7 HTTP/1.1" status: 200 len: 872 time: 0.0401645
2026-07-02 11:14:32.270 9 INFO neutron.wsgi [req-72d02554-1e24-4d57-988d-96e9005ce2f9 req-bea0341e-1c16-4f70-a91f-ba8a8532fd94 c009b804a6574fc1a3e7663aadd95622 a1e5a7691a304189972788d916dfc909 - - 7e6cee0005ce4cdbbd56e806f4693548 7e6cee0005ce4cdbbd56e806f4693548] 199.19.213.63 "GET /v2.0/ports?network_id=e1c359c3-edfb-4009-a488-82b26dd5b96b&device_owner=network%3Adhcp HTTP/1.1" status: 200 len: 210 time: 0.0214407
2026-07-02 11:14:32.313 10 INFO neutron.db.segments_db [None req-b683a8a9-fd02-4860-87fd-1e37bc434142 77240ad744294c35b7ae80100fc78dbe 0a98d02fb3d8404a862651be04768bd5 - - default default] Added segment 52a453f7-762d-42f5-bedd-1a5f6d57a1f1 of type geneve for network 503b548c-2ae7-4b5d-a8fd-94dad28f42b5 /var/lib/openstack/lib/python3.10/site-packages/pycadf/identifier.py:71: UserWarning: Invalid uuid: neutron. To ensure interoperability, identifiers should be a valid uuid. warnings.warn(('Invalid uuid: %s. To ensure interoperability, '
2026-07-02 11:14:32.434 10 INFO neutron.wsgi [req-a799d052-333c-4d65-8abb-f2e489584b78 req-6881f186-0d0c-48d8-907c-16b500f91573 e2a8277208c24ab6b1f563246d28987b 5c4ba1f4659044139c9b325a6e68d9d1 - - default default] 10.0.0.229 "GET /v2.0/ports?device_id=7f7b4c5b-0bf4-4ede-8a34-daeb873e282c HTTP/1.1" status: 200 len: 1168 time: 0.0524592
2026-07-02 11:14:32.480 9 INFO neutron.wsgi [req-72d02554-1e24-4d57-988d-96e9005ce2f9 req-9eb0d707-af4b-406a-85c2-9fb74e690260 c009b804a6574fc1a3e7663aadd95622 a1e5a7691a304189972788d916dfc909 - - 7e6cee0005ce4cdbbd56e806f4693548 7e6cee0005ce4cdbbd56e806f4693548] 199.19.213.63 "GET /v2.0/networks/e1c359c3-edfb-4009-a488-82b26dd5b96b?fields=segments HTTP/1.1" status: 200 len: 212 time: 0.2042451
2026-07-02 11:14:32.500 10 INFO neutron.notifiers.nova [-] Nova event matching ['req-bee268b7-44d3-4822-9d8a-2295698cc67f'] response: {'server_uuid': '36004a3c-a379-45e5-8ad3-e2e0ad0c96d3', 'name': 'network-vif-plugged', 'status': 'completed', 'tag': '008ff7a7-3f05-4306-9bb9-ac55aa79eaa1', 'code': 200}
2026-07-02 11:14:32.542 10 INFO neutron.wsgi [req-a799d052-333c-4d65-8abb-f2e489584b78 req-57e59c5b-40fa-406c-a916-26097ced538e e2a8277208c24ab6b1f563246d28987b 5c4ba1f4659044139c9b325a6e68d9d1 - - default default] 10.0.0.229 "GET /v2.0/security-groups?id=4861cff8-8e7c-453f-8f8a-d1ec353edd49&fields=id&fields=name HTTP/1.1" status: 200 len: 313 time: 0.0941255
2026-07-02 11:14:32.547 10 INFO neutron.db.ovn_revision_numbers_db [None req-b683a8a9-fd02-4860-87fd-1e37bc434142 77240ad744294c35b7ae80100fc78dbe 0a98d02fb3d8404a862651be04768bd5 - - default default] Successfully bumped revision number for resource 503b548c-2ae7-4b5d-a8fd-94dad28f42b5 (type: networks) to 1
2026-07-02 11:14:32.552 9 INFO neutron.wsgi [req-72d02554-1e24-4d57-988d-96e9005ce2f9 req-d7da6407-0b16-4f89-a38b-d184bde3c44a c009b804a6574fc1a3e7663aadd95622 a1e5a7691a304189972788d916dfc909 - - 7e6cee0005ce4cdbbd56e806f4693548 7e6cee0005ce4cdbbd56e806f4693548] 199.19.213.63 "GET /v2.0/networks/e1c359c3-edfb-4009-a488-82b26dd5b96b?fields=provider%3Aphysical_network&fields=provider%3Anetwork_type HTTP/1.1" status: 200 len: 277 time: 0.0672638
2026-07-02 11:14:32.712 10 INFO neutron.wsgi [req-a2a86537-4fca-49d4-9de5-b2fa1db235ac req-5b4f20cb-2db5-4016-9213-6cf85e92c83d f05094fd117c4637aaf022bf96c74216 666f39bce2bc4208aa192433aa480e3f - - default default] 10.0.0.229 "GET /v2.0/ports?device_id=36004a3c-a379-45e5-8ad3-e2e0ad0c96d3 HTTP/1.1" status: 200 len: 1170 time: 0.1204517
2026-07-02 11:14:32.749 9 WARNING neutron.plugins.ml2.drivers.ovn.mech_driver.ovsdb.ovn_client [None req-b582701f-b510-457f-adbc-1e1007217209 - - - - - -] No hosting information found for port bdfa6b50-7421-4829-88a5-50985f0fa2a8: RuntimeError: No hosting information found for port bdfa6b50-7421-4829-88a5-50985f0fa2a8
2026-07-02 11:14:32.749 9 INFO neutron.plugins.ml2.drivers.ovn.mech_driver.mech_driver [None req-b582701f-b510-457f-adbc-1e1007217209 - - - - - -] OVN reports status up for port: 5a80c775-9052-41e2-a0df-5e4fda1f2e79
2026-07-02 11:14:32.782 10 WARNING neutron.scheduler.dhcp_agent_scheduler [None req-b683a8a9-fd02-4860-87fd-1e37bc434142 77240ad744294c35b7ae80100fc78dbe 0a98d02fb3d8404a862651be04768bd5 - - default default] No more DHCP agents
2026-07-02 11:14:32.787 10 WARNING neutron.api.rpc.agentnotifiers.dhcp_rpc_agent_api [None req-b683a8a9-fd02-4860-87fd-1e37bc434142 77240ad744294c35b7ae80100fc78dbe 0a98d02fb3d8404a862651be04768bd5 - - default default] Unable to schedule network 503b548c-2ae7-4b5d-a8fd-94dad28f42b5: no agents available; will retry on subsequent port and subnet creation events.
2026-07-02 11:14:32.799 10 INFO neutron.wsgi [req-a2a86537-4fca-49d4-9de5-b2fa1db235ac req-57d6db56-9edc-4a7d-a6ea-947f31fec10d f05094fd117c4637aaf022bf96c74216 666f39bce2bc4208aa192433aa480e3f - - default default] 10.0.0.229 "GET /v2.0/security-groups?id=304efdb1-6747-4390-aae8-3af19efa23bd&fields=id&fields=name HTTP/1.1" status: 200 len: 313 time: 0.0763092
2026-07-02 11:14:32.873 10 INFO neutron.db.ovn_revision_numbers_db [None req-b683a8a9-fd02-4860-87fd-1e37bc434142 77240ad744294c35b7ae80100fc78dbe 0a98d02fb3d8404a862651be04768bd5 - - default default] Successfully bumped revision number for resource 52986001-b596-47e7-be1c-59b8e681c603 (type: ports) to 1
2026-07-02 11:14:32.893 10 INFO neutron.wsgi [None req-b683a8a9-fd02-4860-87fd-1e37bc434142 77240ad744294c35b7ae80100fc78dbe 0a98d02fb3d8404a862651be04768bd5 - - default default] 10.0.0.248 "POST /v2.0/networks HTTP/1.1" status: 201 len: 939 time: 1.2148757
2026-07-02 11:14:33.290 10 WARNING neutron.scheduler.dhcp_agent_scheduler [None req-801cf3c2-a7cb-4aa2-9131-1bb399df271f 77240ad744294c35b7ae80100fc78dbe 0a98d02fb3d8404a862651be04768bd5 - - default default] No more DHCP agents
