2026-07-02 11:17:46.034 10 INFO neutron.db.ovn_revision_numbers_db [None req-7e66aefc-3830-4a4f-85a4-b5e23e86c6b6 77240ad744294c35b7ae80100fc78dbe 0a98d02fb3d8404a862651be04768bd5 - - default default] Successfully bumped revision number for resource 9681b6e1-ea87-4737-85ac-2ab52f8aebf4 (type: security_group_rules) to 0
2026-07-02 11:17:46.055 10 INFO neutron.db.ovn_revision_numbers_db [None req-7e66aefc-3830-4a4f-85a4-b5e23e86c6b6 77240ad744294c35b7ae80100fc78dbe 0a98d02fb3d8404a862651be04768bd5 - - default default] Successfully bumped revision number for resource 994f4623-df04-4593-830d-c4cd1d047f4a (type: security_group_rules) to 0
2026-07-02 11:17:46.096 9 INFO neutron.wsgi [None req-d5d787bb-c22d-4707-b0c3-7200ed6b6fc7 029faaad4e6f4448afcca8aab304e0e0 95a53fd49c954306aa9aa839e2771945 - - default default] 10.0.0.248 "DELETE /v2.0/networks/e209154b-2436-40e6-896f-eebea14d9c3d HTTP/1.1" status: 204 len: 168 time: 0.5202765
2026-07-02 11:17:46.097 10 INFO neutron.wsgi [None req-7e66aefc-3830-4a4f-85a4-b5e23e86c6b6 77240ad744294c35b7ae80100fc78dbe 0a98d02fb3d8404a862651be04768bd5 - - default default] 10.0.0.248 "GET /v2.0/security-groups?tenant_id=dc0e8d936ec64743816da99228b28317&name=default HTTP/1.1" status: 200 len: 2996 time: 0.3144274
2026-07-02 11:17:46.369 9 INFO neutron.wsgi [None req-cf13d26b-2913-47aa-84a7-503abb83b96d 77240ad744294c35b7ae80100fc78dbe 0a98d02fb3d8404a862651be04768bd5 - - default default] 10.0.0.248 "DELETE /v2.0/security-groups/00b7ce7a-4eb3-403f-9340-ab7e9864cb42 HTTP/1.1" status: 204 len: 168 time: 0.2654006
2026-07-02 11:17:46.530 10 INFO neutron.wsgi [None req-4f8f2c97-1443-40e3-a56d-0914f591df85 029faaad4e6f4448afcca8aab304e0e0 95a53fd49c954306aa9aa839e2771945 - - default default] 10.0.0.248 "DELETE /v2.0/networks/d6f0dcf6-abad-4473-9e3b-5e34e2c74ad7 HTTP/1.1" status: 204 len: 168 time: 0.4267278
2026-07-02 11:17:47.032 9 INFO neutron.services.segments.plugin [-] Segment 8d3593ee-7588-45ff-ba71-4bce0b53705c resource provider aggregate not found
2026-07-02 11:17:47.038 9 INFO neutron.services.segments.plugin [-] Segment 8d3593ee-7588-45ff-ba71-4bce0b53705c resource provider aggregate not found
2026-07-02 11:17:47.052 9 INFO neutron.wsgi [None req-88005f0c-913c-4198-8921-01b6e9e339a9 029faaad4e6f4448afcca8aab304e0e0 95a53fd49c954306aa9aa839e2771945 - - default default] 10.0.0.248 "DELETE /v2.0/networks/94b03dd2-7a18-432a-9646-8b842c060658 HTTP/1.1" status: 204 len: 168 time: 0.5147283
2026-07-02 11:17:47.058 9 INFO neutron.services.segments.plugin [-] Segment 8d3593ee-7588-45ff-ba71-4bce0b53705c resource provider not found; error: Placement Client Error (4xx): {"errors": [{"status": 404, "title": "Not Found", "detail": "The resource could not be found.\n\n No resource provider with uuid 8d3593ee-7588-45ff-ba71-4bce0b53705c found for delete ", "request_id": "req-0871525d-3353-4e85-aa90-fef4acc4d2ac"}]}
2026-07-02 11:17:47.063 9 INFO neutron.services.segments.plugin [-] Segment 8d3593ee-7588-45ff-ba71-4bce0b53705c resource provider not found; error: Placement Client Error (4xx): {"errors": [{"status": 404, "title": "Not Found", "detail": "The resource could not be found.\n\n No resource provider with uuid 8d3593ee-7588-45ff-ba71-4bce0b53705c found for delete ", "request_id": "req-32fb5f65-b28f-4bff-a179-e3a39b0a21a1"}]}
2026-07-02 11:17:47.080 9 INFO neutron.services.segments.plugin [-] Segment 42fe7813-7307-4a99-a61d-be4ce60f34fb resource provider aggregate not found
2026-07-02 11:17:47.089 9 INFO neutron.services.segments.plugin [-] Segment 42fe7813-7307-4a99-a61d-be4ce60f34fb resource provider aggregate not found
2026-07-02 11:17:47.109 9 INFO neutron.services.segments.plugin [-] Segment 42fe7813-7307-4a99-a61d-be4ce60f34fb resource provider not found; error: Placement Client Error (4xx): {"errors": [{"status": 404, "title": "Not Found", "detail": "The resource could not be found.\n\n No resource provider with uuid 42fe7813-7307-4a99-a61d-be4ce60f34fb found for delete ", "request_id": "req-a4fa519f-4fa9-4540-a959-77d35fea6e84"}]}
2026-07-02 11:17:47.112 9 INFO neutron.services.segments.plugin [-] Segment 42fe7813-7307-4a99-a61d-be4ce60f34fb resource provider not found; error: Placement Client Error (4xx): {"errors": [{"status": 404, "title": "Not Found", "detail": "The resource could not be found.\n\n No resource provider with uuid 42fe7813-7307-4a99-a61d-be4ce60f34fb found for delete ", "request_id": "req-833dbc64-d399-4e44-9a82-68eb5292dce9"}]}
2026-07-02 11:17:47.570 10 INFO neutron.services.segments.plugin [-] Segment 6c4b3f62-2d3a-4238-a65e-cdfb60303db7 resource provider aggregate not found
2026-07-02 11:17:47.583 10 INFO neutron.services.segments.plugin [-] Segment 6c4b3f62-2d3a-4238-a65e-cdfb60303db7 resource provider aggregate not found
2026-07-02 11:17:47.603 10 INFO neutron.services.segments.plugin [-] Segment 6c4b3f62-2d3a-4238-a65e-cdfb60303db7 resource provider not found; error: Placement Client Error (4xx): {"errors": [{"status": 404, "title": "Not Found", "detail": "The resource could not be found.\n\n No resource provider with uuid 6c4b3f62-2d3a-4238-a65e-cdfb60303db7 found for delete ", "request_id": "req-d5f8860a-7a24-460a-9105-9eccb49315ad"}]}
2026-07-02 11:17:47.610 10 INFO neutron.services.segments.plugin [-] Segment 6c4b3f62-2d3a-4238-a65e-cdfb60303db7 resource provider not found; error: Placement Client Error (4xx): {"errors": [{"status": 404, "title": "Not Found", "detail": "The resource could not be found.\n\n No resource provider with uuid 6c4b3f62-2d3a-4238-a65e-cdfb60303db7 found for delete ", "request_id": "req-09a6c448-affe-478b-91a6-2925b010a1b3"}]}
2026-07-02 11:17:48.312 9 INFO neutron.db.ovn_revision_numbers_db [None req-1b008600-d124-4f5e-81e4-93f83883737e 77240ad744294c35b7ae80100fc78dbe 0a98d02fb3d8404a862651be04768bd5 - - default default] Successfully bumped revision number for resource e1aeef97-8c13-44c2-8862-fb64f604a7e4 (type: security_groups) to 1
2026-07-02 11:17:48.334 9 INFO neutron.db.ovn_revision_numbers_db [None req-1b008600-d124-4f5e-81e4-93f83883737e 77240ad744294c35b7ae80100fc78dbe 0a98d02fb3d8404a862651be04768bd5 - - default default] Successfully bumped revision number for resource 036c99c1-3dd1-493d-b1db-9728bee7a08a (type: security_group_rules) to 0
2026-07-02 11:17:48.370 9 INFO neutron.db.ovn_revision_numbers_db [None req-1b008600-d124-4f5e-81e4-93f83883737e 77240ad744294c35b7ae80100fc78dbe 0a98d02fb3d8404a862651be04768bd5 - - default default] Successfully bumped revision number for resource 2371dc74-b636-414d-9829-fd98cdf92580 (type: security_group_rules) to 0
2026-07-02 11:17:48.390 9 INFO neutron.db.ovn_revision_numbers_db [None req-1b008600-d124-4f5e-81e4-93f83883737e 77240ad744294c35b7ae80100fc78dbe 0a98d02fb3d8404a862651be04768bd5 - - default default] Successfully bumped revision number for resource c5bf1ed0-8598-413c-b83f-f4281c13e2f5 (type: security_group_rules) to 0
2026-07-02 11:17:48.405 9 INFO neutron.db.ovn_revision_numbers_db [None req-1b008600-d124-4f5e-81e4-93f83883737e 77240ad744294c35b7ae80100fc78dbe 0a98d02fb3d8404a862651be04768bd5 - - default default] Successfully bumped revision number for resource f9f15f7d-2ccf-4e47-9091-95e8a3d6ee49 (type: security_group_rules) to 0
2026-07-02 11:17:48.431 9 INFO neutron.wsgi [None req-1b008600-d124-4f5e-81e4-93f83883737e 77240ad744294c35b7ae80100fc78dbe 0a98d02fb3d8404a862651be04768bd5 - - default default] 10.0.0.248 "GET /v2.0/security-groups?tenant_id=e5631791acb743f4a4bb5e269ae2e83b&name=default HTTP/1.1" status: 200 len: 2996 time: 0.4577653
2026-07-02 11:17:48.606 10 INFO neutron.db.ovn_revision_numbers_db [None req-93b193d8-403a-4839-b6af-57cb2f1cfd56 77240ad744294c35b7ae80100fc78dbe 0a98d02fb3d8404a862651be04768bd5 - - default default] Successfully bumped revision number for resource 713257bf-432b-481a-a895-140897c6f9be (type: security_groups) to 1
2026-07-02 11:17:48.620 10 INFO neutron.db.ovn_revision_numbers_db [None req-93b193d8-403a-4839-b6af-57cb2f1cfd56 77240ad744294c35b7ae80100fc78dbe 0a98d02fb3d8404a862651be04768bd5 - - default default] Successfully bumped revision number for resource 347433e7-009c-4534-8265-77254c2eedcd (type: security_group_rules) to 0
2026-07-02 11:17:48.644 10 INFO neutron.db.ovn_revision_numbers_db [None req-93b193d8-403a-4839-b6af-57cb2f1cfd56 77240ad744294c35b7ae80100fc78dbe 0a98d02fb3d8404a862651be04768bd5 - - default default] Successfully bumped revision number for resource 40bdbe4a-9770-48de-9cc1-2eb389c398ad (type: security_group_rules) to 0
2026-07-02 11:17:48.664 10 INFO neutron.db.ovn_revision_numbers_db [None req-93b193d8-403a-4839-b6af-57cb2f1cfd56 77240ad744294c35b7ae80100fc78dbe 0a98d02fb3d8404a862651be04768bd5 - - default default] Successfully bumped revision number for resource 66f899b2-dc00-40e6-98f1-41dcff2c7760 (type: security_group_rules) to 0
2026-07-02 11:17:48.682 10 INFO neutron.db.ovn_revision_numbers_db [None req-93b193d8-403a-4839-b6af-57cb2f1cfd56 77240ad744294c35b7ae80100fc78dbe 0a98d02fb3d8404a862651be04768bd5 - - default default] Successfully bumped revision number for resource c37b8a85-165e-4e37-9a0b-fb62497c5156 (type: security_group_rules) to 0
2026-07-02 11:17:48.707 10 INFO neutron.wsgi [None req-93b193d8-403a-4839-b6af-57cb2f1cfd56 77240ad744294c35b7ae80100fc78dbe 0a98d02fb3d8404a862651be04768bd5 - - default default] 10.0.0.248 "GET /v2.0/security-groups?tenant_id=6dbad02e83b4418fb72d2495b35ccaf0&name=default HTTP/1.1" status: 200 len: 2996 time: 0.4600515
2026-07-02 11:17:48.774 10 INFO neutron.wsgi [None req-925b77fb-ff57-458e-8f81-eb8718924f8b 77240ad744294c35b7ae80100fc78dbe 0a98d02fb3d8404a862651be04768bd5 - - default default] 10.0.0.248 "DELETE /v2.0/security-groups/e1aeef97-8c13-44c2-8862-fb64f604a7e4 HTTP/1.1" status: 204 len: 168 time: 0.3324218
2026-07-02 11:17:48.907 9 INFO neutron.db.ovn_revision_numbers_db [None req-cd3bbce4-47f0-46cc-b830-63f88845d21b d587ef2538c442c585c8ec3300f93239 769fb2c7499344b3a1976d963dfd610c - - default default] Successfully bumped revision number for resource d78ed25a-b85e-4179-befe-1f2976bf6f3c (type: security_groups) to 1
2026-07-02 11:17:48.923 9 INFO neutron.db.ovn_revision_numbers_db [None req-cd3bbce4-47f0-46cc-b830-63f88845d21b d587ef2538c442c585c8ec3300f93239 769fb2c7499344b3a1976d963dfd610c - - default default] Successfully bumped revision number for resource 2a9578d9-ed13-46ce-8e87-0cdccef659f0 (type: security_group_rules) to 0
2026-07-02 11:17:48.934 9 INFO neutron.db.ovn_revision_numbers_db [None req-cd3bbce4-47f0-46cc-b830-63f88845d21b d587ef2538c442c585c8ec3300f93239 769fb2c7499344b3a1976d963dfd610c - - default default] Successfully bumped revision number for resource 37626b5a-4e36-49f8-bf54-043ac093b22e (type: security_group_rules) to 0
2026-07-02 11:17:48.949 9 INFO neutron.db.ovn_revision_numbers_db [None req-cd3bbce4-47f0-46cc-b830-63f88845d21b d587ef2538c442c585c8ec3300f93239 769fb2c7499344b3a1976d963dfd610c - - default default] Successfully bumped revision number for resource 7c3f6a08-a2cb-4c98-aa90-fa274b60cd30 (type: security_group_rules) to 0
2026-07-02 11:17:48.968 9 INFO neutron.db.ovn_revision_numbers_db [None req-cd3bbce4-47f0-46cc-b830-63f88845d21b d587ef2538c442c585c8ec3300f93239 769fb2c7499344b3a1976d963dfd610c - - default default] Successfully bumped revision number for resource a1215b84-64cf-41b2-861c-6d92dd56a373 (type: security_group_rules) to 0
2026-07-02 11:17:48.986 10 INFO neutron.db.ovn_revision_numbers_db [None req-e669c6bb-b910-4c00-9cab-ca7d74e1ae1f 77240ad744294c35b7ae80100fc78dbe 0a98d02fb3d8404a862651be04768bd5 - - default default] Successfully bumped revision number for resource 15dca8cb-382c-409b-8ecb-8a46d4e9162f (type: security_groups) to 1
2026-07-02 11:17:48.993 9 INFO neutron.wsgi [None req-4df9461a-2e43-4fec-9e24-81bbf060d102 77240ad744294c35b7ae80100fc78dbe 0a98d02fb3d8404a862651be04768bd5 - - default default] 10.0.0.248 "DELETE /v2.0/security-groups/713257bf-432b-481a-a895-140897c6f9be HTTP/1.1" status: 204 len: 168 time: 0.2812707
2026-07-02 11:17:49.012 10 INFO neutron.db.ovn_revision_numbers_db [None req-e669c6bb-b910-4c00-9cab-ca7d74e1ae1f 77240ad744294c35b7ae80100fc78dbe 0a98d02fb3d8404a862651be04768bd5 - - default default] Successfully bumped revision number for resource 08636d3e-963b-4e51-a278-7e2fb3d71677 (type: security_group_rules) to 0
2026-07-02 11:17:49.022 9 INFO neutron.db.segments_db [None req-cd3bbce4-47f0-46cc-b830-63f88845d21b d587ef2538c442c585c8ec3300f93239 769fb2c7499344b3a1976d963dfd610c - - default default] Added segment 447a8cbd-f163-49bf-b5ca-d123b0802305 of type geneve for network a3a52cec-a544-4a71-967d-ce16c77a1bfd
2026-07-02 11:17:49.027 10 INFO neutron.db.ovn_revision_numbers_db [None req-e669c6bb-b910-4c00-9cab-ca7d74e1ae1f 77240ad744294c35b7ae80100fc78dbe 0a98d02fb3d8404a862651be04768bd5 - - default default] Successfully bumped revision number for resource 2c4056ac-fbb5-4adf-bbf8-ca45e1d76e2f (type: security_group_rules) to 0
2026-07-02 11:17:49.045 10 INFO neutron.db.ovn_revision_numbers_db [None req-e669c6bb-b910-4c00-9cab-ca7d74e1ae1f 77240ad744294c35b7ae80100fc78dbe 0a98d02fb3d8404a862651be04768bd5 - - default default] Successfully bumped revision number for resource 4d8a5f48-4fb7-4572-877c-d91dd506d73e (type: security_group_rules) to 0
2026-07-02 11:17:49.062 10 INFO neutron.db.ovn_revision_numbers_db [None req-e669c6bb-b910-4c00-9cab-ca7d74e1ae1f 77240ad744294c35b7ae80100fc78dbe 0a98d02fb3d8404a862651be04768bd5 - - default default] Successfully bumped revision number for resource 8a4c622c-7ae3-4219-b943-67363fe6e6e4 (type: security_group_rules) to 0
2026-07-02 11:17:49.085 10 INFO neutron.wsgi [None req-e669c6bb-b910-4c00-9cab-ca7d74e1ae1f 77240ad744294c35b7ae80100fc78dbe 0a98d02fb3d8404a862651be04768bd5 - - default default] 10.0.0.248 "GET /v2.0/security-groups?tenant_id=c3e7db4851d44b969802f58deafef6a9&name=default HTTP/1.1" status: 200 len: 2996 time: 0.2048461
2026-07-02 11:17:49.229 9 INFO neutron.db.ovn_revision_numbers_db [None req-cd3bbce4-47f0-46cc-b830-63f88845d21b d587ef2538c442c585c8ec3300f93239 769fb2c7499344b3a1976d963dfd610c - - default default] Successfully bumped revision number for resource a3a52cec-a544-4a71-967d-ce16c77a1bfd (type: networks) to 1
2026-07-02 11:17:49.323 10 INFO neutron.db.ovn_revision_numbers_db [None req-627fa0f3-764a-40d4-80a3-a84a7e9a94fc 77240ad744294c35b7ae80100fc78dbe 0a98d02fb3d8404a862651be04768bd5 - - default default] Successfully bumped revision number for resource ce82167a-55ab-4d35-92ed-5cabbb21dd14 (type: security_groups) to 1
2026-07-02 11:17:49.340 10 INFO neutron.db.ovn_revision_numbers_db [None req-627fa0f3-764a-40d4-80a3-a84a7e9a94fc 77240ad744294c35b7ae80100fc78dbe 0a98d02fb3d8404a862651be04768bd5 - - default default] Successfully bumped revision number for resource 3670e0ee-f3ff-465d-a607-adcb6fb075a8 (type: security_group_rules) to 0
2026-07-02 11:17:49.360 10 INFO neutron.db.ovn_revision_numbers_db [None req-627fa0f3-764a-40d4-80a3-a84a7e9a94fc 77240ad744294c35b7ae80100fc78dbe 0a98d02fb3d8404a862651be04768bd5 - - default default] Successfully bumped revision number for resource 82651693-fcaf-4c5c-8b34-528626b8467c (type: security_group_rules) to 0
2026-07-02 11:17:49.380 10 INFO neutron.wsgi [None req-e88f3e95-6855-4ec8-9beb-f33c453129ca 77240ad744294c35b7ae80100fc78dbe 0a98d02fb3d8404a862651be04768bd5 - - default default] 10.0.0.248 "DELETE /v2.0/security-groups/15dca8cb-382c-409b-8ecb-8a46d4e9162f HTTP/1.1" status: 204 len: 168 time: 0.2889593
2026-07-02 11:17:49.387 10 INFO neutron.db.ovn_revision_numbers_db [None req-627fa0f3-764a-40d4-80a3-a84a7e9a94fc 77240ad744294c35b7ae80100fc78dbe 0a98d02fb3d8404a862651be04768bd5 - - default default] Successfully bumped revision number for resource ea2063b7-f0d2-4d7f-aaf3-9c37294135ba (type: security_group_rules) to 0
2026-07-02 11:17:49.403 10 INFO neutron.db.ovn_revision_numbers_db [None req-627fa0f3-764a-40d4-80a3-a84a7e9a94fc 77240ad744294c35b7ae80100fc78dbe 0a98d02fb3d8404a862651be04768bd5 - - default default] Successfully bumped revision number for resource f6b15ff6-7c35-48ce-ad6a-53155549d5bb (type: security_group_rules) to 0
2026-07-02 11:17:49.427 10 INFO neutron.wsgi [None req-627fa0f3-764a-40d4-80a3-a84a7e9a94fc 77240ad744294c35b7ae80100fc78dbe 0a98d02fb3d8404a862651be04768bd5 - - default default] 10.0.0.248 "GET /v2.0/security-groups?tenant_id=96f5f76404a7405a8c8804b4747b9c2e&name=default HTTP/1.1" status: 200 len: 2996 time: 0.2493484
2026-07-02 11:17:49.447 9 WARNING neutron.scheduler.dhcp_agent_scheduler [None req-cd3bbce4-47f0-46cc-b830-63f88845d21b d587ef2538c442c585c8ec3300f93239 769fb2c7499344b3a1976d963dfd610c - - default default] No more DHCP agents
2026-07-02 11:17:49.449 9 WARNING neutron.api.rpc.agentnotifiers.dhcp_rpc_agent_api [None req-cd3bbce4-47f0-46cc-b830-63f88845d21b d587ef2538c442c585c8ec3300f93239 769fb2c7499344b3a1976d963dfd610c - - default default] Unable to schedule network a3a52cec-a544-4a71-967d-ce16c77a1bfd: no agents available; will retry on subsequent port and subnet creation events.
2026-07-02 11:17:49.564 9 INFO neutron.db.ovn_revision_numbers_db [None req-cd3bbce4-47f0-46cc-b830-63f88845d21b d587ef2538c442c585c8ec3300f93239 769fb2c7499344b3a1976d963dfd610c - - default default] Successfully bumped revision number for resource cef63173-4490-4ea7-ac93-1a37b721eab1 (type: ports) to 1
2026-07-02 11:17:49.601 9 INFO neutron.wsgi [None req-7bc42beb-c5a4-4018-bc5f-7084a88234f7 77240ad744294c35b7ae80100fc78dbe 0a98d02fb3d8404a862651be04768bd5 - - default default] 10.0.0.248 "GET /v2.0/security-groups?tenant_id=95a53fd49c954306aa9aa839e2771945&name=default HTTP/1.1" status: 200 len: 2996 time: 0.0453336
2026-07-02 11:17:49.603 9 INFO neutron.wsgi [None req-cd3bbce4-47f0-46cc-b830-63f88845d21b d587ef2538c442c585c8ec3300f93239 769fb2c7499344b3a1976d963dfd610c - - default default] 10.0.0.248 "POST /v2.0/networks HTTP/1.1" status: 201 len: 831 time: 0.9032960
2026-07-02 11:17:49.663 10 INFO neutron.wsgi [None req-d40a84d2-4c04-4553-92ea-5f0d3f6cbb95 77240ad744294c35b7ae80100fc78dbe 0a98d02fb3d8404a862651be04768bd5 - - default default] 10.0.0.248 "DELETE /v2.0/security-groups/ce82167a-55ab-4d35-92ed-5cabbb21dd14 HTTP/1.1" status: 204 len: 168 time: 0.2312813
2026-07-02 11:17:49.816 10 INFO neutron.wsgi [None req-29b841a8-5760-445d-8553-ae78646fcd2e 77240ad744294c35b7ae80100fc78dbe 0a98d02fb3d8404a862651be04768bd5 - - default default] 10.0.0.248 "DELETE /v2.0/security-groups/0434455d-576e-4fc9-aabc-3bd873c53bfd HTTP/1.1" status: 204 len: 168 time: 0.2086203
2026-07-02 11:17:49.869 9 WARNING neutron.scheduler.dhcp_agent_scheduler [None req-817da887-58c3-45cf-b7b1-3630a9633fb9 d587ef2538c442c585c8ec3300f93239 769fb2c7499344b3a1976d963dfd610c - - default default] No more DHCP agents
2026-07-02 11:17:49.872 9 WARNING neutron.api.rpc.agentnotifiers.dhcp_rpc_agent_api [None req-817da887-58c3-45cf-b7b1-3630a9633fb9 d587ef2538c442c585c8ec3300f93239 769fb2c7499344b3a1976d963dfd610c - - default default] Unable to schedule network a3a52cec-a544-4a71-967d-ce16c77a1bfd: no agents available; will retry on subsequent port and subnet creation events.
2026-07-02 11:17:49.996 9 INFO neutron.db.ovn_revision_numbers_db [None req-817da887-58c3-45cf-b7b1-3630a9633fb9 d587ef2538c442c585c8ec3300f93239 769fb2c7499344b3a1976d963dfd610c - - default default] Successfully bumped revision number for resource 4b2e8a0a-2e54-4f89-9a75-7a01f097a9d0 (type: ports) to 1
2026-07-02 11:17:50.024 9 INFO neutron.wsgi [None req-817da887-58c3-45cf-b7b1-3630a9633fb9 d587ef2538c442c585c8ec3300f93239 769fb2c7499344b3a1976d963dfd610c - - default default] 10.0.0.248 "POST /v2.0/ports HTTP/1.1" status: 201 len: 942 time: 0.4160759 /var/lib/openstack/lib/python3.10/site-packages/pycadf/identifier.py:71: UserWarning: Invalid uuid: neutron. To ensure interoperability, identifiers should be a valid uuid. warnings.warn(('Invalid uuid: %s. To ensure interoperability, '
2026-07-02 11:17:50.122 9 INFO neutron.db.segments_db [None req-dda2d7a0-b861-4f1d-8d40-32618a0abd0a d587ef2538c442c585c8ec3300f93239 769fb2c7499344b3a1976d963dfd610c - - default default] Added segment fef484b6-dbd3-41ec-9104-5f845282a0d3 of type geneve for network 02cd8690-ace4-4183-9cf7-bd06473d2111
2026-07-02 11:17:50.314 9 INFO neutron.db.ovn_revision_numbers_db [None req-dda2d7a0-b861-4f1d-8d40-32618a0abd0a d587ef2538c442c585c8ec3300f93239 769fb2c7499344b3a1976d963dfd610c - - default default] Successfully bumped revision number for resource 02cd8690-ace4-4183-9cf7-bd06473d2111 (type: networks) to 1
2026-07-02 11:17:50.489 9 WARNING neutron.scheduler.dhcp_agent_scheduler [None req-dda2d7a0-b861-4f1d-8d40-32618a0abd0a d587ef2538c442c585c8ec3300f93239 769fb2c7499344b3a1976d963dfd610c - - default default] No more DHCP agents
2026-07-02 11:17:50.492 9 WARNING neutron.api.rpc.agentnotifiers.dhcp_rpc_agent_api [None req-dda2d7a0-b861-4f1d-8d40-32618a0abd0a d587ef2538c442c585c8ec3300f93239 769fb2c7499344b3a1976d963dfd610c - - default default] Unable to schedule network 02cd8690-ace4-4183-9cf7-bd06473d2111: no agents available; will retry on subsequent port and subnet creation events.
2026-07-02 11:17:50.573 9 INFO neutron.db.ovn_revision_numbers_db [None req-dda2d7a0-b861-4f1d-8d40-32618a0abd0a d587ef2538c442c585c8ec3300f93239 769fb2c7499344b3a1976d963dfd610c - - default default] Successfully bumped revision number for resource 55ae8c08-2379-40a6-b189-8f1dfe322ce3 (type: ports) to 1
2026-07-02 11:17:50.603 9 INFO neutron.wsgi [None req-dda2d7a0-b861-4f1d-8d40-32618a0abd0a d587ef2538c442c585c8ec3300f93239 769fb2c7499344b3a1976d963dfd610c - - default default] 10.0.0.248 "POST /v2.0/networks HTTP/1.1" status: 201 len: 831 time: 0.5713365
2026-07-02 11:17:50.888 9 WARNING neutron.scheduler.dhcp_agent_scheduler [None req-700ee6db-9077-4e1f-956c-5ac8fcf40799 d587ef2538c442c585c8ec3300f93239 769fb2c7499344b3a1976d963dfd610c - - default default] No more DHCP agents
2026-07-02 11:17:50.891 9 WARNING neutron.api.rpc.agentnotifiers.dhcp_rpc_agent_api [None req-700ee6db-9077-4e1f-956c-5ac8fcf40799 d587ef2538c442c585c8ec3300f93239 769fb2c7499344b3a1976d963dfd610c - - default default] Unable to schedule network 02cd8690-ace4-4183-9cf7-bd06473d2111: no agents available; will retry on subsequent port and subnet creation events.
2026-07-02 11:17:50.983 9 INFO neutron.db.ovn_revision_numbers_db [None req-700ee6db-9077-4e1f-956c-5ac8fcf40799 d587ef2538c442c585c8ec3300f93239 769fb2c7499344b3a1976d963dfd610c - - default default] Successfully bumped revision number for resource 9a10d5b7-8f9d-4713-8546-e1af21a45333 (type: ports) to 1
2026-07-02 11:17:51.011 9 INFO neutron.wsgi [None req-700ee6db-9077-4e1f-956c-5ac8fcf40799 d587ef2538c442c585c8ec3300f93239 769fb2c7499344b3a1976d963dfd610c - - default default] 10.0.0.248 "POST /v2.0/ports HTTP/1.1" status: 201 len: 942 time: 0.4030221
2026-07-02 11:17:51.122 10 INFO neutron.db.segments_db [None req-f88bc267-0f11-4cca-8623-5dd7afddefe7 d587ef2538c442c585c8ec3300f93239 769fb2c7499344b3a1976d963dfd610c - - default default] Added segment dd2b9d4a-2f57-4741-987e-ea144406852b of type geneve for network 4cae271a-1350-480a-a8b2-ddc155b2d302
2026-07-02 11:17:51.304 10 INFO neutron.db.ovn_revision_numbers_db [None req-f88bc267-0f11-4cca-8623-5dd7afddefe7 d587ef2538c442c585c8ec3300f93239 769fb2c7499344b3a1976d963dfd610c - - default default] Successfully bumped revision number for resource 4cae271a-1350-480a-a8b2-ddc155b2d302 (type: networks) to 1
2026-07-02 11:17:51.486 10 WARNING neutron.scheduler.dhcp_agent_scheduler [None req-f88bc267-0f11-4cca-8623-5dd7afddefe7 d587ef2538c442c585c8ec3300f93239 769fb2c7499344b3a1976d963dfd610c - - default default] No more DHCP agents
2026-07-02 11:17:51.488 10 WARNING neutron.api.rpc.agentnotifiers.dhcp_rpc_agent_api [None req-f88bc267-0f11-4cca-8623-5dd7afddefe7 d587ef2538c442c585c8ec3300f93239 769fb2c7499344b3a1976d963dfd610c - - default default] Unable to schedule network 4cae271a-1350-480a-a8b2-ddc155b2d302: no agents available; will retry on subsequent port and subnet creation events.
2026-07-02 11:17:51.571 10 INFO neutron.db.ovn_revision_numbers_db [None req-f88bc267-0f11-4cca-8623-5dd7afddefe7 d587ef2538c442c585c8ec3300f93239 769fb2c7499344b3a1976d963dfd610c - - default default] Successfully bumped revision number for resource 469f3d78-3e38-4068-a718-2d557b2cf371 (type: ports) to 1
2026-07-02 11:17:51.607 10 INFO neutron.wsgi [None req-f88bc267-0f11-4cca-8623-5dd7afddefe7 d587ef2538c442c585c8ec3300f93239 769fb2c7499344b3a1976d963dfd610c - - default default] 10.0.0.248 "POST /v2.0/networks HTTP/1.1" status: 201 len: 831 time: 0.5901582
2026-07-02 11:17:51.901 10 WARNING neutron.scheduler.dhcp_agent_scheduler [None req-6f1d43d2-86a1-4c06-8ff1-7fefdbd2594d d587ef2538c442c585c8ec3300f93239 769fb2c7499344b3a1976d963dfd610c - - default default] No more DHCP agents
2026-07-02 11:17:51.905 10 WARNING neutron.api.rpc.agentnotifiers.dhcp_rpc_agent_api [None req-6f1d43d2-86a1-4c06-8ff1-7fefdbd2594d d587ef2538c442c585c8ec3300f93239 769fb2c7499344b3a1976d963dfd610c - - default default] Unable to schedule network 4cae271a-1350-480a-a8b2-ddc155b2d302: no agents available; will retry on subsequent port and subnet creation events.
2026-07-02 11:17:51.994 10 INFO neutron.db.ovn_revision_numbers_db [None req-6f1d43d2-86a1-4c06-8ff1-7fefdbd2594d d587ef2538c442c585c8ec3300f93239 769fb2c7499344b3a1976d963dfd610c - - default default] Successfully bumped revision number for resource a7ad7aa8-6f3c-45cc-8439-59d280028596 (type: ports) to 1
2026-07-02 11:17:52.015 10 INFO neutron.wsgi [None req-6f1d43d2-86a1-4c06-8ff1-7fefdbd2594d d587ef2538c442c585c8ec3300f93239 769fb2c7499344b3a1976d963dfd610c - - default default] 10.0.0.248 "POST /v2.0/ports HTTP/1.1" status: 201 len: 942 time: 0.4010677 /var/lib/openstack/lib/python3.10/site-packages/pycadf/identifier.py:71: UserWarning: Invalid uuid: neutron. To ensure interoperability, identifiers should be a valid uuid. warnings.warn(('Invalid uuid: %s. To ensure interoperability, '
2026-07-02 11:17:52.119 10 INFO neutron.db.segments_db [None req-50e26300-be6e-44c0-97dd-9294770ba372 d587ef2538c442c585c8ec3300f93239 769fb2c7499344b3a1976d963dfd610c - - default default] Added segment 51069f43-2151-4272-9d1e-0e9c90151825 of type geneve for network eb3fcf59-7ee6-4add-b5c1-fc8100038caf
2026-07-02 11:17:52.310 10 INFO neutron.db.ovn_revision_numbers_db [None req-50e26300-be6e-44c0-97dd-9294770ba372 d587ef2538c442c585c8ec3300f93239 769fb2c7499344b3a1976d963dfd610c - - default default] Successfully bumped revision number for resource eb3fcf59-7ee6-4add-b5c1-fc8100038caf (type: networks) to 1
2026-07-02 11:17:52.527 10 WARNING neutron.scheduler.dhcp_agent_scheduler [None req-50e26300-be6e-44c0-97dd-9294770ba372 d587ef2538c442c585c8ec3300f93239 769fb2c7499344b3a1976d963dfd610c - - default default] No more DHCP agents
2026-07-02 11:17:52.530 10 WARNING neutron.api.rpc.agentnotifiers.dhcp_rpc_agent_api [None req-50e26300-be6e-44c0-97dd-9294770ba372 d587ef2538c442c585c8ec3300f93239 769fb2c7499344b3a1976d963dfd610c - - default default] Unable to schedule network eb3fcf59-7ee6-4add-b5c1-fc8100038caf: no agents available; will retry on subsequent port and subnet creation events.
2026-07-02 11:17:52.657 10 INFO neutron.db.ovn_revision_numbers_db [None req-50e26300-be6e-44c0-97dd-9294770ba372 d587ef2538c442c585c8ec3300f93239 769fb2c7499344b3a1976d963dfd610c - - default default] Successfully bumped revision number for resource 85426bbe-0d10-4588-b6b1-4250e5066148 (type: ports) to 1
2026-07-02 11:17:52.682 10 INFO neutron.wsgi [None req-50e26300-be6e-44c0-97dd-9294770ba372 d587ef2538c442c585c8ec3300f93239 769fb2c7499344b3a1976d963dfd610c - - default default] 10.0.0.248 "POST /v2.0/networks HTTP/1.1" status: 201 len: 830 time: 0.6614931
2026-07-02 11:17:52.981 10 WARNING neutron.scheduler.dhcp_agent_scheduler [None req-2eaf2950-193e-4d49-a5bd-c5db41e18a1a d587ef2538c442c585c8ec3300f93239 769fb2c7499344b3a1976d963dfd610c - - default default] No more DHCP agents
2026-07-02 11:17:52.983 10 WARNING neutron.api.rpc.agentnotifiers.dhcp_rpc_agent_api [None req-2eaf2950-193e-4d49-a5bd-c5db41e18a1a d587ef2538c442c585c8ec3300f93239 769fb2c7499344b3a1976d963dfd610c - - default default] Unable to schedule network eb3fcf59-7ee6-4add-b5c1-fc8100038caf: no agents available; will retry on subsequent port and subnet creation events.
2026-07-02 11:17:53.072 10 INFO neutron.db.ovn_revision_numbers_db [None req-2eaf2950-193e-4d49-a5bd-c5db41e18a1a d587ef2538c442c585c8ec3300f93239 769fb2c7499344b3a1976d963dfd610c - - default default] Successfully bumped revision number for resource 8ca4c530-0fcd-4917-b8f1-ef0f2748f4ed (type: ports) to 1
2026-07-02 11:17:53.096 10 INFO neutron.wsgi [None req-2eaf2950-193e-4d49-a5bd-c5db41e18a1a d587ef2538c442c585c8ec3300f93239 769fb2c7499344b3a1976d963dfd610c - - default default] 10.0.0.248 "POST /v2.0/ports HTTP/1.1" status: 201 len: 942 time: 0.4056921 /var/lib/openstack/lib/python3.10/site-packages/pycadf/identifier.py:71: UserWarning: Invalid uuid: neutron. To ensure interoperability, identifiers should be a valid uuid. warnings.warn(('Invalid uuid: %s. To ensure interoperability, '
2026-07-02 11:17:53.216 10 INFO neutron.db.segments_db [None req-3672e6d6-94f0-4c48-a55d-62a8ccad92da d587ef2538c442c585c8ec3300f93239 769fb2c7499344b3a1976d963dfd610c - - default default] Added segment 604ff35e-66c3-4516-90f3-68f0630130e3 of type geneve for network 03d59361-19ce-4df5-9940-5285afe942df
2026-07-02 11:17:53.563 10 INFO neutron.db.ovn_revision_numbers_db [None req-3672e6d6-94f0-4c48-a55d-62a8ccad92da d587ef2538c442c585c8ec3300f93239 769fb2c7499344b3a1976d963dfd610c - - default default] Successfully bumped revision number for resource 03d59361-19ce-4df5-9940-5285afe942df (type: networks) to 1 /var/lib/openstack/lib/python3.10/site-packages/pycadf/identifier.py:71: UserWarning: Invalid uuid: neutron. To ensure interoperability, identifiers should be a valid uuid. warnings.warn(('Invalid uuid: %s. To ensure interoperability, '
2026-07-02 11:17:53.734 10 WARNING neutron.scheduler.dhcp_agent_scheduler [None req-3672e6d6-94f0-4c48-a55d-62a8ccad92da d587ef2538c442c585c8ec3300f93239 769fb2c7499344b3a1976d963dfd610c - - default default] No more DHCP agents
2026-07-02 11:17:53.735 10 WARNING neutron.api.rpc.agentnotifiers.dhcp_rpc_agent_api [None req-3672e6d6-94f0-4c48-a55d-62a8ccad92da d587ef2538c442c585c8ec3300f93239 769fb2c7499344b3a1976d963dfd610c - - default default] Unable to schedule network 03d59361-19ce-4df5-9940-5285afe942df: no agents available; will retry on subsequent port and subnet creation events.
2026-07-02 11:17:53.843 10 INFO neutron.db.ovn_revision_numbers_db [None req-3672e6d6-94f0-4c48-a55d-62a8ccad92da d587ef2538c442c585c8ec3300f93239 769fb2c7499344b3a1976d963dfd610c - - default default] Successfully bumped revision number for resource 086af025-a2ee-46f7-80f7-7db2e67180d7 (type: ports) to 1
2026-07-02 11:17:53.844 9 INFO neutron.db.ovn_revision_numbers_db [None req-f3f729f8-e418-4d95-a3ef-ec76de14a93e 77240ad744294c35b7ae80100fc78dbe 0a98d02fb3d8404a862651be04768bd5 - - default default] Successfully bumped revision number for resource b736f36f-d513-4687-8a1f-150f7f5ba7a0 (type: security_groups) to 1
2026-07-02 11:17:53.867 10 INFO neutron.wsgi [None req-3672e6d6-94f0-4c48-a55d-62a8ccad92da d587ef2538c442c585c8ec3300f93239 769fb2c7499344b3a1976d963dfd610c - - default default] 10.0.0.248 "POST /v2.0/networks HTTP/1.1" status: 201 len: 831 time: 0.7667103
2026-07-02 11:17:53.870 9 INFO neutron.db.ovn_revision_numbers_db [None req-f3f729f8-e418-4d95-a3ef-ec76de14a93e 77240ad744294c35b7ae80100fc78dbe 0a98d02fb3d8404a862651be04768bd5 - - default default] Successfully bumped revision number for resource 1f35cee9-3804-4676-b6ba-6cfa78458458 (type: security_group_rules) to 0
2026-07-02 11:17:53.890 9 INFO neutron.db.ovn_revision_numbers_db [None req-f3f729f8-e418-4d95-a3ef-ec76de14a93e 77240ad744294c35b7ae80100fc78dbe 0a98d02fb3d8404a862651be04768bd5 - - default default] Successfully bumped revision number for resource 36306232-1a15-4657-9ad2-7b46e1175c09 (type: security_group_rules) to 0
2026-07-02 11:17:53.906 9 INFO neutron.db.ovn_revision_numbers_db [None req-f3f729f8-e418-4d95-a3ef-ec76de14a93e 77240ad744294c35b7ae80100fc78dbe 0a98d02fb3d8404a862651be04768bd5 - - default default] Successfully bumped revision number for resource 804b840e-f604-44f8-bacb-7557b2f3d958 (type: security_group_rules) to 0
2026-07-02 11:17:53.925 9 INFO neutron.db.ovn_revision_numbers_db [None req-f3f729f8-e418-4d95-a3ef-ec76de14a93e 77240ad744294c35b7ae80100fc78dbe 0a98d02fb3d8404a862651be04768bd5 - - default default] Successfully bumped revision number for resource e77e4cfc-d7e9-44d9-b790-5bfae2bfd96c (type: security_group_rules) to 0
2026-07-02 11:17:53.956 9 INFO neutron.wsgi [None req-f3f729f8-e418-4d95-a3ef-ec76de14a93e 77240ad744294c35b7ae80100fc78dbe 0a98d02fb3d8404a862651be04768bd5 - - default default] 10.0.0.248 "GET /v2.0/security-groups?tenant_id=c1a316848c094b21aa20c78fcfb54756&name=default HTTP/1.1" status: 200 len: 2996 time: 0.4744732
2026-07-02 11:17:54.192 10 WARNING neutron.scheduler.dhcp_agent_scheduler [None req-39fc9cd7-ed3d-4f0d-aa12-76d282e2d6e8 d587ef2538c442c585c8ec3300f93239 769fb2c7499344b3a1976d963dfd610c - - default default] No more DHCP agents
2026-07-02 11:17:54.198 10 WARNING neutron.api.rpc.agentnotifiers.dhcp_rpc_agent_api [None req-39fc9cd7-ed3d-4f0d-aa12-76d282e2d6e8 d587ef2538c442c585c8ec3300f93239 769fb2c7499344b3a1976d963dfd610c - - default default] Unable to schedule network 03d59361-19ce-4df5-9940-5285afe942df: no agents available; will retry on subsequent port and subnet creation events.
2026-07-02 11:17:54.219 9 INFO neutron.wsgi [None req-87701c12-a8b0-47b3-8527-abdfa3edeef7 77240ad744294c35b7ae80100fc78dbe 0a98d02fb3d8404a862651be04768bd5 - - default default] 10.0.0.248 "DELETE /v2.0/security-groups/b736f36f-d513-4687-8a1f-150f7f5ba7a0 HTTP/1.1" status: 204 len: 168 time: 0.2511449
2026-07-02 11:17:54.342 10 INFO neutron.db.ovn_revision_numbers_db [None req-39fc9cd7-ed3d-4f0d-aa12-76d282e2d6e8 d587ef2538c442c585c8ec3300f93239 769fb2c7499344b3a1976d963dfd610c - - default default] Successfully bumped revision number for resource 91c38dcf-109a-4864-a99f-ec2596dedb0f (type: ports) to 1
2026-07-02 11:17:54.369 10 INFO neutron.wsgi [None req-39fc9cd7-ed3d-4f0d-aa12-76d282e2d6e8 d587ef2538c442c585c8ec3300f93239 769fb2c7499344b3a1976d963dfd610c - - default default] 10.0.0.248 "POST /v2.0/ports HTTP/1.1" status: 201 len: 942 time: 0.4956806 /var/lib/openstack/lib/python3.10/site-packages/pycadf/identifier.py:71: UserWarning: Invalid uuid: neutron. To ensure interoperability, identifiers should be a valid uuid. warnings.warn(('Invalid uuid: %s. To ensure interoperability, '
2026-07-02 11:17:54.415 10 INFO neutron.wsgi [None req-03a82451-9ec4-4639-8a71-60dd7dee66fb d587ef2538c442c585c8ec3300f93239 769fb2c7499344b3a1976d963dfd610c - - default default] 10.0.0.248 "PUT /v2.0/ports/4b2e8a0a-2e54-4f89-9a75-7a01f097a9d0/tags HTTP/1.1" status: 200 len: 210 time: 0.0402248
2026-07-02 11:17:54.464 10 INFO neutron.wsgi [None req-f79b043c-5b07-4d1d-bded-d2ecec01b2db d587ef2538c442c585c8ec3300f93239 769fb2c7499344b3a1976d963dfd610c - - default default] 10.0.0.248 "PUT /v2.0/ports/9a10d5b7-8f9d-4713-8546-e1af21a45333/tags HTTP/1.1" status: 200 len: 218 time: 0.0431461
2026-07-02 11:17:54.518 10 INFO neutron.wsgi [None req-2603b14c-04dd-46e4-b50c-1262dccd1f8d d587ef2538c442c585c8ec3300f93239 769fb2c7499344b3a1976d963dfd610c - - default default] 10.0.0.248 "PUT /v2.0/ports/a7ad7aa8-6f3c-45cc-8439-59d280028596/tags HTTP/1.1" status: 200 len: 227 time: 0.0487411
2026-07-02 11:17:54.557 10 INFO neutron.wsgi [None req-3a0f8099-fc86-40d1-8134-627cb9575b62 a0b475a496194f01b387a8e2802f05f2 ad8bb4c98d7c472599b8f6d702cc17ac - - default default] 10.0.0.248 "POST /v2.0/subnetpools HTTP/1.1" status: 201 len: 715 time: 0.2520185
2026-07-02 11:17:54.592 9 INFO neutron.wsgi [None req-4a12f4d1-576b-4c4e-8713-c02e71948989 d587ef2538c442c585c8ec3300f93239 769fb2c7499344b3a1976d963dfd610c - - default default] 10.0.0.248 "PUT /v2.0/ports/8ca4c530-0fcd-4917-b8f1-ef0f2748f4ed/tags HTTP/1.1" status: 200 len: 212 time: 0.0682573
2026-07-02 11:17:54.649 9 INFO neutron.wsgi [None req-fff6e918-3031-47b5-9041-6d32b6b16e7c a0b475a496194f01b387a8e2802f05f2 ad8bb4c98d7c472599b8f6d702cc17ac - - default default] 10.0.0.248 "POST /v2.0/subnetpools HTTP/1.1" status: 201 len: 715 time: 0.0852411
2026-07-02 11:17:54.726 9 INFO neutron.wsgi [None req-b3ac5885-e097-4c6f-8c18-86849e387de3 a0b475a496194f01b387a8e2802f05f2 ad8bb4c98d7c472599b8f6d702cc17ac - - default default] 10.0.0.248 "POST /v2.0/subnetpools HTTP/1.1" status: 201 len: 715 time: 0.0697324
2026-07-02 11:17:54.797 9 INFO neutron.wsgi [None req-7878a9fa-4610-48a5-82fa-90fcbf008860 a0b475a496194f01b387a8e2802f05f2 ad8bb4c98d7c472599b8f6d702cc17ac - - default default] 10.0.0.248 "POST /v2.0/subnetpools HTTP/1.1" status: 201 len: 715 time: 0.0642474
2026-07-02 11:17:54.807 10 INFO neutron.wsgi [None req-d0913c1e-928e-4231-8945-526598fab805 d587ef2538c442c585c8ec3300f93239 769fb2c7499344b3a1976d963dfd610c - - default default] 10.0.0.248 "GET /v2.0/ports?tags=red HTTP/1.1" status: 200 len: 2448 time: 0.2105103
2026-07-02 11:17:54.853 9 INFO neutron.wsgi [None req-90d3433f-cd26-4b68-95b3-df627dc5dbd2 a0b475a496194f01b387a8e2802f05f2 ad8bb4c98d7c472599b8f6d702cc17ac - - default default] 10.0.0.248 "POST /v2.0/subnetpools HTTP/1.1" status: 201 len: 715 time: 0.0506024
2026-07-02 11:17:54.876 10 INFO neutron.wsgi [None req-c9d5eb31-d6b8-415f-936b-1b66085b21ae d587ef2538c442c585c8ec3300f93239 769fb2c7499344b3a1976d963dfd610c - - default default] 10.0.0.248 "GET /v2.0/ports?tags=red%2Cblue HTTP/1.1" status: 200 len: 1708 time: 0.0628064
2026-07-02 11:17:54.889 9 INFO neutron.wsgi [None req-c3d86cb5-f785-49a6-9139-f566b1ec4543 a0b475a496194f01b387a8e2802f05f2 ad8bb4c98d7c472599b8f6d702cc17ac - - default default] 10.0.0.248 "PUT /v2.0/subnetpools/27e926ab-c870-434f-92dc-64a7c19a2a98/tags HTTP/1.1" status: 200 len: 210 time: 0.0306759
2026-07-02 11:17:54.925 9 INFO neutron.wsgi [None req-0d1cc688-a42c-4ce9-b3db-ee5a1884de7e a0b475a496194f01b387a8e2802f05f2 ad8bb4c98d7c472599b8f6d702cc17ac - - default default] 10.0.0.248 "PUT /v2.0/subnetpools/56d8f14f-75df-4094-b250-eb40022525af/tags HTTP/1.1" status: 200 len: 218 time: 0.0309496
2026-07-02 11:17:54.932 10 INFO neutron.wsgi [None req-683b5918-c101-4f55-9952-8b82bd7479f1 d587ef2538c442c585c8ec3300f93239 769fb2c7499344b3a1976d963dfd610c - - default default] 10.0.0.248 "GET /v2.0/ports?tags-any=blue HTTP/1.1" status: 200 len: 1708 time: 0.0513940
2026-07-02 11:17:54.961 9 INFO neutron.wsgi [None req-ddd22e53-ca59-4a61-b721-4eac2385bf22 a0b475a496194f01b387a8e2802f05f2 ad8bb4c98d7c472599b8f6d702cc17ac - - default default] 10.0.0.248 "PUT /v2.0/subnetpools/583c650d-56ce-4578-855f-54d837d293eb/tags HTTP/1.1" status: 200 len: 227 time: 0.0303128
2026-07-02 11:17:54.992 10 INFO neutron.wsgi [None req-93135fe9-ae0b-4d3b-badd-6003951e8122 d587ef2538c442c585c8ec3300f93239 769fb2c7499344b3a1976d963dfd610c - - default default] 10.0.0.248 "GET /v2.0/ports?tags-any=red%2Cblue HTTP/1.1" status: 200 len: 2448 time: 0.0552368
2026-07-02 11:17:55.019 10 INFO neutron.wsgi [None req-c2d6748a-9c4f-4252-97f6-ce61cf9d5b1d a0b475a496194f01b387a8e2802f05f2 ad8bb4c98d7c472599b8f6d702cc17ac - - default default] 10.0.0.248 "PUT /v2.0/subnetpools/568f6724-601a-40c8-9cd4-8af35981b296/tags HTTP/1.1" status: 200 len: 212 time: 0.0536211
2026-07-02 11:17:55.076 9 INFO neutron.wsgi [None req-3de5916e-aa61-4992-a5e8-3fc925fa24e1 a0b475a496194f01b387a8e2802f05f2 ad8bb4c98d7c472599b8f6d702cc17ac - - default default] 10.0.0.248 "GET /v2.0/subnetpools?tags=red HTTP/1.1" status: 200 len: 1758 time: 0.0513875
2026-07-02 11:17:55.131 10 INFO neutron.wsgi [None req-843c5dae-9888-4c89-92fc-28dac37d9794 a0b475a496194f01b387a8e2802f05f2 ad8bb4c98d7c472599b8f6d702cc17ac - - default default] 10.0.0.248 "GET /v2.0/subnetpools?tags=red%2Cblue HTTP/1.1" status: 200 len: 1251 time: 0.0482879
2026-07-02 11:17:55.180 10 INFO neutron.wsgi [None req-a10a57ca-8d43-464a-9696-b4f20ec18875 a0b475a496194f01b387a8e2802f05f2 ad8bb4c98d7c472599b8f6d702cc17ac - - default default] 10.0.0.248 "GET /v2.0/subnetpools?tags-any=blue HTTP/1.1" status: 200 len: 1251 time: 0.0389650
2026-07-02 11:17:55.223 10 INFO neutron.wsgi [None req-bfa17c32-49e9-44a0-bc76-7eb18b613876 a0b475a496194f01b387a8e2802f05f2 ad8bb4c98d7c472599b8f6d702cc17ac - - default default] 10.0.0.248 "GET /v2.0/subnetpools?tags-any=red%2Cblue HTTP/1.1" status: 200 len: 1758 time: 0.0328181
2026-07-02 11:17:55.276 9 INFO neutron.wsgi [None req-e30af9a4-6b4a-4c18-886c-4c905f0f269f a0b475a496194f01b387a8e2802f05f2 ad8bb4c98d7c472599b8f6d702cc17ac - - default default] 10.0.0.248 "GET /v2.0/subnetpools?not-tags=red HTTP/1.1" status: 200 len: 1223 time: 0.0352716
2026-07-02 11:17:55.321 10 INFO neutron.wsgi [None req-22f1918a-bc49-49ac-b648-27f39d9da41c a0b475a496194f01b387a8e2802f05f2 ad8bb4c98d7c472599b8f6d702cc17ac - - default default] 10.0.0.248 "GET /v2.0/subnetpools?not-tags=red%2Cblue HTTP/1.1" status: 200 len: 1730 time: 0.0373774
2026-07-02 11:17:55.370 10 INFO neutron.wsgi [None req-33076660-25ad-4649-b094-090132b1f048 a0b475a496194f01b387a8e2802f05f2 ad8bb4c98d7c472599b8f6d702cc17ac - - default default] 10.0.0.248 "GET /v2.0/subnetpools?not-tags-any=blue HTTP/1.1" status: 200 len: 1730 time: 0.0411694
2026-07-02 11:17:55.400 10 INFO neutron.wsgi [None req-7abe5690-4ec2-4e8b-aba4-107ac16cb4c1 a0b475a496194f01b387a8e2802f05f2 ad8bb4c98d7c472599b8f6d702cc17ac - - default default] 10.0.0.248 "GET /v2.0/subnetpools?not-tags-any=red%2Cblue HTTP/1.1" status: 200 len: 1223 time: 0.0247386
2026-07-02 11:17:55.464 10 INFO neutron.wsgi [None req-6ac2c0af-9071-475e-9c40-8aa86a1db637 a0b475a496194f01b387a8e2802f05f2 ad8bb4c98d7c472599b8f6d702cc17ac - - default default] 10.0.0.248 "DELETE /v2.0/subnetpools/27e926ab-c870-434f-92dc-64a7c19a2a98 HTTP/1.1" status: 204 len: 168 time: 0.0560310
2026-07-02 11:17:55.523 10 INFO neutron.wsgi [None req-8fca5380-d798-4eb8-9505-48d71bd47620 a0b475a496194f01b387a8e2802f05f2 ad8bb4c98d7c472599b8f6d702cc17ac - - default default] 10.0.0.248 "DELETE /v2.0/subnetpools/56d8f14f-75df-4094-b250-eb40022525af HTTP/1.1" status: 204 len: 168 time: 0.0533748
2026-07-02 11:17:55.602 10 INFO neutron.wsgi [None req-d1201966-9d3f-4e4d-a1ea-4f05c2ced3be a0b475a496194f01b387a8e2802f05f2 ad8bb4c98d7c472599b8f6d702cc17ac - - default default] 10.0.0.248 "DELETE /v2.0/subnetpools/583c650d-56ce-4578-855f-54d837d293eb HTTP/1.1" status: 204 len: 168 time: 0.0734279
2026-07-02 11:17:55.654 9 INFO neutron.wsgi [None req-db7e8254-d166-4aad-9c94-a79d7ed15bfa d587ef2538c442c585c8ec3300f93239 769fb2c7499344b3a1976d963dfd610c - - default default] 10.0.0.248 "GET /v2.0/ports?not-tags=red HTTP/1.1" status: 200 len: 5463 time: 0.6555705
2026-07-02 11:17:55.690 10 INFO neutron.wsgi [None req-2cc6541e-153e-46e3-a9ab-301ea42424b7 a0b475a496194f01b387a8e2802f05f2 ad8bb4c98d7c472599b8f6d702cc17ac - - default default] 10.0.0.248 "DELETE /v2.0/subnetpools/568f6724-601a-40c8-9cd4-8af35981b296 HTTP/1.1" status: 204 len: 168 time: 0.0830603
2026-07-02 11:17:55.747 9 INFO neutron.wsgi [None req-ed909e04-ea34-4d0b-bcdc-f1960ee9a4f7 d587ef2538c442c585c8ec3300f93239 769fb2c7499344b3a1976d963dfd610c - - default default] 10.0.0.248 "GET /v2.0/ports?not-tags=red%2Cblue HTTP/1.1" status: 200 len: 6203 time: 0.0862768
2026-07-02 11:17:55.853 9 INFO neutron.wsgi [None req-787dd472-067a-44dc-b9e8-7705b27cdb91 d587ef2538c442c585c8ec3300f93239 769fb2c7499344b3a1976d963dfd610c - - default default] 10.0.0.248 "GET /v2.0/ports?not-tags-any=blue HTTP/1.1" status: 200 len: 6203 time: 0.1017873
2026-07-02 11:17:55.881 9 INFO neutron.wsgi [None req-d02fdcda-264f-4d2b-853a-e15ae75ae042 a0b475a496194f01b387a8e2802f05f2 ad8bb4c98d7c472599b8f6d702cc17ac - - default default] 10.0.0.248 "DELETE /v2.0/subnetpools/0b81089a-e464-4c63-af49-cbc9ed8ad864 HTTP/1.1" status: 204 len: 168 time: 0.1871572
2026-07-02 11:17:56.026 10 INFO neutron.wsgi [None req-ee118ff1-e30f-4d80-b782-00b548445b70 d587ef2538c442c585c8ec3300f93239 769fb2c7499344b3a1976d963dfd610c - - default default] 10.0.0.248 "GET /v2.0/ports?not-tags-any=red%2Cblue HTTP/1.1" status: 200 len: 5463 time: 0.1666086
2026-07-02 11:17:56.324 10 INFO neutron.wsgi [None req-7fe1c5db-388c-4650-9973-32675b130d2c d587ef2538c442c585c8ec3300f93239 769fb2c7499344b3a1976d963dfd610c - - default default] 10.0.0.248 "DELETE /v2.0/ports/4b2e8a0a-2e54-4f89-9a75-7a01f097a9d0 HTTP/1.1" status: 204 len: 168 time: 0.2918267
2026-07-02 11:17:56.620 10 INFO neutron.wsgi [None req-f8ecd1bc-cf23-427a-b238-76550e2262df d587ef2538c442c585c8ec3300f93239 769fb2c7499344b3a1976d963dfd610c - - default default] 10.0.0.248 "DELETE /v2.0/ports/9a10d5b7-8f9d-4713-8546-e1af21a45333 HTTP/1.1" status: 204 len: 168 time: 0.2909582
2026-07-02 11:17:56.822 9 INFO neutron.wsgi [None req-d91739cb-0681-4a98-bcd4-b028b0343905 77240ad744294c35b7ae80100fc78dbe 0a98d02fb3d8404a862651be04768bd5 - - default default] 10.0.0.148 "GET /v2.0/security-groups HTTP/1.1" status: 200 len: 19583 time: 0.2853181
2026-07-02 11:17:56.864 9 INFO neutron.wsgi [None req-3cc2e8bc-1a13-443d-a735-5af8d66cf736 77240ad744294c35b7ae80100fc78dbe 0a98d02fb3d8404a862651be04768bd5 - - default default] 10.0.0.148 "GET /v2.0/floatingips HTTP/1.1" status: 200 len: 193 time: 0.0339036
2026-07-02 11:17:56.927 9 INFO neutron.wsgi [None req-3587273e-5113-423f-8fff-d47fafe78ad7 77240ad744294c35b7ae80100fc78dbe 0a98d02fb3d8404a862651be04768bd5 - - default default] 10.0.0.148 "GET /v2.0/subnets HTTP/1.1" status: 200 len: 1437 time: 0.0615883
2026-07-02 11:17:56.943 9 INFO neutron.wsgi [None req-7b8bdc6b-9d12-47d5-86e7-9f9bcfad1b0c 77240ad744294c35b7ae80100fc78dbe 0a98d02fb3d8404a862651be04768bd5 - - default default] 10.0.0.148 "GET /v2.0/subnetpools HTTP/1.1" status: 200 len: 193 time: 0.0133460
2026-07-02 11:17:56.975 10 INFO neutron.wsgi [None req-286a1054-5e60-441b-bcf6-f317420a40cb d587ef2538c442c585c8ec3300f93239 769fb2c7499344b3a1976d963dfd610c - - default default] 10.0.0.248 "DELETE /v2.0/ports/a7ad7aa8-6f3c-45cc-8439-59d280028596 HTTP/1.1" status: 204 len: 168 time: 0.3469543
2026-07-02 11:17:56.991 9 INFO neutron.wsgi [None req-e06be9d1-42d4-49b6-937b-0038ba8cb9d8 77240ad744294c35b7ae80100fc78dbe 0a98d02fb3d8404a862651be04768bd5 - - default default] 10.0.0.148 "GET /v2.0/routers HTTP/1.1" status: 200 len: 189 time: 0.0472484
2026-07-02 11:17:57.020 9 INFO neutron.wsgi [None req-6eff5db4-28eb-4f71-a7fb-dcfa564c7fe8 77240ad744294c35b7ae80100fc78dbe 0a98d02fb3d8404a862651be04768bd5 - - default default] 10.0.0.148 "GET /v2.0/agents?binary=ovn-controller HTTP/1.1" status: 200 len: 591 time: 0.0271089
2026-07-02 11:17:57.041 9 INFO neutron.wsgi [None req-3299065e-eebb-41f7-8d6e-6411509d44ea 77240ad744294c35b7ae80100fc78dbe 0a98d02fb3d8404a862651be04768bd5 - - default default] 10.0.0.148 "GET /v2.0/agents HTTP/1.1" status: 200 len: 997 time: 0.0192981
2026-07-02 11:17:57.063 9 INFO neutron.wsgi [None req-5d85d453-770d-4062-88fb-ee754a56c456 77240ad744294c35b7ae80100fc78dbe 0a98d02fb3d8404a862651be04768bd5 - - default default] 10.0.0.148 "GET /v2.0/network-ip-availabilities HTTP/1.1" status: 200 len: 2619 time: 0.0210021
2026-07-02 11:17:57.166 9 INFO neutron.db.ovn_revision_numbers_db [None req-3fff84ce-2155-4fce-a3cb-a3cbab946a07 77240ad744294c35b7ae80100fc78dbe 0a98d02fb3d8404a862651be04768bd5 - - default default] Successfully bumped revision number for resource 606cc759-7efa-4106-84f9-8a5aa7afa67b (type: security_groups) to 1
2026-07-02 11:17:57.198 9 INFO neutron.db.ovn_revision_numbers_db [None req-3fff84ce-2155-4fce-a3cb-a3cbab946a07 77240ad744294c35b7ae80100fc78dbe 0a98d02fb3d8404a862651be04768bd5 - - default default] Successfully bumped revision number for resource 0ecd9981-beb2-44a0-a7ad-95997580273e (type: security_group_rules) to 0
2026-07-02 11:17:57.202 9 INFO neutron.wsgi [None req-48bd0edd-9e6a-49ab-8cb3-f1296d281fbf 77240ad744294c35b7ae80100fc78dbe 0a98d02fb3d8404a862651be04768bd5 - - default default] 10.0.0.148 "GET /v2.0/networks HTTP/1.1" status: 200 len: 5881 time: 0.1365721
2026-07-02 11:17:57.231 9 INFO neutron.db.ovn_revision_numbers_db [None req-3fff84ce-2155-4fce-a3cb-a3cbab946a07 77240ad744294c35b7ae80100fc78dbe 0a98d02fb3d8404a862651be04768bd5 - - default default] Successfully bumped revision number for resource a15c892f-fb1b-4d9e-b941-994de017e972 (type: security_group_rules) to 0
2026-07-02 11:17:57.244 9 INFO neutron.wsgi [None req-27422fab-d319-4c3c-9daa-701f1b7b20d6 77240ad744294c35b7ae80100fc78dbe 0a98d02fb3d8404a862651be04768bd5 - - default default] 10.0.0.148 "GET /v2.0/subnets HTTP/1.1" status: 200 len: 1437 time: 0.0382454
2026-07-02 11:17:57.287 9 INFO neutron.db.ovn_revision_numbers_db [None req-3fff84ce-2155-4fce-a3cb-a3cbab946a07 77240ad744294c35b7ae80100fc78dbe 0a98d02fb3d8404a862651be04768bd5 - - default default] Successfully bumped revision number for resource b5ba2de1-28df-4c4f-9e6f-d38994da4883 (type: security_group_rules) to 0
2026-07-02 11:17:57.316 9 INFO neutron.wsgi [None req-2820eb6a-ead9-436a-ac7f-7ebf00a9940c 77240ad744294c35b7ae80100fc78dbe 0a98d02fb3d8404a862651be04768bd5 - - default default] 10.0.0.148 "GET /v2.0/ports HTTP/1.1" status: 200 len: 11449 time: 0.0703747
2026-07-02 11:17:57.317 9 INFO neutron.db.ovn_revision_numbers_db [None req-3fff84ce-2155-4fce-a3cb-a3cbab946a07 77240ad744294c35b7ae80100fc78dbe 0a98d02fb3d8404a862651be04768bd5 - - default default] Successfully bumped revision number for resource d36e0f84-392a-4b81-8a98-f8318be43052 (type: security_group_rules) to 0
2026-07-02 11:17:57.333 10 INFO neutron.wsgi [None req-fa159751-1bb7-4236-9b11-61ff5c7cf221 d587ef2538c442c585c8ec3300f93239 769fb2c7499344b3a1976d963dfd610c - - default default] 10.0.0.248 "DELETE /v2.0/ports/8ca4c530-0fcd-4917-b8f1-ef0f2748f4ed HTTP/1.1" status: 204 len: 168 time: 0.3530490
