Apr 22 13:10:36.163879 np0000169318 neutron-periodic-workers[106529]: DEBUG cotyledon.oslo_config_glue [-] ml2.physical_network_mtus = {} {{(pid=106529) log_opt_values /opt/stack/data/venv/lib/python3.12/site-packages/oslo_config/cfg.py:3006}}
Apr 22 13:10:36.163921 np0000169318 neutron-periodic-workers[106529]: DEBUG cotyledon.oslo_config_glue [-] ml2.project_network_types = ['geneve'] {{(pid=106529) log_opt_values /opt/stack/data/venv/lib/python3.12/site-packages/oslo_config/cfg.py:3006}}
Apr 22 13:10:36.164034 np0000169318 neutron-periodic-workers[106529]: DEBUG cotyledon.oslo_config_glue [-] ml2.tunnelled_network_rp_name = rp_tunnelled {{(pid=106529) log_opt_values /opt/stack/data/venv/lib/python3.12/site-packages/oslo_config/cfg.py:3006}}
Apr 22 13:10:36.164091 np0000169318 neutron-periodic-workers[106529]: DEBUG cotyledon.oslo_config_glue [-] ml2.type_drivers = ['local', 'flat', 'vlan', 'geneve'] {{(pid=106529) log_opt_values /opt/stack/data/venv/lib/python3.12/site-packages/oslo_config/cfg.py:3006}}
Apr 22 13:10:36.164171 np0000169318 neutron-periodic-workers[106529]: DEBUG cotyledon.oslo_config_glue [-] ml2_type_flat.flat_networks = ['public'] {{(pid=106529) log_opt_values /opt/stack/data/venv/lib/python3.12/site-packages/oslo_config/cfg.py:3006}}
Apr 22 13:10:36.164262 np0000169318 neutron-periodic-workers[106529]: DEBUG cotyledon.oslo_config_glue [-] ml2_type_geneve.max_header_size = 38 {{(pid=106529) log_opt_values /opt/stack/data/venv/lib/python3.12/site-packages/oslo_config/cfg.py:3006}}
Apr 22 13:10:36.164397 np0000169318 neutron-periodic-workers[106529]: DEBUG cotyledon.oslo_config_glue [-] ml2_type_geneve.vni_ranges = ['1:65536'] {{(pid=106529) log_opt_values /opt/stack/data/venv/lib/python3.12/site-packages/oslo_config/cfg.py:3006}}
Apr 22 13:10:36.164455 np0000169318 neutron-periodic-workers[106529]: DEBUG cotyledon.oslo_config_glue [-] ml2_type_vlan.network_vlan_ranges = ['public'] {{(pid=106529) log_opt_values /opt/stack/data/venv/lib/python3.12/site-packages/oslo_config/cfg.py:3006}}
Apr 22 13:10:36.164528 np0000169318 neutron-periodic-workers[106529]: DEBUG cotyledon.oslo_config_glue [-] network_log.burst_limit = 25 {{(pid=106529) log_opt_values /opt/stack/data/venv/lib/python3.12/site-packages/oslo_config/cfg.py:3006}}
Apr 22 13:10:36.164572 np0000169318 neutron-periodic-workers[106529]: DEBUG cotyledon.oslo_config_glue [-] network_log.local_output_log_base = None {{(pid=106529) log_opt_values /opt/stack/data/venv/lib/python3.12/site-packages/oslo_config/cfg.py:3006}}
Apr 22 13:10:36.164615 np0000169318 neutron-periodic-workers[106529]: DEBUG cotyledon.oslo_config_glue [-] network_log.rate_limit = 100 {{(pid=106529) log_opt_values /opt/stack/data/venv/lib/python3.12/site-packages/oslo_config/cfg.py:3006}}
Apr 22 13:10:36.164689 np0000169318 neutron-periodic-workers[106529]: DEBUG cotyledon.oslo_config_glue [-] database.asyncio_connection = **** {{(pid=106529) log_opt_values /opt/stack/data/venv/lib/python3.12/site-packages/oslo_config/cfg.py:3006}}
Apr 22 13:10:36.164732 np0000169318 neutron-periodic-workers[106529]: DEBUG cotyledon.oslo_config_glue [-] database.asyncio_slave_connection = **** {{(pid=106529) log_opt_values /opt/stack/data/venv/lib/python3.12/site-packages/oslo_config/cfg.py:3006}}
Apr 22 13:10:36.164815 np0000169318 neutron-periodic-workers[106529]: DEBUG cotyledon.oslo_config_glue [-] database.backend = sqlalchemy {{(pid=106529) log_opt_values /opt/stack/data/venv/lib/python3.12/site-packages/oslo_config/cfg.py:3006}}
Apr 22 13:10:36.164929 np0000169318 neutron-periodic-workers[106529]: DEBUG cotyledon.oslo_config_glue [-] database.connection = **** {{(pid=106529) log_opt_values /opt/stack/data/venv/lib/python3.12/site-packages/oslo_config/cfg.py:3006}}
Apr 22 13:10:36.164967 np0000169318 neutron-periodic-workers[106529]: DEBUG cotyledon.oslo_config_glue [-] database.connection_debug = 0 {{(pid=106529) log_opt_values /opt/stack/data/venv/lib/python3.12/site-packages/oslo_config/cfg.py:3006}}
Apr 22 13:10:36.165027 np0000169318 neutron-periodic-workers[106529]: DEBUG cotyledon.oslo_config_glue [-] database.connection_parameters = {{(pid=106529) log_opt_values /opt/stack/data/venv/lib/python3.12/site-packages/oslo_config/cfg.py:3006}}
Apr 22 13:10:36.165199 np0000169318 neutron-periodic-workers[106529]: DEBUG cotyledon.oslo_config_glue [-] database.connection_recycle_time = 3600 {{(pid=106529) log_opt_values /opt/stack/data/venv/lib/python3.12/site-packages/oslo_config/cfg.py:3006}}
Apr 22 13:10:36.165287 np0000169318 neutron-periodic-workers[106529]: DEBUG cotyledon.oslo_config_glue [-] database.connection_trace = False {{(pid=106529) log_opt_values /opt/stack/data/venv/lib/python3.12/site-packages/oslo_config/cfg.py:3006}}
Apr 22 13:10:36.165371 np0000169318 neutron-periodic-workers[106529]: DEBUG cotyledon.oslo_config_glue [-] database.db_inc_retry_interval = True {{(pid=106529) log_opt_values /opt/stack/data/venv/lib/python3.12/site-packages/oslo_config/cfg.py:3006}}
Apr 22 13:10:36.165418 np0000169318 neutron-periodic-workers[106529]: DEBUG cotyledon.oslo_config_glue [-] database.db_max_retries = 20 {{(pid=106529) log_opt_values /opt/stack/data/venv/lib/python3.12/site-packages/oslo_config/cfg.py:3006}}
Apr 22 13:10:36.165495 np0000169318 neutron-periodic-workers[106529]: DEBUG cotyledon.oslo_config_glue [-] database.db_max_retry_interval = 10 {{(pid=106529) log_opt_values /opt/stack/data/venv/lib/python3.12/site-packages/oslo_config/cfg.py:3006}}
Apr 22 13:10:36.166343 np0000169318 neutron-periodic-workers[106529]: DEBUG cotyledon.oslo_config_glue [-] database.db_retry_interval = 1 {{(pid=106529) log_opt_values /opt/stack/data/venv/lib/python3.12/site-packages/oslo_config/cfg.py:3006}}
Apr 22 13:10:36.166384 np0000169318 neutron-periodic-workers[106529]: DEBUG cotyledon.oslo_config_glue [-] database.max_overflow = 50 {{(pid=106529) log_opt_values /opt/stack/data/venv/lib/python3.12/site-packages/oslo_config/cfg.py:3006}}
Apr 22 13:10:36.166482 np0000169318 neutron-periodic-workers[106529]: DEBUG cotyledon.oslo_config_glue [-] database.max_pool_size = 5 {{(pid=106529) log_opt_values /opt/stack/data/venv/lib/python3.12/site-packages/oslo_config/cfg.py:3006}}
Apr 22 13:10:36.166534 np0000169318 neutron-periodic-workers[106529]: DEBUG cotyledon.oslo_config_glue [-] database.max_retries = 10 {{(pid=106529) log_opt_values /opt/stack/data/venv/lib/python3.12/site-packages/oslo_config/cfg.py:3006}}
Apr 22 13:10:36.166601 np0000169318 neutron-periodic-workers[106529]: DEBUG cotyledon.oslo_config_glue [-] database.mysql_sql_mode = TRADITIONAL {{(pid=106529) log_opt_values /opt/stack/data/venv/lib/python3.12/site-packages/oslo_config/cfg.py:3006}}
Apr 22 13:10:36.166653 np0000169318 neutron-periodic-workers[106529]: DEBUG cotyledon.oslo_config_glue [-] database.mysql_wsrep_sync_wait = None {{(pid=106529) log_opt_values /opt/stack/data/venv/lib/python3.12/site-packages/oslo_config/cfg.py:3006}}
Apr 22 13:10:36.166697 np0000169318 neutron-periodic-workers[106529]: DEBUG cotyledon.oslo_config_glue [-] database.pool_timeout = None {{(pid=106529) log_opt_values /opt/stack/data/venv/lib/python3.12/site-packages/oslo_config/cfg.py:3006}}
Apr 22 13:10:36.166739 np0000169318 neutron-periodic-workers[106529]: DEBUG cotyledon.oslo_config_glue [-] database.retry_interval = 10 {{(pid=106529) log_opt_values /opt/stack/data/venv/lib/python3.12/site-packages/oslo_config/cfg.py:3006}}
Apr 22 13:10:36.166780 np0000169318 neutron-periodic-workers[106529]: DEBUG cotyledon.oslo_config_glue [-] database.slave_connection = **** {{(pid=106529) log_opt_values /opt/stack/data/venv/lib/python3.12/site-packages/oslo_config/cfg.py:3006}}
Apr 22 13:10:36.166903 np0000169318 neutron-periodic-workers[106529]: DEBUG cotyledon.oslo_config_glue [-] database.sqlite_synchronous = True {{(pid=106529) log_opt_values /opt/stack/data/venv/lib/python3.12/site-packages/oslo_config/cfg.py:3006}}
Apr 22 13:10:36.166949 np0000169318 neutron-periodic-workers[106529]: DEBUG cotyledon.oslo_config_glue [-] database.synchronous_reader = True {{(pid=106529) log_opt_values /opt/stack/data/venv/lib/python3.12/site-packages/oslo_config/cfg.py:3006}}
Apr 22 13:10:36.167002 np0000169318 neutron-periodic-workers[106529]: DEBUG cotyledon.oslo_config_glue [-] database.use_db_reconnect = False {{(pid=106529) log_opt_values /opt/stack/data/venv/lib/python3.12/site-packages/oslo_config/cfg.py:3006}}
Apr 22 13:10:36.167079 np0000169318 neutron-periodic-workers[106529]: DEBUG cotyledon.oslo_config_glue [-] ovn.bfd_min_rx = 1000 {{(pid=106529) log_opt_values /opt/stack/data/venv/lib/python3.12/site-packages/oslo_config/cfg.py:3006}}
Apr 22 13:10:36.167123 np0000169318 neutron-periodic-workers[106529]: DEBUG cotyledon.oslo_config_glue [-] ovn.bfd_min_tx = 100 {{(pid=106529) log_opt_values /opt/stack/data/venv/lib/python3.12/site-packages/oslo_config/cfg.py:3006}}
Apr 22 13:10:36.167163 np0000169318 neutron-periodic-workers[106529]: DEBUG cotyledon.oslo_config_glue [-] ovn.bfd_mult = 3 {{(pid=106529) log_opt_values /opt/stack/data/venv/lib/python3.12/site-packages/oslo_config/cfg.py:3006}}
Apr 22 13:10:36.167212 np0000169318 neutron-periodic-workers[106529]: DEBUG cotyledon.oslo_config_glue [-] ovn.broadcast_arps_to_all_routers = True {{(pid=106529) log_opt_values /opt/stack/data/venv/lib/python3.12/site-packages/oslo_config/cfg.py:3006}}
Apr 22 13:10:36.167255 np0000169318 neutron-periodic-workers[106529]: DEBUG cotyledon.oslo_config_glue [-] ovn.dhcp_default_lease_time = 43200 {{(pid=106529) log_opt_values /opt/stack/data/venv/lib/python3.12/site-packages/oslo_config/cfg.py:3006}}
Apr 22 13:10:36.167297 np0000169318 neutron-periodic-workers[106529]: DEBUG cotyledon.oslo_config_glue [-] ovn.disable_ovn_dhcp_for_baremetal_ports = False {{(pid=106529) log_opt_values /opt/stack/data/venv/lib/python3.12/site-packages/oslo_config/cfg.py:3006}}
Apr 22 13:10:36.167391 np0000169318 neutron-periodic-workers[106529]: DEBUG cotyledon.oslo_config_glue [-] ovn.dns_records_ovn_owned = False {{(pid=106529) log_opt_values /opt/stack/data/venv/lib/python3.12/site-packages/oslo_config/cfg.py:3006}}
Apr 22 13:10:36.167450 np0000169318 neutron-periodic-workers[106529]: DEBUG cotyledon.oslo_config_glue [-] ovn.dns_servers = [] {{(pid=106529) log_opt_values /opt/stack/data/venv/lib/python3.12/site-packages/oslo_config/cfg.py:3006}}
Apr 22 13:10:36.167490 np0000169318 neutron-periodic-workers[106529]: DEBUG cotyledon.oslo_config_glue [-] ovn.enable_distributed_floating_ip = False {{(pid=106529) log_opt_values /opt/stack/data/venv/lib/python3.12/site-packages/oslo_config/cfg.py:3006}}
Apr 22 13:10:36.167524 np0000169318 neutron-periodic-workers[106529]: DEBUG cotyledon.oslo_config_glue [-] ovn.fdb_age_threshold = 300 {{(pid=106529) log_opt_values /opt/stack/data/venv/lib/python3.12/site-packages/oslo_config/cfg.py:3006}}
Apr 22 13:10:36.167569 np0000169318 neutron-periodic-workers[106529]: DEBUG cotyledon.oslo_config_glue [-] ovn.ha_failover_strategy = normal {{(pid=106529) log_opt_values /opt/stack/data/venv/lib/python3.12/site-packages/oslo_config/cfg.py:3006}}
Apr 22 13:10:36.167602 np0000169318 neutron-periodic-workers[106529]: DEBUG cotyledon.oslo_config_glue [-] ovn.live_migration_activation_strategy = rarp {{(pid=106529) log_opt_values /opt/stack/data/venv/lib/python3.12/site-packages/oslo_config/cfg.py:3006}}
Apr 22 13:10:36.167682 np0000169318 neutron-periodic-workers[106529]: DEBUG cotyledon.oslo_config_glue [-] ovn.localnet_learn_fdb = False {{(pid=106529) log_opt_values /opt/stack/data/venv/lib/python3.12/site-packages/oslo_config/cfg.py:3006}}
Apr 22 13:10:36.167781 np0000169318 neutron-periodic-workers[106529]: DEBUG cotyledon.oslo_config_glue [-] ovn.mac_binding_age_threshold = 300 {{(pid=106529) log_opt_values /opt/stack/data/venv/lib/python3.12/site-packages/oslo_config/cfg.py:3006}}
Apr 22 13:10:36.167837 np0000169318 neutron-periodic-workers[106529]: DEBUG cotyledon.oslo_config_glue [-] ovn.neutron_sync_mode = log {{(pid=106529) log_opt_values /opt/stack/data/venv/lib/python3.12/site-packages/oslo_config/cfg.py:3006}}
Apr 22 13:10:36.167895 np0000169318 neutron-periodic-workers[106529]: DEBUG cotyledon.oslo_config_glue [-] ovn.ovn_dhcp4_global_options = {} {{(pid=106529) log_opt_values /opt/stack/data/venv/lib/python3.12/site-packages/oslo_config/cfg.py:3006}}
Apr 22 13:10:36.167933 np0000169318 neutron-periodic-workers[106529]: DEBUG cotyledon.oslo_config_glue [-] ovn.ovn_dhcp6_global_options = {} {{(pid=106529) log_opt_values /opt/stack/data/venv/lib/python3.12/site-packages/oslo_config/cfg.py:3006}}
Apr 22 13:10:36.167978 np0000169318 neutron-periodic-workers[106529]: DEBUG cotyledon.oslo_config_glue [-] ovn.ovn_l3_scheduler = leastloaded {{(pid=106529) log_opt_values /opt/stack/data/venv/lib/python3.12/site-packages/oslo_config/cfg.py:3006}}
Apr 22 13:10:36.168012 np0000169318 neutron-periodic-workers[106529]: DEBUG cotyledon.oslo_config_glue [-] ovn.ovn_metadata_enabled = True {{(pid=106529) log_opt_values /opt/stack/data/venv/lib/python3.12/site-packages/oslo_config/cfg.py:3006}}
Apr 22 13:10:36.168097 np0000169318 neutron-periodic-workers[106529]: DEBUG cotyledon.oslo_config_glue [-] ovn.ovn_nb_ca_cert = /opt/stack/data/CA/int-ca/ca-chain.pem {{(pid=106529) log_opt_values /opt/stack/data/venv/lib/python3.12/site-packages/oslo_config/cfg.py:3006}}
Apr 22 13:10:36.168184 np0000169318 neutron-periodic-workers[106529]: DEBUG cotyledon.oslo_config_glue [-] ovn.ovn_nb_certificate = /opt/stack/data/CA/int-ca/devstack-cert.crt {{(pid=106529) log_opt_values /opt/stack/data/venv/lib/python3.12/site-packages/oslo_config/cfg.py:3006}}
Apr 22 13:10:36.168246 np0000169318 neutron-periodic-workers[106529]: DEBUG cotyledon.oslo_config_glue [-] ovn.ovn_nb_connection = ['ssl:199.19.213.80:6641'] {{(pid=106529) log_opt_values /opt/stack/data/venv/lib/python3.12/site-packages/oslo_config/cfg.py:3006}}
Apr 22 13:10:36.168293 np0000169318 neutron-periodic-workers[106529]: DEBUG cotyledon.oslo_config_glue [-] ovn.ovn_nb_private_key = /opt/stack/data/CA/int-ca/private/devstack-cert.key {{(pid=106529) log_opt_values /opt/stack/data/venv/lib/python3.12/site-packages/oslo_config/cfg.py:3006}}
Apr 22 13:10:36.168385 np0000169318 neutron-periodic-workers[106529]: DEBUG cotyledon.oslo_config_glue [-] ovn.ovn_router_indirect_snat = False {{(pid=106529) log_opt_values /opt/stack/data/venv/lib/python3.12/site-packages/oslo_config/cfg.py:3006}}
Apr 22 13:10:36.168443 np0000169318 neutron-periodic-workers[106529]: DEBUG cotyledon.oslo_config_glue [-] ovn.ovn_sb_ca_cert = /opt/stack/data/CA/int-ca/ca-chain.pem {{(pid=106529) log_opt_values /opt/stack/data/venv/lib/python3.12/site-packages/oslo_config/cfg.py:3006}}
Apr 22 13:10:36.168485 np0000169318 neutron-periodic-workers[106529]: DEBUG cotyledon.oslo_config_glue [-] ovn.ovn_sb_certificate = /opt/stack/data/CA/int-ca/devstack-cert.crt {{(pid=106529) log_opt_values /opt/stack/data/venv/lib/python3.12/site-packages/oslo_config/cfg.py:3006}}
Apr 22 13:10:36.168532 np0000169318 neutron-periodic-workers[106529]: DEBUG cotyledon.oslo_config_glue [-] ovn.ovn_sb_connection = ['ssl:199.19.213.80:6642'] {{(pid=106529) log_opt_values /opt/stack/data/venv/lib/python3.12/site-packages/oslo_config/cfg.py:3006}}
Apr 22 13:10:36.168566 np0000169318 neutron-periodic-workers[106529]: DEBUG cotyledon.oslo_config_glue [-] ovn.ovn_sb_private_key = /opt/stack/data/CA/int-ca/private/devstack-cert.key {{(pid=106529) log_opt_values /opt/stack/data/venv/lib/python3.12/site-packages/oslo_config/cfg.py:3006}}
Apr 22 13:10:36.168613 np0000169318 neutron-periodic-workers[106529]: DEBUG cotyledon.oslo_config_glue [-] ovn.ovs_create_tap = False {{(pid=106529) log_opt_values /opt/stack/data/venv/lib/python3.12/site-packages/oslo_config/cfg.py:3006}}
Apr 22 13:10:36.168656 np0000169318 neutron-periodic-workers[106529]: DEBUG cotyledon.oslo_config_glue [-] ovn.ovsdb_connection_timeout = 180 {{(pid=106529) log_opt_values /opt/stack/data/venv/lib/python3.12/site-packages/oslo_config/cfg.py:3006}}
Apr 22 13:10:36.168690 np0000169318 neutron-periodic-workers[106529]: DEBUG cotyledon.oslo_config_glue [-] ovn.ovsdb_log_level = INFO {{(pid=106529) log_opt_values /opt/stack/data/venv/lib/python3.12/site-packages/oslo_config/cfg.py:3006}}
Apr 22 13:10:36.168745 np0000169318 neutron-periodic-workers[106529]: DEBUG cotyledon.oslo_config_glue [-] ovn.ovsdb_probe_interval = 60000 {{(pid=106529) log_opt_values /opt/stack/data/venv/lib/python3.12/site-packages/oslo_config/cfg.py:3006}}
Apr 22 13:10:36.168788 np0000169318 neutron-periodic-workers[106529]: DEBUG cotyledon.oslo_config_glue [-] ovn.ovsdb_retry_max_interval = 180 {{(pid=106529) log_opt_values /opt/stack/data/venv/lib/python3.12/site-packages/oslo_config/cfg.py:3006}}
Apr 22 13:10:36.168833 np0000169318 neutron-periodic-workers[106529]: DEBUG cotyledon.oslo_config_glue [-] ovn.stateless_nat_enabled = False {{(pid=106529) log_opt_values /opt/stack/data/venv/lib/python3.12/site-packages/oslo_config/cfg.py:3006}}
Apr 22 13:10:36.168879 np0000169318 neutron-periodic-workers[106529]: DEBUG cotyledon.oslo_config_glue [-] ovn.vhost_sock_dir = /var/run/openvswitch {{(pid=106529) log_opt_values /opt/stack/data/venv/lib/python3.12/site-packages/oslo_config/cfg.py:3006}}
Apr 22 13:10:36.168983 np0000169318 neutron-periodic-workers[106529]: DEBUG cotyledon.oslo_config_glue [-] OVS.bridge_mac_table_size = 50000 {{(pid=106529) log_opt_values /opt/stack/data/venv/lib/python3.12/site-packages/oslo_config/cfg.py:3006}}
Apr 22 13:10:36.169115 np0000169318 neutron-periodic-workers[106529]: DEBUG cotyledon.oslo_config_glue [-] OVS.igmp_flood = False {{(pid=106529) log_opt_values /opt/stack/data/venv/lib/python3.12/site-packages/oslo_config/cfg.py:3006}}
Apr 22 13:10:36.169167 np0000169318 neutron-periodic-workers[106529]: DEBUG cotyledon.oslo_config_glue [-] OVS.igmp_flood_reports = True {{(pid=106529) log_opt_values /opt/stack/data/venv/lib/python3.12/site-packages/oslo_config/cfg.py:3006}}
Apr 22 13:10:36.169215 np0000169318 neutron-periodic-workers[106529]: DEBUG cotyledon.oslo_config_glue [-] OVS.igmp_flood_unregistered = False {{(pid=106529) log_opt_values /opt/stack/data/venv/lib/python3.12/site-packages/oslo_config/cfg.py:3006}}
Apr 22 13:10:36.169297 np0000169318 neutron-periodic-workers[106529]: DEBUG cotyledon.oslo_config_glue [-] OVS.igmp_snooping_enable = False {{(pid=106529) log_opt_values /opt/stack/data/venv/lib/python3.12/site-packages/oslo_config/cfg.py:3006}}
Apr 22 13:10:36.169407 np0000169318 neutron-periodic-workers[106529]: DEBUG cotyledon.oslo_config_glue [-] OVS.ovsdb_timeout = 10 {{(pid=106529) log_opt_values /opt/stack/data/venv/lib/python3.12/site-packages/oslo_config/cfg.py:3006}}
Apr 22 13:10:36.169492 np0000169318 neutron-periodic-workers[106529]: DEBUG cotyledon.oslo_config_glue [-] ovn_nb_global.fdb_removal_limit = 0 {{(pid=106529) log_opt_values /opt/stack/data/venv/lib/python3.12/site-packages/oslo_config/cfg.py:3006}}
Apr 22 13:10:36.169571 np0000169318 neutron-periodic-workers[106529]: DEBUG cotyledon.oslo_config_glue [-] ovn_nb_global.ignore_lsp_down = False {{(pid=106529) log_opt_values /opt/stack/data/venv/lib/python3.12/site-packages/oslo_config/cfg.py:3006}}
Apr 22 13:10:36.169622 np0000169318 neutron-periodic-workers[106529]: DEBUG cotyledon.oslo_config_glue [-] ovn_nb_global.mac_binding_removal_limit = 0 {{(pid=106529) log_opt_values /opt/stack/data/venv/lib/python3.12/site-packages/oslo_config/cfg.py:3006}}
Apr 22 13:10:36.169655 np0000169318 neutron-periodic-workers[106529]: DEBUG cotyledon.oslo_config_glue [-] ******************************************************************************** {{(pid=106529) log_opt_values /opt/stack/data/venv/lib/python3.12/site-packages/oslo_config/cfg.py:3013}}
Apr 22 13:10:36.169921 np0000169318 neutron-periodic-workers[106529]: DEBUG cotyledon._service_worker [-] Run service ServiceWrapper(0) [106529] {{(pid=106529) wait_forever /opt/stack/data/venv/lib/python3.12/site-packages/cotyledon/_service_worker.py:218}}
Apr 22 13:10:45.802371 np0000169318 neutron-periodic-workers[105706]: DEBUG dbcounter [-] [105706] Writing DB stats neutron:SELECT=4 {{(pid=105706) stat_writer /opt/stack/data/venv/lib/python3.12/site-packages/dbcounter.py:115}}
Apr 22 13:10:47.112343 np0000169318 neutron-periodic-workers[106507]: DEBUG oslo_db.sqlalchemy.engines [None req-f398ea99-789c-4777-a2a9-400d22e23ba1 None None] Parent process 105706 forked (106507) with an open database connection, which is being discarded and recreated. {{(pid=106507) checkout /opt/stack/data/venv/lib/python3.12/site-packages/oslo_db/sqlalchemy/engines.py:402}}
Apr 22 13:10:47.143901 np0000169318 neutron-periodic-workers[106507]: DEBUG dbcounter [-] [106507] Writer thread running {{(pid=106507) stat_writer /opt/stack/data/venv/lib/python3.12/site-packages/dbcounter.py:102}}
Apr 22 13:10:47.156660 np0000169318 neutron-periodic-workers[106507]: DEBUG oslo.service.backend._threading.loopingcall [None req-f398ea99-789c-4777-a2a9-400d22e23ba1 None None] Fixed interval looping call 'neutron.services.ovn_l3.plugin.L3_NAT_dbonly_mixin._clean_garbage' sleeping for 299.95 seconds {{(pid=106507) _run_loop /opt/stack/data/venv/lib/python3.12/site-packages/oslo_service/backend/_threading/loopingcall.py:125}}
Apr 22 13:10:57.144616 np0000169318 neutron-periodic-workers[106507]: DEBUG dbcounter [-] [106507] Writing DB stats neutron:SELECT=1 {{(pid=106507) stat_writer /opt/stack/data/venv/lib/python3.12/site-packages/dbcounter.py:115}}
Apr 22 13:11:27.163550 np0000169318 neutron-periodic-workers[106521]: DEBUG dbcounter [-] [106521] Writer thread running {{(pid=106521) stat_writer /opt/stack/data/venv/lib/python3.12/site-packages/dbcounter.py:102}}
Apr 22 13:11:27.167942 np0000169318 neutron-periodic-workers[106521]: DEBUG neutron.db.agents_db [None req-1c21f9f6-1135-4058-9eae-8153884af555 None None] Agent healthcheck: found 0 active agents {{(pid=106521) agent_health_check /opt/stack/neutron/neutron/db/agents_db.py:317}}
Apr 22 13:11:27.168189 np0000169318 neutron-periodic-workers[106521]: DEBUG oslo.service.backend._threading.loopingcall [None req-1c21f9f6-1135-4058-9eae-8153884af555 None None] Fixed interval looping call 'neutron.plugins.ml2.plugin.AgentDbMixin.agent_health_check' sleeping for 36.98 seconds {{(pid=106521) _run_loop /opt/stack/data/venv/lib/python3.12/site-packages/oslo_service/backend/_threading/loopingcall.py:125}}
Apr 22 13:11:30.145088 np0000169318 neutron-periodic-workers[106511]: DEBUG dbcounter [-] [106511] Writer thread running {{(pid=106511) stat_writer /opt/stack/data/venv/lib/python3.12/site-packages/dbcounter.py:102}}
Apr 22 13:11:30.154143 np0000169318 neutron-periodic-workers[106511]: DEBUG oslo.service.backend._threading.loopingcall [None req-f4310324-9c28-4616-b80b-51049d1d88bc None None] Fixed interval looping call 'neutron.plugins.ml2.plugin.DhcpAgentSchedulerDbMixin.remove_networks_from_down_agents' sleeping for 36.98 seconds {{(pid=106511) _run_loop /opt/stack/data/venv/lib/python3.12/site-packages/oslo_service/backend/_threading/loopingcall.py:125}}
Apr 22 13:11:37.164403 np0000169318 neutron-periodic-workers[106521]: DEBUG dbcounter [-] [106521] Writing DB stats neutron:SELECT=1 {{(pid=106521) stat_writer /opt/stack/data/venv/lib/python3.12/site-packages/dbcounter.py:115}}
Apr 22 13:11:40.152372 np0000169318 neutron-periodic-workers[106511]: DEBUG dbcounter [-] [106511] Writing DB stats neutron:SELECT=3 {{(pid=106511) stat_writer /opt/stack/data/venv/lib/python3.12/site-packages/dbcounter.py:115}}
Apr 22 13:12:04.154949 np0000169318 neutron-periodic-workers[106521]: DEBUG neutron.db.agents_db [None req-1c21f9f6-1135-4058-9eae-8153884af555 None None] Agent healthcheck: found 0 active agents {{(pid=106521) agent_health_check /opt/stack/neutron/neutron/db/agents_db.py:317}}
Apr 22 13:12:04.155702 np0000169318 neutron-periodic-workers[106521]: DEBUG oslo.service.backend._threading.loopingcall [None req-1c21f9f6-1135-4058-9eae-8153884af555 None None] Fixed interval looping call 'neutron.plugins.ml2.plugin.AgentDbMixin.agent_health_check' sleeping for 36.99 seconds {{(pid=106521) _run_loop /opt/stack/data/venv/lib/python3.12/site-packages/oslo_service/backend/_threading/loopingcall.py:125}}
Apr 22 13:12:07.143734 np0000169318 neutron-periodic-workers[106511]: DEBUG oslo.service.backend._threading.loopingcall [None req-f4310324-9c28-4616-b80b-51049d1d88bc None None] Fixed interval looping call 'neutron.plugins.ml2.plugin.DhcpAgentSchedulerDbMixin.remove_networks_from_down_agents' sleeping for 36.99 seconds {{(pid=106511) _run_loop /opt/stack/data/venv/lib/python3.12/site-packages/oslo_service/backend/_threading/loopingcall.py:125}}
Apr 22 13:12:14.154467 np0000169318 neutron-periodic-workers[106521]: DEBUG dbcounter [-] [106521] Writing DB stats neutron:SELECT=1 {{(pid=106521) stat_writer /opt/stack/data/venv/lib/python3.12/site-packages/dbcounter.py:115}}
Apr 22 13:12:17.143282 np0000169318 neutron-periodic-workers[106511]: DEBUG dbcounter [-] [106511] Writing DB stats neutron:SELECT=3 {{(pid=106511) stat_writer /opt/stack/data/venv/lib/python3.12/site-packages/dbcounter.py:115}}
Apr 22 13:12:36.185896 np0000169318 neutron-periodic-workers[106529]: DEBUG dbcounter [-] [106529] Writer thread running {{(pid=106529) stat_writer /opt/stack/data/venv/lib/python3.12/site-packages/dbcounter.py:102}}
Apr 22 13:12:36.187706 np0000169318 neutron-periodic-workers[106529]: DEBUG oslo.service.backend._threading.loopingcall [None req-37632647-b9ce-49c9-bdef-b343840c2930 None None] Fixed interval looping call 'neutron.db.quota.driver_nolock.DbQuotaNoLockDriver._remove_expired_reservations' sleeping for 119.99 seconds {{(pid=106529) _run_loop /opt/stack/data/venv/lib/python3.12/site-packages/oslo_service/backend/_threading/loopingcall.py:125}}
Apr 22 13:12:41.151671 np0000169318 neutron-periodic-workers[106521]: DEBUG neutron.db.agents_db [None req-1c21f9f6-1135-4058-9eae-8153884af555 None None] Agent healthcheck: found 0 active agents {{(pid=106521) agent_health_check /opt/stack/neutron/neutron/db/agents_db.py:317}}
Apr 22 13:12:41.151671 np0000169318 neutron-periodic-workers[106521]: DEBUG oslo.service.backend._threading.loopingcall [None req-1c21f9f6-1135-4058-9eae-8153884af555 None None] Fixed interval looping call 'neutron.plugins.ml2.plugin.AgentDbMixin.agent_health_check' sleeping for 36.99 seconds {{(pid=106521) _run_loop /opt/stack/data/venv/lib/python3.12/site-packages/oslo_service/backend/_threading/loopingcall.py:125}}
Apr 22 13:12:44.141899 np0000169318 neutron-periodic-workers[106511]: DEBUG oslo.service.backend._threading.loopingcall [None req-f4310324-9c28-4616-b80b-51049d1d88bc None None] Fixed interval looping call 'neutron.plugins.ml2.plugin.DhcpAgentSchedulerDbMixin.remove_networks_from_down_agents' sleeping for 36.99 seconds {{(pid=106511) _run_loop /opt/stack/data/venv/lib/python3.12/site-packages/oslo_service/backend/_threading/loopingcall.py:125}}
Apr 22 13:12:46.186703 np0000169318 neutron-periodic-workers[106529]: DEBUG dbcounter [-] [106529] Writing DB stats neutron:DELETE=1 {{(pid=106529) stat_writer /opt/stack/data/venv/lib/python3.12/site-packages/dbcounter.py:115}}
Apr 22 13:12:51.151447 np0000169318 neutron-periodic-workers[106521]: DEBUG dbcounter [-] [106521] Writing DB stats neutron:SELECT=1 {{(pid=106521) stat_writer /opt/stack/data/venv/lib/python3.12/site-packages/dbcounter.py:115}}
Apr 22 13:12:54.141167 np0000169318 neutron-periodic-workers[106511]: DEBUG dbcounter [-] [106511] Writing DB stats neutron:SELECT=3 {{(pid=106511) stat_writer /opt/stack/data/venv/lib/python3.12/site-packages/dbcounter.py:115}}
Apr 22 13:13:18.147618 np0000169318 neutron-periodic-workers[106521]: DEBUG neutron.db.agents_db [None req-1c21f9f6-1135-4058-9eae-8153884af555 None None] Agent healthcheck: found 0 active agents {{(pid=106521) agent_health_check /opt/stack/neutron/neutron/db/agents_db.py:317}}
Apr 22 13:13:18.148598 np0000169318 neutron-periodic-workers[106521]: DEBUG oslo.service.backend._threading.loopingcall [None req-1c21f9f6-1135-4058-9eae-8153884af555 None None] Fixed interval looping call 'neutron.plugins.ml2.plugin.AgentDbMixin.agent_health_check' sleeping for 36.99 seconds {{(pid=106521) _run_loop /opt/stack/data/venv/lib/python3.12/site-packages/oslo_service/backend/_threading/loopingcall.py:125}}
Apr 22 13:13:21.143025 np0000169318 neutron-periodic-workers[106511]: DEBUG oslo.service.backend._threading.loopingcall [None req-f4310324-9c28-4616-b80b-51049d1d88bc None None] Fixed interval looping call 'neutron.plugins.ml2.plugin.DhcpAgentSchedulerDbMixin.remove_networks_from_down_agents' sleeping for 36.99 seconds {{(pid=106511) _run_loop /opt/stack/data/venv/lib/python3.12/site-packages/oslo_service/backend/_threading/loopingcall.py:125}}
Apr 22 13:13:28.145589 np0000169318 neutron-periodic-workers[106521]: DEBUG dbcounter [-] [106521] Writing DB stats neutron:SELECT=1 {{(pid=106521) stat_writer /opt/stack/data/venv/lib/python3.12/site-packages/dbcounter.py:115}}
Apr 22 13:13:31.141145 np0000169318 neutron-periodic-workers[106511]: DEBUG dbcounter [-] [106511] Writing DB stats neutron:SELECT=3 {{(pid=106511) stat_writer /opt/stack/data/venv/lib/python3.12/site-packages/dbcounter.py:115}}
Apr 22 13:13:55.142897 np0000169318 neutron-periodic-workers[106521]: DEBUG neutron.db.agents_db [None req-1c21f9f6-1135-4058-9eae-8153884af555 None None] Agent healthcheck: found 0 active agents {{(pid=106521) agent_health_check /opt/stack/neutron/neutron/db/agents_db.py:317}}
Apr 22 13:13:55.143616 np0000169318 neutron-periodic-workers[106521]: DEBUG oslo.service.backend._threading.loopingcall [None req-1c21f9f6-1135-4058-9eae-8153884af555 None None] Fixed interval looping call 'neutron.plugins.ml2.plugin.AgentDbMixin.agent_health_check' sleeping for 37.00 seconds {{(pid=106521) _run_loop /opt/stack/data/venv/lib/python3.12/site-packages/oslo_service/backend/_threading/loopingcall.py:125}}
Apr 22 13:13:58.143668 np0000169318 neutron-periodic-workers[106511]: DEBUG oslo.service.backend._threading.loopingcall [None req-f4310324-9c28-4616-b80b-51049d1d88bc None None] Fixed interval looping call 'neutron.plugins.ml2.plugin.DhcpAgentSchedulerDbMixin.remove_networks_from_down_agents' sleeping for 36.99 seconds {{(pid=106511) _run_loop /opt/stack/data/venv/lib/python3.12/site-packages/oslo_service/backend/_threading/loopingcall.py:125}}
Apr 22 13:14:05.141114 np0000169318 neutron-periodic-workers[106521]: DEBUG dbcounter [-] [106521] Writing DB stats neutron:SELECT=1 {{(pid=106521) stat_writer /opt/stack/data/venv/lib/python3.12/site-packages/dbcounter.py:115}}
Apr 22 13:14:08.141985 np0000169318 neutron-periodic-workers[106511]: DEBUG dbcounter [-] [106511] Writing DB stats neutron:SELECT=3 {{(pid=106511) stat_writer /opt/stack/data/venv/lib/python3.12/site-packages/dbcounter.py:115}}
Apr 22 13:14:32.149479 np0000169318 neutron-periodic-workers[106521]: DEBUG neutron.db.agents_db [None req-1c21f9f6-1135-4058-9eae-8153884af555 None None] Agent healthcheck: found 0 active agents {{(pid=106521) agent_health_check /opt/stack/neutron/neutron/db/agents_db.py:317}}
Apr 22 13:14:32.150003 np0000169318 neutron-periodic-workers[106521]: DEBUG oslo.service.backend._threading.loopingcall [None req-1c21f9f6-1135-4058-9eae-8153884af555 None None] Fixed interval looping call 'neutron.plugins.ml2.plugin.AgentDbMixin.agent_health_check' sleeping for 36.99 seconds {{(pid=106521) _run_loop /opt/stack/data/venv/lib/python3.12/site-packages/oslo_service/backend/_threading/loopingcall.py:125}}
Apr 22 13:14:35.140012 np0000169318 neutron-periodic-workers[106511]: DEBUG oslo.service.backend._threading.loopingcall [None req-f4310324-9c28-4616-b80b-51049d1d88bc None None] Fixed interval looping call 'neutron.plugins.ml2.plugin.DhcpAgentSchedulerDbMixin.remove_networks_from_down_agents' sleeping for 36.99 seconds {{(pid=106511) _run_loop /opt/stack/data/venv/lib/python3.12/site-packages/oslo_service/backend/_threading/loopingcall.py:125}}
Apr 22 13:14:36.190123 np0000169318 neutron-periodic-workers[106529]: DEBUG oslo.service.backend._threading.loopingcall [None req-37632647-b9ce-49c9-bdef-b343840c2930 None None] Fixed interval looping call 'neutron.db.quota.driver_nolock.DbQuotaNoLockDriver._remove_expired_reservations' sleeping for 119.99 seconds {{(pid=106529) _run_loop /opt/stack/data/venv/lib/python3.12/site-packages/oslo_service/backend/_threading/loopingcall.py:125}}
Apr 22 13:14:42.147533 np0000169318 neutron-periodic-workers[106521]: DEBUG dbcounter [-] [106521] Writing DB stats neutron:SELECT=1 {{(pid=106521) stat_writer /opt/stack/data/venv/lib/python3.12/site-packages/dbcounter.py:115}}
Apr 22 13:14:45.139240 np0000169318 neutron-periodic-workers[106511]: DEBUG dbcounter [-] [106511] Writing DB stats neutron:SELECT=3 {{(pid=106511) stat_writer /opt/stack/data/venv/lib/python3.12/site-packages/dbcounter.py:115}}
Apr 22 13:14:46.184358 np0000169318 neutron-periodic-workers[106529]: DEBUG dbcounter [-] [106529] Writing DB stats neutron:DELETE=1 {{(pid=106529) stat_writer /opt/stack/data/venv/lib/python3.12/site-packages/dbcounter.py:115}}
Apr 22 13:15:09.144608 np0000169318 neutron-periodic-workers[106521]: DEBUG neutron.db.agents_db [None req-1c21f9f6-1135-4058-9eae-8153884af555 None None] Agent healthcheck: found 0 active agents {{(pid=106521) agent_health_check /opt/stack/neutron/neutron/db/agents_db.py:317}}
Apr 22 13:15:09.145124 np0000169318 neutron-periodic-workers[106521]: DEBUG oslo.service.backend._threading.loopingcall [None req-1c21f9f6-1135-4058-9eae-8153884af555 None None] Fixed interval looping call 'neutron.plugins.ml2.plugin.AgentDbMixin.agent_health_check' sleeping for 37.00 seconds {{(pid=106521) _run_loop /opt/stack/data/venv/lib/python3.12/site-packages/oslo_service/backend/_threading/loopingcall.py:125}}
Apr 22 13:15:12.141862 np0000169318 neutron-periodic-workers[106511]: DEBUG oslo.service.backend._threading.loopingcall [None req-f4310324-9c28-4616-b80b-51049d1d88bc None None] Fixed interval looping call 'neutron.plugins.ml2.plugin.DhcpAgentSchedulerDbMixin.remove_networks_from_down_agents' sleeping for 36.99 seconds {{(pid=106511) _run_loop /opt/stack/data/venv/lib/python3.12/site-packages/oslo_service/backend/_threading/loopingcall.py:125}}
Apr 22 13:15:19.143044 np0000169318 neutron-periodic-workers[106521]: DEBUG dbcounter [-] [106521] Writing DB stats neutron:SELECT=1 {{(pid=106521) stat_writer /opt/stack/data/venv/lib/python3.12/site-packages/dbcounter.py:115}}
Apr 22 13:15:22.139980 np0000169318 neutron-periodic-workers[106511]: DEBUG dbcounter [-] [106511] Writing DB stats neutron:SELECT=3 {{(pid=106511) stat_writer /opt/stack/data/venv/lib/python3.12/site-packages/dbcounter.py:115}}
Apr 22 13:15:46.150150 np0000169318 neutron-periodic-workers[106521]: DEBUG neutron.db.agents_db [None req-1c21f9f6-1135-4058-9eae-8153884af555 None None] Agent healthcheck: found 0 active agents {{(pid=106521) agent_health_check /opt/stack/neutron/neutron/db/agents_db.py:317}}
Apr 22 13:15:46.151049 np0000169318 neutron-periodic-workers[106521]: DEBUG oslo.service.backend._threading.loopingcall [None req-1c21f9f6-1135-4058-9eae-8153884af555 None None] Fixed interval looping call 'neutron.plugins.ml2.plugin.AgentDbMixin.agent_health_check' sleeping for 36.99 seconds {{(pid=106521) _run_loop /opt/stack/data/venv/lib/python3.12/site-packages/oslo_service/backend/_threading/loopingcall.py:125}}
Apr 22 13:15:47.115946 np0000169318 neutron-periodic-workers[106507]: DEBUG oslo.service.backend._threading.loopingcall [None req-f398ea99-789c-4777-a2a9-400d22e23ba1 None None] Fixed interval looping call 'neutron.services.ovn_l3.plugin.L3_NAT_dbonly_mixin._clean_garbage' sleeping for 299.99 seconds {{(pid=106507) _run_loop /opt/stack/data/venv/lib/python3.12/site-packages/oslo_service/backend/_threading/loopingcall.py:125}}
Apr 22 13:15:49.138780 np0000169318 neutron-periodic-workers[106511]: DEBUG oslo.service.backend._threading.loopingcall [None req-f4310324-9c28-4616-b80b-51049d1d88bc None None] Fixed interval looping call 'neutron.plugins.ml2.plugin.DhcpAgentSchedulerDbMixin.remove_networks_from_down_agents' sleeping for 36.99 seconds {{(pid=106511) _run_loop /opt/stack/data/venv/lib/python3.12/site-packages/oslo_service/backend/_threading/loopingcall.py:125}}
Apr 22 13:15:56.149061 np0000169318 neutron-periodic-workers[106521]: DEBUG dbcounter [-] [106521] Writing DB stats neutron:SELECT=1 {{(pid=106521) stat_writer /opt/stack/data/venv/lib/python3.12/site-packages/dbcounter.py:115}}
Apr 22 13:15:57.109660 np0000169318 neutron-periodic-workers[106507]: DEBUG dbcounter [-] [106507] Writing DB stats neutron:SELECT=1 {{(pid=106507) stat_writer /opt/stack/data/venv/lib/python3.12/site-packages/dbcounter.py:115}}
Apr 22 13:15:59.138386 np0000169318 neutron-periodic-workers[106511]: DEBUG dbcounter [-] [106511] Writing DB stats neutron:SELECT=3 {{(pid=106511) stat_writer /opt/stack/data/venv/lib/python3.12/site-packages/dbcounter.py:115}}
Apr 22 13:16:23.145996 np0000169318 neutron-periodic-workers[106521]: DEBUG neutron.db.agents_db [None req-1c21f9f6-1135-4058-9eae-8153884af555 None None] Agent healthcheck: found 0 active agents {{(pid=106521) agent_health_check /opt/stack/neutron/neutron/db/agents_db.py:317}}
Apr 22 13:16:23.145996 np0000169318 neutron-periodic-workers[106521]: DEBUG oslo.service.backend._threading.loopingcall [None req-1c21f9f6-1135-4058-9eae-8153884af555 None None] Fixed interval looping call 'neutron.plugins.ml2.plugin.AgentDbMixin.agent_health_check' sleeping for 36.99 seconds {{(pid=106521) _run_loop /opt/stack/data/venv/lib/python3.12/site-packages/oslo_service/backend/_threading/loopingcall.py:125}}
Apr 22 13:16:26.138952 np0000169318 neutron-periodic-workers[106511]: DEBUG oslo.service.backend._threading.loopingcall [None req-f4310324-9c28-4616-b80b-51049d1d88bc None None] Fixed interval looping call 'neutron.plugins.ml2.plugin.DhcpAgentSchedulerDbMixin.remove_networks_from_down_agents' sleeping for 36.99 seconds {{(pid=106511) _run_loop /opt/stack/data/venv/lib/python3.12/site-packages/oslo_service/backend/_threading/loopingcall.py:125}}
Apr 22 13:16:33.182510 np0000169318 neutron-periodic-workers[106521]: DEBUG dbcounter [-] [106521] Writing DB stats neutron:SELECT=1 {{(pid=106521) stat_writer /opt/stack/data/venv/lib/python3.12/site-packages/dbcounter.py:115}}
Apr 22 13:16:36.137724 np0000169318 neutron-periodic-workers[106511]: DEBUG dbcounter [-] [106511] Writing DB stats neutron:SELECT=3 {{(pid=106511) stat_writer /opt/stack/data/venv/lib/python3.12/site-packages/dbcounter.py:115}}
Apr 22 13:16:36.185091 np0000169318 neutron-periodic-workers[106529]: DEBUG oslo.service.backend._threading.loopingcall [None req-37632647-b9ce-49c9-bdef-b343840c2930 None None] Fixed interval looping call 'neutron.db.quota.driver_nolock.DbQuotaNoLockDriver._remove_expired_reservations' sleeping for 120.00 seconds {{(pid=106529) _run_loop /opt/stack/data/venv/lib/python3.12/site-packages/oslo_service/backend/_threading/loopingcall.py:125}}
Apr 22 13:16:46.183765 np0000169318 neutron-periodic-workers[106529]: DEBUG dbcounter [-] [106529] Writing DB stats neutron:DELETE=1 {{(pid=106529) stat_writer /opt/stack/data/venv/lib/python3.12/site-packages/dbcounter.py:115}}
Apr 22 13:17:00.145595 np0000169318 neutron-periodic-workers[106521]: DEBUG neutron.db.agents_db [None req-1c21f9f6-1135-4058-9eae-8153884af555 None None] Agent healthcheck: found 0 active agents {{(pid=106521) agent_health_check /opt/stack/neutron/neutron/db/agents_db.py:317}}
Apr 22 13:17:00.146157 np0000169318 neutron-periodic-workers[106521]: DEBUG oslo.service.backend._threading.loopingcall [None req-1c21f9f6-1135-4058-9eae-8153884af555 None None] Fixed interval looping call 'neutron.plugins.ml2.plugin.AgentDbMixin.agent_health_check' sleeping for 36.99 seconds {{(pid=106521) _run_loop /opt/stack/data/venv/lib/python3.12/site-packages/oslo_service/backend/_threading/loopingcall.py:125}}
Apr 22 13:17:03.138997 np0000169318 neutron-periodic-workers[106511]: DEBUG oslo.service.backend._threading.loopingcall [None req-f4310324-9c28-4616-b80b-51049d1d88bc None None] Fixed interval looping call 'neutron.plugins.ml2.plugin.DhcpAgentSchedulerDbMixin.remove_networks_from_down_agents' sleeping for 36.99 seconds {{(pid=106511) _run_loop /opt/stack/data/venv/lib/python3.12/site-packages/oslo_service/backend/_threading/loopingcall.py:125}}
Apr 22 13:17:10.142834 np0000169318 neutron-periodic-workers[106521]: DEBUG dbcounter [-] [106521] Writing DB stats neutron:SELECT=1 {{(pid=106521) stat_writer /opt/stack/data/venv/lib/python3.12/site-packages/dbcounter.py:115}}
Apr 22 13:17:13.138054 np0000169318 neutron-periodic-workers[106511]: DEBUG dbcounter [-] [106511] Writing DB stats neutron:SELECT=3 {{(pid=106511) stat_writer /opt/stack/data/venv/lib/python3.12/site-packages/dbcounter.py:115}}
Apr 22 13:17:37.141063 np0000169318 neutron-periodic-workers[106521]: DEBUG neutron.db.agents_db [None req-1c21f9f6-1135-4058-9eae-8153884af555 None None] Agent healthcheck: found 0 active agents {{(pid=106521) agent_health_check /opt/stack/neutron/neutron/db/agents_db.py:317}}
Apr 22 13:17:37.141984 np0000169318 neutron-periodic-workers[106521]: DEBUG oslo.service.backend._threading.loopingcall [None req-1c21f9f6-1135-4058-9eae-8153884af555 None None] Fixed interval looping call 'neutron.plugins.ml2.plugin.AgentDbMixin.agent_health_check' sleeping for 36.99 seconds {{(pid=106521) _run_loop /opt/stack/data/venv/lib/python3.12/site-packages/oslo_service/backend/_threading/loopingcall.py:125}}
Apr 22 13:17:40.142836 np0000169318 neutron-periodic-workers[106511]: DEBUG oslo.service.backend._threading.loopingcall [None req-f4310324-9c28-4616-b80b-51049d1d88bc None None] Fixed interval looping call 'neutron.plugins.ml2.plugin.DhcpAgentSchedulerDbMixin.remove_networks_from_down_agents' sleeping for 36.99 seconds {{(pid=106511) _run_loop /opt/stack/data/venv/lib/python3.12/site-packages/oslo_service/backend/_threading/loopingcall.py:125}}
Apr 22 13:17:47.139177 np0000169318 neutron-periodic-workers[106521]: DEBUG dbcounter [-] [106521] Writing DB stats neutron:SELECT=1 {{(pid=106521) stat_writer /opt/stack/data/venv/lib/python3.12/site-packages/dbcounter.py:115}}
Apr 22 13:17:50.140033 np0000169318 neutron-periodic-workers[106511]: DEBUG dbcounter [-] [106511] Writing DB stats neutron:SELECT=3 {{(pid=106511) stat_writer /opt/stack/data/venv/lib/python3.12/site-packages/dbcounter.py:115}}
Apr 22 13:18:14.137114 np0000169318 neutron-periodic-workers[106521]: DEBUG neutron.db.agents_db [None req-1c21f9f6-1135-4058-9eae-8153884af555 None None] Agent healthcheck: found 0 active agents {{(pid=106521) agent_health_check /opt/stack/neutron/neutron/db/agents_db.py:317}}
Apr 22 13:18:14.138010 np0000169318 neutron-periodic-workers[106521]: DEBUG oslo.service.backend._threading.loopingcall [None req-1c21f9f6-1135-4058-9eae-8153884af555 None None] Fixed interval looping call 'neutron.plugins.ml2.plugin.AgentDbMixin.agent_health_check' sleeping for 36.99 seconds {{(pid=106521) _run_loop /opt/stack/data/venv/lib/python3.12/site-packages/oslo_service/backend/_threading/loopingcall.py:125}}
Apr 22 13:18:17.142048 np0000169318 neutron-periodic-workers[106511]: DEBUG oslo.service.backend._threading.loopingcall [None req-f4310324-9c28-4616-b80b-51049d1d88bc None None] Fixed interval looping call 'neutron.plugins.ml2.plugin.DhcpAgentSchedulerDbMixin.remove_networks_from_down_agents' sleeping for 36.99 seconds {{(pid=106511) _run_loop /opt/stack/data/venv/lib/python3.12/site-packages/oslo_service/backend/_threading/loopingcall.py:125}}
Apr 22 13:18:24.135425 np0000169318 neutron-periodic-workers[106521]: DEBUG dbcounter [-] [106521] Writing DB stats neutron:SELECT=1 {{(pid=106521) stat_writer /opt/stack/data/venv/lib/python3.12/site-packages/dbcounter.py:115}}
Apr 22 13:18:27.141535 np0000169318 neutron-periodic-workers[106511]: DEBUG dbcounter [-] [106511] Writing DB stats neutron:SELECT=3 {{(pid=106511) stat_writer /opt/stack/data/venv/lib/python3.12/site-packages/dbcounter.py:115}}
Apr 22 13:18:36.190500 np0000169318 neutron-periodic-workers[106529]: DEBUG oslo.service.backend._threading.loopingcall [None req-37632647-b9ce-49c9-bdef-b343840c2930 None None] Fixed interval looping call 'neutron.db.quota.driver_nolock.DbQuotaNoLockDriver._remove_expired_reservations' sleeping for 120.00 seconds {{(pid=106529) _run_loop /opt/stack/data/venv/lib/python3.12/site-packages/oslo_service/backend/_threading/loopingcall.py:125}}
Apr 22 13:18:46.188785 np0000169318 neutron-periodic-workers[106529]: DEBUG dbcounter [-] [106529] Writing DB stats neutron:DELETE=1 {{(pid=106529) stat_writer /opt/stack/data/venv/lib/python3.12/site-packages/dbcounter.py:115}}
Apr 22 13:18:51.136437 np0000169318 neutron-periodic-workers[106521]: DEBUG neutron.db.agents_db [None req-1c21f9f6-1135-4058-9eae-8153884af555 None None] Agent healthcheck: found 0 active agents {{(pid=106521) agent_health_check /opt/stack/neutron/neutron/db/agents_db.py:317}}
Apr 22 13:18:51.136993 np0000169318 neutron-periodic-workers[106521]: DEBUG oslo.service.backend._threading.loopingcall [None req-1c21f9f6-1135-4058-9eae-8153884af555 None None] Fixed interval looping call 'neutron.plugins.ml2.plugin.AgentDbMixin.agent_health_check' sleeping for 36.99 seconds {{(pid=106521) _run_loop /opt/stack/data/venv/lib/python3.12/site-packages/oslo_service/backend/_threading/loopingcall.py:125}}
Apr 22 13:18:54.142327 np0000169318 neutron-periodic-workers[106511]: DEBUG oslo.service.backend._threading.loopingcall [None req-f4310324-9c28-4616-b80b-51049d1d88bc None None] Fixed interval looping call 'neutron.plugins.ml2.plugin.DhcpAgentSchedulerDbMixin.remove_networks_from_down_agents' sleeping for 36.99 seconds {{(pid=106511) _run_loop /opt/stack/data/venv/lib/python3.12/site-packages/oslo_service/backend/_threading/loopingcall.py:125}}
Apr 22 13:19:01.134890 np0000169318 neutron-periodic-workers[106521]: DEBUG dbcounter [-] [106521] Writing DB stats neutron:SELECT=1 {{(pid=106521) stat_writer /opt/stack/data/venv/lib/python3.12/site-packages/dbcounter.py:115}}
Apr 22 13:19:04.141070 np0000169318 neutron-periodic-workers[106511]: DEBUG dbcounter [-] [106511] Writing DB stats neutron:SELECT=3 {{(pid=106511) stat_writer /opt/stack/data/venv/lib/python3.12/site-packages/dbcounter.py:115}}
Apr 22 13:19:28.132831 np0000169318 neutron-periodic-workers[106521]: DEBUG neutron.db.agents_db [None req-1c21f9f6-1135-4058-9eae-8153884af555 None None] Agent healthcheck: found 0 active agents {{(pid=106521) agent_health_check /opt/stack/neutron/neutron/db/agents_db.py:317}}
Apr 22 13:19:28.133487 np0000169318 neutron-periodic-workers[106521]: DEBUG oslo.service.backend._threading.loopingcall [None req-1c21f9f6-1135-4058-9eae-8153884af555 None None] Fixed interval looping call 'neutron.plugins.ml2.plugin.AgentDbMixin.agent_health_check' sleeping for 36.99 seconds {{(pid=106521) _run_loop /opt/stack/data/venv/lib/python3.12/site-packages/oslo_service/backend/_threading/loopingcall.py:125}}
Apr 22 13:19:31.142044 np0000169318 neutron-periodic-workers[106511]: DEBUG oslo.service.backend._threading.loopingcall [None req-f4310324-9c28-4616-b80b-51049d1d88bc None None] Fixed interval looping call 'neutron.plugins.ml2.plugin.DhcpAgentSchedulerDbMixin.remove_networks_from_down_agents' sleeping for 36.99 seconds {{(pid=106511) _run_loop /opt/stack/data/venv/lib/python3.12/site-packages/oslo_service/backend/_threading/loopingcall.py:125}}
Apr 22 13:19:38.131696 np0000169318 neutron-periodic-workers[106521]: DEBUG dbcounter [-] [106521] Writing DB stats neutron:SELECT=1 {{(pid=106521) stat_writer /opt/stack/data/venv/lib/python3.12/site-packages/dbcounter.py:115}}
Apr 22 13:19:41.140745 np0000169318 neutron-periodic-workers[106511]: DEBUG dbcounter [-] [106511] Writing DB stats neutron:SELECT=3 {{(pid=106511) stat_writer /opt/stack/data/venv/lib/python3.12/site-packages/dbcounter.py:115}}
Apr 22 13:20:05.127951 np0000169318 neutron-periodic-workers[106521]: DEBUG neutron.db.agents_db [None req-1c21f9f6-1135-4058-9eae-8153884af555 None None] Agent healthcheck: found 0 active agents {{(pid=106521) agent_health_check /opt/stack/neutron/neutron/db/agents_db.py:317}}
Apr 22 13:20:05.128489 np0000169318 neutron-periodic-workers[106521]: DEBUG oslo.service.backend._threading.loopingcall [None req-1c21f9f6-1135-4058-9eae-8153884af555 None None] Fixed interval looping call 'neutron.plugins.ml2.plugin.AgentDbMixin.agent_health_check' sleeping for 37.00 seconds {{(pid=106521) _run_loop /opt/stack/data/venv/lib/python3.12/site-packages/oslo_service/backend/_threading/loopingcall.py:125}}
Apr 22 13:20:08.144586 np0000169318 neutron-periodic-workers[106511]: DEBUG oslo.service.backend._threading.loopingcall [None req-f4310324-9c28-4616-b80b-51049d1d88bc None None] Fixed interval looping call 'neutron.plugins.ml2.plugin.DhcpAgentSchedulerDbMixin.remove_networks_from_down_agents' sleeping for 36.99 seconds {{(pid=106511) _run_loop /opt/stack/data/venv/lib/python3.12/site-packages/oslo_service/backend/_threading/loopingcall.py:125}}
Apr 22 13:20:15.126873 np0000169318 neutron-periodic-workers[106521]: DEBUG dbcounter [-] [106521] Writing DB stats neutron:SELECT=1 {{(pid=106521) stat_writer /opt/stack/data/venv/lib/python3.12/site-packages/dbcounter.py:115}}
Apr 22 13:20:18.143766 np0000169318 neutron-periodic-workers[106511]: DEBUG dbcounter [-] [106511] Writing DB stats neutron:SELECT=3 {{(pid=106511) stat_writer /opt/stack/data/venv/lib/python3.12/site-packages/dbcounter.py:115}}
