2026-07-02 01:30:14.658 10 INFO neutron.wsgi [None req-68d6e3c1-8081-4ac9-b48f-a895332aaa9f b6c281d8787648f2b2adfb9d9c27c016 1dea4936f93949538b44ba9b8bdc1d40 - - default default] 10.0.0.102 "GET /v2.0/extensions/fip-port-details HTTP/1.1" status: 200 len: 406 time: 0.0044999
2026-07-02 01:30:14.666 9 INFO neutron.wsgi [None req-eb2915dd-37c7-4d1b-bb4e-ee7d29186610 b6c281d8787648f2b2adfb9d9c27c016 1dea4936f93949538b44ba9b8bdc1d40 - - default default] 10.0.0.102 "GET /v2.0/extensions/flavors HTTP/1.1" status: 200 len: 387 time: 0.0053182
2026-07-02 01:30:14.677 10 INFO neutron.wsgi [None req-289b0565-f4c0-4628-b0d2-ba8db3c90f81 b6c281d8787648f2b2adfb9d9c27c016 1dea4936f93949538b44ba9b8bdc1d40 - - default default] 10.0.0.102 "GET /v2.0/extensions/floatingip-pools HTTP/1.1" status: 200 len: 382 time: 0.0066967
2026-07-02 01:30:14.684 9 INFO neutron.wsgi [None req-a15cb543-c2c4-4da5-8fec-a2a21b963454 b6c281d8787648f2b2adfb9d9c27c016 1dea4936f93949538b44ba9b8bdc1d40 - - default default] 10.0.0.102 "GET /v2.0/extensions/ip_allocation HTTP/1.1" status: 200 len: 356 time: 0.0036662
2026-07-02 01:30:14.691 9 INFO neutron.wsgi [None req-61301174-6f72-448b-9c8e-7f1265cb0727 b6c281d8787648f2b2adfb9d9c27c016 1dea4936f93949538b44ba9b8bdc1d40 - - default default] 10.0.0.102 "GET /v2.0/extensions/l2_adjacency HTTP/1.1" status: 200 len: 372 time: 0.0034103
2026-07-02 01:30:14.698 9 INFO neutron.wsgi [None req-00a093d5-ff62-4ffb-a2ea-23cb0b39566b b6c281d8787648f2b2adfb9d9c27c016 1dea4936f93949538b44ba9b8bdc1d40 - - default default] 10.0.0.102 "GET /v2.0/extensions/router HTTP/1.1" status: 200 len: 450 time: 0.0036883
2026-07-02 01:30:14.709 10 INFO neutron.wsgi [None req-89a4e1d1-7554-4518-9844-c2447bac6f02 b6c281d8787648f2b2adfb9d9c27c016 1dea4936f93949538b44ba9b8bdc1d40 - - default default] 10.0.0.102 "GET /v2.0/extensions/ext-gw-mode HTTP/1.1" status: 200 len: 462 time: 0.0068789
2026-07-02 01:30:14.717 10 INFO neutron.wsgi [None req-058502a2-d1cf-47a1-874a-7263327ba37a b6c281d8787648f2b2adfb9d9c27c016 1dea4936f93949538b44ba9b8bdc1d40 - - default default] 10.0.0.102 "GET /v2.0/extensions/logging HTTP/1.1" status: 200 len: 407 time: 0.0042665
2026-07-02 01:30:14.726 10 INFO neutron.wsgi [None req-85f43585-cb07-4eb0-9e25-bafd0f04dfc2 b6c281d8787648f2b2adfb9d9c27c016 1dea4936f93949538b44ba9b8bdc1d40 - - default default] 10.0.0.102 "GET /v2.0/extensions/multi-provider HTTP/1.1" status: 200 len: 406 time: 0.0045574
2026-07-02 01:30:14.734 10 INFO neutron.wsgi [None req-66cb2924-5434-4c4b-a24b-f0ebe643d18d b6c281d8787648f2b2adfb9d9c27c016 1dea4936f93949538b44ba9b8bdc1d40 - - default default] 10.0.0.102 "GET /v2.0/extensions/net-mtu HTTP/1.1" status: 200 len: 370 time: 0.0042694
2026-07-02 01:30:14.742 10 INFO neutron.wsgi [None req-7f348c57-a1bf-4ccc-8574-caa14208702b b6c281d8787648f2b2adfb9d9c27c016 1dea4936f93949538b44ba9b8bdc1d40 - - default default] 10.0.0.102 "GET /v2.0/extensions/net-mtu-writable HTTP/1.1" status: 200 len: 401 time: 0.0043941
2026-07-02 01:30:14.749 10 INFO neutron.wsgi [None req-5207ab11-a21a-4226-932e-9175cc855a28 b6c281d8787648f2b2adfb9d9c27c016 1dea4936f93949538b44ba9b8bdc1d40 - - default default] 10.0.0.102 "GET /v2.0/extensions/network_availability_zone HTTP/1.1" status: 200 len: 394 time: 0.0042791
2026-07-02 01:30:14.759 10 INFO neutron.wsgi [None req-d972c1a6-59d9-4390-9024-431a12229fa7 b6c281d8787648f2b2adfb9d9c27c016 1dea4936f93949538b44ba9b8bdc1d40 - - default default] 10.0.0.102 "GET /v2.0/extensions/network-ip-availability HTTP/1.1" status: 200 len: 410 time: 0.0048010
2026-07-02 01:30:14.769 10 INFO neutron.wsgi [None req-1876b5e6-8bb0-4abb-9f5d-f5bd61a9a2db b6c281d8787648f2b2adfb9d9c27c016 1dea4936f93949538b44ba9b8bdc1d40 - - default default] 10.0.0.102 "GET /v2.0/extensions/pagination HTTP/1.1" status: 200 len: 386 time: 0.0059395
2026-07-02 01:30:14.777 10 INFO neutron.wsgi [None req-dfbaf358-215e-4431-b3b7-be18312e3b4d b6c281d8787648f2b2adfb9d9c27c016 1dea4936f93949538b44ba9b8bdc1d40 - - default default] 10.0.0.102 "GET /v2.0/extensions/port-device-profile HTTP/1.1" status: 200 len: 383 time: 0.0041764
2026-07-02 01:30:14.787 10 INFO neutron.wsgi [None req-0f88b2de-c4a0-4943-a14b-84a12f8ecb23 b6c281d8787648f2b2adfb9d9c27c016 1dea4936f93949538b44ba9b8bdc1d40 - - default default] 10.0.0.102 "GET /v2.0/extensions/port-mac-address-regenerate HTTP/1.1" status: 200 len: 403 time: 0.0042582
2026-07-02 01:30:14.795 10 INFO neutron.wsgi [None req-5ab95620-2d2f-4e74-b360-956d14f28cce b6c281d8787648f2b2adfb9d9c27c016 1dea4936f93949538b44ba9b8bdc1d40 - - default default] 10.0.0.102 "GET /v2.0/extensions/port-numa-affinity-policy HTTP/1.1" status: 200 len: 392 time: 0.0046513
2026-07-02 01:30:14.805 10 INFO neutron.wsgi [None req-4150cb63-e16b-4284-88a8-a7e9831f9b71 b6c281d8787648f2b2adfb9d9c27c016 1dea4936f93949538b44ba9b8bdc1d40 - - default default] 10.0.0.102 "GET /v2.0/extensions/port-resource-request HTTP/1.1" status: 200 len: 379 time: 0.0072529
2026-07-02 01:30:14.821 9 INFO neutron.wsgi [None req-1b2b320c-30f3-4e88-a582-d029788749ee b6c281d8787648f2b2adfb9d9c27c016 1dea4936f93949538b44ba9b8bdc1d40 - - default default] 10.0.0.102 "GET /v2.0/extensions/port-resource-request-groups HTTP/1.1" status: 200 len: 465 time: 0.0055296
2026-07-02 01:30:14.833 10 INFO neutron.wsgi [None req-c885b96d-0723-44f2-80de-c59eee54abf7 b6c281d8787648f2b2adfb9d9c27c016 1dea4936f93949538b44ba9b8bdc1d40 - - default default] 10.0.0.102 "GET /v2.0/extensions/binding HTTP/1.1" status: 200 len: 387 time: 0.0078661
2026-07-02 01:30:14.839 10 INFO neutron.wsgi [None req-79a39c86-0b37-41ce-b1a6-e5aaf32aee4d b6c281d8787648f2b2adfb9d9c27c016 1dea4936f93949538b44ba9b8bdc1d40 - - default default] 10.0.0.102 "GET /v2.0/extensions/binding-extended HTTP/1.1" status: 200 len: 406 time: 0.0033383
2026-07-02 01:30:14.843 10 INFO neutron.wsgi [-] 10.0.0.50 "GET / HTTP/1.1" status: 200 len: 246 time: 0.0014830
2026-07-02 01:30:14.844 10 INFO neutron.wsgi [-] 10.0.0.50 "GET / HTTP/1.1" status: 200 len: 246 time: 0.0008633
2026-07-02 01:30:14.852 9 INFO neutron.wsgi [None req-8daaf569-cab7-48d2-b140-2a831c571d38 b6c281d8787648f2b2adfb9d9c27c016 1dea4936f93949538b44ba9b8bdc1d40 - - default default] 10.0.0.102 "GET /v2.0/extensions/port-security HTTP/1.1" status: 200 len: 354 time: 0.0085635
2026-07-02 01:30:14.860 10 INFO neutron.wsgi [None req-97ddf51b-410d-422c-9584-b025145f53f6 b6c281d8787648f2b2adfb9d9c27c016 1dea4936f93949538b44ba9b8bdc1d40 - - default default] 10.0.0.102 "GET /v2.0/extensions/project-id HTTP/1.1" status: 200 len: 398 time: 0.0043457
2026-07-02 01:30:14.869 10 INFO neutron.wsgi [None req-ee3b15db-1bdd-43e0-b8c5-538dc47e10ca b6c281d8787648f2b2adfb9d9c27c016 1dea4936f93949538b44ba9b8bdc1d40 - - default default] 10.0.0.102 "GET /v2.0/extensions/provider HTTP/1.1" status: 200 len: 385 time: 0.0046973
2026-07-02 01:30:14.882 10 INFO neutron.wsgi [None req-e9c80ce6-08fc-4310-a359-df26ada42e7d b6c281d8787648f2b2adfb9d9c27c016 1dea4936f93949538b44ba9b8bdc1d40 - - default default] 10.0.0.102 "GET /v2.0/extensions/qos HTTP/1.1" status: 200 len: 360 time: 0.0043731
2026-07-02 01:30:14.889 10 INFO neutron.wsgi [None req-aaf783aa-d76b-4e4c-8193-5448e6e50cbe b6c281d8787648f2b2adfb9d9c27c016 1dea4936f93949538b44ba9b8bdc1d40 - - default default] 10.0.0.102 "GET /v2.0/extensions/qos-bw-limit-direction HTTP/1.1" status: 200 len: 452 time: 0.0042200
2026-07-02 01:30:14.896 10 INFO neutron.wsgi [None req-192e7cde-9854-495c-b5dc-e5411e6c77e0 b6c281d8787648f2b2adfb9d9c27c016 1dea4936f93949538b44ba9b8bdc1d40 - - default default] 10.0.0.102 "GET /v2.0/extensions/qos-bw-minimum-ingress HTTP/1.1" status: 200 len: 445 time: 0.0040236
2026-07-02 01:30:14.903 10 INFO neutron.wsgi [None req-b6a01de9-3008-4da0-954e-00b486a61907 b6c281d8787648f2b2adfb9d9c27c016 1dea4936f93949538b44ba9b8bdc1d40 - - default default] 10.0.0.102 "GET /v2.0/extensions/qos-default HTTP/1.1" status: 200 len: 377 time: 0.0039263
2026-07-02 01:30:14.910 10 INFO neutron.wsgi [None req-56b0c505-1863-42de-a6d3-06e9e2809386 b6c281d8787648f2b2adfb9d9c27c016 1dea4936f93949538b44ba9b8bdc1d40 - - default default] 10.0.0.102 "GET /v2.0/extensions/qos-fip HTTP/1.1" status: 200 len: 372 time: 0.0041530
2026-07-02 01:30:14.917 10 INFO neutron.wsgi [None req-51289630-a776-4f8b-a13c-c1b3d3229a20 b6c281d8787648f2b2adfb9d9c27c016 1dea4936f93949538b44ba9b8bdc1d40 - - default default] 10.0.0.102 "GET /v2.0/extensions/qos-gateway-ip HTTP/1.1" status: 200 len: 391 time: 0.0039542
2026-07-02 01:30:14.924 10 INFO neutron.wsgi [None req-eea1a169-5814-4d4f-948c-074321a8a4d5 b6c281d8787648f2b2adfb9d9c27c016 1dea4936f93949538b44ba9b8bdc1d40 - - default default] 10.0.0.102 "GET /v2.0/extensions/qos-port-network-policy HTTP/1.1" status: 200 len: 403 time: 0.0040565
2026-07-02 01:30:14.931 10 INFO neutron.wsgi [None req-00ec5896-de6e-40db-beb8-ceecde714d80 b6c281d8787648f2b2adfb9d9c27c016 1dea4936f93949538b44ba9b8bdc1d40 - - default default] 10.0.0.102 "GET /v2.0/extensions/qos-pps-minimum HTTP/1.1" status: 200 len: 397 time: 0.0041711
2026-07-02 01:30:14.938 10 INFO neutron.wsgi [None req-9a0b9ad2-0aaf-42f0-8da7-c4df37972e42 b6c281d8787648f2b2adfb9d9c27c016 1dea4936f93949538b44ba9b8bdc1d40 - - default default] 10.0.0.102 "GET /v2.0/extensions/qos-pps-minimum-rule-alias HTTP/1.1" status: 200 len: 471 time: 0.0041564
2026-07-02 01:30:14.944 10 INFO neutron.wsgi [None req-bddd3a4c-70f6-4d74-8430-f83b42e3a9b2 b6c281d8787648f2b2adfb9d9c27c016 1dea4936f93949538b44ba9b8bdc1d40 - - default default] 10.0.0.102 "GET /v2.0/extensions/qos-pps HTTP/1.1" status: 200 len: 389 time: 0.0027516
2026-07-02 01:30:14.946 9 WARNING neutron.scheduler.dhcp_agent_scheduler [None req-2a55b6c2-b084-400f-ae69-fe1ace2d9b63 3a917af073e94918a60b24f8d4b72481 827b0bfd524840fe9523b973f101e468 - - - -] No more DHCP agents
2026-07-02 01:30:14.949 9 WARNING neutron.api.rpc.agentnotifiers.dhcp_rpc_agent_api [None req-2a55b6c2-b084-400f-ae69-fe1ace2d9b63 3a917af073e94918a60b24f8d4b72481 827b0bfd524840fe9523b973f101e468 - - - -] Unable to schedule network 99636e24-87d4-42be-8a44-0185d691327f: no agents available; will retry on subsequent port and subnet creation events.
2026-07-02 01:30:14.950 10 INFO neutron.wsgi [None req-1aeec8db-69b6-43b2-be80-ba79c3015a5c b6c281d8787648f2b2adfb9d9c27c016 1dea4936f93949538b44ba9b8bdc1d40 - - default default] 10.0.0.102 "GET /v2.0/extensions/qos-rule-type-details HTTP/1.1" status: 200 len: 423 time: 0.0038724
2026-07-02 01:30:14.958 10 INFO neutron.wsgi [None req-a8dc48f4-a356-4bf4-9281-d73854cdd5f7 b6c281d8787648f2b2adfb9d9c27c016 1dea4936f93949538b44ba9b8bdc1d40 - - default default] 10.0.0.102 "GET /v2.0/extensions/qos-rule-type-filter HTTP/1.1" status: 200 len: 567 time: 0.0038452
2026-07-02 01:30:14.966 9 INFO neutron.wsgi [None req-c12c315c-02cf-4d53-8ad7-dd469a21bf9d b6c281d8787648f2b2adfb9d9c27c016 1dea4936f93949538b44ba9b8bdc1d40 - - default default] 10.0.0.102 "GET /v2.0/extensions/qos-rules-alias HTTP/1.1" status: 200 len: 448 time: 0.0040743
2026-07-02 01:30:14.979 10 INFO neutron.wsgi [None req-04852a5c-1e72-4021-a0cf-f3ddfd428105 b6c281d8787648f2b2adfb9d9c27c016 1dea4936f93949538b44ba9b8bdc1d40 - - default default] 10.0.0.102 "GET /v2.0/extensions/quota-check-limit HTTP/1.1" status: 200 len: 420 time: 0.0087388
2026-07-02 01:30:14.986 10 INFO neutron.wsgi [None req-4c8733ad-506e-4a18-8319-6f5dc3e395eb b6c281d8787648f2b2adfb9d9c27c016 1dea4936f93949538b44ba9b8bdc1d40 - - default default] 10.0.0.102 "GET /v2.0/extensions/quotas HTTP/1.1" status: 200 len: 386 time: 0.0039458
2026-07-02 01:30:14.994 10 INFO neutron.wsgi [None req-5e7b1d4b-10e8-4897-ace7-cb9044f690cf b6c281d8787648f2b2adfb9d9c27c016 1dea4936f93949538b44ba9b8bdc1d40 - - default default] 10.0.0.102 "GET /v2.0/extensions/quota_details HTTP/1.1" status: 200 len: 407 time: 0.0043993
2026-07-02 01:30:15.002 10 INFO neutron.wsgi [None req-b078a1a2-6496-4403-bf44-27f4ed8a4f2c b6c281d8787648f2b2adfb9d9c27c016 1dea4936f93949538b44ba9b8bdc1d40 - - default default] 10.0.0.102 "GET /v2.0/extensions/rbac-policies HTTP/1.1" status: 200 len: 417 time: 0.0056202
2026-07-02 01:30:15.011 10 INFO neutron.wsgi [None req-51046424-f94f-4f9c-9949-c054e3b4629e b6c281d8787648f2b2adfb9d9c27c016 1dea4936f93949538b44ba9b8bdc1d40 - - default default] 10.0.0.102 "GET /v2.0/extensions/rbac-address-scope HTTP/1.1" status: 200 len: 384 time: 0.0049217
2026-07-02 01:30:15.019 10 INFO neutron.wsgi [None req-8bbd8e6c-9bfb-4c70-ad8a-1d593c857219 b6c281d8787648f2b2adfb9d9c27c016 1dea4936f93949538b44ba9b8bdc1d40 - - default default] 10.0.0.102 "GET /v2.0/extensions/rbac-security-groups HTTP/1.1" status: 200 len: 404 time: 0.0043273
2026-07-02 01:30:15.027 10 INFO neutron.wsgi [None req-affb9233-5411-4ec9-ab47-87412142cd16 b6c281d8787648f2b2adfb9d9c27c016 1dea4936f93949538b44ba9b8bdc1d40 - - default default] 10.0.0.102 "GET /v2.0/extensions/revision-if-match HTTP/1.1" status: 200 len: 441 time: 0.0039253
2026-07-02 01:30:15.034 10 INFO neutron.wsgi [None req-4eb9154e-a1e0-4efa-a70b-2fd70cdc66cb b6c281d8787648f2b2adfb9d9c27c016 1dea4936f93949538b44ba9b8bdc1d40 - - default default] 10.0.0.102 "GET /v2.0/extensions/standard-attr-revisions HTTP/1.1" status: 200 len: 423 time: 0.0042658
2026-07-02 01:30:15.042 10 INFO neutron.wsgi [None req-61f1a0ba-0b22-4e82-bf00-100c0150b82b b6c281d8787648f2b2adfb9d9c27c016 1dea4936f93949538b44ba9b8bdc1d40 - - default default] 10.0.0.102 "GET /v2.0/extensions/router_availability_zone HTTP/1.1" status: 200 len: 391 time: 0.0040791
2026-07-02 01:30:15.050 10 INFO neutron.wsgi [None req-2f1011dc-af9e-4ec8-a6d3-e8709a9be785 b6c281d8787648f2b2adfb9d9c27c016 1dea4936f93949538b44ba9b8bdc1d40 - - default default] 10.0.0.102 "GET /v2.0/extensions/security-groups-normalized-cidr HTTP/1.1" status: 200 len: 445 time: 0.0038333
2026-07-02 01:30:15.060 9 INFO neutron.wsgi [None req-923c9e45-2385-4334-84b7-6d7384421e42 b6c281d8787648f2b2adfb9d9c27c016 1dea4936f93949538b44ba9b8bdc1d40 - - default default] 10.0.0.102 "GET /v2.0/extensions/security-groups-remote-address-group HTTP/1.1" status: 200 len: 448 time: 0.0055022
2026-07-02 01:30:15.077 9 INFO neutron.db.ovn_revision_numbers_db [None req-2a55b6c2-b084-400f-ae69-fe1ace2d9b63 3a917af073e94918a60b24f8d4b72481 827b0bfd524840fe9523b973f101e468 - - - -] Successfully bumped revision number for resource 2e4023db-db95-4a05-8fc7-4e7d079f061b (type: ports) to 1
2026-07-02 01:30:15.078 10 INFO neutron.wsgi [None req-322ef903-941e-4385-978d-fa27f58080d2 b6c281d8787648f2b2adfb9d9c27c016 1dea4936f93949538b44ba9b8bdc1d40 - - default default] 10.0.0.102 "GET /v2.0/extensions/security-groups-shared-filtering HTTP/1.1" status: 200 len: 435 time: 0.0095558
2026-07-02 01:30:15.086 10 INFO neutron.wsgi [None req-0c71e7fd-f0f8-406a-bb2c-3f2c32243000 b6c281d8787648f2b2adfb9d9c27c016 1dea4936f93949538b44ba9b8bdc1d40 - - default default] 10.0.0.102 "GET /v2.0/extensions/security-group HTTP/1.1" status: 200 len: 364 time: 0.0035689
2026-07-02 01:30:15.094 10 INFO neutron.wsgi [None req-99fb7bfa-c668-4610-bc01-dfcb9388723b b6c281d8787648f2b2adfb9d9c27c016 1dea4936f93949538b44ba9b8bdc1d40 - - default default] 10.0.0.102 "GET /v2.0/extensions/segment HTTP/1.1" status: 200 len: 339 time: 0.0043082
2026-07-02 01:30:15.100 10 INFO neutron.wsgi [None req-a803245c-57ef-45cd-bdd8-81859526dced b6c281d8787648f2b2adfb9d9c27c016 1dea4936f93949538b44ba9b8bdc1d40 - - default default] 10.0.0.102 "GET /v2.0/extensions/segments-peer-subnet-host-routes HTTP/1.1" status: 200 len: 427 time: 0.0039744
2026-07-02 01:30:15.107 10 INFO neutron.wsgi [None req-45181451-1d35-4289-9ac3-038a9a519406 b6c281d8787648f2b2adfb9d9c27c016 1dea4936f93949538b44ba9b8bdc1d40 - - default default] 10.0.0.102 "GET /v2.0/extensions/service-type HTTP/1.1" status: 200 len: 415 time: 0.0040619
2026-07-02 01:30:15.115 10 INFO neutron.wsgi [None req-a7ed02b1-96e5-4917-9bc7-f7827013c181 b6c281d8787648f2b2adfb9d9c27c016 1dea4936f93949538b44ba9b8bdc1d40 - - default default] 10.0.0.102 "GET /v2.0/extensions/sorting HTTP/1.1" status: 200 len: 377 time: 0.0043218
2026-07-02 01:30:15.123 10 INFO neutron.wsgi [None req-7b549482-8246-4c0d-9a6a-e2668bf0297c b6c281d8787648f2b2adfb9d9c27c016 1dea4936f93949538b44ba9b8bdc1d40 - - default default] 10.0.0.102 "GET /v2.0/extensions/standard-attr-segment HTTP/1.1" status: 200 len: 406 time: 0.0040176
2026-07-02 01:30:15.131 10 INFO neutron.wsgi [None req-185398df-781f-443c-b4e3-63dfa21a550e b6c281d8787648f2b2adfb9d9c27c016 1dea4936f93949538b44ba9b8bdc1d40 - - default default] 10.0.0.102 "GET /v2.0/extensions/standard-attr-description HTTP/1.1" status: 200 len: 408 time: 0.0054297
2026-07-02 01:30:15.142 9 INFO neutron.wsgi [None req-d3f6cbce-0159-4529-9640-05f3818952c5 b6c281d8787648f2b2adfb9d9c27c016 1dea4936f93949538b44ba9b8bdc1d40 - - default default] 10.0.0.102 "GET /v2.0/extensions/stateful-security-group HTTP/1.1" status: 200 len: 402 time: 0.0043886
2026-07-02 01:30:15.150 10 INFO neutron.wsgi [None req-2623bcd2-fbf2-4bd5-b1ac-e7b3201cc885 b6c281d8787648f2b2adfb9d9c27c016 1dea4936f93949538b44ba9b8bdc1d40 - - default default] 10.0.0.102 "GET /v2.0/extensions/subnet-dns-publish-fixed-ip HTTP/1.1" status: 200 len: 421 time: 0.0050457
2026-07-02 01:30:15.159 10 INFO neutron.wsgi [None req-58532a32-cda6-4cbb-9f0d-59facc443ddc b6c281d8787648f2b2adfb9d9c27c016 1dea4936f93949538b44ba9b8bdc1d40 - - default default] 10.0.0.102 "GET /v2.0/extensions/subnet-segmentid-writable HTTP/1.1" status: 200 len: 421 time: 0.0053580
2026-07-02 01:30:15.167 10 INFO neutron.wsgi [None req-6087c390-7e9e-4931-9ff8-e79ab3086a75 b6c281d8787648f2b2adfb9d9c27c016 1dea4936f93949538b44ba9b8bdc1d40 - - default default] 10.0.0.102 "GET /v2.0/extensions/subnet-service-types HTTP/1.1" status: 200 len: 400 time: 0.0049248
2026-07-02 01:30:15.174 10 INFO neutron.wsgi [None req-5101ffba-50d6-4a47-9983-ad805e1538fb b6c281d8787648f2b2adfb9d9c27c016 1dea4936f93949538b44ba9b8bdc1d40 - - default default] 10.0.0.102 "GET /v2.0/extensions/subnet_allocation HTTP/1.1" status: 200 len: 388 time: 0.0042038
2026-07-02 01:30:15.183 10 INFO neutron.wsgi [None req-8bb5f255-e0f4-46d6-903a-c492f74fe424 b6c281d8787648f2b2adfb9d9c27c016 1dea4936f93949538b44ba9b8bdc1d40 - - default default] 10.0.0.102 "GET /v2.0/extensions/subnetpool-prefix-ops HTTP/1.1" status: 200 len: 418 time: 0.0047753
2026-07-02 01:30:15.192 10 INFO neutron.wsgi [None req-527c6c60-7f13-480b-bf9b-13504b0e9583 b6c281d8787648f2b2adfb9d9c27c016 1dea4936f93949538b44ba9b8bdc1d40 - - default default] 10.0.0.102 "GET /v2.0/extensions/standard-attr-tag HTTP/1.1" status: 200 len: 537 time: 0.0051973
2026-07-02 01:30:15.201 10 INFO neutron.wsgi [None req-1e5d22c1-52b1-426b-8e4f-4fe13a4e2ce7 b6c281d8787648f2b2adfb9d9c27c016 1dea4936f93949538b44ba9b8bdc1d40 - - default default] 10.0.0.102 "GET /v2.0/extensions/standard-attr-timestamp HTTP/1.1" status: 200 len: 449 time: 0.0046489
2026-07-02 01:30:15.210 10 INFO neutron.wsgi [None req-d075f444-ca41-4be8-b0f3-185b3845978f b6c281d8787648f2b2adfb9d9c27c016 1dea4936f93949538b44ba9b8bdc1d40 - - default default] 10.0.0.102 "GET /v2.0/extensions/trunk HTTP/1.1" status: 200 len: 358 time: 0.0046508
2026-07-02 01:30:15.217 10 INFO neutron.wsgi [None req-0f592c3d-3ecc-47eb-89ad-a387f3721997 b6c281d8787648f2b2adfb9d9c27c016 1dea4936f93949538b44ba9b8bdc1d40 - - default default] 10.0.0.102 "GET /v2.0/extensions/trunk-details HTTP/1.1" status: 200 len: 362 time: 0.0043573
2026-07-02 01:30:15.613 9 INFO neutron.plugins.ml2.drivers.ovn.mech_driver.mech_driver [None req-b9f58edc-9286-4c3d-994b-c19ceb4dae95 - - - - - -] OVN reports status up for port: 2e4023db-db95-4a05-8fc7-4e7d079f061b
2026-07-02 01:30:15.789 10 INFO neutron.db.ovn_revision_numbers_db [None req-9a1663a3-14ec-4618-aba5-9ca2fb68bc54 3a917af073e94918a60b24f8d4b72481 827b0bfd524840fe9523b973f101e468 - - default default] Successfully bumped revision number for resource 063fa9c8-575f-4582-ac3e-750a5e50c61d (type: security_groups) to 1
2026-07-02 01:30:15.812 10 INFO neutron.wsgi [None req-9a1663a3-14ec-4618-aba5-9ca2fb68bc54 3a917af073e94918a60b24f8d4b72481 827b0bfd524840fe9523b973f101e468 - - default default] 10.0.0.102 "GET /v2.0/security-groups?tenant_id=1dea4936f93949538b44ba9b8bdc1d40&name=default HTTP/1.1" status: 200 len: 2996 time: 0.1375523
2026-07-02 01:30:15.828 9 INFO neutron.plugins.ml2.drivers.ovn.mech_driver.ovsdb.ovsdb_monitor [None req-7f43f1ee-d0c6-4515-9d44-1a7fc3276d60 - - - - - -] Router a39fa4c3-41c5-4d5e-a33c-4e0cd7edffe6 is bound to host instance
2026-07-02 01:30:15.841 9 INFO neutron.db.ovn_revision_numbers_db [None req-2a55b6c2-b084-400f-ae69-fe1ace2d9b63 3a917af073e94918a60b24f8d4b72481 827b0bfd524840fe9523b973f101e468 - - - -] Successfully bumped revision number for resource 2e4023db-db95-4a05-8fc7-4e7d079f061b (type: router_ports) to 1
2026-07-02 01:30:15.844 9 INFO neutron.plugins.ml2.plugin [None req-b9f58edc-9286-4c3d-994b-c19ceb4dae95 - - - - - -] Attempt 1 to provision port 2e4023db-db95-4a05-8fc7-4e7d079f061b
2026-07-02 01:30:15.973 10 INFO neutron.wsgi [None req-26c44afc-7983-4835-8b94-183d17978b7c 3a917af073e94918a60b24f8d4b72481 827b0bfd524840fe9523b973f101e468 - - - -] 10.0.0.102 "DELETE /v2.0/security-groups/063fa9c8-575f-4582-ac3e-750a5e50c61d HTTP/1.1" status: 204 len: 168 time: 0.1559358
2026-07-02 01:30:15.994 9 INFO neutron.db.ovn_revision_numbers_db [None req-2a55b6c2-b084-400f-ae69-fe1ace2d9b63 3a917af073e94918a60b24f8d4b72481 827b0bfd524840fe9523b973f101e468 - - - -] Successfully bumped revision number for resource a39fa4c3-41c5-4d5e-a33c-4e0cd7edffe6 (type: routers) to 3
2026-07-02 01:30:16.019 9 INFO neutron.wsgi [None req-2a55b6c2-b084-400f-ae69-fe1ace2d9b63 3a917af073e94918a60b24f8d4b72481 827b0bfd524840fe9523b973f101e468 - - - -] 10.0.0.102 "POST /v2.0/routers HTTP/1.1" status: 201 len: 871 time: 1.5380826
2026-07-02 01:30:16.058 9 INFO neutron.db.ovn_revision_numbers_db [None req-d519d70d-55cf-4efd-92e3-c4eb60bbfe03 3a917af073e94918a60b24f8d4b72481 827b0bfd524840fe9523b973f101e468 - - default default] Successfully bumped revision number for resource 0016c40b-7a6b-473e-99f1-c6a0f1b5ae49 (type: security_groups) to 1
2026-07-02 01:30:16.085 9 INFO neutron.wsgi [None req-d519d70d-55cf-4efd-92e3-c4eb60bbfe03 3a917af073e94918a60b24f8d4b72481 827b0bfd524840fe9523b973f101e468 - - default default] 10.0.0.102 "GET /v2.0/security-groups?tenant_id=31e9b27c31814f35b8576a96f64f88ff&name=default HTTP/1.1" status: 200 len: 2996 time: 0.5942953
2026-07-02 01:30:16.346 9 INFO neutron.db.ovn_revision_numbers_db [None req-7f43f1ee-d0c6-4515-9d44-1a7fc3276d60 - - - - - -] Successfully bumped revision number for resource 2e4023db-db95-4a05-8fc7-4e7d079f061b (type: ports) to 1
2026-07-02 01:30:16.427 10 INFO neutron.wsgi [None req-0b090ca9-74ae-48b9-acd1-dbfcedc20ef5 3a917af073e94918a60b24f8d4b72481 827b0bfd524840fe9523b973f101e468 - - - -] 10.0.0.102 "DELETE /v2.0/security-groups/0016c40b-7a6b-473e-99f1-c6a0f1b5ae49 HTTP/1.1" status: 204 len: 168 time: 0.3379147
2026-07-02 01:30:16.486 10 WARNING neutron.scheduler.dhcp_agent_scheduler [None req-6a30319e-4121-465a-9a69-f969196a19d1 3a917af073e94918a60b24f8d4b72481 827b0bfd524840fe9523b973f101e468 - - default default] No more DHCP agents
2026-07-02 01:30:16.487 10 WARNING neutron.api.rpc.agentnotifiers.dhcp_rpc_agent_api [None req-6a30319e-4121-465a-9a69-f969196a19d1 3a917af073e94918a60b24f8d4b72481 827b0bfd524840fe9523b973f101e468 - - default default] Unable to schedule network 9870b9b1-0f24-43be-8b9d-3121c0f31efd: no agents available; will retry on subsequent port and subnet creation events.
2026-07-02 01:30:16.503 9 INFO neutron.wsgi [None req-f4f5fe99-0450-4a81-ba0e-58f921f0b0ee 3a917af073e94918a60b24f8d4b72481 827b0bfd524840fe9523b973f101e468 - - default default] 10.0.0.215 "GET /v2.0/subnets HTTP/1.1" status: 200 len: 2752 time: 0.1882737
2026-07-02 01:30:16.559 9 INFO neutron.wsgi [None req-b8f2e6fb-da67-4edf-9a0f-b5ba56eadab6 3a917af073e94918a60b24f8d4b72481 827b0bfd524840fe9523b973f101e468 - - default default] 10.0.0.215 "GET /v2.0/ports HTTP/1.1" status: 200 len: 13754 time: 0.0531595
2026-07-02 01:30:16.586 9 INFO neutron.wsgi [None req-d75cc7fd-8de7-4513-bf7a-5878b4a4a5a2 3a917af073e94918a60b24f8d4b72481 827b0bfd524840fe9523b973f101e468 - - default default] 10.0.0.215 "GET /v2.0/agents HTTP/1.1" status: 200 len: 997 time: 0.0179362
2026-07-02 01:30:16.628 10 INFO neutron.db.ovn_revision_numbers_db [None req-6a30319e-4121-465a-9a69-f969196a19d1 3a917af073e94918a60b24f8d4b72481 827b0bfd524840fe9523b973f101e468 - - default default] Successfully bumped revision number for resource 51432c3d-c6b4-4c3b-a0ba-99f1a7519fa4 (type: ports) to 1
2026-07-02 01:30:16.642 9 INFO neutron.wsgi [None req-b1e52eaa-3740-4ffa-b0a5-5eed144e6033 3a917af073e94918a60b24f8d4b72481 827b0bfd524840fe9523b973f101e468 - - default default] 10.0.0.215 "GET /v2.0/floatingips HTTP/1.1" status: 200 len: 1036 time: 0.0534806
2026-07-02 01:30:16.647 9 INFO neutron.db.ovn_revision_numbers_db [None req-7f43f1ee-d0c6-4515-9d44-1a7fc3276d60 - - - - - -] Successfully bumped revision number for resource 2e4023db-db95-4a05-8fc7-4e7d079f061b (type: router_ports) to 3
2026-07-02 01:30:16.699 10 INFO neutron.db.ovn_revision_numbers_db [None req-3c353873-3dde-4b2b-9b30-2b92300a57f0 3a917af073e94918a60b24f8d4b72481 827b0bfd524840fe9523b973f101e468 - - default default] Successfully bumped revision number for resource b54a4e37-00b6-4d10-b495-413d8e9f3545 (type: security_groups) to 1
2026-07-02 01:30:16.718 10 INFO neutron.wsgi [None req-3c353873-3dde-4b2b-9b30-2b92300a57f0 3a917af073e94918a60b24f8d4b72481 827b0bfd524840fe9523b973f101e468 - - default default] 10.0.0.102 "GET /v2.0/security-groups?tenant_id=1b11bde3395b44888976f95a00f5067d&name=default HTTP/1.1" status: 200 len: 2996 time: 0.1649978
2026-07-02 01:30:16.750 9 INFO neutron.wsgi [None req-a22b2492-1360-44d1-8f79-24488a6e0a8f 3a917af073e94918a60b24f8d4b72481 827b0bfd524840fe9523b973f101e468 - - default default] 10.0.0.215 "GET /v2.0/security-groups HTTP/1.1" status: 200 len: 25096 time: 0.1070764
2026-07-02 01:30:16.845 9 INFO neutron.wsgi [None req-687360db-a942-4974-83f4-8405a4fd9839 3a917af073e94918a60b24f8d4b72481 827b0bfd524840fe9523b973f101e468 - - default default] 10.0.0.215 "GET /v2.0/networks HTTP/1.1" status: 200 len: 3873 time: 0.0836706
2026-07-02 01:30:16.892 9 INFO neutron.db.ovn_revision_numbers_db [None req-7f43f1ee-d0c6-4515-9d44-1a7fc3276d60 - - - - - -] Successfully bumped revision number for resource 2e4023db-db95-4a05-8fc7-4e7d079f061b (type: ports) to 2
2026-07-02 01:30:16.970 9 INFO neutron.wsgi [None req-54f926d6-8b0c-4000-9dfb-19fceb6b7fc4 3a917af073e94918a60b24f8d4b72481 827b0bfd524840fe9523b973f101e468 - - default default] 10.0.0.215 "GET /v2.0/routers HTTP/1.1" status: 200 len: 1538 time: 0.1194706
2026-07-02 01:30:16.988 9 INFO neutron.wsgi [None req-68a48ef5-f258-43c7-8d8f-fc92d8e57988 3a917af073e94918a60b24f8d4b72481 827b0bfd524840fe9523b973f101e468 - - default default] 10.0.0.215 "GET /v2.0/agents?binary=ovn-controller HTTP/1.1" status: 200 len: 591 time: 0.0154054
2026-07-02 01:30:17.005 9 INFO neutron.wsgi [None req-7cc86021-f80c-48f5-a84b-0358ea3cdcee 3a917af073e94918a60b24f8d4b72481 827b0bfd524840fe9523b973f101e468 - - default default] 10.0.0.215 "GET /v2.0/network-ip-availabilities HTTP/1.1" status: 200 len: 2238 time: 0.0140107
2026-07-02 01:30:17.057 9 INFO neutron.wsgi [None req-fa1ab57a-8f74-4a01-9801-95fb24c2dc7d 3a917af073e94918a60b24f8d4b72481 827b0bfd524840fe9523b973f101e468 - - default default] 10.0.0.215 "GET /v2.0/subnets HTTP/1.1" status: 200 len: 2752 time: 0.0510528
2026-07-02 01:30:17.090 9 INFO neutron.wsgi [None req-5b796d16-b51e-48f9-8a7a-5883cb8ab31d 3a917af073e94918a60b24f8d4b72481 827b0bfd524840fe9523b973f101e468 - - default default] 10.0.0.215 "GET /v2.0/subnetpools HTTP/1.1" status: 200 len: 193 time: 0.0275116
2026-07-02 01:30:17.094 10 INFO neutron.plugins.ml2.drivers.ovn.mech_driver.mech_driver [None req-371175da-431c-4778-9b2f-397fa7168457 - - - - - -] OVN reports status up for port: 51432c3d-c6b4-4c3b-a0ba-99f1a7519fa4
2026-07-02 01:30:17.104 10 INFO neutron.plugins.ml2.plugin [None req-371175da-431c-4778-9b2f-397fa7168457 - - - - - -] Attempt 1 to provision port 51432c3d-c6b4-4c3b-a0ba-99f1a7519fa4
2026-07-02 01:30:17.107 10 INFO neutron.db.ovn_revision_numbers_db [None req-6a30319e-4121-465a-9a69-f969196a19d1 3a917af073e94918a60b24f8d4b72481 827b0bfd524840fe9523b973f101e468 - - default default] Successfully bumped revision number for resource 51432c3d-c6b4-4c3b-a0ba-99f1a7519fa4 (type: router_ports) to 2
2026-07-02 01:30:17.162 9 INFO neutron.wsgi [None req-49d666ee-9a9c-4a54-b6bb-ae10a3af303e 3a917af073e94918a60b24f8d4b72481 827b0bfd524840fe9523b973f101e468 - - - -] 10.0.0.102 "DELETE /v2.0/security-groups/b54a4e37-00b6-4d10-b495-413d8e9f3545 HTTP/1.1" status: 204 len: 168 time: 0.4350324
2026-07-02 01:30:17.167 9 INFO neutron.wsgi [req-407bf871-a5ca-4337-990b-746eef032d15 req-16ef5dc3-7275-48d4-a4c4-70a5ebf02f9a 41e848b36a1f45d0a7462240dc4f91c6 4b910bcf44a8497589eaf8325de21c4e - - default default] 10.0.0.211 "GET /v2.0/ports?device_id=a04f1d93-c239-458a-ad5c-7e7b5fae67b3 HTTP/1.1" status: 200 len: 1174 time: 0.1047928
2026-07-02 01:30:17.211 9 INFO neutron.db.ovn_revision_numbers_db [None req-7f43f1ee-d0c6-4515-9d44-1a7fc3276d60 - - - - - -] Successfully bumped revision number for resource 2e4023db-db95-4a05-8fc7-4e7d079f061b (type: ports) to 4
2026-07-02 01:30:17.297 10 INFO neutron.db.ovn_revision_numbers_db [None req-6a30319e-4121-465a-9a69-f969196a19d1 3a917af073e94918a60b24f8d4b72481 827b0bfd524840fe9523b973f101e468 - - default default] Successfully bumped revision number for resource 51432c3d-c6b4-4c3b-a0ba-99f1a7519fa4 (type: ports) to 2
2026-07-02 01:30:17.387 10 WARNING neutron.scheduler.dhcp_agent_scheduler [None req-6a30319e-4121-465a-9a69-f969196a19d1 3a917af073e94918a60b24f8d4b72481 827b0bfd524840fe9523b973f101e468 - - default default] No more DHCP agents
2026-07-02 01:30:17.388 10 WARNING neutron.api.rpc.agentnotifiers.dhcp_rpc_agent_api [None req-6a30319e-4121-465a-9a69-f969196a19d1 3a917af073e94918a60b24f8d4b72481 827b0bfd524840fe9523b973f101e468 - - default default] Unable to schedule network 9870b9b1-0f24-43be-8b9d-3121c0f31efd: no agents available; will retry on subsequent port and subnet creation events.
2026-07-02 01:30:17.414 9 INFO neutron.wsgi [req-096334f4-bca7-411c-965e-99fc553d7d47 req-a7de55d3-ef0c-4e96-a598-820ab638bdc7 41e848b36a1f45d0a7462240dc4f91c6 4b910bcf44a8497589eaf8325de21c4e - - default default] 10.0.0.211 "GET /v2.0/ports/aa27a6a7-0cca-461d-a558-cd704ec5eff8 HTTP/1.1" status: 200 len: 1171 time: 0.2019114
2026-07-02 01:30:17.425 10 INFO neutron.db.ovn_revision_numbers_db [None req-371175da-431c-4778-9b2f-397fa7168457 - - - - - -] Successfully bumped revision number for resource 51432c3d-c6b4-4c3b-a0ba-99f1a7519fa4 (type: ports) to 3
2026-07-02 01:30:17.618 9 INFO neutron.wsgi [req-adce2668-61e8-4e9f-b2ae-555d14a64313 req-5255b1f8-3ee8-4ffe-8dab-cbfcdef4b1a9 41e848b36a1f45d0a7462240dc4f91c6 4b910bcf44a8497589eaf8325de21c4e - - default default] 199.19.213.78 "GET /v2.0/subnets?network_id=4c66e9f5-2cb8-4526-87ec-71aa735b1298 HTTP/1.1" status: 200 len: 858 time: 0.0795085
2026-07-02 01:30:17.662 9 INFO neutron.db.ovn_revision_numbers_db [None req-7f43f1ee-d0c6-4515-9d44-1a7fc3276d60 - - - - - -] Successfully bumped revision number for resource 2e4023db-db95-4a05-8fc7-4e7d079f061b (type: router_ports) to 4
2026-07-02 01:30:17.676 9 INFO neutron.wsgi [req-adce2668-61e8-4e9f-b2ae-555d14a64313 req-e0c7cede-7ac6-4743-9b2d-e3eaf1e49436 41e848b36a1f45d0a7462240dc4f91c6 4b910bcf44a8497589eaf8325de21c4e - - default default] 199.19.213.78 "GET /v2.0/ports?device_id=a04f1d93-c239-458a-ad5c-7e7b5fae67b3&device_owner=compute%3Anova&network_id=4c66e9f5-2cb8-4526-87ec-71aa735b1298 HTTP/1.1" status: 200 len: 1174 time: 0.0522869
2026-07-02 01:30:17.922 10 INFO neutron.db.ovn_revision_numbers_db [None req-371175da-431c-4778-9b2f-397fa7168457 - - - - - -] Successfully bumped revision number for resource 51432c3d-c6b4-4c3b-a0ba-99f1a7519fa4 (type: router_ports) to 3
2026-07-02 01:30:18.033 9 INFO neutron.db.ovn_revision_numbers_db [None req-ac965acd-78fb-43cf-b66f-83fe2281c407 85cadcc3677e4dd28973c398a891fe43 b9dbb819ffbd4f348b8a8e240a40c801 - - - -] Successfully bumped revision number for resource 9c487c1b-4cb2-4487-8cff-b279f3c808a4 (type: security_groups) to 1
2026-07-02 01:30:18.104 9 INFO neutron.db.segments_db [None req-ac965acd-78fb-43cf-b66f-83fe2281c407 85cadcc3677e4dd28973c398a891fe43 b9dbb819ffbd4f348b8a8e240a40c801 - - - -] Added segment 0ee08c0e-e40b-418f-bdc3-2669dac6bb0e of type geneve for network 88bc70bf-815e-4793-a100-b0fd40830837
2026-07-02 01:30:18.240 9 INFO neutron.db.ovn_revision_numbers_db [None req-626278a6-aa13-453b-91b2-d832b777657e 41e848b36a1f45d0a7462240dc4f91c6 4b910bcf44a8497589eaf8325de21c4e - - - -] Successfully bumped revision number for resource aa27a6a7-0cca-461d-a558-cd704ec5eff8 (type: ports) to 5
2026-07-02 01:30:18.256 9 INFO neutron.wsgi [None req-626278a6-aa13-453b-91b2-d832b777657e 41e848b36a1f45d0a7462240dc4f91c6 4b910bcf44a8497589eaf8325de21c4e - - - -] 199.19.213.78 "PUT /v2.0/ports/aa27a6a7-0cca-461d-a558-cd704ec5eff8 HTTP/1.1" status: 200 len: 1353 time: 0.5728319
2026-07-02 01:30:18.268 9 INFO neutron.db.segments_db [None req-ac965acd-78fb-43cf-b66f-83fe2281c407 85cadcc3677e4dd28973c398a891fe43 b9dbb819ffbd4f348b8a8e240a40c801 - - - -] Added segment 5b66a0d9-eebb-491d-a0ca-85069ce8c1f0 of type geneve for network a3e1b5b2-1411-40e7-bde6-338d666fdae7 /var/lib/openstack/lib/python3.10/site-packages/pycadf/identifier.py:71: UserWarning: Invalid uuid: neutron. To ensure interoperability, identifiers should be a valid uuid. warnings.warn(('Invalid uuid: %s. To ensure interoperability, '
2026-07-02 01:30:18.304 9 INFO neutron.notifiers.nova [-] Nova event matching ['req-51934196-b1c8-4ec3-9beb-4553e95c5f8d'] response: {'name': 'network-changed', 'server_uuid': 'a04f1d93-c239-458a-ad5c-7e7b5fae67b3', 'tag': 'aa27a6a7-0cca-461d-a558-cd704ec5eff8', 'status': 'completed', 'code': 200}
2026-07-02 01:30:18.326 9 INFO neutron.wsgi [req-adce2668-61e8-4e9f-b2ae-555d14a64313 req-5d48a037-9105-4618-a8e9-d1b9fdd3cb5a e1f81f8caf024d5f9e715d363f2108c9 968cbb9fb32e40868564e845d9acc664 - - b88a321674534f14aa6e44bdd1d7eb39 b88a321674534f14aa6e44bdd1d7eb39] 199.19.213.78 "GET /v2.0/ports?tenant_id=4b910bcf44a8497589eaf8325de21c4e&device_id=a04f1d93-c239-458a-ad5c-7e7b5fae67b3 HTTP/1.1" status: 200 len: 1546 time: 0.0416548
2026-07-02 01:30:18.399 10 INFO neutron.db.ovn_revision_numbers_db [None req-6a30319e-4121-465a-9a69-f969196a19d1 3a917af073e94918a60b24f8d4b72481 827b0bfd524840fe9523b973f101e468 - - - -] Successfully bumped revision number for resource 51432c3d-c6b4-4c3b-a0ba-99f1a7519fa4 (type: router_ports) to 3
2026-07-02 01:30:18.403 10 INFO neutron.wsgi [None req-6a30319e-4121-465a-9a69-f969196a19d1 3a917af073e94918a60b24f8d4b72481 827b0bfd524840fe9523b973f101e468 - - - -] 10.0.0.102 "PUT /v2.0/routers/a39fa4c3-41c5-4d5e-a33c-4e0cd7edffe6/add_router_interface HTTP/1.1" status: 200 len: 503 time: 2.3736286
2026-07-02 01:30:18.408 9 INFO neutron.wsgi [req-adce2668-61e8-4e9f-b2ae-555d14a64313 req-243d00e1-f96d-4877-b4fb-cb99cb101e68 e1f81f8caf024d5f9e715d363f2108c9 968cbb9fb32e40868564e845d9acc664 - - b88a321674534f14aa6e44bdd1d7eb39 b88a321674534f14aa6e44bdd1d7eb39] 199.19.213.78 "GET /v2.0/networks?id=4c66e9f5-2cb8-4526-87ec-71aa735b1298 HTTP/1.1" status: 200 len: 981 time: 0.0781834
2026-07-02 01:30:18.410 9 INFO neutron.db.ovn_revision_numbers_db [None req-ac965acd-78fb-43cf-b66f-83fe2281c407 85cadcc3677e4dd28973c398a891fe43 b9dbb819ffbd4f348b8a8e240a40c801 - - - -] Successfully bumped revision number for resource 88bc70bf-815e-4793-a100-b0fd40830837 (type: networks) to 1
2026-07-02 01:30:18.472 9 INFO neutron.wsgi [req-adce2668-61e8-4e9f-b2ae-555d14a64313 req-f1f270ae-8319-4b38-981c-f5763d444fc3 e1f81f8caf024d5f9e715d363f2108c9 968cbb9fb32e40868564e845d9acc664 - - b88a321674534f14aa6e44bdd1d7eb39 b88a321674534f14aa6e44bdd1d7eb39] 199.19.213.78 "GET /v2.0/floatingips?fixed_ip_address=10.100.0.12&port_id=aa27a6a7-0cca-461d-a558-cd704ec5eff8 HTTP/1.1" status: 200 len: 217 time: 0.0493772
2026-07-02 01:30:18.543 9 INFO neutron.wsgi [req-adce2668-61e8-4e9f-b2ae-555d14a64313 req-98f8f524-2105-494d-9258-22aaab3ce9fd e1f81f8caf024d5f9e715d363f2108c9 968cbb9fb32e40868564e845d9acc664 - - b88a321674534f14aa6e44bdd1d7eb39 b88a321674534f14aa6e44bdd1d7eb39] 199.19.213.78 "GET /v2.0/floatingips?fixed_ip_address=10.100.0.13&port_id=aa27a6a7-0cca-461d-a558-cd704ec5eff8 HTTP/1.1" status: 200 len: 1060 time: 0.0645931
2026-07-02 01:30:18.620 9 INFO neutron.wsgi [req-adce2668-61e8-4e9f-b2ae-555d14a64313 req-8bb4a3ab-5424-496d-aa8c-7d5819627b9c e1f81f8caf024d5f9e715d363f2108c9 968cbb9fb32e40868564e845d9acc664 - - b88a321674534f14aa6e44bdd1d7eb39 b88a321674534f14aa6e44bdd1d7eb39] 199.19.213.78 "GET /v2.0/subnets?id=980853c6-3935-4438-bc0a-8e3c51aa5183 HTTP/1.1" status: 200 len: 876 time: 0.0692267
2026-07-02 01:30:18.647 9 INFO neutron.wsgi [req-adce2668-61e8-4e9f-b2ae-555d14a64313 req-ac4da502-2a89-4245-b3f0-c7b25b36af1a e1f81f8caf024d5f9e715d363f2108c9 968cbb9fb32e40868564e845d9acc664 - - b88a321674534f14aa6e44bdd1d7eb39 b88a321674534f14aa6e44bdd1d7eb39] 199.19.213.78 "GET /v2.0/ports?network_id=4c66e9f5-2cb8-4526-87ec-71aa735b1298&device_owner=network%3Adhcp HTTP/1.1" status: 200 len: 210 time: 0.0208549
2026-07-02 01:30:18.691 9 WARNING neutron.scheduler.dhcp_agent_scheduler [None req-ac965acd-78fb-43cf-b66f-83fe2281c407 85cadcc3677e4dd28973c398a891fe43 b9dbb819ffbd4f348b8a8e240a40c801 - - - -] No more DHCP agents
2026-07-02 01:30:18.701 9 WARNING neutron.api.rpc.agentnotifiers.dhcp_rpc_agent_api [None req-ac965acd-78fb-43cf-b66f-83fe2281c407 85cadcc3677e4dd28973c398a891fe43 b9dbb819ffbd4f348b8a8e240a40c801 - - - -] Unable to schedule network 88bc70bf-815e-4793-a100-b0fd40830837: no agents available; will retry on subsequent port and subnet creation events.
2026-07-02 01:30:18.729 9 INFO neutron.wsgi [req-adce2668-61e8-4e9f-b2ae-555d14a64313 req-07580000-9a22-456b-b073-61e9fca16ee9 e1f81f8caf024d5f9e715d363f2108c9 968cbb9fb32e40868564e845d9acc664 - - b88a321674534f14aa6e44bdd1d7eb39 b88a321674534f14aa6e44bdd1d7eb39] 199.19.213.78 "GET /v2.0/networks/4c66e9f5-2cb8-4526-87ec-71aa735b1298?fields=segments HTTP/1.1" status: 200 len: 212 time: 0.0734627
2026-07-02 01:30:18.781 9 INFO neutron.db.ovn_revision_numbers_db [None req-ac965acd-78fb-43cf-b66f-83fe2281c407 85cadcc3677e4dd28973c398a891fe43 b9dbb819ffbd4f348b8a8e240a40c801 - - - -] Successfully bumped revision number for resource 17e8b514-b2e5-47e6-bbf1-c64c4a671246 (type: ports) to 1
2026-07-02 01:30:18.814 9 INFO neutron.wsgi [req-adce2668-61e8-4e9f-b2ae-555d14a64313 req-78015f03-1acf-4704-b042-4af844e9846a e1f81f8caf024d5f9e715d363f2108c9 968cbb9fb32e40868564e845d9acc664 - - b88a321674534f14aa6e44bdd1d7eb39 b88a321674534f14aa6e44bdd1d7eb39] 199.19.213.78 "GET /v2.0/networks/4c66e9f5-2cb8-4526-87ec-71aa735b1298?fields=provider%3Aphysical_network&fields=provider%3Anetwork_type HTTP/1.1" status: 200 len: 277 time: 0.0737987
2026-07-02 01:30:18.842 9 INFO neutron.db.ovn_revision_numbers_db [None req-ac965acd-78fb-43cf-b66f-83fe2281c407 85cadcc3677e4dd28973c398a891fe43 b9dbb819ffbd4f348b8a8e240a40c801 - - - -] Successfully bumped revision number for resource a3e1b5b2-1411-40e7-bde6-338d666fdae7 (type: networks) to 1
2026-07-02 01:30:18.905 9 INFO neutron.wsgi [req-db90744c-5624-47e3-a691-a35fba3766c0 req-d7ad5b80-abab-41e9-92dc-92ed8045bf43 e1f81f8caf024d5f9e715d363f2108c9 968cbb9fb32e40868564e845d9acc664 - - b88a321674534f14aa6e44bdd1d7eb39 b88a321674534f14aa6e44bdd1d7eb39] 199.19.213.78 "GET /v2.0/ports?tenant_id=4b910bcf44a8497589eaf8325de21c4e&device_id=a04f1d93-c239-458a-ad5c-7e7b5fae67b3 HTTP/1.1" status: 200 len: 1546 time: 0.0321894
2026-07-02 01:30:18.994 9 INFO neutron.wsgi [req-db90744c-5624-47e3-a691-a35fba3766c0 req-8f2c8a95-91a9-470e-ac5a-a34562721836 e1f81f8caf024d5f9e715d363f2108c9 968cbb9fb32e40868564e845d9acc664 - - b88a321674534f14aa6e44bdd1d7eb39 b88a321674534f14aa6e44bdd1d7eb39] 199.19.213.78 "GET /v2.0/networks?id=4c66e9f5-2cb8-4526-87ec-71aa735b1298 HTTP/1.1" status: 200 len: 981 time: 0.0801404
2026-07-02 01:30:19.103 10 INFO neutron.db.ovn_revision_numbers_db [None req-4790b9fd-5e33-4754-9e60-d2f27b3d78bc 9e4c0b9d3988420793bfc5efd53019f9 fa9fdb0cf3874fc7b077089d40ae207c - - - -] Successfully bumped revision number for resource 13e4ff3b-2784-4427-b313-2da30f3b3f35 (type: security_groups) to 1
2026-07-02 01:30:19.124 10 INFO neutron.wsgi [None req-4790b9fd-5e33-4754-9e60-d2f27b3d78bc 9e4c0b9d3988420793bfc5efd53019f9 fa9fdb0cf3874fc7b077089d40ae207c - - - -] 10.0.0.102 "POST /v2.0/security-groups HTTP/1.1" status: 201 len: 1796 time: 0.1206782
2026-07-02 01:30:19.230 9 INFO neutron.wsgi [req-db90744c-5624-47e3-a691-a35fba3766c0 req-c74a4e91-9877-4c4e-b6b5-2f7d4daf6493 e1f81f8caf024d5f9e715d363f2108c9 968cbb9fb32e40868564e845d9acc664 - - b88a321674534f14aa6e44bdd1d7eb39 b88a321674534f14aa6e44bdd1d7eb39] 199.19.213.78 "GET /v2.0/floatingips?fixed_ip_address=10.100.0.12&port_id=aa27a6a7-0cca-461d-a558-cd704ec5eff8 HTTP/1.1" status: 200 len: 217 time: 0.2205789
2026-07-02 01:30:19.234 10 INFO neutron.db.ovn_revision_numbers_db [None req-fd3bf4a4-8b34-4554-9542-6de9751dea7e 9e4c0b9d3988420793bfc5efd53019f9 fa9fdb0cf3874fc7b077089d40ae207c - - - -] Successfully bumped revision number for resource 47f2019b-e6f8-4bad-8495-69f19cf9056a (type: security_group_rules) to 0
2026-07-02 01:30:19.257 10 INFO neutron.wsgi [None req-fd3bf4a4-8b34-4554-9542-6de9751dea7e 9e4c0b9d3988420793bfc5efd53019f9 fa9fdb0cf3874fc7b077089d40ae207c - - - -] 10.0.0.102 "POST /v2.0/security-group-rules HTTP/1.1" status: 201 len: 764 time: 0.1275649
2026-07-02 01:30:19.294 9 INFO neutron.wsgi [req-db90744c-5624-47e3-a691-a35fba3766c0 req-e4e830d0-b0db-4439-b9e6-2f787429179b e1f81f8caf024d5f9e715d363f2108c9 968cbb9fb32e40868564e845d9acc664 - - b88a321674534f14aa6e44bdd1d7eb39 b88a321674534f14aa6e44bdd1d7eb39] 199.19.213.78 "GET /v2.0/floatingips?fixed_ip_address=10.100.0.13&port_id=aa27a6a7-0cca-461d-a558-cd704ec5eff8 HTTP/1.1" status: 200 len: 1060 time: 0.0594978
2026-07-02 01:30:19.299 9 WARNING neutron.scheduler.dhcp_agent_scheduler [None req-ac965acd-78fb-43cf-b66f-83fe2281c407 85cadcc3677e4dd28973c398a891fe43 b9dbb819ffbd4f348b8a8e240a40c801 - - - -] No more DHCP agents
2026-07-02 01:30:19.304 9 WARNING neutron.api.rpc.agentnotifiers.dhcp_rpc_agent_api [None req-ac965acd-78fb-43cf-b66f-83fe2281c407 85cadcc3677e4dd28973c398a891fe43 b9dbb819ffbd4f348b8a8e240a40c801 - - - -] Unable to schedule network a3e1b5b2-1411-40e7-bde6-338d666fdae7: no agents available; will retry on subsequent port and subnet creation events.
2026-07-02 01:30:19.344 9 INFO neutron.wsgi [req-db90744c-5624-47e3-a691-a35fba3766c0 req-cdcd04d9-3135-49c4-87e5-7bd634e97f3f e1f81f8caf024d5f9e715d363f2108c9 968cbb9fb32e40868564e845d9acc664 - - b88a321674534f14aa6e44bdd1d7eb39 b88a321674534f14aa6e44bdd1d7eb39] 199.19.213.78 "GET /v2.0/subnets?id=980853c6-3935-4438-bc0a-8e3c51aa5183 HTTP/1.1" status: 200 len: 876 time: 0.0447268
2026-07-02 01:30:19.372 10 INFO neutron.db.ovn_revision_numbers_db [None req-32b6567a-3331-4d93-b4a5-7f8898e7eba3 9e4c0b9d3988420793bfc5efd53019f9 fa9fdb0cf3874fc7b077089d40ae207c - - - -] Successfully bumped revision number for resource 235ef171-af03-475d-9282-a874f0a1a2ed (type: security_group_rules) to 0
2026-07-02 01:30:19.373 9 INFO neutron.wsgi [req-db90744c-5624-47e3-a691-a35fba3766c0 req-eddf64df-5c9e-487c-b0e9-5aed9f6f556d e1f81f8caf024d5f9e715d363f2108c9 968cbb9fb32e40868564e845d9acc664 - - b88a321674534f14aa6e44bdd1d7eb39 b88a321674534f14aa6e44bdd1d7eb39] 199.19.213.78 "GET /v2.0/ports?network_id=4c66e9f5-2cb8-4526-87ec-71aa735b1298&device_owner=network%3Adhcp HTTP/1.1" status: 200 len: 210 time: 0.0246999
2026-07-02 01:30:19.384 9 INFO neutron.db.ovn_revision_numbers_db [None req-ac965acd-78fb-43cf-b66f-83fe2281c407 85cadcc3677e4dd28973c398a891fe43 b9dbb819ffbd4f348b8a8e240a40c801 - - - -] Successfully bumped revision number for resource d5f2ca1f-c058-4dd0-ab15-f995cd8a0cdb (type: ports) to 1
2026-07-02 01:30:19.391 10 INFO neutron.wsgi [None req-32b6567a-3331-4d93-b4a5-7f8898e7eba3 9e4c0b9d3988420793bfc5efd53019f9 fa9fdb0cf3874fc7b077089d40ae207c - - - -] 10.0.0.102 "POST /v2.0/security-group-rules HTTP/1.1" status: 201 len: 769 time: 0.1277442
2026-07-02 01:30:19.419 9 INFO neutron.wsgi [None req-ac965acd-78fb-43cf-b66f-83fe2281c407 85cadcc3677e4dd28973c398a891fe43 b9dbb819ffbd4f348b8a8e240a40c801 - - - -] 10.0.0.102 "POST /v2.0/networks HTTP/1.1" status: 201 len: 1445 time: 1.7037604
2026-07-02 01:30:19.451 9 INFO neutron.wsgi [req-db90744c-5624-47e3-a691-a35fba3766c0 req-a542416b-4996-4e90-9dbb-2d96d06f183d e1f81f8caf024d5f9e715d363f2108c9 968cbb9fb32e40868564e845d9acc664 - - b88a321674534f14aa6e44bdd1d7eb39 b88a321674534f14aa6e44bdd1d7eb39] 199.19.213.78 "GET /v2.0/networks/4c66e9f5-2cb8-4526-87ec-71aa735b1298?fields=segments HTTP/1.1" status: 200 len: 212 time: 0.0718987
2026-07-02 01:30:19.537 9 INFO neutron.wsgi [None req-f67db69a-4b95-4676-a7b4-529c023d3782 85cadcc3677e4dd28973c398a891fe43 b9dbb819ffbd4f348b8a8e240a40c801 - - default default] 10.0.0.102 "GET /v2.0/networks HTTP/1.1" status: 200 len: 2051 time: 0.1083982
2026-07-02 01:30:19.553 9 INFO neutron.wsgi [req-db90744c-5624-47e3-a691-a35fba3766c0 req-3a2f4246-10a8-489b-916b-313abb6d1939 e1f81f8caf024d5f9e715d363f2108c9 968cbb9fb32e40868564e845d9acc664 - - b88a321674534f14aa6e44bdd1d7eb39 b88a321674534f14aa6e44bdd1d7eb39] 199.19.213.78 "GET /v2.0/networks/4c66e9f5-2cb8-4526-87ec-71aa735b1298?fields=provider%3Aphysical_network&fields=provider%3Anetwork_type HTTP/1.1" status: 200 len: 277 time: 0.0935094
2026-07-02 01:30:19.658 10 WARNING neutron.scheduler.dhcp_agent_scheduler [None req-686a3e7e-890b-4cd2-bff3-60fd86bb89ae 9e4c0b9d3988420793bfc5efd53019f9 fa9fdb0cf3874fc7b077089d40ae207c - - - -] No more DHCP agents
2026-07-02 01:30:19.662 10 WARNING neutron.api.rpc.agentnotifiers.dhcp_rpc_agent_api [None req-686a3e7e-890b-4cd2-bff3-60fd86bb89ae 9e4c0b9d3988420793bfc5efd53019f9 fa9fdb0cf3874fc7b077089d40ae207c - - - -] Unable to schedule network 99636e24-87d4-42be-8a44-0185d691327f: no agents available; will retry on subsequent port and subnet creation events.
2026-07-02 01:30:19.726 9 INFO neutron.wsgi [req-e7c3858a-ee2c-451c-ad6c-b451d7fe8bd2 req-6f81cef9-9fa5-4da3-a0d7-b455311b6551 41e848b36a1f45d0a7462240dc4f91c6 4b910bcf44a8497589eaf8325de21c4e - - default default] 10.0.0.211 "GET /v2.0/ports?device_id=a04f1d93-c239-458a-ad5c-7e7b5fae67b3 HTTP/1.1" status: 200 len: 1356 time: 0.0441809
2026-07-02 01:30:19.769 9 INFO neutron.wsgi [req-e7c3858a-ee2c-451c-ad6c-b451d7fe8bd2 req-626125fd-af70-4bed-b29c-0718d12ca20e 41e848b36a1f45d0a7462240dc4f91c6 4b910bcf44a8497589eaf8325de21c4e - - default default] 10.0.0.211 "GET /v2.0/security-groups?id=02b9d246-5307-4325-9e33-deb59c7d4dc4&fields=id&fields=name HTTP/1.1" status: 200 len: 312 time: 0.0363722
2026-07-02 01:30:19.897 9 INFO neutron.services.segments.plugin [-] Segment 0ee08c0e-e40b-418f-bdc3-2669dac6bb0e resource provider aggregate not found
2026-07-02 01:30:19.903 9 INFO neutron.services.segments.plugin [-] Segment 0ee08c0e-e40b-418f-bdc3-2669dac6bb0e resource provider aggregate not found
2026-07-02 01:30:19.926 9 INFO neutron.services.segments.plugin [-] Segment 0ee08c0e-e40b-418f-bdc3-2669dac6bb0e resource provider not found; error: Placement Client Error (4xx): {"errors": [{"status": 404, "title": "Not Found", "detail": "The resource could not be found.\n\n No resource provider with uuid 0ee08c0e-e40b-418f-bdc3-2669dac6bb0e found for delete ", "request_id": "req-829f043f-ac3e-4a34-b003-bc5315064024"}]}
2026-07-02 01:30:19.926 9 INFO neutron.services.segments.plugin [-] Segment 0ee08c0e-e40b-418f-bdc3-2669dac6bb0e resource provider not found; error: Placement Client Error (4xx): {"errors": [{"status": 404, "title": "Not Found", "detail": "The resource could not be found.\n\n No resource provider with uuid 0ee08c0e-e40b-418f-bdc3-2669dac6bb0e found for delete ", "request_id": "req-74ef53bc-d56b-456a-8c34-26c72e96a5d5"}]}
2026-07-02 01:30:19.944 9 INFO neutron.wsgi [req-f8ccf9ee-cd3a-4706-8b03-7ea1a4afe9eb req-d3af65a9-be1a-429d-b8a3-e99d45ccc134 41e848b36a1f45d0a7462240dc4f91c6 4b910bcf44a8497589eaf8325de21c4e - - default default] 199.19.213.78 "GET /v2.0/ports?device_id=a04f1d93-c239-458a-ad5c-7e7b5fae67b3&device_owner=compute%3Anova&fixed_ips=ip_address%3D10.100.0.12 HTTP/1.1" status: 200 len: 1356 time: 0.0663593
2026-07-02 01:30:19.960 9 INFO neutron.wsgi [None req-569ef83d-f6ae-443e-b1bb-64823b117643 85cadcc3677e4dd28973c398a891fe43 b9dbb819ffbd4f348b8a8e240a40c801 - - - -] 10.0.0.102 "DELETE /v2.0/networks/88bc70bf-815e-4793-a100-b0fd40830837 HTTP/1.1" status: 204 len: 168 time: 0.4170647
2026-07-02 01:30:20.034 10 INFO neutron.db.ovn_revision_numbers_db [None req-686a3e7e-890b-4cd2-bff3-60fd86bb89ae 9e4c0b9d3988420793bfc5efd53019f9 fa9fdb0cf3874fc7b077089d40ae207c - - - -] Successfully bumped revision number for resource 72489f65-0d90-4168-bd98-da27e458b990 (type: floatingips) to 0
2026-07-02 01:30:20.048 10 INFO neutron.wsgi [None req-686a3e7e-890b-4cd2-bff3-60fd86bb89ae 9e4c0b9d3988420793bfc5efd53019f9 fa9fdb0cf3874fc7b077089d40ae207c - - - -] 10.0.0.102 "POST /v2.0/floatingips HTTP/1.1" status: 201 len: 751 time: 0.6535571
2026-07-02 01:30:20.348 9 INFO neutron.db.ovn_revision_numbers_db [None req-66bcc775-fd2b-4cfd-a0e3-fc4bcfa64e0a 41e848b36a1f45d0a7462240dc4f91c6 4b910bcf44a8497589eaf8325de21c4e - - - -] Successfully bumped revision number for resource aa27a6a7-0cca-461d-a558-cd704ec5eff8 (type: ports) to 6
