2026-07-02 01:32:22.093 9 INFO neutron.wsgi [req-120f0e24-554e-43ff-89df-88a053f26308 req-c164abf8-5dea-4b1d-aff3-dc0429f3d063 e1f81f8caf024d5f9e715d363f2108c9 968cbb9fb32e40868564e845d9acc664 - - b88a321674534f14aa6e44bdd1d7eb39 b88a321674534f14aa6e44bdd1d7eb39] 199.19.213.78 "GET /v2.0/ports?network_id=d6f25e26-327a-4cba-b981-31c51af246fa&device_owner=network%3Adhcp HTTP/1.1" status: 200 len: 210 time: 0.0207293
2026-07-02 01:32:22.153 9 INFO neutron.wsgi [req-120f0e24-554e-43ff-89df-88a053f26308 req-98f7200d-8e6d-4a87-a4e5-b357ed2bc156 e1f81f8caf024d5f9e715d363f2108c9 968cbb9fb32e40868564e845d9acc664 - - b88a321674534f14aa6e44bdd1d7eb39 b88a321674534f14aa6e44bdd1d7eb39] 199.19.213.78 "GET /v2.0/networks/d6f25e26-327a-4cba-b981-31c51af246fa?fields=segments HTTP/1.1" status: 200 len: 212 time: 0.0533056
2026-07-02 01:32:22.180 10 INFO neutron.db.ovn_revision_numbers_db [None req-9986899b-9863-417a-a53a-cce1a565dad8 76ba668c6e64420e9e1a5d98391ea097 d1ff2983014f489084ff9146fb409af7 - - - -] Successfully bumped revision number for resource 51e63cc1-760d-4520-b61e-4d1be98bcdb4 (type: floatingips) to 0
2026-07-02 01:32:22.192 10 INFO neutron.wsgi [None req-9986899b-9863-417a-a53a-cce1a565dad8 76ba668c6e64420e9e1a5d98391ea097 d1ff2983014f489084ff9146fb409af7 - - - -] 10.0.0.102 "POST /v2.0/floatingips HTTP/1.1" status: 201 len: 751 time: 0.6998501
2026-07-02 01:32:22.207 9 INFO neutron.wsgi [req-120f0e24-554e-43ff-89df-88a053f26308 req-6424fdab-120e-4427-b4b8-30dfb00eb38d e1f81f8caf024d5f9e715d363f2108c9 968cbb9fb32e40868564e845d9acc664 - - b88a321674534f14aa6e44bdd1d7eb39 b88a321674534f14aa6e44bdd1d7eb39] 199.19.213.78 "GET /v2.0/networks/d6f25e26-327a-4cba-b981-31c51af246fa?fields=provider%3Aphysical_network&fields=provider%3Anetwork_type HTTP/1.1" status: 200 len: 277 time: 0.0477164
2026-07-02 01:32:22.242 10 INFO neutron.wsgi [None req-324ddfa2-4e5d-4234-b8db-6deecbaa8017 76ba668c6e64420e9e1a5d98391ea097 d1ff2983014f489084ff9146fb409af7 - - - -] 10.0.0.102 "PUT /v2.0/floatingips/51e63cc1-760d-4520-b61e-4d1be98bcdb4/tags HTTP/1.1" status: 200 len: 218 time: 0.0442777
2026-07-02 01:32:22.270 10 INFO neutron.wsgi [None req-50164789-abec-49b8-a36c-2c7db427215d 76ba668c6e64420e9e1a5d98391ea097 d1ff2983014f489084ff9146fb409af7 - - default default] 10.0.0.102 "GET /v2.0/floatingips/51e63cc1-760d-4520-b61e-4d1be98bcdb4/tags HTTP/1.1" status: 200 len: 218 time: 0.0239484
2026-07-02 01:32:22.284 9 INFO neutron.wsgi [req-0e34cee5-9d59-409d-b393-804da1fb190e req-2d4f7bfb-45eb-4db3-aa19-bd0165705f4f e1f81f8caf024d5f9e715d363f2108c9 968cbb9fb32e40868564e845d9acc664 - - b88a321674534f14aa6e44bdd1d7eb39 b88a321674534f14aa6e44bdd1d7eb39] 199.19.213.78 "GET /v2.0/ports?tenant_id=49b955da98f5433ab319356d2c1d0a45&device_id=8aceb350-8400-4a48-a0d1-5a333670200a HTTP/1.1" status: 200 len: 1359 time: 0.0353222
2026-07-02 01:32:22.327 10 INFO neutron.wsgi [None req-db936271-7a85-4e81-9f33-928d0ee90f9f 76ba668c6e64420e9e1a5d98391ea097 d1ff2983014f489084ff9146fb409af7 - - - -] 10.0.0.102 "PUT /v2.0/floatingips/51e63cc1-760d-4520-b61e-4d1be98bcdb4/tags/green HTTP/1.1" status: 201 len: 201 time: 0.0517275
2026-07-02 01:32:22.341 10 INFO neutron.wsgi [None req-45586cd0-2ab5-4822-953a-e7c9218ab476 acf7315695914a5a9376f1fcd647541b 7b034678bc534c6a813906e21f515ebc - - default default] 10.0.0.102 "GET /v2.0/ports/338d4465-9313-44df-8ab3-8cb1a4aa05a1 HTTP/1.1" status: 200 len: 1147 time: 0.0327084
2026-07-02 01:32:22.350 9 INFO neutron.wsgi [req-0e34cee5-9d59-409d-b393-804da1fb190e req-7d93ddda-b36d-4bf3-9607-8a582fe1d60b e1f81f8caf024d5f9e715d363f2108c9 968cbb9fb32e40868564e845d9acc664 - - b88a321674534f14aa6e44bdd1d7eb39 b88a321674534f14aa6e44bdd1d7eb39] 199.19.213.78 "GET /v2.0/networks?id=d6f25e26-327a-4cba-b981-31c51af246fa HTTP/1.1" status: 200 len: 958 time: 0.0613687
2026-07-02 01:32:22.361 10 INFO neutron.wsgi [None req-88138253-b492-4174-b63c-b6338f39711a 76ba668c6e64420e9e1a5d98391ea097 d1ff2983014f489084ff9146fb409af7 - - default default] 10.0.0.102 "GET /v2.0/floatingips/51e63cc1-760d-4520-b61e-4d1be98bcdb4/tags HTTP/1.1" status: 200 len: 227 time: 0.0297611
2026-07-02 01:32:22.407 9 INFO neutron.plugins.ml2.drivers.ovn.mech_driver.mech_driver [None req-b9f58edc-9286-4c3d-994b-c19ceb4dae95 - - - - - -] OVN reports status up for port: d309c03a-acb7-4568-82d0-8d8d0974922b
2026-07-02 01:32:22.412 9 INFO neutron.wsgi [req-0e34cee5-9d59-409d-b393-804da1fb190e req-5f5f2f54-afb2-44e7-bddc-2e14032ecf4f e1f81f8caf024d5f9e715d363f2108c9 968cbb9fb32e40868564e845d9acc664 - - b88a321674534f14aa6e44bdd1d7eb39 b88a321674534f14aa6e44bdd1d7eb39] 199.19.213.78 "GET /v2.0/floatingips?fixed_ip_address=10.100.0.3&port_id=d309c03a-acb7-4568-82d0-8d8d0974922b HTTP/1.1" status: 200 len: 217 time: 0.0560815
2026-07-02 01:32:22.419 9 INFO neutron.wsgi [None req-21758685-ddbd-40cc-b734-77cf51ac3423 76ba668c6e64420e9e1a5d98391ea097 d1ff2983014f489084ff9146fb409af7 - - - -] 10.0.0.102 "PUT /v2.0/floatingips/51e63cc1-760d-4520-b61e-4d1be98bcdb4/tags/red HTTP/1.1" status: 201 len: 201 time: 0.0547798
2026-07-02 01:32:22.442 9 INFO neutron.plugins.ml2.plugin [None req-b9f58edc-9286-4c3d-994b-c19ceb4dae95 - - - - - -] Attempt 1 to provision port d309c03a-acb7-4568-82d0-8d8d0974922b
2026-07-02 01:32:22.453 10 INFO neutron.wsgi [None req-7db7176f-54f6-4a18-b416-688846720b45 76ba668c6e64420e9e1a5d98391ea097 d1ff2983014f489084ff9146fb409af7 - - default default] 10.0.0.102 "GET /v2.0/floatingips/51e63cc1-760d-4520-b61e-4d1be98bcdb4/tags HTTP/1.1" status: 200 len: 227 time: 0.0285246
2026-07-02 01:32:22.464 9 INFO neutron.wsgi [req-0e34cee5-9d59-409d-b393-804da1fb190e req-d1c2fd0a-a8c4-4d0a-9132-125e69d3b1be e1f81f8caf024d5f9e715d363f2108c9 968cbb9fb32e40868564e845d9acc664 - - b88a321674534f14aa6e44bdd1d7eb39 b88a321674534f14aa6e44bdd1d7eb39] 199.19.213.78 "GET /v2.0/subnets?id=fce28cbf-5288-4bc1-969b-b0ca44725040 HTTP/1.1" status: 200 len: 853 time: 0.0437174
2026-07-02 01:32:22.494 10 INFO neutron.wsgi [None req-459990f8-6562-41d9-8bb9-bd0765d67533 76ba668c6e64420e9e1a5d98391ea097 d1ff2983014f489084ff9146fb409af7 - - - -] 10.0.0.102 "PUT /v2.0/floatingips/51e63cc1-760d-4520-b61e-4d1be98bcdb4/tags/black.or.white HTTP/1.1" status: 201 len: 201 time: 0.0359645
2026-07-02 01:32:22.502 9 INFO neutron.wsgi [req-0e34cee5-9d59-409d-b393-804da1fb190e req-db72e6b5-61f8-4a2d-81b4-b9c9cfd15667 e1f81f8caf024d5f9e715d363f2108c9 968cbb9fb32e40868564e845d9acc664 - - b88a321674534f14aa6e44bdd1d7eb39 b88a321674534f14aa6e44bdd1d7eb39] 199.19.213.78 "GET /v2.0/ports?network_id=d6f25e26-327a-4cba-b981-31c51af246fa&device_owner=network%3Adhcp HTTP/1.1" status: 200 len: 210 time: 0.0319946
2026-07-02 01:32:22.521 10 INFO neutron.wsgi [None req-7acc8cdb-1074-445f-9ee8-4a99ea615be4 76ba668c6e64420e9e1a5d98391ea097 d1ff2983014f489084ff9146fb409af7 - - default default] 10.0.0.102 "GET /v2.0/floatingips/51e63cc1-760d-4520-b61e-4d1be98bcdb4/tags HTTP/1.1" status: 200 len: 245 time: 0.0228124
2026-07-02 01:32:22.566 10 INFO neutron.wsgi [None req-71390405-b68a-4fcc-b67b-5bacbcacebc1 76ba668c6e64420e9e1a5d98391ea097 d1ff2983014f489084ff9146fb409af7 - - - -] 10.0.0.102 "PUT /v2.0/floatingips/51e63cc1-760d-4520-b61e-4d1be98bcdb4/tags HTTP/1.1" status: 200 len: 230 time: 0.0381832
2026-07-02 01:32:22.585 9 INFO neutron.wsgi [req-0e34cee5-9d59-409d-b393-804da1fb190e req-5067ced6-2d57-4ae6-a55b-5d6c7355c4ee e1f81f8caf024d5f9e715d363f2108c9 968cbb9fb32e40868564e845d9acc664 - - b88a321674534f14aa6e44bdd1d7eb39 b88a321674534f14aa6e44bdd1d7eb39] 199.19.213.78 "GET /v2.0/networks/d6f25e26-327a-4cba-b981-31c51af246fa?fields=segments HTTP/1.1" status: 200 len: 212 time: 0.0785441
2026-07-02 01:32:22.597 10 INFO neutron.wsgi [None req-b80796b3-eb18-4812-90d2-cf15706e0fc2 76ba668c6e64420e9e1a5d98391ea097 d1ff2983014f489084ff9146fb409af7 - - default default] 10.0.0.102 "GET /v2.0/floatingips/51e63cc1-760d-4520-b61e-4d1be98bcdb4/tags HTTP/1.1" status: 200 len: 230 time: 0.0269499
2026-07-02 01:32:22.635 10 INFO neutron.wsgi [None req-020545c0-795c-4647-afa7-50f5afe9fcd7 76ba668c6e64420e9e1a5d98391ea097 d1ff2983014f489084ff9146fb409af7 - - default default] 10.0.0.102 "GET /v2.0/floatingips/51e63cc1-760d-4520-b61e-4d1be98bcdb4/tags/red HTTP/1.1" status: 204 len: 168 time: 0.0298798
2026-07-02 01:32:22.655 9 INFO neutron.wsgi [req-0e34cee5-9d59-409d-b393-804da1fb190e req-e42d7f79-007f-4c9a-bb01-73017c69ae87 e1f81f8caf024d5f9e715d363f2108c9 968cbb9fb32e40868564e845d9acc664 - - b88a321674534f14aa6e44bdd1d7eb39 b88a321674534f14aa6e44bdd1d7eb39] 199.19.213.78 "GET /v2.0/networks/d6f25e26-327a-4cba-b981-31c51af246fa?fields=provider%3Aphysical_network&fields=provider%3Anetwork_type HTTP/1.1" status: 200 len: 277 time: 0.0620623
2026-07-02 01:32:22.661 10 INFO neutron.api.v2.resource [None req-31e402d3-0f39-4a71-86b2-4caf88bebc56 76ba668c6e64420e9e1a5d98391ea097 d1ff2983014f489084ff9146fb409af7 - - default default] show failed (client error): The resource could not be found.
2026-07-02 01:32:22.662 10 INFO neutron.wsgi [None req-31e402d3-0f39-4a71-86b2-4caf88bebc56 76ba668c6e64420e9e1a5d98391ea097 d1ff2983014f489084ff9146fb409af7 - - default default] 10.0.0.102 "GET /v2.0/floatingips/51e63cc1-760d-4520-b61e-4d1be98bcdb4/tags/green HTTP/1.1" status: 404 len: 299 time: 0.0230639
2026-07-02 01:32:22.706 10 INFO neutron.wsgi [None req-0d58432a-1397-43b1-a994-ad6ab0db06ab 76ba668c6e64420e9e1a5d98391ea097 d1ff2983014f489084ff9146fb409af7 - - - -] 10.0.0.102 "DELETE /v2.0/floatingips/51e63cc1-760d-4520-b61e-4d1be98bcdb4/tags/red HTTP/1.1" status: 204 len: 168 time: 0.0366638
2026-07-02 01:32:22.713 9 INFO neutron.db.ovn_revision_numbers_db [None req-b9f58edc-9286-4c3d-994b-c19ceb4dae95 - - - - - -] Successfully bumped revision number for resource d309c03a-acb7-4568-82d0-8d8d0974922b (type: ports) to 4
2026-07-02 01:32:22.739 10 INFO neutron.wsgi [None req-d880f456-47a4-4e54-8645-3f6e6c7131d3 76ba668c6e64420e9e1a5d98391ea097 d1ff2983014f489084ff9146fb409af7 - - default default] 10.0.0.102 "GET /v2.0/floatingips/51e63cc1-760d-4520-b61e-4d1be98bcdb4/tags HTTP/1.1" status: 200 len: 223 time: 0.0278599
2026-07-02 01:32:22.770 10 INFO neutron.api.v2.resource [None req-57d828e2-321e-443c-a420-3fe13af33155 76ba668c6e64420e9e1a5d98391ea097 d1ff2983014f489084ff9146fb409af7 - - - -] delete failed (client error): The resource could not be found.
2026-07-02 01:32:22.772 10 INFO neutron.wsgi [None req-57d828e2-321e-443c-a420-3fe13af33155 76ba668c6e64420e9e1a5d98391ea097 d1ff2983014f489084ff9146fb409af7 - - - -] 10.0.0.102 "DELETE /v2.0/floatingips/51e63cc1-760d-4520-b61e-4d1be98bcdb4/tags/green HTTP/1.1" status: 404 len: 299 time: 0.0281675
2026-07-02 01:32:22.824 10 INFO neutron.wsgi [None req-2f80c19d-1ab3-4fb4-afd2-a62528f41a5c 76ba668c6e64420e9e1a5d98391ea097 d1ff2983014f489084ff9146fb409af7 - - - -] 10.0.0.102 "DELETE /v2.0/floatingips/51e63cc1-760d-4520-b61e-4d1be98bcdb4/tags HTTP/1.1" status: 204 len: 168 time: 0.0459759
2026-07-02 01:32:22.859 10 INFO neutron.wsgi [None req-e4d24be8-4262-4af1-b34d-3f3abf5a6e8c 76ba668c6e64420e9e1a5d98391ea097 d1ff2983014f489084ff9146fb409af7 - - default default] 10.0.0.102 "GET /v2.0/floatingips/51e63cc1-760d-4520-b61e-4d1be98bcdb4/tags HTTP/1.1" status: 200 len: 205 time: 0.0302393 /var/lib/openstack/lib/python3.10/site-packages/pycadf/identifier.py:71: UserWarning: Invalid uuid: neutron. To ensure interoperability, identifiers should be a valid uuid. warnings.warn(('Invalid uuid: %s. To ensure interoperability, '
2026-07-02 01:32:22.887 10 WARNING neutron.plugins.ml2.drivers.ovn.mech_driver.ovsdb.ovn_client [None req-371175da-431c-4778-9b2f-397fa7168457 - - - - - -] No hosting information found for port f44239a7-02aa-4c90-a75d-bfcf8b449ae9: RuntimeError: No hosting information found for port f44239a7-02aa-4c90-a75d-bfcf8b449ae9
2026-07-02 01:32:22.888 10 INFO neutron.plugins.ml2.drivers.ovn.mech_driver.mech_driver [None req-371175da-431c-4778-9b2f-397fa7168457 - - - - - -] OVN reports status up for port: 338d4465-9313-44df-8ab3-8cb1a4aa05a1
2026-07-02 01:32:22.896 10 INFO neutron.plugins.ml2.plugin [None req-371175da-431c-4778-9b2f-397fa7168457 - - - - - -] Attempt 1 to provision port 338d4465-9313-44df-8ab3-8cb1a4aa05a1
2026-07-02 01:32:22.994 9 INFO neutron.wsgi [req-e83eec79-28d2-46d7-abda-241b6fff3240 req-4b71b372-58b8-4234-ad33-13dfd66f8374 9bf771046a43452a91e1d652b9bdc705 49b955da98f5433ab319356d2c1d0a45 - - default default] 10.0.0.211 "GET /v2.0/ports?device_id=8aceb350-8400-4a48-a0d1-5a333670200a HTTP/1.1" status: 200 len: 1170 time: 0.0485132
2026-07-02 01:32:23.047 9 INFO neutron.wsgi [req-e83eec79-28d2-46d7-abda-241b6fff3240 req-80495fb0-a202-45ae-84f0-0d4392db1581 9bf771046a43452a91e1d652b9bdc705 49b955da98f5433ab319356d2c1d0a45 - - default default] 10.0.0.211 "GET /v2.0/security-groups?id=47c46729-623a-4655-a042-e56a4a599794&fields=id&fields=name HTTP/1.1" status: 200 len: 313 time: 0.0390754
2026-07-02 01:32:23.238 9 INFO neutron.wsgi [None req-88a59ab2-6094-4bb5-a899-b27ed6d983f3 76ba668c6e64420e9e1a5d98391ea097 d1ff2983014f489084ff9146fb409af7 - - - -] 10.0.0.102 "DELETE /v2.0/floatingips/51e63cc1-760d-4520-b61e-4d1be98bcdb4 HTTP/1.1" status: 204 len: 168 time: 0.3721774
2026-07-02 01:32:23.333 10 INFO neutron.db.ovn_revision_numbers_db [None req-371175da-431c-4778-9b2f-397fa7168457 - - - - - -] Successfully bumped revision number for resource 338d4465-9313-44df-8ab3-8cb1a4aa05a1 (type: ports) to 3
2026-07-02 01:32:23.382 9 INFO neutron.wsgi [None req-8cfcaaa3-af3f-43b5-af56-bdf4ecb2fa9b acf7315695914a5a9376f1fcd647541b 7b034678bc534c6a813906e21f515ebc - - default default] 10.0.0.102 "GET /v2.0/ports/338d4465-9313-44df-8ab3-8cb1a4aa05a1 HTTP/1.1" status: 200 len: 1149 time: 0.0344276
2026-07-02 01:32:23.429 10 INFO neutron.db.ovn_revision_numbers_db [None req-371175da-431c-4778-9b2f-397fa7168457 - - - - - -] Successfully bumped revision number for resource 338d4465-9313-44df-8ab3-8cb1a4aa05a1 (type: router_ports) to 3
2026-07-02 01:32:24.016 9 INFO neutron.notifiers.nova [-] Nova event matching ['req-4356241e-6844-421c-8acf-4e6a37063061'] response: {'server_uuid': '8aceb350-8400-4a48-a0d1-5a333670200a', 'name': 'network-vif-plugged', 'status': 'completed', 'tag': 'd309c03a-acb7-4568-82d0-8d8d0974922b', 'code': 200}
2026-07-02 01:32:24.017 9 INFO neutron.notifiers.nova [-] Nova event matching ['req-4356241e-6844-421c-8acf-4e6a37063061'] response: {'server_uuid': '8aceb350-8400-4a48-a0d1-5a333670200a', 'name': 'network-vif-plugged', 'status': 'completed', 'tag': 'd309c03a-acb7-4568-82d0-8d8d0974922b', 'code': 200}
2026-07-02 01:32:24.092 10 INFO neutron.db.ovn_revision_numbers_db [None req-51bb624f-f0c9-4f1a-b510-8612609db61a 3a917af073e94918a60b24f8d4b72481 827b0bfd524840fe9523b973f101e468 - - default default] Successfully bumped revision number for resource 8f112531-27cc-4be7-ae8e-f4e68bd3d449 (type: security_groups) to 1
2026-07-02 01:32:24.112 10 INFO neutron.wsgi [None req-51bb624f-f0c9-4f1a-b510-8612609db61a 3a917af073e94918a60b24f8d4b72481 827b0bfd524840fe9523b973f101e468 - - default default] 10.0.0.102 "GET /v2.0/security-groups?tenant_id=eb418583383d42d7aa14289042852cbf&name=default HTTP/1.1" status: 200 len: 2996 time: 0.2179782
2026-07-02 01:32:24.127 9 INFO neutron.wsgi [req-e8c7b60e-0c80-4b30-9b6d-714f57e9a70e req-4577d4b7-e422-4dbc-8444-801f6bb42563 6c22376b7cff4f7583c233df77d71260 049f9f73f00e43358e04fa8c6594c78d - - default default] 10.0.0.211 "GET /v2.0/ports?device_id=62606b17-7b80-4074-83d0-a9f7114c48fd HTTP/1.1" status: 200 len: 1210 time: 0.1182973
2026-07-02 01:32:24.176 9 INFO neutron.wsgi [req-832ba2b9-801c-4a00-92b7-b47be5b19541 req-36f48dc7-226b-4552-b501-9f1b05a08d12 9bf771046a43452a91e1d652b9bdc705 49b955da98f5433ab319356d2c1d0a45 - - default default] 10.0.0.211 "GET /v2.0/ports?device_id=8aceb350-8400-4a48-a0d1-5a333670200a HTTP/1.1" status: 200 len: 1170 time: 0.0484910
2026-07-02 01:32:24.202 9 INFO neutron.wsgi [req-e8c7b60e-0c80-4b30-9b6d-714f57e9a70e req-03d3860f-b02d-407c-b831-f85b721f1261 6c22376b7cff4f7583c233df77d71260 049f9f73f00e43358e04fa8c6594c78d - - default default] 10.0.0.211 "GET /v2.0/security-groups?id=7ebbcd1d-77ec-48b0-a3a9-afe517fda3cc&id=042a4bfb-a820-401f-9466-12a8b8a2f69d&fields=id&fields=name HTTP/1.1" status: 200 len: 405 time: 0.0636151
2026-07-02 01:32:24.242 9 INFO neutron.wsgi [req-832ba2b9-801c-4a00-92b7-b47be5b19541 req-bafdea19-36c1-4a40-853e-fbfa9c8c1801 9bf771046a43452a91e1d652b9bdc705 49b955da98f5433ab319356d2c1d0a45 - - default default] 10.0.0.211 "GET /v2.0/security-groups?id=47c46729-623a-4655-a042-e56a4a599794&fields=id&fields=name HTTP/1.1" status: 200 len: 313 time: 0.0573006
2026-07-02 01:32:24.313 10 INFO neutron.wsgi [None req-188117b7-fb46-4d45-9eae-cfbded062317 3a917af073e94918a60b24f8d4b72481 827b0bfd524840fe9523b973f101e468 - - - -] 10.0.0.102 "DELETE /v2.0/security-groups/8f112531-27cc-4be7-ae8e-f4e68bd3d449 HTTP/1.1" status: 204 len: 168 time: 0.1970990
2026-07-02 01:32:24.390 9 INFO neutron.wsgi [None req-b1a1614c-1425-4692-8004-59dc03ed016e acf7315695914a5a9376f1fcd647541b 7b034678bc534c6a813906e21f515ebc - - - -] 10.0.0.102 "PUT /v2.0/routers/586fbb3c-f81a-47e6-a5dc-269ab39ba52f/remove_router_interface HTTP/1.1" status: 200 len: 503 time: 1.0029263 /var/lib/openstack/lib/python3.10/site-packages/pycadf/identifier.py:71: UserWarning: Invalid uuid: neutron. To ensure interoperability, identifiers should be a valid uuid. warnings.warn(('Invalid uuid: %s. To ensure interoperability, '
2026-07-02 01:32:24.500 9 INFO neutron.wsgi [None req-a987aaaa-32bf-40da-9d84-7e3e2068471e 7b3b78ba90a6480984d79f859d3c03f1 fb4ed4dcc4774028a6ddc1ff16fa1e5b - - default default] 10.0.0.102 "GET /v2.0/ports?device_id=62606b17-7b80-4074-83d0-a9f7114c48fd HTTP/1.1" status: 200 len: 1395 time: 0.2564063
2026-07-02 01:32:24.510 10 INFO neutron.wsgi [None req-2c864f01-3a3c-4093-b3fc-9c08082e5bba acf7315695914a5a9376f1fcd647541b 7b034678bc534c6a813906e21f515ebc - - default default] 10.0.0.102 "GET /v2.0/ports/f44239a7-02aa-4c90-a75d-bfcf8b449ae9 HTTP/1.1" status: 200 len: 1141 time: 0.1156940
2026-07-02 01:32:24.590 9 INFO neutron.wsgi [None req-723ba4a5-2482-4a07-bc5c-eaa4cac5f90d 6c22376b7cff4f7583c233df77d71260 049f9f73f00e43358e04fa8c6594c78d - - default default] 10.0.0.102 "GET /v2.0/floatingips?floating_network_id=99636e24-87d4-42be-8a44-0185d691327f&port_id=509259c3-0a34-47ea-9e64-88116e10eb94 HTTP/1.1" status: 200 len: 1054 time: 0.0858772
2026-07-02 01:32:24.619 9 INFO neutron.db.ovn_revision_numbers_db [None req-9ee41387-83b1-4d73-a5d8-5e9e1b2860ce 3a917af073e94918a60b24f8d4b72481 827b0bfd524840fe9523b973f101e468 - - default default] Successfully bumped revision number for resource 40e86d00-d95c-4408-aee3-c47a9230a9e2 (type: security_groups) to 1
2026-07-02 01:32:24.640 9 INFO neutron.wsgi [None req-9ee41387-83b1-4d73-a5d8-5e9e1b2860ce 3a917af073e94918a60b24f8d4b72481 827b0bfd524840fe9523b973f101e468 - - default default] 10.0.0.102 "GET /v2.0/security-groups?tenant_id=d1ff2983014f489084ff9146fb409af7&name=default HTTP/1.1" status: 200 len: 2996 time: 0.2093253
2026-07-02 01:32:24.806 9 INFO neutron.wsgi [None req-3ea914e9-954f-447f-94f3-706abc51a87b 3a917af073e94918a60b24f8d4b72481 827b0bfd524840fe9523b973f101e468 - - - -] 10.0.0.102 "DELETE /v2.0/security-groups/40e86d00-d95c-4408-aee3-c47a9230a9e2 HTTP/1.1" status: 204 len: 168 time: 0.1615856
2026-07-02 01:32:24.856 9 INFO neutron.wsgi [req-06603f17-0983-41dc-b2c2-5fa050b9cab2 req-d1526132-31c5-4855-8089-953b5b174140 e1f81f8caf024d5f9e715d363f2108c9 968cbb9fb32e40868564e845d9acc664 - - b88a321674534f14aa6e44bdd1d7eb39 b88a321674534f14aa6e44bdd1d7eb39] 10.0.0.163 "GET /v2.0/ports?device_id=62606b17-7b80-4074-83d0-a9f7114c48fd HTTP/1.1" status: 200 len: 1400 time: 0.0292623
2026-07-02 01:32:24.911 9 INFO neutron.wsgi [req-06603f17-0983-41dc-b2c2-5fa050b9cab2 req-f8dd67eb-0384-450c-834f-f13cff5cfc83 e1f81f8caf024d5f9e715d363f2108c9 968cbb9fb32e40868564e845d9acc664 - - b88a321674534f14aa6e44bdd1d7eb39 b88a321674534f14aa6e44bdd1d7eb39] 10.0.0.163 "GET /v2.0/security-groups?id=042a4bfb-a820-401f-9466-12a8b8a2f69d&id=7ebbcd1d-77ec-48b0-a3a9-afe517fda3cc&fields=id&fields=name HTTP/1.1" status: 200 len: 405 time: 0.0488257
2026-07-02 01:32:25.129 10 INFO neutron.wsgi [None req-fc9b280b-5469-49c6-8886-d295cbdf73dd acf7315695914a5a9376f1fcd647541b 7b034678bc534c6a813906e21f515ebc - - - -] 10.0.0.102 "PUT /v2.0/routers/586fbb3c-f81a-47e6-a5dc-269ab39ba52f/remove_router_interface HTTP/1.1" status: 200 len: 503 time: 0.6130259
2026-07-02 01:32:25.164 9 INFO neutron.wsgi [None req-b4288ed0-99ce-4c86-8b91-ff9ffab321b2 acf7315695914a5a9376f1fcd647541b 7b034678bc534c6a813906e21f515ebc - - default default] 10.0.0.102 "GET /v2.0/ports?device_id=586fbb3c-f81a-47e6-a5dc-269ab39ba52f HTTP/1.1" status: 200 len: 205 time: 0.0220146
2026-07-02 01:32:25.425 9 INFO neutron.wsgi [None req-0666cb0f-e071-438e-ac32-ee31b95cc89d acf7315695914a5a9376f1fcd647541b 7b034678bc534c6a813906e21f515ebc - - - -] 10.0.0.102 "DELETE /v2.0/routers/586fbb3c-f81a-47e6-a5dc-269ab39ba52f HTTP/1.1" status: 204 len: 168 time: 0.2514722
2026-07-02 01:32:25.433 9 INFO neutron.wsgi [req-6ef76f2e-b6e6-492d-a76f-72e999eb48e8 req-2b391705-8f3b-4eb5-b2b6-95d3f314ca62 9bf771046a43452a91e1d652b9bdc705 49b955da98f5433ab319356d2c1d0a45 - - default default] 10.0.0.211 "GET /v2.0/ports?device_id=8aceb350-8400-4a48-a0d1-5a333670200a HTTP/1.1" status: 200 len: 1170 time: 0.1029451 /var/lib/openstack/lib/python3.10/site-packages/pycadf/identifier.py:71: UserWarning: Invalid uuid: neutron. To ensure interoperability, identifiers should be a valid uuid. warnings.warn(('Invalid uuid: %s. To ensure interoperability, '
2026-07-02 01:32:25.470 9 INFO neutron.wsgi [req-6ef76f2e-b6e6-492d-a76f-72e999eb48e8 req-6bbc4a8b-4efd-41f3-b66a-1e866050820a 9bf771046a43452a91e1d652b9bdc705 49b955da98f5433ab319356d2c1d0a45 - - default default] 10.0.0.211 "GET /v2.0/security-groups?id=47c46729-623a-4655-a042-e56a4a599794&fields=id&fields=name HTTP/1.1" status: 200 len: 313 time: 0.0295908
2026-07-02 01:32:25.565 9 INFO neutron.wsgi [req-1355a69d-e4ac-4bdc-b6b4-5a3d96e8380d req-27f9c049-7604-43cd-a2d4-ab21c2071ba6 9bf771046a43452a91e1d652b9bdc705 49b955da98f5433ab319356d2c1d0a45 - - default default] 10.0.0.211 "GET /v2.0/ports?device_id=8aceb350-8400-4a48-a0d1-5a333670200a HTTP/1.1" status: 200 len: 1170 time: 0.0359876
2026-07-02 01:32:25.590 10 INFO neutron.wsgi [None req-872967f8-73fa-4db2-b6a8-328079703814 acf7315695914a5a9376f1fcd647541b 7b034678bc534c6a813906e21f515ebc - - - -] 10.0.0.102 "DELETE /v2.0/subnets/6f681b65-0a8d-483a-94ce-d8cc4da3398a HTTP/1.1" status: 204 len: 168 time: 0.1570442
2026-07-02 01:32:25.619 9 INFO neutron.wsgi [req-1355a69d-e4ac-4bdc-b6b4-5a3d96e8380d req-b1395b60-6e3a-4fcc-a759-1100004afe58 9bf771046a43452a91e1d652b9bdc705 49b955da98f5433ab319356d2c1d0a45 - - default default] 10.0.0.211 "GET /v2.0/security-groups?id=47c46729-623a-4655-a042-e56a4a599794&fields=id&fields=name HTTP/1.1" status: 200 len: 313 time: 0.0473695
2026-07-02 01:32:25.679 9 INFO neutron.wsgi [None req-e0980638-38a4-4921-a310-4f89c861f262 195ea253a2944ed9ba1fe3643c9cf8e5 c2421bc312804c89ba285dbd6616c156 - - default default] 10.0.0.102 "GET /v2.0/ports?device_id=8aceb350-8400-4a48-a0d1-5a333670200a HTTP/1.1" status: 200 len: 1356 time: 0.0304711
2026-07-02 01:32:25.726 10 INFO neutron.wsgi [None req-649a80b0-524c-48c1-9c03-46fabc1e21e0 acf7315695914a5a9376f1fcd647541b 7b034678bc534c6a813906e21f515ebc - - - -] 10.0.0.102 "DELETE /v2.0/subnets/5c949f77-eded-448b-a38e-f4a0980974bb HTTP/1.1" status: 204 len: 168 time: 0.1318188
2026-07-02 01:32:26.100 9 INFO neutron.db.l3_db [None req-864f8143-3f87-48e9-8873-60de95b06ce1 9bf771046a43452a91e1d652b9bdc705 49b955da98f5433ab319356d2c1d0a45 - - - -] Floating IP adecc6cf-bfb7-4c3b-987f-c3674dc38919 associated. External IP: 10.96.250.220, port: d309c03a-acb7-4568-82d0-8d8d0974922b.
2026-07-02 01:32:26.632 9 INFO neutron.db.ovn_revision_numbers_db [None req-864f8143-3f87-48e9-8873-60de95b06ce1 9bf771046a43452a91e1d652b9bdc705 49b955da98f5433ab319356d2c1d0a45 - - - -] Successfully bumped revision number for resource adecc6cf-bfb7-4c3b-987f-c3674dc38919 (type: floatingips) to 4
2026-07-02 01:32:26.677 9 INFO neutron.services.segments.plugin [-] Segment a969ae62-1015-4545-b95f-6476c4991ccd resource provider aggregate not found
2026-07-02 01:32:26.713 9 INFO neutron.services.segments.plugin [-] Segment a969ae62-1015-4545-b95f-6476c4991ccd resource provider aggregate not found
2026-07-02 01:32:26.717 9 INFO neutron.services.segments.plugin [-] Segment a969ae62-1015-4545-b95f-6476c4991ccd resource provider not found; error: Placement Client Error (4xx): {"errors": [{"status": 404, "title": "Not Found", "detail": "The resource could not be found.\n\n No resource provider with uuid a969ae62-1015-4545-b95f-6476c4991ccd found for delete ", "request_id": "req-79259f81-92c1-4279-9bfd-6446e756af8d"}]}
2026-07-02 01:32:26.728 9 INFO neutron.services.segments.plugin [-] Segment a969ae62-1015-4545-b95f-6476c4991ccd resource provider not found; error: Placement Client Error (4xx): {"errors": [{"status": 404, "title": "Not Found", "detail": "The resource could not be found.\n\n No resource provider with uuid a969ae62-1015-4545-b95f-6476c4991ccd found for delete ", "request_id": "req-12a94b13-37ed-4b54-a65b-27ec07f72784"}]}
2026-07-02 01:32:26.739 9 INFO neutron.wsgi [None req-eca04b0c-50e1-41d5-b118-1843d25d776a acf7315695914a5a9376f1fcd647541b 7b034678bc534c6a813906e21f515ebc - - - -] 10.0.0.102 "DELETE /v2.0/networks/00047d5b-fcb2-4165-a320-6ce514d75510 HTTP/1.1" status: 204 len: 168 time: 1.0085373
2026-07-02 01:32:26.756 9 INFO neutron.db.ovn_revision_numbers_db [None req-864f8143-3f87-48e9-8873-60de95b06ce1 9bf771046a43452a91e1d652b9bdc705 49b955da98f5433ab319356d2c1d0a45 - - - -] Successfully bumped revision number for resource adecc6cf-bfb7-4c3b-987f-c3674dc38919 (type: floatingips) to 5
2026-07-02 01:32:26.782 9 INFO neutron.wsgi [None req-864f8143-3f87-48e9-8873-60de95b06ce1 9bf771046a43452a91e1d652b9bdc705 49b955da98f5433ab319356d2c1d0a45 - - - -] 10.0.0.102 "PUT /v2.0/floatingips/adecc6cf-bfb7-4c3b-987f-c3674dc38919 HTTP/1.1" status: 200 len: 1049 time: 1.0987539
2026-07-02 01:32:26.818 9 INFO neutron.notifiers.nova [-] Nova event matching ['req-9143deee-a2e7-49d3-83d4-d29e9b3c9932'] response: {'name': 'network-changed', 'server_uuid': '8aceb350-8400-4a48-a0d1-5a333670200a', 'tag': 'd309c03a-acb7-4568-82d0-8d8d0974922b', 'status': 'completed', 'code': 200}
2026-07-02 01:32:26.855 10 INFO neutron.wsgi [None req-846002f4-37d3-45cb-9b14-2f63556c6b91 9bf771046a43452a91e1d652b9bdc705 49b955da98f5433ab319356d2c1d0a45 - - default default] 10.0.0.102 "GET /v2.0/floatingips/adecc6cf-bfb7-4c3b-987f-c3674dc38919 HTTP/1.1" status: 200 len: 1051 time: 0.0665045
2026-07-02 01:32:26.889 9 INFO neutron.wsgi [req-bb4d3d93-961e-4cf6-92d5-ba447c9c076f req-9f78cc64-e3b1-4d92-9a2e-f77d29edd86f e1f81f8caf024d5f9e715d363f2108c9 968cbb9fb32e40868564e845d9acc664 - - b88a321674534f14aa6e44bdd1d7eb39 b88a321674534f14aa6e44bdd1d7eb39] 199.19.213.78 "GET /v2.0/ports?tenant_id=49b955da98f5433ab319356d2c1d0a45&device_id=8aceb350-8400-4a48-a0d1-5a333670200a HTTP/1.1" status: 200 len: 1361 time: 0.0371687
2026-07-02 01:32:26.946 9 INFO neutron.wsgi [req-bb4d3d93-961e-4cf6-92d5-ba447c9c076f req-c14def0c-0cda-4c23-9cb0-f23e13036237 e1f81f8caf024d5f9e715d363f2108c9 968cbb9fb32e40868564e845d9acc664 - - b88a321674534f14aa6e44bdd1d7eb39 b88a321674534f14aa6e44bdd1d7eb39] 199.19.213.78 "GET /v2.0/networks?id=d6f25e26-327a-4cba-b981-31c51af246fa HTTP/1.1" status: 200 len: 958 time: 0.0526574
2026-07-02 01:32:26.991 9 INFO neutron.wsgi [req-17ea23a8-6731-4bd0-b8aa-b8edb28b5896 req-670e3712-8f99-49ea-87e9-054d8bbb740d 6c22376b7cff4f7583c233df77d71260 049f9f73f00e43358e04fa8c6594c78d - - default default] 10.0.0.211 "GET /v2.0/ports?device_id=62606b17-7b80-4074-83d0-a9f7114c48fd HTTP/1.1" status: 200 len: 1210 time: 0.0442116
2026-07-02 01:32:27.012 9 INFO neutron.wsgi [req-bb4d3d93-961e-4cf6-92d5-ba447c9c076f req-23f939d8-5db4-43fd-9259-93a2c38582b7 e1f81f8caf024d5f9e715d363f2108c9 968cbb9fb32e40868564e845d9acc664 - - b88a321674534f14aa6e44bdd1d7eb39 b88a321674534f14aa6e44bdd1d7eb39] 199.19.213.78 "GET /v2.0/floatingips?fixed_ip_address=10.100.0.3&port_id=d309c03a-acb7-4568-82d0-8d8d0974922b HTTP/1.1" status: 200 len: 1059 time: 0.0597539
2026-07-02 01:32:27.055 9 INFO neutron.wsgi [req-17ea23a8-6731-4bd0-b8aa-b8edb28b5896 req-f1e96161-7538-4886-8f1f-6b39b125efe9 6c22376b7cff4f7583c233df77d71260 049f9f73f00e43358e04fa8c6594c78d - - default default] 10.0.0.211 "GET /v2.0/security-groups?id=7ebbcd1d-77ec-48b0-a3a9-afe517fda3cc&id=042a4bfb-a820-401f-9466-12a8b8a2f69d&fields=id&fields=name HTTP/1.1" status: 200 len: 405 time: 0.0596712
2026-07-02 01:32:27.058 9 INFO neutron.wsgi [req-bb4d3d93-961e-4cf6-92d5-ba447c9c076f req-8f489faa-b0eb-4d3a-bdf6-a930fb1d5a82 e1f81f8caf024d5f9e715d363f2108c9 968cbb9fb32e40868564e845d9acc664 - - b88a321674534f14aa6e44bdd1d7eb39 b88a321674534f14aa6e44bdd1d7eb39] 199.19.213.78 "GET /v2.0/subnets?id=fce28cbf-5288-4bc1-969b-b0ca44725040 HTTP/1.1" status: 200 len: 853 time: 0.0400455
2026-07-02 01:32:27.091 9 INFO neutron.wsgi [req-bb4d3d93-961e-4cf6-92d5-ba447c9c076f req-84145918-1ae2-4252-b256-67168d24b73c e1f81f8caf024d5f9e715d363f2108c9 968cbb9fb32e40868564e845d9acc664 - - b88a321674534f14aa6e44bdd1d7eb39 b88a321674534f14aa6e44bdd1d7eb39] 199.19.213.78 "GET /v2.0/ports?network_id=d6f25e26-327a-4cba-b981-31c51af246fa&device_owner=network%3Adhcp HTTP/1.1" status: 200 len: 210 time: 0.0260377
2026-07-02 01:32:27.189 9 INFO neutron.wsgi [req-bb4d3d93-961e-4cf6-92d5-ba447c9c076f req-d7a04895-f7de-4bf6-bc45-d91455b9b94b e1f81f8caf024d5f9e715d363f2108c9 968cbb9fb32e40868564e845d9acc664 - - b88a321674534f14aa6e44bdd1d7eb39 b88a321674534f14aa6e44bdd1d7eb39] 199.19.213.78 "GET /v2.0/networks/d6f25e26-327a-4cba-b981-31c51af246fa?fields=segments HTTP/1.1" status: 200 len: 212 time: 0.0907414
2026-07-02 01:32:27.195 10 INFO neutron.services.segments.plugin [-] Segment d94219ea-9416-4072-9365-ee84d9608e88 resource provider aggregate not found
2026-07-02 01:32:27.223 10 INFO neutron.services.segments.plugin [-] Segment d94219ea-9416-4072-9365-ee84d9608e88 resource provider aggregate not found
2026-07-02 01:32:27.228 10 INFO neutron.services.segments.plugin [-] Segment d94219ea-9416-4072-9365-ee84d9608e88 resource provider not found; error: Placement Client Error (4xx): {"errors": [{"status": 404, "title": "Not Found", "detail": "The resource could not be found.\n\n No resource provider with uuid d94219ea-9416-4072-9365-ee84d9608e88 found for delete ", "request_id": "req-d90d3e95-e24f-4f4d-9341-985e822b0e25"}]}
2026-07-02 01:32:27.243 10 INFO neutron.services.segments.plugin [-] Segment d94219ea-9416-4072-9365-ee84d9608e88 resource provider not found; error: Placement Client Error (4xx): {"errors": [{"status": 404, "title": "Not Found", "detail": "The resource could not be found.\n\n No resource provider with uuid d94219ea-9416-4072-9365-ee84d9608e88 found for delete ", "request_id": "req-5c3604ee-f85f-44eb-ac20-203602ea41d1"}]}
2026-07-02 01:32:27.255 10 INFO neutron.wsgi [None req-ec04d32b-fda5-47ae-a637-597293ad5506 acf7315695914a5a9376f1fcd647541b 7b034678bc534c6a813906e21f515ebc - - - -] 10.0.0.102 "DELETE /v2.0/networks/b08f793c-6f86-4d21-b040-bebed50f9c11 HTTP/1.1" status: 204 len: 168 time: 0.5076475
2026-07-02 01:32:27.310 9 INFO neutron.wsgi [req-bb4d3d93-961e-4cf6-92d5-ba447c9c076f req-10d539bc-eef7-4567-ba77-5ad14474ba75 e1f81f8caf024d5f9e715d363f2108c9 968cbb9fb32e40868564e845d9acc664 - - b88a321674534f14aa6e44bdd1d7eb39 b88a321674534f14aa6e44bdd1d7eb39] 199.19.213.78 "GET /v2.0/networks/d6f25e26-327a-4cba-b981-31c51af246fa?fields=provider%3Aphysical_network&fields=provider%3Anetwork_type HTTP/1.1" status: 200 len: 277 time: 0.1158283
2026-07-02 01:32:27.330 9 INFO neutron.wsgi [req-1edefee1-7bd6-4755-8344-e8f39f960d9b req-f13de538-ccb1-451c-ba01-4795c0cf85ea 6c22376b7cff4f7583c233df77d71260 049f9f73f00e43358e04fa8c6594c78d - - default default] 199.19.213.78 "GET /v2.0/ports?device_id=62606b17-7b80-4074-83d0-a9f7114c48fd HTTP/1.1" status: 200 len: 1210 time: 0.0401032
2026-07-02 01:32:27.396 9 INFO neutron.db.segments_db [None req-d221d921-addd-4b76-8184-9706edb2551c acf7315695914a5a9376f1fcd647541b 7b034678bc534c6a813906e21f515ebc - - - -] Added segment 3613813a-2eb5-40a5-97cc-b93eb34cac92 of type geneve for network f9e945ab-0f2f-4fa8-8188-709e3c009220
2026-07-02 01:32:27.589 9 INFO neutron.db.ovn_revision_numbers_db [None req-d221d921-addd-4b76-8184-9706edb2551c acf7315695914a5a9376f1fcd647541b 7b034678bc534c6a813906e21f515ebc - - - -] Successfully bumped revision number for resource f9e945ab-0f2f-4fa8-8188-709e3c009220 (type: networks) to 1
2026-07-02 01:32:27.761 9 INFO neutron.db.l3_db [None req-239cef21-3993-40e8-8552-e605102ec5d3 6c22376b7cff4f7583c233df77d71260 049f9f73f00e43358e04fa8c6594c78d - - - -] Floating IP af95112f-7660-48f8-820f-ab573ea83c95 disassociated. External IP: 10.96.250.211, port: 509259c3-0a34-47ea-9e64-88116e10eb94.
2026-07-02 01:32:27.872 9 WARNING neutron.scheduler.dhcp_agent_scheduler [None req-d221d921-addd-4b76-8184-9706edb2551c acf7315695914a5a9376f1fcd647541b 7b034678bc534c6a813906e21f515ebc - - - -] No more DHCP agents
2026-07-02 01:32:27.875 9 WARNING neutron.api.rpc.agentnotifiers.dhcp_rpc_agent_api [None req-d221d921-addd-4b76-8184-9706edb2551c acf7315695914a5a9376f1fcd647541b 7b034678bc534c6a813906e21f515ebc - - - -] Unable to schedule network f9e945ab-0f2f-4fa8-8188-709e3c009220: no agents available; will retry on subsequent port and subnet creation events.
2026-07-02 01:32:27.956 9 INFO neutron.db.ovn_revision_numbers_db [None req-d221d921-addd-4b76-8184-9706edb2551c acf7315695914a5a9376f1fcd647541b 7b034678bc534c6a813906e21f515ebc - - - -] Successfully bumped revision number for resource b012d570-46ea-4282-bdbe-77f1abaa5ad3 (type: ports) to 1
2026-07-02 01:32:27.985 9 INFO neutron.wsgi [None req-d221d921-addd-4b76-8184-9706edb2551c acf7315695914a5a9376f1fcd647541b 7b034678bc534c6a813906e21f515ebc - - - -] 10.0.0.102 "POST /v2.0/networks HTTP/1.1" status: 201 len: 833 time: 0.7070105
2026-07-02 01:32:28.000 9 INFO neutron.wsgi [None req-239cef21-3993-40e8-8552-e605102ec5d3 6c22376b7cff4f7583c233df77d71260 049f9f73f00e43358e04fa8c6594c78d - - - -] 199.19.213.78 "DELETE /v2.0/ports/509259c3-0a34-47ea-9e64-88116e10eb94 HTTP/1.1" status: 204 len: 173 time: 0.6611738
2026-07-02 01:32:28.172 9 INFO neutron.wsgi [req-237b183b-517a-4095-9672-9b622c901180 req-fa233bde-5f2d-4dbd-862b-4a436aba4c35 6c22376b7cff4f7583c233df77d71260 049f9f73f00e43358e04fa8c6594c78d - - default default] 10.0.0.211 "GET /v2.0/ports?device_id=62606b17-7b80-4074-83d0-a9f7114c48fd HTTP/1.1" status: 200 len: 210 time: 0.0289791
2026-07-02 01:32:28.285 10 WARNING neutron.scheduler.dhcp_agent_scheduler [None req-d2bbad15-d1a0-447a-b1b8-9e4b1eeafbe9 acf7315695914a5a9376f1fcd647541b 7b034678bc534c6a813906e21f515ebc - - - -] No more DHCP agents
2026-07-02 01:32:28.287 10 WARNING neutron.api.rpc.agentnotifiers.dhcp_rpc_agent_api [None req-d2bbad15-d1a0-447a-b1b8-9e4b1eeafbe9 acf7315695914a5a9376f1fcd647541b 7b034678bc534c6a813906e21f515ebc - - - -] Unable to schedule network f9e945ab-0f2f-4fa8-8188-709e3c009220: no agents available; will retry on subsequent port and subnet creation events.
2026-07-02 01:32:28.299 10 INFO neutron.db.ovn_revision_numbers_db [None req-d2bbad15-d1a0-447a-b1b8-9e4b1eeafbe9 acf7315695914a5a9376f1fcd647541b 7b034678bc534c6a813906e21f515ebc - - - -] Successfully bumped revision number for resource d0df18fc-87fe-426b-8337-d2fb99c1ed95 (type: subnets) to 0
2026-07-02 01:32:28.313 10 INFO neutron.wsgi [None req-d2bbad15-d1a0-447a-b1b8-9e4b1eeafbe9 acf7315695914a5a9376f1fcd647541b 7b034678bc534c6a813906e21f515ebc - - - -] 10.0.0.102 "POST /v2.0/subnets HTTP/1.1" status: 201 len: 821 time: 0.3229232
2026-07-02 01:32:28.488 9 INFO neutron.db.ovn_revision_numbers_db [None req-31a81a4f-332f-43ca-95dc-a391c3d26534 955c7791b4ac4bd79228717622305d70 a7c2d60ee0034053a8d2d72ad82f82f9 - - - -] Successfully bumped revision number for resource 479cac50-2c8b-4b3c-9119-5560d130439b (type: security_groups) to 1
2026-07-02 01:32:28.512 10 INFO neutron.db.ovn_revision_numbers_db [None req-545fdcc6-3223-4429-97c2-e6e4f8645d69 acf7315695914a5a9376f1fcd647541b 7b034678bc534c6a813906e21f515ebc - - - -] Successfully bumped revision number for resource 50ed3c53-afbb-4c40-a41f-6f8d42497343 (type: routers) to 1
2026-07-02 01:32:28.540 10 INFO neutron.wsgi [None req-545fdcc6-3223-4429-97c2-e6e4f8645d69 acf7315695914a5a9376f1fcd647541b 7b034678bc534c6a813906e21f515ebc - - - -] 10.0.0.102 "POST /v2.0/routers HTTP/1.1" status: 201 len: 691 time: 0.2200389
2026-07-02 01:32:28.541 10 WARNING neutron.plugins.ml2.drivers.ovn.mech_driver.ovsdb.ovn_client [None req-371175da-431c-4778-9b2f-397fa7168457 - - - - - -] No port found with ID 338d4465-9313-44df-8ab3-8cb1a4aa05a1: RuntimeError: No port found with ID 338d4465-9313-44df-8ab3-8cb1a4aa05a1
2026-07-02 01:32:28.541 9 INFO neutron.db.segments_db [None req-31a81a4f-332f-43ca-95dc-a391c3d26534 955c7791b4ac4bd79228717622305d70 a7c2d60ee0034053a8d2d72ad82f82f9 - - - -] Added segment 65f5f8ee-f91e-4c13-be55-dc54568c8fc9 of type geneve for network 8739130e-b664-4502-b59f-0f8cc434f3b4
2026-07-02 01:32:28.564 10 INFO neutron.plugins.ml2.drivers.ovn.mech_driver.mech_driver [None req-371175da-431c-4778-9b2f-397fa7168457 - - - - - -] OVN reports status down for port: 509259c3-0a34-47ea-9e64-88116e10eb94
2026-07-02 01:32:28.680 9 INFO neutron.db.ovn_revision_numbers_db [None req-31a81a4f-332f-43ca-95dc-a391c3d26534 955c7791b4ac4bd79228717622305d70 a7c2d60ee0034053a8d2d72ad82f82f9 - - - -] Successfully bumped revision number for resource 8739130e-b664-4502-b59f-0f8cc434f3b4 (type: networks) to 1
2026-07-02 01:32:28.872 9 INFO neutron.notifiers.nova [-] Nova event matching ['req-fff3c210-6643-4683-841b-2866cc8cdd78'] response: {'server_uuid': '62606b17-7b80-4074-83d0-a9f7114c48fd', 'name': 'network-vif-deleted', 'tag': '509259c3-0a34-47ea-9e64-88116e10eb94', 'status': 'completed', 'code': 200}
2026-07-02 01:32:28.913 9 WARNING neutron.scheduler.dhcp_agent_scheduler [None req-31a81a4f-332f-43ca-95dc-a391c3d26534 955c7791b4ac4bd79228717622305d70 a7c2d60ee0034053a8d2d72ad82f82f9 - - - -] No more DHCP agents
2026-07-02 01:32:28.922 9 WARNING neutron.api.rpc.agentnotifiers.dhcp_rpc_agent_api [None req-31a81a4f-332f-43ca-95dc-a391c3d26534 955c7791b4ac4bd79228717622305d70 a7c2d60ee0034053a8d2d72ad82f82f9 - - - -] Unable to schedule network 8739130e-b664-4502-b59f-0f8cc434f3b4: no agents available; will retry on subsequent port and subnet creation events.
2026-07-02 01:32:28.994 9 WARNING neutron.scheduler.dhcp_agent_scheduler [None req-b05bbae1-bc27-42c0-a579-b03aca188358 acf7315695914a5a9376f1fcd647541b 7b034678bc534c6a813906e21f515ebc - - - -] No more DHCP agents
2026-07-02 01:32:28.995 9 WARNING neutron.api.rpc.agentnotifiers.dhcp_rpc_agent_api [None req-b05bbae1-bc27-42c0-a579-b03aca188358 acf7315695914a5a9376f1fcd647541b 7b034678bc534c6a813906e21f515ebc - - - -] Unable to schedule network f9e945ab-0f2f-4fa8-8188-709e3c009220: no agents available; will retry on subsequent port and subnet creation events.
2026-07-02 01:32:28.998 9 INFO neutron.db.ovn_revision_numbers_db [None req-31a81a4f-332f-43ca-95dc-a391c3d26534 955c7791b4ac4bd79228717622305d70 a7c2d60ee0034053a8d2d72ad82f82f9 - - - -] Successfully bumped revision number for resource e72da327-142b-41b2-a29e-b177fce5b903 (type: ports) to 1
2026-07-02 01:32:29.027 9 INFO neutron.wsgi [None req-31a81a4f-332f-43ca-95dc-a391c3d26534 955c7791b4ac4bd79228717622305d70 a7c2d60ee0034053a8d2d72ad82f82f9 - - - -] 10.0.0.102 "POST /v2.0/networks HTTP/1.1" status: 201 len: 830 time: 0.7643700 /var/lib/openstack/lib/python3.10/site-packages/pycadf/identifier.py:71: UserWarning: Invalid uuid: neutron. To ensure interoperability, identifiers should be a valid uuid. warnings.warn(('Invalid uuid: %s. To ensure interoperability, '
2026-07-02 01:32:29.091 10 INFO neutron.wsgi [None req-e7a7d815-6a44-4b15-97df-f648438b7ba8 955c7791b4ac4bd79228717622305d70 a7c2d60ee0034053a8d2d72ad82f82f9 - - - -] 10.0.0.102 "PUT /v2.0/networks/8739130e-b664-4502-b59f-0f8cc434f3b4/tags HTTP/1.1" status: 200 len: 218 time: 0.0575602
2026-07-02 01:32:29.118 9 INFO neutron.db.ovn_revision_numbers_db [None req-b05bbae1-bc27-42c0-a579-b03aca188358 acf7315695914a5a9376f1fcd647541b 7b034678bc534c6a813906e21f515ebc - - - -] Successfully bumped revision number for resource 71672291-2a86-4229-a736-d70c13306d95 (type: ports) to 1
2026-07-02 01:32:29.138 9 INFO neutron.wsgi [None req-b05bbae1-bc27-42c0-a579-b03aca188358 acf7315695914a5a9376f1fcd647541b 7b034678bc534c6a813906e21f515ebc - - - -] 10.0.0.102 "POST /v2.0/ports HTTP/1.1" status: 201 len: 1159 time: 0.5923967
2026-07-02 01:32:29.141 10 INFO neutron.wsgi [None req-d61d91db-09c9-4b16-b933-a40871bdd44d 955c7791b4ac4bd79228717622305d70 a7c2d60ee0034053a8d2d72ad82f82f9 - - default default] 10.0.0.102 "GET /v2.0/networks/8739130e-b664-4502-b59f-0f8cc434f3b4/tags HTTP/1.1" status: 200 len: 218 time: 0.0449827 /var/lib/openstack/lib/python3.10/site-packages/pycadf/identifier.py:71: UserWarning: Invalid uuid: neutron. To ensure interoperability, identifiers should be a valid uuid. warnings.warn(('Invalid uuid: %s. To ensure interoperability, '
2026-07-02 01:32:29.193 9 INFO neutron.wsgi [None req-bf9d7f74-fd6d-4a19-8348-a4a2d6d68b57 955c7791b4ac4bd79228717622305d70 a7c2d60ee0034053a8d2d72ad82f82f9 - - - -] 10.0.0.102 "PUT /v2.0/networks/8739130e-b664-4502-b59f-0f8cc434f3b4/tags/green HTTP/1.1" status: 201 len: 201 time: 0.0469682
2026-07-02 01:32:29.495 9 INFO neutron.wsgi [None req-61c55c82-21bb-4d44-b50a-f59723380e6d 955c7791b4ac4bd79228717622305d70 a7c2d60ee0034053a8d2d72ad82f82f9 - - default default] 10.0.0.102 "GET /v2.0/networks/8739130e-b664-4502-b59f-0f8cc434f3b4/tags HTTP/1.1" status: 200 len: 227 time: 0.2970235
2026-07-02 01:32:29.526 10 INFO neutron.wsgi [None req-465c0ec9-d92b-4fe0-b49d-1f1f3869fd01 6c22376b7cff4f7583c233df77d71260 049f9f73f00e43358e04fa8c6594c78d - - - -] 10.0.0.102 "DELETE /v2.0/security-groups/7ebbcd1d-77ec-48b0-a3a9-afe517fda3cc HTTP/1.1" status: 204 len: 168 time: 0.1990263
2026-07-02 01:32:29.551 9 INFO neutron.wsgi [None req-a3795c56-985a-4c07-bc93-eefab6c477f1 955c7791b4ac4bd79228717622305d70 a7c2d60ee0034053a8d2d72ad82f82f9 - - - -] 10.0.0.102 "PUT /v2.0/networks/8739130e-b664-4502-b59f-0f8cc434f3b4/tags/red HTTP/1.1" status: 201 len: 201 time: 0.0502338
2026-07-02 01:32:29.561 10 INFO neutron.api.v2.resource [None req-8559d82d-a31a-429f-abc5-d0a6cfcd559e 6c22376b7cff4f7583c233df77d71260 049f9f73f00e43358e04fa8c6594c78d - - default default] show failed (client error): The resource could not be found.
2026-07-02 01:32:29.562 10 INFO neutron.wsgi [None req-8559d82d-a31a-429f-abc5-d0a6cfcd559e 6c22376b7cff4f7583c233df77d71260 049f9f73f00e43358e04fa8c6594c78d - - default default] 10.0.0.102 "GET /v2.0/security-groups/7ebbcd1d-77ec-48b0-a3a9-afe517fda3cc HTTP/1.1" status: 404 len: 347 time: 0.0289052 /var/lib/openstack/lib/python3.10/site-packages/pycadf/identifier.py:71: UserWarning: Invalid uuid: neutron. To ensure interoperability, identifiers should be a valid uuid. warnings.warn(('Invalid uuid: %s. To ensure interoperability, '
2026-07-02 01:32:29.599 9 INFO neutron.wsgi [None req-cecbc9e4-691e-4ae5-a16d-deb96aaab3b4 955c7791b4ac4bd79228717622305d70 a7c2d60ee0034053a8d2d72ad82f82f9 - - default default] 10.0.0.102 "GET /v2.0/networks/8739130e-b664-4502-b59f-0f8cc434f3b4/tags HTTP/1.1" status: 200 len: 227 time: 0.0429151
2026-07-02 01:32:29.659 9 INFO neutron.wsgi [None req-963a00b9-991f-45eb-aeb5-f0a367bf8b1c 955c7791b4ac4bd79228717622305d70 a7c2d60ee0034053a8d2d72ad82f82f9 - - - -] 10.0.0.102 "PUT /v2.0/networks/8739130e-b664-4502-b59f-0f8cc434f3b4/tags/black.or.white HTTP/1.1" status: 201 len: 201 time: 0.0561042
2026-07-02 01:32:29.660 10 INFO neutron.plugins.ml2.drivers.ovn.mech_driver.mech_driver [None req-371175da-431c-4778-9b2f-397fa7168457 - - - - - -] OVN reports status up for port: 71672291-2a86-4229-a736-d70c13306d95
2026-07-02 01:32:29.673 10 INFO neutron.plugins.ml2.plugin [None req-371175da-431c-4778-9b2f-397fa7168457 - - - - - -] Attempt 1 to provision port 71672291-2a86-4229-a736-d70c13306d95
2026-07-02 01:32:29.674 10 INFO neutron.db.ovn_revision_numbers_db [None req-c5e11736-966b-4eb6-8f2f-67e220ec8659 acf7315695914a5a9376f1fcd647541b 7b034678bc534c6a813906e21f515ebc - - default default] Successfully bumped revision number for resource 71672291-2a86-4229-a736-d70c13306d95 (type: router_ports) to 2
2026-07-02 01:32:29.704 9 INFO neutron.wsgi [None req-11ea726e-c44e-40a8-bae3-a26c0b9782da 955c7791b4ac4bd79228717622305d70 a7c2d60ee0034053a8d2d72ad82f82f9 - - default default] 10.0.0.102 "GET /v2.0/networks/8739130e-b664-4502-b59f-0f8cc434f3b4/tags HTTP/1.1" status: 200 len: 245 time: 0.0404599
2026-07-02 01:32:29.764 9 INFO neutron.wsgi [None req-bb180e44-56be-485f-9f74-90f70e90a835 955c7791b4ac4bd79228717622305d70 a7c2d60ee0034053a8d2d72ad82f82f9 - - - -] 10.0.0.102 "PUT /v2.0/networks/8739130e-b664-4502-b59f-0f8cc434f3b4/tags HTTP/1.1" status: 200 len: 230 time: 0.0553043
2026-07-02 01:32:29.821 9 INFO neutron.wsgi [None req-dbc84ff6-6830-438a-953f-223cfe437406 955c7791b4ac4bd79228717622305d70 a7c2d60ee0034053a8d2d72ad82f82f9 - - default default] 10.0.0.102 "GET /v2.0/networks/8739130e-b664-4502-b59f-0f8cc434f3b4/tags HTTP/1.1" status: 200 len: 230 time: 0.0512152
2026-07-02 01:32:29.847 9 INFO neutron.wsgi [-] 10.0.0.50 "GET / HTTP/1.1" status: 200 len: 246 time: 0.0013471
2026-07-02 01:32:29.848 9 INFO neutron.wsgi [-] 10.0.0.50 "GET / HTTP/1.1" status: 200 len: 246 time: 0.0008786
2026-07-02 01:32:29.877 9 INFO neutron.wsgi [None req-b78a0f44-58dc-44be-953e-b05a1c48763b 955c7791b4ac4bd79228717622305d70 a7c2d60ee0034053a8d2d72ad82f82f9 - - default default] 10.0.0.102 "GET /v2.0/networks/8739130e-b664-4502-b59f-0f8cc434f3b4/tags/red HTTP/1.1" status: 204 len: 168 time: 0.0489860
2026-07-02 01:32:29.925 9 INFO neutron.api.v2.resource [None req-7d64f41d-4aac-4bf1-bf75-37d8b49caa54 955c7791b4ac4bd79228717622305d70 a7c2d60ee0034053a8d2d72ad82f82f9 - - default default] show failed (client error): The resource could not be found.
2026-07-02 01:32:29.926 9 INFO neutron.wsgi [None req-7d64f41d-4aac-4bf1-bf75-37d8b49caa54 955c7791b4ac4bd79228717622305d70 a7c2d60ee0034053a8d2d72ad82f82f9 - - default default] 10.0.0.102 "GET /v2.0/networks/8739130e-b664-4502-b59f-0f8cc434f3b4/tags/green HTTP/1.1" status: 404 len: 299 time: 0.0435331
2026-07-02 01:32:29.987 9 INFO neutron.wsgi [None req-f1bde1c1-39ca-4500-bd29-8a20f88922bc 955c7791b4ac4bd79228717622305d70 a7c2d60ee0034053a8d2d72ad82f82f9 - - - -] 10.0.0.102 "DELETE /v2.0/networks/8739130e-b664-4502-b59f-0f8cc434f3b4/tags/red HTTP/1.1" status: 204 len: 168 time: 0.0555239
2026-07-02 01:32:30.043 9 INFO neutron.wsgi [None req-f145a242-b0e5-4379-873a-6c0d0740a072 955c7791b4ac4bd79228717622305d70 a7c2d60ee0034053a8d2d72ad82f82f9 - - default default] 10.0.0.102 "GET /v2.0/networks/8739130e-b664-4502-b59f-0f8cc434f3b4/tags HTTP/1.1" status: 200 len: 223 time: 0.0420802
2026-07-02 01:32:30.088 9 INFO neutron.api.v2.resource [None req-3dbb3303-3b7b-471b-b0d8-edab8fa63314 955c7791b4ac4bd79228717622305d70 a7c2d60ee0034053a8d2d72ad82f82f9 - - - -] delete failed (client error): The resource could not be found.
2026-07-02 01:32:30.090 9 INFO neutron.wsgi [None req-3dbb3303-3b7b-471b-b0d8-edab8fa63314 955c7791b4ac4bd79228717622305d70 a7c2d60ee0034053a8d2d72ad82f82f9 - - - -] 10.0.0.102 "DELETE /v2.0/networks/8739130e-b664-4502-b59f-0f8cc434f3b4/tags/green HTTP/1.1" status: 404 len: 299 time: 0.0420802
2026-07-02 01:32:30.142 10 INFO neutron.db.ovn_revision_numbers_db [None req-c5e11736-966b-4eb6-8f2f-67e220ec8659 acf7315695914a5a9376f1fcd647541b 7b034678bc534c6a813906e21f515ebc - - default default] Successfully bumped revision number for resource 71672291-2a86-4229-a736-d70c13306d95 (type: ports) to 2
2026-07-02 01:32:30.149 9 INFO neutron.wsgi [None req-7cd9e0e7-8da1-4a1b-877c-2f5f2af35635 955c7791b4ac4bd79228717622305d70 a7c2d60ee0034053a8d2d72ad82f82f9 - - - -] 10.0.0.102 "DELETE /v2.0/networks/8739130e-b664-4502-b59f-0f8cc434f3b4/tags HTTP/1.1" status: 204 len: 168 time: 0.0538397
2026-07-02 01:32:30.192 9 INFO neutron.wsgi [None req-26a4d413-60c7-40e5-84a8-a9595f01cfd4 955c7791b4ac4bd79228717622305d70 a7c2d60ee0034053a8d2d72ad82f82f9 - - default default] 10.0.0.102 "GET /v2.0/networks/8739130e-b664-4502-b59f-0f8cc434f3b4/tags HTTP/1.1" status: 200 len: 205 time: 0.0368721
2026-07-02 01:32:30.384 10 INFO neutron.db.ovn_revision_numbers_db [None req-371175da-431c-4778-9b2f-397fa7168457 - - - - - -] Successfully bumped revision number for resource 71672291-2a86-4229-a736-d70c13306d95 (type: ports) to 3
2026-07-02 01:32:30.397 10 INFO neutron.wsgi [None req-dad83916-60e5-4d53-a8ef-71e316bcb1d7 6c22376b7cff4f7583c233df77d71260 049f9f73f00e43358e04fa8c6594c78d - - - -] 10.0.0.102 "DELETE /v2.0/floatingips/af95112f-7660-48f8-820f-ab573ea83c95 HTTP/1.1" status: 204 len: 168 time: 0.8287013
2026-07-02 01:32:30.528 10 INFO neutron.db.ovn_revision_numbers_db [None req-371175da-431c-4778-9b2f-397fa7168457 - - - - - -] Successfully bumped revision number for resource 71672291-2a86-4229-a736-d70c13306d95 (type: router_ports) to 3
2026-07-02 01:32:30.564 9 INFO neutron.services.segments.plugin [-] Segment 65f5f8ee-f91e-4c13-be55-dc54568c8fc9 resource provider aggregate not found
2026-07-02 01:32:30.569 9 INFO neutron.services.segments.plugin [-] Segment 65f5f8ee-f91e-4c13-be55-dc54568c8fc9 resource provider aggregate not found
