+ exec neutron-ovn-metadata-agent --config-file /etc/neutron/neutron.conf --config-file /etc/neutron/ovn_metadata_agent.ini --config-file /tmp/pod-shared/neutron-agent.ini --config-file /tmp/pod-shared/ovn.ini /var/lib/openstack/lib/python3.10/site-packages/neutron/common/utils.py:54: UserWarning: pkg_resources is deprecated as an API. See https://setuptools.pypa.io/en/latest/pkg_resources.html. The pkg_resources package is slated for removal as early as 2025-11-30. Refrain from using this package or pin to Setuptools<81. import pkg_resources
2026-07-02 00:57:36.903 49 INFO neutron.common.config [-] Logging enabled!
2026-07-02 00:57:36.903 49 INFO neutron.common.config [-] /var/lib/openstack/bin/neutron-ovn-metadata-agent version 21.2.2.dev24
2026-07-02 00:57:36.932 49 INFO ovsdbapp.backend.ovs_idl.vlog [-] unix:/run/openvswitch/db.sock: connecting...
2026-07-02 00:57:36.933 49 INFO ovsdbapp.backend.ovs_idl.vlog [-] unix:/run/openvswitch/db.sock: connected
2026-07-02 00:57:37.009 49 INFO neutron.agent.ovn.metadata.ovsdb [-] Getting OvsdbSbOvnIdl for MetadataAgent with retry
2026-07-02 00:57:37.009 49 INFO ovsdbapp.backend.ovs_idl.vlog [-] tcp:10.110.59.251:6642: connecting...
2026-07-02 00:57:37.010 49 INFO ovsdbapp.backend.ovs_idl.vlog [-] tcp:10.110.59.251:6642: connected
2026-07-02 00:57:37.041 49 INFO oslo_service.service [-] Starting 2 workers
2026-07-02 00:57:37.046 49 INFO oslo.privsep.daemon [-] Running privsep helper: ['sudo', '/var/lib/openstack/bin/neutron-rootwrap', '/etc/neutron/rootwrap.conf', 'privsep-helper', '--config-file', '/etc/neutron/neutron.conf', '--config-file', '/etc/neutron/ovn_metadata_agent.ini', '--config-file', '/tmp/pod-shared/neutron-agent.ini', '--config-file', '/tmp/pod-shared/ovn.ini', '--privsep_context', 'neutron.privileged.namespace_cmd', '--privsep_sock_path', '/tmp/tmpa3m5z37f/privsep.sock']
2026-07-02 00:57:37.075 57 INFO neutron.agent.ovn.metadata.ovsdb [-] Getting OvsdbSbOvnIdl for MetadataAgent with retry
2026-07-02 00:57:37.076 57 INFO ovsdbapp.backend.ovs_idl.vlog [-] tcp:10.110.59.251:6642: connecting...
2026-07-02 00:57:37.077 57 INFO ovsdbapp.backend.ovs_idl.vlog [-] tcp:10.110.59.251:6642: connected
2026-07-02 00:57:37.078 58 INFO neutron.agent.ovn.metadata.ovsdb [-] Getting OvsdbSbOvnIdl for MetadataAgent with retry
2026-07-02 00:57:37.079 58 INFO ovsdbapp.backend.ovs_idl.vlog [-] tcp:10.110.59.251:6642: connecting...
2026-07-02 00:57:37.080 58 INFO ovsdbapp.backend.ovs_idl.vlog [-] tcp:10.110.59.251:6642: connected
2026-07-02 00:57:37.105 57 INFO eventlet.wsgi.server [-] (57) wsgi starting up on http:/var/lib/neutron/openstack-helm/metadata_proxy
2026-07-02 00:57:37.108 58 INFO eventlet.wsgi.server [-] (58) wsgi starting up on http:/var/lib/neutron/openstack-helm/metadata_proxy
2026-07-02 00:57:38.423 49 INFO oslo.privsep.daemon [-] Spawned new privsep daemon via rootwrap
2026-07-02 00:57:38.288 62 INFO oslo.privsep.daemon [-] privsep daemon starting
2026-07-02 00:57:38.296 62 INFO oslo.privsep.daemon [-] privsep process running with uid/gid: 0/0
2026-07-02 00:57:38.300 62 INFO oslo.privsep.daemon [-] privsep process running with capabilities (eff/prm/inh): CAP_SYS_ADMIN/CAP_SYS_ADMIN/none
2026-07-02 00:57:38.300 62 INFO oslo.privsep.daemon [-] privsep daemon running as pid 62
2026-07-02 00:58:52.842 57 ERROR neutron.agent.ovn.metadata.server [-] No port found in network None with IP address 169.254.169.254
2026-07-02 00:58:52.844 57 INFO eventlet.wsgi.server [-] 169.254.169.254, "GET / HTTP/1.1" status: 404 len: 176 time: 0.0021734
2026-07-02 01:00:50.321 58 ERROR neutron.agent.ovn.metadata.server [-] No port found in network None with IP address 169.254.169.254
2026-07-02 01:00:50.322 58 INFO eventlet.wsgi.server [-] 169.254.169.254, "GET / HTTP/1.1" status: 404 len: 176 time: 0.0020776
2026-07-02 01:04:00.322 58 ERROR neutron.agent.ovn.metadata.server [-] No port found in network None with IP address 169.254.169.254
2026-07-02 01:04:00.323 58 INFO eventlet.wsgi.server [-] 169.254.169.254, "GET / HTTP/1.1" status: 404 len: 176 time: 0.0013154
2026-07-02 01:04:30.305 58 ERROR neutron.agent.ovn.metadata.server [-] No port found in network None with IP address 169.254.169.254
2026-07-02 01:04:30.306 58 INFO eventlet.wsgi.server [-] 169.254.169.254, "GET / HTTP/1.1" status: 404 len: 176 time: 0.0014248
2026-07-02 01:06:39.909 49 INFO neutron.agent.ovn.metadata.agent [-] Port de903447-7b18-4ad0-a823-9d4d1499174d in datapath 44d1a244-47e9-4b6f-a6f4-b3ca4f84dbab bound to our chassis
2026-07-02 01:06:39.911 49 INFO neutron.agent.ovn.metadata.agent [-] Provisioning metadata for network 44d1a244-47e9-4b6f-a6f4-b3ca4f84dbab
2026-07-02 01:06:39.911 49 INFO oslo.privsep.daemon [-] Running privsep helper: ['sudo', '/var/lib/openstack/bin/neutron-rootwrap', '/etc/neutron/rootwrap.conf', 'privsep-helper', '--config-file', '/etc/neutron/neutron.conf', '--config-file', '/etc/neutron/ovn_metadata_agent.ini', '--config-file', '/tmp/pod-shared/neutron-agent.ini', '--config-file', '/tmp/pod-shared/ovn.ini', '--privsep_context', 'neutron.privileged.default', '--privsep_sock_path', '/tmp/tmp1g45wypt/privsep.sock']
2026-07-02 01:06:40.664 49 INFO oslo.privsep.daemon [-] Spawned new privsep daemon via rootwrap
2026-07-02 01:06:40.544 93 INFO oslo.privsep.daemon [-] privsep daemon starting
2026-07-02 01:06:40.549 93 INFO oslo.privsep.daemon [-] privsep process running with uid/gid: 0/0
2026-07-02 01:06:40.552 93 INFO oslo.privsep.daemon [-] privsep process running with capabilities (eff/prm/inh): CAP_DAC_OVERRIDE|CAP_DAC_READ_SEARCH|CAP_NET_ADMIN|CAP_SYS_ADMIN|CAP_SYS_PTRACE/CAP_DAC_OVERRIDE|CAP_DAC_READ_SEARCH|CAP_NET_ADMIN|CAP_SYS_ADMIN|CAP_SYS_PTRACE/none
2026-07-02 01:06:40.552 93 INFO oslo.privsep.daemon [-] privsep daemon running as pid 93
2026-07-02 01:06:41.225 49 INFO oslo.privsep.daemon [-] Running privsep helper: ['sudo', '/var/lib/openstack/bin/neutron-rootwrap', '/etc/neutron/rootwrap.conf', 'privsep-helper', '--config-file', '/etc/neutron/neutron.conf', '--config-file', '/etc/neutron/ovn_metadata_agent.ini', '--config-file', '/tmp/pod-shared/neutron-agent.ini', '--config-file', '/tmp/pod-shared/ovn.ini', '--privsep_context', 'neutron.privileged.link_cmd', '--privsep_sock_path', '/tmp/tmp4_aanj3v/privsep.sock']
2026-07-02 01:06:41.990 49 INFO oslo.privsep.daemon [-] Spawned new privsep daemon via rootwrap
2026-07-02 01:06:41.859 105 INFO oslo.privsep.daemon [-] privsep daemon starting
2026-07-02 01:06:41.866 105 INFO oslo.privsep.daemon [-] privsep process running with uid/gid: 0/0
2026-07-02 01:06:41.868 105 INFO oslo.privsep.daemon [-] privsep process running with capabilities (eff/prm/inh): CAP_NET_ADMIN|CAP_SYS_ADMIN/CAP_NET_ADMIN|CAP_SYS_ADMIN/none
2026-07-02 01:06:41.868 105 INFO oslo.privsep.daemon [-] privsep daemon running as pid 105
2026-07-02 01:06:42.987 49 INFO oslo_rootwrap.client [-] Spawned new rootwrap daemon process with pid=127
2026-07-02 01:07:10.326 58 ERROR neutron.agent.ovn.metadata.server [-] No port found in network None with IP address 169.254.169.254
2026-07-02 01:07:10.327 58 INFO eventlet.wsgi.server [-] 169.254.169.254, "GET / HTTP/1.1" status: 404 len: 176 time: 0.0009811
2026-07-02 01:10:20.305 58 ERROR neutron.agent.ovn.metadata.server [-] No port found in network None with IP address 169.254.169.254
2026-07-02 01:10:20.306 58 INFO eventlet.wsgi.server [-] 169.254.169.254, "GET / HTTP/1.1" status: 404 len: 176 time: 0.0016501
2026-07-02 01:13:30.339 57 ERROR neutron.agent.ovn.metadata.server [-] No port found in network None with IP address 169.254.169.254
2026-07-02 01:13:30.339 57 INFO eventlet.wsgi.server [-] 169.254.169.254, "GET / HTTP/1.1" status: 404 len: 176 time: 0.0014684
2026-07-02 01:14:19.243 49 INFO neutron.agent.ovn.metadata.agent [-] Port d575b566-9490-4d90-8474-3efb47a9fd7d in datapath 522cc910-261d-42d1-8681-c0adb0d1e70d bound to our chassis
2026-07-02 01:14:30.323 57 ERROR neutron.agent.ovn.metadata.server [-] No port found in network None with IP address 169.254.169.254
2026-07-02 01:14:30.324 57 INFO eventlet.wsgi.server [-] 169.254.169.254, "GET / HTTP/1.1" status: 404 len: 176 time: 0.0013402
2026-07-02 01:16:40.327 58 ERROR neutron.agent.ovn.metadata.server [-] No port found in network None with IP address 169.254.169.254
2026-07-02 01:16:40.329 58 INFO eventlet.wsgi.server [-] 169.254.169.254, "GET / HTTP/1.1" status: 404 len: 176 time: 0.0023506
2026-07-02 01:16:44.041 49 INFO oslo_rootwrap.client [-] Rootwrap daemon process exit with status: 0
2026-07-02 01:19:50.328 57 ERROR neutron.agent.ovn.metadata.server [-] No port found in network None with IP address 169.254.169.254
2026-07-02 01:19:50.328 57 INFO eventlet.wsgi.server [-] 169.254.169.254, "GET / HTTP/1.1" status: 404 len: 176 time: 0.0008101
2026-07-02 01:23:00.326 57 ERROR neutron.agent.ovn.metadata.server [-] No port found in network None with IP address 169.254.169.254
2026-07-02 01:23:00.326 57 INFO eventlet.wsgi.server [-] 169.254.169.254, "GET / HTTP/1.1" status: 404 len: 176 time: 0.0008171
2026-07-02 01:24:30.330 58 ERROR neutron.agent.ovn.metadata.server [-] No port found in network None with IP address 169.254.169.254
2026-07-02 01:24:30.331 58 INFO eventlet.wsgi.server [-] 169.254.169.254, "GET / HTTP/1.1" status: 404 len: 176 time: 0.0015564
2026-07-02 01:26:10.324 57 ERROR neutron.agent.ovn.metadata.server [-] No port found in network None with IP address 169.254.169.254
2026-07-02 01:26:10.325 57 INFO eventlet.wsgi.server [-] 169.254.169.254, "GET / HTTP/1.1" status: 404 len: 176 time: 0.0022755
2026-07-02 01:29:20.334 57 ERROR neutron.agent.ovn.metadata.server [-] No port found in network None with IP address 169.254.169.254
2026-07-02 01:29:20.334 57 INFO eventlet.wsgi.server [-] 169.254.169.254, "GET / HTTP/1.1" status: 404 len: 176 time: 0.0008006
2026-07-02 01:29:54.813 49 WARNING neutron.agent.ovn.metadata.agent [-] Removing non-external type port fe9cdbd9-7b14-47ab-8068-41741ef493f1 with type "chassisredirect"
2026-07-02 01:29:58.182 49 INFO neutron.agent.ovn.metadata.agent [-] Port 1dcc7d63-ce7c-4296-9ebe-6f9a374cfbfe in datapath 3822d55c-e8ce-47e7-885b-31f4da3a7b22 bound to our chassis
2026-07-02 01:29:58.184 49 INFO neutron.agent.ovn.metadata.agent [-] Provisioning metadata for network 3822d55c-e8ce-47e7-885b-31f4da3a7b22
2026-07-02 01:29:58.473 49 WARNING oslo_rootwrap.client [-] Leaving behind already spawned process with pid 127, root should kill it if it's still there (I can't)
2026-07-02 01:29:58.749 49 INFO oslo_rootwrap.client [-] Spawned new rootwrap daemon process with pid=237
2026-07-02 01:29:58.787 49 INFO neutron.agent.ovn.metadata.agent [-] Port aa27a6a7-0cca-461d-a558-cd704ec5eff8 in datapath 4c66e9f5-2cb8-4526-87ec-71aa735b1298 bound to our chassis
2026-07-02 01:29:58.789 49 INFO neutron.agent.ovn.metadata.agent [-] Provisioning metadata for network 4c66e9f5-2cb8-4526-87ec-71aa735b1298
2026-07-02 01:30:01.012 49 INFO neutron.agent.ovn.metadata.agent [-] Port 0e1b44a8-8742-437c-bf92-6eac0db129b1 in datapath e663f2bf-21b5-4595-9bf5-79e8c81bbe29 bound to our chassis
2026-07-02 01:30:01.014 49 INFO neutron.agent.ovn.metadata.agent [-] Provisioning metadata for network e663f2bf-21b5-4595-9bf5-79e8c81bbe29
2026-07-02 01:30:02.531 49 INFO neutron.agent.ovn.metadata.agent [-] Port 1dcc7d63-ce7c-4296-9ebe-6f9a374cfbfe in datapath 3822d55c-e8ce-47e7-885b-31f4da3a7b22 unbound from our chassis
2026-07-02 01:30:02.535 49 INFO neutron.agent.ovn.metadata.agent [-] Cleaning up ovnmeta-3822d55c-e8ce-47e7-885b-31f4da3a7b22 namespace which is not needed anymore
2026-07-02 01:30:04.901 49 INFO neutron.agent.ovn.metadata.agent [-] Port 0e1b44a8-8742-437c-bf92-6eac0db129b1 in datapath e663f2bf-21b5-4595-9bf5-79e8c81bbe29 unbound from our chassis
2026-07-02 01:30:04.904 49 INFO neutron.agent.ovn.metadata.agent [-] Cleaning up ovnmeta-e663f2bf-21b5-4595-9bf5-79e8c81bbe29 namespace which is not needed anymore
2026-07-02 01:30:08.370 49 WARNING neutron.agent.ovn.metadata.agent [-] Removing non-external type port 6a3cabcb-8354-4f22-8b59-484446b974fa with type "chassisredirect"
2026-07-02 01:30:09.838 49 WARNING neutron.agent.ovn.metadata.agent [-] Removing non-external type port 438a1ead-603f-4898-9288-19a03fac8d43 with type "chassisredirect"
2026-07-02 01:30:10.448 49 WARNING neutron.agent.ovn.metadata.agent [-] Removing non-external type port fda453a6-963a-4247-ad53-ddf009dae714 with type "chassisredirect"
2026-07-02 01:30:10.725 58 INFO eventlet.wsgi.server [-] 10.100.0.13, "GET /2009-04-04/meta-data/instance-id HTTP/1.1" status: 200 len: 146 time: 1.0880990
2026-07-02 01:30:10.780 57 INFO eventlet.wsgi.server [-] 10.100.0.13, "GET /2009-04-04/meta-data/public-keys HTTP/1.1" status: 200 len: 163 time: 0.0374875
2026-07-02 01:30:10.802 57 INFO eventlet.wsgi.server [-] 10.100.0.13, "GET /2009-04-04/meta-data/public-keys/0/openssh-key HTTP/1.1" status: 200 len: 341 time: 0.0179355
2026-07-02 01:30:10.822 57 INFO eventlet.wsgi.server [-] 10.100.0.13, "GET /2009-04-04/meta-data/instance-id HTTP/1.1" status: 200 len: 146 time: 0.0130866
2026-07-02 01:30:10.837 57 INFO eventlet.wsgi.server [-] 10.100.0.13, "GET /2009-04-04/meta-data/ami-launch-index HTTP/1.1" status: 200 len: 136 time: 0.0106874
2026-07-02 01:30:10.852 57 INFO eventlet.wsgi.server [-] 10.100.0.13, "GET /2009-04-04/meta-data/instance-type HTTP/1.1" status: 200 len: 142 time: 0.0097489
2026-07-02 01:30:10.866 58 INFO eventlet.wsgi.server [-] 10.100.0.13, "GET /2009-04-04/meta-data/local-ipv4 HTTP/1.1" status: 200 len: 147 time: 0.0082629
2026-07-02 01:30:10.879 58 INFO eventlet.wsgi.server [-] 10.100.0.13, "GET /2009-04-04/meta-data/public-ipv4 HTTP/1.1" status: 200 len: 149 time: 0.0080733
2026-07-02 01:30:10.895 57 INFO eventlet.wsgi.server [-] 10.100.0.13, "GET /2009-04-04/meta-data/hostname HTTP/1.1" status: 200 len: 200 time: 0.0116894
2026-07-02 01:30:10.918 57 INFO eventlet.wsgi.server [-] 10.100.0.13, "GET /2009-04-04/meta-data/local-hostname HTTP/1.1" status: 200 len: 200 time: 0.0175626
2026-07-02 01:30:10.934 57 INFO eventlet.wsgi.server [-] 10.100.0.13, "GET /2009-04-04/user-data HTTP/1.1" status: 200 len: 231 time: 0.0110652
2026-07-02 01:30:10.986 58 INFO eventlet.wsgi.server [-] 10.100.0.13, "GET /2009-04-04/meta-data/block-device-mapping HTTP/1.1" status: 200 len: 143 time: 0.0121567
2026-07-02 01:30:11.000 57 INFO eventlet.wsgi.server [-] 10.100.0.13, "GET /2009-04-04/meta-data/block-device-mapping/ami HTTP/1.1" status: 200 len: 138 time: 0.0088532
2026-07-02 01:30:11.013 58 INFO eventlet.wsgi.server [-] 10.100.0.13, "GET /2009-04-04/meta-data/block-device-mapping/root HTTP/1.1" status: 200 len: 143 time: 0.0084257
2026-07-02 01:30:11.029 58 INFO eventlet.wsgi.server [-] 10.100.0.13, "GET /2009-04-04/meta-data/public-hostname HTTP/1.1" status: 200 len: 200 time: 0.0110006
2026-07-02 01:30:11.047 58 INFO eventlet.wsgi.server [-] 10.100.0.13, "GET /2009-04-04/meta-data/placement/availability-zone HTTP/1.1" status: 200 len: 139 time: 0.0105686
2026-07-02 01:30:21.186 49 INFO neutron.agent.ovn.metadata.agent [-] Port aa27a6a7-0cca-461d-a558-cd704ec5eff8 in datapath 4c66e9f5-2cb8-4526-87ec-71aa735b1298 unbound from our chassis
2026-07-02 01:30:21.189 49 INFO neutron.agent.ovn.metadata.agent [-] Cleaning up ovnmeta-4c66e9f5-2cb8-4526-87ec-71aa735b1298 namespace which is not needed anymore
2026-07-02 01:30:24.061 49 INFO neutron.agent.ovn.metadata.agent [-] Port 7187f88b-a1c7-4875-9c2a-b39f3471263b in datapath 9870b9b1-0f24-43be-8b9d-3121c0f31efd bound to our chassis
2026-07-02 01:30:24.064 49 INFO neutron.agent.ovn.metadata.agent [-] Provisioning metadata for network 9870b9b1-0f24-43be-8b9d-3121c0f31efd
2026-07-02 01:30:26.583 49 WARNING neutron.agent.ovn.metadata.agent [-] Removing non-external type port e530093c-3dee-4b17-94dd-5ad5ac8993d0 with type "chassisredirect"
2026-07-02 01:30:27.199 49 INFO neutron.agent.ovn.metadata.agent [-] Port 7187f88b-a1c7-4875-9c2a-b39f3471263b in datapath 9870b9b1-0f24-43be-8b9d-3121c0f31efd unbound from our chassis
2026-07-02 01:30:27.205 49 INFO neutron.agent.ovn.metadata.agent [-] Cleaning up ovnmeta-9870b9b1-0f24-43be-8b9d-3121c0f31efd namespace which is not needed anymore
2026-07-02 01:30:32.033 49 WARNING neutron.agent.ovn.metadata.agent [-] Removing non-external type port 3fc43ca8-2373-47fb-9c02-e337b026cdd4 with type "chassisredirect"
2026-07-02 01:30:42.657 49 INFO neutron.agent.ovn.metadata.agent [-] Port e13942d9-bda5-4350-bd48-4623e71b6deb in datapath d5f8ddfd-462b-4581-a216-900145c372f9 bound to our chassis
2026-07-02 01:30:42.659 49 INFO neutron.agent.ovn.metadata.agent [-] Provisioning metadata for network d5f8ddfd-462b-4581-a216-900145c372f9
2026-07-02 01:30:46.671 49 INFO neutron.agent.ovn.metadata.agent [-] Port 6ef3c217-2370-48e9-a8a6-585d8e5fd630 in datapath c42d9b39-60fa-4416-8f04-f78114e15127 bound to our chassis
2026-07-02 01:30:46.674 49 INFO neutron.agent.ovn.metadata.agent [-] Provisioning metadata for network c42d9b39-60fa-4416-8f04-f78114e15127
2026-07-02 01:30:48.838 49 INFO neutron.agent.ovn.metadata.agent [-] Port 6ef3c217-2370-48e9-a8a6-585d8e5fd630 in datapath c42d9b39-60fa-4416-8f04-f78114e15127 unbound from our chassis
2026-07-02 01:30:48.842 49 INFO neutron.agent.ovn.metadata.agent [-] Cleaning up ovnmeta-c42d9b39-60fa-4416-8f04-f78114e15127 namespace which is not needed anymore
2026-07-02 01:30:52.783 49 WARNING neutron.agent.ovn.metadata.agent [-] Removing non-external type port f9267688-8296-4a55-b58d-902b56363b79 with type "chassisredirect"
2026-07-02 01:30:59.192 57 INFO eventlet.wsgi.server [-] 10.100.0.13, "GET /2009-04-04/meta-data/instance-id HTTP/1.1" status: 200 len: 146 time: 1.0444667
2026-07-02 01:30:59.217 57 INFO eventlet.wsgi.server [-] 10.100.0.13, "GET /2009-04-04/meta-data/public-keys HTTP/1.1" status: 200 len: 162 time: 0.0113101
2026-07-02 01:30:59.229 57 INFO eventlet.wsgi.server [-] 10.100.0.13, "GET /2009-04-04/meta-data/public-keys/0/openssh-key HTTP/1.1" status: 200 len: 341 time: 0.0075250
2026-07-02 01:30:59.239 57 INFO eventlet.wsgi.server [-] 10.100.0.13, "GET /2009-04-04/meta-data/instance-id HTTP/1.1" status: 200 len: 146 time: 0.0068257
2026-07-02 01:30:59.250 57 INFO eventlet.wsgi.server [-] 10.100.0.13, "GET /2009-04-04/meta-data/ami-launch-index HTTP/1.1" status: 200 len: 136 time: 0.0075598
2026-07-02 01:30:59.262 57 INFO eventlet.wsgi.server [-] 10.100.0.13, "GET /2009-04-04/meta-data/instance-type HTTP/1.1" status: 200 len: 142 time: 0.0080819
2026-07-02 01:30:59.273 57 INFO eventlet.wsgi.server [-] 10.100.0.13, "GET /2009-04-04/meta-data/local-ipv4 HTTP/1.1" status: 200 len: 147 time: 0.0069587
2026-07-02 01:30:59.284 57 INFO eventlet.wsgi.server [-] 10.100.0.13, "GET /2009-04-04/meta-data/public-ipv4 HTTP/1.1" status: 200 len: 149 time: 0.0076747
2026-07-02 01:30:59.296 57 INFO eventlet.wsgi.server [-] 10.100.0.13, "GET /2009-04-04/meta-data/hostname HTTP/1.1" status: 200 len: 193 time: 0.0083544
2026-07-02 01:30:59.310 57 INFO eventlet.wsgi.server [-] 10.100.0.13, "GET /2009-04-04/meta-data/local-hostname HTTP/1.1" status: 200 len: 193 time: 0.0108325
2026-07-02 01:30:59.328 57 INFO eventlet.wsgi.server [-] 10.100.0.13, "GET /2009-04-04/user-data HTTP/1.1" status: 200 len: 231 time: 0.0091078
2026-07-02 01:30:59.347 57 INFO eventlet.wsgi.server [-] 10.100.0.13, "GET /2009-04-04/meta-data/block-device-mapping HTTP/1.1" status: 200 len: 143 time: 0.0101297
2026-07-02 01:30:59.359 57 INFO eventlet.wsgi.server [-] 10.100.0.13, "GET /2009-04-04/meta-data/block-device-mapping/ami HTTP/1.1" status: 200 len: 138 time: 0.0068657
2026-07-02 01:30:59.369 57 INFO eventlet.wsgi.server [-] 10.100.0.13, "GET /2009-04-04/meta-data/block-device-mapping/root HTTP/1.1" status: 200 len: 143 time: 0.0070844
2026-07-02 01:30:59.383 58 INFO eventlet.wsgi.server [-] 10.100.0.13, "GET /2009-04-04/meta-data/public-hostname HTTP/1.1" status: 200 len: 193 time: 0.0104251
2026-07-02 01:30:59.394 58 INFO eventlet.wsgi.server [-] 10.100.0.13, "GET /2009-04-04/meta-data/placement/availability-zone HTTP/1.1" status: 200 len: 139 time: 0.0076420
2026-07-02 01:31:07.164 49 INFO neutron.agent.ovn.metadata.agent [-] Port e13942d9-bda5-4350-bd48-4623e71b6deb in datapath d5f8ddfd-462b-4581-a216-900145c372f9 unbound from our chassis
2026-07-02 01:31:07.166 49 INFO neutron.agent.ovn.metadata.agent [-] Cleaning up ovnmeta-d5f8ddfd-462b-4581-a216-900145c372f9 namespace which is not needed anymore
2026-07-02 01:31:07.696 49 INFO neutron.agent.ovn.metadata.agent [-] Port e13942d9-bda5-4350-bd48-4623e71b6deb in datapath d5f8ddfd-462b-4581-a216-900145c372f9 bound to our chassis
2026-07-02 01:31:07.698 49 INFO neutron.agent.ovn.metadata.agent [-] Provisioning metadata for network d5f8ddfd-462b-4581-a216-900145c372f9
2026-07-02 01:31:12.156 49 INFO neutron.agent.ovn.metadata.agent [-] Port de2d62ed-7a75-4721-82f1-cbec1dc7868f in datapath 5e97cd3c-0de7-4643-ba53-efeca8dbb10e bound to our chassis
2026-07-02 01:31:12.160 49 INFO neutron.agent.ovn.metadata.agent [-] Provisioning metadata for network 5e97cd3c-0de7-4643-ba53-efeca8dbb10e
2026-07-02 01:31:17.020 49 INFO neutron.agent.ovn.metadata.agent [-] Port de2d62ed-7a75-4721-82f1-cbec1dc7868f in datapath 5e97cd3c-0de7-4643-ba53-efeca8dbb10e unbound from our chassis
2026-07-02 01:31:17.023 49 INFO neutron.agent.ovn.metadata.agent [-] Cleaning up ovnmeta-5e97cd3c-0de7-4643-ba53-efeca8dbb10e namespace which is not needed anymore
2026-07-02 01:31:18.568 58 INFO eventlet.wsgi.server [-] 10.100.0.13, "GET /2009-04-04/meta-data/instance-id HTTP/1.1" status: 200 len: 146 time: 0.1560395
2026-07-02 01:31:18.591 58 INFO eventlet.wsgi.server [-] 10.100.0.13, "GET /2009-04-04/meta-data/public-keys HTTP/1.1" status: 200 len: 162 time: 0.0145724
2026-07-02 01:31:18.609 58 INFO eventlet.wsgi.server [-] 10.100.0.13, "GET /2009-04-04/meta-data/public-keys/0/openssh-key HTTP/1.1" status: 200 len: 341 time: 0.0125344
2026-07-02 01:31:18.624 58 INFO eventlet.wsgi.server [-] 10.100.0.13, "GET /2009-04-04/meta-data/instance-id HTTP/1.1" status: 200 len: 146 time: 0.0087554
2026-07-02 01:31:18.639 58 INFO eventlet.wsgi.server [-] 10.100.0.13, "GET /2009-04-04/meta-data/ami-launch-index HTTP/1.1" status: 200 len: 136 time: 0.0107632
2026-07-02 01:31:18.655 57 INFO eventlet.wsgi.server [-] 10.100.0.13, "GET /2009-04-04/meta-data/instance-type HTTP/1.1" status: 200 len: 142 time: 0.0084312
2026-07-02 01:31:18.667 57 INFO eventlet.wsgi.server [-] 10.100.0.13, "GET /2009-04-04/meta-data/local-ipv4 HTTP/1.1" status: 200 len: 147 time: 0.0085073
2026-07-02 01:31:18.682 57 INFO eventlet.wsgi.server [-] 10.100.0.13, "GET /2009-04-04/meta-data/public-ipv4 HTTP/1.1" status: 200 len: 149 time: 0.0086179
2026-07-02 01:31:18.696 57 INFO eventlet.wsgi.server [-] 10.100.0.13, "GET /2009-04-04/meta-data/hostname HTTP/1.1" status: 200 len: 193 time: 0.0094044
2026-07-02 01:31:18.739 58 INFO eventlet.wsgi.server [-] 10.100.0.13, "GET /2009-04-04/meta-data/local-hostname HTTP/1.1" status: 200 len: 193 time: 0.0098147
2026-07-02 01:31:18.756 57 INFO eventlet.wsgi.server [-] 10.100.0.13, "GET /2009-04-04/user-data HTTP/1.1" status: 200 len: 231 time: 0.0106688
2026-07-02 01:31:18.773 57 INFO eventlet.wsgi.server [-] 10.100.0.13, "GET /2009-04-04/meta-data/block-device-mapping HTTP/1.1" status: 200 len: 143 time: 0.0098748
2026-07-02 01:31:18.790 57 INFO eventlet.wsgi.server [-] 10.100.0.13, "GET /2009-04-04/meta-data/block-device-mapping/ami HTTP/1.1" status: 200 len: 138 time: 0.0122228
2026-07-02 01:31:18.809 57 INFO eventlet.wsgi.server [-] 10.100.0.13, "GET /2009-04-04/meta-data/block-device-mapping/root HTTP/1.1" status: 200 len: 143 time: 0.0128336
2026-07-02 01:31:18.824 57 INFO eventlet.wsgi.server [-] 10.100.0.13, "GET /2009-04-04/meta-data/public-hostname HTTP/1.1" status: 200 len: 193 time: 0.0094330
2026-07-02 01:31:18.845 57 INFO eventlet.wsgi.server [-] 10.100.0.13, "GET /2009-04-04/meta-data/placement/availability-zone HTTP/1.1" status: 200 len: 139 time: 0.0141382
2026-07-02 01:31:22.125 49 WARNING neutron.agent.ovn.metadata.agent [-] Removing non-external type port 3d9bb6d4-f045-40a7-abb1-4bb1077238f1 with type "chassisredirect"
2026-07-02 01:31:25.080 49 INFO neutron.agent.ovn.metadata.agent [-] Port e13942d9-bda5-4350-bd48-4623e71b6deb in datapath d5f8ddfd-462b-4581-a216-900145c372f9 unbound from our chassis
2026-07-02 01:31:25.082 49 INFO neutron.agent.ovn.metadata.agent [-] Cleaning up ovnmeta-d5f8ddfd-462b-4581-a216-900145c372f9 namespace which is not needed anymore
2026-07-02 01:31:29.940 49 WARNING neutron.agent.ovn.metadata.agent [-] Removing non-external type port 7f608db2-4f27-453e-96d1-3bedceb13c14 with type "chassisredirect"
2026-07-02 01:31:58.545 49 INFO neutron.agent.ovn.metadata.agent [-] Port fa87302a-6d39-44a0-a102-837a1ab9d378 in datapath d6f25e26-327a-4cba-b981-31c51af246fa bound to our chassis
2026-07-02 01:31:58.548 49 INFO neutron.agent.ovn.metadata.agent [-] Provisioning metadata for network d6f25e26-327a-4cba-b981-31c51af246fa
2026-07-02 01:32:04.597 49 INFO neutron.agent.ovn.metadata.agent [-] Port 509259c3-0a34-47ea-9e64-88116e10eb94 in datapath 7786daa4-a416-49c9-84e1-e234b95b5db6 bound to our chassis
2026-07-02 01:32:04.598 49 INFO neutron.agent.ovn.metadata.agent [-] Provisioning metadata for network 7786daa4-a416-49c9-84e1-e234b95b5db6
2026-07-02 01:32:13.742 58 INFO eventlet.wsgi.server [-] 10.100.0.7, "GET /2009-04-04/meta-data/instance-id HTTP/1.1" status: 200 len: 146 time: 0.1475649
2026-07-02 01:32:13.761 58 INFO eventlet.wsgi.server [-] 10.100.0.7, "GET /2009-04-04/meta-data/public-keys HTTP/1.1" status: 200 len: 175 time: 0.0088074
2026-07-02 01:32:13.776 57 INFO eventlet.wsgi.server [-] 10.100.0.7, "GET /2009-04-04/meta-data/public-keys/0/openssh-key HTTP/1.1" status: 200 len: 341 time: 0.0106683
2026-07-02 01:32:13.793 58 INFO eventlet.wsgi.server [-] 10.100.0.7, "GET /2009-04-04/meta-data/instance-id HTTP/1.1" status: 200 len: 146 time: 0.0103436
2026-07-02 01:32:13.811 57 INFO eventlet.wsgi.server [-] 10.100.0.7, "GET /2009-04-04/meta-data/ami-launch-index HTTP/1.1" status: 200 len: 136 time: 0.0079861
2026-07-02 01:32:13.828 57 INFO eventlet.wsgi.server [-] 10.100.0.7, "GET /2009-04-04/meta-data/instance-type HTTP/1.1" status: 200 len: 142 time: 0.0081308
2026-07-02 01:32:13.844 58 INFO eventlet.wsgi.server [-] 10.100.0.7, "GET /2009-04-04/meta-data/local-ipv4 HTTP/1.1" status: 200 len: 146 time: 0.0099361
2026-07-02 01:32:13.863 58 INFO eventlet.wsgi.server [-] 10.100.0.7, "GET /2009-04-04/meta-data/public-ipv4 HTTP/1.1" status: 200 len: 149 time: 0.0127649
2026-07-02 01:32:13.876 58 INFO eventlet.wsgi.server [-] 10.100.0.7, "GET /2009-04-04/meta-data/hostname HTTP/1.1" status: 200 len: 190 time: 0.0085731
2026-07-02 01:32:13.891 57 INFO eventlet.wsgi.server [-] 10.100.0.7, "GET /2009-04-04/meta-data/local-hostname HTTP/1.1" status: 200 len: 190 time: 0.0093217
2026-07-02 01:32:13.909 57 INFO eventlet.wsgi.server [-] 10.100.0.7, "GET /2009-04-04/user-data HTTP/1.1" status: 404 len: 297 time: 0.0107849
2026-07-02 01:32:13.952 57 INFO eventlet.wsgi.server [-] 10.100.0.7, "GET /2009-04-04/meta-data/block-device-mapping HTTP/1.1" status: 200 len: 143 time: 0.0107925
2026-07-02 01:32:13.969 57 INFO eventlet.wsgi.server [-] 10.100.0.7, "GET /2009-04-04/meta-data/block-device-mapping/ami HTTP/1.1" status: 200 len: 138 time: 0.0110836
2026-07-02 01:32:13.984 58 INFO eventlet.wsgi.server [-] 10.100.0.7, "GET /2009-04-04/meta-data/block-device-mapping/root HTTP/1.1" status: 200 len: 143 time: 0.0091536
2026-07-02 01:32:14.006 58 INFO eventlet.wsgi.server [-] 10.100.0.7, "GET /2009-04-04/meta-data/public-hostname HTTP/1.1" status: 200 len: 190 time: 0.0117168
2026-07-02 01:32:14.020 58 INFO eventlet.wsgi.server [-] 10.100.0.7, "GET /2009-04-04/meta-data/placement/availability-zone HTTP/1.1" status: 200 len: 139 time: 0.0092363
2026-07-02 01:32:22.350 49 INFO neutron.agent.ovn.metadata.agent [-] Port d309c03a-acb7-4568-82d0-8d8d0974922b in datapath d6f25e26-327a-4cba-b981-31c51af246fa bound to our chassis
2026-07-02 01:32:22.353 49 INFO neutron.agent.ovn.metadata.agent [-] Provisioning metadata for network d6f25e26-327a-4cba-b981-31c51af246fa
2026-07-02 01:32:24.918 57 INFO eventlet.wsgi.server [-] 10.100.0.3, "GET /latest/meta-data/public-ipv4 HTTP/1.1" status: 200 len: 149 time: 0.1446209
2026-07-02 01:32:25.182 57 INFO eventlet.wsgi.server [-] 10.100.0.3, "POST /openstack/2013-10-17/password HTTP/1.1" status: 200 len: 134 time: 0.1866035
2026-07-02 01:32:27.007 49 INFO neutron.agent.ovn.metadata.agent [-] Port 509259c3-0a34-47ea-9e64-88116e10eb94 in datapath 7786daa4-a416-49c9-84e1-e234b95b5db6 unbound from our chassis
2026-07-02 01:32:27.013 49 INFO neutron.agent.ovn.metadata.agent [-] Cleaning up ovnmeta-7786daa4-a416-49c9-84e1-e234b95b5db6 namespace which is not needed anymore
2026-07-02 01:32:30.391 57 ERROR neutron.agent.ovn.metadata.server [-] No port found in network None with IP address 169.254.169.254
2026-07-02 01:32:30.392 57 INFO eventlet.wsgi.server [-] 169.254.169.254, "GET / HTTP/1.1" status: 404 len: 176 time: 0.0019004
2026-07-02 01:32:32.808 49 WARNING neutron.agent.ovn.metadata.agent [-] Removing non-external type port 909140da-ad52-4fea-a4ce-ff3f55443c0e with type "chassisredirect"
2026-07-02 01:32:34.173 58 INFO eventlet.wsgi.server [-] 10.100.0.3, "GET /2009-04-04/meta-data/instance-id HTTP/1.1" status: 200 len: 146 time: 0.1578078
2026-07-02 01:32:34.193 58 INFO eventlet.wsgi.server [-] 10.100.0.3, "GET /2009-04-04/meta-data/public-keys HTTP/1.1" status: 200 len: 175 time: 0.0114474
2026-07-02 01:32:34.209 58 INFO eventlet.wsgi.server [-] 10.100.0.3, "GET /2009-04-04/meta-data/public-keys/0/openssh-key HTTP/1.1" status: 200 len: 341 time: 0.0106020
2026-07-02 01:32:34.227 58 INFO eventlet.wsgi.server [-] 10.100.0.3, "GET /2009-04-04/meta-data/instance-id HTTP/1.1" status: 200 len: 146 time: 0.0123131
2026-07-02 01:32:34.241 58 INFO eventlet.wsgi.server [-] 10.100.0.3, "GET /2009-04-04/meta-data/ami-launch-index HTTP/1.1" status: 200 len: 136 time: 0.0071094
2026-07-02 01:32:34.257 57 INFO eventlet.wsgi.server [-] 10.100.0.3, "GET /2009-04-04/meta-data/instance-type HTTP/1.1" status: 200 len: 142 time: 0.0114756
2026-07-02 01:32:34.272 57 INFO eventlet.wsgi.server [-] 10.100.0.3, "GET /2009-04-04/meta-data/local-ipv4 HTTP/1.1" status: 200 len: 146 time: 0.0071425
2026-07-02 01:32:34.287 58 INFO eventlet.wsgi.server [-] 10.100.0.3, "GET /2009-04-04/meta-data/public-ipv4 HTTP/1.1" status: 200 len: 149 time: 0.0101004
2026-07-02 01:32:34.303 58 INFO eventlet.wsgi.server [-] 10.100.0.3, "GET /2009-04-04/meta-data/hostname HTTP/1.1" status: 200 len: 191 time: 0.0104263
2026-07-02 01:32:34.318 58 INFO eventlet.wsgi.server [-] 10.100.0.3, "GET /2009-04-04/meta-data/local-hostname HTTP/1.1" status: 200 len: 191 time: 0.0100105
2026-07-02 01:32:34.339 57 INFO eventlet.wsgi.server [-] 10.100.0.3, "GET /2009-04-04/user-data HTTP/1.1" status: 404 len: 297 time: 0.0146258
2026-07-02 01:32:34.361 57 INFO eventlet.wsgi.server [-] 10.100.0.3, "GET /2009-04-04/meta-data/block-device-mapping HTTP/1.1" status: 200 len: 143 time: 0.0110214
2026-07-02 01:32:34.372 57 INFO eventlet.wsgi.server [-] 10.100.0.3, "GET /2009-04-04/meta-data/block-device-mapping/ami HTTP/1.1" status: 200 len: 138 time: 0.0069578
2026-07-02 01:32:34.387 57 INFO eventlet.wsgi.server [-] 10.100.0.3, "GET /2009-04-04/meta-data/block-device-mapping/root HTTP/1.1" status: 200 len: 143 time: 0.0103679
2026-07-02 01:32:34.402 58 INFO eventlet.wsgi.server [-] 10.100.0.3, "GET /2009-04-04/meta-data/public-hostname HTTP/1.1" status: 200 len: 191 time: 0.0099530
2026-07-02 01:32:34.420 58 INFO eventlet.wsgi.server [-] 10.100.0.3, "GET /2009-04-04/meta-data/placement/availability-zone HTTP/1.1" status: 200 len: 139 time: 0.0126913
2026-07-02 01:32:35.053 49 WARNING neutron.agent.ovn.metadata.agent [-] Removing non-external type port d8178988-484d-45cc-84d7-c289d818779a with type "chassisredirect"
2026-07-02 01:32:35.258 49 INFO neutron.agent.ovn.metadata.agent [-] Port d309c03a-acb7-4568-82d0-8d8d0974922b in datapath d6f25e26-327a-4cba-b981-31c51af246fa unbound from our chassis
2026-07-02 01:32:35.259 49 INFO neutron.agent.ovn.metadata.agent [-] Provisioning metadata for network d6f25e26-327a-4cba-b981-31c51af246fa
2026-07-02 01:32:37.834 49 INFO neutron.agent.ovn.metadata.agent [-] Port fa87302a-6d39-44a0-a102-837a1ab9d378 in datapath d6f25e26-327a-4cba-b981-31c51af246fa unbound from our chassis
2026-07-02 01:32:37.837 49 INFO neutron.agent.ovn.metadata.agent [-] Cleaning up ovnmeta-d6f25e26-327a-4cba-b981-31c51af246fa namespace which is not needed anymore
2026-07-02 01:32:41.189 49 WARNING neutron.agent.ovn.metadata.agent [-] Removing non-external type port 1f9b9dc8-d9bd-49a2-b6c9-c9393813a66c with type "chassisredirect"
2026-07-02 01:33:04.955 49 INFO neutron.agent.ovn.metadata.agent [-] Port 8ee87e19-e2a2-4fbc-bde9-ecb3c2f039ef in datapath f136b41f-878a-46b1-97b3-12bb3e81ea25 bound to our chassis
2026-07-02 01:33:04.957 49 INFO neutron.agent.ovn.metadata.agent [-] Provisioning metadata for network f136b41f-878a-46b1-97b3-12bb3e81ea25
2026-07-02 01:33:13.118 49 INFO neutron.agent.ovn.metadata.agent [-] Port 34bac98e-d375-41be-95bb-db89e22d24ff in datapath c0bff89c-bcbb-4f77-b727-475a31e07a77 bound to our chassis
2026-07-02 01:33:13.120 49 INFO neutron.agent.ovn.metadata.agent [-] Provisioning metadata for network c0bff89c-bcbb-4f77-b727-475a31e07a77
2026-07-02 01:33:18.563 57 INFO eventlet.wsgi.server [-] 10.2.1.101, "GET /2009-04-04/meta-data/instance-id HTTP/1.1" status: 200 len: 146 time: 0.1598067
2026-07-02 01:33:18.581 57 INFO eventlet.wsgi.server [-] 10.2.1.101, "GET /2009-04-04/meta-data/public-keys HTTP/1.1" status: 200 len: 173 time: 0.0091257
2026-07-02 01:33:18.591 57 INFO eventlet.wsgi.server [-] 10.2.1.101, "GET /2009-04-04/meta-data/public-keys/0/openssh-key HTTP/1.1" status: 200 len: 341 time: 0.0068069
2026-07-02 01:33:18.604 57 INFO eventlet.wsgi.server [-] 10.2.1.101, "GET /2009-04-04/meta-data/instance-id HTTP/1.1" status: 200 len: 146 time: 0.0061085
2026-07-02 01:33:18.615 57 INFO eventlet.wsgi.server [-] 10.2.1.101, "GET /2009-04-04/meta-data/ami-launch-index HTTP/1.1" status: 200 len: 136 time: 0.0061827
2026-07-02 01:33:18.625 57 INFO eventlet.wsgi.server [-] 10.2.1.101, "GET /2009-04-04/meta-data/instance-type HTTP/1.1" status: 200 len: 142 time: 0.0060782
2026-07-02 01:33:18.636 57 INFO eventlet.wsgi.server [-] 10.2.1.101, "GET /2009-04-04/meta-data/local-ipv4 HTTP/1.1" status: 200 len: 146 time: 0.0062399
2026-07-02 01:33:18.648 57 INFO eventlet.wsgi.server [-] 10.2.1.101, "GET /2009-04-04/meta-data/public-ipv4 HTTP/1.1" status: 200 len: 149 time: 0.0076647
2026-07-02 01:33:18.659 57 INFO eventlet.wsgi.server [-] 10.2.1.101, "GET /2009-04-04/meta-data/hostname HTTP/1.1" status: 200 len: 185 time: 0.0064383
2026-07-02 01:33:18.674 57 INFO eventlet.wsgi.server [-] 10.2.1.101, "GET /2009-04-04/meta-data/local-hostname HTTP/1.1" status: 200 len: 185 time: 0.0103562
2026-07-02 01:33:18.686 57 INFO eventlet.wsgi.server [-] 10.2.1.101, "GET /2009-04-04/user-data HTTP/1.1" status: 404 len: 297 time: 0.0066345
2026-07-02 01:33:18.730 57 INFO eventlet.wsgi.server [-] 10.2.1.101, "GET /2009-04-04/meta-data/block-device-mapping HTTP/1.1" status: 200 len: 143 time: 0.0091512
2026-07-02 01:33:18.743 57 INFO eventlet.wsgi.server [-] 10.2.1.101, "GET /2009-04-04/meta-data/block-device-mapping/ami HTTP/1.1" status: 200 len: 138 time: 0.0082369
2026-07-02 01:33:18.757 57 INFO eventlet.wsgi.server [-] 10.2.1.101, "GET /2009-04-04/meta-data/block-device-mapping/root HTTP/1.1" status: 200 len: 143 time: 0.0105987
2026-07-02 01:33:18.772 57 INFO eventlet.wsgi.server [-] 10.2.1.101, "GET /2009-04-04/meta-data/public-hostname HTTP/1.1" status: 200 len: 185 time: 0.0089836
2026-07-02 01:33:18.788 58 INFO eventlet.wsgi.server [-] 10.2.1.101, "GET /2009-04-04/meta-data/placement/availability-zone HTTP/1.1" status: 200 len: 139 time: 0.0098658
2026-07-02 01:33:24.397 58 INFO eventlet.wsgi.server [-] 10.2.2.126, "GET /2009-04-04/meta-data/instance-id HTTP/1.1" status: 200 len: 146 time: 0.1368461
2026-07-02 01:33:24.420 58 INFO eventlet.wsgi.server [-] 10.2.2.126, "GET /2009-04-04/meta-data/public-keys HTTP/1.1" status: 200 len: 173 time: 0.0126595
2026-07-02 01:33:24.437 57 INFO eventlet.wsgi.server [-] 10.2.2.126, "GET /2009-04-04/meta-data/public-keys/0/openssh-key HTTP/1.1" status: 200 len: 341 time: 0.0104377
2026-07-02 01:33:24.455 57 INFO eventlet.wsgi.server [-] 10.2.2.126, "GET /2009-04-04/meta-data/instance-id HTTP/1.1" status: 200 len: 146 time: 0.0098550
2026-07-02 01:33:24.473 57 INFO eventlet.wsgi.server [-] 10.2.2.126, "GET /2009-04-04/meta-data/ami-launch-index HTTP/1.1" status: 200 len: 136 time: 0.0111368
2026-07-02 01:33:24.488 57 INFO eventlet.wsgi.server [-] 10.2.2.126, "GET /2009-04-04/meta-data/instance-type HTTP/1.1" status: 200 len: 142 time: 0.0079079
2026-07-02 01:33:24.506 57 INFO eventlet.wsgi.server [-] 10.2.2.126, "GET /2009-04-04/meta-data/local-ipv4 HTTP/1.1" status: 200 len: 146 time: 0.0115426
2026-07-02 01:33:24.523 58 INFO eventlet.wsgi.server [-] 10.2.2.126, "GET /2009-04-04/meta-data/public-ipv4 HTTP/1.1" status: 200 len: 149 time: 0.0089853
2026-07-02 01:33:24.543 58 INFO eventlet.wsgi.server [-] 10.2.2.126, "GET /2009-04-04/meta-data/hostname HTTP/1.1" status: 200 len: 185 time: 0.0152853
2026-07-02 01:33:24.558 58 INFO eventlet.wsgi.server [-] 10.2.2.126, "GET /2009-04-04/meta-data/local-hostname HTTP/1.1" status: 200 len: 185 time: 0.0084386
2026-07-02 01:33:24.572 58 INFO eventlet.wsgi.server [-] 10.2.2.126, "GET /2009-04-04/user-data HTTP/1.1" status: 404 len: 297 time: 0.0094182
2026-07-02 01:33:24.617 57 INFO eventlet.wsgi.server [-] 10.2.2.126, "GET /2009-04-04/meta-data/block-device-mapping HTTP/1.1" status: 200 len: 143 time: 0.0118320
2026-07-02 01:33:24.633 58 INFO eventlet.wsgi.server [-] 10.2.2.126, "GET /2009-04-04/meta-data/block-device-mapping/ami HTTP/1.1" status: 200 len: 138 time: 0.0113542
2026-07-02 01:33:24.645 58 INFO eventlet.wsgi.server [-] 10.2.2.126, "GET /2009-04-04/meta-data/block-device-mapping/root HTTP/1.1" status: 200 len: 143 time: 0.0090609
2026-07-02 01:33:24.658 58 INFO eventlet.wsgi.server [-] 10.2.2.126, "GET /2009-04-04/meta-data/public-hostname HTTP/1.1" status: 200 len: 185 time: 0.0086040
2026-07-02 01:33:24.673 58 INFO eventlet.wsgi.server [-] 10.2.2.126, "GET /2009-04-04/meta-data/placement/availability-zone HTTP/1.1" status: 200 len: 139 time: 0.0098295
2026-07-02 01:33:44.483 49 INFO neutron.agent.ovn.metadata.agent [-] Port 367b9fe9-c7ca-4c45-946d-0a7bb0b86555 in datapath 44d1a244-47e9-4b6f-a6f4-b3ca4f84dbab bound to our chassis
2026-07-02 01:33:44.485 49 INFO neutron.agent.ovn.metadata.agent [-] Provisioning metadata for network 44d1a244-47e9-4b6f-a6f4-b3ca4f84dbab
2026-07-02 01:34:20.598 49 INFO neutron.agent.ovn.metadata.agent [-] Port 8bc5c894-a9e1-450a-a189-c0e55747137a in datapath 7681f873-de59-4664-9b28-314273aa2092 bound to our chassis
2026-07-02 01:34:20.600 49 INFO neutron.agent.ovn.metadata.agent [-] Provisioning metadata for network 7681f873-de59-4664-9b28-314273aa2092
2026-07-02 01:34:30.313 58 ERROR neutron.agent.ovn.metadata.server [-] No port found in network None with IP address 169.254.169.254
2026-07-02 01:34:30.314 58 INFO eventlet.wsgi.server [-] 169.254.169.254, "GET / HTTP/1.1" status: 404 len: 176 time: 0.0029500
2026-07-02 01:34:48.408 49 INFO neutron.agent.ovn.metadata.agent [-] Port 3512175d-c2c5-48e5-907c-8cea54f02927 in datapath f136b41f-878a-46b1-97b3-12bb3e81ea25 bound to our chassis
2026-07-02 01:34:48.410 49 INFO neutron.agent.ovn.metadata.agent [-] Provisioning metadata for network f136b41f-878a-46b1-97b3-12bb3e81ea25
2026-07-02 01:34:59.557 49 INFO neutron.agent.ovn.metadata.agent [-] Port 8304a600-7869-4e22-ae73-91416022a7d2 in datapath c0bff89c-bcbb-4f77-b727-475a31e07a77 bound to our chassis
2026-07-02 01:34:59.561 49 INFO neutron.agent.ovn.metadata.agent [-] Provisioning metadata for network c0bff89c-bcbb-4f77-b727-475a31e07a77
2026-07-02 01:35:11.445 49 INFO neutron.agent.ovn.metadata.agent [-] Port 8304a600-7869-4e22-ae73-91416022a7d2 in datapath c0bff89c-bcbb-4f77-b727-475a31e07a77 unbound from our chassis
2026-07-02 01:35:11.447 49 INFO neutron.agent.ovn.metadata.agent [-] Provisioning metadata for network c0bff89c-bcbb-4f77-b727-475a31e07a77
2026-07-02 01:35:17.330 49 INFO neutron.agent.ovn.metadata.agent [-] Port 3512175d-c2c5-48e5-907c-8cea54f02927 in datapath f136b41f-878a-46b1-97b3-12bb3e81ea25 unbound from our chassis
2026-07-02 01:35:17.334 49 INFO neutron.agent.ovn.metadata.agent [-] Provisioning metadata for network f136b41f-878a-46b1-97b3-12bb3e81ea25
2026-07-02 01:35:32.903 49 INFO neutron.agent.ovn.metadata.agent [-] Port 8bc5c894-a9e1-450a-a189-c0e55747137a in datapath 7681f873-de59-4664-9b28-314273aa2092 unbound from our chassis
2026-07-02 01:35:32.905 49 INFO neutron.agent.ovn.metadata.agent [-] Cleaning up ovnmeta-7681f873-de59-4664-9b28-314273aa2092 namespace which is not needed anymore
2026-07-02 01:35:36.691 49 INFO neutron.agent.ovn.metadata.agent [-] Port 367b9fe9-c7ca-4c45-946d-0a7bb0b86555 in datapath 44d1a244-47e9-4b6f-a6f4-b3ca4f84dbab unbound from our chassis
2026-07-02 01:35:36.693 49 INFO neutron.agent.ovn.metadata.agent [-] Provisioning metadata for network 44d1a244-47e9-4b6f-a6f4-b3ca4f84dbab
2026-07-02 01:35:38.012 49 INFO neutron.agent.ovn.metadata.agent [-] Port 34bac98e-d375-41be-95bb-db89e22d24ff in datapath c0bff89c-bcbb-4f77-b727-475a31e07a77 unbound from our chassis
2026-07-02 01:35:38.015 49 INFO neutron.agent.ovn.metadata.agent [-] Cleaning up ovnmeta-c0bff89c-bcbb-4f77-b727-475a31e07a77 namespace which is not needed anymore
2026-07-02 01:35:40.339 58 ERROR neutron.agent.ovn.metadata.server [-] No port found in network None with IP address 169.254.169.254
2026-07-02 01:35:40.339 58 INFO eventlet.wsgi.server [-] 169.254.169.254, "GET / HTTP/1.1" status: 404 len: 176 time: 0.0014515
2026-07-02 01:35:43.838 49 INFO neutron.agent.ovn.metadata.agent [-] Port 8ee87e19-e2a2-4fbc-bde9-ecb3c2f039ef in datapath f136b41f-878a-46b1-97b3-12bb3e81ea25 unbound from our chassis
2026-07-02 01:35:43.842 49 INFO neutron.agent.ovn.metadata.agent [-] Cleaning up ovnmeta-f136b41f-878a-46b1-97b3-12bb3e81ea25 namespace which is not needed anymore
2026-07-02 01:35:55.117 49 WARNING neutron.agent.ovn.metadata.agent [-] Removing non-external type port 42d7a0c8-22dc-4a3a-a627-9548e86bc6ef with type "chassisredirect"
2026-07-02 01:38:50.344 58 ERROR neutron.agent.ovn.metadata.server [-] No port found in network None with IP address 169.254.169.254
2026-07-02 01:38:50.345 58 INFO eventlet.wsgi.server [-] 169.254.169.254, "GET / HTTP/1.1" status: 404 len: 176 time: 0.0014484
2026-07-02 01:42:00.336 58 ERROR neutron.agent.ovn.metadata.server [-] No port found in network None with IP address 169.254.169.254
2026-07-02 01:42:00.337 58 INFO eventlet.wsgi.server [-] 169.254.169.254, "GET / HTTP/1.1" status: 404 len: 176 time: 0.0008280