2026-07-10 01:07:19.850 10 WARNING neutron.api.rpc.agentnotifiers.dhcp_rpc_agent_api [None req-26685bfe-080e-4ddc-a89c-c80ed521ef8a 90f3bcdbeef84b46bf9829697a094613 93184c7435dd47f9b82b437086b62d65 - - - -] Unable to schedule network 487567fe-5572-47af-be3f-7d73d4a22c23: no agents available; will retry on subsequent port and subnet creation events.
2026-07-10 01:07:19.907 10 INFO neutron.wsgi [None req-d7ee19c7-4ba7-4942-b689-dd0b2a39be3d 3c66074b958c4b8f91aa71965bcdf158 c396faf2043a4d97904db0ffceb67445 - - - -] 10.0.0.89 "DELETE /v2.0/subnets/cc2a48f8-df50-41a4-bbd9-4d3edfee7037 HTTP/1.1" status: 204 len: 168 time: 0.3142056
2026-07-10 01:07:19.909 9 INFO neutron.api.v2.resource [None req-84e6f849-a90f-4e71-8591-0a524bead08b 2009d63c199e4bb49208a9c8657a3730 dfc094d2280b4cdda9a7c96c92caf8e8 - - default default] remove_router_interface failed (client error): The resource could not be found.
2026-07-10 01:07:19.910 9 INFO neutron.wsgi [None req-84e6f849-a90f-4e71-8591-0a524bead08b 2009d63c199e4bb49208a9c8657a3730 dfc094d2280b4cdda9a7c96c92caf8e8 - - default default] 10.0.0.89 "PUT /v2.0/routers/89a471ae-85f1-42a6-a9d2-584b29351146/remove_router_interface HTTP/1.1" status: 404 len: 398 time: 0.0752022
2026-07-10 01:07:19.951 10 INFO neutron.wsgi [None req-0b75a09b-7429-4621-bd23-a7690da71116 2009d63c199e4bb49208a9c8657a3730 dfc094d2280b4cdda9a7c96c92caf8e8 - - default default] 10.0.0.89 "GET /v2.0/ports?device_id=89a471ae-85f1-42a6-a9d2-584b29351146 HTTP/1.1" status: 200 len: 205 time: 0.0298066
2026-07-10 01:07:19.953 10 INFO neutron.db.ovn_revision_numbers_db [None req-26685bfe-080e-4ddc-a89c-c80ed521ef8a 90f3bcdbeef84b46bf9829697a094613 93184c7435dd47f9b82b437086b62d65 - - - -] Successfully bumped revision number for resource cdad25ec-aa97-4df6-b65c-b1a2966c81de (type: ports) to 1
2026-07-10 01:07:20.026 10 INFO neutron.wsgi [None req-26685bfe-080e-4ddc-a89c-c80ed521ef8a 90f3bcdbeef84b46bf9829697a094613 93184c7435dd47f9b82b437086b62d65 - - - -] 10.0.0.89 "POST /v2.0/networks HTTP/1.1" status: 201 len: 946 time: 1.4642832
2026-07-10 01:07:20.261 9 WARNING neutron.scheduler.dhcp_agent_scheduler [None req-07e9b6ec-bc60-4efb-8b22-7e17fffc5c4b 90f3bcdbeef84b46bf9829697a094613 93184c7435dd47f9b82b437086b62d65 - - - -] No more DHCP agents
2026-07-10 01:07:20.263 9 WARNING neutron.api.rpc.agentnotifiers.dhcp_rpc_agent_api [None req-07e9b6ec-bc60-4efb-8b22-7e17fffc5c4b 90f3bcdbeef84b46bf9829697a094613 93184c7435dd47f9b82b437086b62d65 - - - -] Unable to schedule network 487567fe-5572-47af-be3f-7d73d4a22c23: no agents available; will retry on subsequent port and subnet creation events.
2026-07-10 01:07:20.274 10 INFO neutron.wsgi [None req-9de3f1b2-93ec-4160-a183-dd6e2a0ee077 2009d63c199e4bb49208a9c8657a3730 dfc094d2280b4cdda9a7c96c92caf8e8 - - - -] 10.0.0.89 "DELETE /v2.0/routers/89a471ae-85f1-42a6-a9d2-584b29351146 HTTP/1.1" status: 204 len: 168 time: 0.3128326
2026-07-10 01:07:20.539 10 INFO neutron.services.segments.plugin [-] Segment 4d6dbafe-c198-485c-80ae-248fbdff75ee resource provider aggregate not found
2026-07-10 01:07:20.568 10 INFO neutron.services.segments.plugin [-] Segment 4d6dbafe-c198-485c-80ae-248fbdff75ee resource provider not found; error: Placement Client Error (4xx): {"errors": [{"status": 404, "title": "Not Found", "detail": "The resource could not be found.\n\n No resource provider with uuid 4d6dbafe-c198-485c-80ae-248fbdff75ee found for delete ", "request_id": "req-75a35ea6-bb6c-4410-a4fd-470225ca2699"}]}
2026-07-10 01:07:20.570 10 INFO neutron.services.segments.plugin [-] Segment 4d6dbafe-c198-485c-80ae-248fbdff75ee resource provider aggregate not found
2026-07-10 01:07:20.581 10 INFO neutron.wsgi [None req-8ed233b7-9958-46d3-83d3-3e0d5c0d8512 2009d63c199e4bb49208a9c8657a3730 dfc094d2280b4cdda9a7c96c92caf8e8 - - - -] 10.0.0.89 "DELETE /v2.0/subnets/49fd5547-017e-4bc2-96c9-3651fd41094c HTTP/1.1" status: 204 len: 168 time: 0.2979882
2026-07-10 01:07:20.594 10 INFO neutron.services.segments.plugin [-] Segment 4d6dbafe-c198-485c-80ae-248fbdff75ee resource provider not found; error: Placement Client Error (4xx): {"errors": [{"status": 404, "title": "Not Found", "detail": "The resource could not be found.\n\n No resource provider with uuid 4d6dbafe-c198-485c-80ae-248fbdff75ee found for delete ", "request_id": "req-a398475e-9687-4276-a28a-e0251b5635be"}]}
2026-07-10 01:07:20.605 10 INFO neutron.wsgi [None req-d7f4ee3a-e804-475a-96f3-2d5f90687ccf 3c66074b958c4b8f91aa71965bcdf158 c396faf2043a4d97904db0ffceb67445 - - - -] 10.0.0.89 "DELETE /v2.0/networks/c93f5c86-b9cf-4a34-ae3e-6b18a29714f7 HTTP/1.1" status: 204 len: 168 time: 0.6853940
2026-07-10 01:07:20.694 9 INFO neutron.wsgi [req-b37949fa-e8da-4e47-a04a-99da338b1d28 req-9cc84009-c481-4067-96a9-0a44ef3bf76a 89c3fae6dcb646aa91c28996fe156959 faffad71723d45fd97606657dda41426 - - 8de3764cfd4c4215a6bb461fcf116421 8de3764cfd4c4215a6bb461fcf116421] 10.0.0.36 "GET /v2.0/ports?device_id=32cad971-e2e6-41fa-8dff-1d336f8d3453 HTTP/1.1" status: 200 len: 1361 time: 0.4248705
2026-07-10 01:07:20.750 9 INFO neutron.wsgi [req-b37949fa-e8da-4e47-a04a-99da338b1d28 req-7aff17f6-7573-4344-93d5-72ae6d5c5380 89c3fae6dcb646aa91c28996fe156959 faffad71723d45fd97606657dda41426 - - 8de3764cfd4c4215a6bb461fcf116421 8de3764cfd4c4215a6bb461fcf116421] 10.0.0.36 "GET /v2.0/security-groups?id=497aa6f0-22d3-4e2c-a064-5ba20699b727&fields=id&fields=name HTTP/1.1" status: 200 len: 312 time: 0.0475094
2026-07-10 01:07:21.071 10 INFO neutron.wsgi [None req-6cc142fa-2101-412d-8035-7847dac08897 2009d63c199e4bb49208a9c8657a3730 dfc094d2280b4cdda9a7c96c92caf8e8 - - - -] 10.0.0.89 "DELETE /v2.0/networks/3d4ba044-41d2-450e-af9d-26a9169040f7 HTTP/1.1" status: 204 len: 168 time: 0.4853263
2026-07-10 01:07:21.126 9 INFO neutron.db.ovn_revision_numbers_db [None req-07e9b6ec-bc60-4efb-8b22-7e17fffc5c4b 90f3bcdbeef84b46bf9829697a094613 93184c7435dd47f9b82b437086b62d65 - - - -] Successfully bumped revision number for resource cdad25ec-aa97-4df6-b65c-b1a2966c81de (type: ports) to 2
2026-07-10 01:07:21.153 9 INFO neutron.db.ovn_revision_numbers_db [None req-07e9b6ec-bc60-4efb-8b22-7e17fffc5c4b 90f3bcdbeef84b46bf9829697a094613 93184c7435dd47f9b82b437086b62d65 - - - -] Successfully bumped revision number for resource 88d6e33e-b9ba-49e0-81f9-f7c720ab113b (type: subnets) to 0
2026-07-10 01:07:21.170 9 INFO neutron.wsgi [None req-07e9b6ec-bc60-4efb-8b22-7e17fffc5c4b 90f3bcdbeef84b46bf9829697a094613 93184c7435dd47f9b82b437086b62d65 - - - -] 10.0.0.89 "POST /v2.0/subnets HTTP/1.1" status: 201 len: 866 time: 1.1363802
2026-07-10 01:07:21.200 9 INFO neutron.db.segments_db [None req-2c6e4abe-a86c-4728-9f0f-ca8a96d5d270 2009d63c199e4bb49208a9c8657a3730 dfc094d2280b4cdda9a7c96c92caf8e8 - - - -] Added segment 7780ec1e-f06f-4969-a677-a0057e224e02 of type geneve for network b8976a58-e33e-41bd-b793-c8f68f21c693
2026-07-10 01:07:21.348 9 INFO neutron.wsgi [None req-58fa459e-0b92-41ab-932a-33a0e19ffa5e 90f3bcdbeef84b46bf9829697a094613 93184c7435dd47f9b82b437086b62d65 - - default default] 10.0.0.89 "GET /v2.0/security-groups?tenant_id=c396faf2043a4d97904db0ffceb67445&name=default HTTP/1.1" status: 200 len: 2996 time: 0.2302434
2026-07-10 01:07:21.409 9 INFO neutron.db.ovn_revision_numbers_db [None req-2c6e4abe-a86c-4728-9f0f-ca8a96d5d270 2009d63c199e4bb49208a9c8657a3730 dfc094d2280b4cdda9a7c96c92caf8e8 - - - -] Successfully bumped revision number for resource b8976a58-e33e-41bd-b793-c8f68f21c693 (type: networks) to 1
2026-07-10 01:07:21.621 9 WARNING neutron.scheduler.dhcp_agent_scheduler [None req-2c6e4abe-a86c-4728-9f0f-ca8a96d5d270 2009d63c199e4bb49208a9c8657a3730 dfc094d2280b4cdda9a7c96c92caf8e8 - - - -] No more DHCP agents
2026-07-10 01:07:21.624 9 WARNING neutron.api.rpc.agentnotifiers.dhcp_rpc_agent_api [None req-2c6e4abe-a86c-4728-9f0f-ca8a96d5d270 2009d63c199e4bb49208a9c8657a3730 dfc094d2280b4cdda9a7c96c92caf8e8 - - - -] Unable to schedule network b8976a58-e33e-41bd-b793-c8f68f21c693: no agents available; will retry on subsequent port and subnet creation events.
2026-07-10 01:07:21.638 10 INFO neutron.wsgi [req-39583be3-d6e7-4265-beb0-32bd3b3383ec req-790ec14b-c9e8-4e13-b4ee-9bad3039fb89 d3be6eabd19f4d669ae014cc0411744e cc20095a086647a59358cfd1d847e4ce - - default default] 10.0.0.59 "GET /v2.0/ports?device_id=32cad971-e2e6-41fa-8dff-1d336f8d3453 HTTP/1.1" status: 200 len: 1170 time: 0.1318009
2026-07-10 01:07:21.684 9 INFO neutron.wsgi [None req-ee9eb100-e519-4d02-8d0e-94c23ca654a7 90f3bcdbeef84b46bf9829697a094613 93184c7435dd47f9b82b437086b62d65 - - - -] 10.0.0.89 "DELETE /v2.0/security-groups/917eca79-d1b9-4f6a-ab7a-aa1afec27cbf HTTP/1.1" status: 204 len: 168 time: 0.3295236
2026-07-10 01:07:21.698 10 INFO neutron.wsgi [req-39583be3-d6e7-4265-beb0-32bd3b3383ec req-e0ea3a04-2ee1-4ae4-a065-a74867a711e0 d3be6eabd19f4d669ae014cc0411744e cc20095a086647a59358cfd1d847e4ce - - default default] 10.0.0.59 "GET /v2.0/security-groups?id=497aa6f0-22d3-4e2c-a064-5ba20699b727&fields=id&fields=name HTTP/1.1" status: 200 len: 312 time: 0.0519378
2026-07-10 01:07:21.706 9 INFO neutron.db.ovn_revision_numbers_db [None req-2c6e4abe-a86c-4728-9f0f-ca8a96d5d270 2009d63c199e4bb49208a9c8657a3730 dfc094d2280b4cdda9a7c96c92caf8e8 - - - -] Successfully bumped revision number for resource b277e5ad-0265-4391-b34c-c00c35af414a (type: ports) to 1
2026-07-10 01:07:21.733 9 INFO neutron.wsgi [None req-2c6e4abe-a86c-4728-9f0f-ca8a96d5d270 2009d63c199e4bb49208a9c8657a3730 dfc094d2280b4cdda9a7c96c92caf8e8 - - - -] 10.0.0.89 "POST /v2.0/networks HTTP/1.1" status: 201 len: 832 time: 0.6515603
2026-07-10 01:07:21.851 10 WARNING neutron.scheduler.dhcp_agent_scheduler [None req-2d04920b-5be2-4bf8-9220-bf1228bcaf0e 90f3bcdbeef84b46bf9829697a094613 93184c7435dd47f9b82b437086b62d65 - - - -] No more DHCP agents
2026-07-10 01:07:21.854 10 WARNING neutron.api.rpc.agentnotifiers.dhcp_rpc_agent_api [None req-2d04920b-5be2-4bf8-9220-bf1228bcaf0e 90f3bcdbeef84b46bf9829697a094613 93184c7435dd47f9b82b437086b62d65 - - - -] Unable to schedule network 79617cb9-3830-47c6-a733-442a40d747f9: no agents available; will retry on subsequent port and subnet creation events.
2026-07-10 01:07:21.910 9 INFO neutron.wsgi [req-a22b4898-6a09-49c2-a9b7-b71cd13f2726 req-7f2ef1d2-de0e-4c67-9669-1bd9c14c3790 d3be6eabd19f4d669ae014cc0411744e cc20095a086647a59358cfd1d847e4ce - - default default] 10.0.0.59 "GET /v2.0/ports?device_id=32cad971-e2e6-41fa-8dff-1d336f8d3453 HTTP/1.1" status: 200 len: 1170 time: 0.1486022
2026-07-10 01:07:21.985 9 INFO neutron.wsgi [req-a22b4898-6a09-49c2-a9b7-b71cd13f2726 req-70646a1c-5f02-4dec-8463-e4c97d3fe616 d3be6eabd19f4d669ae014cc0411744e cc20095a086647a59358cfd1d847e4ce - - default default] 10.0.0.59 "GET /v2.0/security-groups?id=497aa6f0-22d3-4e2c-a064-5ba20699b727&fields=id&fields=name HTTP/1.1" status: 200 len: 312 time: 0.0668399
2026-07-10 01:07:22.008 10 INFO neutron.db.ovn_revision_numbers_db [None req-2d04920b-5be2-4bf8-9220-bf1228bcaf0e 90f3bcdbeef84b46bf9829697a094613 93184c7435dd47f9b82b437086b62d65 - - - -] Successfully bumped revision number for resource 4ea76330-17d7-4f85-a9ad-bd765f88d713 (type: ports) to 1
2026-07-10 01:07:22.090 9 WARNING neutron.scheduler.dhcp_agent_scheduler [None req-0166ff50-450c-4f15-85ca-54aed6b2bd48 2009d63c199e4bb49208a9c8657a3730 dfc094d2280b4cdda9a7c96c92caf8e8 - - - -] No more DHCP agents
2026-07-10 01:07:22.092 9 WARNING neutron.api.rpc.agentnotifiers.dhcp_rpc_agent_api [None req-0166ff50-450c-4f15-85ca-54aed6b2bd48 2009d63c199e4bb49208a9c8657a3730 dfc094d2280b4cdda9a7c96c92caf8e8 - - - -] Unable to schedule network b8976a58-e33e-41bd-b793-c8f68f21c693: no agents available; will retry on subsequent port and subnet creation events.
2026-07-10 01:07:22.104 9 INFO neutron.db.ovn_revision_numbers_db [None req-0166ff50-450c-4f15-85ca-54aed6b2bd48 2009d63c199e4bb49208a9c8657a3730 dfc094d2280b4cdda9a7c96c92caf8e8 - - - -] Successfully bumped revision number for resource 6c882d82-6393-4cb6-9fc7-06478bccc8e1 (type: subnets) to 0
2026-07-10 01:07:22.122 9 INFO neutron.wsgi [None req-0166ff50-450c-4f15-85ca-54aed6b2bd48 2009d63c199e4bb49208a9c8657a3730 dfc094d2280b4cdda9a7c96c92caf8e8 - - - -] 10.0.0.89 "POST /v2.0/subnets HTTP/1.1" status: 201 len: 821 time: 0.3818095
2026-07-10 01:07:22.356 9 INFO neutron.db.ovn_revision_numbers_db [None req-fcd412ed-c7f3-43d0-b33a-e61e4f7dda59 2009d63c199e4bb49208a9c8657a3730 dfc094d2280b4cdda9a7c96c92caf8e8 - - - -] Successfully bumped revision number for resource 2361a326-57e9-4385-a97d-960328a63373 (type: routers) to 1
2026-07-10 01:07:22.380 9 INFO neutron.wsgi [req-1ab99c56-287b-45da-8289-a73333bee685 req-ea30b633-95c8-4d45-bea7-548f615fd814 89c3fae6dcb646aa91c28996fe156959 faffad71723d45fd97606657dda41426 - - 8de3764cfd4c4215a6bb461fcf116421 8de3764cfd4c4215a6bb461fcf116421] 199.19.213.80 "GET /v2.0/ports?tenant_id=cc20095a086647a59358cfd1d847e4ce&device_id=32cad971-e2e6-41fa-8dff-1d336f8d3453 HTTP/1.1" status: 200 len: 1361 time: 0.0483582
2026-07-10 01:07:22.385 9 INFO neutron.wsgi [req-2555fd2c-49dc-46ba-b34b-12545b1b7440 req-6fb5aeae-7272-463c-807b-bea22231e7ba d3be6eabd19f4d669ae014cc0411744e cc20095a086647a59358cfd1d847e4ce - - default default] 10.0.0.59 "GET /v2.0/ports?device_id=32cad971-e2e6-41fa-8dff-1d336f8d3453 HTTP/1.1" status: 200 len: 1170 time: 0.0451064
2026-07-10 01:07:22.388 9 INFO neutron.wsgi [None req-fcd412ed-c7f3-43d0-b33a-e61e4f7dda59 2009d63c199e4bb49208a9c8657a3730 dfc094d2280b4cdda9a7c96c92caf8e8 - - - -] 10.0.0.89 "POST /v2.0/routers HTTP/1.1" status: 201 len: 691 time: 0.2562392
2026-07-10 01:07:22.504 9 INFO neutron.wsgi [req-2555fd2c-49dc-46ba-b34b-12545b1b7440 req-e71dc7c5-a118-4a15-a554-a5f60b97c169 d3be6eabd19f4d669ae014cc0411744e cc20095a086647a59358cfd1d847e4ce - - default default] 10.0.0.59 "GET /v2.0/security-groups?id=497aa6f0-22d3-4e2c-a064-5ba20699b727&fields=id&fields=name HTTP/1.1" status: 200 len: 312 time: 0.1008260
2026-07-10 01:07:22.519 9 INFO neutron.wsgi [req-1ab99c56-287b-45da-8289-a73333bee685 req-ebbf860a-c287-42bd-8e9d-9f59e3d47780 89c3fae6dcb646aa91c28996fe156959 faffad71723d45fd97606657dda41426 - - 8de3764cfd4c4215a6bb461fcf116421 8de3764cfd4c4215a6bb461fcf116421] 199.19.213.80 "GET /v2.0/networks?id=b0f317ad-e94c-4f1c-af51-9095a5184d98 HTTP/1.1" status: 200 len: 974 time: 0.1312683
2026-07-10 01:07:22.585 9 INFO neutron.wsgi [req-1ab99c56-287b-45da-8289-a73333bee685 req-173920ed-fdc9-4f16-8acd-5a62fe85dcff 89c3fae6dcb646aa91c28996fe156959 faffad71723d45fd97606657dda41426 - - 8de3764cfd4c4215a6bb461fcf116421 8de3764cfd4c4215a6bb461fcf116421] 199.19.213.80 "GET /v2.0/floatingips?fixed_ip_address=10.100.0.7&port_id=875a5597-d36f-4293-bd0d-1cab910fcf73 HTTP/1.1" status: 200 len: 1059 time: 0.0519304
2026-07-10 01:07:22.592 10 INFO neutron.services.segments.plugin [-] Segment 9b79c6fc-87f2-4873-8cf2-e264589f754e resource provider aggregate not found
2026-07-10 01:07:22.630 10 INFO neutron.services.segments.plugin [-] Segment 9b79c6fc-87f2-4873-8cf2-e264589f754e resource provider aggregate not found
2026-07-10 01:07:22.643 10 INFO neutron.services.segments.plugin [-] Segment 9b79c6fc-87f2-4873-8cf2-e264589f754e resource provider not found; error: Placement Client Error (4xx): {"errors": [{"status": 404, "title": "Not Found", "detail": "The resource could not be found.\n\n No resource provider with uuid 9b79c6fc-87f2-4873-8cf2-e264589f754e found for delete ", "request_id": "req-090fbcff-8a7f-4fe9-888a-09c34b1f961f"}]}
2026-07-10 01:07:22.650 10 INFO neutron.services.segments.plugin [-] Segment 9b79c6fc-87f2-4873-8cf2-e264589f754e resource provider not found; error: Placement Client Error (4xx): {"errors": [{"status": 404, "title": "Not Found", "detail": "The resource could not be found.\n\n No resource provider with uuid 9b79c6fc-87f2-4873-8cf2-e264589f754e found for delete ", "request_id": "req-665d265d-a789-49f0-bef2-b4182a45c4b4"}]}
2026-07-10 01:07:22.677 9 INFO neutron.wsgi [req-1ab99c56-287b-45da-8289-a73333bee685 req-4c9e5c93-fafa-47b4-8b86-07a366baadbf 89c3fae6dcb646aa91c28996fe156959 faffad71723d45fd97606657dda41426 - - 8de3764cfd4c4215a6bb461fcf116421 8de3764cfd4c4215a6bb461fcf116421] 199.19.213.80 "GET /v2.0/subnets?id=ecebc741-61f0-4170-b2df-c556bfb3de0a HTTP/1.1" status: 200 len: 869 time: 0.0710602
2026-07-10 01:07:22.734 9 INFO neutron.wsgi [req-1ab99c56-287b-45da-8289-a73333bee685 req-567ce472-13f1-4e08-8379-a4072ea90f05 89c3fae6dcb646aa91c28996fe156959 faffad71723d45fd97606657dda41426 - - 8de3764cfd4c4215a6bb461fcf116421 8de3764cfd4c4215a6bb461fcf116421] 199.19.213.80 "GET /v2.0/ports?network_id=b0f317ad-e94c-4f1c-af51-9095a5184d98&device_owner=network%3Adhcp HTTP/1.1" status: 200 len: 210 time: 0.0420558
2026-07-10 01:07:22.849 9 INFO neutron.wsgi [req-1ab99c56-287b-45da-8289-a73333bee685 req-c6e387e3-9377-4bae-ab68-8c95ca77d59e 89c3fae6dcb646aa91c28996fe156959 faffad71723d45fd97606657dda41426 - - 8de3764cfd4c4215a6bb461fcf116421 8de3764cfd4c4215a6bb461fcf116421] 199.19.213.80 "GET /v2.0/networks/b0f317ad-e94c-4f1c-af51-9095a5184d98?fields=segments HTTP/1.1" status: 200 len: 212 time: 0.1026807
2026-07-10 01:07:22.928 9 INFO neutron.wsgi [req-1ab99c56-287b-45da-8289-a73333bee685 req-ccd92924-5a3d-4551-b200-d7301c17b558 89c3fae6dcb646aa91c28996fe156959 faffad71723d45fd97606657dda41426 - - 8de3764cfd4c4215a6bb461fcf116421 8de3764cfd4c4215a6bb461fcf116421] 199.19.213.80 "GET /v2.0/networks/b0f317ad-e94c-4f1c-af51-9095a5184d98?fields=provider%3Aphysical_network&fields=provider%3Anetwork_type HTTP/1.1" status: 200 len: 277 time: 0.0723088
2026-07-10 01:07:23.004 9 WARNING neutron.scheduler.dhcp_agent_scheduler [None req-020aef56-9a2f-4d62-8301-1f58c543b5b4 2009d63c199e4bb49208a9c8657a3730 dfc094d2280b4cdda9a7c96c92caf8e8 - - default default] No more DHCP agents
2026-07-10 01:07:23.008 9 WARNING neutron.api.rpc.agentnotifiers.dhcp_rpc_agent_api [None req-020aef56-9a2f-4d62-8301-1f58c543b5b4 2009d63c199e4bb49208a9c8657a3730 dfc094d2280b4cdda9a7c96c92caf8e8 - - default default] Unable to schedule network b8976a58-e33e-41bd-b793-c8f68f21c693: no agents available; will retry on subsequent port and subnet creation events.
2026-07-10 01:07:23.044 10 INFO neutron.plugins.ml2.drivers.ovn.mech_driver.mech_driver [None req-2cf7cbb6-eca9-4d5d-8277-98de6e5b5f10 - - - - - -] OVN reports status up for port: 4ea76330-17d7-4f85-a9ad-bd765f88d713
2026-07-10 01:07:23.051 10 INFO neutron.plugins.ml2.plugin [None req-2cf7cbb6-eca9-4d5d-8277-98de6e5b5f10 - - - - - -] Attempt 1 to provision port 4ea76330-17d7-4f85-a9ad-bd765f88d713
2026-07-10 01:07:23.052 10 INFO neutron.db.ovn_revision_numbers_db [None req-2d04920b-5be2-4bf8-9220-bf1228bcaf0e 90f3bcdbeef84b46bf9829697a094613 93184c7435dd47f9b82b437086b62d65 - - - -] Successfully bumped revision number for resource 4ea76330-17d7-4f85-a9ad-bd765f88d713 (type: router_ports) to 1
2026-07-10 01:07:23.106 10 INFO neutron.plugins.ml2.drivers.ovn.mech_driver.ovsdb.ovsdb_monitor [None req-36080d3f-1d29-4348-bd29-c7145bf1f63f - - - - - -] Router 094b741b-9796-41c9-87f0-f03d982acc27 is bound to host instance
2026-07-10 01:07:23.132 9 INFO neutron.db.ovn_revision_numbers_db [None req-020aef56-9a2f-4d62-8301-1f58c543b5b4 2009d63c199e4bb49208a9c8657a3730 dfc094d2280b4cdda9a7c96c92caf8e8 - - default default] Successfully bumped revision number for resource 9cc4190c-d735-4f8c-b1c4-3334abba1848 (type: ports) to 1
2026-07-10 01:07:23.230 10 INFO neutron.db.ovn_revision_numbers_db [None req-2d04920b-5be2-4bf8-9220-bf1228bcaf0e 90f3bcdbeef84b46bf9829697a094613 93184c7435dd47f9b82b437086b62d65 - - - -] Successfully bumped revision number for resource 094b741b-9796-41c9-87f0-f03d982acc27 (type: routers) to 3
2026-07-10 01:07:23.259 10 INFO neutron.wsgi [None req-2d04920b-5be2-4bf8-9220-bf1228bcaf0e 90f3bcdbeef84b46bf9829697a094613 93184c7435dd47f9b82b437086b62d65 - - - -] 10.0.0.89 "POST /v2.0/routers HTTP/1.1" status: 201 len: 877 time: 2.0781500
2026-07-10 01:07:23.634 10 INFO neutron.wsgi [req-2b002d57-bd47-42f5-8ae0-19f65ce8b385 req-e8dbe433-491a-43c9-95b3-a0fbc231c42e d3be6eabd19f4d669ae014cc0411744e cc20095a086647a59358cfd1d847e4ce - - default default] 10.0.0.59 "GET /v2.0/ports?device_id=32cad971-e2e6-41fa-8dff-1d336f8d3453 HTTP/1.1" status: 200 len: 1170 time: 0.0630779
2026-07-10 01:07:23.680 10 INFO neutron.wsgi [req-2b002d57-bd47-42f5-8ae0-19f65ce8b385 req-aeed8355-b843-4ca2-b835-0716df65f176 d3be6eabd19f4d669ae014cc0411744e cc20095a086647a59358cfd1d847e4ce - - default default] 10.0.0.59 "GET /v2.0/security-groups?id=497aa6f0-22d3-4e2c-a064-5ba20699b727&fields=id&fields=name HTTP/1.1" status: 200 len: 312 time: 0.0344954
2026-07-10 01:07:23.848 10 INFO neutron.wsgi [None req-af908cbf-fc88-4154-a56c-1ec3f78c808f 55d57281685a4752ba48cf37dcdca30d 53c742efd3d54051b49e4caa494111ac - - - -] 10.0.0.89 "POST /v2.0/subnetpools HTTP/1.1" status: 201 len: 747 time: 0.3335249
2026-07-10 01:07:23.862 9 WARNING neutron.plugins.ml2.drivers.ovn.mech_driver.ovsdb.ovn_client [None req-68e7ad87-98e3-49de-afae-e972b9ce3ad8 - - - - - -] No port found with ID b55aaef4-9c0d-4e8f-b978-36f3ba9e339f: RuntimeError: No port found with ID b55aaef4-9c0d-4e8f-b978-36f3ba9e339f
2026-07-10 01:07:23.863 9 INFO neutron.plugins.ml2.drivers.ovn.mech_driver.mech_driver [None req-68e7ad87-98e3-49de-afae-e972b9ce3ad8 - - - - - -] OVN reports status down for port: 875a5597-d36f-4293-bd0d-1cab910fcf73
2026-07-10 01:07:23.885 10 INFO neutron.wsgi [None req-0a6495a8-79ea-4aa8-a7d6-d97450f38775 55d57281685a4752ba48cf37dcdca30d 53c742efd3d54051b49e4caa494111ac - - default default] 10.0.0.89 "GET /v2.0/subnetpools/c7ddee8c-28e7-4219-a555-39603eb691b3 HTTP/1.1" status: 200 len: 742 time: 0.0301418
2026-07-10 01:07:23.886 10 INFO neutron.db.ovn_revision_numbers_db [None req-36080d3f-1d29-4348-bd29-c7145bf1f63f - - - - - -] Successfully bumped revision number for resource 4ea76330-17d7-4f85-a9ad-bd765f88d713 (type: ports) to 1
2026-07-10 01:07:24.008 10 INFO neutron.wsgi [None req-5a87ace9-9bc8-4043-a178-c89424553b66 55d57281685a4752ba48cf37dcdca30d 53c742efd3d54051b49e4caa494111ac - - - -] 10.0.0.89 "PUT /v2.0/subnetpools/c7ddee8c-28e7-4219-a555-39603eb691b3 HTTP/1.1" status: 200 len: 695 time: 0.1159043
2026-07-10 01:07:24.020 9 INFO neutron.db.ovn_revision_numbers_db [None req-020aef56-9a2f-4d62-8301-1f58c543b5b4 2009d63c199e4bb49208a9c8657a3730 dfc094d2280b4cdda9a7c96c92caf8e8 - - default default] Successfully bumped revision number for resource 9cc4190c-d735-4f8c-b1c4-3334abba1848 (type: router_ports) to 2
2026-07-10 01:07:24.076 9 INFO neutron.notifiers.nova [-] Nova event matching ['req-59fe1f7f-fedc-4c77-95ca-1edfe68cea00'] response: {'server_uuid': '32cad971-e2e6-41fa-8dff-1d336f8d3453', 'name': 'network-vif-unplugged', 'status': 'completed', 'tag': '875a5597-d36f-4293-bd0d-1cab910fcf73', 'code': 200}
2026-07-10 01:07:24.105 10 INFO neutron.wsgi [None req-251793aa-ebd8-44a7-b7f8-cc622f286a0a 55d57281685a4752ba48cf37dcdca30d 53c742efd3d54051b49e4caa494111ac - - - -] 10.0.0.89 "DELETE /v2.0/subnetpools/c7ddee8c-28e7-4219-a555-39603eb691b3 HTTP/1.1" status: 204 len: 168 time: 0.0886683
2026-07-10 01:07:24.163 9 INFO neutron.api.v2.resource [None req-4f23418b-551f-40d4-a1e1-bafd380670c9 55d57281685a4752ba48cf37dcdca30d 53c742efd3d54051b49e4caa494111ac - - default default] show failed (client error): The resource could not be found.
2026-07-10 01:07:24.164 9 INFO neutron.wsgi [None req-4f23418b-551f-40d4-a1e1-bafd380670c9 55d57281685a4752ba48cf37dcdca30d 53c742efd3d54051b49e4caa494111ac - - default default] 10.0.0.89 "GET /v2.0/subnetpools/c7ddee8c-28e7-4219-a555-39603eb691b3 HTTP/1.1" status: 404 len: 346 time: 0.0482364
2026-07-10 01:07:24.196 10 INFO neutron.api.v2.resource [None req-dac37c72-4adf-4376-b840-dd51ee5c2631 55d57281685a4752ba48cf37dcdca30d 53c742efd3d54051b49e4caa494111ac - - - -] delete failed (client error): The resource could not be found.
2026-07-10 01:07:24.198 10 INFO neutron.wsgi [None req-dac37c72-4adf-4376-b840-dd51ee5c2631 55d57281685a4752ba48cf37dcdca30d 53c742efd3d54051b49e4caa494111ac - - - -] 10.0.0.89 "DELETE /v2.0/subnetpools/c7ddee8c-28e7-4219-a555-39603eb691b3 HTTP/1.1" status: 404 len: 346 time: 0.0271835
2026-07-10 01:07:24.232 9 INFO neutron.db.ovn_revision_numbers_db [None req-020aef56-9a2f-4d62-8301-1f58c543b5b4 2009d63c199e4bb49208a9c8657a3730 dfc094d2280b4cdda9a7c96c92caf8e8 - - default default] Successfully bumped revision number for resource 9cc4190c-d735-4f8c-b1c4-3334abba1848 (type: ports) to 2
2026-07-10 01:07:24.323 9 WARNING neutron.scheduler.dhcp_agent_scheduler [None req-6aec60b4-80fc-4c4e-84f7-230f2494d62f 90f3bcdbeef84b46bf9829697a094613 93184c7435dd47f9b82b437086b62d65 - - default default] No more DHCP agents
2026-07-10 01:07:24.329 9 WARNING neutron.api.rpc.agentnotifiers.dhcp_rpc_agent_api [None req-6aec60b4-80fc-4c4e-84f7-230f2494d62f 90f3bcdbeef84b46bf9829697a094613 93184c7435dd47f9b82b437086b62d65 - - default default] Unable to schedule network 487567fe-5572-47af-be3f-7d73d4a22c23: no agents available; will retry on subsequent port and subnet creation events.
2026-07-10 01:07:24.336 10 INFO neutron.db.ovn_revision_numbers_db [None req-36080d3f-1d29-4348-bd29-c7145bf1f63f - - - - - -] Successfully bumped revision number for resource 4ea76330-17d7-4f85-a9ad-bd765f88d713 (type: router_ports) to 3
2026-07-10 01:07:24.380 9 INFO neutron.db.ovn_revision_numbers_db [None req-68e7ad87-98e3-49de-afae-e972b9ce3ad8 - - - - - -] Successfully bumped revision number for resource 875a5597-d36f-4293-bd0d-1cab910fcf73 (type: ports) to 5
2026-07-10 01:07:24.401 9 WARNING neutron.scheduler.dhcp_agent_scheduler [None req-020aef56-9a2f-4d62-8301-1f58c543b5b4 2009d63c199e4bb49208a9c8657a3730 dfc094d2280b4cdda9a7c96c92caf8e8 - - default default] No more DHCP agents
2026-07-10 01:07:24.403 9 WARNING neutron.api.rpc.agentnotifiers.dhcp_rpc_agent_api [None req-020aef56-9a2f-4d62-8301-1f58c543b5b4 2009d63c199e4bb49208a9c8657a3730 dfc094d2280b4cdda9a7c96c92caf8e8 - - default default] Unable to schedule network b8976a58-e33e-41bd-b793-c8f68f21c693: no agents available; will retry on subsequent port and subnet creation events.
2026-07-10 01:07:24.463 9 INFO neutron.plugins.ml2.drivers.ovn.mech_driver.mech_driver [None req-68e7ad87-98e3-49de-afae-e972b9ce3ad8 - - - - - -] OVN reports status up for port: 875a5597-d36f-4293-bd0d-1cab910fcf73
2026-07-10 01:07:24.496 10 INFO neutron.db.ovn_revision_numbers_db [None req-36080d3f-1d29-4348-bd29-c7145bf1f63f - - - - - -] Successfully bumped revision number for resource 4ea76330-17d7-4f85-a9ad-bd765f88d713 (type: ports) to 2
2026-07-10 01:07:24.514 9 INFO neutron.plugins.ml2.plugin [None req-68e7ad87-98e3-49de-afae-e972b9ce3ad8 - - - - - -] Attempt 1 to provision port 875a5597-d36f-4293-bd0d-1cab910fcf73
2026-07-10 01:07:24.622 9 INFO neutron.db.ovn_revision_numbers_db [None req-6aec60b4-80fc-4c4e-84f7-230f2494d62f 90f3bcdbeef84b46bf9829697a094613 93184c7435dd47f9b82b437086b62d65 - - default default] Successfully bumped revision number for resource 95ace8f0-617a-41ba-8da0-dc7fcfca60cc (type: ports) to 1
2026-07-10 01:07:24.732 9 INFO neutron.db.ovn_revision_numbers_db [None req-020aef56-9a2f-4d62-8301-1f58c543b5b4 2009d63c199e4bb49208a9c8657a3730 dfc094d2280b4cdda9a7c96c92caf8e8 - - - -] Successfully bumped revision number for resource 9cc4190c-d735-4f8c-b1c4-3334abba1848 (type: router_ports) to 2
2026-07-10 01:07:24.734 9 INFO neutron.wsgi [None req-020aef56-9a2f-4d62-8301-1f58c543b5b4 2009d63c199e4bb49208a9c8657a3730 dfc094d2280b4cdda9a7c96c92caf8e8 - - - -] 10.0.0.89 "PUT /v2.0/routers/2361a326-57e9-4385-a97d-960328a63373/add_router_interface HTTP/1.1" status: 200 len: 503 time: 2.3399475
2026-07-10 01:07:24.776 10 INFO neutron.db.ovn_revision_numbers_db [None req-36080d3f-1d29-4348-bd29-c7145bf1f63f - - - - - -] Successfully bumped revision number for resource 4ea76330-17d7-4f85-a9ad-bd765f88d713 (type: ports) to 4
2026-07-10 01:07:24.807 10 INFO neutron.wsgi [req-ac8b384b-180e-471d-8697-556727a6dc66 req-1c71db7c-42ed-4858-ba66-3571a8b7bda2 d3be6eabd19f4d669ae014cc0411744e cc20095a086647a59358cfd1d847e4ce - - default default] 10.0.0.59 "GET /v2.0/ports?device_id=32cad971-e2e6-41fa-8dff-1d336f8d3453 HTTP/1.1" status: 200 len: 1170 time: 0.0425224
2026-07-10 01:07:24.879 10 INFO neutron.wsgi [None req-5e47e945-c1f1-46ae-b768-d443584fabcf 2009d63c199e4bb49208a9c8657a3730 dfc094d2280b4cdda9a7c96c92caf8e8 - - default default] 10.0.0.89 "GET /v2.0/ports/9cc4190c-d735-4f8c-b1c4-3334abba1848 HTTP/1.1" status: 200 len: 1139 time: 0.1352375
2026-07-10 01:07:24.882 10 INFO neutron.wsgi [req-ac8b384b-180e-471d-8697-556727a6dc66 req-31b1b6c6-43b5-4505-aca2-ba095e63a066 d3be6eabd19f4d669ae014cc0411744e cc20095a086647a59358cfd1d847e4ce - - default default] 10.0.0.59 "GET /v2.0/security-groups?id=497aa6f0-22d3-4e2c-a064-5ba20699b727&fields=id&fields=name HTTP/1.1" status: 200 len: 312 time: 0.0572116
2026-07-10 01:07:24.947 10 INFO neutron.wsgi [None req-77d97378-ff82-4e9b-a477-a86008706691 2009d63c199e4bb49208a9c8657a3730 dfc094d2280b4cdda9a7c96c92caf8e8 - - default default] 10.0.0.89 "GET /v2.0/ports/9cc4190c-d735-4f8c-b1c4-3334abba1848 HTTP/1.1" status: 200 len: 1139 time: 0.0566044
2026-07-10 01:07:25.073 10 INFO neutron.db.ovn_revision_numbers_db [None req-0b62bdab-139e-4fe4-ba7c-809005cb7d92 90f3bcdbeef84b46bf9829697a094613 93184c7435dd47f9b82b437086b62d65 - - default default] Successfully bumped revision number for resource 8d9df611-86ea-49f0-8b1b-d732551e76fd (type: security_groups) to 1
2026-07-10 01:07:25.099 10 INFO neutron.wsgi [None req-0b62bdab-139e-4fe4-ba7c-809005cb7d92 90f3bcdbeef84b46bf9829697a094613 93184c7435dd47f9b82b437086b62d65 - - default default] 10.0.0.89 "GET /v2.0/security-groups?tenant_id=53c742efd3d54051b49e4caa494111ac&name=default HTTP/1.1" status: 200 len: 2996 time: 0.3220203
2026-07-10 01:07:25.118 10 INFO neutron.db.ovn_revision_numbers_db [None req-36080d3f-1d29-4348-bd29-c7145bf1f63f - - - - - -] Successfully bumped revision number for resource 4ea76330-17d7-4f85-a9ad-bd765f88d713 (type: router_ports) to 4
2026-07-10 01:07:25.236 9 INFO neutron.db.ovn_revision_numbers_db [None req-68e7ad87-98e3-49de-afae-e972b9ce3ad8 - - - - - -] Successfully bumped revision number for resource 875a5597-d36f-4293-bd0d-1cab910fcf73 (type: ports) to 6
2026-07-10 01:07:25.337 10 INFO neutron.wsgi [None req-0592d0a8-ae87-4d4c-9492-e48d5945331b 90f3bcdbeef84b46bf9829697a094613 93184c7435dd47f9b82b437086b62d65 - - - -] 10.0.0.89 "DELETE /v2.0/security-groups/8d9df611-86ea-49f0-8b1b-d732551e76fd HTTP/1.1" status: 204 len: 168 time: 0.2309418
2026-07-10 01:07:25.478 9 INFO neutron.plugins.ml2.drivers.ovn.mech_driver.mech_driver [None req-68e7ad87-98e3-49de-afae-e972b9ce3ad8 - - - - - -] OVN reports status up for port: 95ace8f0-617a-41ba-8da0-dc7fcfca60cc
2026-07-10 01:07:25.489 9 INFO neutron.plugins.ml2.plugin [None req-68e7ad87-98e3-49de-afae-e972b9ce3ad8 - - - - - -] Attempt 1 to provision port 95ace8f0-617a-41ba-8da0-dc7fcfca60cc
2026-07-10 01:07:25.490 9 INFO neutron.db.ovn_revision_numbers_db [None req-6aec60b4-80fc-4c4e-84f7-230f2494d62f 90f3bcdbeef84b46bf9829697a094613 93184c7435dd47f9b82b437086b62d65 - - default default] Successfully bumped revision number for resource 95ace8f0-617a-41ba-8da0-dc7fcfca60cc (type: router_ports) to 2
2026-07-10 01:07:25.678 9 INFO neutron.db.ovn_revision_numbers_db [None req-6aec60b4-80fc-4c4e-84f7-230f2494d62f 90f3bcdbeef84b46bf9829697a094613 93184c7435dd47f9b82b437086b62d65 - - default default] Successfully bumped revision number for resource 95ace8f0-617a-41ba-8da0-dc7fcfca60cc (type: ports) to 2
2026-07-10 01:07:25.734 10 INFO neutron.plugins.ml2.drivers.ovn.mech_driver.mech_driver [None req-2cf7cbb6-eca9-4d5d-8277-98de6e5b5f10 - - - - - -] OVN reports status up for port: 9cc4190c-d735-4f8c-b1c4-3334abba1848
2026-07-10 01:07:25.745 10 INFO neutron.plugins.ml2.plugin [None req-2cf7cbb6-eca9-4d5d-8277-98de6e5b5f10 - - - - - -] Attempt 1 to provision port 9cc4190c-d735-4f8c-b1c4-3334abba1848
2026-07-10 01:07:25.775 9 WARNING neutron.scheduler.dhcp_agent_scheduler [None req-6aec60b4-80fc-4c4e-84f7-230f2494d62f 90f3bcdbeef84b46bf9829697a094613 93184c7435dd47f9b82b437086b62d65 - - default default] No more DHCP agents
2026-07-10 01:07:25.778 9 WARNING neutron.api.rpc.agentnotifiers.dhcp_rpc_agent_api [None req-6aec60b4-80fc-4c4e-84f7-230f2494d62f 90f3bcdbeef84b46bf9829697a094613 93184c7435dd47f9b82b437086b62d65 - - default default] Unable to schedule network 487567fe-5572-47af-be3f-7d73d4a22c23: no agents available; will retry on subsequent port and subnet creation events.
2026-07-10 01:07:25.834 9 INFO neutron.db.ovn_revision_numbers_db [None req-68e7ad87-98e3-49de-afae-e972b9ce3ad8 - - - - - -] Successfully bumped revision number for resource 95ace8f0-617a-41ba-8da0-dc7fcfca60cc (type: ports) to 3 /var/lib/openstack/lib/python3.10/site-packages/pycadf/identifier.py:71: UserWarning: Invalid uuid: neutron. To ensure interoperability, identifiers should be a valid uuid. warnings.warn(('Invalid uuid: %s. To ensure interoperability, '
2026-07-10 01:07:25.992 9 INFO neutron.wsgi [None req-a283781f-33fa-4083-9794-182cbfa6e928 2009d63c199e4bb49208a9c8657a3730 dfc094d2280b4cdda9a7c96c92caf8e8 - - default default] 10.0.0.89 "GET /v2.0/ports/9cc4190c-d735-4f8c-b1c4-3334abba1848 HTTP/1.1" status: 200 len: 1141 time: 0.0361834
2026-07-10 01:07:26.043 10 INFO neutron.db.ovn_revision_numbers_db [None req-2cf7cbb6-eca9-4d5d-8277-98de6e5b5f10 - - - - - -] Successfully bumped revision number for resource 9cc4190c-d735-4f8c-b1c4-3334abba1848 (type: ports) to 3
2026-07-10 01:07:26.067 9 INFO neutron.db.ovn_revision_numbers_db [None req-68e7ad87-98e3-49de-afae-e972b9ce3ad8 - - - - - -] Successfully bumped revision number for resource 95ace8f0-617a-41ba-8da0-dc7fcfca60cc (type: router_ports) to 3
2026-07-10 01:07:26.128 9 INFO neutron.notifiers.nova [-] Nova event matching ['req-ce9e45a0-3c97-4953-99c7-487ef3e69ca7'] response: {'server_uuid': '32cad971-e2e6-41fa-8dff-1d336f8d3453', 'name': 'network-vif-plugged', 'status': 'completed', 'tag': '875a5597-d36f-4293-bd0d-1cab910fcf73', 'code': 200}
2026-07-10 01:07:26.128 9 INFO neutron.notifiers.nova [-] Nova event matching ['req-ce9e45a0-3c97-4953-99c7-487ef3e69ca7'] response: {'server_uuid': '32cad971-e2e6-41fa-8dff-1d336f8d3453', 'name': 'network-vif-plugged', 'status': 'completed', 'tag': '875a5597-d36f-4293-bd0d-1cab910fcf73', 'code': 200}
2026-07-10 01:07:26.128 9 INFO neutron.notifiers.nova [-] Nova event matching ['req-ce9e45a0-3c97-4953-99c7-487ef3e69ca7'] response: {'server_uuid': '32cad971-e2e6-41fa-8dff-1d336f8d3453', 'name': 'network-vif-plugged', 'status': 'completed', 'tag': '875a5597-d36f-4293-bd0d-1cab910fcf73', 'code': 200}
2026-07-10 01:07:26.187 10 INFO neutron.db.ovn_revision_numbers_db [None req-2cf7cbb6-eca9-4d5d-8277-98de6e5b5f10 - - - - - -] Successfully bumped revision number for resource 9cc4190c-d735-4f8c-b1c4-3334abba1848 (type: router_ports) to 3
2026-07-10 01:07:26.726 9 INFO neutron.db.ovn_revision_numbers_db [None req-6aec60b4-80fc-4c4e-84f7-230f2494d62f 90f3bcdbeef84b46bf9829697a094613 93184c7435dd47f9b82b437086b62d65 - - - -] Successfully bumped revision number for resource 95ace8f0-617a-41ba-8da0-dc7fcfca60cc (type: router_ports) to 3
2026-07-10 01:07:26.729 9 INFO neutron.wsgi [None req-6aec60b4-80fc-4c4e-84f7-230f2494d62f 90f3bcdbeef84b46bf9829697a094613 93184c7435dd47f9b82b437086b62d65 - - - -] 10.0.0.89 "PUT /v2.0/routers/094b741b-9796-41c9-87f0-f03d982acc27/add_router_interface HTTP/1.1" status: 200 len: 503 time: 3.4632702
2026-07-10 01:07:27.267 9 INFO neutron.wsgi [None req-340a3a0e-2e8e-43dd-b3e9-eb98bf930480 2009d63c199e4bb49208a9c8657a3730 dfc094d2280b4cdda9a7c96c92caf8e8 - - - -] 10.0.0.89 "PUT /v2.0/routers/2361a326-57e9-4385-a97d-960328a63373/remove_router_interface HTTP/1.1" status: 200 len: 503 time: 1.2656693 /var/lib/openstack/lib/python3.10/site-packages/pycadf/identifier.py:71: UserWarning: Invalid uuid: neutron. To ensure interoperability, identifiers should be a valid uuid. warnings.warn(('Invalid uuid: %s. To ensure interoperability, '
2026-07-10 01:07:27.309 9 INFO neutron.wsgi [None req-ab18998e-75b1-48b0-8427-4f3624f524f9 2009d63c199e4bb49208a9c8657a3730 dfc094d2280b4cdda9a7c96c92caf8e8 - - default default] 10.0.0.89 "GET /v2.0/ports?device_id=2361a326-57e9-4385-a97d-960328a63373 HTTP/1.1" status: 200 len: 205 time: 0.0319569
2026-07-10 01:07:27.399 9 INFO neutron.db.ovn_revision_numbers_db [None req-32968989-8ff6-428b-86cd-343a2e9c2de1 def7f88f37d742268346b2f3d6804476 fcbb7092c9bb4a108c0c14aa1ba979aa - - - -] Successfully bumped revision number for resource 01b97231-1866-48bc-a1ef-f9b1e488e4ae (type: security_groups) to 1
2026-07-10 01:07:27.424 9 INFO neutron.wsgi [None req-32968989-8ff6-428b-86cd-343a2e9c2de1 def7f88f37d742268346b2f3d6804476 fcbb7092c9bb4a108c0c14aa1ba979aa - - - -] 10.0.0.89 "POST /v2.0/security-groups HTTP/1.1" status: 201 len: 1797 time: 0.1330078
2026-07-10 01:07:27.586 10 INFO neutron.wsgi [None req-0b7670ef-3fcb-4905-92be-0e74df54b527 2009d63c199e4bb49208a9c8657a3730 dfc094d2280b4cdda9a7c96c92caf8e8 - - - -] 10.0.0.89 "DELETE /v2.0/routers/2361a326-57e9-4385-a97d-960328a63373 HTTP/1.1" status: 204 len: 168 time: 0.2702339
2026-07-10 01:07:27.617 9 INFO neutron.db.ovn_revision_numbers_db [None req-e43a9b32-8a57-4770-b27b-98b63f16c191 def7f88f37d742268346b2f3d6804476 fcbb7092c9bb4a108c0c14aa1ba979aa - - - -] Successfully bumped revision number for resource 47d81f86-0734-43c4-ad25-155138c60b67 (type: security_group_rules) to 0
2026-07-10 01:07:27.651 9 INFO neutron.wsgi [None req-e43a9b32-8a57-4770-b27b-98b63f16c191 def7f88f37d742268346b2f3d6804476 fcbb7092c9bb4a108c0c14aa1ba979aa - - - -] 10.0.0.89 "POST /v2.0/security-group-rules HTTP/1.1" status: 201 len: 764 time: 0.2202785
2026-07-10 01:07:27.780 9 INFO neutron.db.ovn_revision_numbers_db [None req-ab81af16-bd8e-4003-b275-0e887e15d990 def7f88f37d742268346b2f3d6804476 fcbb7092c9bb4a108c0c14aa1ba979aa - - - -] Successfully bumped revision number for resource 3219abf2-5581-469d-b382-e54fa8d0b9dd (type: security_group_rules) to 0
2026-07-10 01:07:27.804 9 INFO neutron.wsgi [None req-ab81af16-bd8e-4003-b275-0e887e15d990 def7f88f37d742268346b2f3d6804476 fcbb7092c9bb4a108c0c14aa1ba979aa - - - -] 10.0.0.89 "POST /v2.0/security-group-rules HTTP/1.1" status: 201 len: 769 time: 0.1465061
2026-07-10 01:07:27.859 10 INFO neutron.wsgi [None req-cea29f74-1496-43f8-87ac-f61442ba193e 2009d63c199e4bb49208a9c8657a3730 dfc094d2280b4cdda9a7c96c92caf8e8 - - - -] 10.0.0.89 "DELETE /v2.0/subnets/6c882d82-6393-4cb6-9fc7-06478bccc8e1 HTTP/1.1" status: 204 len: 168 time: 0.2679067
2026-07-10 01:07:28.179 9 WARNING neutron.scheduler.dhcp_agent_scheduler [None req-c8deecc8-f7f2-48cd-8ede-bd2e8a8a77be def7f88f37d742268346b2f3d6804476 fcbb7092c9bb4a108c0c14aa1ba979aa - - - -] No more DHCP agents
2026-07-10 01:07:28.187 9 WARNING neutron.api.rpc.agentnotifiers.dhcp_rpc_agent_api [None req-c8deecc8-f7f2-48cd-8ede-bd2e8a8a77be def7f88f37d742268346b2f3d6804476 fcbb7092c9bb4a108c0c14aa1ba979aa - - - -] Unable to schedule network 79617cb9-3830-47c6-a733-442a40d747f9: no agents available; will retry on subsequent port and subnet creation events.
2026-07-10 01:07:28.569 9 INFO neutron.db.ovn_revision_numbers_db [None req-c8deecc8-f7f2-48cd-8ede-bd2e8a8a77be def7f88f37d742268346b2f3d6804476 fcbb7092c9bb4a108c0c14aa1ba979aa - - - -] Successfully bumped revision number for resource b89cded4-48d4-49e8-89ee-a03ea7f778bf (type: floatingips) to 0
2026-07-10 01:07:28.584 9 INFO neutron.wsgi [None req-c8deecc8-f7f2-48cd-8ede-bd2e8a8a77be def7f88f37d742268346b2f3d6804476 fcbb7092c9bb4a108c0c14aa1ba979aa - - - -] 10.0.0.89 "POST /v2.0/floatingips HTTP/1.1" status: 201 len: 751 time: 0.7677608
2026-07-10 01:07:28.632 10 INFO neutron.services.segments.plugin [-] Segment 7780ec1e-f06f-4969-a677-a0057e224e02 resource provider aggregate not found
2026-07-10 01:07:28.638 10 INFO neutron.services.segments.plugin [-] Segment 7780ec1e-f06f-4969-a677-a0057e224e02 resource provider aggregate not found
2026-07-10 01:07:28.653 10 INFO neutron.services.segments.plugin [-] Segment 7780ec1e-f06f-4969-a677-a0057e224e02 resource provider not found; error: Placement Client Error (4xx): {"errors": [{"status": 404, "title": "Not Found", "detail": "The resource could not be found.\n\n No resource provider with uuid 7780ec1e-f06f-4969-a677-a0057e224e02 found for delete ", "request_id": "req-a6f6ca1f-b921-46ea-8151-e15c58f93da1"}]}
2026-07-10 01:07:28.655 10 INFO neutron.services.segments.plugin [-] Segment 7780ec1e-f06f-4969-a677-a0057e224e02 resource provider not found; error: Placement Client Error (4xx): {"errors": [{"status": 404, "title": "Not Found", "detail": "The resource could not be found.\n\n No resource provider with uuid 7780ec1e-f06f-4969-a677-a0057e224e02 found for delete ", "request_id": "req-c49e5fd4-63d4-4938-916d-7605753b3d5b"}]}
2026-07-10 01:07:28.678 10 INFO neutron.wsgi [None req-7f1f17b0-1728-40e1-ac9d-08597b55fce3 2009d63c199e4bb49208a9c8657a3730 dfc094d2280b4cdda9a7c96c92caf8e8 - - - -] 10.0.0.89 "DELETE /v2.0/networks/b8976a58-e33e-41bd-b793-c8f68f21c693 HTTP/1.1" status: 204 len: 168 time: 0.8125074
2026-07-10 01:07:29.080 9 INFO neutron.wsgi [req-52099ee4-2d15-4c1f-81fa-3424f110962d req-05418809-44a2-4c1a-964a-f60874da3c37 def7f88f37d742268346b2f3d6804476 fcbb7092c9bb4a108c0c14aa1ba979aa - - default default] 10.0.0.59 "GET /v2.0/security-groups?name=tempest-securitygroup--1933673779&fields=id&tenant_id=fcbb7092c9bb4a108c0c14aa1ba979aa HTTP/1.1" status: 200 len: 267 time: 0.0432076
2026-07-10 01:07:29.174 9 INFO neutron.wsgi [req-52099ee4-2d15-4c1f-81fa-3424f110962d req-3a958419-73a8-4f8b-acd2-6da24cb5c3ce def7f88f37d742268346b2f3d6804476 fcbb7092c9bb4a108c0c14aa1ba979aa - - default default] 10.0.0.59 "GET /v2.0/networks?id=487567fe-5572-47af-be3f-7d73d4a22c23 HTTP/1.1" status: 200 len: 875 time: 0.0771813
2026-07-10 01:07:29.195 9 INFO neutron.wsgi [req-52099ee4-2d15-4c1f-81fa-3424f110962d req-39be0899-6cac-4e5e-8dbe-b2f4d04076d1 def7f88f37d742268346b2f3d6804476 fcbb7092c9bb4a108c0c14aa1ba979aa - - default default] 10.0.0.59 "GET /v2.0/quotas/fcbb7092c9bb4a108c0c14aa1ba979aa HTTP/1.1" status: 200 len: 386 time: 0.0135574
2026-07-10 01:07:29.315 9 INFO neutron.wsgi [req-52099ee4-2d15-4c1f-81fa-3424f110962d req-9ff6a2bb-6fb1-4074-9017-8dda3b8a3938 def7f88f37d742268346b2f3d6804476 fcbb7092c9bb4a108c0c14aa1ba979aa - - default default] 10.0.0.59 "GET /v2.0/ports?tenant_id=fcbb7092c9bb4a108c0c14aa1ba979aa&fields=id HTTP/1.1" status: 200 len: 302 time: 0.1131785
2026-07-10 01:07:29.363 9 WARNING neutron.scheduler.dhcp_agent_scheduler [None req-e0cbdd6b-d88c-49ba-bffd-21499ad63db9 2009d63c199e4bb49208a9c8657a3730 dfc094d2280b4cdda9a7c96c92caf8e8 - - - -] No more DHCP agents
2026-07-10 01:07:29.379 9 WARNING neutron.api.rpc.agentnotifiers.dhcp_rpc_agent_api [None req-e0cbdd6b-d88c-49ba-bffd-21499ad63db9 2009d63c199e4bb49208a9c8657a3730 dfc094d2280b4cdda9a7c96c92caf8e8 - - - -] Unable to schedule network 79617cb9-3830-47c6-a733-442a40d747f9: no agents available; will retry on subsequent port and subnet creation events.
2026-07-10 01:07:29.415 9 INFO neutron.wsgi [req-52099ee4-2d15-4c1f-81fa-3424f110962d req-75b1b444-ad7e-4acc-9263-ea62482c2391 89c3fae6dcb646aa91c28996fe156959 faffad71723d45fd97606657dda41426 - - 8de3764cfd4c4215a6bb461fcf116421 8de3764cfd4c4215a6bb461fcf116421] 10.0.0.59 "GET /v2.0/networks/487567fe-5572-47af-be3f-7d73d4a22c23?fields=segments HTTP/1.1" status: 200 len: 212 time: 0.0765340
2026-07-10 01:07:29.504 9 INFO neutron.wsgi [req-52099ee4-2d15-4c1f-81fa-3424f110962d req-b40f19ed-c04c-4e36-a16b-9930cdf53969 89c3fae6dcb646aa91c28996fe156959 faffad71723d45fd97606657dda41426 - - 8de3764cfd4c4215a6bb461fcf116421 8de3764cfd4c4215a6bb461fcf116421] 10.0.0.59 "GET /v2.0/networks/487567fe-5572-47af-be3f-7d73d4a22c23?fields=provider%3Aphysical_network&fields=provider%3Anetwork_type HTTP/1.1" status: 200 len: 277 time: 0.0763159
2026-07-10 01:07:29.576 9 INFO neutron.db.ovn_revision_numbers_db [None req-e0cbdd6b-d88c-49ba-bffd-21499ad63db9 2009d63c199e4bb49208a9c8657a3730 dfc094d2280b4cdda9a7c96c92caf8e8 - - - -] Successfully bumped revision number for resource 3a9787a4-689b-4095-86f1-4610e8584535 (type: ports) to 1
2026-07-10 01:07:29.689 10 INFO neutron.wsgi [req-8db027ed-0ce6-4288-9eae-8bc616eaf2be req-e5a6be41-4372-4ad6-974d-c61bf173828c def7f88f37d742268346b2f3d6804476 fcbb7092c9bb4a108c0c14aa1ba979aa - - default default] 10.0.0.59 "GET /v2.0/ports?device_id=1fb5f298-0921-4d1f-beb9-8fa0d6aff405 HTTP/1.1" status: 200 len: 210 time: 0.0287204
2026-07-10 01:07:30.297 9 INFO neutron.db.ovn_revision_numbers_db [None req-e0cbdd6b-d88c-49ba-bffd-21499ad63db9 2009d63c199e4bb49208a9c8657a3730 dfc094d2280b4cdda9a7c96c92caf8e8 - - - -] Successfully bumped revision number for resource 3a9787a4-689b-4095-86f1-4610e8584535 (type: router_ports) to 1
2026-07-10 01:07:30.362 9 INFO neutron.db.ovn_revision_numbers_db [None req-e0cbdd6b-d88c-49ba-bffd-21499ad63db9 2009d63c199e4bb49208a9c8657a3730 dfc094d2280b4cdda9a7c96c92caf8e8 - - - -] Successfully bumped revision number for resource 4c94aeab-5076-4459-b06a-2b75029c45b0 (type: routers) to 3
2026-07-10 01:07:30.380 9 INFO neutron.wsgi [None req-e0cbdd6b-d88c-49ba-bffd-21499ad63db9 2009d63c199e4bb49208a9c8657a3730 dfc094d2280b4cdda9a7c96c92caf8e8 - - - -] 10.0.0.89 "POST /v2.0/routers HTTP/1.1" status: 201 len: 872 time: 1.6897318
2026-07-10 01:07:30.468 9 INFO neutron.wsgi [req-52099ee4-2d15-4c1f-81fa-3424f110962d req-456508f5-0a53-43cd-88c4-e98fd690050a def7f88f37d742268346b2f3d6804476 fcbb7092c9bb4a108c0c14aa1ba979aa - - default default] 199.19.213.80 "GET /v2.0/networks?id=487567fe-5572-47af-be3f-7d73d4a22c23 HTTP/1.1" status: 200 len: 875 time: 0.0868983
2026-07-10 01:07:30.485 10 INFO neutron.wsgi [None req-bb62f9cd-8198-4165-873f-9c4eeb2be608 2009d63c199e4bb49208a9c8657a3730 dfc094d2280b4cdda9a7c96c92caf8e8 - - default default] 10.0.0.89 "GET /v2.0/routers/4c94aeab-5076-4459-b06a-2b75029c45b0 HTTP/1.1" status: 200 len: 873 time: 0.0973694
2026-07-10 01:07:30.530 9 INFO neutron.wsgi [req-52099ee4-2d15-4c1f-81fa-3424f110962d req-3b001b38-0349-4711-91c8-e9569b53b83e def7f88f37d742268346b2f3d6804476 fcbb7092c9bb4a108c0c14aa1ba979aa - - default default] 199.19.213.80 "GET /v2.0/security-groups?fields=id&fields=name&tenant_id=fcbb7092c9bb4a108c0c14aa1ba979aa HTTP/1.1" status: 200 len: 380 time: 0.0519044
2026-07-10 01:07:30.615 10 INFO neutron.wsgi [None req-290ce1f2-e3d4-44b7-9333-2a7a0d823536 2009d63c199e4bb49208a9c8657a3730 dfc094d2280b4cdda9a7c96c92caf8e8 - - default default] 10.0.0.89 "GET /v2.0/routers HTTP/1.1" status: 200 len: 876 time: 0.1237674
2026-07-10 01:07:30.708 9 INFO neutron.db.ovn_revision_numbers_db [None req-1386c257-0b9c-4565-874c-ba5c1223397a 90f3bcdbeef84b46bf9829697a094613 93184c7435dd47f9b82b437086b62d65 - - default default] Successfully bumped revision number for resource 9ef1e08f-e4b0-4d80-be42-5d78d8b50a65 (type: security_groups) to 1
2026-07-10 01:07:30.741 9 INFO neutron.wsgi [None req-1386c257-0b9c-4565-874c-ba5c1223397a 90f3bcdbeef84b46bf9829697a094613 93184c7435dd47f9b82b437086b62d65 - - default default] 10.0.0.89 "GET /v2.0/security-groups?tenant_id=6fbc9da7ddb542c380efef8374f3037c&name=default HTTP/1.1" status: 200 len: 2996 time: 0.3715117
2026-07-10 01:07:30.785 9 INFO neutron.wsgi [req-0d16c45f-5422-49aa-ab0b-69c04ea81755 req-916e420c-7d7a-4e98-bf0d-ff4afd987276 def7f88f37d742268346b2f3d6804476 fcbb7092c9bb4a108c0c14aa1ba979aa - - default default] 10.0.0.59 "GET /v2.0/ports?device_id=1fb5f298-0921-4d1f-beb9-8fa0d6aff405 HTTP/1.1" status: 200 len: 210 time: 0.0278373
2026-07-10 01:07:30.971 9 WARNING neutron.plugins.ml2.drivers.ovn.mech_driver.ovsdb.ovn_client [None req-68e7ad87-98e3-49de-afae-e972b9ce3ad8 - - - - - -] No hosting information found for port 95ace8f0-617a-41ba-8da0-dc7fcfca60cc: RuntimeError: No hosting information found for port 95ace8f0-617a-41ba-8da0-dc7fcfca60cc
2026-07-10 01:07:30.971 9 INFO neutron.plugins.ml2.drivers.ovn.mech_driver.mech_driver [None req-68e7ad87-98e3-49de-afae-e972b9ce3ad8 - - - - - -] OVN reports status up for port: 3a9787a4-689b-4095-86f1-4610e8584535
2026-07-10 01:07:30.983 9 INFO neutron.plugins.ml2.plugin [None req-68e7ad87-98e3-49de-afae-e972b9ce3ad8 - - - - - -] Attempt 1 to provision port 3a9787a4-689b-4095-86f1-4610e8584535
2026-07-10 01:07:30.986 9 WARNING neutron.scheduler.dhcp_agent_scheduler [None req-ef371068-eba7-4df6-b150-dd405b0e905c def7f88f37d742268346b2f3d6804476 fcbb7092c9bb4a108c0c14aa1ba979aa - - - -] No more DHCP agents
2026-07-10 01:07:31.005 9 INFO neutron.wsgi [-] 10.0.0.194 "GET / HTTP/1.1" status: 200 len: 247 time: 0.0013609
2026-07-10 01:07:31.006 9 INFO neutron.wsgi [-] 10.0.0.194 "GET / HTTP/1.1" status: 200 len: 247 time: 0.0009322
2026-07-10 01:07:31.007 9 WARNING neutron.api.rpc.agentnotifiers.dhcp_rpc_agent_api [None req-ef371068-eba7-4df6-b150-dd405b0e905c def7f88f37d742268346b2f3d6804476 fcbb7092c9bb4a108c0c14aa1ba979aa - - - -] Unable to schedule network 487567fe-5572-47af-be3f-7d73d4a22c23: no agents available; will retry on subsequent port and subnet creation events.
2026-07-10 01:07:31.034 10 INFO neutron.db.ovn_revision_numbers_db [None req-507962a2-1570-4e83-aa7a-367d5fc886f9 2009d63c199e4bb49208a9c8657a3730 dfc094d2280b4cdda9a7c96c92caf8e8 - - - -] Successfully bumped revision number for resource 4c94aeab-5076-4459-b06a-2b75029c45b0 (type: routers) to 4
2026-07-10 01:07:31.039 10 INFO neutron.wsgi [None req-507962a2-1570-4e83-aa7a-367d5fc886f9 2009d63c199e4bb49208a9c8657a3730 dfc094d2280b4cdda9a7c96c92caf8e8 - - - -] 10.0.0.89 "PUT /v2.0/routers/4c94aeab-5076-4459-b06a-2b75029c45b0 HTTP/1.1" status: 200 len: 880 time: 0.4201908
2026-07-10 01:07:31.128 10 INFO neutron.wsgi [None req-27d5fd35-9a3c-4104-a2c8-60d48d5db3fc 2009d63c199e4bb49208a9c8657a3730 dfc094d2280b4cdda9a7c96c92caf8e8 - - default default] 10.0.0.89 "GET /v2.0/routers/4c94aeab-5076-4459-b06a-2b75029c45b0 HTTP/1.1" status: 200 len: 880 time: 0.0835826
