2026-07-10 01:07:10.111 10 INFO neutron.services.segments.plugin [-] Segment 30e09181-0553-4273-9554-6eeede49b876 resource provider aggregate not found
2026-07-10 01:07:10.135 10 INFO neutron.services.segments.plugin [-] Segment 30e09181-0553-4273-9554-6eeede49b876 resource provider not found; error: Placement Client Error (4xx): {"errors": [{"status": 404, "title": "Not Found", "detail": "The resource could not be found.\n\n No resource provider with uuid 30e09181-0553-4273-9554-6eeede49b876 found for delete ", "request_id": "req-eea64d03-b1cd-4d5c-895a-f1a0b57f7b95"}]}
2026-07-10 01:07:10.141 10 INFO neutron.services.segments.plugin [-] Segment 30e09181-0553-4273-9554-6eeede49b876 resource provider not found; error: Placement Client Error (4xx): {"errors": [{"status": 404, "title": "Not Found", "detail": "The resource could not be found.\n\n No resource provider with uuid 30e09181-0553-4273-9554-6eeede49b876 found for delete ", "request_id": "req-38af5c61-be36-40ec-9c3e-bf7710fe6d70"}]}
2026-07-10 01:07:10.321 9 INFO neutron.wsgi [req-16a16e58-6595-4fbe-be48-c79751685262 req-b0b18742-10ac-44ed-b34e-6a0fa9c7abd3 c9d74d2f43324f73b36ebb0094cb031c 6866071881684ea7b0f92cb7fb0d6dea - - default default] 199.19.213.80 "GET /v2.0/ports?device_id=a3102a4a-3ab6-4b9a-8e51-082410f958b2 HTTP/1.1" status: 200 len: 1172 time: 0.5116212
2026-07-10 01:07:10.390 9 INFO neutron.wsgi [req-6cddd469-dadc-4972-9a9c-8e319c1636b4 req-225ed32e-91f3-40e6-b076-0414e17cffba d3be6eabd19f4d669ae014cc0411744e cc20095a086647a59358cfd1d847e4ce - - default default] 10.0.0.59 "GET /v2.0/ports?device_id=32cad971-e2e6-41fa-8dff-1d336f8d3453 HTTP/1.1" status: 200 len: 1170 time: 0.6821737
2026-07-10 01:07:10.398 9 INFO neutron.wsgi [req-fa1e8422-0be5-4eec-8fb0-1287b2c14893 req-316b0045-2905-4ea6-b568-72f4e23a4a26 89c3fae6dcb646aa91c28996fe156959 faffad71723d45fd97606657dda41426 - - 8de3764cfd4c4215a6bb461fcf116421 8de3764cfd4c4215a6bb461fcf116421] 199.19.213.80 "GET /v2.0/networks?id=d42daa83-544a-499a-8215-c5f3caec2ef6 HTTP/1.1" status: 200 len: 967 time: 0.5872147
2026-07-10 01:07:10.514 9 INFO neutron.wsgi [req-fa1e8422-0be5-4eec-8fb0-1287b2c14893 req-81ac3dce-674e-4bb4-b239-128c3d434e1b 89c3fae6dcb646aa91c28996fe156959 faffad71723d45fd97606657dda41426 - - 8de3764cfd4c4215a6bb461fcf116421 8de3764cfd4c4215a6bb461fcf116421] 199.19.213.80 "GET /v2.0/floatingips?fixed_ip_address=10.100.0.12&port_id=0dd359e0-0a9a-4941-9bf0-623004f30035 HTTP/1.1" status: 200 len: 1058 time: 0.0992632
2026-07-10 01:07:10.529 9 INFO neutron.wsgi [req-6cddd469-dadc-4972-9a9c-8e319c1636b4 req-21c2f6fb-a069-4dc1-a9d5-d6250e728ce1 d3be6eabd19f4d669ae014cc0411744e cc20095a086647a59358cfd1d847e4ce - - default default] 10.0.0.59 "GET /v2.0/security-groups?id=497aa6f0-22d3-4e2c-a064-5ba20699b727&fields=id&fields=name HTTP/1.1" status: 200 len: 312 time: 0.1174934
2026-07-10 01:07:10.588 9 INFO neutron.wsgi [req-fa1e8422-0be5-4eec-8fb0-1287b2c14893 req-a3d15d98-3580-4825-b5bc-8cf252bbac60 89c3fae6dcb646aa91c28996fe156959 faffad71723d45fd97606657dda41426 - - 8de3764cfd4c4215a6bb461fcf116421 8de3764cfd4c4215a6bb461fcf116421] 199.19.213.80 "GET /v2.0/subnets?id=1fbd7f2d-3772-48ee-8060-cfe361d9eaca HTTP/1.1" status: 200 len: 862 time: 0.0560198 /var/lib/openstack/lib/python3.10/site-packages/pycadf/identifier.py:71: UserWarning: Invalid uuid: neutron. To ensure interoperability, identifiers should be a valid uuid. warnings.warn(('Invalid uuid: %s. To ensure interoperability, '
2026-07-10 01:07:10.642 9 INFO neutron.wsgi [req-fa1e8422-0be5-4eec-8fb0-1287b2c14893 req-db1e5612-da1f-486d-be6f-319f78a96d45 89c3fae6dcb646aa91c28996fe156959 faffad71723d45fd97606657dda41426 - - 8de3764cfd4c4215a6bb461fcf116421 8de3764cfd4c4215a6bb461fcf116421] 199.19.213.80 "GET /v2.0/ports?network_id=d42daa83-544a-499a-8215-c5f3caec2ef6&device_owner=network%3Adhcp HTTP/1.1" status: 200 len: 210 time: 0.0452650
2026-07-10 01:07:10.702 9 INFO neutron.services.segments.plugin [-] Segment 9aa8e892-56d0-4ff6-a545-1d397abc3371 resource provider aggregate not found
2026-07-10 01:07:10.712 10 INFO neutron.wsgi [req-9dcfe721-32ea-4ba0-87be-b15e668985eb req-b13864d7-c7fe-464c-8d9e-d985ddc1576a d3be6eabd19f4d669ae014cc0411744e cc20095a086647a59358cfd1d847e4ce - - default default] 10.0.0.59 "GET /v2.0/ports?device_id=32cad971-e2e6-41fa-8dff-1d336f8d3453 HTTP/1.1" status: 200 len: 1170 time: 0.1150792
2026-07-10 01:07:10.731 9 INFO neutron.services.segments.plugin [-] Segment 9aa8e892-56d0-4ff6-a545-1d397abc3371 resource provider not found; error: Placement Client Error (4xx): {"errors": [{"status": 404, "title": "Not Found", "detail": "The resource could not be found.\n\n No resource provider with uuid 9aa8e892-56d0-4ff6-a545-1d397abc3371 found for delete ", "request_id": "req-ef44bc6b-5026-426f-aafb-363a17e55fdc"}]}
2026-07-10 01:07:10.786 9 INFO neutron.services.segments.plugin [-] Segment 9aa8e892-56d0-4ff6-a545-1d397abc3371 resource provider aggregate not found
2026-07-10 01:07:10.811 9 INFO neutron.wsgi [req-fa1e8422-0be5-4eec-8fb0-1287b2c14893 req-8baeeca5-78a0-4c09-8f4d-a33b4df61a94 89c3fae6dcb646aa91c28996fe156959 faffad71723d45fd97606657dda41426 - - 8de3764cfd4c4215a6bb461fcf116421 8de3764cfd4c4215a6bb461fcf116421] 199.19.213.80 "GET /v2.0/networks/d42daa83-544a-499a-8215-c5f3caec2ef6?fields=segments HTTP/1.1" status: 200 len: 212 time: 0.1551943
2026-07-10 01:07:10.823 9 INFO neutron.services.segments.plugin [-] Segment 9aa8e892-56d0-4ff6-a545-1d397abc3371 resource provider not found; error: Placement Client Error (4xx): {"errors": [{"status": 404, "title": "Not Found", "detail": "The resource could not be found.\n\n No resource provider with uuid 9aa8e892-56d0-4ff6-a545-1d397abc3371 found for delete ", "request_id": "req-a6b79006-05a5-43bd-bb45-2096f0fe7f41"}]}
2026-07-10 01:07:10.857 10 INFO neutron.wsgi [None req-6ac75544-c6da-4de6-bf24-bc5277b481a4 90f3bcdbeef84b46bf9829697a094613 93184c7435dd47f9b82b437086b62d65 - - default default] 10.0.0.89 "GET /v2.0/security-groups?tenant_id=4b6d2a90439245a89e57876ee1392bd6&name=default HTTP/1.1" status: 200 len: 2996 time: 0.1839879
2026-07-10 01:07:10.858 9 INFO neutron.wsgi [req-d55e0182-8d75-4e2e-afc3-d80a7644f0ec req-72836dfe-5816-4b26-b24c-4d5efdc58bbe c9d74d2f43324f73b36ebb0094cb031c 6866071881684ea7b0f92cb7fb0d6dea - - default default] 10.0.0.59 "GET /v2.0/ports?device_id=a3102a4a-3ab6-4b9a-8e51-082410f958b2 HTTP/1.1" status: 200 len: 1172 time: 0.0925491
2026-07-10 01:07:10.910 9 INFO neutron.notifiers.nova [-] Nova event matching ['req-e95f2005-f7c4-4fcb-af4f-4835e6798dae'] response: {'server_uuid': '32cad971-e2e6-41fa-8dff-1d336f8d3453', 'name': 'network-vif-plugged', 'status': 'completed', 'tag': '875a5597-d36f-4293-bd0d-1cab910fcf73', 'code': 200}
2026-07-10 01:07:11.054 9 INFO neutron.wsgi [req-d55e0182-8d75-4e2e-afc3-d80a7644f0ec req-3ee7f92c-1827-4b01-9d35-022a12ab93a9 c9d74d2f43324f73b36ebb0094cb031c 6866071881684ea7b0f92cb7fb0d6dea - - default default] 10.0.0.59 "GET /v2.0/security-groups?id=ce172b70-d278-4218-8f07-1c98ca5b990b&fields=id&fields=name HTTP/1.1" status: 200 len: 313 time: 0.1854026
2026-07-10 01:07:11.065 9 INFO neutron.wsgi [req-fa1e8422-0be5-4eec-8fb0-1287b2c14893 req-147d84e4-894e-4314-94f6-710c59a9d535 89c3fae6dcb646aa91c28996fe156959 faffad71723d45fd97606657dda41426 - - 8de3764cfd4c4215a6bb461fcf116421 8de3764cfd4c4215a6bb461fcf116421] 199.19.213.80 "GET /v2.0/networks/d42daa83-544a-499a-8215-c5f3caec2ef6?fields=provider%3Aphysical_network&fields=provider%3Anetwork_type HTTP/1.1" status: 200 len: 277 time: 0.2421465
2026-07-10 01:07:11.165 9 INFO neutron.db.l3_db [None req-c62ad9a1-7d6d-4dc0-8234-3d11d2e0c444 c9d74d2f43324f73b36ebb0094cb031c 6866071881684ea7b0f92cb7fb0d6dea - - - -] Floating IP 7efc772f-4f11-4a0a-a850-b8fd6c545dab disassociated. External IP: 10.96.250.220, port: 0dd359e0-0a9a-4941-9bf0-623004f30035.
2026-07-10 01:07:11.281 10 INFO neutron.db.l3_db [None req-d7cc7f5f-f806-4c30-90b9-019137098aea d3be6eabd19f4d669ae014cc0411744e cc20095a086647a59358cfd1d847e4ce - - - -] Floating IP 81d4bff7-7bbd-4641-9593-ffa9494bebb8 associated. External IP: 10.96.250.205, port: 875a5597-d36f-4293-bd0d-1cab910fcf73.
2026-07-10 01:07:11.476 10 INFO neutron.db.ovn_revision_numbers_db [None req-d7cc7f5f-f806-4c30-90b9-019137098aea d3be6eabd19f4d669ae014cc0411744e cc20095a086647a59358cfd1d847e4ce - - - -] Successfully bumped revision number for resource 81d4bff7-7bbd-4641-9593-ffa9494bebb8 (type: floatingips) to 1
2026-07-10 01:07:11.541 9 INFO neutron.wsgi [None req-c62ad9a1-7d6d-4dc0-8234-3d11d2e0c444 c9d74d2f43324f73b36ebb0094cb031c 6866071881684ea7b0f92cb7fb0d6dea - - - -] 199.19.213.80 "DELETE /v2.0/ports/0dd359e0-0a9a-4941-9bf0-623004f30035 HTTP/1.1" status: 204 len: 173 time: 1.1989026
2026-07-10 01:07:11.566 9 INFO neutron.wsgi [None req-1b68ab15-9a0d-454c-b114-2647f3fca548 90f3bcdbeef84b46bf9829697a094613 93184c7435dd47f9b82b437086b62d65 - - - -] 10.0.0.89 "DELETE /v2.0/security-groups/7bbc8a81-79d6-47a1-a8c4-09107c10b155 HTTP/1.1" status: 204 len: 168 time: 0.6988764
2026-07-10 01:07:11.567 10 INFO neutron.db.ovn_revision_numbers_db [None req-d7cc7f5f-f806-4c30-90b9-019137098aea d3be6eabd19f4d669ae014cc0411744e cc20095a086647a59358cfd1d847e4ce - - - -] Successfully bumped revision number for resource 81d4bff7-7bbd-4641-9593-ffa9494bebb8 (type: floatingips) to 2
2026-07-10 01:07:11.597 10 INFO neutron.wsgi [None req-d7cc7f5f-f806-4c30-90b9-019137098aea d3be6eabd19f4d669ae014cc0411744e cc20095a086647a59358cfd1d847e4ce - - - -] 10.0.0.89 "PUT /v2.0/floatingips/81d4bff7-7bbd-4641-9593-ffa9494bebb8 HTTP/1.1" status: 200 len: 1049 time: 0.8689728
2026-07-10 01:07:11.661 9 INFO neutron.wsgi [None req-04cfe68a-6fce-48e7-ba30-6e0b56c3fba3 2009d63c199e4bb49208a9c8657a3730 dfc094d2280b4cdda9a7c96c92caf8e8 - - - -] 10.0.0.89 "PUT /v2.0/routers/b3b2d8df-c148-444f-a3ee-626e901289d0/remove_router_interface HTTP/1.1" status: 200 len: 503 time: 2.0569179 /var/lib/openstack/lib/python3.10/site-packages/pycadf/identifier.py:71: UserWarning: Invalid uuid: neutron. To ensure interoperability, identifiers should be a valid uuid. warnings.warn(('Invalid uuid: %s. To ensure interoperability, '
2026-07-10 01:07:11.714 10 INFO neutron.notifiers.nova [-] Nova event matching ['req-4a8b02e7-c584-45cb-865f-bb406b354dab'] response: {'server_uuid': 'a3102a4a-3ab6-4b9a-8e51-082410f958b2', 'name': 'network-vif-unplugged', 'status': 'completed', 'tag': '0dd359e0-0a9a-4941-9bf0-623004f30035', 'code': 200}
2026-07-10 01:07:11.714 10 INFO neutron.notifiers.nova [-] Nova event matching ['req-4a8b02e7-c584-45cb-865f-bb406b354dab'] response: {'server_uuid': 'a3102a4a-3ab6-4b9a-8e51-082410f958b2', 'name': 'network-vif-plugged', 'status': 'completed', 'tag': '0dd359e0-0a9a-4941-9bf0-623004f30035', 'code': 200}
2026-07-10 01:07:11.715 10 INFO neutron.notifiers.nova [-] Nova event matching ['req-4a8b02e7-c584-45cb-865f-bb406b354dab'] response: {'name': 'network-changed', 'server_uuid': '32cad971-e2e6-41fa-8dff-1d336f8d3453', 'tag': '875a5597-d36f-4293-bd0d-1cab910fcf73', 'status': 'completed', 'code': 200}
2026-07-10 01:07:11.778 9 INFO neutron.wsgi [None req-2f421b50-7e53-44ea-b0a3-0147a7207b7f 2009d63c199e4bb49208a9c8657a3730 dfc094d2280b4cdda9a7c96c92caf8e8 - - default default] 10.0.0.89 "GET /v2.0/ports/9a6180b8-787e-4805-b1fe-2b7e2bce0a07 HTTP/1.1" status: 200 len: 1141 time: 0.1112103
2026-07-10 01:07:11.783 9 INFO neutron.wsgi [req-c000e184-0f7c-4a1a-8ca8-9be932d88bb9 req-ef46c79a-53cd-4466-8808-27a5e58424aa 89c3fae6dcb646aa91c28996fe156959 faffad71723d45fd97606657dda41426 - - 8de3764cfd4c4215a6bb461fcf116421 8de3764cfd4c4215a6bb461fcf116421] 199.19.213.80 "GET /v2.0/ports?tenant_id=cc20095a086647a59358cfd1d847e4ce&device_id=32cad971-e2e6-41fa-8dff-1d336f8d3453 HTTP/1.1" status: 200 len: 1361 time: 0.0446134 /var/lib/openstack/lib/python3.10/site-packages/pycadf/identifier.py:71: UserWarning: Invalid uuid: neutron. To ensure interoperability, identifiers should be a valid uuid. warnings.warn(('Invalid uuid: %s. To ensure interoperability, '
2026-07-10 01:07:11.852 9 INFO neutron.wsgi [req-c000e184-0f7c-4a1a-8ca8-9be932d88bb9 req-9e3eb3e8-9f79-4789-9fcd-cd9f7cf87d9f 89c3fae6dcb646aa91c28996fe156959 faffad71723d45fd97606657dda41426 - - 8de3764cfd4c4215a6bb461fcf116421 8de3764cfd4c4215a6bb461fcf116421] 199.19.213.80 "GET /v2.0/networks?id=b0f317ad-e94c-4f1c-af51-9095a5184d98 HTTP/1.1" status: 200 len: 974 time: 0.0627701
2026-07-10 01:07:11.904 9 INFO neutron.wsgi [req-c000e184-0f7c-4a1a-8ca8-9be932d88bb9 req-1315b82f-0afe-4bbb-a4c9-50591c251a03 89c3fae6dcb646aa91c28996fe156959 faffad71723d45fd97606657dda41426 - - 8de3764cfd4c4215a6bb461fcf116421 8de3764cfd4c4215a6bb461fcf116421] 199.19.213.80 "GET /v2.0/floatingips?fixed_ip_address=10.100.0.7&port_id=875a5597-d36f-4293-bd0d-1cab910fcf73 HTTP/1.1" status: 200 len: 1059 time: 0.0469472
2026-07-10 01:07:11.949 9 INFO neutron.wsgi [req-c000e184-0f7c-4a1a-8ca8-9be932d88bb9 req-84c60a52-6361-485f-b3ca-23528b7f984d 89c3fae6dcb646aa91c28996fe156959 faffad71723d45fd97606657dda41426 - - 8de3764cfd4c4215a6bb461fcf116421 8de3764cfd4c4215a6bb461fcf116421] 199.19.213.80 "GET /v2.0/subnets?id=ecebc741-61f0-4170-b2df-c556bfb3de0a HTTP/1.1" status: 200 len: 869 time: 0.0373616
2026-07-10 01:07:11.985 9 INFO neutron.wsgi [req-c000e184-0f7c-4a1a-8ca8-9be932d88bb9 req-4e00424d-b934-4c7d-9782-b3b654027eed 89c3fae6dcb646aa91c28996fe156959 faffad71723d45fd97606657dda41426 - - 8de3764cfd4c4215a6bb461fcf116421 8de3764cfd4c4215a6bb461fcf116421] 199.19.213.80 "GET /v2.0/ports?network_id=b0f317ad-e94c-4f1c-af51-9095a5184d98&device_owner=network%3Adhcp HTTP/1.1" status: 200 len: 210 time: 0.0262365
2026-07-10 01:07:12.057 9 INFO neutron.wsgi [req-c000e184-0f7c-4a1a-8ca8-9be932d88bb9 req-aea29551-2394-4003-beae-0e93284f44f3 89c3fae6dcb646aa91c28996fe156959 faffad71723d45fd97606657dda41426 - - 8de3764cfd4c4215a6bb461fcf116421 8de3764cfd4c4215a6bb461fcf116421] 199.19.213.80 "GET /v2.0/networks/b0f317ad-e94c-4f1c-af51-9095a5184d98?fields=segments HTTP/1.1" status: 200 len: 212 time: 0.0636480
2026-07-10 01:07:12.137 9 INFO neutron.wsgi [req-c000e184-0f7c-4a1a-8ca8-9be932d88bb9 req-892ef5a9-c683-4f16-bbb2-ef4929f5031e 89c3fae6dcb646aa91c28996fe156959 faffad71723d45fd97606657dda41426 - - 8de3764cfd4c4215a6bb461fcf116421 8de3764cfd4c4215a6bb461fcf116421] 199.19.213.80 "GET /v2.0/networks/b0f317ad-e94c-4f1c-af51-9095a5184d98?fields=provider%3Aphysical_network&fields=provider%3Anetwork_type HTTP/1.1" status: 200 len: 277 time: 0.0737936
2026-07-10 01:07:12.341 9 INFO neutron.wsgi [None req-4c2d9fe4-283b-45ff-97f2-6405199b1b56 c9d74d2f43324f73b36ebb0094cb031c 6866071881684ea7b0f92cb7fb0d6dea - - - -] 10.0.0.89 "DELETE /v2.0/security-groups/ce172b70-d278-4218-8f07-1c98ca5b990b HTTP/1.1" status: 204 len: 168 time: 0.1908691
2026-07-10 01:07:12.363 9 INFO neutron.api.v2.resource [None req-14240cdb-9ad7-41cf-ad9e-9beeb9f072ac c9d74d2f43324f73b36ebb0094cb031c 6866071881684ea7b0f92cb7fb0d6dea - - default default] show failed (client error): The resource could not be found.
2026-07-10 01:07:12.364 9 INFO neutron.wsgi [None req-14240cdb-9ad7-41cf-ad9e-9beeb9f072ac c9d74d2f43324f73b36ebb0094cb031c 6866071881684ea7b0f92cb7fb0d6dea - - default default] 10.0.0.89 "GET /v2.0/security-groups/ce172b70-d278-4218-8f07-1c98ca5b990b HTTP/1.1" status: 404 len: 347 time: 0.0132971
2026-07-10 01:07:12.520 10 INFO neutron.wsgi [None req-e9807a44-689c-4a57-8ccf-403980c6a9ce 2009d63c199e4bb49208a9c8657a3730 dfc094d2280b4cdda9a7c96c92caf8e8 - - - -] 10.0.0.89 "PUT /v2.0/routers/b3b2d8df-c148-444f-a3ee-626e901289d0/remove_router_interface HTTP/1.1" status: 200 len: 503 time: 0.7356303
2026-07-10 01:07:12.553 9 INFO neutron.wsgi [None req-f72f8aac-a958-408d-a304-64a90356f465 2009d63c199e4bb49208a9c8657a3730 dfc094d2280b4cdda9a7c96c92caf8e8 - - default default] 10.0.0.89 "GET /v2.0/ports?device_id=b3b2d8df-c148-444f-a3ee-626e901289d0 HTTP/1.1" status: 200 len: 205 time: 0.0243590
2026-07-10 01:07:12.802 10 INFO neutron.wsgi [None req-c900d27c-0dc2-4128-8b93-6c3114b72b2c c9d74d2f43324f73b36ebb0094cb031c 6866071881684ea7b0f92cb7fb0d6dea - - - -] 10.0.0.89 "DELETE /v2.0/floatingips/7efc772f-4f11-4a0a-a850-b8fd6c545dab HTTP/1.1" status: 204 len: 168 time: 0.4255590 /var/lib/openstack/lib/python3.10/site-packages/pycadf/identifier.py:71: UserWarning: Invalid uuid: neutron. To ensure interoperability, identifiers should be a valid uuid. warnings.warn(('Invalid uuid: %s. To ensure interoperability, '
2026-07-10 01:07:12.954 9 INFO neutron.notifiers.nova [-] Nova event matching ['req-3311ccad-0b36-42ef-b565-6d7422626271'] response: {'server_uuid': 'a3102a4a-3ab6-4b9a-8e51-082410f958b2', 'name': 'network-vif-deleted', 'tag': '0dd359e0-0a9a-4941-9bf0-623004f30035', 'status': 'completed', 'code': 200}
2026-07-10 01:07:13.093 9 INFO neutron.wsgi [None req-046594ac-bac9-4e3a-93f5-ce0fd0080e42 2009d63c199e4bb49208a9c8657a3730 dfc094d2280b4cdda9a7c96c92caf8e8 - - - -] 10.0.0.89 "DELETE /v2.0/routers/b3b2d8df-c148-444f-a3ee-626e901289d0 HTTP/1.1" status: 204 len: 168 time: 0.5334070
2026-07-10 01:07:13.346 9 INFO neutron.wsgi [None req-e23de2ab-1099-4ccf-ac3b-b3dd21b1ccd2 2009d63c199e4bb49208a9c8657a3730 dfc094d2280b4cdda9a7c96c92caf8e8 - - - -] 10.0.0.89 "DELETE /v2.0/subnets/e239853e-c3f9-40d4-942a-d98d32803f69 HTTP/1.1" status: 204 len: 168 time: 0.2446618
2026-07-10 01:07:13.552 9 INFO neutron.wsgi [None req-c249b5db-c205-4809-b4a1-446c148284cf 2009d63c199e4bb49208a9c8657a3730 dfc094d2280b4cdda9a7c96c92caf8e8 - - - -] 10.0.0.89 "DELETE /v2.0/subnets/3264b01c-e8ab-4f1c-bc64-e64e96d24c7c HTTP/1.1" status: 204 len: 168 time: 0.1979215
2026-07-10 01:07:13.908 9 INFO neutron.db.ovn_revision_numbers_db [None req-05e319f3-2010-49c5-9da6-9b7609d7efdd 3c66074b958c4b8f91aa71965bcdf158 c396faf2043a4d97904db0ffceb67445 - - - -] Successfully bumped revision number for resource 917eca79-d1b9-4f6a-ab7a-aa1afec27cbf (type: security_groups) to 1
2026-07-10 01:07:13.968 9 INFO neutron.db.segments_db [None req-05e319f3-2010-49c5-9da6-9b7609d7efdd 3c66074b958c4b8f91aa71965bcdf158 c396faf2043a4d97904db0ffceb67445 - - - -] Added segment 4d6dbafe-c198-485c-80ae-248fbdff75ee of type geneve for network c93f5c86-b9cf-4a34-ae3e-6b18a29714f7
2026-07-10 01:07:14.024 10 INFO neutron.services.segments.plugin [-] Segment a4955692-8b99-4fa1-9ada-9807999a7fc4 resource provider aggregate not found
2026-07-10 01:07:14.029 10 INFO neutron.services.segments.plugin [-] Segment a4955692-8b99-4fa1-9ada-9807999a7fc4 resource provider aggregate not found
2026-07-10 01:07:14.064 10 INFO neutron.services.segments.plugin [-] Segment a4955692-8b99-4fa1-9ada-9807999a7fc4 resource provider not found; error: Placement Client Error (4xx): {"errors": [{"status": 404, "title": "Not Found", "detail": "The resource could not be found.\n\n No resource provider with uuid a4955692-8b99-4fa1-9ada-9807999a7fc4 found for delete ", "request_id": "req-893ccab8-e6cb-4314-b66b-f769b6a4c93a"}]}
2026-07-10 01:07:14.068 10 INFO neutron.services.segments.plugin [-] Segment a4955692-8b99-4fa1-9ada-9807999a7fc4 resource provider not found; error: Placement Client Error (4xx): {"errors": [{"status": 404, "title": "Not Found", "detail": "The resource could not be found.\n\n No resource provider with uuid a4955692-8b99-4fa1-9ada-9807999a7fc4 found for delete ", "request_id": "req-bf901f40-e86e-44d0-81fa-31e4262da61b"}]}
2026-07-10 01:07:14.081 10 INFO neutron.wsgi [None req-5d8b9378-331f-4eeb-b5f8-1f998eeb151f 90f3bcdbeef84b46bf9829697a094613 93184c7435dd47f9b82b437086b62d65 - - - -] 10.0.0.89 "PUT /v2.0/routers/fe949c66-bfc4-4d1d-8124-51cd3e68e313/remove_router_interface HTTP/1.1" status: 200 len: 503 time: 1.2720172 /var/lib/openstack/lib/python3.10/site-packages/pycadf/identifier.py:71: UserWarning: Invalid uuid: neutron. To ensure interoperability, identifiers should be a valid uuid. warnings.warn(('Invalid uuid: %s. To ensure interoperability, '
2026-07-10 01:07:14.118 9 INFO neutron.db.ovn_revision_numbers_db [None req-05e319f3-2010-49c5-9da6-9b7609d7efdd 3c66074b958c4b8f91aa71965bcdf158 c396faf2043a4d97904db0ffceb67445 - - - -] Successfully bumped revision number for resource c93f5c86-b9cf-4a34-ae3e-6b18a29714f7 (type: networks) to 1
2026-07-10 01:07:14.119 10 INFO neutron.wsgi [None req-08400013-0c92-4245-8921-2fb5e36a006e 2009d63c199e4bb49208a9c8657a3730 dfc094d2280b4cdda9a7c96c92caf8e8 - - - -] 10.0.0.89 "DELETE /v2.0/networks/a71a6beb-ed16-4dec-ae28-ca315b188643 HTTP/1.1" status: 204 len: 168 time: 0.5598984
2026-07-10 01:07:14.379 9 WARNING neutron.scheduler.dhcp_agent_scheduler [None req-05e319f3-2010-49c5-9da6-9b7609d7efdd 3c66074b958c4b8f91aa71965bcdf158 c396faf2043a4d97904db0ffceb67445 - - - -] No more DHCP agents
2026-07-10 01:07:14.381 9 WARNING neutron.api.rpc.agentnotifiers.dhcp_rpc_agent_api [None req-05e319f3-2010-49c5-9da6-9b7609d7efdd 3c66074b958c4b8f91aa71965bcdf158 c396faf2043a4d97904db0ffceb67445 - - - -] Unable to schedule network c93f5c86-b9cf-4a34-ae3e-6b18a29714f7: no agents available; will retry on subsequent port and subnet creation events.
2026-07-10 01:07:14.446 9 INFO neutron.db.ovn_revision_numbers_db [None req-05e319f3-2010-49c5-9da6-9b7609d7efdd 3c66074b958c4b8f91aa71965bcdf158 c396faf2043a4d97904db0ffceb67445 - - - -] Successfully bumped revision number for resource f4a9bd0f-6c39-49a3-b3f0-937000a9ddfc (type: ports) to 1
2026-07-10 01:07:14.472 9 INFO neutron.wsgi [None req-05e319f3-2010-49c5-9da6-9b7609d7efdd 3c66074b958c4b8f91aa71965bcdf158 c396faf2043a4d97904db0ffceb67445 - - - -] 10.0.0.89 "POST /v2.0/networks HTTP/1.1" status: 201 len: 843 time: 0.8975475
2026-07-10 01:07:14.820 9 WARNING neutron.scheduler.dhcp_agent_scheduler [None req-01a4f3a9-e46a-4a4a-bbd6-8142c20c1c37 3c66074b958c4b8f91aa71965bcdf158 c396faf2043a4d97904db0ffceb67445 - - - -] No more DHCP agents
2026-07-10 01:07:14.826 9 WARNING neutron.api.rpc.agentnotifiers.dhcp_rpc_agent_api [None req-01a4f3a9-e46a-4a4a-bbd6-8142c20c1c37 3c66074b958c4b8f91aa71965bcdf158 c396faf2043a4d97904db0ffceb67445 - - - -] Unable to schedule network c93f5c86-b9cf-4a34-ae3e-6b18a29714f7: no agents available; will retry on subsequent port and subnet creation events.
2026-07-10 01:07:15.069 10 INFO neutron.wsgi [None req-2b2d86f8-7921-4c1f-b17c-148f53c5d8c9 2009d63c199e4bb49208a9c8657a3730 dfc094d2280b4cdda9a7c96c92caf8e8 - - - -] 10.0.0.89 "DELETE /v2.0/networks/f5eefcf4-e910-47a2-8525-a144ee7ce226 HTTP/1.1" status: 204 len: 168 time: 0.9424162
2026-07-10 01:07:15.190 9 INFO neutron.db.segments_db [None req-790f7372-b436-4cfd-8ade-74d3dcf41a00 2009d63c199e4bb49208a9c8657a3730 dfc094d2280b4cdda9a7c96c92caf8e8 - - - -] Added segment 9b79c6fc-87f2-4873-8cf2-e264589f754e of type geneve for network 3d4ba044-41d2-450e-af9d-26a9169040f7
2026-07-10 01:07:15.314 10 INFO neutron.wsgi [None req-a36da166-4346-478c-8391-f1bbcdba0c6a 90f3bcdbeef84b46bf9829697a094613 93184c7435dd47f9b82b437086b62d65 - - - -] 10.0.0.89 "DELETE /v2.0/routers/fe949c66-bfc4-4d1d-8124-51cd3e68e313 HTTP/1.1" status: 204 len: 168 time: 1.2268391
2026-07-10 01:07:15.390 9 INFO neutron.db.ovn_revision_numbers_db [None req-790f7372-b436-4cfd-8ade-74d3dcf41a00 2009d63c199e4bb49208a9c8657a3730 dfc094d2280b4cdda9a7c96c92caf8e8 - - - -] Successfully bumped revision number for resource 3d4ba044-41d2-450e-af9d-26a9169040f7 (type: networks) to 1
2026-07-10 01:07:15.467 9 WARNING neutron.plugins.ml2.drivers.ovn.mech_driver.ovsdb.ovn_client [None req-68e7ad87-98e3-49de-afae-e972b9ce3ad8 - - - - - -] No port found with ID 28f27aa5-951a-4e16-bc29-01c8c0870c65: RuntimeError: No port found with ID 28f27aa5-951a-4e16-bc29-01c8c0870c65
2026-07-10 01:07:15.521 10 INFO neutron.wsgi [None req-967acb10-90e3-4c7c-842b-4c58c92f8364 90f3bcdbeef84b46bf9829697a094613 93184c7435dd47f9b82b437086b62d65 - - - -] 10.0.0.89 "DELETE /v2.0/subnets/1fbd7f2d-3772-48ee-8060-cfe361d9eaca HTTP/1.1" status: 204 len: 168 time: 0.2001503
2026-07-10 01:07:15.574 9 INFO neutron.db.ovn_revision_numbers_db [None req-01a4f3a9-e46a-4a4a-bbd6-8142c20c1c37 3c66074b958c4b8f91aa71965bcdf158 c396faf2043a4d97904db0ffceb67445 - - - -] Successfully bumped revision number for resource f4a9bd0f-6c39-49a3-b3f0-937000a9ddfc (type: ports) to 2
2026-07-10 01:07:15.614 9 INFO neutron.db.ovn_revision_numbers_db [None req-01a4f3a9-e46a-4a4a-bbd6-8142c20c1c37 3c66074b958c4b8f91aa71965bcdf158 c396faf2043a4d97904db0ffceb67445 - - - -] Successfully bumped revision number for resource cc2a48f8-df50-41a4-bbd9-4d3edfee7037 (type: subnets) to 0
2026-07-10 01:07:15.648 9 INFO neutron.wsgi [None req-01a4f3a9-e46a-4a4a-bbd6-8142c20c1c37 3c66074b958c4b8f91aa71965bcdf158 c396faf2043a4d97904db0ffceb67445 - - - -] 10.0.0.89 "POST /v2.0/subnets HTTP/1.1" status: 201 len: 816 time: 1.1376495
2026-07-10 01:07:15.691 9 WARNING neutron.scheduler.dhcp_agent_scheduler [None req-790f7372-b436-4cfd-8ade-74d3dcf41a00 2009d63c199e4bb49208a9c8657a3730 dfc094d2280b4cdda9a7c96c92caf8e8 - - - -] No more DHCP agents
2026-07-10 01:07:15.693 9 WARNING neutron.api.rpc.agentnotifiers.dhcp_rpc_agent_api [None req-790f7372-b436-4cfd-8ade-74d3dcf41a00 2009d63c199e4bb49208a9c8657a3730 dfc094d2280b4cdda9a7c96c92caf8e8 - - - -] Unable to schedule network 3d4ba044-41d2-450e-af9d-26a9169040f7: no agents available; will retry on subsequent port and subnet creation events.
2026-07-10 01:07:15.735 10 INFO neutron.wsgi [None req-57ab3f1b-0eb1-46ae-baec-08971eb16509 90f3bcdbeef84b46bf9829697a094613 93184c7435dd47f9b82b437086b62d65 - - default default] 10.0.0.105 "GET /v2.0/agents HTTP/1.1" status: 200 len: 997 time: 0.0722952
2026-07-10 01:07:15.748 10 INFO neutron.wsgi [None req-e370a306-8667-49bc-aad9-87d5853a9cad 90f3bcdbeef84b46bf9829697a094613 93184c7435dd47f9b82b437086b62d65 - - default default] 10.0.0.105 "GET /v2.0/network-ip-availabilities HTTP/1.1" status: 200 len: 2736 time: 0.0094891
2026-07-10 01:07:15.795 9 INFO neutron.db.ovn_revision_numbers_db [None req-790f7372-b436-4cfd-8ade-74d3dcf41a00 2009d63c199e4bb49208a9c8657a3730 dfc094d2280b4cdda9a7c96c92caf8e8 - - - -] Successfully bumped revision number for resource 4b4d9a95-ddd5-439d-bbd6-2ed0355a4678 (type: ports) to 1
2026-07-10 01:07:15.798 10 INFO neutron.db.segments_db [None req-a47e2269-b9e8-4960-9ffb-58fe59a63959 3c66074b958c4b8f91aa71965bcdf158 c396faf2043a4d97904db0ffceb67445 - - - -] Added segment f4c4d2a5-587e-4baa-b6c2-85c4c65e32d7 of type geneve for network f38375a0-d09e-434a-9e4a-36e3579db537
2026-07-10 01:07:15.830 10 INFO neutron.wsgi [None req-3ec36e6e-1bf8-4faf-8be9-1fb3c2459d0e 90f3bcdbeef84b46bf9829697a094613 93184c7435dd47f9b82b437086b62d65 - - default default] 10.0.0.105 "GET /v2.0/floatingips HTTP/1.1" status: 200 len: 1035 time: 0.0810459
2026-07-10 01:07:15.834 9 INFO neutron.wsgi [None req-790f7372-b436-4cfd-8ade-74d3dcf41a00 2009d63c199e4bb49208a9c8657a3730 dfc094d2280b4cdda9a7c96c92caf8e8 - - - -] 10.0.0.89 "POST /v2.0/networks HTTP/1.1" status: 201 len: 833 time: 0.7548387 /var/lib/openstack/lib/python3.10/site-packages/pycadf/identifier.py:71: UserWarning: Invalid uuid: neutron. To ensure interoperability, identifiers should be a valid uuid. warnings.warn(('Invalid uuid: %s. To ensure interoperability, '
2026-07-10 01:07:15.882 10 INFO neutron.wsgi [None req-66511b6c-c1ba-477d-93df-cf47510649ec 90f3bcdbeef84b46bf9829697a094613 93184c7435dd47f9b82b437086b62d65 - - default default] 10.0.0.105 "GET /v2.0/ports HTTP/1.1" status: 200 len: 12444 time: 0.0503252
2026-07-10 01:07:15.950 10 INFO neutron.wsgi [None req-6ef5d8f7-bd23-41ef-b8f6-889fabb0f1cc 90f3bcdbeef84b46bf9829697a094613 93184c7435dd47f9b82b437086b62d65 - - default default] 10.0.0.105 "GET /v2.0/subnets HTTP/1.1" status: 200 len: 2719 time: 0.0575922
2026-07-10 01:07:15.986 10 INFO neutron.wsgi [None req-50a09143-3089-479a-bda4-eb1105bf6926 90f3bcdbeef84b46bf9829697a094613 93184c7435dd47f9b82b437086b62d65 - - default default] 10.0.0.105 "GET /v2.0/subnetpools HTTP/1.1" status: 200 len: 193 time: 0.0322914
2026-07-10 01:07:15.999 9 INFO neutron.wsgi [-] 10.0.0.194 "GET / HTTP/1.1" status: 200 len: 247 time: 0.0032337
2026-07-10 01:07:16.001 9 INFO neutron.wsgi [-] 10.0.0.194 "GET / HTTP/1.1" status: 200 len: 247 time: 0.0012374
2026-07-10 01:07:16.050 10 INFO neutron.db.ovn_revision_numbers_db [None req-a47e2269-b9e8-4960-9ffb-58fe59a63959 3c66074b958c4b8f91aa71965bcdf158 c396faf2043a4d97904db0ffceb67445 - - - -] Successfully bumped revision number for resource f38375a0-d09e-434a-9e4a-36e3579db537 (type: networks) to 1
2026-07-10 01:07:16.097 10 INFO neutron.services.segments.plugin [-] Segment 24e1ff5b-f961-49af-9143-9c8bcbe037f1 resource provider aggregate not found
2026-07-10 01:07:16.102 10 INFO neutron.services.segments.plugin [-] Segment 24e1ff5b-f961-49af-9143-9c8bcbe037f1 resource provider aggregate not found
2026-07-10 01:07:16.120 10 INFO neutron.services.segments.plugin [-] Segment 24e1ff5b-f961-49af-9143-9c8bcbe037f1 resource provider not found; error: Placement Client Error (4xx): {"errors": [{"status": 404, "title": "Not Found", "detail": "The resource could not be found.\n\n No resource provider with uuid 24e1ff5b-f961-49af-9143-9c8bcbe037f1 found for delete ", "request_id": "req-3495b62f-d90c-426d-97b3-e5f14226e580"}]}
2026-07-10 01:07:16.126 10 INFO neutron.services.segments.plugin [-] Segment 24e1ff5b-f961-49af-9143-9c8bcbe037f1 resource provider not found; error: Placement Client Error (4xx): {"errors": [{"status": 404, "title": "Not Found", "detail": "The resource could not be found.\n\n No resource provider with uuid 24e1ff5b-f961-49af-9143-9c8bcbe037f1 found for delete ", "request_id": "req-2fb288d6-5e15-404c-bdb0-79275904fc18"}]}
2026-07-10 01:07:16.151 10 INFO neutron.services.segments.plugin [-] Segment 27483545-c64c-48f4-a554-bf2c41618e9d resource provider aggregate not found
2026-07-10 01:07:16.163 10 INFO neutron.wsgi [None req-b5a0f7d4-9713-42be-a834-5866a87b5980 90f3bcdbeef84b46bf9829697a094613 93184c7435dd47f9b82b437086b62d65 - - - -] 10.0.0.89 "DELETE /v2.0/networks/d42daa83-544a-499a-8215-c5f3caec2ef6 HTTP/1.1" status: 204 len: 168 time: 0.6339903
2026-07-10 01:07:16.165 10 INFO neutron.services.segments.plugin [-] Segment 27483545-c64c-48f4-a554-bf2c41618e9d resource provider aggregate not found
2026-07-10 01:07:16.180 10 INFO neutron.wsgi [None req-e9056b9b-4468-4f15-92a4-727df84522dd 90f3bcdbeef84b46bf9829697a094613 93184c7435dd47f9b82b437086b62d65 - - default default] 10.0.0.105 "GET /v2.0/routers HTTP/1.1" status: 200 len: 862 time: 0.1893961
2026-07-10 01:07:16.183 10 INFO neutron.services.segments.plugin [-] Segment 27483545-c64c-48f4-a554-bf2c41618e9d resource provider not found; error: Placement Client Error (4xx): {"errors": [{"status": 404, "title": "Not Found", "detail": "The resource could not be found.\n\n No resource provider with uuid 27483545-c64c-48f4-a554-bf2c41618e9d found for delete ", "request_id": "req-2016ba29-a9f1-4a77-9d91-ba26bbec1991"}]}
2026-07-10 01:07:16.193 10 INFO neutron.services.segments.plugin [-] Segment 27483545-c64c-48f4-a554-bf2c41618e9d resource provider not found; error: Placement Client Error (4xx): {"errors": [{"status": 404, "title": "Not Found", "detail": "The resource could not be found.\n\n No resource provider with uuid 27483545-c64c-48f4-a554-bf2c41618e9d found for delete ", "request_id": "req-5f7525a1-1374-4ab8-8c3f-a7e7426e85a7"}]}
2026-07-10 01:07:16.196 9 WARNING neutron.scheduler.dhcp_agent_scheduler [None req-924e62c1-9aac-4f7c-b304-5cb75be19760 2009d63c199e4bb49208a9c8657a3730 dfc094d2280b4cdda9a7c96c92caf8e8 - - - -] No more DHCP agents
2026-07-10 01:07:16.198 10 INFO neutron.wsgi [None req-7b15ec68-e2b5-4698-822c-64c466ad857f 90f3bcdbeef84b46bf9829697a094613 93184c7435dd47f9b82b437086b62d65 - - default default] 10.0.0.105 "GET /v2.0/agents?binary=ovn-controller HTTP/1.1" status: 200 len: 591 time: 0.0140414
2026-07-10 01:07:16.199 9 WARNING neutron.api.rpc.agentnotifiers.dhcp_rpc_agent_api [None req-924e62c1-9aac-4f7c-b304-5cb75be19760 2009d63c199e4bb49208a9c8657a3730 dfc094d2280b4cdda9a7c96c92caf8e8 - - - -] Unable to schedule network 3d4ba044-41d2-450e-af9d-26a9169040f7: no agents available; will retry on subsequent port and subnet creation events.
2026-07-10 01:07:16.236 9 INFO neutron.db.ovn_revision_numbers_db [None req-924e62c1-9aac-4f7c-b304-5cb75be19760 2009d63c199e4bb49208a9c8657a3730 dfc094d2280b4cdda9a7c96c92caf8e8 - - - -] Successfully bumped revision number for resource 49fd5547-017e-4bc2-96c9-3651fd41094c (type: subnets) to 0
2026-07-10 01:07:16.261 9 INFO neutron.wsgi [None req-924e62c1-9aac-4f7c-b304-5cb75be19760 2009d63c199e4bb49208a9c8657a3730 dfc094d2280b4cdda9a7c96c92caf8e8 - - - -] 10.0.0.89 "POST /v2.0/subnets HTTP/1.1" status: 201 len: 821 time: 0.4181228
2026-07-10 01:07:16.329 10 INFO neutron.wsgi [None req-f6095081-0427-442f-8701-7c7abf65fc75 90f3bcdbeef84b46bf9829697a094613 93184c7435dd47f9b82b437086b62d65 - - default default] 10.0.0.105 "GET /v2.0/networks HTTP/1.1" status: 200 len: 5334 time: 0.1206274
2026-07-10 01:07:16.389 10 INFO neutron.wsgi [None req-10c980b6-e52e-4f4c-9061-8899ce490e03 90f3bcdbeef84b46bf9829697a094613 93184c7435dd47f9b82b437086b62d65 - - default default] 10.0.0.89 "GET /v2.0/security-groups?tenant_id=6866071881684ea7b0f92cb7fb0d6dea&name=default HTTP/1.1" status: 200 len: 2996 time: 0.0660167
2026-07-10 01:07:16.433 10 WARNING neutron.scheduler.dhcp_agent_scheduler [None req-a47e2269-b9e8-4960-9ffb-58fe59a63959 3c66074b958c4b8f91aa71965bcdf158 c396faf2043a4d97904db0ffceb67445 - - - -] No more DHCP agents
2026-07-10 01:07:16.438 10 WARNING neutron.api.rpc.agentnotifiers.dhcp_rpc_agent_api [None req-a47e2269-b9e8-4960-9ffb-58fe59a63959 3c66074b958c4b8f91aa71965bcdf158 c396faf2043a4d97904db0ffceb67445 - - - -] Unable to schedule network f38375a0-d09e-434a-9e4a-36e3579db537: no agents available; will retry on subsequent port and subnet creation events.
2026-07-10 01:07:16.468 9 INFO neutron.db.ovn_revision_numbers_db [None req-95a18199-1c47-45ba-821f-be560a5d7af9 2009d63c199e4bb49208a9c8657a3730 dfc094d2280b4cdda9a7c96c92caf8e8 - - - -] Successfully bumped revision number for resource 89a471ae-85f1-42a6-a9d2-584b29351146 (type: routers) to 1
2026-07-10 01:07:16.487 9 INFO neutron.wsgi [None req-95a18199-1c47-45ba-821f-be560a5d7af9 2009d63c199e4bb49208a9c8657a3730 dfc094d2280b4cdda9a7c96c92caf8e8 - - - -] 10.0.0.89 "POST /v2.0/routers HTTP/1.1" status: 201 len: 691 time: 0.2220299
2026-07-10 01:07:16.494 10 INFO neutron.wsgi [None req-195b0bd3-9f56-4351-8801-d33582f42ded 90f3bcdbeef84b46bf9829697a094613 93184c7435dd47f9b82b437086b62d65 - - default default] 10.0.0.105 "GET /v2.0/security-groups HTTP/1.1" status: 200 len: 30660 time: 0.1583705
2026-07-10 01:07:16.523 10 INFO neutron.db.ovn_revision_numbers_db [None req-a47e2269-b9e8-4960-9ffb-58fe59a63959 3c66074b958c4b8f91aa71965bcdf158 c396faf2043a4d97904db0ffceb67445 - - - -] Successfully bumped revision number for resource d624e88f-8391-4c45-910b-79cf69c9ebfd (type: ports) to 1
2026-07-10 01:07:16.534 10 INFO neutron.wsgi [None req-a87bbd4d-d0dd-4d15-98a9-4621022ea9a7 90f3bcdbeef84b46bf9829697a094613 93184c7435dd47f9b82b437086b62d65 - - default default] 10.0.0.105 "GET /v2.0/subnets HTTP/1.1" status: 200 len: 3349 time: 0.0335689
2026-07-10 01:07:16.550 10 INFO neutron.wsgi [None req-a47e2269-b9e8-4960-9ffb-58fe59a63959 3c66074b958c4b8f91aa71965bcdf158 c396faf2043a4d97904db0ffceb67445 - - - -] 10.0.0.89 "POST /v2.0/networks HTTP/1.1" status: 201 len: 843 time: 0.8964970
2026-07-10 01:07:16.698 9 INFO neutron.wsgi [None req-ee1208d1-ee43-47e3-918c-19acffdb2c48 90f3bcdbeef84b46bf9829697a094613 93184c7435dd47f9b82b437086b62d65 - - - -] 10.0.0.89 "DELETE /v2.0/security-groups/24988e03-9609-4ac0-8ca4-b7b8b2107b96 HTTP/1.1" status: 204 len: 168 time: 0.3022034
2026-07-10 01:07:16.734 10 INFO neutron.db.ovn_revision_numbers_db [None req-f31fcc5b-bd1d-4182-975f-c783cc2d10b2 3c66074b958c4b8f91aa71965bcdf158 c396faf2043a4d97904db0ffceb67445 - - - -] Successfully bumped revision number for resource f38375a0-d09e-434a-9e4a-36e3579db537 (type: networks) to 2
2026-07-10 01:07:16.737 10 INFO neutron.wsgi [None req-f31fcc5b-bd1d-4182-975f-c783cc2d10b2 3c66074b958c4b8f91aa71965bcdf158 c396faf2043a4d97904db0ffceb67445 - - - -] 10.0.0.89 "PUT /v2.0/networks/f38375a0-d09e-434a-9e4a-36e3579db537 HTTP/1.1" status: 200 len: 792 time: 0.1830211
2026-07-10 01:07:16.877 9 WARNING neutron.scheduler.dhcp_agent_scheduler [None req-9a805d81-9125-4134-b773-235d67d406fd 2009d63c199e4bb49208a9c8657a3730 dfc094d2280b4cdda9a7c96c92caf8e8 - - - -] No more DHCP agents
2026-07-10 01:07:16.879 9 WARNING neutron.api.rpc.agentnotifiers.dhcp_rpc_agent_api [None req-9a805d81-9125-4134-b773-235d67d406fd 2009d63c199e4bb49208a9c8657a3730 dfc094d2280b4cdda9a7c96c92caf8e8 - - - -] Unable to schedule network 3d4ba044-41d2-450e-af9d-26a9169040f7: no agents available; will retry on subsequent port and subnet creation events.
2026-07-10 01:07:16.973 9 INFO neutron.db.ovn_revision_numbers_db [None req-9a805d81-9125-4134-b773-235d67d406fd 2009d63c199e4bb49208a9c8657a3730 dfc094d2280b4cdda9a7c96c92caf8e8 - - - -] Successfully bumped revision number for resource b55aaef4-9c0d-4e8f-b978-36f3ba9e339f (type: ports) to 1
2026-07-10 01:07:16.996 9 INFO neutron.wsgi [None req-9a805d81-9125-4134-b773-235d67d406fd 2009d63c199e4bb49208a9c8657a3730 dfc094d2280b4cdda9a7c96c92caf8e8 - - - -] 10.0.0.89 "POST /v2.0/ports HTTP/1.1" status: 201 len: 1163 time: 0.5027053 /var/lib/openstack/lib/python3.10/site-packages/pycadf/identifier.py:71: UserWarning: Invalid uuid: neutron. To ensure interoperability, identifiers should be a valid uuid. warnings.warn(('Invalid uuid: %s. To ensure interoperability, '
2026-07-10 01:07:17.027 10 WARNING neutron.scheduler.dhcp_agent_scheduler [None req-0d188339-aa0f-47de-ac0c-f2d293733415 3c66074b958c4b8f91aa71965bcdf158 c396faf2043a4d97904db0ffceb67445 - - - -] No more DHCP agents
2026-07-10 01:07:17.029 10 WARNING neutron.api.rpc.agentnotifiers.dhcp_rpc_agent_api [None req-0d188339-aa0f-47de-ac0c-f2d293733415 3c66074b958c4b8f91aa71965bcdf158 c396faf2043a4d97904db0ffceb67445 - - - -] Unable to schedule network f38375a0-d09e-434a-9e4a-36e3579db537: no agents available; will retry on subsequent port and subnet creation events.
2026-07-10 01:07:17.516 10 INFO neutron.db.ovn_revision_numbers_db [None req-0d188339-aa0f-47de-ac0c-f2d293733415 3c66074b958c4b8f91aa71965bcdf158 c396faf2043a4d97904db0ffceb67445 - - - -] Successfully bumped revision number for resource d624e88f-8391-4c45-910b-79cf69c9ebfd (type: ports) to 2
2026-07-10 01:07:17.530 10 INFO neutron.db.ovn_revision_numbers_db [None req-0d188339-aa0f-47de-ac0c-f2d293733415 3c66074b958c4b8f91aa71965bcdf158 c396faf2043a4d97904db0ffceb67445 - - - -] Successfully bumped revision number for resource ae0b57af-bbb1-43c8-8aac-3df25f1fd28e (type: subnets) to 0
2026-07-10 01:07:17.549 10 INFO neutron.wsgi [None req-0d188339-aa0f-47de-ac0c-f2d293733415 3c66074b958c4b8f91aa71965bcdf158 c396faf2043a4d97904db0ffceb67445 - - - -] 10.0.0.89 "POST /v2.0/subnets HTTP/1.1" status: 201 len: 801 time: 0.8051846
2026-07-10 01:07:17.756 9 INFO neutron.plugins.ml2.drivers.ovn.mech_driver.mech_driver [None req-68e7ad87-98e3-49de-afae-e972b9ce3ad8 - - - - - -] OVN reports status up for port: b55aaef4-9c0d-4e8f-b978-36f3ba9e339f
2026-07-10 01:07:17.771 9 INFO neutron.plugins.ml2.plugin [None req-68e7ad87-98e3-49de-afae-e972b9ce3ad8 - - - - - -] Attempt 1 to provision port b55aaef4-9c0d-4e8f-b978-36f3ba9e339f
2026-07-10 01:07:17.773 9 INFO neutron.db.ovn_revision_numbers_db [None req-3b77bdd1-092e-42a2-b00b-1550275986bc 2009d63c199e4bb49208a9c8657a3730 dfc094d2280b4cdda9a7c96c92caf8e8 - - default default] Successfully bumped revision number for resource b55aaef4-9c0d-4e8f-b978-36f3ba9e339f (type: router_ports) to 2
2026-07-10 01:07:17.851 10 INFO neutron.db.ovn_revision_numbers_db [None req-8c6c00dc-db8c-487e-a222-cc9f04c0ee1c 3c66074b958c4b8f91aa71965bcdf158 c396faf2043a4d97904db0ffceb67445 - - - -] Successfully bumped revision number for resource ae0b57af-bbb1-43c8-8aac-3df25f1fd28e (type: subnets) to 1
2026-07-10 01:07:17.855 10 INFO neutron.wsgi [None req-8c6c00dc-db8c-487e-a222-cc9f04c0ee1c 3c66074b958c4b8f91aa71965bcdf158 c396faf2043a4d97904db0ffceb67445 - - - -] 10.0.0.89 "PUT /v2.0/subnets/ae0b57af-bbb1-43c8-8aac-3df25f1fd28e HTTP/1.1" status: 200 len: 806 time: 0.2996461
2026-07-10 01:07:17.996 9 INFO neutron.db.ovn_revision_numbers_db [None req-3b77bdd1-092e-42a2-b00b-1550275986bc 2009d63c199e4bb49208a9c8657a3730 dfc094d2280b4cdda9a7c96c92caf8e8 - - default default] Successfully bumped revision number for resource b55aaef4-9c0d-4e8f-b978-36f3ba9e339f (type: ports) to 2
2026-07-10 01:07:18.233 9 INFO neutron.db.ovn_revision_numbers_db [None req-68e7ad87-98e3-49de-afae-e972b9ce3ad8 - - - - - -] Successfully bumped revision number for resource b55aaef4-9c0d-4e8f-b978-36f3ba9e339f (type: ports) to 3
2026-07-10 01:07:18.419 9 INFO neutron.db.ovn_revision_numbers_db [None req-68e7ad87-98e3-49de-afae-e972b9ce3ad8 - - - - - -] Successfully bumped revision number for resource b55aaef4-9c0d-4e8f-b978-36f3ba9e339f (type: router_ports) to 3
2026-07-10 01:07:18.476 10 INFO neutron.services.segments.plugin [-] Segment f4c4d2a5-587e-4baa-b6c2-85c4c65e32d7 resource provider aggregate not found
2026-07-10 01:07:18.485 10 INFO neutron.services.segments.plugin [-] Segment f4c4d2a5-587e-4baa-b6c2-85c4c65e32d7 resource provider aggregate not found
2026-07-10 01:07:18.494 10 INFO neutron.services.segments.plugin [-] Segment f4c4d2a5-587e-4baa-b6c2-85c4c65e32d7 resource provider not found; error: Placement Client Error (4xx): {"errors": [{"status": 404, "title": "Not Found", "detail": "The resource could not be found.\n\n No resource provider with uuid f4c4d2a5-587e-4baa-b6c2-85c4c65e32d7 found for delete ", "request_id": "req-80ec80f9-bc38-4928-a751-ce5963f34f82"}]}
2026-07-10 01:07:18.522 10 INFO neutron.services.segments.plugin [-] Segment f4c4d2a5-587e-4baa-b6c2-85c4c65e32d7 resource provider not found; error: Placement Client Error (4xx): {"errors": [{"status": 404, "title": "Not Found", "detail": "The resource could not be found.\n\n No resource provider with uuid f4c4d2a5-587e-4baa-b6c2-85c4c65e32d7 found for delete ", "request_id": "req-1a44bbc8-4e1b-4f58-9aea-ee9c0db0f57e"}]}
2026-07-10 01:07:18.546 10 INFO neutron.wsgi [None req-417a5c82-5e0d-44fc-be3c-3b271a75c501 3c66074b958c4b8f91aa71965bcdf158 c396faf2043a4d97904db0ffceb67445 - - - -] 10.0.0.89 "DELETE /v2.0/networks/f38375a0-d09e-434a-9e4a-36e3579db537 HTTP/1.1" status: 204 len: 168 time: 0.6837790
2026-07-10 01:07:18.570 10 INFO neutron.pecan_wsgi.hooks.translation [None req-4dda3cb6-a1c4-4792-9739-ac26a4cec46d 3c66074b958c4b8f91aa71965bcdf158 c396faf2043a4d97904db0ffceb67445 - - - -] DELETE failed (client error): The resource could not be found.
2026-07-10 01:07:18.573 10 INFO neutron.wsgi [None req-4dda3cb6-a1c4-4792-9739-ac26a4cec46d 3c66074b958c4b8f91aa71965bcdf158 c396faf2043a4d97904db0ffceb67445 - - - -] 10.0.0.89 "DELETE /v2.0/networks/f38375a0-d09e-434a-9e4a-36e3579db537 HTTP/1.1" status: 404 len: 339 time: 0.0227015
2026-07-10 01:07:18.669 10 INFO neutron.wsgi [None req-bd48dd8b-6a1b-4d6e-a5ce-2cbe40ed1519 3c66074b958c4b8f91aa71965bcdf158 c396faf2043a4d97904db0ffceb67445 - - default default] 10.0.0.89 "GET /v2.0/networks?router%3Aexternal=True HTTP/1.1" status: 200 len: 845 time: 0.0914953
2026-07-10 01:07:18.725 9 INFO neutron.db.ovn_revision_numbers_db [None req-3b77bdd1-092e-42a2-b00b-1550275986bc 2009d63c199e4bb49208a9c8657a3730 dfc094d2280b4cdda9a7c96c92caf8e8 - - default default] Successfully bumped revision number for resource b55aaef4-9c0d-4e8f-b978-36f3ba9e339f (type: ports) to 4
2026-07-10 01:07:18.726 10 INFO neutron.wsgi [None req-b32d592e-7e4d-4cdc-baf6-d46a97478b43 3c66074b958c4b8f91aa71965bcdf158 c396faf2043a4d97904db0ffceb67445 - - default default] 10.0.0.89 "GET /v2.0/subnets?network_id=79617cb9-3830-47c6-a733-442a40d747f9 HTTP/1.1" status: 200 len: 820 time: 0.0515478
2026-07-10 01:07:18.750 10 INFO neutron.wsgi [None req-7ffd0f55-4e5b-4b09-baf6-84755665d4b3 3c66074b958c4b8f91aa71965bcdf158 c396faf2043a4d97904db0ffceb67445 - - default default] 10.0.0.89 "GET /v2.0/extensions HTTP/1.1" status: 200 len: 16520 time: 0.0065589 /var/lib/openstack/lib/python3.10/site-packages/pycadf/identifier.py:71: UserWarning: Invalid uuid: neutron. To ensure interoperability, identifiers should be a valid uuid. warnings.warn(('Invalid uuid: %s. To ensure interoperability, '
2026-07-10 01:07:18.836 9 INFO neutron.wsgi [None req-065f3799-78c1-4d58-b469-e29f50546f58 3c66074b958c4b8f91aa71965bcdf158 c396faf2043a4d97904db0ffceb67445 - - default default] 10.0.0.89 "GET /v2.0/networks HTTP/1.1" status: 200 len: 1504 time: 0.0819914
2026-07-10 01:07:18.837 9 WARNING neutron.scheduler.dhcp_agent_scheduler [None req-3b77bdd1-092e-42a2-b00b-1550275986bc 2009d63c199e4bb49208a9c8657a3730 dfc094d2280b4cdda9a7c96c92caf8e8 - - default default] No more DHCP agents
2026-07-10 01:07:18.838 9 WARNING neutron.api.rpc.agentnotifiers.dhcp_rpc_agent_api [None req-3b77bdd1-092e-42a2-b00b-1550275986bc 2009d63c199e4bb49208a9c8657a3730 dfc094d2280b4cdda9a7c96c92caf8e8 - - default default] Unable to schedule network 3d4ba044-41d2-450e-af9d-26a9169040f7: no agents available; will retry on subsequent port and subnet creation events.
2026-07-10 01:07:18.887 10 INFO neutron.db.ovn_revision_numbers_db [None req-26685bfe-080e-4ddc-a89c-c80ed521ef8a 90f3bcdbeef84b46bf9829697a094613 93184c7435dd47f9b82b437086b62d65 - - - -] Successfully bumped revision number for resource aef54f2d-782e-4e86-a427-4af9848bf078 (type: security_groups) to 1
2026-07-10 01:07:18.891 9 INFO neutron.wsgi [None req-3f4dd719-01b5-4d75-9a0a-31b0745f9188 3c66074b958c4b8f91aa71965bcdf158 c396faf2043a4d97904db0ffceb67445 - - default default] 10.0.0.89 "GET /v2.0/subnets HTTP/1.1" status: 200 len: 1428 time: 0.0388458
2026-07-10 01:07:18.957 10 INFO neutron.db.segments_db [None req-26685bfe-080e-4ddc-a89c-c80ed521ef8a 90f3bcdbeef84b46bf9829697a094613 93184c7435dd47f9b82b437086b62d65 - - - -] Added segment dbb6ec6f-6970-4c95-8465-b1ff15054db6 of type geneve for network 487567fe-5572-47af-be3f-7d73d4a22c23
2026-07-10 01:07:18.980 10 INFO neutron.wsgi [None req-81764378-ab3e-4f78-814e-18eb2b70507f 3c66074b958c4b8f91aa71965bcdf158 c396faf2043a4d97904db0ffceb67445 - - default default] 10.0.0.89 "GET /v2.0/networks/c93f5c86-b9cf-4a34-ae3e-6b18a29714f7 HTTP/1.1" status: 200 len: 863 time: 0.0773184
2026-07-10 01:07:19.067 9 INFO neutron.db.ovn_revision_numbers_db [None req-3b77bdd1-092e-42a2-b00b-1550275986bc 2009d63c199e4bb49208a9c8657a3730 dfc094d2280b4cdda9a7c96c92caf8e8 - - - -] Successfully bumped revision number for resource b55aaef4-9c0d-4e8f-b978-36f3ba9e339f (type: router_ports) to 4
2026-07-10 01:07:19.071 9 INFO neutron.wsgi [None req-3b77bdd1-092e-42a2-b00b-1550275986bc 2009d63c199e4bb49208a9c8657a3730 dfc094d2280b4cdda9a7c96c92caf8e8 - - - -] 10.0.0.89 "PUT /v2.0/routers/89a471ae-85f1-42a6-a9d2-584b29351146/add_router_interface HTTP/1.1" status: 200 len: 503 time: 2.0684171
2026-07-10 01:07:19.124 9 INFO neutron.wsgi [None req-287bcef1-8c49-46c1-8f4d-b5be6cfca565 2009d63c199e4bb49208a9c8657a3730 dfc094d2280b4cdda9a7c96c92caf8e8 - - default default] 10.0.0.89 "GET /v2.0/ports/b55aaef4-9c0d-4e8f-b978-36f3ba9e339f HTTP/1.1" status: 200 len: 1221 time: 0.0452604
2026-07-10 01:07:19.498 10 INFO neutron.wsgi [None req-10159771-1272-4b95-a600-fbbdbd51cd2f 3c66074b958c4b8f91aa71965bcdf158 c396faf2043a4d97904db0ffceb67445 - - default default] 10.0.0.89 "GET /v2.0/subnets/cc2a48f8-df50-41a4-bbd9-4d3edfee7037 HTTP/1.1" status: 200 len: 811 time: 0.5113482
2026-07-10 01:07:19.532 10 INFO neutron.pecan_wsgi.hooks.translation [None req-ea38e517-1060-40cd-bc6d-97e9f8f5a157 3c66074b958c4b8f91aa71965bcdf158 c396faf2043a4d97904db0ffceb67445 - - - -] DELETE failed (client error): The resource could not be found.
2026-07-10 01:07:19.534 10 INFO neutron.wsgi [None req-ea38e517-1060-40cd-bc6d-97e9f8f5a157 3c66074b958c4b8f91aa71965bcdf158 c396faf2043a4d97904db0ffceb67445 - - - -] 10.0.0.89 "DELETE /v2.0/subnets/ae0b57af-bbb1-43c8-8aac-3df25f1fd28e HTTP/1.1" status: 404 len: 337 time: 0.0222690
2026-07-10 01:07:19.574 10 INFO neutron.pecan_wsgi.hooks.translation [None req-d4ab17e1-7ca2-45b7-883d-9b367a162727 3c66074b958c4b8f91aa71965bcdf158 c396faf2043a4d97904db0ffceb67445 - - - -] DELETE failed (client error): The resource could not be found.
2026-07-10 01:07:19.576 10 INFO neutron.wsgi [None req-d4ab17e1-7ca2-45b7-883d-9b367a162727 3c66074b958c4b8f91aa71965bcdf158 c396faf2043a4d97904db0ffceb67445 - - - -] 10.0.0.89 "DELETE /v2.0/networks/f38375a0-d09e-434a-9e4a-36e3579db537 HTTP/1.1" status: 404 len: 339 time: 0.0329728
2026-07-10 01:07:19.612 10 INFO neutron.db.ovn_revision_numbers_db [None req-26685bfe-080e-4ddc-a89c-c80ed521ef8a 90f3bcdbeef84b46bf9829697a094613 93184c7435dd47f9b82b437086b62d65 - - - -] Successfully bumped revision number for resource 487567fe-5572-47af-be3f-7d73d4a22c23 (type: networks) to 1
2026-07-10 01:07:19.831 9 INFO neutron.wsgi [None req-3864ef98-225d-4857-b071-db0e7dd26733 2009d63c199e4bb49208a9c8657a3730 dfc094d2280b4cdda9a7c96c92caf8e8 - - - -] 10.0.0.89 "PUT /v2.0/routers/89a471ae-85f1-42a6-a9d2-584b29351146/remove_router_interface HTTP/1.1" status: 200 len: 503 time: 0.6969566 /var/lib/openstack/lib/python3.10/site-packages/pycadf/identifier.py:71: UserWarning: Invalid uuid: neutron. To ensure interoperability, identifiers should be a valid uuid. warnings.warn(('Invalid uuid: %s. To ensure interoperability, '
2026-07-10 01:07:19.847 10 WARNING neutron.scheduler.dhcp_agent_scheduler [None req-26685bfe-080e-4ddc-a89c-c80ed521ef8a 90f3bcdbeef84b46bf9829697a094613 93184c7435dd47f9b82b437086b62d65 - - - -] No more DHCP agents
