2026-07-10 01:07:01.311 10 INFO neutron.db.ovn_revision_numbers_db [None req-3a85a547-aaf8-43cc-b669-e0e09bd4ef58 2009d63c199e4bb49208a9c8657a3730 dfc094d2280b4cdda9a7c96c92caf8e8 - - default default] Successfully bumped revision number for resource 9a6180b8-787e-4805-b1fe-2b7e2bce0a07 (type: ports) to 1
2026-07-10 01:07:01.320 9 INFO neutron.wsgi [req-713b6d60-e075-43af-9a68-3fbf97c7dda9 req-47e9d1cd-bc7b-46c8-9862-c7715c27bb12 89c3fae6dcb646aa91c28996fe156959 faffad71723d45fd97606657dda41426 - - 8de3764cfd4c4215a6bb461fcf116421 8de3764cfd4c4215a6bb461fcf116421] 199.19.213.80 "GET /v2.0/floatingips?fixed_ip_address=10.100.0.7&port_id=875a5597-d36f-4293-bd0d-1cab910fcf73 HTTP/1.1" status: 200 len: 217 time: 0.0357006
2026-07-10 01:07:01.685 10 INFO neutron.plugins.ml2.drivers.ovn.mech_driver.mech_driver [None req-2cf7cbb6-eca9-4d5d-8277-98de6e5b5f10 - - - - - -] OVN reports status up for port: 9a6180b8-787e-4805-b1fe-2b7e2bce0a07
2026-07-10 01:07:01.693 9 WARNING neutron.scheduler.dhcp_agent_scheduler [None req-59a67271-a1b0-4c68-a52c-1cc68b26597a f173fadf5b96492b8e6d9a115af252a6 4b6d2a90439245a89e57876ee1392bd6 - - - -] No more DHCP agents
2026-07-10 01:07:01.693 10 INFO neutron.plugins.ml2.plugin [None req-2cf7cbb6-eca9-4d5d-8277-98de6e5b5f10 - - - - - -] Attempt 1 to provision port 9a6180b8-787e-4805-b1fe-2b7e2bce0a07
2026-07-10 01:07:01.695 10 INFO neutron.db.ovn_revision_numbers_db [None req-3a85a547-aaf8-43cc-b669-e0e09bd4ef58 2009d63c199e4bb49208a9c8657a3730 dfc094d2280b4cdda9a7c96c92caf8e8 - - default default] Successfully bumped revision number for resource 9a6180b8-787e-4805-b1fe-2b7e2bce0a07 (type: router_ports) to 2
2026-07-10 01:07:01.702 9 WARNING neutron.api.rpc.agentnotifiers.dhcp_rpc_agent_api [None req-59a67271-a1b0-4c68-a52c-1cc68b26597a f173fadf5b96492b8e6d9a115af252a6 4b6d2a90439245a89e57876ee1392bd6 - - - -] Unable to schedule network f424dc0c-a1f0-4257-8b2a-54f82d657221: no agents available; will retry on subsequent port and subnet creation events.
2026-07-10 01:07:01.705 9 INFO neutron.wsgi [req-713b6d60-e075-43af-9a68-3fbf97c7dda9 req-43fa7c1e-0368-4473-80d3-d0242592d0d4 89c3fae6dcb646aa91c28996fe156959 faffad71723d45fd97606657dda41426 - - 8de3764cfd4c4215a6bb461fcf116421 8de3764cfd4c4215a6bb461fcf116421] 199.19.213.80 "GET /v2.0/subnets?id=ecebc741-61f0-4170-b2df-c556bfb3de0a HTTP/1.1" status: 200 len: 869 time: 0.3734431
2026-07-10 01:07:01.734 9 INFO neutron.wsgi [req-0ac67fd9-e98e-45e6-8565-f84d5a663e29 req-3c7d789c-91b1-4243-a58d-348da40c661e c9d74d2f43324f73b36ebb0094cb031c 6866071881684ea7b0f92cb7fb0d6dea - - default default] 10.0.0.59 "GET /v2.0/ports?device_id=a3102a4a-3ab6-4b9a-8e51-082410f958b2 HTTP/1.1" status: 200 len: 1160 time: 0.1006250
2026-07-10 01:07:01.771 9 INFO neutron.wsgi [req-713b6d60-e075-43af-9a68-3fbf97c7dda9 req-4b980cea-5f67-4fe1-86de-bb0399f9eec2 89c3fae6dcb646aa91c28996fe156959 faffad71723d45fd97606657dda41426 - - 8de3764cfd4c4215a6bb461fcf116421 8de3764cfd4c4215a6bb461fcf116421] 199.19.213.80 "GET /v2.0/ports?network_id=b0f317ad-e94c-4f1c-af51-9095a5184d98&device_owner=network%3Adhcp HTTP/1.1" status: 200 len: 210 time: 0.0507700
2026-07-10 01:07:01.813 10 INFO neutron.db.ovn_revision_numbers_db [None req-3a85a547-aaf8-43cc-b669-e0e09bd4ef58 2009d63c199e4bb49208a9c8657a3730 dfc094d2280b4cdda9a7c96c92caf8e8 - - default default] Successfully bumped revision number for resource 9a6180b8-787e-4805-b1fe-2b7e2bce0a07 (type: ports) to 2
2026-07-10 01:07:01.839 9 INFO neutron.wsgi [req-0ac67fd9-e98e-45e6-8565-f84d5a663e29 req-2b041448-a799-40b9-8489-5b401d7b135d c9d74d2f43324f73b36ebb0094cb031c 6866071881684ea7b0f92cb7fb0d6dea - - default default] 10.0.0.59 "GET /v2.0/security-groups?id=ce172b70-d278-4218-8f07-1c98ca5b990b&fields=id&fields=name HTTP/1.1" status: 200 len: 313 time: 0.0974562
2026-07-10 01:07:01.872 9 INFO neutron.db.ovn_revision_numbers_db [None req-59a67271-a1b0-4c68-a52c-1cc68b26597a f173fadf5b96492b8e6d9a115af252a6 4b6d2a90439245a89e57876ee1392bd6 - - - -] Successfully bumped revision number for resource 5c8dd5d0-f5d2-4fc4-b6a5-9dde1048451b (type: ports) to 1
2026-07-10 01:07:01.908 10 WARNING neutron.scheduler.dhcp_agent_scheduler [None req-3a85a547-aaf8-43cc-b669-e0e09bd4ef58 2009d63c199e4bb49208a9c8657a3730 dfc094d2280b4cdda9a7c96c92caf8e8 - - default default] No more DHCP agents
2026-07-10 01:07:01.910 10 WARNING neutron.api.rpc.agentnotifiers.dhcp_rpc_agent_api [None req-3a85a547-aaf8-43cc-b669-e0e09bd4ef58 2009d63c199e4bb49208a9c8657a3730 dfc094d2280b4cdda9a7c96c92caf8e8 - - default default] Unable to schedule network f5eefcf4-e910-47a2-8525-a144ee7ce226: no agents available; will retry on subsequent port and subnet creation events.
2026-07-10 01:07:01.911 9 INFO neutron.wsgi [req-713b6d60-e075-43af-9a68-3fbf97c7dda9 req-1ab50af3-7082-4917-991c-d30f5f4ffc8b 89c3fae6dcb646aa91c28996fe156959 faffad71723d45fd97606657dda41426 - - 8de3764cfd4c4215a6bb461fcf116421 8de3764cfd4c4215a6bb461fcf116421] 199.19.213.80 "GET /v2.0/networks/b0f317ad-e94c-4f1c-af51-9095a5184d98?fields=segments HTTP/1.1" status: 200 len: 212 time: 0.1315982
2026-07-10 01:07:01.919 9 INFO neutron.wsgi [None req-59a67271-a1b0-4c68-a52c-1cc68b26597a f173fadf5b96492b8e6d9a115af252a6 4b6d2a90439245a89e57876ee1392bd6 - - - -] 10.0.0.89 "POST /v2.0/networks HTTP/1.1" status: 201 len: 853 time: 1.2190623
2026-07-10 01:07:02.007 9 INFO neutron.wsgi [req-713b6d60-e075-43af-9a68-3fbf97c7dda9 req-d9517787-1407-4d55-8768-b6cfc0314aba 89c3fae6dcb646aa91c28996fe156959 faffad71723d45fd97606657dda41426 - - 8de3764cfd4c4215a6bb461fcf116421 8de3764cfd4c4215a6bb461fcf116421] 199.19.213.80 "GET /v2.0/networks/b0f317ad-e94c-4f1c-af51-9095a5184d98?fields=provider%3Aphysical_network&fields=provider%3Anetwork_type HTTP/1.1" status: 200 len: 277 time: 0.0872445
2026-07-10 01:07:02.065 9 WARNING neutron.plugins.ml2.drivers.ovn.mech_driver.ovsdb.ovn_client [None req-68e7ad87-98e3-49de-afae-e972b9ce3ad8 - - - - - -] No hosting information found for port a0c0857e-0d99-4f81-b49f-256527e6d6c7: RuntimeError: No hosting information found for port a0c0857e-0d99-4f81-b49f-256527e6d6c7
2026-07-10 01:07:02.065 9 INFO neutron.plugins.ml2.drivers.ovn.mech_driver.mech_driver [None req-68e7ad87-98e3-49de-afae-e972b9ce3ad8 - - - - - -] OVN reports status up for port: dee9d85a-0e29-4ce4-829a-49a44c93b67f
2026-07-10 01:07:02.088 9 INFO neutron.plugins.ml2.plugin [None req-68e7ad87-98e3-49de-afae-e972b9ce3ad8 - - - - - -] Attempt 1 to provision port dee9d85a-0e29-4ce4-829a-49a44c93b67f
2026-07-10 01:07:02.135 9 INFO neutron.db.ovn_revision_numbers_db [None req-4eda2bd8-5ce2-465b-a750-799bc199d284 89c3fae6dcb646aa91c28996fe156959 faffad71723d45fd97606657dda41426 - - - -] Successfully bumped revision number for resource 0dd359e0-0a9a-4941-9bf0-623004f30035 (type: ports) to 2
2026-07-10 01:07:02.200 9 INFO neutron.plugins.ml2.drivers.ovn.mech_driver.mech_driver [None req-68e7ad87-98e3-49de-afae-e972b9ce3ad8 - - - - - -] OVN reports status up for port: 19ca9aa8-18eb-496e-9717-9ca37d2af755
2026-07-10 01:07:02.218 9 INFO neutron.plugins.ml2.plugin [None req-68e7ad87-98e3-49de-afae-e972b9ce3ad8 - - - - - -] Attempt 1 to provision port 19ca9aa8-18eb-496e-9717-9ca37d2af755
2026-07-10 01:07:02.376 10 INFO neutron.db.ovn_revision_numbers_db [None req-2cf7cbb6-eca9-4d5d-8277-98de6e5b5f10 - - - - - -] Successfully bumped revision number for resource 9a6180b8-787e-4805-b1fe-2b7e2bce0a07 (type: ports) to 3
2026-07-10 01:07:02.417 9 INFO neutron.db.ovn_revision_numbers_db [None req-4eda2bd8-5ce2-465b-a750-799bc199d284 89c3fae6dcb646aa91c28996fe156959 faffad71723d45fd97606657dda41426 - - - -] Successfully bumped revision number for resource 0dd359e0-0a9a-4941-9bf0-623004f30035 (type: ports) to 2
2026-07-10 01:07:02.448 9 INFO neutron.wsgi [None req-4eda2bd8-5ce2-465b-a750-799bc199d284 89c3fae6dcb646aa91c28996fe156959 faffad71723d45fd97606657dda41426 - - - -] 199.19.213.80 "PUT /v2.0/ports/0dd359e0-0a9a-4941-9bf0-623004f30035 HTTP/1.1" status: 200 len: 1332 time: 1.3202076
2026-07-10 01:07:02.460 10 INFO neutron.wsgi [req-c76acbdc-a98c-4b43-84a5-611ad6402b6d req-5f03ef67-eb34-4b91-8fc3-1f7f914558c3 d3be6eabd19f4d669ae014cc0411744e cc20095a086647a59358cfd1d847e4ce - - default default] 10.0.0.59 "GET /v2.0/ports?device_id=32cad971-e2e6-41fa-8dff-1d336f8d3453 HTTP/1.1" status: 200 len: 1168 time: 0.0944512 /var/lib/openstack/lib/python3.10/site-packages/pycadf/identifier.py:71: UserWarning: Invalid uuid: neutron. To ensure interoperability, identifiers should be a valid uuid. warnings.warn(('Invalid uuid: %s. To ensure interoperability, '
2026-07-10 01:07:02.542 9 INFO neutron.wsgi [req-8eb19902-7fa9-4d1b-b9b6-528141e4a5c0 req-80b237f5-86de-4ab9-9a5c-bb4b592eaa12 89c3fae6dcb646aa91c28996fe156959 faffad71723d45fd97606657dda41426 - - 8de3764cfd4c4215a6bb461fcf116421 8de3764cfd4c4215a6bb461fcf116421] 199.19.213.80 "GET /v2.0/ports?tenant_id=6866071881684ea7b0f92cb7fb0d6dea&device_id=a3102a4a-3ab6-4b9a-8e51-082410f958b2 HTTP/1.1" status: 200 len: 1363 time: 0.0546474
2026-07-10 01:07:02.550 10 INFO neutron.db.ovn_revision_numbers_db [None req-3a85a547-aaf8-43cc-b669-e0e09bd4ef58 2009d63c199e4bb49208a9c8657a3730 dfc094d2280b4cdda9a7c96c92caf8e8 - - - -] Successfully bumped revision number for resource 9a6180b8-787e-4805-b1fe-2b7e2bce0a07 (type: router_ports) to 3
2026-07-10 01:07:02.552 10 INFO neutron.wsgi [None req-3a85a547-aaf8-43cc-b669-e0e09bd4ef58 2009d63c199e4bb49208a9c8657a3730 dfc094d2280b4cdda9a7c96c92caf8e8 - - - -] 10.0.0.89 "PUT /v2.0/routers/b3b2d8df-c148-444f-a3ee-626e901289d0/add_router_interface HTTP/1.1" status: 200 len: 503 time: 1.8979180
2026-07-10 01:07:02.564 9 INFO neutron.db.ovn_revision_numbers_db [None req-68e7ad87-98e3-49de-afae-e972b9ce3ad8 - - - - - -] Successfully bumped revision number for resource 19ca9aa8-18eb-496e-9717-9ca37d2af755 (type: ports) to 3
2026-07-10 01:07:02.568 10 INFO neutron.wsgi [req-c76acbdc-a98c-4b43-84a5-611ad6402b6d req-8ad93635-feab-478d-85d3-d866d7ad357f d3be6eabd19f4d669ae014cc0411744e cc20095a086647a59358cfd1d847e4ce - - default default] 10.0.0.59 "GET /v2.0/security-groups?id=497aa6f0-22d3-4e2c-a064-5ba20699b727&fields=id&fields=name HTTP/1.1" status: 200 len: 312 time: 0.0976663
2026-07-10 01:07:02.589 9 INFO neutron.wsgi [req-8eb19902-7fa9-4d1b-b9b6-528141e4a5c0 req-e6ab6cbe-dce8-48d6-80b6-a4a8353101be 89c3fae6dcb646aa91c28996fe156959 faffad71723d45fd97606657dda41426 - - 8de3764cfd4c4215a6bb461fcf116421 8de3764cfd4c4215a6bb461fcf116421] 199.19.213.80 "GET /v2.0/floatingips?fixed_ip_address=10.100.0.12&port_id=0dd359e0-0a9a-4941-9bf0-623004f30035 HTTP/1.1" status: 200 len: 217 time: 0.0383756
2026-07-10 01:07:02.649 9 INFO neutron.notifiers.nova [-] Nova event matching ['req-a1c88103-029a-4e8d-868c-fee2a8e78cd9'] response: {'name': 'network-changed', 'server_uuid': 'a3102a4a-3ab6-4b9a-8e51-082410f958b2', 'tag': '0dd359e0-0a9a-4941-9bf0-623004f30035', 'status': 'completed', 'code': 200}
2026-07-10 01:07:02.681 9 INFO neutron.wsgi [req-8eb19902-7fa9-4d1b-b9b6-528141e4a5c0 req-262a043b-45a0-432d-a802-3e60bfbb0e7c 89c3fae6dcb646aa91c28996fe156959 faffad71723d45fd97606657dda41426 - - 8de3764cfd4c4215a6bb461fcf116421 8de3764cfd4c4215a6bb461fcf116421] 199.19.213.80 "GET /v2.0/subnets?id=1fbd7f2d-3772-48ee-8060-cfe361d9eaca HTTP/1.1" status: 200 len: 862 time: 0.0827332
2026-07-10 01:07:02.725 9 INFO neutron.wsgi [req-8eb19902-7fa9-4d1b-b9b6-528141e4a5c0 req-1a70dc82-3bc0-428b-87dc-3a641c3519a7 89c3fae6dcb646aa91c28996fe156959 faffad71723d45fd97606657dda41426 - - 8de3764cfd4c4215a6bb461fcf116421 8de3764cfd4c4215a6bb461fcf116421] 199.19.213.80 "GET /v2.0/ports?network_id=d42daa83-544a-499a-8215-c5f3caec2ef6&device_owner=network%3Adhcp HTTP/1.1" status: 200 len: 210 time: 0.0289018
2026-07-10 01:07:02.768 9 INFO neutron.wsgi [None req-684c0177-62e4-492e-b502-eb14ef7291e5 2009d63c199e4bb49208a9c8657a3730 dfc094d2280b4cdda9a7c96c92caf8e8 - - default default] 10.0.0.89 "GET /v2.0/ports/9a6180b8-787e-4805-b1fe-2b7e2bce0a07 HTTP/1.1" status: 200 len: 1141 time: 0.2045696 /var/lib/openstack/lib/python3.10/site-packages/pycadf/identifier.py:71: UserWarning: Invalid uuid: neutron. To ensure interoperability, identifiers should be a valid uuid. warnings.warn(('Invalid uuid: %s. To ensure interoperability, '
2026-07-10 01:07:02.811 9 INFO neutron.wsgi [req-8eb19902-7fa9-4d1b-b9b6-528141e4a5c0 req-1f418898-4351-4e52-a958-9a29f407cc43 89c3fae6dcb646aa91c28996fe156959 faffad71723d45fd97606657dda41426 - - 8de3764cfd4c4215a6bb461fcf116421 8de3764cfd4c4215a6bb461fcf116421] 199.19.213.80 "GET /v2.0/networks/d42daa83-544a-499a-8215-c5f3caec2ef6?fields=segments HTTP/1.1" status: 200 len: 212 time: 0.0791855
2026-07-10 01:07:02.813 9 INFO neutron.db.ovn_revision_numbers_db [None req-68e7ad87-98e3-49de-afae-e972b9ce3ad8 - - - - - -] Successfully bumped revision number for resource 19ca9aa8-18eb-496e-9717-9ca37d2af755 (type: router_ports) to 3
2026-07-10 01:07:02.898 9 INFO neutron.wsgi [req-8eb19902-7fa9-4d1b-b9b6-528141e4a5c0 req-c15d3724-7564-47da-a690-de8e399b9c0e 89c3fae6dcb646aa91c28996fe156959 faffad71723d45fd97606657dda41426 - - 8de3764cfd4c4215a6bb461fcf116421 8de3764cfd4c4215a6bb461fcf116421] 199.19.213.80 "GET /v2.0/networks/d42daa83-544a-499a-8215-c5f3caec2ef6?fields=provider%3Aphysical_network&fields=provider%3Anetwork_type HTTP/1.1" status: 200 len: 277 time: 0.0800655 /var/lib/openstack/lib/python3.10/site-packages/pycadf/identifier.py:71: UserWarning: Invalid uuid: neutron. To ensure interoperability, identifiers should be a valid uuid. warnings.warn(('Invalid uuid: %s. To ensure interoperability, '
2026-07-10 01:07:02.929 10 WARNING neutron.scheduler.dhcp_agent_scheduler [None req-c0c49d51-4843-42a5-affb-282545d5939d f173fadf5b96492b8e6d9a115af252a6 4b6d2a90439245a89e57876ee1392bd6 - - - -] No more DHCP agents
2026-07-10 01:07:02.941 10 WARNING neutron.api.rpc.agentnotifiers.dhcp_rpc_agent_api [None req-c0c49d51-4843-42a5-affb-282545d5939d f173fadf5b96492b8e6d9a115af252a6 4b6d2a90439245a89e57876ee1392bd6 - - - -] Unable to schedule network 06b17fe6-12dd-45cd-ae28-f861ca454cfc: no agents available; will retry on subsequent port and subnet creation events.
2026-07-10 01:07:02.979 9 INFO neutron.wsgi [req-bd0a039f-aa63-4525-bf9d-d4b77ce3430e req-1215172e-2428-4899-8d95-f3ba13e75156 89c3fae6dcb646aa91c28996fe156959 faffad71723d45fd97606657dda41426 - - 8de3764cfd4c4215a6bb461fcf116421 8de3764cfd4c4215a6bb461fcf116421] 199.19.213.80 "GET /v2.0/ports?tenant_id=6866071881684ea7b0f92cb7fb0d6dea&device_id=a3102a4a-3ab6-4b9a-8e51-082410f958b2 HTTP/1.1" status: 200 len: 1363 time: 0.0374286
2026-07-10 01:07:03.050 9 INFO neutron.wsgi [req-bd0a039f-aa63-4525-bf9d-d4b77ce3430e req-ec7e8903-eeeb-4d98-9161-bc3f533ee51a 89c3fae6dcb646aa91c28996fe156959 faffad71723d45fd97606657dda41426 - - 8de3764cfd4c4215a6bb461fcf116421 8de3764cfd4c4215a6bb461fcf116421] 199.19.213.80 "GET /v2.0/networks?id=d42daa83-544a-499a-8215-c5f3caec2ef6 HTTP/1.1" status: 200 len: 967 time: 0.0640919
2026-07-10 01:07:03.070 10 INFO neutron.wsgi [req-b1260773-4d56-46a3-91ff-ea61482351e7 req-170664d0-a6ee-4688-b4c5-b9049c6754e2 c9d74d2f43324f73b36ebb0094cb031c 6866071881684ea7b0f92cb7fb0d6dea - - default default] 10.0.0.59 "GET /v2.0/ports?device_id=a3102a4a-3ab6-4b9a-8e51-082410f958b2 HTTP/1.1" status: 200 len: 1172 time: 0.1580808
2026-07-10 01:07:03.072 10 INFO neutron.db.ovn_revision_numbers_db [None req-c0c49d51-4843-42a5-affb-282545d5939d f173fadf5b96492b8e6d9a115af252a6 4b6d2a90439245a89e57876ee1392bd6 - - - -] Successfully bumped revision number for resource 694f4326-6ba9-4d91-a892-8f237231bd18 (type: ports) to 1
2026-07-10 01:07:03.094 9 INFO neutron.wsgi [req-bd0a039f-aa63-4525-bf9d-d4b77ce3430e req-505be449-86cf-40da-a289-6f5d1cf7a7ac 89c3fae6dcb646aa91c28996fe156959 faffad71723d45fd97606657dda41426 - - 8de3764cfd4c4215a6bb461fcf116421 8de3764cfd4c4215a6bb461fcf116421] 199.19.213.80 "GET /v2.0/floatingips?fixed_ip_address=10.100.0.12&port_id=0dd359e0-0a9a-4941-9bf0-623004f30035 HTTP/1.1" status: 200 len: 217 time: 0.0380085 /var/lib/openstack/lib/python3.10/site-packages/pycadf/identifier.py:71: UserWarning: Invalid uuid: neutron. To ensure interoperability, identifiers should be a valid uuid. warnings.warn(('Invalid uuid: %s. To ensure interoperability, '
2026-07-10 01:07:03.141 9 INFO neutron.wsgi [req-bd0a039f-aa63-4525-bf9d-d4b77ce3430e req-aebb80c9-f05a-42bd-bb95-ff87347fed00 89c3fae6dcb646aa91c28996fe156959 faffad71723d45fd97606657dda41426 - - 8de3764cfd4c4215a6bb461fcf116421 8de3764cfd4c4215a6bb461fcf116421] 199.19.213.80 "GET /v2.0/subnets?id=1fbd7f2d-3772-48ee-8060-cfe361d9eaca HTTP/1.1" status: 200 len: 862 time: 0.0417805
2026-07-10 01:07:03.145 10 WARNING neutron.scheduler.dhcp_agent_scheduler [None req-c0c49d51-4843-42a5-affb-282545d5939d f173fadf5b96492b8e6d9a115af252a6 4b6d2a90439245a89e57876ee1392bd6 - - - -] No more DHCP agents
2026-07-10 01:07:03.157 10 WARNING neutron.api.rpc.agentnotifiers.dhcp_rpc_agent_api [None req-c0c49d51-4843-42a5-affb-282545d5939d f173fadf5b96492b8e6d9a115af252a6 4b6d2a90439245a89e57876ee1392bd6 - - - -] Unable to schedule network f424dc0c-a1f0-4257-8b2a-54f82d657221: no agents available; will retry on subsequent port and subnet creation events.
2026-07-10 01:07:03.181 10 INFO neutron.wsgi [req-b1260773-4d56-46a3-91ff-ea61482351e7 req-d406028e-fbfa-400b-8067-253e4ad2c286 c9d74d2f43324f73b36ebb0094cb031c 6866071881684ea7b0f92cb7fb0d6dea - - default default] 10.0.0.59 "GET /v2.0/security-groups?id=ce172b70-d278-4218-8f07-1c98ca5b990b&fields=id&fields=name HTTP/1.1" status: 200 len: 313 time: 0.1024103
2026-07-10 01:07:03.191 9 INFO neutron.wsgi [req-bd0a039f-aa63-4525-bf9d-d4b77ce3430e req-7217473b-d8cd-44d0-a2fc-ab3df1fdf244 89c3fae6dcb646aa91c28996fe156959 faffad71723d45fd97606657dda41426 - - 8de3764cfd4c4215a6bb461fcf116421 8de3764cfd4c4215a6bb461fcf116421] 199.19.213.80 "GET /v2.0/ports?network_id=d42daa83-544a-499a-8215-c5f3caec2ef6&device_owner=network%3Adhcp HTTP/1.1" status: 200 len: 210 time: 0.0428421
2026-07-10 01:07:03.273 9 INFO neutron.wsgi [req-bd0a039f-aa63-4525-bf9d-d4b77ce3430e req-378f22d9-d117-46c1-9090-63da68873484 89c3fae6dcb646aa91c28996fe156959 faffad71723d45fd97606657dda41426 - - 8de3764cfd4c4215a6bb461fcf116421 8de3764cfd4c4215a6bb461fcf116421] 199.19.213.80 "GET /v2.0/networks/d42daa83-544a-499a-8215-c5f3caec2ef6?fields=segments HTTP/1.1" status: 200 len: 212 time: 0.0737031
2026-07-10 01:07:03.300 10 INFO neutron.db.ovn_revision_numbers_db [None req-c0c49d51-4843-42a5-affb-282545d5939d f173fadf5b96492b8e6d9a115af252a6 4b6d2a90439245a89e57876ee1392bd6 - - - -] Successfully bumped revision number for resource 13798190-817b-4d9d-a557-15a83782df5e (type: ports) to 1
2026-07-10 01:07:03.350 10 INFO neutron.wsgi [None req-c0c49d51-4843-42a5-affb-282545d5939d f173fadf5b96492b8e6d9a115af252a6 4b6d2a90439245a89e57876ee1392bd6 - - - -] 10.0.0.89 "POST /v2.0/ports HTTP/1.1" status: 201 len: 1705 time: 1.4213753
2026-07-10 01:07:03.401 9 INFO neutron.wsgi [req-bd0a039f-aa63-4525-bf9d-d4b77ce3430e req-3e0f3bfb-6320-44ca-80d6-102d9785a3ea 89c3fae6dcb646aa91c28996fe156959 faffad71723d45fd97606657dda41426 - - 8de3764cfd4c4215a6bb461fcf116421 8de3764cfd4c4215a6bb461fcf116421] 199.19.213.80 "GET /v2.0/networks/d42daa83-544a-499a-8215-c5f3caec2ef6?fields=provider%3Aphysical_network&fields=provider%3Anetwork_type HTTP/1.1" status: 200 len: 277 time: 0.1202996
2026-07-10 01:07:03.518 10 WARNING neutron.scheduler.dhcp_agent_scheduler [None req-d93aecf3-ff1d-4b41-b0a9-65522d904be6 2009d63c199e4bb49208a9c8657a3730 dfc094d2280b4cdda9a7c96c92caf8e8 - - default default] No more DHCP agents
2026-07-10 01:07:03.525 10 WARNING neutron.api.rpc.agentnotifiers.dhcp_rpc_agent_api [None req-d93aecf3-ff1d-4b41-b0a9-65522d904be6 2009d63c199e4bb49208a9c8657a3730 dfc094d2280b4cdda9a7c96c92caf8e8 - - default default] Unable to schedule network a71a6beb-ed16-4dec-ae28-ca315b188643: no agents available; will retry on subsequent port and subnet creation events.
2026-07-10 01:07:03.539 9 INFO neutron.wsgi [None req-84034901-d09a-4063-beb3-1a797969c838 f173fadf5b96492b8e6d9a115af252a6 4b6d2a90439245a89e57876ee1392bd6 - - default default] 10.0.0.89 "GET /v2.0/ports HTTP/1.1" status: 200 len: 3212 time: 0.1827407
2026-07-10 01:07:03.632 10 INFO neutron.db.ovn_revision_numbers_db [None req-d93aecf3-ff1d-4b41-b0a9-65522d904be6 2009d63c199e4bb49208a9c8657a3730 dfc094d2280b4cdda9a7c96c92caf8e8 - - default default] Successfully bumped revision number for resource 28f27aa5-951a-4e16-bc29-01c8c0870c65 (type: ports) to 1
2026-07-10 01:07:03.796 9 INFO neutron.wsgi [req-41f1a54a-2652-406a-8613-dca7551abf37 req-5dadbadf-3667-4eca-812e-b450ccd5c805 d3be6eabd19f4d669ae014cc0411744e cc20095a086647a59358cfd1d847e4ce - - default default] 10.0.0.59 "GET /v2.0/ports?device_id=32cad971-e2e6-41fa-8dff-1d336f8d3453 HTTP/1.1" status: 200 len: 1168 time: 0.1507912
2026-07-10 01:07:03.848 9 INFO neutron.wsgi [req-41f1a54a-2652-406a-8613-dca7551abf37 req-1fe10b86-6df5-42b7-a9cd-83422a58459d d3be6eabd19f4d669ae014cc0411744e cc20095a086647a59358cfd1d847e4ce - - default default] 10.0.0.59 "GET /v2.0/security-groups?id=497aa6f0-22d3-4e2c-a064-5ba20699b727&fields=id&fields=name HTTP/1.1" status: 200 len: 312 time: 0.0418906
2026-07-10 01:07:03.884 9 INFO neutron.wsgi [None req-4f2a7a90-26f5-45b6-91e7-7727b10312fc f173fadf5b96492b8e6d9a115af252a6 4b6d2a90439245a89e57876ee1392bd6 - - - -] 10.0.0.89 "DELETE /v2.0/ports/694f4326-6ba9-4d91-a892-8f237231bd18 HTTP/1.1" status: 204 len: 168 time: 0.3344779
2026-07-10 01:07:04.215 10 INFO neutron.db.ovn_revision_numbers_db [None req-d93aecf3-ff1d-4b41-b0a9-65522d904be6 2009d63c199e4bb49208a9c8657a3730 dfc094d2280b4cdda9a7c96c92caf8e8 - - default default] Successfully bumped revision number for resource 28f27aa5-951a-4e16-bc29-01c8c0870c65 (type: router_ports) to 2
2026-07-10 01:07:04.230 9 INFO neutron.wsgi [None req-020a32c1-87ae-4e78-af96-a06e7eb177a9 f173fadf5b96492b8e6d9a115af252a6 4b6d2a90439245a89e57876ee1392bd6 - - - -] 10.0.0.89 "DELETE /v2.0/ports/13798190-817b-4d9d-a557-15a83782df5e HTTP/1.1" status: 204 len: 168 time: 0.3413074 /var/lib/openstack/lib/python3.10/site-packages/pycadf/identifier.py:71: UserWarning: Invalid uuid: neutron. To ensure interoperability, identifiers should be a valid uuid. warnings.warn(('Invalid uuid: %s. To ensure interoperability, '
2026-07-10 01:07:04.362 10 INFO neutron.wsgi [req-516de8ca-4757-4382-a23c-16cb7c9aed45 req-79d138cb-200d-4314-bc7e-931090b38d5e c9d74d2f43324f73b36ebb0094cb031c 6866071881684ea7b0f92cb7fb0d6dea - - default default] 10.0.0.59 "GET /v2.0/ports?device_id=a3102a4a-3ab6-4b9a-8e51-082410f958b2 HTTP/1.1" status: 200 len: 1172 time: 0.0836332
2026-07-10 01:07:04.402 10 INFO neutron.db.ovn_revision_numbers_db [None req-d93aecf3-ff1d-4b41-b0a9-65522d904be6 2009d63c199e4bb49208a9c8657a3730 dfc094d2280b4cdda9a7c96c92caf8e8 - - default default] Successfully bumped revision number for resource 28f27aa5-951a-4e16-bc29-01c8c0870c65 (type: ports) to 2
2026-07-10 01:07:04.419 10 INFO neutron.wsgi [None req-60cbb54a-d6f3-43ec-a48c-30c020869dec f173fadf5b96492b8e6d9a115af252a6 4b6d2a90439245a89e57876ee1392bd6 - - default default] 10.0.0.89 "GET /v2.0/ports HTTP/1.1" status: 200 len: 1718 time: 0.1823301
2026-07-10 01:07:04.434 10 INFO neutron.wsgi [req-516de8ca-4757-4382-a23c-16cb7c9aed45 req-83d2f00a-e208-4474-866a-5f7d12181b9f c9d74d2f43324f73b36ebb0094cb031c 6866071881684ea7b0f92cb7fb0d6dea - - default default] 10.0.0.59 "GET /v2.0/security-groups?id=ce172b70-d278-4218-8f07-1c98ca5b990b&fields=id&fields=name HTTP/1.1" status: 200 len: 313 time: 0.0627232
2026-07-10 01:07:04.513 10 WARNING neutron.scheduler.dhcp_agent_scheduler [None req-d93aecf3-ff1d-4b41-b0a9-65522d904be6 2009d63c199e4bb49208a9c8657a3730 dfc094d2280b4cdda9a7c96c92caf8e8 - - default default] No more DHCP agents
2026-07-10 01:07:04.514 10 WARNING neutron.api.rpc.agentnotifiers.dhcp_rpc_agent_api [None req-d93aecf3-ff1d-4b41-b0a9-65522d904be6 2009d63c199e4bb49208a9c8657a3730 dfc094d2280b4cdda9a7c96c92caf8e8 - - default default] Unable to schedule network a71a6beb-ed16-4dec-ae28-ca315b188643: no agents available; will retry on subsequent port and subnet creation events.
2026-07-10 01:07:04.523 9 INFO neutron.db.segments_db [None req-30bdf318-ab2c-4b80-895f-105ecdc0a81d f173fadf5b96492b8e6d9a115af252a6 4b6d2a90439245a89e57876ee1392bd6 - - - -] Added segment b992ca99-e866-4c00-a42a-3c233ff919d1 of type geneve for network f741d2a5-4897-4ca5-978b-a91b916bb655
2026-07-10 01:07:04.888 9 INFO neutron.db.ovn_revision_numbers_db [None req-30bdf318-ab2c-4b80-895f-105ecdc0a81d f173fadf5b96492b8e6d9a115af252a6 4b6d2a90439245a89e57876ee1392bd6 - - - -] Successfully bumped revision number for resource f741d2a5-4897-4ca5-978b-a91b916bb655 (type: networks) to 1
2026-07-10 01:07:04.978 9 INFO neutron.wsgi [req-6f2944ee-bc3b-4f42-a4fb-0c07f7e620fe req-0963ce27-1e86-4f6e-a209-d6873984b37c d3be6eabd19f4d669ae014cc0411744e cc20095a086647a59358cfd1d847e4ce - - default default] 10.0.0.59 "GET /v2.0/ports?device_id=32cad971-e2e6-41fa-8dff-1d336f8d3453 HTTP/1.1" status: 200 len: 1168 time: 0.0389245
2026-07-10 01:07:05.064 9 INFO neutron.wsgi [req-6f2944ee-bc3b-4f42-a4fb-0c07f7e620fe req-29b673a9-7d40-445e-a144-c07f5c68daa9 d3be6eabd19f4d669ae014cc0411744e cc20095a086647a59358cfd1d847e4ce - - default default] 10.0.0.59 "GET /v2.0/security-groups?id=497aa6f0-22d3-4e2c-a064-5ba20699b727&fields=id&fields=name HTTP/1.1" status: 200 len: 312 time: 0.0743155
2026-07-10 01:07:05.101 10 INFO neutron.db.ovn_revision_numbers_db [None req-d93aecf3-ff1d-4b41-b0a9-65522d904be6 2009d63c199e4bb49208a9c8657a3730 dfc094d2280b4cdda9a7c96c92caf8e8 - - - -] Successfully bumped revision number for resource 28f27aa5-951a-4e16-bc29-01c8c0870c65 (type: router_ports) to 2
2026-07-10 01:07:05.104 10 INFO neutron.wsgi [None req-d93aecf3-ff1d-4b41-b0a9-65522d904be6 2009d63c199e4bb49208a9c8657a3730 dfc094d2280b4cdda9a7c96c92caf8e8 - - - -] 10.0.0.89 "PUT /v2.0/routers/b3b2d8df-c148-444f-a3ee-626e901289d0/add_router_interface HTTP/1.1" status: 200 len: 503 time: 2.3285401
2026-07-10 01:07:05.154 9 WARNING neutron.scheduler.dhcp_agent_scheduler [None req-30bdf318-ab2c-4b80-895f-105ecdc0a81d f173fadf5b96492b8e6d9a115af252a6 4b6d2a90439245a89e57876ee1392bd6 - - - -] No more DHCP agents
2026-07-10 01:07:05.158 9 WARNING neutron.api.rpc.agentnotifiers.dhcp_rpc_agent_api [None req-30bdf318-ab2c-4b80-895f-105ecdc0a81d f173fadf5b96492b8e6d9a115af252a6 4b6d2a90439245a89e57876ee1392bd6 - - - -] Unable to schedule network f741d2a5-4897-4ca5-978b-a91b916bb655: no agents available; will retry on subsequent port and subnet creation events.
2026-07-10 01:07:05.205 10 INFO neutron.wsgi [None req-360db103-893c-40ad-8bd2-4b38a16c30ec 2009d63c199e4bb49208a9c8657a3730 dfc094d2280b4cdda9a7c96c92caf8e8 - - default default] 10.0.0.89 "GET /v2.0/ports/28f27aa5-951a-4e16-bc29-01c8c0870c65 HTTP/1.1" status: 200 len: 1147 time: 0.0960994
2026-07-10 01:07:05.248 10 INFO neutron.wsgi [None req-3711f173-6135-4a61-9802-a6d58b4054ef 2009d63c199e4bb49208a9c8657a3730 dfc094d2280b4cdda9a7c96c92caf8e8 - - default default] 10.0.0.89 "GET /v2.0/ports/28f27aa5-951a-4e16-bc29-01c8c0870c65 HTTP/1.1" status: 200 len: 1147 time: 0.0357275
2026-07-10 01:07:05.256 9 INFO neutron.db.ovn_revision_numbers_db [None req-30bdf318-ab2c-4b80-895f-105ecdc0a81d f173fadf5b96492b8e6d9a115af252a6 4b6d2a90439245a89e57876ee1392bd6 - - - -] Successfully bumped revision number for resource 4c53271b-44bf-4085-a526-690321efd754 (type: ports) to 1
2026-07-10 01:07:05.280 9 INFO neutron.wsgi [None req-30bdf318-ab2c-4b80-895f-105ecdc0a81d f173fadf5b96492b8e6d9a115af252a6 4b6d2a90439245a89e57876ee1392bd6 - - - -] 10.0.0.89 "POST /v2.0/networks HTTP/1.1" status: 201 len: 852 time: 0.8487809
2026-07-10 01:07:05.368 9 INFO neutron.db.segments_db [None req-fe56558f-52ff-4a4d-aebd-7852de5451e3 f173fadf5b96492b8e6d9a115af252a6 4b6d2a90439245a89e57876ee1392bd6 - - - -] Added segment fd013b75-be7e-41b9-b59a-3b8232b3e0cf of type geneve for network 7c058ec1-7c2e-4e2f-be53-521097e9bf2f
2026-07-10 01:07:05.506 9 INFO neutron.db.ovn_revision_numbers_db [None req-fe56558f-52ff-4a4d-aebd-7852de5451e3 f173fadf5b96492b8e6d9a115af252a6 4b6d2a90439245a89e57876ee1392bd6 - - - -] Successfully bumped revision number for resource 7c058ec1-7c2e-4e2f-be53-521097e9bf2f (type: networks) to 1
2026-07-10 01:07:05.546 10 INFO neutron.wsgi [req-d6bb9b2d-1e8b-4d16-9006-a4ea4b7b12a7 req-ee41ccdd-c6cc-4ee6-a1d8-a933ac1c3edf c9d74d2f43324f73b36ebb0094cb031c 6866071881684ea7b0f92cb7fb0d6dea - - default default] 10.0.0.59 "GET /v2.0/ports?device_id=a3102a4a-3ab6-4b9a-8e51-082410f958b2 HTTP/1.1" status: 200 len: 1172 time: 0.0374200
2026-07-10 01:07:05.591 10 INFO neutron.wsgi [req-d6bb9b2d-1e8b-4d16-9006-a4ea4b7b12a7 req-c9bef8f4-954d-4784-8d40-e26d8cbef39e c9d74d2f43324f73b36ebb0094cb031c 6866071881684ea7b0f92cb7fb0d6dea - - default default] 10.0.0.59 "GET /v2.0/security-groups?id=ce172b70-d278-4218-8f07-1c98ca5b990b&fields=id&fields=name HTTP/1.1" status: 200 len: 313 time: 0.0351927
2026-07-10 01:07:05.698 9 WARNING neutron.scheduler.dhcp_agent_scheduler [None req-fe56558f-52ff-4a4d-aebd-7852de5451e3 f173fadf5b96492b8e6d9a115af252a6 4b6d2a90439245a89e57876ee1392bd6 - - - -] No more DHCP agents
2026-07-10 01:07:05.701 9 WARNING neutron.api.rpc.agentnotifiers.dhcp_rpc_agent_api [None req-fe56558f-52ff-4a4d-aebd-7852de5451e3 f173fadf5b96492b8e6d9a115af252a6 4b6d2a90439245a89e57876ee1392bd6 - - - -] Unable to schedule network 7c058ec1-7c2e-4e2f-be53-521097e9bf2f: no agents available; will retry on subsequent port and subnet creation events.
2026-07-10 01:07:05.773 9 INFO neutron.db.ovn_revision_numbers_db [None req-fe56558f-52ff-4a4d-aebd-7852de5451e3 f173fadf5b96492b8e6d9a115af252a6 4b6d2a90439245a89e57876ee1392bd6 - - - -] Successfully bumped revision number for resource f48dd0ee-a1f0-4779-99fd-b1b03185e94d (type: ports) to 1
2026-07-10 01:07:05.792 9 INFO neutron.wsgi [None req-fe56558f-52ff-4a4d-aebd-7852de5451e3 f173fadf5b96492b8e6d9a115af252a6 4b6d2a90439245a89e57876ee1392bd6 - - - -] 10.0.0.89 "POST /v2.0/networks HTTP/1.1" status: 201 len: 852 time: 0.5074854
2026-07-10 01:07:06.181 9 INFO neutron.wsgi [req-614189a2-0934-40d0-a4c2-dfdad3bc3f54 req-62bb26e9-4e46-403f-92e5-c22ef4787055 d3be6eabd19f4d669ae014cc0411744e cc20095a086647a59358cfd1d847e4ce - - default default] 10.0.0.59 "GET /v2.0/ports?device_id=32cad971-e2e6-41fa-8dff-1d336f8d3453 HTTP/1.1" status: 200 len: 1168 time: 0.0509939
2026-07-10 01:07:06.238 9 INFO neutron.wsgi [req-614189a2-0934-40d0-a4c2-dfdad3bc3f54 req-d76f8ec8-f2d6-4fe1-9272-0c799e1a477c d3be6eabd19f4d669ae014cc0411744e cc20095a086647a59358cfd1d847e4ce - - default default] 10.0.0.59 "GET /v2.0/security-groups?id=497aa6f0-22d3-4e2c-a064-5ba20699b727&fields=id&fields=name HTTP/1.1" status: 200 len: 312 time: 0.0477800
2026-07-10 01:07:06.301 10 INFO neutron.wsgi [None req-d8c5cc15-e0a3-4130-8828-ea048c23fce0 2009d63c199e4bb49208a9c8657a3730 dfc094d2280b4cdda9a7c96c92caf8e8 - - default default] 10.0.0.89 "GET /v2.0/ports/28f27aa5-951a-4e16-bc29-01c8c0870c65 HTTP/1.1" status: 200 len: 1147 time: 0.0465329
2026-07-10 01:07:06.696 10 INFO neutron.wsgi [req-8f674026-1a37-4395-bf0b-4fa7d72ca865 req-96812523-d276-4659-b2a8-85bc539fc07c c9d74d2f43324f73b36ebb0094cb031c 6866071881684ea7b0f92cb7fb0d6dea - - default default] 10.0.0.59 "GET /v2.0/ports?device_id=a3102a4a-3ab6-4b9a-8e51-082410f958b2 HTTP/1.1" status: 200 len: 1172 time: 0.0355203
2026-07-10 01:07:06.759 10 INFO neutron.wsgi [req-8f674026-1a37-4395-bf0b-4fa7d72ca865 req-87e660d8-3fb5-4830-9774-db6d339e574c c9d74d2f43324f73b36ebb0094cb031c 6866071881684ea7b0f92cb7fb0d6dea - - default default] 10.0.0.59 "GET /v2.0/security-groups?id=ce172b70-d278-4218-8f07-1c98ca5b990b&fields=id&fields=name HTTP/1.1" status: 200 len: 313 time: 0.0494392
2026-07-10 01:07:06.795 10 WARNING neutron.scheduler.dhcp_agent_scheduler [None req-d3bc2024-a59f-4c6a-aa90-25f526c387ac f173fadf5b96492b8e6d9a115af252a6 4b6d2a90439245a89e57876ee1392bd6 - - - -] No more DHCP agents
2026-07-10 01:07:06.803 10 WARNING neutron.api.rpc.agentnotifiers.dhcp_rpc_agent_api [None req-d3bc2024-a59f-4c6a-aa90-25f526c387ac f173fadf5b96492b8e6d9a115af252a6 4b6d2a90439245a89e57876ee1392bd6 - - - -] Unable to schedule network f741d2a5-4897-4ca5-978b-a91b916bb655: no agents available; will retry on subsequent port and subnet creation events.
2026-07-10 01:07:06.827 10 INFO neutron.db.ovn_revision_numbers_db [None req-d3bc2024-a59f-4c6a-aa90-25f526c387ac f173fadf5b96492b8e6d9a115af252a6 4b6d2a90439245a89e57876ee1392bd6 - - - -] Successfully bumped revision number for resource 5e2055dc-e962-474d-89a1-1692741951b7 (type: subnets) to 0
2026-07-10 01:07:06.856 10 WARNING neutron.scheduler.dhcp_agent_scheduler [None req-d3bc2024-a59f-4c6a-aa90-25f526c387ac f173fadf5b96492b8e6d9a115af252a6 4b6d2a90439245a89e57876ee1392bd6 - - - -] No more DHCP agents
2026-07-10 01:07:06.859 10 WARNING neutron.api.rpc.agentnotifiers.dhcp_rpc_agent_api [None req-d3bc2024-a59f-4c6a-aa90-25f526c387ac f173fadf5b96492b8e6d9a115af252a6 4b6d2a90439245a89e57876ee1392bd6 - - - -] Unable to schedule network 7c058ec1-7c2e-4e2f-be53-521097e9bf2f: no agents available; will retry on subsequent port and subnet creation events.
2026-07-10 01:07:06.873 10 INFO neutron.db.ovn_revision_numbers_db [None req-d3bc2024-a59f-4c6a-aa90-25f526c387ac f173fadf5b96492b8e6d9a115af252a6 4b6d2a90439245a89e57876ee1392bd6 - - - -] Successfully bumped revision number for resource aa58a0e5-10d4-41e1-a1c1-36e8c785be91 (type: subnets) to 0
2026-07-10 01:07:06.891 10 INFO neutron.wsgi [None req-d3bc2024-a59f-4c6a-aa90-25f526c387ac f173fadf5b96492b8e6d9a115af252a6 4b6d2a90439245a89e57876ee1392bd6 - - - -] 10.0.0.89 "POST /v2.0/subnets HTTP/1.1" status: 201 len: 1476 time: 0.5883679
2026-07-10 01:07:06.943 10 INFO neutron.wsgi [None req-f7f53797-a7b6-4fb2-98e4-14b8bbe88d3b f173fadf5b96492b8e6d9a115af252a6 4b6d2a90439245a89e57876ee1392bd6 - - default default] 10.0.0.89 "GET /v2.0/subnets HTTP/1.1" status: 200 len: 2084 time: 0.0457301
2026-07-10 01:07:07.148 10 INFO neutron.wsgi [None req-0f591e6e-7cb5-4c1a-9a93-4c10c4dda8ae f173fadf5b96492b8e6d9a115af252a6 4b6d2a90439245a89e57876ee1392bd6 - - - -] 10.0.0.89 "DELETE /v2.0/subnets/5e2055dc-e962-474d-89a1-1692741951b7 HTTP/1.1" status: 204 len: 168 time: 0.1909354
2026-07-10 01:07:07.365 9 INFO neutron.wsgi [req-91298e8d-cd26-4e6f-8e06-f282cbcb87b4 req-d6a4a534-cfd6-4d77-9114-02f94c1fbb64 d3be6eabd19f4d669ae014cc0411744e cc20095a086647a59358cfd1d847e4ce - - default default] 10.0.0.59 "GET /v2.0/ports?device_id=32cad971-e2e6-41fa-8dff-1d336f8d3453 HTTP/1.1" status: 200 len: 1168 time: 0.0467160
2026-07-10 01:07:07.366 10 INFO neutron.wsgi [None req-9537b8c9-08af-4df8-ab46-2ba474596939 2009d63c199e4bb49208a9c8657a3730 dfc094d2280b4cdda9a7c96c92caf8e8 - - default default] 10.0.0.89 "GET /v2.0/ports/28f27aa5-951a-4e16-bc29-01c8c0870c65 HTTP/1.1" status: 200 len: 1147 time: 0.0545702
2026-07-10 01:07:07.409 9 INFO neutron.wsgi [req-91298e8d-cd26-4e6f-8e06-f282cbcb87b4 req-203c4d19-d48b-4614-a5b2-9217bc25003f d3be6eabd19f4d669ae014cc0411744e cc20095a086647a59358cfd1d847e4ce - - default default] 10.0.0.59 "GET /v2.0/security-groups?id=497aa6f0-22d3-4e2c-a064-5ba20699b727&fields=id&fields=name HTTP/1.1" status: 200 len: 312 time: 0.0351388
2026-07-10 01:07:07.432 10 INFO neutron.wsgi [None req-792c8cc8-38ae-41de-9fee-5a7febe5bccc f173fadf5b96492b8e6d9a115af252a6 4b6d2a90439245a89e57876ee1392bd6 - - - -] 10.0.0.89 "DELETE /v2.0/subnets/aa58a0e5-10d4-41e1-a1c1-36e8c785be91 HTTP/1.1" status: 204 len: 168 time: 0.2755117
2026-07-10 01:07:07.451 10 WARNING neutron.plugins.ml2.drivers.ovn.mech_driver.ovsdb.ovn_client [None req-2cf7cbb6-eca9-4d5d-8277-98de6e5b5f10 - - - - - -] No hosting information found for port 9a6180b8-787e-4805-b1fe-2b7e2bce0a07: RuntimeError: No hosting information found for port 9a6180b8-787e-4805-b1fe-2b7e2bce0a07
2026-07-10 01:07:07.451 10 INFO neutron.plugins.ml2.drivers.ovn.mech_driver.mech_driver [None req-2cf7cbb6-eca9-4d5d-8277-98de6e5b5f10 - - - - - -] OVN reports status up for port: 0dd359e0-0a9a-4941-9bf0-623004f30035
2026-07-10 01:07:07.462 10 INFO neutron.plugins.ml2.plugin [None req-2cf7cbb6-eca9-4d5d-8277-98de6e5b5f10 - - - - - -] Attempt 1 to provision port 0dd359e0-0a9a-4941-9bf0-623004f30035
2026-07-10 01:07:07.508 9 INFO neutron.wsgi [None req-fdf3799e-c35d-4234-8bec-46fdcd29b933 f173fadf5b96492b8e6d9a115af252a6 4b6d2a90439245a89e57876ee1392bd6 - - default default] 10.0.0.89 "GET /v2.0/subnets HTTP/1.1" status: 200 len: 820 time: 0.0692503
2026-07-10 01:07:07.596 10 INFO neutron.notifiers.nova [-] Nova event matching ['req-a33b6924-f210-41db-b660-eda26f6d5e31'] response: {'server_uuid': 'a3102a4a-3ab6-4b9a-8e51-082410f958b2', 'name': 'network-vif-plugged', 'status': 'completed', 'tag': '0dd359e0-0a9a-4941-9bf0-623004f30035', 'code': 200}
2026-07-10 01:07:07.844 10 INFO neutron.db.ovn_revision_numbers_db [None req-2cf7cbb6-eca9-4d5d-8277-98de6e5b5f10 - - - - - -] Successfully bumped revision number for resource 0dd359e0-0a9a-4941-9bf0-623004f30035 (type: ports) to 4
2026-07-10 01:07:07.990 9 INFO neutron.wsgi [req-c57192ec-763d-487f-b9f8-c7a44ce89935 req-fe7326a8-f4d9-45f9-b1f1-249165883913 c9d74d2f43324f73b36ebb0094cb031c 6866071881684ea7b0f92cb7fb0d6dea - - default default] 10.0.0.59 "GET /v2.0/ports?device_id=a3102a4a-3ab6-4b9a-8e51-082410f958b2 HTTP/1.1" status: 200 len: 1174 time: 0.1331987
2026-07-10 01:07:08.041 9 INFO neutron.wsgi [req-c57192ec-763d-487f-b9f8-c7a44ce89935 req-85b6e887-0d36-45fa-ab34-d3f5a162b826 c9d74d2f43324f73b36ebb0094cb031c 6866071881684ea7b0f92cb7fb0d6dea - - default default] 10.0.0.59 "GET /v2.0/security-groups?id=ce172b70-d278-4218-8f07-1c98ca5b990b&fields=id&fields=name HTTP/1.1" status: 200 len: 313 time: 0.0471370
2026-07-10 01:07:08.056 10 INFO neutron.services.segments.plugin [-] Segment fd013b75-be7e-41b9-b59a-3b8232b3e0cf resource provider aggregate not found
2026-07-10 01:07:08.061 10 INFO neutron.services.segments.plugin [-] Segment fd013b75-be7e-41b9-b59a-3b8232b3e0cf resource provider aggregate not found
2026-07-10 01:07:08.085 10 INFO neutron.services.segments.plugin [-] Segment fd013b75-be7e-41b9-b59a-3b8232b3e0cf resource provider not found; error: Placement Client Error (4xx): {"errors": [{"status": 404, "title": "Not Found", "detail": "The resource could not be found.\n\n No resource provider with uuid fd013b75-be7e-41b9-b59a-3b8232b3e0cf found for delete ", "request_id": "req-b3be24cf-679d-4826-a18e-8b02ca9593a1"}]}
2026-07-10 01:07:08.087 10 INFO neutron.services.segments.plugin [-] Segment fd013b75-be7e-41b9-b59a-3b8232b3e0cf resource provider not found; error: Placement Client Error (4xx): {"errors": [{"status": 404, "title": "Not Found", "detail": "The resource could not be found.\n\n No resource provider with uuid fd013b75-be7e-41b9-b59a-3b8232b3e0cf found for delete ", "request_id": "req-6618a372-3aed-46b0-9400-60fbb713c1dc"}]}
2026-07-10 01:07:08.111 10 INFO neutron.wsgi [None req-5402542c-40d9-440b-9dab-e759c7127f08 f173fadf5b96492b8e6d9a115af252a6 4b6d2a90439245a89e57876ee1392bd6 - - - -] 10.0.0.89 "DELETE /v2.0/networks/7c058ec1-7c2e-4e2f-be53-521097e9bf2f HTTP/1.1" status: 204 len: 168 time: 0.5960007 /var/lib/openstack/lib/python3.10/site-packages/pycadf/identifier.py:71: UserWarning: Invalid uuid: neutron. To ensure interoperability, identifiers should be a valid uuid. warnings.warn(('Invalid uuid: %s. To ensure interoperability, '
2026-07-10 01:07:08.238 10 INFO neutron.wsgi [req-c67ca94f-dbb3-4d6f-9650-23c2de907f86 req-c6ee1b1c-ee6b-4063-a84e-cc532a305cb5 c9d74d2f43324f73b36ebb0094cb031c 6866071881684ea7b0f92cb7fb0d6dea - - default default] 10.0.0.59 "GET /v2.0/ports?device_id=a3102a4a-3ab6-4b9a-8e51-082410f958b2 HTTP/1.1" status: 200 len: 1174 time: 0.1049383
2026-07-10 01:07:08.471 9 INFO neutron.wsgi [None req-cfbe9276-5d7f-4fc4-beaa-90067b4b6026 2009d63c199e4bb49208a9c8657a3730 dfc094d2280b4cdda9a7c96c92caf8e8 - - default default] 10.0.0.89 "GET /v2.0/ports/28f27aa5-951a-4e16-bc29-01c8c0870c65 HTTP/1.1" status: 200 len: 1147 time: 0.0959370
2026-07-10 01:07:08.502 10 INFO neutron.db.l3_db [None req-df480d49-982f-42fe-877e-38f9c2ecb2f0 c9d74d2f43324f73b36ebb0094cb031c 6866071881684ea7b0f92cb7fb0d6dea - - - -] Floating IP 7efc772f-4f11-4a0a-a850-b8fd6c545dab associated. External IP: 10.96.250.220, port: 0dd359e0-0a9a-4941-9bf0-623004f30035.
2026-07-10 01:07:08.544 9 INFO neutron.wsgi [req-f339391c-154d-460c-8659-e3a6248345dd req-8e092e3e-7776-493b-80fe-b680ea6724b7 d3be6eabd19f4d669ae014cc0411744e cc20095a086647a59358cfd1d847e4ce - - default default] 10.0.0.59 "GET /v2.0/ports?device_id=32cad971-e2e6-41fa-8dff-1d336f8d3453 HTTP/1.1" status: 200 len: 1168 time: 0.0533674
2026-07-10 01:07:08.591 9 INFO neutron.wsgi [req-f339391c-154d-460c-8659-e3a6248345dd req-7e113c0b-52c2-4afa-aec4-27157365c91b d3be6eabd19f4d669ae014cc0411744e cc20095a086647a59358cfd1d847e4ce - - default default] 10.0.0.59 "GET /v2.0/security-groups?id=497aa6f0-22d3-4e2c-a064-5ba20699b727&fields=id&fields=name HTTP/1.1" status: 200 len: 312 time: 0.0393488
2026-07-10 01:07:08.632 9 INFO neutron.services.segments.plugin [-] Segment b992ca99-e866-4c00-a42a-3c233ff919d1 resource provider aggregate not found
2026-07-10 01:07:08.646 9 WARNING neutron.plugins.ml2.drivers.ovn.mech_driver.ovsdb.ovn_client [None req-68e7ad87-98e3-49de-afae-e972b9ce3ad8 - - - - - -] No hosting information found for port 19ca9aa8-18eb-496e-9717-9ca37d2af755: RuntimeError: No hosting information found for port 19ca9aa8-18eb-496e-9717-9ca37d2af755
2026-07-10 01:07:08.646 9 INFO neutron.plugins.ml2.drivers.ovn.mech_driver.mech_driver [None req-68e7ad87-98e3-49de-afae-e972b9ce3ad8 - - - - - -] OVN reports status up for port: 875a5597-d36f-4293-bd0d-1cab910fcf73
2026-07-10 01:07:08.661 9 INFO neutron.services.segments.plugin [-] Segment b992ca99-e866-4c00-a42a-3c233ff919d1 resource provider not found; error: Placement Client Error (4xx): {"errors": [{"status": 404, "title": "Not Found", "detail": "The resource could not be found.\n\n No resource provider with uuid b992ca99-e866-4c00-a42a-3c233ff919d1 found for delete ", "request_id": "req-ea0db3e8-34e9-4d24-a542-d884efcd9f33"}]}
2026-07-10 01:07:08.673 9 INFO neutron.plugins.ml2.plugin [None req-68e7ad87-98e3-49de-afae-e972b9ce3ad8 - - - - - -] Attempt 1 to provision port 875a5597-d36f-4293-bd0d-1cab910fcf73
2026-07-10 01:07:08.706 10 INFO neutron.db.ovn_revision_numbers_db [None req-df480d49-982f-42fe-877e-38f9c2ecb2f0 c9d74d2f43324f73b36ebb0094cb031c 6866071881684ea7b0f92cb7fb0d6dea - - - -] Successfully bumped revision number for resource 7efc772f-4f11-4a0a-a850-b8fd6c545dab (type: floatingips) to 1
2026-07-10 01:07:08.713 9 INFO neutron.wsgi [None req-fd01c7ab-ee2c-4c86-aa25-692afab70ca3 f173fadf5b96492b8e6d9a115af252a6 4b6d2a90439245a89e57876ee1392bd6 - - - -] 10.0.0.89 "DELETE /v2.0/networks/f741d2a5-4897-4ca5-978b-a91b916bb655 HTTP/1.1" status: 204 len: 168 time: 0.5937462
2026-07-10 01:07:08.724 9 INFO neutron.services.segments.plugin [-] Segment b992ca99-e866-4c00-a42a-3c233ff919d1 resource provider aggregate not found
2026-07-10 01:07:08.749 9 INFO neutron.services.segments.plugin [-] Segment b992ca99-e866-4c00-a42a-3c233ff919d1 resource provider not found; error: Placement Client Error (4xx): {"errors": [{"status": 404, "title": "Not Found", "detail": "The resource could not be found.\n\n No resource provider with uuid b992ca99-e866-4c00-a42a-3c233ff919d1 found for delete ", "request_id": "req-5db4699d-cc09-4d3e-93e6-54b9f5367307"}]}
2026-07-10 01:07:08.837 10 INFO neutron.db.ovn_revision_numbers_db [None req-df480d49-982f-42fe-877e-38f9c2ecb2f0 c9d74d2f43324f73b36ebb0094cb031c 6866071881684ea7b0f92cb7fb0d6dea - - - -] Successfully bumped revision number for resource 7efc772f-4f11-4a0a-a850-b8fd6c545dab (type: floatingips) to 2
2026-07-10 01:07:08.849 9 INFO neutron.notifiers.nova [-] Nova event matching ['req-1c742b78-3565-4385-bd79-5fd98fd876f0'] response: {'server_uuid': '32cad971-e2e6-41fa-8dff-1d336f8d3453', 'name': 'network-vif-plugged', 'status': 'completed', 'tag': '875a5597-d36f-4293-bd0d-1cab910fcf73', 'code': 200}
2026-07-10 01:07:08.887 10 INFO neutron.wsgi [None req-df480d49-982f-42fe-877e-38f9c2ecb2f0 c9d74d2f43324f73b36ebb0094cb031c 6866071881684ea7b0f92cb7fb0d6dea - - - -] 10.0.0.89 "PUT /v2.0/floatingips/7efc772f-4f11-4a0a-a850-b8fd6c545dab HTTP/1.1" status: 200 len: 1050 time: 0.6355052
2026-07-10 01:07:09.034 9 INFO neutron.wsgi [req-f4958c5c-0d63-4704-8425-baad3576e286 req-5882340a-ed45-46a2-be22-9bbf3078f631 c9d74d2f43324f73b36ebb0094cb031c 6866071881684ea7b0f92cb7fb0d6dea - - default default] 10.0.0.59 "GET /v2.0/ports?device_id=a3102a4a-3ab6-4b9a-8e51-082410f958b2 HTTP/1.1" status: 200 len: 1174 time: 0.0591342
2026-07-10 01:07:09.116 9 INFO neutron.db.ovn_revision_numbers_db [None req-68e7ad87-98e3-49de-afae-e972b9ce3ad8 - - - - - -] Successfully bumped revision number for resource 875a5597-d36f-4293-bd0d-1cab910fcf73 (type: ports) to 4
2026-07-10 01:07:09.146 9 INFO neutron.wsgi [req-f4958c5c-0d63-4704-8425-baad3576e286 req-4a1497db-c56c-48e4-87d2-b3b0dd60e3e4 c9d74d2f43324f73b36ebb0094cb031c 6866071881684ea7b0f92cb7fb0d6dea - - default default] 10.0.0.59 "GET /v2.0/security-groups?id=ce172b70-d278-4218-8f07-1c98ca5b990b&fields=id&fields=name HTTP/1.1" status: 200 len: 313 time: 0.1057403
2026-07-10 01:07:09.191 9 INFO neutron.plugins.ml2.drivers.ovn.mech_driver.mech_driver [None req-68e7ad87-98e3-49de-afae-e972b9ce3ad8 - - - - - -] OVN reports status up for port: 28f27aa5-951a-4e16-bc29-01c8c0870c65
2026-07-10 01:07:09.211 9 INFO neutron.plugins.ml2.plugin [None req-68e7ad87-98e3-49de-afae-e972b9ce3ad8 - - - - - -] Attempt 1 to provision port 28f27aa5-951a-4e16-bc29-01c8c0870c65
2026-07-10 01:07:09.354 9 INFO neutron.wsgi [None req-460185f1-6ff8-483e-a92b-f2e4cfc36d2b f173fadf5b96492b8e6d9a115af252a6 4b6d2a90439245a89e57876ee1392bd6 - - - -] 10.0.0.89 "DELETE /v2.0/networks/f424dc0c-a1f0-4257-8b2a-54f82d657221 HTTP/1.1" status: 204 len: 168 time: 0.6238413 /var/lib/openstack/lib/python3.10/site-packages/pycadf/identifier.py:71: UserWarning: Invalid uuid: neutron. To ensure interoperability, identifiers should be a valid uuid. warnings.warn(('Invalid uuid: %s. To ensure interoperability, '
2026-07-10 01:07:09.528 9 INFO neutron.db.ovn_revision_numbers_db [None req-68e7ad87-98e3-49de-afae-e972b9ce3ad8 - - - - - -] Successfully bumped revision number for resource 28f27aa5-951a-4e16-bc29-01c8c0870c65 (type: ports) to 3
2026-07-10 01:07:09.555 10 INFO neutron.plugins.ml2.drivers.ovn.mech_driver.mech_driver [None req-2cf7cbb6-eca9-4d5d-8277-98de6e5b5f10 - - - - - -] OVN reports status down for port: 0dd359e0-0a9a-4941-9bf0-623004f30035
2026-07-10 01:07:09.591 10 INFO neutron.wsgi [req-056b2464-0f17-4e1e-8bc9-f284700192b5 req-14129cad-beb8-4240-b7ea-1d248f732543 c9d74d2f43324f73b36ebb0094cb031c 6866071881684ea7b0f92cb7fb0d6dea - - default default] 10.0.0.59 "GET /v2.0/ports?device_id=a3102a4a-3ab6-4b9a-8e51-082410f958b2 HTTP/1.1" status: 200 len: 1174 time: 0.1048288
2026-07-10 01:07:09.597 10 INFO neutron.wsgi [None req-892d8ddd-03b3-4ac1-a5c9-deb597f405fb 2009d63c199e4bb49208a9c8657a3730 dfc094d2280b4cdda9a7c96c92caf8e8 - - default default] 10.0.0.89 "GET /v2.0/ports/28f27aa5-951a-4e16-bc29-01c8c0870c65 HTTP/1.1" status: 200 len: 1149 time: 0.1141429 /var/lib/openstack/lib/python3.10/site-packages/pycadf/identifier.py:71: UserWarning: Invalid uuid: neutron. To ensure interoperability, identifiers should be a valid uuid. warnings.warn(('Invalid uuid: %s. To ensure interoperability, '
2026-07-10 01:07:09.655 10 INFO neutron.notifiers.nova [-] Nova event matching ['req-da24f4e5-8f43-437f-838a-a7e25e3e845f'] response: {'server_uuid': 'a3102a4a-3ab6-4b9a-8e51-082410f958b2', 'name': 'network-vif-plugged', 'status': 'completed', 'tag': '0dd359e0-0a9a-4941-9bf0-623004f30035', 'code': 200}
2026-07-10 01:07:09.655 10 INFO neutron.notifiers.nova [-] Nova event matching ['req-da24f4e5-8f43-437f-838a-a7e25e3e845f'] response: {'name': 'network-changed', 'server_uuid': 'a3102a4a-3ab6-4b9a-8e51-082410f958b2', 'tag': '0dd359e0-0a9a-4941-9bf0-623004f30035', 'status': 'completed', 'code': 200}
2026-07-10 01:07:09.693 10 INFO neutron.wsgi [req-056b2464-0f17-4e1e-8bc9-f284700192b5 req-7d1dbf2f-3a9c-4fb5-9e6f-94820b9542ac c9d74d2f43324f73b36ebb0094cb031c 6866071881684ea7b0f92cb7fb0d6dea - - default default] 10.0.0.59 "GET /v2.0/security-groups?id=ce172b70-d278-4218-8f07-1c98ca5b990b&fields=id&fields=name HTTP/1.1" status: 200 len: 313 time: 0.0885434
2026-07-10 01:07:09.804 9 INFO neutron.wsgi [req-fa1e8422-0be5-4eec-8fb0-1287b2c14893 req-019c6d2b-0c4d-43d6-b413-b09ead03af0c 89c3fae6dcb646aa91c28996fe156959 faffad71723d45fd97606657dda41426 - - 8de3764cfd4c4215a6bb461fcf116421 8de3764cfd4c4215a6bb461fcf116421] 199.19.213.80 "GET /v2.0/ports?tenant_id=6866071881684ea7b0f92cb7fb0d6dea&device_id=a3102a4a-3ab6-4b9a-8e51-082410f958b2 HTTP/1.1" status: 200 len: 1365 time: 0.0943515
2026-07-10 01:07:09.804 9 INFO neutron.db.ovn_revision_numbers_db [None req-68e7ad87-98e3-49de-afae-e972b9ce3ad8 - - - - - -] Successfully bumped revision number for resource 28f27aa5-951a-4e16-bc29-01c8c0870c65 (type: router_ports) to 3
2026-07-10 01:07:10.069 10 INFO neutron.wsgi [None req-e76b9714-f68d-43d0-b0d5-cbf01cc2d18a f173fadf5b96492b8e6d9a115af252a6 4b6d2a90439245a89e57876ee1392bd6 - - - -] 10.0.0.89 "DELETE /v2.0/networks/06b17fe6-12dd-45cd-ae28-f861ca454cfc HTTP/1.1" status: 204 len: 168 time: 0.7066262
2026-07-10 01:07:10.071 10 INFO neutron.db.ovn_revision_numbers_db [None req-2cf7cbb6-eca9-4d5d-8277-98de6e5b5f10 - - - - - -] Successfully bumped revision number for resource 0dd359e0-0a9a-4941-9bf0-623004f30035 (type: ports) to 5
2026-07-10 01:07:10.103 10 INFO neutron.services.segments.plugin [-] Segment 30e09181-0553-4273-9554-6eeede49b876 resource provider aggregate not found
