2026-07-10 01:12:37.222 10 INFO neutron.api.v2.resource [None req-884e07a5-debd-40fe-b454-f23a6892dfbd f3506e025ec44521be225d069147756e 8dad7e18908e4d309ea81b8792bfb2e9 - - default default] show failed (client error): The resource could not be found.
2026-07-10 01:12:37.223 10 INFO neutron.wsgi [None req-884e07a5-debd-40fe-b454-f23a6892dfbd f3506e025ec44521be225d069147756e 8dad7e18908e4d309ea81b8792bfb2e9 - - default default] 10.0.0.89 "GET /v2.0/floatingips/b2436504-f10e-4ebe-87d2-2a687dd317e7 HTTP/1.1" status: 404 len: 345 time: 0.0320189
2026-07-10 01:12:37.241 9 INFO neutron.notifiers.nova [-] Nova event matching ['req-2e45ff0e-8c5c-4462-9f12-7365a6e5b5c3'] response: {'name': 'network-changed', 'server_uuid': 'c46f8cf4-2cb1-4ac3-99be-f049456cebf6', 'tag': '9ccfc8ff-0fc5-4b85-a0d5-aa28119449ae', 'status': 'completed', 'code': 200}
2026-07-10 01:12:37.299 9 INFO neutron.wsgi [req-16a549f5-684b-42de-b53c-b76fb06a64ab req-f74924c9-6dee-4774-af1c-8d8fc21425e1 89c3fae6dcb646aa91c28996fe156959 faffad71723d45fd97606657dda41426 - - 8de3764cfd4c4215a6bb461fcf116421 8de3764cfd4c4215a6bb461fcf116421] 199.19.213.80 "GET /v2.0/ports?tenant_id=8dad7e18908e4d309ea81b8792bfb2e9&device_id=c46f8cf4-2cb1-4ac3-99be-f049456cebf6 HTTP/1.1" status: 200 len: 1590 time: 0.0315151
2026-07-10 01:12:37.366 9 INFO neutron.wsgi [req-16a549f5-684b-42de-b53c-b76fb06a64ab req-7365c810-d113-469c-bbcd-a274b966c2b8 89c3fae6dcb646aa91c28996fe156959 faffad71723d45fd97606657dda41426 - - 8de3764cfd4c4215a6bb461fcf116421 8de3764cfd4c4215a6bb461fcf116421] 199.19.213.80 "GET /v2.0/networks?id=1bc4450e-bdd0-4a77-94e7-7cd31f18cd6b HTTP/1.1" status: 200 len: 1002 time: 0.0613928
2026-07-10 01:12:37.397 9 INFO neutron.wsgi [req-16a549f5-684b-42de-b53c-b76fb06a64ab req-f58089ba-6ec4-4c43-ad7e-7d30cb3956dc 89c3fae6dcb646aa91c28996fe156959 faffad71723d45fd97606657dda41426 - - 8de3764cfd4c4215a6bb461fcf116421 8de3764cfd4c4215a6bb461fcf116421] 199.19.213.80 "GET /v2.0/floatingips?fixed_ip_address=10.2.1.206&port_id=9ccfc8ff-0fc5-4b85-a0d5-aa28119449ae HTTP/1.1" status: 200 len: 217 time: 0.0270522
2026-07-10 01:12:37.431 9 INFO neutron.wsgi [req-16a549f5-684b-42de-b53c-b76fb06a64ab req-29128353-3f58-48a1-aa10-10cc6beceab7 89c3fae6dcb646aa91c28996fe156959 faffad71723d45fd97606657dda41426 - - 8de3764cfd4c4215a6bb461fcf116421 8de3764cfd4c4215a6bb461fcf116421] 199.19.213.80 "GET /v2.0/floatingips?fixed_ip_address=fd7b%3Af9f7%3Afff%3A4eca%3A%3A309&port_id=9ccfc8ff-0fc5-4b85-a0d5-aa28119449ae HTTP/1.1" status: 200 len: 217 time: 0.0256956
2026-07-10 01:12:37.452 9 INFO neutron.plugins.ml2.drivers.ovn.mech_driver.mech_driver [None req-68e7ad87-98e3-49de-afae-e972b9ce3ad8 - - - - - -] OVN reports status down for port: 9ccfc8ff-0fc5-4b85-a0d5-aa28119449ae
2026-07-10 01:12:37.501 10 INFO neutron.wsgi [req-bbcf5e8d-c002-4fe6-9d57-f1dcf72414a3 req-83c407f0-8786-4da9-98d4-c0b653925894 f3506e025ec44521be225d069147756e 8dad7e18908e4d309ea81b8792bfb2e9 - - default default] 10.0.0.59 "GET /v2.0/ports?device_id=c46f8cf4-2cb1-4ac3-99be-f049456cebf6 HTTP/1.1" status: 200 len: 1400 time: 0.1095340
2026-07-10 01:12:37.511 9 INFO neutron.wsgi [req-16a549f5-684b-42de-b53c-b76fb06a64ab req-ca79320d-0413-4e7b-9749-20690ec97df0 89c3fae6dcb646aa91c28996fe156959 faffad71723d45fd97606657dda41426 - - 8de3764cfd4c4215a6bb461fcf116421 8de3764cfd4c4215a6bb461fcf116421] 199.19.213.80 "GET /v2.0/subnets?id=23624490-5a54-4eca-9132-28a0e92aa509&id=e5130ff7-e9e9-4cca-99f9-3ef39eb678bc HTTP/1.1" status: 200 len: 1561 time: 0.0720091
2026-07-10 01:12:37.541 9 INFO neutron.wsgi [req-16a549f5-684b-42de-b53c-b76fb06a64ab req-35e5355e-ad85-4869-aaf2-1800979290ec 89c3fae6dcb646aa91c28996fe156959 faffad71723d45fd97606657dda41426 - - 8de3764cfd4c4215a6bb461fcf116421 8de3764cfd4c4215a6bb461fcf116421] 199.19.213.80 "GET /v2.0/ports?network_id=1bc4450e-bdd0-4a77-94e7-7cd31f18cd6b&device_owner=network%3Adhcp HTTP/1.1" status: 200 len: 210 time: 0.0238714
2026-07-10 01:12:37.547 10 INFO neutron.wsgi [req-bbcf5e8d-c002-4fe6-9d57-f1dcf72414a3 req-5c1de0fc-8e3f-4090-9b85-f3b9aef519ba f3506e025ec44521be225d069147756e 8dad7e18908e4d309ea81b8792bfb2e9 - - default default] 10.0.0.59 "GET /v2.0/security-groups?id=5edf265b-f84d-48c8-8da4-84515549881f&fields=id&fields=name HTTP/1.1" status: 200 len: 311 time: 0.0397897
2026-07-10 01:12:37.957 9 INFO neutron.wsgi [req-16a549f5-684b-42de-b53c-b76fb06a64ab req-2afaf7e8-0ec1-43b3-91b0-a8920aee3761 89c3fae6dcb646aa91c28996fe156959 faffad71723d45fd97606657dda41426 - - 8de3764cfd4c4215a6bb461fcf116421 8de3764cfd4c4215a6bb461fcf116421] 199.19.213.80 "GET /v2.0/ports?network_id=1bc4450e-bdd0-4a77-94e7-7cd31f18cd6b&device_owner=network%3Adhcp HTTP/1.1" status: 200 len: 210 time: 0.0304384
2026-07-10 01:12:38.080 9 INFO neutron.wsgi [req-16a549f5-684b-42de-b53c-b76fb06a64ab req-db1213c1-652b-4b17-a3f1-9e2995da07e4 89c3fae6dcb646aa91c28996fe156959 faffad71723d45fd97606657dda41426 - - 8de3764cfd4c4215a6bb461fcf116421 8de3764cfd4c4215a6bb461fcf116421] 199.19.213.80 "GET /v2.0/networks/1bc4450e-bdd0-4a77-94e7-7cd31f18cd6b?fields=segments HTTP/1.1" status: 200 len: 212 time: 0.1113105
2026-07-10 01:12:38.096 9 INFO neutron.wsgi [req-65e66c8a-30f6-42cb-9733-d7a33dcc7740 req-f7c3ecaf-082e-4d7e-9f63-34375722e4e5 f3506e025ec44521be225d069147756e 8dad7e18908e4d309ea81b8792bfb2e9 - - default default] 199.19.213.80 "GET /v2.0/ports?device_id=c46f8cf4-2cb1-4ac3-99be-f049456cebf6 HTTP/1.1" status: 200 len: 1400 time: 0.1687236
2026-07-10 01:12:38.216 9 INFO neutron.wsgi [req-16a549f5-684b-42de-b53c-b76fb06a64ab req-9364bb27-8558-4f7e-9538-c227c946a985 89c3fae6dcb646aa91c28996fe156959 faffad71723d45fd97606657dda41426 - - 8de3764cfd4c4215a6bb461fcf116421 8de3764cfd4c4215a6bb461fcf116421] 199.19.213.80 "GET /v2.0/networks/1bc4450e-bdd0-4a77-94e7-7cd31f18cd6b?fields=provider%3Aphysical_network&fields=provider%3Anetwork_type HTTP/1.1" status: 200 len: 277 time: 0.1255581
2026-07-10 01:12:38.352 9 INFO neutron.db.ovn_revision_numbers_db [None req-68e7ad87-98e3-49de-afae-e972b9ce3ad8 - - - - - -] Successfully bumped revision number for resource 9ccfc8ff-0fc5-4b85-a0d5-aa28119449ae (type: ports) to 5
2026-07-10 01:12:38.522 9 INFO neutron.wsgi [None req-aedd3241-fc24-4d66-81cb-d25ad7103a2e f3506e025ec44521be225d069147756e 8dad7e18908e4d309ea81b8792bfb2e9 - - - -] 199.19.213.80 "DELETE /v2.0/ports/9ccfc8ff-0fc5-4b85-a0d5-aa28119449ae HTTP/1.1" status: 204 len: 173 time: 0.4200201
2026-07-10 01:12:39.280 9 INFO neutron.notifiers.nova [-] Nova event matching ['req-cc991876-faf9-450e-a993-a542a5a0ca49'] response: {'server_uuid': 'c46f8cf4-2cb1-4ac3-99be-f049456cebf6', 'name': 'network-vif-unplugged', 'status': 'completed', 'tag': '9ccfc8ff-0fc5-4b85-a0d5-aa28119449ae', 'code': 200}
2026-07-10 01:12:39.280 9 INFO neutron.notifiers.nova [-] Nova event matching ['req-cc991876-faf9-450e-a993-a542a5a0ca49'] response: {'server_uuid': 'c46f8cf4-2cb1-4ac3-99be-f049456cebf6', 'name': 'network-vif-plugged', 'status': 'completed', 'tag': '9ccfc8ff-0fc5-4b85-a0d5-aa28119449ae', 'code': 200}
2026-07-10 01:12:39.280 9 INFO neutron.notifiers.nova [-] Nova event matching ['req-cc991876-faf9-450e-a993-a542a5a0ca49'] response: {'server_uuid': 'c46f8cf4-2cb1-4ac3-99be-f049456cebf6', 'name': 'network-vif-deleted', 'tag': '9ccfc8ff-0fc5-4b85-a0d5-aa28119449ae', 'status': 'completed', 'code': 200} /var/lib/openstack/lib/python3.10/site-packages/pycadf/identifier.py:71: UserWarning: Invalid uuid: neutron. To ensure interoperability, identifiers should be a valid uuid. warnings.warn(('Invalid uuid: %s. To ensure interoperability, '
2026-07-10 01:12:42.765 9 INFO neutron.wsgi [None req-3eb52c67-97a0-4f8f-8b8b-3f08006335e7 f3506e025ec44521be225d069147756e 8dad7e18908e4d309ea81b8792bfb2e9 - - - -] 10.0.0.89 "DELETE /v2.0/security-group-rules/7e269b64-f5e7-46bf-9637-b21a79abb163 HTTP/1.1" status: 204 len: 168 time: 0.1476088
2026-07-10 01:12:42.781 9 INFO neutron.api.v2.resource [None req-37acb58b-f97c-411d-a961-47e205c8e902 f3506e025ec44521be225d069147756e 8dad7e18908e4d309ea81b8792bfb2e9 - - default default] show failed (client error): The resource could not be found.
2026-07-10 01:12:42.783 9 INFO neutron.wsgi [None req-37acb58b-f97c-411d-a961-47e205c8e902 f3506e025ec44521be225d069147756e 8dad7e18908e4d309ea81b8792bfb2e9 - - default default] 10.0.0.89 "GET /v2.0/security-group-rules/7e269b64-f5e7-46bf-9637-b21a79abb163 HTTP/1.1" status: 404 len: 356 time: 0.0117989
2026-07-10 01:12:42.902 9 INFO neutron.wsgi [None req-cce76597-4d43-4491-a16d-e3584f8863cc f3506e025ec44521be225d069147756e 8dad7e18908e4d309ea81b8792bfb2e9 - - - -] 10.0.0.89 "DELETE /v2.0/security-group-rules/501e96d8-aed7-454f-bae8-af52110ce2fe HTTP/1.1" status: 204 len: 168 time: 0.1151168
2026-07-10 01:12:42.923 9 INFO neutron.api.v2.resource [None req-2ec3731d-5cec-4f95-bd29-dfbbd11c11fb f3506e025ec44521be225d069147756e 8dad7e18908e4d309ea81b8792bfb2e9 - - default default] show failed (client error): The resource could not be found.
2026-07-10 01:12:42.925 9 INFO neutron.wsgi [None req-2ec3731d-5cec-4f95-bd29-dfbbd11c11fb f3506e025ec44521be225d069147756e 8dad7e18908e4d309ea81b8792bfb2e9 - - default default] 10.0.0.89 "GET /v2.0/security-group-rules/501e96d8-aed7-454f-bae8-af52110ce2fe HTTP/1.1" status: 404 len: 356 time: 0.0174897
2026-07-10 01:12:43.043 9 INFO neutron.wsgi [None req-c66aeae1-c7d9-4648-9b28-84ff52f62156 f3506e025ec44521be225d069147756e 8dad7e18908e4d309ea81b8792bfb2e9 - - - -] 10.0.0.89 "DELETE /v2.0/security-group-rules/c625026a-8b98-484a-919f-d3836a6c3c33 HTTP/1.1" status: 204 len: 168 time: 0.1125894
2026-07-10 01:12:43.060 9 INFO neutron.api.v2.resource [None req-3b1c6f25-48de-44f0-8a2b-68298489e945 f3506e025ec44521be225d069147756e 8dad7e18908e4d309ea81b8792bfb2e9 - - default default] show failed (client error): The resource could not be found.
2026-07-10 01:12:43.062 9 INFO neutron.wsgi [None req-3b1c6f25-48de-44f0-8a2b-68298489e945 f3506e025ec44521be225d069147756e 8dad7e18908e4d309ea81b8792bfb2e9 - - default default] 10.0.0.89 "GET /v2.0/security-group-rules/c625026a-8b98-484a-919f-d3836a6c3c33 HTTP/1.1" status: 404 len: 356 time: 0.0129111
2026-07-10 01:12:43.197 9 INFO neutron.wsgi [None req-68afaf8d-f070-4f9a-ad93-14804946328d f3506e025ec44521be225d069147756e 8dad7e18908e4d309ea81b8792bfb2e9 - - - -] 10.0.0.89 "DELETE /v2.0/security-group-rules/02ee133c-483d-4609-b0d6-ab795e925d3d HTTP/1.1" status: 204 len: 168 time: 0.1296418
2026-07-10 01:12:43.219 9 INFO neutron.api.v2.resource [None req-010a3df4-f823-4682-a110-c4ea99a09713 f3506e025ec44521be225d069147756e 8dad7e18908e4d309ea81b8792bfb2e9 - - default default] show failed (client error): The resource could not be found.
2026-07-10 01:12:43.223 9 INFO neutron.wsgi [None req-010a3df4-f823-4682-a110-c4ea99a09713 f3506e025ec44521be225d069147756e 8dad7e18908e4d309ea81b8792bfb2e9 - - default default] 10.0.0.89 "GET /v2.0/security-group-rules/02ee133c-483d-4609-b0d6-ab795e925d3d HTTP/1.1" status: 404 len: 356 time: 0.0204034
2026-07-10 01:12:43.357 9 INFO neutron.wsgi [None req-83aa94a2-3196-4577-b9db-ce649bc2890a f3506e025ec44521be225d069147756e 8dad7e18908e4d309ea81b8792bfb2e9 - - - -] 10.0.0.89 "DELETE /v2.0/security-group-rules/bd0f5c25-c95f-4f89-b54b-eb7fa9c4b7b1 HTTP/1.1" status: 204 len: 168 time: 0.1289062
2026-07-10 01:12:43.373 9 INFO neutron.api.v2.resource [None req-60ca29ab-f217-4038-bc86-6d0fc92d6233 f3506e025ec44521be225d069147756e 8dad7e18908e4d309ea81b8792bfb2e9 - - default default] show failed (client error): The resource could not be found.
2026-07-10 01:12:43.374 9 INFO neutron.wsgi [None req-60ca29ab-f217-4038-bc86-6d0fc92d6233 f3506e025ec44521be225d069147756e 8dad7e18908e4d309ea81b8792bfb2e9 - - default default] 10.0.0.89 "GET /v2.0/security-group-rules/bd0f5c25-c95f-4f89-b54b-eb7fa9c4b7b1 HTTP/1.1" status: 404 len: 356 time: 0.0117550
2026-07-10 01:12:43.506 9 INFO neutron.wsgi [None req-2bcd172a-df4e-4801-a3d0-a8d21d31abde f3506e025ec44521be225d069147756e 8dad7e18908e4d309ea81b8792bfb2e9 - - - -] 10.0.0.89 "DELETE /v2.0/security-group-rules/61e62cdd-8f0e-4857-b353-6026be21d00c HTTP/1.1" status: 204 len: 168 time: 0.1248124
2026-07-10 01:12:43.522 9 INFO neutron.api.v2.resource [None req-99e9bb7d-b3fc-40dc-8826-920463d2f0f9 f3506e025ec44521be225d069147756e 8dad7e18908e4d309ea81b8792bfb2e9 - - default default] show failed (client error): The resource could not be found.
2026-07-10 01:12:43.524 9 INFO neutron.wsgi [None req-99e9bb7d-b3fc-40dc-8826-920463d2f0f9 f3506e025ec44521be225d069147756e 8dad7e18908e4d309ea81b8792bfb2e9 - - default default] 10.0.0.89 "GET /v2.0/security-group-rules/61e62cdd-8f0e-4857-b353-6026be21d00c HTTP/1.1" status: 404 len: 356 time: 0.0110404
2026-07-10 01:12:43.642 9 INFO neutron.wsgi [None req-80be62d7-41b5-45f2-bcf5-42ef2c2f9bc2 f3506e025ec44521be225d069147756e 8dad7e18908e4d309ea81b8792bfb2e9 - - - -] 10.0.0.89 "DELETE /v2.0/security-group-rules/b2e0946b-07be-4776-8efc-7ceda1a07373 HTTP/1.1" status: 204 len: 168 time: 0.1145232
2026-07-10 01:12:43.661 9 INFO neutron.api.v2.resource [None req-776968e4-4737-4bc8-a5c8-f29c84ece6d7 f3506e025ec44521be225d069147756e 8dad7e18908e4d309ea81b8792bfb2e9 - - default default] show failed (client error): The resource could not be found.
2026-07-10 01:12:43.662 9 INFO neutron.wsgi [None req-776968e4-4737-4bc8-a5c8-f29c84ece6d7 f3506e025ec44521be225d069147756e 8dad7e18908e4d309ea81b8792bfb2e9 - - default default] 10.0.0.89 "GET /v2.0/security-group-rules/b2e0946b-07be-4776-8efc-7ceda1a07373 HTTP/1.1" status: 404 len: 356 time: 0.0144005
2026-07-10 01:12:44.103 10 INFO neutron.wsgi [None req-b8b1ebe1-0c1f-42e1-9c53-9e7748010f12 f3506e025ec44521be225d069147756e 8dad7e18908e4d309ea81b8792bfb2e9 - - - -] 10.0.0.89 "DELETE /v2.0/security-group-rules/d27ef907-6a79-4e12-a8f3-a6e74d5b5526 HTTP/1.1" status: 204 len: 168 time: 0.4358084
2026-07-10 01:12:44.118 10 INFO neutron.api.v2.resource [None req-cb590edd-acb6-49de-a0e3-12a28c87af1a f3506e025ec44521be225d069147756e 8dad7e18908e4d309ea81b8792bfb2e9 - - default default] show failed (client error): The resource could not be found.
2026-07-10 01:12:44.119 10 INFO neutron.wsgi [None req-cb590edd-acb6-49de-a0e3-12a28c87af1a f3506e025ec44521be225d069147756e 8dad7e18908e4d309ea81b8792bfb2e9 - - default default] 10.0.0.89 "GET /v2.0/security-group-rules/d27ef907-6a79-4e12-a8f3-a6e74d5b5526 HTTP/1.1" status: 404 len: 356 time: 0.0108261
2026-07-10 01:12:44.244 10 INFO neutron.wsgi [None req-586b1c87-350a-419e-a8da-460838a5dc3d f3506e025ec44521be225d069147756e 8dad7e18908e4d309ea81b8792bfb2e9 - - - -] 10.0.0.89 "DELETE /v2.0/security-group-rules/2f3bb96b-cbcd-4d50-b7cb-afe90fe6cfc6 HTTP/1.1" status: 204 len: 168 time: 0.1194742
2026-07-10 01:12:44.258 10 INFO neutron.api.v2.resource [None req-83107ec3-461b-4b14-b402-769505bcbf71 f3506e025ec44521be225d069147756e 8dad7e18908e4d309ea81b8792bfb2e9 - - default default] show failed (client error): The resource could not be found.
2026-07-10 01:12:44.260 10 INFO neutron.wsgi [None req-83107ec3-461b-4b14-b402-769505bcbf71 f3506e025ec44521be225d069147756e 8dad7e18908e4d309ea81b8792bfb2e9 - - default default] 10.0.0.89 "GET /v2.0/security-group-rules/2f3bb96b-cbcd-4d50-b7cb-afe90fe6cfc6 HTTP/1.1" status: 404 len: 356 time: 0.0118940
2026-07-10 01:12:44.377 9 INFO neutron.wsgi [None req-322a0fb6-daa9-49fe-bcfe-0b81e0b58c69 f3506e025ec44521be225d069147756e 8dad7e18908e4d309ea81b8792bfb2e9 - - - -] 10.0.0.89 "DELETE /v2.0/security-group-rules/20709045-97a4-4334-b018-624f6f0de4d9 HTTP/1.1" status: 204 len: 168 time: 0.1118426
2026-07-10 01:12:44.392 9 INFO neutron.api.v2.resource [None req-0e84e5a4-62ad-4d7d-a376-1e3297b70ffa f3506e025ec44521be225d069147756e 8dad7e18908e4d309ea81b8792bfb2e9 - - default default] show failed (client error): The resource could not be found.
2026-07-10 01:12:44.394 9 INFO neutron.wsgi [None req-0e84e5a4-62ad-4d7d-a376-1e3297b70ffa f3506e025ec44521be225d069147756e 8dad7e18908e4d309ea81b8792bfb2e9 - - default default] 10.0.0.89 "GET /v2.0/security-group-rules/20709045-97a4-4334-b018-624f6f0de4d9 HTTP/1.1" status: 404 len: 356 time: 0.0116019
2026-07-10 01:12:44.505 10 INFO neutron.wsgi [None req-1b85aac2-28f8-4d07-b9e5-adbf820cfcb2 f3506e025ec44521be225d069147756e 8dad7e18908e4d309ea81b8792bfb2e9 - - - -] 10.0.0.89 "DELETE /v2.0/security-group-rules/7bd42995-5161-4320-b4c3-ecb40e68b7ca HTTP/1.1" status: 204 len: 168 time: 0.1067898
2026-07-10 01:12:44.517 10 INFO neutron.api.v2.resource [None req-8594aaae-fa1f-4d50-982f-3e998c455329 f3506e025ec44521be225d069147756e 8dad7e18908e4d309ea81b8792bfb2e9 - - default default] show failed (client error): The resource could not be found.
2026-07-10 01:12:44.519 10 INFO neutron.wsgi [None req-8594aaae-fa1f-4d50-982f-3e998c455329 f3506e025ec44521be225d069147756e 8dad7e18908e4d309ea81b8792bfb2e9 - - default default] 10.0.0.89 "GET /v2.0/security-group-rules/7bd42995-5161-4320-b4c3-ecb40e68b7ca HTTP/1.1" status: 404 len: 356 time: 0.0099461
2026-07-10 01:12:44.643 10 INFO neutron.wsgi [None req-2ef1ccb9-2ee5-4747-a423-a163cb41b9e9 f3506e025ec44521be225d069147756e 8dad7e18908e4d309ea81b8792bfb2e9 - - - -] 10.0.0.89 "DELETE /v2.0/security-groups/5edf265b-f84d-48c8-8da4-84515549881f HTTP/1.1" status: 204 len: 168 time: 0.1186228
2026-07-10 01:12:44.659 10 INFO neutron.api.v2.resource [None req-0fd77cda-f683-4aa1-a5e8-336fb261f5c4 f3506e025ec44521be225d069147756e 8dad7e18908e4d309ea81b8792bfb2e9 - - default default] show failed (client error): The resource could not be found.
2026-07-10 01:12:44.661 10 INFO neutron.wsgi [None req-0fd77cda-f683-4aa1-a5e8-336fb261f5c4 f3506e025ec44521be225d069147756e 8dad7e18908e4d309ea81b8792bfb2e9 - - default default] 10.0.0.89 "GET /v2.0/security-groups/5edf265b-f84d-48c8-8da4-84515549881f HTTP/1.1" status: 404 len: 347 time: 0.0125067
2026-07-10 01:12:45.731 10 INFO neutron.wsgi [None req-b82d68ed-690f-49cc-9dd4-feb364379f70 f3506e025ec44521be225d069147756e 8dad7e18908e4d309ea81b8792bfb2e9 - - - -] 10.0.0.89 "PUT /v2.0/routers/fc47d60f-5055-4108-8e04-a01486668aea/remove_router_interface HTTP/1.1" status: 200 len: 503 time: 1.0111761 /var/lib/openstack/lib/python3.10/site-packages/pycadf/identifier.py:71: UserWarning: Invalid uuid: neutron. To ensure interoperability, identifiers should be a valid uuid. warnings.warn(('Invalid uuid: %s. To ensure interoperability, '
2026-07-10 01:12:45.848 10 INFO neutron.api.v2.resource [None req-ec1a9376-4278-44d2-b420-9dedbb6b8d93 f3506e025ec44521be225d069147756e 8dad7e18908e4d309ea81b8792bfb2e9 - - default default] remove_router_interface failed (client error): The resource could not be found.
2026-07-10 01:12:45.850 10 INFO neutron.wsgi [None req-ec1a9376-4278-44d2-b420-9dedbb6b8d93 f3506e025ec44521be225d069147756e 8dad7e18908e4d309ea81b8792bfb2e9 - - default default] 10.0.0.89 "PUT /v2.0/routers/fc47d60f-5055-4108-8e04-a01486668aea/remove_router_interface HTTP/1.1" status: 404 len: 399 time: 0.1139336
2026-07-10 01:12:45.999 9 INFO neutron.wsgi [-] 10.0.0.194 "GET / HTTP/1.1" status: 200 len: 247 time: 0.0038486
2026-07-10 01:12:46.002 9 INFO neutron.wsgi [-] 10.0.0.194 "GET / HTTP/1.1" status: 200 len: 247 time: 0.0015059
2026-07-10 01:12:46.806 10 INFO neutron.wsgi [None req-07d9f058-eb0a-4f84-9895-dc1430d2fefe f3506e025ec44521be225d069147756e 8dad7e18908e4d309ea81b8792bfb2e9 - - - -] 10.0.0.89 "PUT /v2.0/routers/fc47d60f-5055-4108-8e04-a01486668aea/remove_router_interface HTTP/1.1" status: 200 len: 503 time: 0.9499056
2026-07-10 01:12:47.025 9 INFO neutron.api.v2.resource [None req-4d507df9-7fa6-41a0-bc39-0a42c9eb5523 f3506e025ec44521be225d069147756e 8dad7e18908e4d309ea81b8792bfb2e9 - - default default] remove_router_interface failed (client error): The resource could not be found.
2026-07-10 01:12:47.027 9 INFO neutron.wsgi [None req-4d507df9-7fa6-41a0-bc39-0a42c9eb5523 f3506e025ec44521be225d069147756e 8dad7e18908e4d309ea81b8792bfb2e9 - - default default] 10.0.0.89 "PUT /v2.0/routers/fc47d60f-5055-4108-8e04-a01486668aea/remove_router_interface HTTP/1.1" status: 404 len: 399 time: 0.2159603
2026-07-10 01:12:48.418 9 INFO neutron.wsgi [None req-ef5d9a99-ae17-4f78-9fc7-6e10a17adb56 f3506e025ec44521be225d069147756e 8dad7e18908e4d309ea81b8792bfb2e9 - - - -] 10.0.0.89 "PUT /v2.0/routers/fc47d60f-5055-4108-8e04-a01486668aea/remove_router_interface HTTP/1.1" status: 200 len: 503 time: 1.3846052 /var/lib/openstack/lib/python3.10/site-packages/pycadf/identifier.py:71: UserWarning: Invalid uuid: neutron. To ensure interoperability, identifiers should be a valid uuid. warnings.warn(('Invalid uuid: %s. To ensure interoperability, '
2026-07-10 01:12:48.605 9 INFO neutron.api.v2.resource [None req-0a1c5bac-709e-488a-a15b-ed77f4f59457 f3506e025ec44521be225d069147756e 8dad7e18908e4d309ea81b8792bfb2e9 - - default default] remove_router_interface failed (client error): The resource could not be found.
2026-07-10 01:12:48.607 9 INFO neutron.wsgi [None req-0a1c5bac-709e-488a-a15b-ed77f4f59457 f3506e025ec44521be225d069147756e 8dad7e18908e4d309ea81b8792bfb2e9 - - default default] 10.0.0.89 "PUT /v2.0/routers/fc47d60f-5055-4108-8e04-a01486668aea/remove_router_interface HTTP/1.1" status: 404 len: 399 time: 0.1833708
2026-07-10 01:12:49.337 9 INFO neutron.wsgi [None req-f069a158-140e-4aa8-aa7b-467517ed3ed3 f3506e025ec44521be225d069147756e 8dad7e18908e4d309ea81b8792bfb2e9 - - - -] 10.0.0.89 "DELETE /v2.0/routers/fc47d60f-5055-4108-8e04-a01486668aea HTTP/1.1" status: 204 len: 168 time: 0.7219062 /var/lib/openstack/lib/python3.10/site-packages/pycadf/identifier.py:71: UserWarning: Invalid uuid: neutron. To ensure interoperability, identifiers should be a valid uuid. warnings.warn(('Invalid uuid: %s. To ensure interoperability, '
2026-07-10 01:12:49.381 10 INFO neutron.api.v2.resource [None req-ad0a4989-3649-44f8-999e-dce603cdd907 f3506e025ec44521be225d069147756e 8dad7e18908e4d309ea81b8792bfb2e9 - - default default] show failed (client error): The resource could not be found.
2026-07-10 01:12:49.382 10 INFO neutron.wsgi [None req-ad0a4989-3649-44f8-999e-dce603cdd907 f3506e025ec44521be225d069147756e 8dad7e18908e4d309ea81b8792bfb2e9 - - default default] 10.0.0.89 "GET /v2.0/routers/fc47d60f-5055-4108-8e04-a01486668aea HTTP/1.1" status: 404 len: 336 time: 0.0399461
2026-07-10 01:12:49.577 10 INFO neutron.wsgi [None req-8b47651b-854b-4c0e-a262-bbe2d7a1fbf0 f3506e025ec44521be225d069147756e 8dad7e18908e4d309ea81b8792bfb2e9 - - - -] 10.0.0.89 "DELETE /v2.0/subnets/3c1f29e1-a06f-41a5-b613-adc39e577fd0 HTTP/1.1" status: 204 len: 168 time: 0.1895766
2026-07-10 01:12:49.600 10 INFO neutron.pecan_wsgi.hooks.translation [None req-b1217789-5f49-4be2-95ac-92afe8dc1b27 f3506e025ec44521be225d069147756e 8dad7e18908e4d309ea81b8792bfb2e9 - - default default] GET failed (client error): The resource could not be found.
2026-07-10 01:12:49.601 10 INFO neutron.wsgi [None req-b1217789-5f49-4be2-95ac-92afe8dc1b27 f3506e025ec44521be225d069147756e 8dad7e18908e4d309ea81b8792bfb2e9 - - default default] 10.0.0.89 "GET /v2.0/subnets/3c1f29e1-a06f-41a5-b613-adc39e577fd0 HTTP/1.1" status: 404 len: 337 time: 0.0178442
2026-07-10 01:12:49.819 10 INFO neutron.wsgi [None req-777ed98f-51b6-4ee0-b69d-c00b89ff6544 f3506e025ec44521be225d069147756e 8dad7e18908e4d309ea81b8792bfb2e9 - - - -] 10.0.0.89 "DELETE /v2.0/subnets/171c4de1-e88d-4ff9-b137-4f8cc71291ae HTTP/1.1" status: 204 len: 168 time: 0.2124946
2026-07-10 01:12:49.840 10 INFO neutron.pecan_wsgi.hooks.translation [None req-259c1192-03b7-42a3-b3bb-ce6ee5f6c8ef f3506e025ec44521be225d069147756e 8dad7e18908e4d309ea81b8792bfb2e9 - - default default] GET failed (client error): The resource could not be found.
2026-07-10 01:12:49.842 10 INFO neutron.wsgi [None req-259c1192-03b7-42a3-b3bb-ce6ee5f6c8ef f3506e025ec44521be225d069147756e 8dad7e18908e4d309ea81b8792bfb2e9 - - default default] 10.0.0.89 "GET /v2.0/subnets/171c4de1-e88d-4ff9-b137-4f8cc71291ae HTTP/1.1" status: 404 len: 337 time: 0.0177314
2026-07-10 01:12:50.322 10 INFO neutron.wsgi [None req-1c38788d-59e0-43d6-adee-f9df13eac0af f3506e025ec44521be225d069147756e 8dad7e18908e4d309ea81b8792bfb2e9 - - - -] 10.0.0.89 "DELETE /v2.0/networks/7a14adac-e105-4f20-ba53-d7135188d214 HTTP/1.1" status: 204 len: 168 time: 0.4750593
2026-07-10 01:12:50.353 9 INFO neutron.pecan_wsgi.hooks.translation [None req-6aa4236d-9cdc-4981-8247-12b13aa73341 f3506e025ec44521be225d069147756e 8dad7e18908e4d309ea81b8792bfb2e9 - - default default] GET failed (client error): The resource could not be found.
2026-07-10 01:12:50.356 9 INFO neutron.wsgi [None req-6aa4236d-9cdc-4981-8247-12b13aa73341 f3506e025ec44521be225d069147756e 8dad7e18908e4d309ea81b8792bfb2e9 - - default default] 10.0.0.89 "GET /v2.0/networks/7a14adac-e105-4f20-ba53-d7135188d214 HTTP/1.1" status: 404 len: 339 time: 0.0279908
2026-07-10 01:12:50.383 10 INFO neutron.services.segments.plugin [-] Segment 2fae9695-9707-4091-913b-ba1b62fb7320 resource provider aggregate not found
2026-07-10 01:12:50.393 10 INFO neutron.services.segments.plugin [-] Segment 2fae9695-9707-4091-913b-ba1b62fb7320 resource provider aggregate not found
2026-07-10 01:12:50.403 10 INFO neutron.services.segments.plugin [-] Segment 2fae9695-9707-4091-913b-ba1b62fb7320 resource provider not found; error: Placement Client Error (4xx): {"errors": [{"status": 404, "title": "Not Found", "detail": "The resource could not be found.\n\n No resource provider with uuid 2fae9695-9707-4091-913b-ba1b62fb7320 found for delete ", "request_id": "req-c90102e9-80ce-46c7-abec-184798848bac"}]}
2026-07-10 01:12:50.411 10 INFO neutron.services.segments.plugin [-] Segment 2fae9695-9707-4091-913b-ba1b62fb7320 resource provider not found; error: Placement Client Error (4xx): {"errors": [{"status": 404, "title": "Not Found", "detail": "The resource could not be found.\n\n No resource provider with uuid 2fae9695-9707-4091-913b-ba1b62fb7320 found for delete ", "request_id": "req-3da111ed-47af-4035-91fe-6155c0c19a17"}]}
2026-07-10 01:12:50.571 10 INFO neutron.wsgi [None req-cf98c8d3-fc8c-47de-ac8e-75147cf49c5f f3506e025ec44521be225d069147756e 8dad7e18908e4d309ea81b8792bfb2e9 - - - -] 10.0.0.89 "DELETE /v2.0/subnets/23624490-5a54-4eca-9132-28a0e92aa509 HTTP/1.1" status: 204 len: 168 time: 0.2095470
2026-07-10 01:12:50.594 10 INFO neutron.pecan_wsgi.hooks.translation [None req-6fca58e5-2896-49bb-ac83-a27e6bf7dab6 f3506e025ec44521be225d069147756e 8dad7e18908e4d309ea81b8792bfb2e9 - - default default] GET failed (client error): The resource could not be found.
2026-07-10 01:12:50.596 10 INFO neutron.wsgi [None req-6fca58e5-2896-49bb-ac83-a27e6bf7dab6 f3506e025ec44521be225d069147756e 8dad7e18908e4d309ea81b8792bfb2e9 - - default default] 10.0.0.89 "GET /v2.0/subnets/23624490-5a54-4eca-9132-28a0e92aa509 HTTP/1.1" status: 404 len: 337 time: 0.0208590
2026-07-10 01:12:50.780 10 INFO neutron.wsgi [None req-7b59927b-7fc7-4ab9-9a8a-c61b16a32f94 f3506e025ec44521be225d069147756e 8dad7e18908e4d309ea81b8792bfb2e9 - - - -] 10.0.0.89 "DELETE /v2.0/subnets/e5130ff7-e9e9-4cca-99f9-3ef39eb678bc HTTP/1.1" status: 204 len: 168 time: 0.1789320
2026-07-10 01:12:50.802 10 INFO neutron.pecan_wsgi.hooks.translation [None req-1151634e-bec8-4bcf-a677-0a40c87b2939 f3506e025ec44521be225d069147756e 8dad7e18908e4d309ea81b8792bfb2e9 - - default default] GET failed (client error): The resource could not be found.
2026-07-10 01:12:50.804 10 INFO neutron.wsgi [None req-1151634e-bec8-4bcf-a677-0a40c87b2939 f3506e025ec44521be225d069147756e 8dad7e18908e4d309ea81b8792bfb2e9 - - default default] 10.0.0.89 "GET /v2.0/subnets/e5130ff7-e9e9-4cca-99f9-3ef39eb678bc HTTP/1.1" status: 404 len: 337 time: 0.0193810
2026-07-10 01:12:51.254 10 INFO neutron.wsgi [None req-21cdde83-04a6-41a9-b9c7-766bfec34a01 f3506e025ec44521be225d069147756e 8dad7e18908e4d309ea81b8792bfb2e9 - - - -] 10.0.0.89 "DELETE /v2.0/networks/1bc4450e-bdd0-4a77-94e7-7cd31f18cd6b HTTP/1.1" status: 204 len: 168 time: 0.4464333
2026-07-10 01:12:51.275 9 INFO neutron.pecan_wsgi.hooks.translation [None req-b5fa7f5e-74e5-40bf-8ece-6080718f9a70 f3506e025ec44521be225d069147756e 8dad7e18908e4d309ea81b8792bfb2e9 - - default default] GET failed (client error): The resource could not be found.
2026-07-10 01:12:51.276 9 INFO neutron.wsgi [None req-b5fa7f5e-74e5-40bf-8ece-6080718f9a70 f3506e025ec44521be225d069147756e 8dad7e18908e4d309ea81b8792bfb2e9 - - default default] 10.0.0.89 "GET /v2.0/networks/1bc4450e-bdd0-4a77-94e7-7cd31f18cd6b HTTP/1.1" status: 404 len: 339 time: 0.0167751
2026-07-10 01:12:51.814 10 INFO neutron.wsgi [None req-21423442-d0cc-477e-8497-f64444a81776 f3506e025ec44521be225d069147756e 8dad7e18908e4d309ea81b8792bfb2e9 - - - -] 10.0.0.89 "DELETE /v2.0/subnets/1b381713-8109-4430-9bb3-0644265ce5e6 HTTP/1.1" status: 204 len: 168 time: 0.5317948
2026-07-10 01:12:51.834 10 INFO neutron.pecan_wsgi.hooks.translation [None req-634c803b-47fb-4086-97f1-6d5d0da1ed90 f3506e025ec44521be225d069147756e 8dad7e18908e4d309ea81b8792bfb2e9 - - default default] GET failed (client error): The resource could not be found.
2026-07-10 01:12:51.835 10 INFO neutron.wsgi [None req-634c803b-47fb-4086-97f1-6d5d0da1ed90 f3506e025ec44521be225d069147756e 8dad7e18908e4d309ea81b8792bfb2e9 - - default default] 10.0.0.89 "GET /v2.0/subnets/1b381713-8109-4430-9bb3-0644265ce5e6 HTTP/1.1" status: 404 len: 337 time: 0.0155592
2026-07-10 01:12:52.040 10 INFO neutron.wsgi [None req-67d63488-5d49-4b36-93e8-43cd97ce6ad9 f3506e025ec44521be225d069147756e 8dad7e18908e4d309ea81b8792bfb2e9 - - - -] 10.0.0.89 "DELETE /v2.0/subnets/fb292f1e-d68a-4973-bf50-e461659f9fe3 HTTP/1.1" status: 204 len: 168 time: 0.1998718
2026-07-10 01:12:52.066 10 INFO neutron.pecan_wsgi.hooks.translation [None req-3193802a-03f2-4ec6-bb0a-4a5aadb02212 f3506e025ec44521be225d069147756e 8dad7e18908e4d309ea81b8792bfb2e9 - - default default] GET failed (client error): The resource could not be found.
2026-07-10 01:12:52.067 10 INFO neutron.wsgi [None req-3193802a-03f2-4ec6-bb0a-4a5aadb02212 f3506e025ec44521be225d069147756e 8dad7e18908e4d309ea81b8792bfb2e9 - - default default] 10.0.0.89 "GET /v2.0/subnets/fb292f1e-d68a-4973-bf50-e461659f9fe3 HTTP/1.1" status: 404 len: 337 time: 0.0212183
2026-07-10 01:12:52.425 10 INFO neutron.services.segments.plugin [-] Segment d5a84a62-0a5d-46fa-a7be-c3cd8ced4da4 resource provider aggregate not found
2026-07-10 01:12:52.432 10 INFO neutron.services.segments.plugin [-] Segment d5a84a62-0a5d-46fa-a7be-c3cd8ced4da4 resource provider aggregate not found
2026-07-10 01:12:52.440 10 INFO neutron.services.segments.plugin [-] Segment d5a84a62-0a5d-46fa-a7be-c3cd8ced4da4 resource provider not found; error: Placement Client Error (4xx): {"errors": [{"status": 404, "title": "Not Found", "detail": "The resource could not be found.\n\n No resource provider with uuid d5a84a62-0a5d-46fa-a7be-c3cd8ced4da4 found for delete ", "request_id": "req-4c7f6c69-3381-46ef-bc6e-e41af8eadc65"}]}
2026-07-10 01:12:52.456 10 INFO neutron.services.segments.plugin [-] Segment d5a84a62-0a5d-46fa-a7be-c3cd8ced4da4 resource provider not found; error: Placement Client Error (4xx): {"errors": [{"status": 404, "title": "Not Found", "detail": "The resource could not be found.\n\n No resource provider with uuid d5a84a62-0a5d-46fa-a7be-c3cd8ced4da4 found for delete ", "request_id": "req-ac15fcf9-0a88-43fe-92bf-c7e043b14e37"}]}
2026-07-10 01:12:52.549 10 INFO neutron.wsgi [None req-a6ae587c-19aa-4272-874a-d97ddc299e14 f3506e025ec44521be225d069147756e 8dad7e18908e4d309ea81b8792bfb2e9 - - - -] 10.0.0.89 "DELETE /v2.0/networks/49de0924-8ae5-4271-9190-410519d791fa HTTP/1.1" status: 204 len: 168 time: 0.4764838
2026-07-10 01:12:52.579 9 INFO neutron.pecan_wsgi.hooks.translation [None req-e5424ecc-7356-4ad8-a3ab-8bf724cc3cf2 f3506e025ec44521be225d069147756e 8dad7e18908e4d309ea81b8792bfb2e9 - - default default] GET failed (client error): The resource could not be found.
2026-07-10 01:12:52.581 9 INFO neutron.wsgi [None req-e5424ecc-7356-4ad8-a3ab-8bf724cc3cf2 f3506e025ec44521be225d069147756e 8dad7e18908e4d309ea81b8792bfb2e9 - - default default] 10.0.0.89 "GET /v2.0/networks/49de0924-8ae5-4271-9190-410519d791fa HTTP/1.1" status: 404 len: 339 time: 0.0186424
2026-07-10 01:12:54.465 10 INFO neutron.services.segments.plugin [-] Segment 4be2037c-3d84-40fc-ad56-d032a6fbab12 resource provider aggregate not found
2026-07-10 01:12:54.478 10 INFO neutron.services.segments.plugin [-] Segment 4be2037c-3d84-40fc-ad56-d032a6fbab12 resource provider aggregate not found
2026-07-10 01:12:54.484 10 INFO neutron.services.segments.plugin [-] Segment 4be2037c-3d84-40fc-ad56-d032a6fbab12 resource provider not found; error: Placement Client Error (4xx): {"errors": [{"status": 404, "title": "Not Found", "detail": "The resource could not be found.\n\n No resource provider with uuid 4be2037c-3d84-40fc-ad56-d032a6fbab12 found for delete ", "request_id": "req-159e3753-973d-4ca9-b11b-b7052680da37"}]}
2026-07-10 01:12:54.495 10 INFO neutron.services.segments.plugin [-] Segment 4be2037c-3d84-40fc-ad56-d032a6fbab12 resource provider not found; error: Placement Client Error (4xx): {"errors": [{"status": 404, "title": "Not Found", "detail": "The resource could not be found.\n\n No resource provider with uuid 4be2037c-3d84-40fc-ad56-d032a6fbab12 found for delete ", "request_id": "req-b9eb7fd4-9526-48f4-89a1-d913ffe15ec1"}]}
2026-07-10 01:12:54.891 10 INFO neutron.db.ovn_revision_numbers_db [None req-43c063d6-37b9-4c25-ba3a-952e7e43459e 90f3bcdbeef84b46bf9829697a094613 93184c7435dd47f9b82b437086b62d65 - - default default] Successfully bumped revision number for resource e1f9e7ca-b0f3-4d6f-839d-ab7c2327b525 (type: security_groups) to 1
2026-07-10 01:12:54.912 10 INFO neutron.wsgi [None req-43c063d6-37b9-4c25-ba3a-952e7e43459e 90f3bcdbeef84b46bf9829697a094613 93184c7435dd47f9b82b437086b62d65 - - default default] 10.0.0.89 "GET /v2.0/security-groups?tenant_id=367ff10c050a4f689a4330cb7cf0713c&name=default HTTP/1.1" status: 200 len: 3000 time: 0.2722170
2026-07-10 01:12:55.096 10 INFO neutron.wsgi [None req-01625e17-d488-4a42-b0ea-9a101f77d53e 90f3bcdbeef84b46bf9829697a094613 93184c7435dd47f9b82b437086b62d65 - - - -] 10.0.0.89 "DELETE /v2.0/security-groups/e1f9e7ca-b0f3-4d6f-839d-ab7c2327b525 HTTP/1.1" status: 204 len: 168 time: 0.1783750
2026-07-10 01:12:55.317 10 INFO neutron.db.ovn_revision_numbers_db [None req-f16c72c1-eba9-47ff-a6f4-65e9ef10a10d 90f3bcdbeef84b46bf9829697a094613 93184c7435dd47f9b82b437086b62d65 - - default default] Successfully bumped revision number for resource 70f73e62-e81d-47fb-8e91-98946eb6d6ad (type: security_groups) to 1
2026-07-10 01:12:55.339 10 INFO neutron.wsgi [None req-f16c72c1-eba9-47ff-a6f4-65e9ef10a10d 90f3bcdbeef84b46bf9829697a094613 93184c7435dd47f9b82b437086b62d65 - - default default] 10.0.0.89 "GET /v2.0/security-groups?tenant_id=9ceb96daab65439eb811c23f6191eeee&name=default HTTP/1.1" status: 200 len: 3000 time: 0.1246192
2026-07-10 01:12:55.589 10 INFO neutron.wsgi [None req-2c4c3619-0f37-42d2-b618-de67f032ff0e 90f3bcdbeef84b46bf9829697a094613 93184c7435dd47f9b82b437086b62d65 - - - -] 10.0.0.89 "DELETE /v2.0/security-groups/70f73e62-e81d-47fb-8e91-98946eb6d6ad HTTP/1.1" status: 204 len: 168 time: 0.2346265
2026-07-10 01:12:55.822 10 INFO neutron.db.ovn_revision_numbers_db [None req-b4d10a49-cdc9-4a08-9676-c5b24f7808c5 90f3bcdbeef84b46bf9829697a094613 93184c7435dd47f9b82b437086b62d65 - - default default] Successfully bumped revision number for resource ce2f55c2-f293-47ff-a111-e709e4cf54fa (type: security_groups) to 1
2026-07-10 01:12:55.843 10 INFO neutron.wsgi [None req-b4d10a49-cdc9-4a08-9676-c5b24f7808c5 90f3bcdbeef84b46bf9829697a094613 93184c7435dd47f9b82b437086b62d65 - - default default] 10.0.0.89 "GET /v2.0/security-groups?tenant_id=00be3eed22874aed80c3c64e69757a35&name=default HTTP/1.1" status: 200 len: 3000 time: 0.1143022
2026-07-10 01:12:56.036 10 INFO neutron.wsgi [None req-bc977404-f3c3-4ca2-ab22-85e4085ff01e 90f3bcdbeef84b46bf9829697a094613 93184c7435dd47f9b82b437086b62d65 - - - -] 10.0.0.89 "DELETE /v2.0/security-groups/ce2f55c2-f293-47ff-a111-e709e4cf54fa HTTP/1.1" status: 204 len: 168 time: 0.1854587
2026-07-10 01:12:56.289 10 INFO neutron.db.ovn_revision_numbers_db [None req-d6d0af3f-0e62-4a60-b858-c401118734c9 90f3bcdbeef84b46bf9829697a094613 93184c7435dd47f9b82b437086b62d65 - - default default] Successfully bumped revision number for resource 7990b51b-c49b-4e65-a672-688129fe70ac (type: security_groups) to 1
2026-07-10 01:12:56.310 10 INFO neutron.wsgi [None req-d6d0af3f-0e62-4a60-b858-c401118734c9 90f3bcdbeef84b46bf9829697a094613 93184c7435dd47f9b82b437086b62d65 - - default default] 10.0.0.89 "GET /v2.0/security-groups?tenant_id=f7207a67cdf149fe9ab0329fdaf0b631&name=default HTTP/1.1" status: 200 len: 3000 time: 0.1200776
2026-07-10 01:12:56.497 10 INFO neutron.wsgi [None req-81fe773c-8015-4069-bbaa-792887ab921a 90f3bcdbeef84b46bf9829697a094613 93184c7435dd47f9b82b437086b62d65 - - - -] 10.0.0.89 "DELETE /v2.0/security-groups/7990b51b-c49b-4e65-a672-688129fe70ac HTTP/1.1" status: 204 len: 168 time: 0.1823869
2026-07-10 01:12:56.768 9 INFO neutron.db.ovn_revision_numbers_db [None req-1faced9e-839c-48d7-98d2-12ee0ced9843 90f3bcdbeef84b46bf9829697a094613 93184c7435dd47f9b82b437086b62d65 - - default default] Successfully bumped revision number for resource 682ba121-964e-4b31-aa7d-318166987f9a (type: security_groups) to 1
2026-07-10 01:12:56.793 9 INFO neutron.wsgi [None req-1faced9e-839c-48d7-98d2-12ee0ced9843 90f3bcdbeef84b46bf9829697a094613 93184c7435dd47f9b82b437086b62d65 - - default default] 10.0.0.89 "GET /v2.0/security-groups?tenant_id=dd30eecd087a405394be64422e675e8d&name=default HTTP/1.1" status: 200 len: 3000 time: 0.1310649
2026-07-10 01:12:56.989 9 INFO neutron.wsgi [None req-63dfa5dc-6956-48b8-ae85-a01569ad798b 90f3bcdbeef84b46bf9829697a094613 93184c7435dd47f9b82b437086b62d65 - - - -] 10.0.0.89 "DELETE /v2.0/security-groups/682ba121-964e-4b31-aa7d-318166987f9a HTTP/1.1" status: 204 len: 168 time: 0.1903784
2026-07-10 01:12:57.276 9 INFO neutron.db.ovn_revision_numbers_db [None req-38077e9c-cf5e-4153-af6c-08c103d439b8 90f3bcdbeef84b46bf9829697a094613 93184c7435dd47f9b82b437086b62d65 - - default default] Successfully bumped revision number for resource 84a916e2-6d6e-46d7-babb-7829d7ac2394 (type: security_groups) to 1
2026-07-10 01:12:57.297 9 INFO neutron.wsgi [None req-38077e9c-cf5e-4153-af6c-08c103d439b8 90f3bcdbeef84b46bf9829697a094613 93184c7435dd47f9b82b437086b62d65 - - default default] 10.0.0.89 "GET /v2.0/security-groups?tenant_id=94560b5e04a94357a22cae17a380b39d&name=default HTTP/1.1" status: 200 len: 3000 time: 0.1384413
2026-07-10 01:12:57.484 9 INFO neutron.wsgi [None req-a9012f4c-d6fc-46a1-a975-30c8a9bd1442 90f3bcdbeef84b46bf9829697a094613 93184c7435dd47f9b82b437086b62d65 - - - -] 10.0.0.89 "DELETE /v2.0/security-groups/84a916e2-6d6e-46d7-babb-7829d7ac2394 HTTP/1.1" status: 204 len: 168 time: 0.1821718
2026-07-10 01:12:57.712 10 INFO neutron.wsgi [None req-ef44c99d-2549-49bc-9711-1d71c3ef0351 90f3bcdbeef84b46bf9829697a094613 93184c7435dd47f9b82b437086b62d65 - - default default] 10.0.0.89 "GET /v2.0/security-groups?tenant_id=8dad7e18908e4d309ea81b8792bfb2e9&name=default HTTP/1.1" status: 200 len: 2996 time: 0.0340533
2026-07-10 01:12:57.919 10 INFO neutron.wsgi [None req-113d7787-4193-451d-afc7-743f07c1be1d 90f3bcdbeef84b46bf9829697a094613 93184c7435dd47f9b82b437086b62d65 - - - -] 10.0.0.89 "DELETE /v2.0/security-groups/e17ef7db-dd3b-4f00-bbb8-ddd3792ebe6a HTTP/1.1" status: 204 len: 168 time: 0.2022820
2026-07-10 01:13:00.713 10 INFO neutron.wsgi [None req-a74b73f8-1045-48b7-8cac-6adf7211f60b 90f3bcdbeef84b46bf9829697a094613 93184c7435dd47f9b82b437086b62d65 - - default default] 10.0.0.89 "GET /v2.0/networks HTTP/1.1" status: 200 len: 2369 time: 0.2270644
2026-07-10 01:13:00.997 10 INFO neutron.wsgi [-] 10.0.0.194 "GET / HTTP/1.1" status: 200 len: 247 time: 0.0027187
2026-07-10 01:13:00.998 9 INFO neutron.wsgi [-] 10.0.0.194 "GET / HTTP/1.1" status: 200 len: 247 time: 0.0029576
2026-07-10 01:13:01.885 9 INFO neutron.wsgi [None req-c48c2fa8-b5e7-4a02-8743-d2eb05b3cb86 90f3bcdbeef84b46bf9829697a094613 93184c7435dd47f9b82b437086b62d65 - - default default] 10.0.0.89 "GET /v2.0/floatingips HTTP/1.1" status: 200 len: 212 time: 0.0361881
2026-07-10 01:13:01.927 9 INFO neutron.wsgi [None req-ce0796b4-320b-42f4-9d83-a2ccbef31855 90f3bcdbeef84b46bf9829697a094613 93184c7435dd47f9b82b437086b62d65 - - default default] 10.0.0.89 "GET /v2.0/routers HTTP/1.1" status: 200 len: 208 time: 0.0354590
2026-07-10 01:13:01.978 9 INFO neutron.wsgi [None req-0a97d42c-4958-4696-8cf3-2c48e7cacc35 90f3bcdbeef84b46bf9829697a094613 93184c7435dd47f9b82b437086b62d65 - - default default] 10.0.0.89 "GET /v2.0/ports HTTP/1.1" status: 200 len: 5270 time: 0.0449739
2026-07-10 01:13:02.031 9 INFO neutron.wsgi [None req-822d6ba8-10f6-47e2-8213-1bd151a7272d 90f3bcdbeef84b46bf9829697a094613 93184c7435dd47f9b82b437086b62d65 - - default default] 10.0.0.89 "GET /v2.0/subnets HTTP/1.1" status: 200 len: 1456 time: 0.0468152
2026-07-10 01:13:02.125 9 INFO neutron.wsgi [None req-3656bec6-ab48-4bc3-9ff4-9480e7279678 90f3bcdbeef84b46bf9829697a094613 93184c7435dd47f9b82b437086b62d65 - - default default] 10.0.0.89 "GET /v2.0/networks HTTP/1.1" status: 200 len: 2369 time: 0.0881460
2026-07-10 01:13:02.223 9 INFO neutron.wsgi [None req-9c3d12dd-f757-4cb3-b8b9-c88d8ffbed6b 90f3bcdbeef84b46bf9829697a094613 93184c7435dd47f9b82b437086b62d65 - - default default] 10.0.0.89 "GET /v2.0/security-groups HTTP/1.1" status: 200 len: 16818 time: 0.0917926
2026-07-10 01:13:02.245 9 INFO neutron.wsgi [None req-320488e5-65e2-4f9f-9772-b4f9eb50e52d 90f3bcdbeef84b46bf9829697a094613 93184c7435dd47f9b82b437086b62d65 - - default default] 10.0.0.89 "GET /v2.0/subnetpools HTTP/1.1" status: 200 len: 212 time: 0.0157123
2026-07-10 01:13:15.725 10 INFO neutron.wsgi [None req-c6a7fd16-df89-4055-b871-8c165a18990a 90f3bcdbeef84b46bf9829697a094613 93184c7435dd47f9b82b437086b62d65 - - default default] 10.0.0.105 "GET /v2.0/security-groups HTTP/1.1" status: 200 len: 16799 time: 0.1218741
2026-07-10 01:13:15.754 10 INFO neutron.wsgi [None req-9801a148-29bf-4b07-8cd5-1dcfc862eb01 90f3bcdbeef84b46bf9829697a094613 93184c7435dd47f9b82b437086b62d65 - - default default] 10.0.0.105 "GET /v2.0/network-ip-availabilities HTTP/1.1" status: 200 len: 1280 time: 0.0123496
2026-07-10 01:13:15.781 10 INFO neutron.wsgi [None req-76f86b89-f2f2-4662-9bbd-678811d818f6 90f3bcdbeef84b46bf9829697a094613 93184c7435dd47f9b82b437086b62d65 - - default default] 10.0.0.105 "GET /v2.0/floatingips HTTP/1.1" status: 200 len: 193 time: 0.0257235
2026-07-10 01:13:15.855 10 INFO neutron.wsgi [None req-7b0f72de-f501-47f3-ad20-55547acf0e40 90f3bcdbeef84b46bf9829697a094613 93184c7435dd47f9b82b437086b62d65 - - default default] 10.0.0.105 "GET /v2.0/networks HTTP/1.1" status: 200 len: 2350 time: 0.0730774
2026-07-10 01:13:15.886 10 INFO neutron.wsgi [None req-2828c71d-efce-4e4a-b024-3c79d692dc26 90f3bcdbeef84b46bf9829697a094613 93184c7435dd47f9b82b437086b62d65 - - default default] 10.0.0.105 "GET /v2.0/ports HTTP/1.1" status: 200 len: 5251 time: 0.0294771
2026-07-10 01:13:15.933 10 INFO neutron.wsgi [None req-ec97080d-8b47-4c36-a81d-db30e5b8217f 90f3bcdbeef84b46bf9829697a094613 93184c7435dd47f9b82b437086b62d65 - - default default] 10.0.0.105 "GET /v2.0/agents HTTP/1.1" status: 200 len: 997 time: 0.0440960
2026-07-10 01:13:15.971 10 INFO neutron.wsgi [None req-f0408001-c6b4-4924-9217-dd439b6c054d 90f3bcdbeef84b46bf9829697a094613 93184c7435dd47f9b82b437086b62d65 - - default default] 10.0.0.105 "GET /v2.0/subnets HTTP/1.1" status: 200 len: 1437 time: 0.0365403
2026-07-10 01:13:15.985 10 INFO neutron.wsgi [None req-46d34662-247d-4cb6-b8bc-f9e74d487c17 90f3bcdbeef84b46bf9829697a094613 93184c7435dd47f9b82b437086b62d65 - - default default] 10.0.0.105 "GET /v2.0/subnetpools HTTP/1.1" status: 200 len: 193 time: 0.0125124
2026-07-10 01:13:15.995 10 INFO neutron.wsgi [-] 10.0.0.194 "GET / HTTP/1.1" status: 200 len: 247 time: 0.0018027
2026-07-10 01:13:15.996 9 INFO neutron.wsgi [-] 10.0.0.194 "GET / HTTP/1.1" status: 200 len: 247 time: 0.0025644
2026-07-10 01:13:16.018 10 INFO neutron.wsgi [None req-d3985b45-9d1f-4604-8076-88fcb15c0400 90f3bcdbeef84b46bf9829697a094613 93184c7435dd47f9b82b437086b62d65 - - default default] 10.0.0.105 "GET /v2.0/subnets HTTP/1.1" status: 200 len: 1437 time: 0.0313499
2026-07-10 01:13:16.051 10 INFO neutron.wsgi [None req-735d3b25-ba97-4aea-ab5f-5aef21a5d0b1 90f3bcdbeef84b46bf9829697a094613 93184c7435dd47f9b82b437086b62d65 - - default default] 10.0.0.105 "GET /v2.0/routers HTTP/1.1" status: 200 len: 189 time: 0.0312958
2026-07-10 01:13:16.062 10 INFO neutron.wsgi [None req-78e00511-2707-428a-958d-3ccf7ae698b5 90f3bcdbeef84b46bf9829697a094613 93184c7435dd47f9b82b437086b62d65 - - default default] 10.0.0.105 "GET /v2.0/agents?binary=ovn-controller HTTP/1.1" status: 200 len: 591 time: 0.0096247
2026-07-10 01:13:30.995 9 INFO neutron.wsgi [-] 10.0.0.194 "GET / HTTP/1.1" status: 200 len: 247 time: 0.0015707
2026-07-10 01:13:30.998 10 INFO neutron.wsgi [-] 10.0.0.194 "GET / HTTP/1.1" status: 200 len: 247 time: 0.0041645
2026-07-10 01:13:45.996 10 INFO neutron.wsgi [-] 10.0.0.194 "GET / HTTP/1.1" status: 200 len: 247 time: 0.0019732
2026-07-10 01:13:45.998 9 INFO neutron.wsgi [-] 10.0.0.194 "GET / HTTP/1.1" status: 200 len: 247 time: 0.0030446
2026-07-10 01:14:00.996 10 INFO neutron.wsgi [-] 10.0.0.194 "GET / HTTP/1.1" status: 200 len: 247 time: 0.0016422
2026-07-10 01:14:01.000 9 INFO neutron.wsgi [-] 10.0.0.194 "GET / HTTP/1.1" status: 200 len: 247 time: 0.0060155
2026-07-10 01:14:15.744 10 INFO neutron.wsgi [None req-bbf0632a-2f37-45e9-bcbb-7cf48964b799 90f3bcdbeef84b46bf9829697a094613 93184c7435dd47f9b82b437086b62d65 - - default default] 10.0.0.105 "GET /v2.0/security-groups HTTP/1.1" status: 200 len: 16799 time: 0.1251514
2026-07-10 01:14:15.784 10 INFO neutron.wsgi [None req-c9bad51e-6a50-4fdc-bd23-7aa8a1106da8 90f3bcdbeef84b46bf9829697a094613 93184c7435dd47f9b82b437086b62d65 - - default default] 10.0.0.105 "GET /v2.0/agents HTTP/1.1" status: 200 len: 997 time: 0.0370278
2026-07-10 01:14:15.797 10 INFO neutron.wsgi [None req-09af240b-f2d8-4080-b39c-ae6778e497d9 90f3bcdbeef84b46bf9829697a094613 93184c7435dd47f9b82b437086b62d65 - - default default] 10.0.0.105 "GET /v2.0/network-ip-availabilities HTTP/1.1" status: 200 len: 1280 time: 0.0111966
2026-07-10 01:14:15.834 10 INFO neutron.wsgi [None req-ead354f0-4be1-4ffd-9c30-c33a803db7bc 90f3bcdbeef84b46bf9829697a094613 93184c7435dd47f9b82b437086b62d65 - - default default] 10.0.0.105 "GET /v2.0/subnets HTTP/1.1" status: 200 len: 1437 time: 0.0360756
2026-07-10 01:14:15.848 10 INFO neutron.wsgi [None req-972babe6-a270-491e-9b4e-07e4fe775042 90f3bcdbeef84b46bf9829697a094613 93184c7435dd47f9b82b437086b62d65 - - default default] 10.0.0.105 "GET /v2.0/subnetpools HTTP/1.1" status: 200 len: 193 time: 0.0130141
2026-07-10 01:14:15.878 10 INFO neutron.wsgi [None req-af59e372-7a01-4a2c-83e3-6bbed04f97da 90f3bcdbeef84b46bf9829697a094613 93184c7435dd47f9b82b437086b62d65 - - default default] 10.0.0.105 "GET /v2.0/routers HTTP/1.1" status: 200 len: 189 time: 0.0292575
2026-07-10 01:14:15.889 10 INFO neutron.wsgi [None req-e3546c75-f7c1-4a64-9226-d5c7f0e4e857 90f3bcdbeef84b46bf9829697a094613 93184c7435dd47f9b82b437086b62d65 - - default default] 10.0.0.105 "GET /v2.0/agents?binary=ovn-controller HTTP/1.1" status: 200 len: 591 time: 0.0108552
2026-07-10 01:14:15.951 10 INFO neutron.wsgi [None req-88137345-b885-46ba-9c95-b5dd54a95ec1 90f3bcdbeef84b46bf9829697a094613 93184c7435dd47f9b82b437086b62d65 - - default default] 10.0.0.105 "GET /v2.0/networks HTTP/1.1" status: 200 len: 2350 time: 0.0607142
2026-07-10 01:14:15.996 10 INFO neutron.wsgi [None req-830f1db3-58e4-40eb-946d-0958f6991381 90f3bcdbeef84b46bf9829697a094613 93184c7435dd47f9b82b437086b62d65 - - default default] 10.0.0.105 "GET /v2.0/ports HTTP/1.1" status: 200 len: 5251 time: 0.0431466
2026-07-10 01:14:15.998 9 INFO neutron.wsgi [-] 10.0.0.194 "GET / HTTP/1.1" status: 200 len: 247 time: 0.0021608
2026-07-10 01:14:16.002 9 INFO neutron.wsgi [-] 10.0.0.194 "GET / HTTP/1.1" status: 200 len: 247 time: 0.0016885
2026-07-10 01:14:16.031 10 INFO neutron.wsgi [None req-9d680086-0013-40f4-aed1-cc5242c823e7 90f3bcdbeef84b46bf9829697a094613 93184c7435dd47f9b82b437086b62d65 - - default default] 10.0.0.105 "GET /v2.0/floatingips HTTP/1.1" status: 200 len: 193 time: 0.0278699
2026-07-10 01:14:16.079 10 INFO neutron.wsgi [None req-47868f6f-aba6-4a91-9565-b54be84a8e25 90f3bcdbeef84b46bf9829697a094613 93184c7435dd47f9b82b437086b62d65 - - default default] 10.0.0.105 "GET /v2.0/subnets HTTP/1.1" status: 200 len: 1437 time: 0.0468814
2026-07-10 01:14:30.998 10 INFO neutron.wsgi [-] 10.0.0.194 "GET / HTTP/1.1" status: 200 len: 247 time: 0.0020614
2026-07-10 01:14:30.999 9 INFO neutron.wsgi [-] 10.0.0.194 "GET / HTTP/1.1" status: 200 len: 247 time: 0.0037880
2026-07-10 01:14:45.996 9 INFO neutron.wsgi [-] 10.0.0.194 "GET / HTTP/1.1" status: 200 len: 247 time: 0.0018668
2026-07-10 01:14:45.997 10 INFO neutron.wsgi [-] 10.0.0.194 "GET / HTTP/1.1" status: 200 len: 247 time: 0.0028257
2026-07-10 01:15:00.998 10 INFO neutron.wsgi [-] 10.0.0.194 "GET / HTTP/1.1" status: 200 len: 247 time: 0.0034742
2026-07-10 01:15:01.000 9 INFO neutron.wsgi [-] 10.0.0.194 "GET / HTTP/1.1" status: 200 len: 247 time: 0.0049443
2026-07-10 01:15:15.696 10 INFO neutron.wsgi [None req-b203843a-8b99-4e5c-88e7-2df77be44554 90f3bcdbeef84b46bf9829697a094613 93184c7435dd47f9b82b437086b62d65 - - default default] 10.0.0.105 "GET /v2.0/routers HTTP/1.1" status: 200 len: 189 time: 0.0974865
2026-07-10 01:15:15.741 10 INFO neutron.wsgi [None req-ebdbbdaf-81f4-41f4-9f67-8f207c2b1656 90f3bcdbeef84b46bf9829697a094613 93184c7435dd47f9b82b437086b62d65 - - default default] 10.0.0.105 "GET /v2.0/agents?binary=ovn-controller HTTP/1.1" status: 200 len: 591 time: 0.0442736
2026-07-10 01:15:15.770 10 INFO neutron.wsgi [None req-ba7d746c-f7d8-4729-bb8d-574adbe04fed 90f3bcdbeef84b46bf9829697a094613 93184c7435dd47f9b82b437086b62d65 - - default default] 10.0.0.105 "GET /v2.0/floatingips HTTP/1.1" status: 200 len: 193 time: 0.0279179
