2026-07-10 01:01:15.974 10 INFO neutron.wsgi [None req-fdb32cdc-0581-4303-9287-a3af39f244ef 90f3bcdbeef84b46bf9829697a094613 93184c7435dd47f9b82b437086b62d65 - - default default] 10.0.0.105 "GET /v2.0/networks HTTP/1.1" status: 200 len: 2350 time: 0.0618987
2026-07-10 01:01:15.996 10 INFO neutron.wsgi [-] 10.0.0.194 "GET / HTTP/1.1" status: 200 len: 247 time: 0.0012188
2026-07-10 01:01:15.999 9 INFO neutron.wsgi [-] 10.0.0.194 "GET / HTTP/1.1" status: 200 len: 247 time: 0.0039005
2026-07-10 01:01:16.005 10 INFO neutron.wsgi [None req-f7b4db54-d553-4a1e-94a3-4ed4f542ced0 90f3bcdbeef84b46bf9829697a094613 93184c7435dd47f9b82b437086b62d65 - - default default] 10.0.0.105 "GET /v2.0/subnets HTTP/1.1" status: 200 len: 1437 time: 0.0288689
2026-07-10 01:01:30.998 10 INFO neutron.wsgi [-] 10.0.0.194 "GET / HTTP/1.1" status: 200 len: 247 time: 0.0033369
2026-07-10 01:01:31.003 10 INFO neutron.wsgi [-] 10.0.0.194 "GET / HTTP/1.1" status: 200 len: 247 time: 0.0039320 /var/lib/openstack/lib/python3.10/site-packages/pycadf/identifier.py:71: UserWarning: Invalid uuid: unknown. To ensure interoperability, identifiers should be a valid uuid. warnings.warn(('Invalid uuid: %s. To ensure interoperability, '
2026-07-10 01:01:37.657 10 INFO neutron.wsgi [None req-a59ae98a-c1dc-4808-b7ee-0bfec259f0be 90f3bcdbeef84b46bf9829697a094613 93184c7435dd47f9b82b437086b62d65 - - default default] 199.19.213.80,10.0.0.194 "GET /v2.0/networks HTTP/1.1" status: 200 len: 2350 time: 0.1885984
2026-07-10 01:01:38.681 10 INFO neutron.wsgi [None req-1fc6ba50-cdcd-4c1d-a91c-d3c57bf521a4 90f3bcdbeef84b46bf9829697a094613 93184c7435dd47f9b82b437086b62d65 - - default default] 199.19.213.80,10.0.0.194 "GET /v2.0/subnets HTTP/1.1" status: 200 len: 1437 time: 0.0755210
2026-07-10 01:01:38.745 10 INFO neutron.wsgi [None req-e862846e-f6ec-40c5-a761-abbdd2b11146 90f3bcdbeef84b46bf9829697a094613 93184c7435dd47f9b82b437086b62d65 - - default default] 199.19.213.80,10.0.0.194 "GET /v2.0/networks HTTP/1.1" status: 200 len: 2350 time: 0.0554004
2026-07-10 01:01:45.997 9 INFO neutron.wsgi [-] 10.0.0.194 "GET / HTTP/1.1" status: 200 len: 247 time: 0.0027742
2026-07-10 01:01:45.998 10 INFO neutron.wsgi [-] 10.0.0.194 "GET / HTTP/1.1" status: 200 len: 247 time: 0.0030172
2026-07-10 01:02:00.999 9 INFO neutron.wsgi [-] 10.0.0.194 "GET / HTTP/1.1" status: 200 len: 247 time: 0.0037475
2026-07-10 01:02:00.999 10 INFO neutron.wsgi [-] 10.0.0.194 "GET / HTTP/1.1" status: 200 len: 247 time: 0.0036273
2026-07-10 01:02:15.717 10 INFO neutron.wsgi [None req-81e2964b-8b71-46c0-9b17-14e21754d4b6 90f3bcdbeef84b46bf9829697a094613 93184c7435dd47f9b82b437086b62d65 - - default default] 10.0.0.105 "GET /v2.0/agents HTTP/1.1" status: 200 len: 997 time: 0.1247427
2026-07-10 01:02:15.755 10 INFO neutron.wsgi [None req-bbcc43f7-72ad-4d38-bc51-fd41a565f9a6 90f3bcdbeef84b46bf9829697a094613 93184c7435dd47f9b82b437086b62d65 - - default default] 10.0.0.105 "GET /v2.0/ports HTTP/1.1" status: 200 len: 5251 time: 0.0368345
2026-07-10 01:02:15.819 10 INFO neutron.wsgi [None req-820b53f1-f7df-4eaf-a18b-fdf0f4785d32 90f3bcdbeef84b46bf9829697a094613 93184c7435dd47f9b82b437086b62d65 - - default default] 10.0.0.105 "GET /v2.0/security-groups HTTP/1.1" status: 200 len: 16799 time: 0.0606694
2026-07-10 01:02:15.861 10 INFO neutron.wsgi [None req-bdf73d30-61e7-4436-85d0-07b4ef001ddd 90f3bcdbeef84b46bf9829697a094613 93184c7435dd47f9b82b437086b62d65 - - default default] 10.0.0.105 "GET /v2.0/subnets HTTP/1.1" status: 200 len: 1437 time: 0.0334358
2026-07-10 01:02:15.874 10 INFO neutron.wsgi [None req-5ab2150d-f0c9-4933-9c2c-f7d3ad5dc96a 90f3bcdbeef84b46bf9829697a094613 93184c7435dd47f9b82b437086b62d65 - - default default] 10.0.0.105 "GET /v2.0/subnetpools HTTP/1.1" status: 200 len: 193 time: 0.0119312
2026-07-10 01:02:15.898 10 INFO neutron.wsgi [None req-45a05855-14e3-4f40-a5d0-931ee3a39de7 90f3bcdbeef84b46bf9829697a094613 93184c7435dd47f9b82b437086b62d65 - - default default] 10.0.0.105 "GET /v2.0/floatingips HTTP/1.1" status: 200 len: 193 time: 0.0235200
2026-07-10 01:02:15.949 10 INFO neutron.wsgi [None req-14bddcf6-dc43-4fc8-81a6-e34c79652f4b 90f3bcdbeef84b46bf9829697a094613 93184c7435dd47f9b82b437086b62d65 - - default default] 10.0.0.105 "GET /v2.0/networks HTTP/1.1" status: 200 len: 2350 time: 0.0501316
2026-07-10 01:02:15.975 10 INFO neutron.wsgi [None req-ffdd511e-70cd-486e-b611-aff9be7b3444 90f3bcdbeef84b46bf9829697a094613 93184c7435dd47f9b82b437086b62d65 - - default default] 10.0.0.105 "GET /v2.0/routers HTTP/1.1" status: 200 len: 189 time: 0.0234659
2026-07-10 01:02:15.985 10 INFO neutron.wsgi [None req-7bb9b64e-ca1c-44d5-9522-1cfd1891655b 90f3bcdbeef84b46bf9829697a094613 93184c7435dd47f9b82b437086b62d65 - - default default] 10.0.0.105 "GET /v2.0/agents?binary=ovn-controller HTTP/1.1" status: 200 len: 591 time: 0.0098798
2026-07-10 01:02:15.995 10 INFO neutron.wsgi [-] 10.0.0.194 "GET / HTTP/1.1" status: 200 len: 247 time: 0.0014896
2026-07-10 01:02:15.997 9 INFO neutron.wsgi [-] 10.0.0.194 "GET / HTTP/1.1" status: 200 len: 247 time: 0.0027685
2026-07-10 01:02:15.998 10 INFO neutron.wsgi [None req-75fceced-c3b4-419a-b583-4afbd03ea869 90f3bcdbeef84b46bf9829697a094613 93184c7435dd47f9b82b437086b62d65 - - default default] 10.0.0.105 "GET /v2.0/network-ip-availabilities HTTP/1.1" status: 200 len: 1280 time: 0.0124624
2026-07-10 01:02:16.041 10 INFO neutron.wsgi [None req-393098ba-19f2-4607-91bb-98c84e4db00a 90f3bcdbeef84b46bf9829697a094613 93184c7435dd47f9b82b437086b62d65 - - default default] 10.0.0.105 "GET /v2.0/subnets HTTP/1.1" status: 200 len: 1437 time: 0.0333073
2026-07-10 01:02:21.232 9 INFO neutron.wsgi [None req-f25dff7d-e495-4a34-88a9-3d92929bf16c 90f3bcdbeef84b46bf9829697a094613 93184c7435dd47f9b82b437086b62d65 - - default default] 199.19.213.80,10.0.0.194 "GET /v2.0/networks HTTP/1.1" status: 200 len: 2350 time: 0.2433040
2026-07-10 01:02:22.180 10 INFO neutron.wsgi [None req-76e5278e-3cd7-4cf7-991d-ab134b808cc5 90f3bcdbeef84b46bf9829697a094613 93184c7435dd47f9b82b437086b62d65 - - default default] 199.19.213.80,10.0.0.194 "GET /v2.0/subnets HTTP/1.1" status: 200 len: 1437 time: 0.0700951
2026-07-10 01:02:22.260 10 INFO neutron.wsgi [None req-4923a30d-29e0-4cac-ab60-0f8b961434c2 90f3bcdbeef84b46bf9829697a094613 93184c7435dd47f9b82b437086b62d65 - - default default] 199.19.213.80,10.0.0.194 "GET /v2.0/networks HTTP/1.1" status: 200 len: 2350 time: 0.0744643
2026-07-10 01:02:23.390 9 INFO neutron.wsgi [None req-cc745c04-ba28-47eb-acdb-1d5f2d011135 90f3bcdbeef84b46bf9829697a094613 93184c7435dd47f9b82b437086b62d65 - - default default] 199.19.213.80,10.0.0.194 "GET /v2.0/security-groups?tenant_id=93184c7435dd47f9b82b437086b62d65 HTTP/1.1" status: 200 len: 10157 time: 0.0917337
2026-07-10 01:02:24.546 10 INFO neutron.wsgi [None req-e11ebd0f-c12f-4178-b97c-b43501503860 90f3bcdbeef84b46bf9829697a094613 93184c7435dd47f9b82b437086b62d65 - - default default] 199.19.213.80,10.0.0.194 "GET /v2.0/security-groups?tenant_id=93184c7435dd47f9b82b437086b62d65 HTTP/1.1" status: 200 len: 10157 time: 0.0906043
2026-07-10 01:02:25.409 9 INFO neutron.wsgi [None req-0c0c0d26-caa3-4d98-b0fd-ad2071e944ed 90f3bcdbeef84b46bf9829697a094613 93184c7435dd47f9b82b437086b62d65 - - default default] 199.19.213.80,10.0.0.194 "GET /v2.0/security-groups?tenant_id=93184c7435dd47f9b82b437086b62d65 HTTP/1.1" status: 200 len: 10157 time: 0.0888159
2026-07-10 01:02:26.278 9 INFO neutron.wsgi [None req-472ddab8-c093-4b95-b911-f0bb4a0677bb 90f3bcdbeef84b46bf9829697a094613 93184c7435dd47f9b82b437086b62d65 - - default default] 199.19.213.80,10.0.0.194 "GET /v2.0/security-groups?tenant_id=93184c7435dd47f9b82b437086b62d65 HTTP/1.1" status: 200 len: 10157 time: 0.1111014
2026-07-10 01:02:27.127 10 INFO neutron.wsgi [None req-c24a614a-89d2-47d2-bc21-280e3ce8d866 90f3bcdbeef84b46bf9829697a094613 93184c7435dd47f9b82b437086b62d65 - - default default] 199.19.213.80,10.0.0.194 "GET /v2.0/security-groups?tenant_id=93184c7435dd47f9b82b437086b62d65 HTTP/1.1" status: 200 len: 10157 time: 0.0791664
2026-07-10 01:02:28.014 10 INFO neutron.wsgi [None req-5d513f7a-a25f-4ec4-a8c6-c556e841a11a 90f3bcdbeef84b46bf9829697a094613 93184c7435dd47f9b82b437086b62d65 - - default default] 199.19.213.80,10.0.0.194 "GET /v2.0/security-groups?tenant_id=93184c7435dd47f9b82b437086b62d65 HTTP/1.1" status: 200 len: 10157 time: 0.0938113
2026-07-10 01:02:29.320 9 INFO neutron.wsgi [None req-7c3955d1-f40a-473e-92cc-78976767bff8 90f3bcdbeef84b46bf9829697a094613 93184c7435dd47f9b82b437086b62d65 - - default default] 199.19.213.80,10.0.0.194 "GET /v2.0/security-groups HTTP/1.1" status: 200 len: 16799 time: 0.1155167
2026-07-10 01:02:29.393 9 INFO neutron.wsgi [None req-58b55d70-8550-4bf8-afcb-3b3fdc07efad 90f3bcdbeef84b46bf9829697a094613 93184c7435dd47f9b82b437086b62d65 - - default default] 199.19.213.80,10.0.0.194 "GET /v2.0/ports HTTP/1.1" status: 200 len: 5251 time: 0.0633900
2026-07-10 01:02:30.997 9 INFO neutron.wsgi [-] 10.0.0.194 "GET / HTTP/1.1" status: 200 len: 247 time: 0.0024669
2026-07-10 01:02:30.998 10 INFO neutron.wsgi [-] 10.0.0.194 "GET / HTTP/1.1" status: 200 len: 247 time: 0.0032380
2026-07-10 01:02:36.681 10 INFO neutron.pecan_wsgi.hooks.translation [None req-167e4350-8dff-409f-b759-4c6660b41698 90f3bcdbeef84b46bf9829697a094613 93184c7435dd47f9b82b437086b62d65 - - default default] GET failed (client error): The resource could not be found.
2026-07-10 01:02:36.682 10 INFO neutron.wsgi [None req-167e4350-8dff-409f-b759-4c6660b41698 90f3bcdbeef84b46bf9829697a094613 93184c7435dd47f9b82b437086b62d65 - - default default] 199.19.213.80,10.0.0.194 "GET /v2.0/ports/octavia-health-manager-port-instance HTTP/1.1" status: 404 len: 314 time: 0.0797052
2026-07-10 01:02:36.719 10 INFO neutron.wsgi [None req-8f5d3fa9-f254-4968-8b91-46e181e7515b 90f3bcdbeef84b46bf9829697a094613 93184c7435dd47f9b82b437086b62d65 - - default default] 199.19.213.80,10.0.0.194 "GET /v2.0/ports?name=octavia-health-manager-port-instance HTTP/1.1" status: 200 len: 1347 time: 0.0306952
2026-07-10 01:02:38.419 10 INFO neutron.wsgi [None req-1bcbeceb-2955-483c-9c83-99136ec84036 90f3bcdbeef84b46bf9829697a094613 93184c7435dd47f9b82b437086b62d65 - - default default] 199.19.213.80,10.0.0.194 "GET /v2.0/ports HTTP/1.1" status: 200 len: 5251 time: 0.0728133
2026-07-10 01:02:39.480 9 INFO neutron.wsgi [None req-b8268d17-3caf-40f4-9df3-02f373ae1f65 90f3bcdbeef84b46bf9829697a094613 93184c7435dd47f9b82b437086b62d65 - - default default] 199.19.213.80,10.0.0.194 "GET /v2.0/security-groups?tenant_id=93184c7435dd47f9b82b437086b62d65 HTTP/1.1" status: 200 len: 10157 time: 0.0987601
2026-07-10 01:02:40.492 9 INFO neutron.wsgi [None req-0b2d9194-c3fd-44a7-b447-7128ac03620e 90f3bcdbeef84b46bf9829697a094613 93184c7435dd47f9b82b437086b62d65 - - default default] 199.19.213.80,10.0.0.194 "GET /v2.0/security-groups?tenant_id=93184c7435dd47f9b82b437086b62d65 HTTP/1.1" status: 200 len: 10157 time: 0.1033106
2026-07-10 01:02:41.350 10 INFO neutron.wsgi [None req-b88547b4-b9f6-4d9b-aaad-4a42ec56877f 90f3bcdbeef84b46bf9829697a094613 93184c7435dd47f9b82b437086b62d65 - - default default] 199.19.213.80,10.0.0.194 "GET /v2.0/security-groups?tenant_id=93184c7435dd47f9b82b437086b62d65 HTTP/1.1" status: 200 len: 10157 time: 0.0802572
2026-07-10 01:02:45.998 10 INFO neutron.wsgi [-] 10.0.0.194 "GET / HTTP/1.1" status: 200 len: 247 time: 0.0026498
2026-07-10 01:02:45.999 9 INFO neutron.wsgi [-] 10.0.0.194 "GET / HTTP/1.1" status: 200 len: 247 time: 0.0034645
2026-07-10 01:02:52.585 10 INFO neutron.wsgi [None req-5b19fd3b-e257-4523-822e-4c6654f1104f 90f3bcdbeef84b46bf9829697a094613 93184c7435dd47f9b82b437086b62d65 - - default default] 199.19.213.80,10.0.0.194 "GET /v2.0/quotas/93184c7435dd47f9b82b437086b62d65 HTTP/1.1" status: 200 len: 361 time: 0.0105517
2026-07-10 01:03:00.997 9 INFO neutron.wsgi [-] 10.0.0.194 "GET / HTTP/1.1" status: 200 len: 247 time: 0.0027590
2026-07-10 01:03:00.998 10 INFO neutron.wsgi [-] 10.0.0.194 "GET / HTTP/1.1" status: 200 len: 247 time: 0.0031462
2026-07-10 01:03:15.668 10 INFO neutron.wsgi [None req-fd12ef10-694a-4e78-bbd1-073f650ba80a 90f3bcdbeef84b46bf9829697a094613 93184c7435dd47f9b82b437086b62d65 - - default default] 10.0.0.105 "GET /v2.0/agents HTTP/1.1" status: 200 len: 997 time: 0.0905476
2026-07-10 01:03:15.700 10 INFO neutron.wsgi [None req-98bbbe47-f952-46d3-af07-d53f16ca77e4 90f3bcdbeef84b46bf9829697a094613 93184c7435dd47f9b82b437086b62d65 - - default default] 10.0.0.105 "GET /v2.0/floatingips HTTP/1.1" status: 200 len: 193 time: 0.0283499
2026-07-10 01:03:15.739 10 INFO neutron.wsgi [None req-c6f7b94d-b648-42cd-93ff-6e4fd2e43cf9 90f3bcdbeef84b46bf9829697a094613 93184c7435dd47f9b82b437086b62d65 - - default default] 10.0.0.105 "GET /v2.0/ports HTTP/1.1" status: 200 len: 5251 time: 0.0376270
2026-07-10 01:03:15.810 10 INFO neutron.wsgi [None req-3b1ac8a0-cd59-42bd-a651-5eb7e9197d2d 90f3bcdbeef84b46bf9829697a094613 93184c7435dd47f9b82b437086b62d65 - - default default] 10.0.0.105 "GET /v2.0/security-groups HTTP/1.1" status: 200 len: 16799 time: 0.0675960
2026-07-10 01:03:15.850 10 INFO neutron.wsgi [None req-86156c1c-fa59-4a3e-a8e1-297e56e9794f 90f3bcdbeef84b46bf9829697a094613 93184c7435dd47f9b82b437086b62d65 - - default default] 10.0.0.105 "GET /v2.0/subnets HTTP/1.1" status: 200 len: 1437 time: 0.0277357
2026-07-10 01:03:15.877 10 INFO neutron.wsgi [None req-5ee4e31c-7d77-47b9-94b9-34d97f1f9b7b 90f3bcdbeef84b46bf9829697a094613 93184c7435dd47f9b82b437086b62d65 - - default default] 10.0.0.105 "GET /v2.0/routers HTTP/1.1" status: 200 len: 189 time: 0.0238428
2026-07-10 01:03:15.887 10 INFO neutron.wsgi [None req-1395b6e5-628a-4ba1-a2a0-02a131dc379e 90f3bcdbeef84b46bf9829697a094613 93184c7435dd47f9b82b437086b62d65 - - default default] 10.0.0.105 "GET /v2.0/agents?binary=ovn-controller HTTP/1.1" status: 200 len: 591 time: 0.0098329
2026-07-10 01:03:15.940 10 INFO neutron.wsgi [None req-372521b6-52ec-4a00-8e98-1d6726e3b697 90f3bcdbeef84b46bf9829697a094613 93184c7435dd47f9b82b437086b62d65 - - default default] 10.0.0.105 "GET /v2.0/networks HTTP/1.1" status: 200 len: 2350 time: 0.0514839
2026-07-10 01:03:15.972 10 INFO neutron.wsgi [None req-c74e84a7-5131-41ff-833e-e0c7fd0f7dfd 90f3bcdbeef84b46bf9829697a094613 93184c7435dd47f9b82b437086b62d65 - - default default] 10.0.0.105 "GET /v2.0/subnets HTTP/1.1" status: 200 len: 1437 time: 0.0292909
2026-07-10 01:03:15.983 10 INFO neutron.wsgi [None req-48af9bfc-7300-406d-b8d7-632406a7a9d2 90f3bcdbeef84b46bf9829697a094613 93184c7435dd47f9b82b437086b62d65 - - default default] 10.0.0.105 "GET /v2.0/subnetpools HTTP/1.1" status: 200 len: 193 time: 0.0098431
2026-07-10 01:03:15.993 10 INFO neutron.wsgi [None req-b7274eaf-1c4d-49ed-9e87-d2fa042582fb 90f3bcdbeef84b46bf9829697a094613 93184c7435dd47f9b82b437086b62d65 - - default default] 10.0.0.105 "GET /v2.0/network-ip-availabilities HTTP/1.1" status: 200 len: 1280 time: 0.0089462
2026-07-10 01:03:15.996 10 INFO neutron.wsgi [-] 10.0.0.194 "GET / HTTP/1.1" status: 200 len: 247 time: 0.0013831
2026-07-10 01:03:15.996 9 INFO neutron.wsgi [-] 10.0.0.194 "GET / HTTP/1.1" status: 200 len: 247 time: 0.0018356
2026-07-10 01:03:30.997 10 INFO neutron.wsgi [-] 10.0.0.194 "GET / HTTP/1.1" status: 200 len: 247 time: 0.0024750
2026-07-10 01:03:30.998 9 INFO neutron.wsgi [-] 10.0.0.194 "GET / HTTP/1.1" status: 200 len: 247 time: 0.0033514
2026-07-10 01:03:45.996 9 INFO neutron.wsgi [-] 10.0.0.194 "GET / HTTP/1.1" status: 200 len: 247 time: 0.0018399
2026-07-10 01:03:45.998 10 INFO neutron.wsgi [-] 10.0.0.194 "GET / HTTP/1.1" status: 200 len: 247 time: 0.0026233
2026-07-10 01:03:49.397 10 INFO neutron.wsgi [None req-000964c3-3768-4ed6-9408-ad16da0c46ea 90f3bcdbeef84b46bf9829697a094613 93184c7435dd47f9b82b437086b62d65 - - default default] 199.19.213.80,10.0.0.194 "GET /v2.0/security-groups?tenant_id=faffad71723d45fd97606657dda41426 HTTP/1.1" status: 200 len: 6838 time: 0.0942814
2026-07-10 01:03:50.368 10 INFO neutron.wsgi [None req-88a6e22b-f2aa-4895-a943-6ab591bae2dd 90f3bcdbeef84b46bf9829697a094613 93184c7435dd47f9b82b437086b62d65 - - default default] 199.19.213.80,10.0.0.194 "GET /v2.0/security-groups?tenant_id=faffad71723d45fd97606657dda41426 HTTP/1.1" status: 200 len: 6838 time: 0.0745819
2026-07-10 01:03:51.311 10 INFO neutron.wsgi [None req-4021fa24-25c4-4223-baf8-7bbecdea6189 90f3bcdbeef84b46bf9829697a094613 93184c7435dd47f9b82b437086b62d65 - - default default] 199.19.213.80,10.0.0.194 "GET /v2.0/security-groups?tenant_id=faffad71723d45fd97606657dda41426 HTTP/1.1" status: 200 len: 6838 time: 0.0962327
2026-07-10 01:03:52.191 10 INFO neutron.wsgi [None req-17d9d15f-22a0-4602-84f3-23b292628d2b 90f3bcdbeef84b46bf9829697a094613 93184c7435dd47f9b82b437086b62d65 - - default default] 199.19.213.80,10.0.0.194 "GET /v2.0/security-groups?tenant_id=faffad71723d45fd97606657dda41426 HTTP/1.1" status: 200 len: 6838 time: 0.0998044
2026-07-10 01:03:53.160 10 INFO neutron.wsgi [None req-e55b3ed9-d57d-49ef-b19c-4a708c07972e 90f3bcdbeef84b46bf9829697a094613 93184c7435dd47f9b82b437086b62d65 - - default default] 199.19.213.80,10.0.0.194 "GET /v2.0/security-groups?tenant_id=faffad71723d45fd97606657dda41426 HTTP/1.1" status: 200 len: 6838 time: 0.0914061
2026-07-10 01:04:00.715 10 INFO neutron.wsgi [None req-d1eabb7e-db5b-46fc-b6d0-52104a0b724c 90f3bcdbeef84b46bf9829697a094613 93184c7435dd47f9b82b437086b62d65 - - default default] 199.19.213.80,10.0.0.194 "GET /v2.0/quotas/faffad71723d45fd97606657dda41426 HTTP/1.1" status: 200 len: 361 time: 0.0107191
2026-07-10 01:04:00.997 10 INFO neutron.wsgi [-] 10.0.0.194 "GET / HTTP/1.1" status: 200 len: 247 time: 0.0027239
2026-07-10 01:04:00.998 9 INFO neutron.wsgi [-] 10.0.0.194 "GET / HTTP/1.1" status: 200 len: 247 time: 0.0027575
2026-07-10 01:04:15.696 10 INFO neutron.wsgi [None req-b59f9cb7-7f35-45a2-a765-c943877e8574 90f3bcdbeef84b46bf9829697a094613 93184c7435dd47f9b82b437086b62d65 - - default default] 10.0.0.105 "GET /v2.0/agents HTTP/1.1" status: 200 len: 997 time: 0.1013227
2026-07-10 01:04:15.708 10 INFO neutron.wsgi [None req-22c2fd21-e461-44a4-b1fe-60033a3f1c20 90f3bcdbeef84b46bf9829697a094613 93184c7435dd47f9b82b437086b62d65 - - default default] 10.0.0.105 "GET /v2.0/network-ip-availabilities HTTP/1.1" status: 200 len: 1280 time: 0.0112646
2026-07-10 01:04:15.775 10 INFO neutron.wsgi [None req-b1f580b7-9529-43a9-8cdd-fbd8895aba7b 90f3bcdbeef84b46bf9829697a094613 93184c7435dd47f9b82b437086b62d65 - - default default] 10.0.0.105 "GET /v2.0/networks HTTP/1.1" status: 200 len: 2350 time: 0.0664771
2026-07-10 01:04:15.797 10 INFO neutron.wsgi [None req-85107105-3ce7-446e-a295-be71b91bee76 90f3bcdbeef84b46bf9829697a094613 93184c7435dd47f9b82b437086b62d65 - - default default] 10.0.0.105 "GET /v2.0/routers HTTP/1.1" status: 200 len: 189 time: 0.0197346
2026-07-10 01:04:15.806 10 INFO neutron.wsgi [None req-ad36985a-5bcf-4ed8-b3cb-e28f1669c10b 90f3bcdbeef84b46bf9829697a094613 93184c7435dd47f9b82b437086b62d65 - - default default] 10.0.0.105 "GET /v2.0/agents?binary=ovn-controller HTTP/1.1" status: 200 len: 591 time: 0.0081236
2026-07-10 01:04:15.862 10 INFO neutron.wsgi [None req-2ba2f8c7-2689-49ac-9429-ac85f0641721 90f3bcdbeef84b46bf9829697a094613 93184c7435dd47f9b82b437086b62d65 - - default default] 10.0.0.105 "GET /v2.0/security-groups HTTP/1.1" status: 200 len: 16799 time: 0.0549226
2026-07-10 01:04:15.889 10 INFO neutron.wsgi [None req-15407b86-1b3a-4b6c-8a02-5c859ece5372 90f3bcdbeef84b46bf9829697a094613 93184c7435dd47f9b82b437086b62d65 - - default default] 10.0.0.105 "GET /v2.0/floatingips HTTP/1.1" status: 200 len: 193 time: 0.0190253
2026-07-10 01:04:15.917 10 INFO neutron.wsgi [None req-99604a70-b5f1-4432-9318-72d58c412803 90f3bcdbeef84b46bf9829697a094613 93184c7435dd47f9b82b437086b62d65 - - default default] 10.0.0.105 "GET /v2.0/ports HTTP/1.1" status: 200 len: 5251 time: 0.0270298
2026-07-10 01:04:15.959 10 INFO neutron.wsgi [None req-b58c3dcb-42b4-40a3-8bcf-ac2650512a66 90f3bcdbeef84b46bf9829697a094613 93184c7435dd47f9b82b437086b62d65 - - default default] 10.0.0.105 "GET /v2.0/subnets HTTP/1.1" status: 200 len: 1437 time: 0.0381877
2026-07-10 01:04:15.971 10 INFO neutron.wsgi [None req-2fa50006-38dd-41aa-bc92-bb087a000d6b 90f3bcdbeef84b46bf9829697a094613 93184c7435dd47f9b82b437086b62d65 - - default default] 10.0.0.105 "GET /v2.0/subnetpools HTTP/1.1" status: 200 len: 193 time: 0.0105891
2026-07-10 01:04:15.998 9 INFO neutron.wsgi [-] 10.0.0.194 "GET / HTTP/1.1" status: 200 len: 247 time: 0.0025697
2026-07-10 01:04:15.998 10 INFO neutron.wsgi [None req-3f0c74e3-7011-4e37-834b-a01a0d43e713 90f3bcdbeef84b46bf9829697a094613 93184c7435dd47f9b82b437086b62d65 - - default default] 10.0.0.105 "GET /v2.0/subnets HTTP/1.1" status: 200 len: 1437 time: 0.0264373
2026-07-10 01:04:16.002 9 INFO neutron.wsgi [-] 10.0.0.194 "GET / HTTP/1.1" status: 200 len: 247 time: 0.0034225
2026-07-10 01:04:30.997 10 INFO neutron.wsgi [-] 10.0.0.194 "GET / HTTP/1.1" status: 200 len: 247 time: 0.0027063
2026-07-10 01:04:30.998 9 INFO neutron.wsgi [-] 10.0.0.194 "GET / HTTP/1.1" status: 200 len: 247 time: 0.0024135
2026-07-10 01:04:45.997 10 INFO neutron.wsgi [-] 10.0.0.194 "GET / HTTP/1.1" status: 200 len: 247 time: 0.0023296
2026-07-10 01:04:45.999 10 INFO neutron.wsgi [-] 10.0.0.194 "GET / HTTP/1.1" status: 200 len: 247 time: 0.0015647
2026-07-10 01:05:00.339 9 INFO neutron.wsgi [None req-101b8c9c-9089-4e60-ab3f-3655f870931f 90f3bcdbeef84b46bf9829697a094613 93184c7435dd47f9b82b437086b62d65 - - default default] 199.19.213.80,10.0.0.194 "GET /v2.0/networks HTTP/1.1" status: 200 len: 2350 time: 0.1309173
2026-07-10 01:05:00.997 9 INFO neutron.wsgi [-] 10.0.0.194 "GET / HTTP/1.1" status: 200 len: 247 time: 0.0019650
2026-07-10 01:05:00.999 9 INFO neutron.wsgi [-] 10.0.0.194 "GET / HTTP/1.1" status: 200 len: 247 time: 0.0009780
2026-07-10 01:05:15.658 10 INFO neutron.wsgi [None req-286a3238-c747-4c1a-95bb-15e01d5bd126 90f3bcdbeef84b46bf9829697a094613 93184c7435dd47f9b82b437086b62d65 - - default default] 10.0.0.105 "GET /v2.0/network-ip-availabilities HTTP/1.1" status: 200 len: 1280 time: 0.0688982
2026-07-10 01:05:15.742 10 INFO neutron.wsgi [None req-ed4328fa-7d89-4b83-82cb-f53c67d8c88b 90f3bcdbeef84b46bf9829697a094613 93184c7435dd47f9b82b437086b62d65 - - default default] 10.0.0.105 "GET /v2.0/networks HTTP/1.1" status: 200 len: 2350 time: 0.0832026
2026-07-10 01:05:15.785 10 INFO neutron.wsgi [None req-23f57979-74bf-44e6-a359-87d72b761fff 90f3bcdbeef84b46bf9829697a094613 93184c7435dd47f9b82b437086b62d65 - - default default] 10.0.0.105 "GET /v2.0/subnets HTTP/1.1" status: 200 len: 1437 time: 0.0403545
2026-07-10 01:05:15.819 10 INFO neutron.wsgi [None req-53ec8955-0408-410f-9ec5-c3319762179e 90f3bcdbeef84b46bf9829697a094613 93184c7435dd47f9b82b437086b62d65 - - default default] 10.0.0.105 "GET /v2.0/subnets HTTP/1.1" status: 200 len: 1437 time: 0.0322797
2026-07-10 01:05:15.832 10 INFO neutron.wsgi [None req-2ea924bb-5a5b-45ef-98a1-1e9f46a43a72 90f3bcdbeef84b46bf9829697a094613 93184c7435dd47f9b82b437086b62d65 - - default default] 10.0.0.105 "GET /v2.0/subnetpools HTTP/1.1" status: 200 len: 193 time: 0.0114141
2026-07-10 01:05:15.891 10 INFO neutron.wsgi [None req-9d3234f6-a1e3-4d0a-8505-c759df97e11b 90f3bcdbeef84b46bf9829697a094613 93184c7435dd47f9b82b437086b62d65 - - default default] 10.0.0.105 "GET /v2.0/security-groups HTTP/1.1" status: 200 len: 16799 time: 0.0583711
2026-07-10 01:05:15.931 10 INFO neutron.wsgi [None req-8e0e67ba-0c40-4a6c-bcb3-c1e5c7a67d76 90f3bcdbeef84b46bf9829697a094613 93184c7435dd47f9b82b437086b62d65 - - default default] 10.0.0.105 "GET /v2.0/ports HTTP/1.1" status: 200 len: 5251 time: 0.0319512
2026-07-10 01:05:15.959 10 INFO neutron.wsgi [None req-18e9d2a7-10b6-4362-bb19-dd6eb85acdbc 90f3bcdbeef84b46bf9829697a094613 93184c7435dd47f9b82b437086b62d65 - - default default] 10.0.0.105 "GET /v2.0/routers HTTP/1.1" status: 200 len: 189 time: 0.0232568
2026-07-10 01:05:15.997 10 INFO neutron.wsgi [-] 10.0.0.194 "GET / HTTP/1.1" status: 200 len: 247 time: 0.0016508
2026-07-10 01:05:15.998 10 INFO neutron.wsgi [-] 10.0.0.194 "GET / HTTP/1.1" status: 200 len: 247 time: 0.0009704
2026-07-10 01:05:16.026 10 INFO neutron.wsgi [None req-062b1cf1-9f3d-4317-9643-18994427f8b7 90f3bcdbeef84b46bf9829697a094613 93184c7435dd47f9b82b437086b62d65 - - default default] 10.0.0.105 "GET /v2.0/agents?binary=ovn-controller HTTP/1.1" status: 200 len: 591 time: 0.0669937
2026-07-10 01:05:16.038 10 INFO neutron.wsgi [None req-c0d99e49-fd7c-4112-9562-438734d4380a 90f3bcdbeef84b46bf9829697a094613 93184c7435dd47f9b82b437086b62d65 - - default default] 10.0.0.105 "GET /v2.0/agents HTTP/1.1" status: 200 len: 997 time: 0.0106642
2026-07-10 01:05:16.062 10 INFO neutron.wsgi [None req-1f5a4f6d-4c2f-4463-82ba-8e854f7c7573 90f3bcdbeef84b46bf9829697a094613 93184c7435dd47f9b82b437086b62d65 - - default default] 10.0.0.105 "GET /v2.0/floatingips HTTP/1.1" status: 200 len: 193 time: 0.0230064
2026-07-10 01:05:30.998 10 INFO neutron.wsgi [-] 10.0.0.194 "GET / HTTP/1.1" status: 200 len: 247 time: 0.0035484
2026-07-10 01:05:31.000 9 INFO neutron.wsgi [-] 10.0.0.194 "GET / HTTP/1.1" status: 200 len: 247 time: 0.0056424
2026-07-10 01:05:43.214 9 INFO neutron.wsgi [None req-594a7e38-117a-4672-9c08-bf94b0b063b1 90f3bcdbeef84b46bf9829697a094613 93184c7435dd47f9b82b437086b62d65 - - default default] 10.0.0.89 "GET /v2.0/networks HTTP/1.1" status: 200 len: 2369 time: 0.2568617
2026-07-10 01:05:44.465 10 INFO neutron.wsgi [None req-9cb8067c-d38d-47bf-aa84-552655431edd 90f3bcdbeef84b46bf9829697a094613 93184c7435dd47f9b82b437086b62d65 - - default default] 10.0.0.89 "GET /v2.0/floatingips HTTP/1.1" status: 200 len: 212 time: 0.1040866
2026-07-10 01:05:44.504 10 INFO neutron.wsgi [None req-ec9dc782-ab04-43ca-af92-f8f661efc9f3 90f3bcdbeef84b46bf9829697a094613 93184c7435dd47f9b82b437086b62d65 - - default default] 10.0.0.89 "GET /v2.0/routers HTTP/1.1" status: 200 len: 208 time: 0.0324674
2026-07-10 01:05:44.549 10 INFO neutron.wsgi [None req-db4fb9e8-4d7c-46a5-a23e-d0b0e9917007 90f3bcdbeef84b46bf9829697a094613 93184c7435dd47f9b82b437086b62d65 - - default default] 10.0.0.89 "GET /v2.0/ports HTTP/1.1" status: 200 len: 5270 time: 0.0391963
2026-07-10 01:05:44.584 10 INFO neutron.wsgi [None req-6075a5fc-14ae-488c-af11-07dc98f67d05 90f3bcdbeef84b46bf9829697a094613 93184c7435dd47f9b82b437086b62d65 - - default default] 10.0.0.89 "GET /v2.0/subnets HTTP/1.1" status: 200 len: 1456 time: 0.0306087
2026-07-10 01:05:44.649 10 INFO neutron.wsgi [None req-8d7840b7-5271-44c7-bf4c-284c19f969e9 90f3bcdbeef84b46bf9829697a094613 93184c7435dd47f9b82b437086b62d65 - - default default] 10.0.0.89 "GET /v2.0/networks HTTP/1.1" status: 200 len: 2369 time: 0.0588131
2026-07-10 01:05:44.718 9 INFO neutron.wsgi [None req-9e4a1676-e73b-4f40-86ce-4ac260ec9052 90f3bcdbeef84b46bf9829697a094613 93184c7435dd47f9b82b437086b62d65 - - default default] 10.0.0.89 "GET /v2.0/security-groups HTTP/1.1" status: 200 len: 16818 time: 0.0637076
2026-07-10 01:05:44.737 9 INFO neutron.wsgi [None req-dd761e1e-194e-469a-8e6a-263d11466b70 90f3bcdbeef84b46bf9829697a094613 93184c7435dd47f9b82b437086b62d65 - - default default] 10.0.0.89 "GET /v2.0/subnetpools HTTP/1.1" status: 200 len: 212 time: 0.0134058
2026-07-10 01:05:45.998 9 INFO neutron.wsgi [-] 10.0.0.194 "GET / HTTP/1.1" status: 200 len: 247 time: 0.0029957
2026-07-10 01:05:46.000 9 INFO neutron.wsgi [-] 10.0.0.194 "GET / HTTP/1.1" status: 200 len: 247 time: 0.0016863
2026-07-10 01:05:56.090 9 INFO neutron.db.ovn_revision_numbers_db [None req-ac3a4d13-1a5c-4ec4-95b6-dacec280e81f 90f3bcdbeef84b46bf9829697a094613 93184c7435dd47f9b82b437086b62d65 - - - -] Successfully bumped revision number for resource 2dd5adac-6e76-4f5f-802c-fa3c11c3a2af (type: security_groups) to 1
2026-07-10 01:05:56.108 9 INFO neutron.db.ovn_revision_numbers_db [None req-d3e1af70-5d4b-4c5c-b3e5-168c9d741d8f 90f3bcdbeef84b46bf9829697a094613 93184c7435dd47f9b82b437086b62d65 - - - -] Successfully bumped revision number for resource ffdfb8b7-cfb4-4cca-a6ad-8cebea366d11 (type: security_groups) to 1
2026-07-10 01:05:56.162 9 INFO neutron.db.segments_db [None req-ac3a4d13-1a5c-4ec4-95b6-dacec280e81f 90f3bcdbeef84b46bf9829697a094613 93184c7435dd47f9b82b437086b62d65 - - - -] Added segment dc07be3d-b0ec-4868-8c2d-1e4c760f38ad of type geneve for network ffc7b4a1-a79a-4d8c-aeef-94bf2d232005
2026-07-10 01:05:56.189 9 INFO neutron.db.segments_db [None req-d3e1af70-5d4b-4c5c-b3e5-168c9d741d8f 90f3bcdbeef84b46bf9829697a094613 93184c7435dd47f9b82b437086b62d65 - - - -] Added segment 061098df-8f61-4dbc-842c-009470a182d2 of type geneve for network 0e70b572-c408-48ef-b7c4-9c9be683a488
2026-07-10 01:05:56.333 9 INFO neutron.db.ovn_revision_numbers_db [None req-ac3a4d13-1a5c-4ec4-95b6-dacec280e81f 90f3bcdbeef84b46bf9829697a094613 93184c7435dd47f9b82b437086b62d65 - - - -] Successfully bumped revision number for resource ffc7b4a1-a79a-4d8c-aeef-94bf2d232005 (type: networks) to 1
2026-07-10 01:05:56.382 9 INFO neutron.db.ovn_revision_numbers_db [None req-d3e1af70-5d4b-4c5c-b3e5-168c9d741d8f 90f3bcdbeef84b46bf9829697a094613 93184c7435dd47f9b82b437086b62d65 - - - -] Successfully bumped revision number for resource 0e70b572-c408-48ef-b7c4-9c9be683a488 (type: networks) to 1
2026-07-10 01:05:56.604 9 WARNING neutron.scheduler.dhcp_agent_scheduler [None req-ac3a4d13-1a5c-4ec4-95b6-dacec280e81f 90f3bcdbeef84b46bf9829697a094613 93184c7435dd47f9b82b437086b62d65 - - - -] No more DHCP agents
2026-07-10 01:05:56.607 9 WARNING neutron.api.rpc.agentnotifiers.dhcp_rpc_agent_api [None req-ac3a4d13-1a5c-4ec4-95b6-dacec280e81f 90f3bcdbeef84b46bf9829697a094613 93184c7435dd47f9b82b437086b62d65 - - - -] Unable to schedule network ffc7b4a1-a79a-4d8c-aeef-94bf2d232005: no agents available; will retry on subsequent port and subnet creation events.
2026-07-10 01:05:56.614 9 WARNING neutron.scheduler.dhcp_agent_scheduler [None req-d3e1af70-5d4b-4c5c-b3e5-168c9d741d8f 90f3bcdbeef84b46bf9829697a094613 93184c7435dd47f9b82b437086b62d65 - - - -] No more DHCP agents
2026-07-10 01:05:56.615 9 WARNING neutron.api.rpc.agentnotifiers.dhcp_rpc_agent_api [None req-d3e1af70-5d4b-4c5c-b3e5-168c9d741d8f 90f3bcdbeef84b46bf9829697a094613 93184c7435dd47f9b82b437086b62d65 - - - -] Unable to schedule network 0e70b572-c408-48ef-b7c4-9c9be683a488: no agents available; will retry on subsequent port and subnet creation events.
2026-07-10 01:05:56.845 9 INFO neutron.db.ovn_revision_numbers_db [None req-ac3a4d13-1a5c-4ec4-95b6-dacec280e81f 90f3bcdbeef84b46bf9829697a094613 93184c7435dd47f9b82b437086b62d65 - - - -] Successfully bumped revision number for resource fc854ba0-e450-4f6d-8c1a-3377d3418567 (type: ports) to 1
2026-07-10 01:05:56.859 9 INFO neutron.db.ovn_revision_numbers_db [None req-d3e1af70-5d4b-4c5c-b3e5-168c9d741d8f 90f3bcdbeef84b46bf9829697a094613 93184c7435dd47f9b82b437086b62d65 - - - -] Successfully bumped revision number for resource ad9b080e-1b37-4cdb-b544-854c02af031e (type: ports) to 1
2026-07-10 01:05:56.878 9 INFO neutron.wsgi [None req-ac3a4d13-1a5c-4ec4-95b6-dacec280e81f 90f3bcdbeef84b46bf9829697a094613 93184c7435dd47f9b82b437086b62d65 - - - -] 10.0.0.89 "POST /v2.0/networks HTTP/1.1" status: 201 len: 954 time: 0.9693687
2026-07-10 01:05:56.893 9 INFO neutron.wsgi [None req-d3e1af70-5d4b-4c5c-b3e5-168c9d741d8f 90f3bcdbeef84b46bf9829697a094613 93184c7435dd47f9b82b437086b62d65 - - - -] 10.0.0.89 "POST /v2.0/networks HTTP/1.1" status: 201 len: 947 time: 1.0603049
2026-07-10 01:05:56.932 10 INFO neutron.db.ovn_revision_numbers_db [None req-30bc37c3-6d7b-4655-b238-6e98959cba04 90f3bcdbeef84b46bf9829697a094613 93184c7435dd47f9b82b437086b62d65 - - default default] Successfully bumped revision number for resource 09325dd7-3ca5-438e-939c-f02d0646014a (type: security_groups) to 1
2026-07-10 01:05:56.959 10 INFO neutron.wsgi [None req-30bc37c3-6d7b-4655-b238-6e98959cba04 90f3bcdbeef84b46bf9829697a094613 93184c7435dd47f9b82b437086b62d65 - - default default] 10.0.0.89 "GET /v2.0/security-groups?tenant_id=2435a67b52504b9aa541c30221401b6b&name=default HTTP/1.1" status: 200 len: 2992 time: 0.3085501
2026-07-10 01:05:57.107 9 WARNING neutron.scheduler.dhcp_agent_scheduler [None req-e000c607-81c2-47ae-9ddd-f014db523400 90f3bcdbeef84b46bf9829697a094613 93184c7435dd47f9b82b437086b62d65 - - - -] No more DHCP agents
2026-07-10 01:05:57.110 9 WARNING neutron.api.rpc.agentnotifiers.dhcp_rpc_agent_api [None req-e000c607-81c2-47ae-9ddd-f014db523400 90f3bcdbeef84b46bf9829697a094613 93184c7435dd47f9b82b437086b62d65 - - - -] Unable to schedule network ffc7b4a1-a79a-4d8c-aeef-94bf2d232005: no agents available; will retry on subsequent port and subnet creation events.
2026-07-10 01:05:57.145 9 WARNING neutron.scheduler.dhcp_agent_scheduler [None req-cfb21774-f69e-4781-887d-0d68f63c2227 90f3bcdbeef84b46bf9829697a094613 93184c7435dd47f9b82b437086b62d65 - - - -] No more DHCP agents
2026-07-10 01:05:57.148 9 WARNING neutron.api.rpc.agentnotifiers.dhcp_rpc_agent_api [None req-cfb21774-f69e-4781-887d-0d68f63c2227 90f3bcdbeef84b46bf9829697a094613 93184c7435dd47f9b82b437086b62d65 - - - -] Unable to schedule network 0e70b572-c408-48ef-b7c4-9c9be683a488: no agents available; will retry on subsequent port and subnet creation events.
2026-07-10 01:05:57.214 10 INFO neutron.wsgi [None req-aa5d53ca-8cf4-411b-904e-b32d5b072605 90f3bcdbeef84b46bf9829697a094613 93184c7435dd47f9b82b437086b62d65 - - - -] 10.0.0.89 "DELETE /v2.0/security-groups/09325dd7-3ca5-438e-939c-f02d0646014a HTTP/1.1" status: 204 len: 168 time: 0.2479126
2026-07-10 01:05:57.966 9 INFO neutron.db.ovn_revision_numbers_db [None req-cfb21774-f69e-4781-887d-0d68f63c2227 90f3bcdbeef84b46bf9829697a094613 93184c7435dd47f9b82b437086b62d65 - - - -] Successfully bumped revision number for resource ad9b080e-1b37-4cdb-b544-854c02af031e (type: ports) to 2
2026-07-10 01:05:57.990 9 INFO neutron.db.ovn_revision_numbers_db [None req-cfb21774-f69e-4781-887d-0d68f63c2227 90f3bcdbeef84b46bf9829697a094613 93184c7435dd47f9b82b437086b62d65 - - - -] Successfully bumped revision number for resource dc2715eb-60ad-4a35-ae32-079e09af7d2e (type: subnets) to 0
2026-07-10 01:05:57.992 9 INFO neutron.db.ovn_revision_numbers_db [None req-e000c607-81c2-47ae-9ddd-f014db523400 90f3bcdbeef84b46bf9829697a094613 93184c7435dd47f9b82b437086b62d65 - - - -] Successfully bumped revision number for resource fc854ba0-e450-4f6d-8c1a-3377d3418567 (type: ports) to 2
2026-07-10 01:05:58.003 9 INFO neutron.wsgi [None req-cfb21774-f69e-4781-887d-0d68f63c2227 90f3bcdbeef84b46bf9829697a094613 93184c7435dd47f9b82b437086b62d65 - - - -] 10.0.0.89 "POST /v2.0/subnets HTTP/1.1" status: 201 len: 867 time: 1.1049721
2026-07-10 01:05:58.014 9 INFO neutron.db.ovn_revision_numbers_db [None req-e000c607-81c2-47ae-9ddd-f014db523400 90f3bcdbeef84b46bf9829697a094613 93184c7435dd47f9b82b437086b62d65 - - - -] Successfully bumped revision number for resource 757201b3-d806-4ce1-a014-72ac8dce9949 (type: subnets) to 0
2026-07-10 01:05:58.030 9 INFO neutron.wsgi [None req-e000c607-81c2-47ae-9ddd-f014db523400 90f3bcdbeef84b46bf9829697a094613 93184c7435dd47f9b82b437086b62d65 - - - -] 10.0.0.89 "POST /v2.0/subnets HTTP/1.1" status: 201 len: 874 time: 1.1466517
2026-07-10 01:05:58.623 9 WARNING neutron.scheduler.dhcp_agent_scheduler [None req-5c8b3af2-7967-4257-b148-5ed2640bb8be 90f3bcdbeef84b46bf9829697a094613 93184c7435dd47f9b82b437086b62d65 - - - -] No more DHCP agents
2026-07-10 01:05:58.625 9 WARNING neutron.api.rpc.agentnotifiers.dhcp_rpc_agent_api [None req-5c8b3af2-7967-4257-b148-5ed2640bb8be 90f3bcdbeef84b46bf9829697a094613 93184c7435dd47f9b82b437086b62d65 - - - -] Unable to schedule network 79617cb9-3830-47c6-a733-442a40d747f9: no agents available; will retry on subsequent port and subnet creation events.
2026-07-10 01:05:58.642 10 WARNING neutron.scheduler.dhcp_agent_scheduler [None req-bf89cda6-aa9e-4af6-a337-5273d6d3ba7a 90f3bcdbeef84b46bf9829697a094613 93184c7435dd47f9b82b437086b62d65 - - - -] No more DHCP agents
2026-07-10 01:05:58.643 10 WARNING neutron.api.rpc.agentnotifiers.dhcp_rpc_agent_api [None req-bf89cda6-aa9e-4af6-a337-5273d6d3ba7a 90f3bcdbeef84b46bf9829697a094613 93184c7435dd47f9b82b437086b62d65 - - - -] Unable to schedule network 79617cb9-3830-47c6-a733-442a40d747f9: no agents available; will retry on subsequent port and subnet creation events.
2026-07-10 01:05:58.736 9 INFO neutron.db.ovn_revision_numbers_db [None req-5c8b3af2-7967-4257-b148-5ed2640bb8be 90f3bcdbeef84b46bf9829697a094613 93184c7435dd47f9b82b437086b62d65 - - - -] Successfully bumped revision number for resource 735ac26e-21aa-4a23-bf69-f4d6cb7122ae (type: ports) to 1
2026-07-10 01:05:58.930 10 INFO neutron.db.ovn_revision_numbers_db [None req-bf89cda6-aa9e-4af6-a337-5273d6d3ba7a 90f3bcdbeef84b46bf9829697a094613 93184c7435dd47f9b82b437086b62d65 - - - -] Successfully bumped revision number for resource 34cf91de-2f12-49c8-967b-e81eb0d64f4e (type: ports) to 1
2026-07-10 01:05:59.189 9 INFO neutron.plugins.ml2.drivers.ovn.mech_driver.ovsdb.extensions.qos [None req-5c8b3af2-7967-4257-b148-5ed2640bb8be 90f3bcdbeef84b46bf9829697a094613 93184c7435dd47f9b82b437086b62d65 - - - -] Starting OVNClientQosExtension
2026-07-10 01:05:59.252 10 INFO neutron.plugins.ml2.drivers.ovn.mech_driver.ovsdb.extensions.qos [None req-bf89cda6-aa9e-4af6-a337-5273d6d3ba7a 90f3bcdbeef84b46bf9829697a094613 93184c7435dd47f9b82b437086b62d65 - - - -] Starting OVNClientQosExtension
2026-07-10 01:05:59.261 9 INFO neutron.db.ovn_revision_numbers_db [None req-59a7c61e-e82c-4867-8469-bde1977a5522 90f3bcdbeef84b46bf9829697a094613 93184c7435dd47f9b82b437086b62d65 - - default default] Successfully bumped revision number for resource b7ae9e00-b17c-47e7-bdf0-8d7b52bfdd4c (type: security_groups) to 1
2026-07-10 01:05:59.309 9 INFO neutron.wsgi [None req-59a7c61e-e82c-4867-8469-bde1977a5522 90f3bcdbeef84b46bf9829697a094613 93184c7435dd47f9b82b437086b62d65 - - default default] 10.0.0.89 "GET /v2.0/security-groups?tenant_id=7a472fd498ed4ec68f746187ced70ee3&name=default HTTP/1.1" status: 200 len: 2992 time: 0.4700680
2026-07-10 01:05:59.589 9 INFO neutron.plugins.ml2.drivers.ovn.mech_driver.mech_driver [None req-68e7ad87-98e3-49de-afae-e972b9ce3ad8 - - - - - -] OVN reports status up for port: 735ac26e-21aa-4a23-bf69-f4d6cb7122ae
2026-07-10 01:05:59.608 10 INFO neutron.plugins.ml2.drivers.ovn.mech_driver.ovsdb.ovsdb_monitor [-] Router b942a794-3de6-4a3a-9c37-61c2dc64ccae is bound to host instance
2026-07-10 01:05:59.620 9 INFO neutron.plugins.ml2.plugin [None req-68e7ad87-98e3-49de-afae-e972b9ce3ad8 - - - - - -] Attempt 1 to provision port 735ac26e-21aa-4a23-bf69-f4d6cb7122ae
2026-07-10 01:05:59.622 9 INFO neutron.db.ovn_revision_numbers_db [None req-5c8b3af2-7967-4257-b148-5ed2640bb8be 90f3bcdbeef84b46bf9829697a094613 93184c7435dd47f9b82b437086b62d65 - - - -] Successfully bumped revision number for resource 735ac26e-21aa-4a23-bf69-f4d6cb7122ae (type: router_ports) to 1
2026-07-10 01:05:59.723 9 INFO neutron.db.ovn_revision_numbers_db [None req-5c8b3af2-7967-4257-b148-5ed2640bb8be 90f3bcdbeef84b46bf9829697a094613 93184c7435dd47f9b82b437086b62d65 - - - -] Successfully bumped revision number for resource b942a794-3de6-4a3a-9c37-61c2dc64ccae (type: routers) to 3
2026-07-10 01:05:59.736 9 INFO neutron.wsgi [None req-5c8b3af2-7967-4257-b148-5ed2640bb8be 90f3bcdbeef84b46bf9829697a094613 93184c7435dd47f9b82b437086b62d65 - - - -] 10.0.0.89 "POST /v2.0/routers HTTP/1.1" status: 201 len: 878 time: 1.7278650
2026-07-10 01:05:59.764 9 INFO neutron.plugins.ml2.drivers.ovn.mech_driver.ovsdb.ovsdb_monitor [-] Router 918f4e2c-db1c-41de-8d49-eca8ded78da1 is bound to host instance
2026-07-10 01:05:59.778 10 INFO neutron.wsgi [None req-bf3f511e-26c2-4a94-804d-a74e0db75418 90f3bcdbeef84b46bf9829697a094613 93184c7435dd47f9b82b437086b62d65 - - - -] 10.0.0.89 "DELETE /v2.0/security-groups/b7ae9e00-b17c-47e7-bdf0-8d7b52bfdd4c HTTP/1.1" status: 204 len: 168 time: 0.4630935
2026-07-10 01:05:59.803 10 INFO neutron.db.ovn_revision_numbers_db [None req-bf89cda6-aa9e-4af6-a337-5273d6d3ba7a 90f3bcdbeef84b46bf9829697a094613 93184c7435dd47f9b82b437086b62d65 - - - -] Successfully bumped revision number for resource 34cf91de-2f12-49c8-967b-e81eb0d64f4e (type: router_ports) to 1
2026-07-10 01:05:59.806 10 INFO neutron.db.ovn_revision_numbers_db [None req-ad9c23a6-9287-4309-9aa7-25103877c179 90f3bcdbeef84b46bf9829697a094613 93184c7435dd47f9b82b437086b62d65 - - - -] Successfully bumped revision number for resource fb205a7d-8d1d-4988-97b2-649a02e10978 (type: security_groups) to 1
2026-07-10 01:06:00.016 10 INFO neutron.db.segments_db [None req-ad9c23a6-9287-4309-9aa7-25103877c179 90f3bcdbeef84b46bf9829697a094613 93184c7435dd47f9b82b437086b62d65 - - - -] Added segment 09ec7c1f-9488-486b-b162-703f7470dc0e of type geneve for network da429997-00af-4506-9efb-64ad2759a508
2026-07-10 01:06:00.046 10 INFO neutron.db.ovn_revision_numbers_db [None req-bf89cda6-aa9e-4af6-a337-5273d6d3ba7a 90f3bcdbeef84b46bf9829697a094613 93184c7435dd47f9b82b437086b62d65 - - - -] Successfully bumped revision number for resource 918f4e2c-db1c-41de-8d49-eca8ded78da1 (type: routers) to 3
2026-07-10 01:06:00.080 10 INFO neutron.wsgi [None req-bf89cda6-aa9e-4af6-a337-5273d6d3ba7a 90f3bcdbeef84b46bf9829697a094613 93184c7435dd47f9b82b437086b62d65 - - - -] 10.0.0.89 "POST /v2.0/routers HTTP/1.1" status: 201 len: 885 time: 2.0408397
2026-07-10 01:06:00.281 10 INFO neutron.db.ovn_revision_numbers_db [None req-ad9c23a6-9287-4309-9aa7-25103877c179 90f3bcdbeef84b46bf9829697a094613 93184c7435dd47f9b82b437086b62d65 - - - -] Successfully bumped revision number for resource da429997-00af-4506-9efb-64ad2759a508 (type: networks) to 1
2026-07-10 01:06:00.308 9 INFO neutron.db.ovn_revision_numbers_db [None req-cfa6220d-0b27-4263-9628-1a2cf1a42192 90f3bcdbeef84b46bf9829697a094613 93184c7435dd47f9b82b437086b62d65 - - default default] Successfully bumped revision number for resource 4a427c9a-08bf-4571-86dc-332cf9c2daf0 (type: security_groups) to 1
2026-07-10 01:06:00.344 9 INFO neutron.wsgi [None req-cfa6220d-0b27-4263-9628-1a2cf1a42192 90f3bcdbeef84b46bf9829697a094613 93184c7435dd47f9b82b437086b62d65 - - default default] 10.0.0.89 "GET /v2.0/security-groups?tenant_id=8f5b1622f73e4b0990d804fd24ef58d1&name=default HTTP/1.1" status: 200 len: 2992 time: 0.4090531
2026-07-10 01:06:00.601 9 WARNING neutron.scheduler.dhcp_agent_scheduler [None req-2ab3290b-40ac-476b-95e0-d57374b9ee2b 90f3bcdbeef84b46bf9829697a094613 93184c7435dd47f9b82b437086b62d65 - - default default] No more DHCP agents
2026-07-10 01:06:00.603 9 WARNING neutron.api.rpc.agentnotifiers.dhcp_rpc_agent_api [None req-2ab3290b-40ac-476b-95e0-d57374b9ee2b 90f3bcdbeef84b46bf9829697a094613 93184c7435dd47f9b82b437086b62d65 - - default default] Unable to schedule network 0e70b572-c408-48ef-b7c4-9c9be683a488: no agents available; will retry on subsequent port and subnet creation events.
2026-07-10 01:06:00.649 10 WARNING neutron.scheduler.dhcp_agent_scheduler [None req-ad9c23a6-9287-4309-9aa7-25103877c179 90f3bcdbeef84b46bf9829697a094613 93184c7435dd47f9b82b437086b62d65 - - - -] No more DHCP agents
2026-07-10 01:06:00.657 10 WARNING neutron.api.rpc.agentnotifiers.dhcp_rpc_agent_api [None req-ad9c23a6-9287-4309-9aa7-25103877c179 90f3bcdbeef84b46bf9829697a094613 93184c7435dd47f9b82b437086b62d65 - - - -] Unable to schedule network da429997-00af-4506-9efb-64ad2759a508: no agents available; will retry on subsequent port and subnet creation events.
2026-07-10 01:06:00.688 9 INFO neutron.db.ovn_revision_numbers_db [None req-d1950dc5-8086-4339-bd2a-de79e064917d - - - - - -] Successfully bumped revision number for resource 34cf91de-2f12-49c8-967b-e81eb0d64f4e (type: ports) to 1
2026-07-10 01:06:00.725 9 INFO neutron.db.ovn_revision_numbers_db [None req-2ab3290b-40ac-476b-95e0-d57374b9ee2b 90f3bcdbeef84b46bf9829697a094613 93184c7435dd47f9b82b437086b62d65 - - default default] Successfully bumped revision number for resource 4281187b-8e4b-41bd-a25c-b4db24380a1b (type: ports) to 1
2026-07-10 01:06:00.857 10 INFO neutron.db.ovn_revision_numbers_db [None req-36080d3f-1d29-4348-bd29-c7145bf1f63f - - - - - -] Successfully bumped revision number for resource 735ac26e-21aa-4a23-bf69-f4d6cb7122ae (type: ports) to 1
2026-07-10 01:06:00.884 10 INFO neutron.db.ovn_revision_numbers_db [None req-ad9c23a6-9287-4309-9aa7-25103877c179 90f3bcdbeef84b46bf9829697a094613 93184c7435dd47f9b82b437086b62d65 - - - -] Successfully bumped revision number for resource caba80c5-fe66-4f56-b331-1c045d856657 (type: ports) to 1
2026-07-10 01:06:00.941 10 INFO neutron.wsgi [None req-ad9c23a6-9287-4309-9aa7-25103877c179 90f3bcdbeef84b46bf9829697a094613 93184c7435dd47f9b82b437086b62d65 - - - -] 10.0.0.89 "POST /v2.0/networks HTTP/1.1" status: 201 len: 950 time: 1.5862594
2026-07-10 01:06:00.997 10 INFO neutron.wsgi [-] 10.0.0.194 "GET / HTTP/1.1" status: 200 len: 247 time: 0.0013354
2026-07-10 01:06:00.998 10 INFO neutron.wsgi [-] 10.0.0.194 "GET / HTTP/1.1" status: 200 len: 247 time: 0.0008738
2026-07-10 01:06:01.054 10 INFO neutron.wsgi [None req-68dbc64e-6465-4925-aa03-094ecf383f09 90f3bcdbeef84b46bf9829697a094613 93184c7435dd47f9b82b437086b62d65 - - - -] 10.0.0.89 "DELETE /v2.0/security-groups/4a427c9a-08bf-4571-86dc-332cf9c2daf0 HTTP/1.1" status: 204 len: 168 time: 0.7040141
2026-07-10 01:06:01.076 10 WARNING neutron.scheduler.dhcp_agent_scheduler [None req-86eb1518-909b-4b84-9ba1-15e1f74b3e9c 90f3bcdbeef84b46bf9829697a094613 93184c7435dd47f9b82b437086b62d65 - - default default] No more DHCP agents
2026-07-10 01:06:01.083 10 WARNING neutron.api.rpc.agentnotifiers.dhcp_rpc_agent_api [None req-86eb1518-909b-4b84-9ba1-15e1f74b3e9c 90f3bcdbeef84b46bf9829697a094613 93184c7435dd47f9b82b437086b62d65 - - default default] Unable to schedule network ffc7b4a1-a79a-4d8c-aeef-94bf2d232005: no agents available; will retry on subsequent port and subnet creation events.
2026-07-10 01:06:01.219 9 INFO neutron.db.ovn_revision_numbers_db [None req-d1950dc5-8086-4339-bd2a-de79e064917d - - - - - -] Successfully bumped revision number for resource 34cf91de-2f12-49c8-967b-e81eb0d64f4e (type: router_ports) to 3
2026-07-10 01:06:01.297 10 WARNING neutron.scheduler.dhcp_agent_scheduler [None req-63a8a502-858f-4eb7-b2bc-b056b8534fae 90f3bcdbeef84b46bf9829697a094613 93184c7435dd47f9b82b437086b62d65 - - - -] No more DHCP agents
2026-07-10 01:06:01.301 10 WARNING neutron.api.rpc.agentnotifiers.dhcp_rpc_agent_api [None req-63a8a502-858f-4eb7-b2bc-b056b8534fae 90f3bcdbeef84b46bf9829697a094613 93184c7435dd47f9b82b437086b62d65 - - - -] Unable to schedule network da429997-00af-4506-9efb-64ad2759a508: no agents available; will retry on subsequent port and subnet creation events.
2026-07-10 01:06:01.346 10 INFO neutron.db.ovn_revision_numbers_db [None req-86eb1518-909b-4b84-9ba1-15e1f74b3e9c 90f3bcdbeef84b46bf9829697a094613 93184c7435dd47f9b82b437086b62d65 - - default default] Successfully bumped revision number for resource 0ae82dd4-15b6-41d6-9a3e-33687ebcc401 (type: ports) to 1
2026-07-10 01:06:01.410 9 INFO neutron.db.ovn_revision_numbers_db [None req-d1950dc5-8086-4339-bd2a-de79e064917d - - - - - -] Successfully bumped revision number for resource 34cf91de-2f12-49c8-967b-e81eb0d64f4e (type: ports) to 2
2026-07-10 01:06:01.531 10 INFO neutron.db.ovn_revision_numbers_db [None req-36080d3f-1d29-4348-bd29-c7145bf1f63f - - - - - -] Successfully bumped revision number for resource 735ac26e-21aa-4a23-bf69-f4d6cb7122ae (type: router_ports) to 3
2026-07-10 01:06:01.552 10 INFO neutron.plugins.ml2.drivers.ovn.mech_driver.mech_driver [None req-2cf7cbb6-eca9-4d5d-8277-98de6e5b5f10 - - - - - -] OVN reports status up for port: 4281187b-8e4b-41bd-a25c-b4db24380a1b
2026-07-10 01:06:01.579 9 INFO neutron.db.ovn_revision_numbers_db [None req-2ab3290b-40ac-476b-95e0-d57374b9ee2b 90f3bcdbeef84b46bf9829697a094613 93184c7435dd47f9b82b437086b62d65 - - default default] Successfully bumped revision number for resource 4281187b-8e4b-41bd-a25c-b4db24380a1b (type: router_ports) to 2
2026-07-10 01:06:01.728 10 INFO neutron.plugins.ml2.plugin [None req-2cf7cbb6-eca9-4d5d-8277-98de6e5b5f10 - - - - - -] Attempt 1 to provision port 4281187b-8e4b-41bd-a25c-b4db24380a1b
2026-07-10 01:06:01.732 9 INFO neutron.db.ovn_revision_numbers_db [None req-d1950dc5-8086-4339-bd2a-de79e064917d - - - - - -] Successfully bumped revision number for resource 34cf91de-2f12-49c8-967b-e81eb0d64f4e (type: ports) to 4
2026-07-10 01:06:01.744 9 INFO neutron.db.ovn_revision_numbers_db [None req-2ab3290b-40ac-476b-95e0-d57374b9ee2b 90f3bcdbeef84b46bf9829697a094613 93184c7435dd47f9b82b437086b62d65 - - default default] Successfully bumped revision number for resource 4281187b-8e4b-41bd-a25c-b4db24380a1b (type: ports) to 2
2026-07-10 01:06:01.850 9 WARNING neutron.scheduler.dhcp_agent_scheduler [None req-2ab3290b-40ac-476b-95e0-d57374b9ee2b 90f3bcdbeef84b46bf9829697a094613 93184c7435dd47f9b82b437086b62d65 - - default default] No more DHCP agents
2026-07-10 01:06:01.853 9 WARNING neutron.api.rpc.agentnotifiers.dhcp_rpc_agent_api [None req-2ab3290b-40ac-476b-95e0-d57374b9ee2b 90f3bcdbeef84b46bf9829697a094613 93184c7435dd47f9b82b437086b62d65 - - default default] Unable to schedule network 0e70b572-c408-48ef-b7c4-9c9be683a488: no agents available; will retry on subsequent port and subnet creation events.
2026-07-10 01:06:01.931 10 INFO neutron.db.ovn_revision_numbers_db [None req-36080d3f-1d29-4348-bd29-c7145bf1f63f - - - - - -] Successfully bumped revision number for resource 735ac26e-21aa-4a23-bf69-f4d6cb7122ae (type: ports) to 2
2026-07-10 01:06:02.331 9 INFO neutron.db.ovn_revision_numbers_db [None req-d1950dc5-8086-4339-bd2a-de79e064917d - - - - - -] Successfully bumped revision number for resource 34cf91de-2f12-49c8-967b-e81eb0d64f4e (type: router_ports) to 4
2026-07-10 01:06:02.343 10 INFO neutron.db.ovn_revision_numbers_db [None req-2cf7cbb6-eca9-4d5d-8277-98de6e5b5f10 - - - - - -] Successfully bumped revision number for resource 4281187b-8e4b-41bd-a25c-b4db24380a1b (type: ports) to 3
