2026-07-10 01:06:02.548 9 INFO neutron.plugins.ml2.drivers.ovn.mech_driver.mech_driver [None req-68e7ad87-98e3-49de-afae-e972b9ce3ad8 - - - - - -] OVN reports status up for port: 34cf91de-2f12-49c8-967b-e81eb0d64f4e
2026-07-10 01:06:02.566 9 INFO neutron.plugins.ml2.plugin [None req-68e7ad87-98e3-49de-afae-e972b9ce3ad8 - - - - - -] Attempt 1 to provision port 34cf91de-2f12-49c8-967b-e81eb0d64f4e
2026-07-10 01:06:02.638 10 INFO neutron.db.ovn_revision_numbers_db [None req-86eb1518-909b-4b84-9ba1-15e1f74b3e9c 90f3bcdbeef84b46bf9829697a094613 93184c7435dd47f9b82b437086b62d65 - - default default] Successfully bumped revision number for resource 0ae82dd4-15b6-41d6-9a3e-33687ebcc401 (type: router_ports) to 2
2026-07-10 01:06:02.665 10 INFO neutron.db.ovn_revision_numbers_db [None req-63a8a502-858f-4eb7-b2bc-b056b8534fae 90f3bcdbeef84b46bf9829697a094613 93184c7435dd47f9b82b437086b62d65 - - - -] Successfully bumped revision number for resource caba80c5-fe66-4f56-b331-1c045d856657 (type: ports) to 2
2026-07-10 01:06:02.682 10 INFO neutron.db.ovn_revision_numbers_db [None req-36080d3f-1d29-4348-bd29-c7145bf1f63f - - - - - -] Successfully bumped revision number for resource 735ac26e-21aa-4a23-bf69-f4d6cb7122ae (type: ports) to 4
2026-07-10 01:06:02.691 10 INFO neutron.db.ovn_revision_numbers_db [None req-2cf7cbb6-eca9-4d5d-8277-98de6e5b5f10 - - - - - -] Successfully bumped revision number for resource 4281187b-8e4b-41bd-a25c-b4db24380a1b (type: router_ports) to 3
2026-07-10 01:06:02.703 10 INFO neutron.db.ovn_revision_numbers_db [None req-63a8a502-858f-4eb7-b2bc-b056b8534fae 90f3bcdbeef84b46bf9829697a094613 93184c7435dd47f9b82b437086b62d65 - - - -] Successfully bumped revision number for resource b946f2f4-9ad5-46fa-a707-9ed07f079dfd (type: subnets) to 0
2026-07-10 01:06:02.755 10 INFO neutron.wsgi [None req-63a8a502-858f-4eb7-b2bc-b056b8534fae 90f3bcdbeef84b46bf9829697a094613 93184c7435dd47f9b82b437086b62d65 - - - -] 10.0.0.89 "POST /v2.0/subnets HTTP/1.1" status: 201 len: 870 time: 1.8026860
2026-07-10 01:06:02.841 10 INFO neutron.db.ovn_revision_numbers_db [None req-86eb1518-909b-4b84-9ba1-15e1f74b3e9c 90f3bcdbeef84b46bf9829697a094613 93184c7435dd47f9b82b437086b62d65 - - default default] Successfully bumped revision number for resource 0ae82dd4-15b6-41d6-9a3e-33687ebcc401 (type: ports) to 2
2026-07-10 01:06:02.849 9 INFO neutron.wsgi [None req-2ab3290b-40ac-476b-95e0-d57374b9ee2b 90f3bcdbeef84b46bf9829697a094613 93184c7435dd47f9b82b437086b62d65 - - - -] 10.0.0.89 "PUT /v2.0/routers/b942a794-3de6-4a3a-9c37-61c2dc64ccae/add_router_interface HTTP/1.1" status: 200 len: 503 time: 3.0985596
2026-07-10 01:06:02.948 10 WARNING neutron.scheduler.dhcp_agent_scheduler [None req-86eb1518-909b-4b84-9ba1-15e1f74b3e9c 90f3bcdbeef84b46bf9829697a094613 93184c7435dd47f9b82b437086b62d65 - - default default] No more DHCP agents
2026-07-10 01:06:02.956 10 WARNING neutron.api.rpc.agentnotifiers.dhcp_rpc_agent_api [None req-86eb1518-909b-4b84-9ba1-15e1f74b3e9c 90f3bcdbeef84b46bf9829697a094613 93184c7435dd47f9b82b437086b62d65 - - default default] Unable to schedule network ffc7b4a1-a79a-4d8c-aeef-94bf2d232005: no agents available; will retry on subsequent port and subnet creation events.
2026-07-10 01:06:03.060 10 INFO neutron.db.ovn_revision_numbers_db [None req-36080d3f-1d29-4348-bd29-c7145bf1f63f - - - - - -] Successfully bumped revision number for resource 735ac26e-21aa-4a23-bf69-f4d6cb7122ae (type: router_ports) to 4
2026-07-10 01:06:03.412 9 WARNING neutron.scheduler.dhcp_agent_scheduler [None req-91b437cf-ddc1-492e-9fe6-cb2283caa953 90f3bcdbeef84b46bf9829697a094613 93184c7435dd47f9b82b437086b62d65 - - - -] No more DHCP agents
2026-07-10 01:06:03.414 9 WARNING neutron.api.rpc.agentnotifiers.dhcp_rpc_agent_api [None req-91b437cf-ddc1-492e-9fe6-cb2283caa953 90f3bcdbeef84b46bf9829697a094613 93184c7435dd47f9b82b437086b62d65 - - - -] Unable to schedule network 79617cb9-3830-47c6-a733-442a40d747f9: no agents available; will retry on subsequent port and subnet creation events.
2026-07-10 01:06:03.547 10 INFO neutron.db.ovn_revision_numbers_db [None req-86eb1518-909b-4b84-9ba1-15e1f74b3e9c 90f3bcdbeef84b46bf9829697a094613 93184c7435dd47f9b82b437086b62d65 - - - -] Successfully bumped revision number for resource 0ae82dd4-15b6-41d6-9a3e-33687ebcc401 (type: router_ports) to 2
2026-07-10 01:06:03.550 10 INFO neutron.wsgi [None req-86eb1518-909b-4b84-9ba1-15e1f74b3e9c 90f3bcdbeef84b46bf9829697a094613 93184c7435dd47f9b82b437086b62d65 - - - -] 10.0.0.89 "PUT /v2.0/routers/918f4e2c-db1c-41de-8d49-eca8ded78da1/add_router_interface HTTP/1.1" status: 200 len: 503 time: 3.4622736
2026-07-10 01:06:03.587 9 INFO neutron.db.ovn_revision_numbers_db [None req-91b437cf-ddc1-492e-9fe6-cb2283caa953 90f3bcdbeef84b46bf9829697a094613 93184c7435dd47f9b82b437086b62d65 - - - -] Successfully bumped revision number for resource 0c164ee8-3d79-4eee-9867-b554fa4cfc51 (type: ports) to 1
2026-07-10 01:06:04.116 10 INFO neutron.db.ovn_revision_numbers_db [None req-42daa5e5-0caa-46fb-ad63-54264fc5fa7f 56feecd345234955997e20f6af0acab2 b004b3de73324b02b9cdaf98b2df7443 - - - -] Successfully bumped revision number for resource 16669ce9-5c1e-40e0-a874-132753c63f82 (type: security_groups) to 1
2026-07-10 01:06:04.148 10 INFO neutron.wsgi [None req-42daa5e5-0caa-46fb-ad63-54264fc5fa7f 56feecd345234955997e20f6af0acab2 b004b3de73324b02b9cdaf98b2df7443 - - - -] 10.0.0.59 "POST /v2.0/security-groups HTTP/1.1" status: 201 len: 1820 time: 0.2889175
2026-07-10 01:06:04.269 9 INFO neutron.plugins.ml2.drivers.ovn.mech_driver.mech_driver [None req-68e7ad87-98e3-49de-afae-e972b9ce3ad8 - - - - - -] OVN reports status up for port: 0c164ee8-3d79-4eee-9867-b554fa4cfc51
2026-07-10 01:06:04.283 9 INFO neutron.db.ovn_revision_numbers_db [None req-91b437cf-ddc1-492e-9fe6-cb2283caa953 90f3bcdbeef84b46bf9829697a094613 93184c7435dd47f9b82b437086b62d65 - - - -] Successfully bumped revision number for resource 0c164ee8-3d79-4eee-9867-b554fa4cfc51 (type: router_ports) to 1
2026-07-10 01:06:04.295 9 INFO neutron.plugins.ml2.plugin [None req-68e7ad87-98e3-49de-afae-e972b9ce3ad8 - - - - - -] Attempt 1 to provision port 0c164ee8-3d79-4eee-9867-b554fa4cfc51
2026-07-10 01:06:04.318 10 INFO neutron.plugins.ml2.drivers.ovn.mech_driver.ovsdb.ovsdb_monitor [None req-36080d3f-1d29-4348-bd29-c7145bf1f63f - - - - - -] Router b638e12e-d114-43d7-b00c-c3551e5454af is bound to host instance
2026-07-10 01:06:04.342 10 INFO neutron.db.ovn_revision_numbers_db [None req-4d9fd509-c55f-42bc-8737-f5b08644332e 947da75d6d504ce7a696460d5359e934 3e5c012579534b82bff27fd170c76ffa - - - -] Successfully bumped revision number for resource a1af2185-4b0b-4ca1-8c90-4160c2da4923 (type: security_groups) to 1
2026-07-10 01:06:04.369 10 INFO neutron.wsgi [None req-4d9fd509-c55f-42bc-8737-f5b08644332e 947da75d6d504ce7a696460d5359e934 3e5c012579534b82bff27fd170c76ffa - - - -] 10.0.0.89 "POST /v2.0/security-groups HTTP/1.1" status: 201 len: 1794 time: 0.3041730
2026-07-10 01:06:04.390 9 INFO neutron.db.ovn_revision_numbers_db [None req-91b437cf-ddc1-492e-9fe6-cb2283caa953 90f3bcdbeef84b46bf9829697a094613 93184c7435dd47f9b82b437086b62d65 - - - -] Successfully bumped revision number for resource b638e12e-d114-43d7-b00c-c3551e5454af (type: routers) to 3
2026-07-10 01:06:04.407 9 INFO neutron.wsgi [None req-91b437cf-ddc1-492e-9fe6-cb2283caa953 90f3bcdbeef84b46bf9829697a094613 93184c7435dd47f9b82b437086b62d65 - - - -] 10.0.0.89 "POST /v2.0/routers HTTP/1.1" status: 201 len: 881 time: 1.6450219
2026-07-10 01:06:04.550 10 INFO neutron.db.ovn_revision_numbers_db [None req-abed8f79-3f40-49b3-af2b-471577f388cc 947da75d6d504ce7a696460d5359e934 3e5c012579534b82bff27fd170c76ffa - - - -] Successfully bumped revision number for resource 14da6e2d-b64e-4b4e-97b6-9a4997c2bb81 (type: security_group_rules) to 0
2026-07-10 01:06:04.613 10 INFO neutron.wsgi [None req-abed8f79-3f40-49b3-af2b-471577f388cc 947da75d6d504ce7a696460d5359e934 3e5c012579534b82bff27fd170c76ffa - - - -] 10.0.0.89 "POST /v2.0/security-group-rules HTTP/1.1" status: 201 len: 764 time: 0.2383859
2026-07-10 01:06:04.783 10 INFO neutron.db.ovn_revision_numbers_db [None req-1522c5c9-da47-4134-97ce-aa122a39fc3c 947da75d6d504ce7a696460d5359e934 3e5c012579534b82bff27fd170c76ffa - - - -] Successfully bumped revision number for resource fa6d24e2-0e12-441b-9767-627c125078e5 (type: security_group_rules) to 0
2026-07-10 01:06:04.821 10 INFO neutron.wsgi [None req-1522c5c9-da47-4134-97ce-aa122a39fc3c 947da75d6d504ce7a696460d5359e934 3e5c012579534b82bff27fd170c76ffa - - - -] 10.0.0.89 "POST /v2.0/security-group-rules HTTP/1.1" status: 201 len: 769 time: 0.2024112
2026-07-10 01:06:04.826 10 INFO neutron.db.ovn_revision_numbers_db [None req-36080d3f-1d29-4348-bd29-c7145bf1f63f - - - - - -] Successfully bumped revision number for resource 0c164ee8-3d79-4eee-9867-b554fa4cfc51 (type: ports) to 1
2026-07-10 01:06:05.114 9 INFO neutron.db.ovn_revision_numbers_db [None req-80a6b3f5-c1e8-41c4-96ae-0c1c44b19caf 56feecd345234955997e20f6af0acab2 b004b3de73324b02b9cdaf98b2df7443 - - - -] Successfully bumped revision number for resource b4516ab4-e4a1-41c0-a25a-1af340712952 (type: security_groups) to 1
2026-07-10 01:06:05.121 9 WARNING neutron.scheduler.dhcp_agent_scheduler [None req-7960ae0d-7f3c-4500-befa-931a092eb3a4 90f3bcdbeef84b46bf9829697a094613 93184c7435dd47f9b82b437086b62d65 - - default default] No more DHCP agents
2026-07-10 01:06:05.130 9 WARNING neutron.api.rpc.agentnotifiers.dhcp_rpc_agent_api [None req-7960ae0d-7f3c-4500-befa-931a092eb3a4 90f3bcdbeef84b46bf9829697a094613 93184c7435dd47f9b82b437086b62d65 - - default default] Unable to schedule network da429997-00af-4506-9efb-64ad2759a508: no agents available; will retry on subsequent port and subnet creation events.
2026-07-10 01:06:05.156 9 INFO neutron.wsgi [None req-80a6b3f5-c1e8-41c4-96ae-0c1c44b19caf 56feecd345234955997e20f6af0acab2 b004b3de73324b02b9cdaf98b2df7443 - - - -] 10.0.0.59 "POST /v2.0/security-groups HTTP/1.1" status: 201 len: 1821 time: 0.6020515
2026-07-10 01:06:05.289 9 INFO neutron.db.ovn_revision_numbers_db [None req-7960ae0d-7f3c-4500-befa-931a092eb3a4 90f3bcdbeef84b46bf9829697a094613 93184c7435dd47f9b82b437086b62d65 - - default default] Successfully bumped revision number for resource 5ee60ba9-cb93-43dd-9737-1a3e8e5e6dca (type: ports) to 1
2026-07-10 01:06:05.420 10 INFO neutron.db.ovn_revision_numbers_db [None req-36080d3f-1d29-4348-bd29-c7145bf1f63f - - - - - -] Successfully bumped revision number for resource 0c164ee8-3d79-4eee-9867-b554fa4cfc51 (type: router_ports) to 3
2026-07-10 01:06:05.438 10 WARNING neutron.scheduler.dhcp_agent_scheduler [None req-0431fb72-e838-46ef-ab49-f800be532d09 947da75d6d504ce7a696460d5359e934 3e5c012579534b82bff27fd170c76ffa - - - -] No more DHCP agents
2026-07-10 01:06:05.448 10 WARNING neutron.api.rpc.agentnotifiers.dhcp_rpc_agent_api [None req-0431fb72-e838-46ef-ab49-f800be532d09 947da75d6d504ce7a696460d5359e934 3e5c012579534b82bff27fd170c76ffa - - - -] Unable to schedule network 79617cb9-3830-47c6-a733-442a40d747f9: no agents available; will retry on subsequent port and subnet creation events.
2026-07-10 01:06:05.587 10 INFO neutron.db.ovn_revision_numbers_db [None req-6715200c-a4d1-41bd-82f2-cfdb1f706792 56feecd345234955997e20f6af0acab2 b004b3de73324b02b9cdaf98b2df7443 - - - -] Successfully bumped revision number for resource e8d036d6-a142-4311-b579-38df327a8136 (type: security_groups) to 1
2026-07-10 01:06:05.625 10 INFO neutron.wsgi [None req-6715200c-a4d1-41bd-82f2-cfdb1f706792 56feecd345234955997e20f6af0acab2 b004b3de73324b02b9cdaf98b2df7443 - - - -] 10.0.0.59 "POST /v2.0/security-groups HTTP/1.1" status: 201 len: 1822 time: 0.3571706
2026-07-10 01:06:05.644 10 INFO neutron.db.ovn_revision_numbers_db [None req-36080d3f-1d29-4348-bd29-c7145bf1f63f - - - - - -] Successfully bumped revision number for resource 0c164ee8-3d79-4eee-9867-b554fa4cfc51 (type: ports) to 2
2026-07-10 01:06:05.770 9 INFO neutron.wsgi [req-1b50487b-5e32-48d2-bfd1-f47e678674a0 req-121634eb-d7ad-4bb2-82b0-2f1f40bf1422 56feecd345234955997e20f6af0acab2 b004b3de73324b02b9cdaf98b2df7443 - - default default] 10.0.0.59 "GET /v2.0/security-groups?tenant_id=b004b3de73324b02b9cdaf98b2df7443 HTTP/1.1" status: 200 len: 7791 time: 0.1214938
2026-07-10 01:06:05.829 9 INFO neutron.wsgi [req-1b50487b-5e32-48d2-bfd1-f47e678674a0 req-bbc91499-762f-4e04-b055-ad5d145460a8 56feecd345234955997e20f6af0acab2 b004b3de73324b02b9cdaf98b2df7443 - - default default] 10.0.0.59 "GET /v2.0/security-groups/ffdfb8b7-cfb4-4cca-a6ad-8cebea366d11 HTTP/1.1" status: 200 len: 2994 time: 0.0487700
2026-07-10 01:06:05.856 9 INFO neutron.db.ovn_revision_numbers_db [None req-7960ae0d-7f3c-4500-befa-931a092eb3a4 90f3bcdbeef84b46bf9829697a094613 93184c7435dd47f9b82b437086b62d65 - - default default] Successfully bumped revision number for resource 5ee60ba9-cb93-43dd-9737-1a3e8e5e6dca (type: router_ports) to 2
2026-07-10 01:06:05.869 10 INFO neutron.db.ovn_revision_numbers_db [None req-0431fb72-e838-46ef-ab49-f800be532d09 947da75d6d504ce7a696460d5359e934 3e5c012579534b82bff27fd170c76ffa - - - -] Successfully bumped revision number for resource 6ff9c30b-8951-48f4-bf5f-a58baba28b27 (type: floatingips) to 0
2026-07-10 01:06:05.875 9 INFO neutron.wsgi [req-1b50487b-5e32-48d2-bfd1-f47e678674a0 req-eb928f80-cb83-491a-a8fc-da49d2ef1292 56feecd345234955997e20f6af0acab2 b004b3de73324b02b9cdaf98b2df7443 - - default default] 10.0.0.59 "GET /v2.0/security-groups/ffdfb8b7-cfb4-4cca-a6ad-8cebea366d11 HTTP/1.1" status: 200 len: 2994 time: 0.0388000
2026-07-10 01:06:05.901 10 INFO neutron.wsgi [None req-0431fb72-e838-46ef-ab49-f800be532d09 947da75d6d504ce7a696460d5359e934 3e5c012579534b82bff27fd170c76ffa - - - -] 10.0.0.89 "POST /v2.0/floatingips HTTP/1.1" status: 201 len: 751 time: 1.0735092
2026-07-10 01:06:05.938 10 INFO neutron.wsgi [req-a9f9be64-9d4e-4532-9545-53728a57c506 req-bfb78008-d5bc-4a0a-b836-19cba3535116 56feecd345234955997e20f6af0acab2 b004b3de73324b02b9cdaf98b2df7443 - - default default] 10.0.0.59 "GET /v2.0/security-groups/16669ce9-5c1e-40e0-a874-132753c63f82 HTTP/1.1" status: 200 len: 1815 time: 0.0353341
2026-07-10 01:06:05.951 10 INFO neutron.db.ovn_revision_numbers_db [None req-36080d3f-1d29-4348-bd29-c7145bf1f63f - - - - - -] Successfully bumped revision number for resource 0c164ee8-3d79-4eee-9867-b554fa4cfc51 (type: ports) to 4
2026-07-10 01:06:05.993 9 INFO neutron.db.ovn_revision_numbers_db [None req-7960ae0d-7f3c-4500-befa-931a092eb3a4 90f3bcdbeef84b46bf9829697a094613 93184c7435dd47f9b82b437086b62d65 - - default default] Successfully bumped revision number for resource 5ee60ba9-cb93-43dd-9737-1a3e8e5e6dca (type: ports) to 2
2026-07-10 01:06:06.069 9 WARNING neutron.scheduler.dhcp_agent_scheduler [None req-7960ae0d-7f3c-4500-befa-931a092eb3a4 90f3bcdbeef84b46bf9829697a094613 93184c7435dd47f9b82b437086b62d65 - - default default] No more DHCP agents
2026-07-10 01:06:06.071 9 WARNING neutron.api.rpc.agentnotifiers.dhcp_rpc_agent_api [None req-7960ae0d-7f3c-4500-befa-931a092eb3a4 90f3bcdbeef84b46bf9829697a094613 93184c7435dd47f9b82b437086b62d65 - - default default] Unable to schedule network da429997-00af-4506-9efb-64ad2759a508: no agents available; will retry on subsequent port and subnet creation events.
2026-07-10 01:06:06.118 10 INFO neutron.wsgi [None req-12d0ef78-ff0d-4190-9ff5-71cca80edcec 56feecd345234955997e20f6af0acab2 b004b3de73324b02b9cdaf98b2df7443 - - - -] 10.0.0.59 "DELETE /v2.0/security-groups/16669ce9-5c1e-40e0-a874-132753c63f82 HTTP/1.1" status: 204 len: 173 time: 0.1721551
2026-07-10 01:06:06.156 9 INFO neutron.api.v2.resource [req-e9675eec-6c9b-4d57-a058-41e9f9427612 req-f15b6d9c-abc1-4492-bb89-ed08fd1df13d 56feecd345234955997e20f6af0acab2 b004b3de73324b02b9cdaf98b2df7443 - - default default] show failed (client error): The resource could not be found.
2026-07-10 01:06:06.158 9 INFO neutron.wsgi [req-e9675eec-6c9b-4d57-a058-41e9f9427612 req-f15b6d9c-abc1-4492-bb89-ed08fd1df13d 56feecd345234955997e20f6af0acab2 b004b3de73324b02b9cdaf98b2df7443 - - default default] 10.0.0.59 "GET /v2.0/security-groups/16669ce9-5c1e-40e0-a874-132753c63f82 HTTP/1.1" status: 404 len: 352 time: 0.0155504
2026-07-10 01:06:06.227 10 INFO neutron.wsgi [req-d826164c-9d99-4632-9333-7746c045d06f req-f969f036-5af6-4c8a-b1c0-c2697dfcc985 56feecd345234955997e20f6af0acab2 b004b3de73324b02b9cdaf98b2df7443 - - default default] 10.0.0.59 "GET /v2.0/security-groups/b4516ab4-e4a1-41c0-a25a-1af340712952 HTTP/1.1" status: 200 len: 1816 time: 0.0456724
2026-07-10 01:06:06.240 10 INFO neutron.db.ovn_revision_numbers_db [None req-36080d3f-1d29-4348-bd29-c7145bf1f63f - - - - - -] Successfully bumped revision number for resource 0c164ee8-3d79-4eee-9867-b554fa4cfc51 (type: router_ports) to 4
2026-07-10 01:06:06.367 10 INFO neutron.wsgi [None req-16e2904b-74f7-4e98-8109-0af27dd606da 56feecd345234955997e20f6af0acab2 b004b3de73324b02b9cdaf98b2df7443 - - - -] 10.0.0.59 "DELETE /v2.0/security-groups/b4516ab4-e4a1-41c0-a25a-1af340712952 HTTP/1.1" status: 204 len: 173 time: 0.1342230
2026-07-10 01:06:06.392 9 INFO neutron.wsgi [req-b77a10a7-b444-40fd-ab07-10f33bb2c362 req-2e16c5da-05f5-48cf-aa03-23b1c348d755 947da75d6d504ce7a696460d5359e934 3e5c012579534b82bff27fd170c76ffa - - default default] 10.0.0.59 "GET /v2.0/security-groups?name=tempest-securitygroup--384077542&fields=id&tenant_id=3e5c012579534b82bff27fd170c76ffa HTTP/1.1" status: 200 len: 267 time: 0.0479059
2026-07-10 01:06:06.405 10 INFO neutron.api.v2.resource [req-25b6a508-8c1d-477b-a948-808b38e7049f req-9f7a006f-f9b3-4375-b44a-503944909ce8 56feecd345234955997e20f6af0acab2 b004b3de73324b02b9cdaf98b2df7443 - - default default] show failed (client error): The resource could not be found.
2026-07-10 01:06:06.407 10 INFO neutron.wsgi [req-25b6a508-8c1d-477b-a948-808b38e7049f req-9f7a006f-f9b3-4375-b44a-503944909ce8 56feecd345234955997e20f6af0acab2 b004b3de73324b02b9cdaf98b2df7443 - - default default] 10.0.0.59 "GET /v2.0/security-groups/b4516ab4-e4a1-41c0-a25a-1af340712952 HTTP/1.1" status: 404 len: 352 time: 0.0179534
2026-07-10 01:06:06.459 10 INFO neutron.wsgi [req-b68ef8a2-d75a-4544-b321-e0a973893b68 req-ce4caca8-c657-4e16-8350-d361804b0cbd 56feecd345234955997e20f6af0acab2 b004b3de73324b02b9cdaf98b2df7443 - - default default] 10.0.0.59 "GET /v2.0/security-groups/e8d036d6-a142-4311-b579-38df327a8136 HTTP/1.1" status: 200 len: 1817 time: 0.0319526
2026-07-10 01:06:06.578 10 INFO neutron.wsgi [None req-f29a86e0-d2ca-4e16-9bca-ca785f998d0a 56feecd345234955997e20f6af0acab2 b004b3de73324b02b9cdaf98b2df7443 - - - -] 10.0.0.59 "DELETE /v2.0/security-groups/e8d036d6-a142-4311-b579-38df327a8136 HTTP/1.1" status: 204 len: 173 time: 0.1117134
2026-07-10 01:06:06.614 10 INFO neutron.api.v2.resource [req-c3e110e8-d9c9-4f3a-bbd8-0c64963c8de0 req-36ce1bcb-e9f1-45d3-8b1b-2e00c73f0649 56feecd345234955997e20f6af0acab2 b004b3de73324b02b9cdaf98b2df7443 - - default default] show failed (client error): The resource could not be found.
2026-07-10 01:06:06.615 10 INFO neutron.wsgi [req-c3e110e8-d9c9-4f3a-bbd8-0c64963c8de0 req-36ce1bcb-e9f1-45d3-8b1b-2e00c73f0649 56feecd345234955997e20f6af0acab2 b004b3de73324b02b9cdaf98b2df7443 - - default default] 10.0.0.59 "GET /v2.0/security-groups/e8d036d6-a142-4311-b579-38df327a8136 HTTP/1.1" status: 404 len: 352 time: 0.0151856
2026-07-10 01:06:06.664 9 INFO neutron.wsgi [req-b77a10a7-b444-40fd-ab07-10f33bb2c362 req-53fb75ae-34ed-4e30-a87c-8a6b70750e97 947da75d6d504ce7a696460d5359e934 3e5c012579534b82bff27fd170c76ffa - - default default] 10.0.0.59 "GET /v2.0/networks?id=ffc7b4a1-a79a-4d8c-aeef-94bf2d232005 HTTP/1.1" status: 200 len: 883 time: 0.2536137
2026-07-10 01:06:06.680 10 INFO neutron.wsgi [req-bddcc2f3-adbd-49bd-8a2c-1b437e4601ab req-25f38489-fe0f-4d24-a920-202ee4ca94e7 56feecd345234955997e20f6af0acab2 b004b3de73324b02b9cdaf98b2df7443 - - default default] 10.0.0.59 "GET /v2.0/security-groups?tenant_id=b004b3de73324b02b9cdaf98b2df7443 HTTP/1.1" status: 200 len: 2997 time: 0.0391135
2026-07-10 01:06:06.691 9 INFO neutron.wsgi [req-b77a10a7-b444-40fd-ab07-10f33bb2c362 req-efbaaefb-9a02-427f-9e8d-2afa57b06ebb 947da75d6d504ce7a696460d5359e934 3e5c012579534b82bff27fd170c76ffa - - default default] 10.0.0.59 "GET /v2.0/quotas/3e5c012579534b82bff27fd170c76ffa HTTP/1.1" status: 200 len: 386 time: 0.0125203
2026-07-10 01:06:06.718 10 INFO neutron.wsgi [req-bddcc2f3-adbd-49bd-8a2c-1b437e4601ab req-7effe329-d8b8-4e2d-b699-2309367ebe1b 56feecd345234955997e20f6af0acab2 b004b3de73324b02b9cdaf98b2df7443 - - default default] 10.0.0.59 "GET /v2.0/security-groups/ffdfb8b7-cfb4-4cca-a6ad-8cebea366d11 HTTP/1.1" status: 200 len: 2994 time: 0.0274494
2026-07-10 01:06:06.759 10 INFO neutron.wsgi [req-bddcc2f3-adbd-49bd-8a2c-1b437e4601ab req-5e65a7d1-332c-48f4-8536-1d902021199e 56feecd345234955997e20f6af0acab2 b004b3de73324b02b9cdaf98b2df7443 - - default default] 10.0.0.59 "GET /v2.0/security-groups/ffdfb8b7-cfb4-4cca-a6ad-8cebea366d11 HTTP/1.1" status: 200 len: 2994 time: 0.0344086
2026-07-10 01:06:06.807 10 INFO neutron.api.v2.resource [req-4325bc84-cffe-4081-9bc6-b1a320b1f03f req-f7c4a59f-4e50-40e0-80ea-5f63913e782c 56feecd345234955997e20f6af0acab2 b004b3de73324b02b9cdaf98b2df7443 - - default default] show failed (client error): The resource could not be found.
2026-07-10 01:06:06.808 10 INFO neutron.wsgi [req-4325bc84-cffe-4081-9bc6-b1a320b1f03f req-f7c4a59f-4e50-40e0-80ea-5f63913e782c 56feecd345234955997e20f6af0acab2 b004b3de73324b02b9cdaf98b2df7443 - - default default] 10.0.0.59 "GET /v2.0/security-groups/e8d036d6-a142-4311-b579-38df327a8136 HTTP/1.1" status: 404 len: 352 time: 0.0140591
2026-07-10 01:06:06.831 9 INFO neutron.wsgi [req-b77a10a7-b444-40fd-ab07-10f33bb2c362 req-8afed39e-dff3-469f-9b1c-ca4cd4c04361 947da75d6d504ce7a696460d5359e934 3e5c012579534b82bff27fd170c76ffa - - default default] 10.0.0.59 "GET /v2.0/ports?tenant_id=3e5c012579534b82bff27fd170c76ffa&fields=id HTTP/1.1" status: 200 len: 302 time: 0.1347561
2026-07-10 01:06:06.843 10 INFO neutron.api.v2.resource [req-0df26dfd-fc36-45d6-8d0a-4c4613d20c7a req-82a939eb-27a6-419c-886b-61441846a4fe 56feecd345234955997e20f6af0acab2 b004b3de73324b02b9cdaf98b2df7443 - - default default] show failed (client error): The resource could not be found.
2026-07-10 01:06:06.844 10 INFO neutron.wsgi [req-0df26dfd-fc36-45d6-8d0a-4c4613d20c7a req-82a939eb-27a6-419c-886b-61441846a4fe 56feecd345234955997e20f6af0acab2 b004b3de73324b02b9cdaf98b2df7443 - - default default] 10.0.0.59 "GET /v2.0/security-groups/b4516ab4-e4a1-41c0-a25a-1af340712952 HTTP/1.1" status: 404 len: 352 time: 0.0169530
2026-07-10 01:06:06.880 10 INFO neutron.api.v2.resource [req-446e8da9-60b0-409b-823c-4071c8d50abf req-ada6495b-3d59-4fc8-933c-689c31abe09c 56feecd345234955997e20f6af0acab2 b004b3de73324b02b9cdaf98b2df7443 - - default default] show failed (client error): The resource could not be found.
2026-07-10 01:06:06.881 10 INFO neutron.wsgi [req-446e8da9-60b0-409b-823c-4071c8d50abf req-ada6495b-3d59-4fc8-933c-689c31abe09c 56feecd345234955997e20f6af0acab2 b004b3de73324b02b9cdaf98b2df7443 - - default default] 10.0.0.59 "GET /v2.0/security-groups/16669ce9-5c1e-40e0-a874-132753c63f82 HTTP/1.1" status: 404 len: 352 time: 0.0170114
2026-07-10 01:06:07.034 9 INFO neutron.db.ovn_revision_numbers_db [None req-7960ae0d-7f3c-4500-befa-931a092eb3a4 90f3bcdbeef84b46bf9829697a094613 93184c7435dd47f9b82b437086b62d65 - - - -] Successfully bumped revision number for resource 5ee60ba9-cb93-43dd-9737-1a3e8e5e6dca (type: router_ports) to 2
2026-07-10 01:06:07.037 9 INFO neutron.wsgi [None req-7960ae0d-7f3c-4500-befa-931a092eb3a4 90f3bcdbeef84b46bf9829697a094613 93184c7435dd47f9b82b437086b62d65 - - - -] 10.0.0.89 "PUT /v2.0/routers/b638e12e-d114-43d7-b00c-c3551e5454af/add_router_interface HTTP/1.1" status: 200 len: 503 time: 2.6232560
2026-07-10 01:06:07.233 9 INFO neutron.wsgi [req-b77a10a7-b444-40fd-ab07-10f33bb2c362 req-982dc845-9e5e-4140-85af-0c3e1c259d28 89c3fae6dcb646aa91c28996fe156959 faffad71723d45fd97606657dda41426 - - 8de3764cfd4c4215a6bb461fcf116421 8de3764cfd4c4215a6bb461fcf116421] 10.0.0.59 "GET /v2.0/extensions HTTP/1.1" status: 200 len: 16525 time: 0.0603693
2026-07-10 01:06:07.319 9 INFO neutron.wsgi [req-b77a10a7-b444-40fd-ab07-10f33bb2c362 req-cf5aaccf-9ec1-4039-8958-8c8cb7d972b4 89c3fae6dcb646aa91c28996fe156959 faffad71723d45fd97606657dda41426 - - 8de3764cfd4c4215a6bb461fcf116421 8de3764cfd4c4215a6bb461fcf116421] 10.0.0.59 "GET /v2.0/networks/ffc7b4a1-a79a-4d8c-aeef-94bf2d232005?fields=segments HTTP/1.1" status: 200 len: 212 time: 0.0763972
2026-07-10 01:06:07.328 9 INFO neutron.plugins.ml2.drivers.ovn.mech_driver.mech_driver [None req-68e7ad87-98e3-49de-afae-e972b9ce3ad8 - - - - - -] OVN reports status up for port: 5ee60ba9-cb93-43dd-9737-1a3e8e5e6dca
2026-07-10 01:06:07.350 9 INFO neutron.plugins.ml2.plugin [None req-68e7ad87-98e3-49de-afae-e972b9ce3ad8 - - - - - -] Attempt 1 to provision port 5ee60ba9-cb93-43dd-9737-1a3e8e5e6dca
2026-07-10 01:06:07.402 10 INFO neutron.db.ovn_revision_numbers_db [None req-52d98f6f-54b9-4f00-962d-1e5040edad29 90f3bcdbeef84b46bf9829697a094613 93184c7435dd47f9b82b437086b62d65 - - default default] Successfully bumped revision number for resource d15bd042-bcf2-47cc-9e91-87c966ff5267 (type: security_groups) to 1
2026-07-10 01:06:07.437 10 INFO neutron.wsgi [None req-52d98f6f-54b9-4f00-962d-1e5040edad29 90f3bcdbeef84b46bf9829697a094613 93184c7435dd47f9b82b437086b62d65 - - default default] 10.0.0.89 "GET /v2.0/security-groups?tenant_id=a92b808973af4cbdbfcc668d9d331149&name=default HTTP/1.1" status: 200 len: 2996 time: 0.5159359
2026-07-10 01:06:07.446 9 INFO neutron.wsgi [req-b77a10a7-b444-40fd-ab07-10f33bb2c362 req-42deed19-05f5-4b5c-a9ba-aea629daf992 89c3fae6dcb646aa91c28996fe156959 faffad71723d45fd97606657dda41426 - - 8de3764cfd4c4215a6bb461fcf116421 8de3764cfd4c4215a6bb461fcf116421] 10.0.0.59 "GET /v2.0/networks/ffc7b4a1-a79a-4d8c-aeef-94bf2d232005?fields=provider%3Aphysical_network&fields=provider%3Anetwork_type HTTP/1.1" status: 200 len: 277 time: 0.1190097
2026-07-10 01:06:07.690 9 INFO neutron.wsgi [req-0a33cda5-1869-4f0a-8f6e-4070027d3db8 req-1f291171-ffd4-412c-acc2-e43d48522ca8 947da75d6d504ce7a696460d5359e934 3e5c012579534b82bff27fd170c76ffa - - default default] 10.0.0.59 "GET /v2.0/ports?device_id=063f97ec-27f0-414a-966c-3956d4b6ce6c HTTP/1.1" status: 200 len: 210 time: 0.0483015
2026-07-10 01:06:07.721 9 INFO neutron.db.ovn_revision_numbers_db [None req-68e7ad87-98e3-49de-afae-e972b9ce3ad8 - - - - - -] Successfully bumped revision number for resource 5ee60ba9-cb93-43dd-9737-1a3e8e5e6dca (type: ports) to 3
2026-07-10 01:06:07.742 9 INFO neutron.wsgi [None req-9543bb67-613c-4c75-a529-856114651e35 90f3bcdbeef84b46bf9829697a094613 93184c7435dd47f9b82b437086b62d65 - - - -] 10.0.0.89 "DELETE /v2.0/security-groups/d15bd042-bcf2-47cc-9e91-87c966ff5267 HTTP/1.1" status: 204 len: 168 time: 0.2954733
2026-07-10 01:06:07.811 10 INFO neutron.db.ovn_revision_numbers_db [None req-ef0e3d0a-a250-4859-8380-741a16fd2dd9 6a27d9d213cc4951adea64dabec3ed18 abd7bec07bb340a3b7148fd2f453ba8c - - - -] Successfully bumped revision number for resource 7d113561-8ba6-4479-89c0-7159c23d9eba (type: security_groups) to 1
2026-07-10 01:06:07.841 10 INFO neutron.wsgi [None req-ef0e3d0a-a250-4859-8380-741a16fd2dd9 6a27d9d213cc4951adea64dabec3ed18 abd7bec07bb340a3b7148fd2f453ba8c - - - -] 10.0.0.59 "POST /v2.0/security-groups HTTP/1.1" status: 201 len: 1825 time: 0.2107248
2026-07-10 01:06:07.848 9 INFO neutron.db.ovn_revision_numbers_db [None req-68e7ad87-98e3-49de-afae-e972b9ce3ad8 - - - - - -] Successfully bumped revision number for resource 5ee60ba9-cb93-43dd-9737-1a3e8e5e6dca (type: router_ports) to 3
2026-07-10 01:06:07.920 9 INFO neutron.wsgi [req-836d5dd5-f3a1-430c-8895-44aca69652dc req-7557d3ae-db78-4501-bc67-1b0fc099656e 6a27d9d213cc4951adea64dabec3ed18 abd7bec07bb340a3b7148fd2f453ba8c - - default default] 10.0.0.59 "GET /v2.0/security-groups/7d113561-8ba6-4479-89c0-7159c23d9eba HTTP/1.1" status: 200 len: 1820 time: 0.0481639
2026-07-10 01:06:08.011 9 INFO neutron.db.ovn_revision_numbers_db [None req-2cbb5f5e-84eb-40de-a0ac-c1c0cd96a368 90f3bcdbeef84b46bf9829697a094613 93184c7435dd47f9b82b437086b62d65 - - default default] Successfully bumped revision number for resource 505f7c29-9f3a-46af-9d01-c54b466f3bc6 (type: security_groups) to 1
2026-07-10 01:06:08.044 9 INFO neutron.wsgi [None req-2cbb5f5e-84eb-40de-a0ac-c1c0cd96a368 90f3bcdbeef84b46bf9829697a094613 93184c7435dd47f9b82b437086b62d65 - - default default] 10.0.0.89 "GET /v2.0/security-groups?tenant_id=588159daa34449a2a27389dc04892545&name=default HTTP/1.1" status: 200 len: 2996 time: 0.1668561
2026-07-10 01:06:08.074 9 INFO neutron.db.ovn_revision_numbers_db [None req-b1613d9c-a9c3-4d49-919c-63518c685f94 6a27d9d213cc4951adea64dabec3ed18 abd7bec07bb340a3b7148fd2f453ba8c - - - -] Successfully bumped revision number for resource 106a8f78-21f0-4c07-9030-ccbb949d4695 (type: security_group_rules) to 0
2026-07-10 01:06:08.100 9 INFO neutron.wsgi [None req-b1613d9c-a9c3-4d49-919c-63518c685f94 6a27d9d213cc4951adea64dabec3ed18 abd7bec07bb340a3b7148fd2f453ba8c - - - -] 10.0.0.59 "POST /v2.0/security-group-rules HTTP/1.1" status: 201 len: 786 time: 0.1743796
2026-07-10 01:06:08.198 10 WARNING neutron.plugins.ml2.drivers.ovn.mech_driver.ovsdb.ovn_client [None req-2cf7cbb6-eca9-4d5d-8277-98de6e5b5f10 - - - - - -] No port found with ID 4281187b-8e4b-41bd-a25c-b4db24380a1b: RuntimeError: No port found with ID 4281187b-8e4b-41bd-a25c-b4db24380a1b
2026-07-10 01:06:08.199 10 INFO neutron.plugins.ml2.drivers.ovn.mech_driver.mech_driver [None req-2cf7cbb6-eca9-4d5d-8277-98de6e5b5f10 - - - - - -] OVN reports status up for port: 0ae82dd4-15b6-41d6-9a3e-33687ebcc401
2026-07-10 01:06:08.230 10 INFO neutron.plugins.ml2.plugin [None req-2cf7cbb6-eca9-4d5d-8277-98de6e5b5f10 - - - - - -] Attempt 1 to provision port 0ae82dd4-15b6-41d6-9a3e-33687ebcc401
2026-07-10 01:06:08.239 9 INFO neutron.wsgi [None req-ba121f19-cbb2-4202-965f-717997819d63 90f3bcdbeef84b46bf9829697a094613 93184c7435dd47f9b82b437086b62d65 - - - -] 10.0.0.89 "DELETE /v2.0/security-groups/505f7c29-9f3a-46af-9d01-c54b466f3bc6 HTTP/1.1" status: 204 len: 168 time: 0.1892312
2026-07-10 01:06:08.421 10 INFO neutron.db.ovn_revision_numbers_db [None req-646a9147-ff30-4e2c-afaf-9f31ae8a0797 6a27d9d213cc4951adea64dabec3ed18 abd7bec07bb340a3b7148fd2f453ba8c - - - -] Successfully bumped revision number for resource b5736536-618b-4eea-a1c2-091c227d4ad5 (type: security_groups) to 1
2026-07-10 01:06:08.773 10 INFO neutron.wsgi [None req-646a9147-ff30-4e2c-afaf-9f31ae8a0797 6a27d9d213cc4951adea64dabec3ed18 abd7bec07bb340a3b7148fd2f453ba8c - - - -] 10.0.0.59 "POST /v2.0/security-groups HTTP/1.1" status: 201 len: 1827 time: 0.6471212
2026-07-10 01:06:08.838 9 INFO neutron.wsgi [req-bcff0b15-f5ae-4162-a4a4-34dd0b74800c req-573a47a0-93f1-4de6-ada3-afd7f43ad582 947da75d6d504ce7a696460d5359e934 3e5c012579534b82bff27fd170c76ffa - - default default] 10.0.0.59 "GET /v2.0/ports?device_id=063f97ec-27f0-414a-966c-3956d4b6ce6c HTTP/1.1" status: 200 len: 210 time: 0.0275488
2026-07-10 01:06:08.859 10 INFO neutron.wsgi [req-3a27ce0c-e2ff-4ac0-9b8e-237b333a9d9c req-c3d75515-1314-4c8c-a741-c4f960469dea 6a27d9d213cc4951adea64dabec3ed18 abd7bec07bb340a3b7148fd2f453ba8c - - default default] 10.0.0.59 "GET /v2.0/security-groups/b5736536-618b-4eea-a1c2-091c227d4ad5 HTTP/1.1" status: 200 len: 1822 time: 0.0614676
2026-07-10 01:06:08.980 10 INFO neutron.wsgi [None req-f5f933fb-6256-42b1-98c3-98e6b189be56 90f3bcdbeef84b46bf9829697a094613 93184c7435dd47f9b82b437086b62d65 - - - -] 10.0.0.89 "PUT /v2.0/routers/b942a794-3de6-4a3a-9c37-61c2dc64ccae/remove_router_interface HTTP/1.1" status: 200 len: 503 time: 2.0897608
2026-07-10 01:06:09.027 10 INFO neutron.db.ovn_revision_numbers_db [None req-2cf7cbb6-eca9-4d5d-8277-98de6e5b5f10 - - - - - -] Successfully bumped revision number for resource 0ae82dd4-15b6-41d6-9a3e-33687ebcc401 (type: ports) to 3
2026-07-10 01:06:09.079 10 INFO neutron.db.ovn_revision_numbers_db [None req-32af7817-f0d7-4c2a-95b2-2c7a5a0a8b0d 6a27d9d213cc4951adea64dabec3ed18 abd7bec07bb340a3b7148fd2f453ba8c - - - -] Successfully bumped revision number for resource 8e7fcbe3-6f9d-4da3-8613-d773e9008337 (type: security_group_rules) to 0
2026-07-10 01:06:09.126 10 INFO neutron.wsgi [None req-32af7817-f0d7-4c2a-95b2-2c7a5a0a8b0d 6a27d9d213cc4951adea64dabec3ed18 abd7bec07bb340a3b7148fd2f453ba8c - - - -] 10.0.0.59 "POST /v2.0/security-group-rules HTTP/1.1" status: 201 len: 786 time: 0.2524407
2026-07-10 01:06:09.163 10 INFO neutron.db.ovn_revision_numbers_db [None req-2cf7cbb6-eca9-4d5d-8277-98de6e5b5f10 - - - - - -] Successfully bumped revision number for resource 0ae82dd4-15b6-41d6-9a3e-33687ebcc401 (type: router_ports) to 3
2026-07-10 01:06:09.233 9 INFO neutron.wsgi [req-baf06262-b799-4e39-a3d0-c619b8225bbd req-5c9e687b-b04d-48d3-839a-12c5e96b90e2 6a27d9d213cc4951adea64dabec3ed18 abd7bec07bb340a3b7148fd2f453ba8c - - default default] 10.0.0.59 "GET /v2.0/security-groups/b5736536-618b-4eea-a1c2-091c227d4ad5 HTTP/1.1" status: 200 len: 2415 time: 0.0398688
2026-07-10 01:06:09.464 9 INFO neutron.db.ovn_revision_numbers_db [None req-22d7de03-2478-438d-9776-2daa0ad3f0b5 6a27d9d213cc4951adea64dabec3ed18 abd7bec07bb340a3b7148fd2f453ba8c - - - -] Successfully bumped revision number for resource aa064b9c-6fb2-4474-8a9d-3e11359c874d (type: security_group_rules) to 0
2026-07-10 01:06:09.519 9 INFO neutron.wsgi [None req-22d7de03-2478-438d-9776-2daa0ad3f0b5 6a27d9d213cc4951adea64dabec3ed18 abd7bec07bb340a3b7148fd2f453ba8c - - - -] 10.0.0.59 "POST /v2.0/security-group-rules HTTP/1.1" status: 201 len: 791 time: 0.2600904 /var/lib/openstack/lib/python3.10/site-packages/pycadf/identifier.py:71: UserWarning: Invalid uuid: neutron. To ensure interoperability, identifiers should be a valid uuid. warnings.warn(('Invalid uuid: %s. To ensure interoperability, '
2026-07-10 01:06:09.588 10 INFO neutron.wsgi [req-88f443d4-e20c-4665-961f-507862f94f3f req-0a665202-894f-4683-81d1-ab6b321f7059 6a27d9d213cc4951adea64dabec3ed18 abd7bec07bb340a3b7148fd2f453ba8c - - default default] 10.0.0.59 "GET /v2.0/security-groups/b5736536-618b-4eea-a1c2-091c227d4ad5 HTTP/1.1" status: 200 len: 3013 time: 0.0426943
2026-07-10 01:06:09.598 9 INFO neutron.wsgi [req-b77a10a7-b444-40fd-ab07-10f33bb2c362 req-7fcd7239-569b-4614-83cd-a166a3be87e4 947da75d6d504ce7a696460d5359e934 3e5c012579534b82bff27fd170c76ffa - - default default] 199.19.213.80 "GET /v2.0/networks?id=ffc7b4a1-a79a-4d8c-aeef-94bf2d232005 HTTP/1.1" status: 200 len: 883 time: 0.3713777
2026-07-10 01:06:09.658 9 INFO neutron.wsgi [req-06cf7140-59f5-4cda-ac8f-3e12adb4fa55 req-21ae56c3-8ae9-4d5a-9064-33e1bf1a822c 6a27d9d213cc4951adea64dabec3ed18 abd7bec07bb340a3b7148fd2f453ba8c - - default default] 10.0.0.59 "GET /v2.0/security-group-rules/aa064b9c-6fb2-4474-8a9d-3e11359c874d HTTP/1.1" status: 200 len: 783 time: 0.0432773
2026-07-10 01:06:09.745 9 INFO neutron.wsgi [req-b77a10a7-b444-40fd-ab07-10f33bb2c362 req-f2b5ad11-042a-421f-a745-0183f7a1b018 947da75d6d504ce7a696460d5359e934 3e5c012579534b82bff27fd170c76ffa - - default default] 199.19.213.80 "GET /v2.0/security-groups?fields=id&fields=name&tenant_id=3e5c012579534b82bff27fd170c76ffa HTTP/1.1" status: 200 len: 379 time: 0.1065538
2026-07-10 01:06:09.756 9 INFO neutron.wsgi [req-06cf7140-59f5-4cda-ac8f-3e12adb4fa55 req-8912feef-e3a0-4ff4-ad0e-5080293c62be 6a27d9d213cc4951adea64dabec3ed18 abd7bec07bb340a3b7148fd2f453ba8c - - default default] 10.0.0.59 "GET /v2.0/security-groups/b5736536-618b-4eea-a1c2-091c227d4ad5 HTTP/1.1" status: 200 len: 3013 time: 0.0831258
2026-07-10 01:06:10.050 10 INFO neutron.wsgi [req-8f142a53-9ba8-4485-8b49-91b86f8b93e7 req-c8af3f99-0c66-44bf-907f-f8bbaa8cd80f 947da75d6d504ce7a696460d5359e934 3e5c012579534b82bff27fd170c76ffa - - default default] 10.0.0.59 "GET /v2.0/ports?device_id=063f97ec-27f0-414a-966c-3956d4b6ce6c HTTP/1.1" status: 200 len: 210 time: 0.0418270
2026-07-10 01:06:10.401 9 INFO neutron.wsgi [None req-a4c544e2-4664-44d9-89e9-44ab91c33b37 6a27d9d213cc4951adea64dabec3ed18 abd7bec07bb340a3b7148fd2f453ba8c - - - -] 10.0.0.59 "DELETE /v2.0/security-group-rules/aa064b9c-6fb2-4474-8a9d-3e11359c874d HTTP/1.1" status: 204 len: 173 time: 0.6248395
2026-07-10 01:06:10.465 10 INFO neutron.wsgi [req-e3c78a87-5b12-4211-afcb-db8a23e46e14 req-44f32610-45f5-4b33-a647-e831582b1e2b 6a27d9d213cc4951adea64dabec3ed18 abd7bec07bb340a3b7148fd2f453ba8c - - default default] 10.0.0.59 "GET /v2.0/security-groups/b5736536-618b-4eea-a1c2-091c227d4ad5 HTTP/1.1" status: 200 len: 2415 time: 0.0330074
2026-07-10 01:06:10.510 9 INFO neutron.wsgi [None req-db12d2a0-9064-4214-aff4-599919663c4c 90f3bcdbeef84b46bf9829697a094613 93184c7435dd47f9b82b437086b62d65 - - - -] 10.0.0.89 "DELETE /v2.0/routers/b942a794-3de6-4a3a-9c37-61c2dc64ccae HTTP/1.1" status: 204 len: 168 time: 1.5249519
2026-07-10 01:06:10.635 10 INFO neutron.wsgi [None req-abc05b5d-7044-40a2-a070-4e2f70bb58ac 6a27d9d213cc4951adea64dabec3ed18 abd7bec07bb340a3b7148fd2f453ba8c - - - -] 10.0.0.59 "DELETE /v2.0/security-groups/b5736536-618b-4eea-a1c2-091c227d4ad5 HTTP/1.1" status: 204 len: 173 time: 0.1644289
2026-07-10 01:06:10.797 9 INFO neutron.wsgi [req-f2f3cada-eb52-4152-a652-3844a9c58472 req-c1b9895f-fd50-42db-9adb-30b3110f2981 6a27d9d213cc4951adea64dabec3ed18 abd7bec07bb340a3b7148fd2f453ba8c - - default default] 10.0.0.59 "GET /v2.0/security-groups/7d113561-8ba6-4479-89c0-7159c23d9eba HTTP/1.1" status: 200 len: 2413 time: 0.1358149
2026-07-10 01:06:10.815 9 WARNING neutron.scheduler.dhcp_agent_scheduler [None req-89100d0d-ee14-4f84-a02f-c02a6671b6f4 947da75d6d504ce7a696460d5359e934 3e5c012579534b82bff27fd170c76ffa - - - -] No more DHCP agents /var/lib/openstack/lib/python3.10/site-packages/pycadf/identifier.py:71: UserWarning: Invalid uuid: neutron. To ensure interoperability, identifiers should be a valid uuid. warnings.warn(('Invalid uuid: %s. To ensure interoperability, '
2026-07-10 01:06:10.823 9 WARNING neutron.api.rpc.agentnotifiers.dhcp_rpc_agent_api [None req-89100d0d-ee14-4f84-a02f-c02a6671b6f4 947da75d6d504ce7a696460d5359e934 3e5c012579534b82bff27fd170c76ffa - - - -] Unable to schedule network ffc7b4a1-a79a-4d8c-aeef-94bf2d232005: no agents available; will retry on subsequent port and subnet creation events.
2026-07-10 01:06:10.918 9 INFO neutron.wsgi [None req-eff22575-3d28-48d6-abb5-d2948a55c2bb 90f3bcdbeef84b46bf9829697a094613 93184c7435dd47f9b82b437086b62d65 - - - -] 10.0.0.89 "DELETE /v2.0/subnets/dc2715eb-60ad-4a35-ae32-079e09af7d2e HTTP/1.1" status: 204 len: 168 time: 0.4034595
2026-07-10 01:06:11.012 9 INFO neutron.wsgi [None req-9c362bf6-0ef4-4720-bb27-3d15138a2813 6a27d9d213cc4951adea64dabec3ed18 abd7bec07bb340a3b7148fd2f453ba8c - - - -] 10.0.0.59 "DELETE /v2.0/security-groups/7d113561-8ba6-4479-89c0-7159c23d9eba HTTP/1.1" status: 204 len: 173 time: 0.2043664
2026-07-10 01:06:11.020 9 INFO neutron.db.ovn_revision_numbers_db [None req-89100d0d-ee14-4f84-a02f-c02a6671b6f4 947da75d6d504ce7a696460d5359e934 3e5c012579534b82bff27fd170c76ffa - - - -] Successfully bumped revision number for resource a315262b-8a5f-43f9-8d8d-44523a07e50b (type: ports) to 1
2026-07-10 01:06:11.044 9 INFO neutron.wsgi [None req-89100d0d-ee14-4f84-a02f-c02a6671b6f4 947da75d6d504ce7a696460d5359e934 3e5c012579534b82bff27fd170c76ffa - - - -] 199.19.213.80 "POST /v2.0/ports HTTP/1.1" status: 201 len: 1158 time: 1.2680585 /var/lib/openstack/lib/python3.10/site-packages/pycadf/identifier.py:71: UserWarning: Invalid uuid: neutron. To ensure interoperability, identifiers should be a valid uuid. warnings.warn(('Invalid uuid: %s. To ensure interoperability, '
2026-07-10 01:06:11.058 9 INFO neutron.wsgi [req-b77a10a7-b444-40fd-ab07-10f33bb2c362 req-f34f415c-0e27-4cc0-8349-dc48f76c89fc 947da75d6d504ce7a696460d5359e934 3e5c012579534b82bff27fd170c76ffa - - default default] 199.19.213.80 "GET /v2.0/extensions HTTP/1.1" status: 200 len: 16525 time: 0.0073180
2026-07-10 01:06:11.401 10 INFO neutron.wsgi [req-bc5da185-8e9f-4c47-8fb7-6b4a258313ea req-81e737fd-4011-474c-80e2-0c927b52e6bd 947da75d6d504ce7a696460d5359e934 3e5c012579534b82bff27fd170c76ffa - - default default] 10.0.0.59 "GET /v2.0/ports?device_id=063f97ec-27f0-414a-966c-3956d4b6ce6c HTTP/1.1" status: 200 len: 1156 time: 0.1447580
2026-07-10 01:06:11.503 10 INFO neutron.wsgi [req-bc5da185-8e9f-4c47-8fb7-6b4a258313ea req-14225c21-3e7c-4c74-87a3-d3a2938b827b 947da75d6d504ce7a696460d5359e934 3e5c012579534b82bff27fd170c76ffa - - default default] 10.0.0.59 "GET /v2.0/security-groups?id=a1af2185-4b0b-4ca1-8c90-4160c2da4923&fields=id&fields=name HTTP/1.1" status: 200 len: 312 time: 0.0891778
2026-07-10 01:06:11.604 10 INFO neutron.wsgi [None req-f3da9fee-d708-40ba-8fee-c3b314c2cb70 90f3bcdbeef84b46bf9829697a094613 93184c7435dd47f9b82b437086b62d65 - - - -] 10.0.0.89 "DELETE /v2.0/networks/0e70b572-c408-48ef-b7c4-9c9be683a488 HTTP/1.1" status: 204 len: 168 time: 0.6800847
2026-07-10 01:06:11.919 9 INFO neutron.wsgi [None req-47e0de7e-b88a-40e7-baec-1c4a5c1016e1 90f3bcdbeef84b46bf9829697a094613 93184c7435dd47f9b82b437086b62d65 - - default default] 10.0.0.89 "GET /v2.0/security-groups?tenant_id=b004b3de73324b02b9cdaf98b2df7443&name=default HTTP/1.1" status: 200 len: 2992 time: 0.0480609
2026-07-10 01:06:12.100 9 INFO neutron.db.ovn_revision_numbers_db [None req-f787b79b-a86b-4dd2-a79a-58f244489703 89c3fae6dcb646aa91c28996fe156959 faffad71723d45fd97606657dda41426 - - - -] Successfully bumped revision number for resource a315262b-8a5f-43f9-8d8d-44523a07e50b (type: ports) to 2
2026-07-10 01:06:12.204 10 INFO neutron.services.segments.plugin [-] Segment 061098df-8f61-4dbc-842c-009470a182d2 resource provider aggregate not found
2026-07-10 01:06:12.212 10 INFO neutron.wsgi [None req-49179b79-0d56-4fe2-ae43-856b2cd018e1 90f3bcdbeef84b46bf9829697a094613 93184c7435dd47f9b82b437086b62d65 - - - -] 10.0.0.89 "DELETE /v2.0/security-groups/ffdfb8b7-cfb4-4cca-a6ad-8cebea366d11 HTTP/1.1" status: 204 len: 168 time: 0.2887645
2026-07-10 01:06:12.218 10 INFO neutron.services.segments.plugin [-] Segment 061098df-8f61-4dbc-842c-009470a182d2 resource provider aggregate not found
2026-07-10 01:06:12.224 10 INFO neutron.services.segments.plugin [-] Segment 061098df-8f61-4dbc-842c-009470a182d2 resource provider not found; error: Placement Client Error (4xx): {"errors": [{"status": 404, "title": "Not Found", "detail": "The resource could not be found.\n\n No resource provider with uuid 061098df-8f61-4dbc-842c-009470a182d2 found for delete ", "request_id": "req-b44e741c-8f74-4dac-a265-8b7b5ec52a80"}]}
2026-07-10 01:06:12.241 10 INFO neutron.services.segments.plugin [-] Segment 061098df-8f61-4dbc-842c-009470a182d2 resource provider not found; error: Placement Client Error (4xx): {"errors": [{"status": 404, "title": "Not Found", "detail": "The resource could not be found.\n\n No resource provider with uuid 061098df-8f61-4dbc-842c-009470a182d2 found for delete ", "request_id": "req-d7ac19df-fdc5-429e-aefc-66c9a172c84a"}]}
2026-07-10 01:06:12.327 9 INFO neutron.db.ovn_revision_numbers_db [None req-f787b79b-a86b-4dd2-a79a-58f244489703 89c3fae6dcb646aa91c28996fe156959 faffad71723d45fd97606657dda41426 - - - -] Successfully bumped revision number for resource a315262b-8a5f-43f9-8d8d-44523a07e50b (type: ports) to 2
2026-07-10 01:06:12.343 9 INFO neutron.wsgi [None req-f787b79b-a86b-4dd2-a79a-58f244489703 89c3fae6dcb646aa91c28996fe156959 faffad71723d45fd97606657dda41426 - - - -] 199.19.213.80 "PUT /v2.0/ports/a315262b-8a5f-43f9-8d8d-44523a07e50b HTTP/1.1" status: 200 len: 1328 time: 0.8729932 /var/lib/openstack/lib/python3.10/site-packages/pycadf/identifier.py:71: UserWarning: Invalid uuid: neutron. To ensure interoperability, identifiers should be a valid uuid. warnings.warn(('Invalid uuid: %s. To ensure interoperability, '
2026-07-10 01:06:12.475 9 INFO neutron.wsgi [req-b77a10a7-b444-40fd-ab07-10f33bb2c362 req-3a81d6d8-9912-4a4d-942a-2eab5dad2428 89c3fae6dcb646aa91c28996fe156959 faffad71723d45fd97606657dda41426 - - 8de3764cfd4c4215a6bb461fcf116421 8de3764cfd4c4215a6bb461fcf116421] 199.19.213.80 "GET /v2.0/ports?tenant_id=3e5c012579534b82bff27fd170c76ffa&device_id=063f97ec-27f0-414a-966c-3956d4b6ce6c HTTP/1.1" status: 200 len: 1359 time: 0.0621996
2026-07-10 01:06:12.523 9 INFO neutron.wsgi [req-b77a10a7-b444-40fd-ab07-10f33bb2c362 req-5c10ddf5-abc1-4a80-805f-438361e5534c 89c3fae6dcb646aa91c28996fe156959 faffad71723d45fd97606657dda41426 - - 8de3764cfd4c4215a6bb461fcf116421 8de3764cfd4c4215a6bb461fcf116421] 199.19.213.80 "GET /v2.0/floatingips?fixed_ip_address=10.100.0.6&port_id=a315262b-8a5f-43f9-8d8d-44523a07e50b HTTP/1.1" status: 200 len: 217 time: 0.0419908
2026-07-10 01:06:12.576 9 INFO neutron.wsgi [req-b77a10a7-b444-40fd-ab07-10f33bb2c362 req-d28f72a9-9f46-4c86-a911-d3ba57f97832 89c3fae6dcb646aa91c28996fe156959 faffad71723d45fd97606657dda41426 - - 8de3764cfd4c4215a6bb461fcf116421 8de3764cfd4c4215a6bb461fcf116421] 199.19.213.80 "GET /v2.0/subnets?id=757201b3-d806-4ce1-a014-72ac8dce9949 HTTP/1.1" status: 200 len: 877 time: 0.0462525
2026-07-10 01:06:12.587 10 INFO neutron.wsgi [None req-913090c1-b75d-4867-8a3b-5869f0cc6835 90f3bcdbeef84b46bf9829697a094613 93184c7435dd47f9b82b437086b62d65 - - - -] 10.0.0.89 "PUT /v2.0/routers/b638e12e-d114-43d7-b00c-c3551e5454af/remove_router_interface HTTP/1.1" status: 200 len: 503 time: 1.5648386 /var/lib/openstack/lib/python3.10/site-packages/pycadf/identifier.py:71: UserWarning: Invalid uuid: neutron. To ensure interoperability, identifiers should be a valid uuid. warnings.warn(('Invalid uuid: %s. To ensure interoperability, '
2026-07-10 01:06:12.626 9 INFO neutron.wsgi [req-b77a10a7-b444-40fd-ab07-10f33bb2c362 req-6d9dec0d-1654-4434-a973-e398b41b4d03 89c3fae6dcb646aa91c28996fe156959 faffad71723d45fd97606657dda41426 - - 8de3764cfd4c4215a6bb461fcf116421 8de3764cfd4c4215a6bb461fcf116421] 199.19.213.80 "GET /v2.0/ports?network_id=ffc7b4a1-a79a-4d8c-aeef-94bf2d232005&device_owner=network%3Adhcp HTTP/1.1" status: 200 len: 210 time: 0.0410519
2026-07-10 01:06:12.700 9 INFO neutron.wsgi [req-b77a10a7-b444-40fd-ab07-10f33bb2c362 req-5ba6940a-dc26-4479-a268-88342362e43b 89c3fae6dcb646aa91c28996fe156959 faffad71723d45fd97606657dda41426 - - 8de3764cfd4c4215a6bb461fcf116421 8de3764cfd4c4215a6bb461fcf116421] 199.19.213.80 "GET /v2.0/networks/ffc7b4a1-a79a-4d8c-aeef-94bf2d232005?fields=segments HTTP/1.1" status: 200 len: 212 time: 0.0641356
2026-07-10 01:06:13.005 9 INFO neutron.wsgi [req-b77a10a7-b444-40fd-ab07-10f33bb2c362 req-bf75eb7b-bed9-41bd-a270-ac3e7824fa56 89c3fae6dcb646aa91c28996fe156959 faffad71723d45fd97606657dda41426 - - 8de3764cfd4c4215a6bb461fcf116421 8de3764cfd4c4215a6bb461fcf116421] 199.19.213.80 "GET /v2.0/networks/ffc7b4a1-a79a-4d8c-aeef-94bf2d232005?fields=provider%3Aphysical_network&fields=provider%3Anetwork_type HTTP/1.1" status: 200 len: 277 time: 0.2969286
2026-07-10 01:06:13.020 9 INFO neutron.wsgi [req-45353925-95eb-45e6-ac26-5099b81f972b req-1caf60c4-0ff5-4167-bcc5-88e82d388e13 947da75d6d504ce7a696460d5359e934 3e5c012579534b82bff27fd170c76ffa - - default default] 10.0.0.59 "GET /v2.0/ports?device_id=063f97ec-27f0-414a-966c-3956d4b6ce6c HTTP/1.1" status: 200 len: 1168 time: 0.3089507
2026-07-10 01:06:13.025 9 INFO neutron.notifiers.nova [-] Nova event matching ['req-b5e9b22b-92a0-4072-933b-0c00fe42caac'] response: {'name': 'network-changed', 'server_uuid': '063f97ec-27f0-414a-966c-3956d4b6ce6c', 'tag': 'a315262b-8a5f-43f9-8d8d-44523a07e50b', 'status': 'completed', 'code': 200}
2026-07-10 01:06:13.059 9 INFO neutron.wsgi [req-45353925-95eb-45e6-ac26-5099b81f972b req-7a869bd5-4350-415e-94c3-c7fdc4825fc1 947da75d6d504ce7a696460d5359e934 3e5c012579534b82bff27fd170c76ffa - - default default] 10.0.0.59 "GET /v2.0/security-groups?id=a1af2185-4b0b-4ca1-8c90-4160c2da4923&fields=id&fields=name HTTP/1.1" status: 200 len: 312 time: 0.0324626
2026-07-10 01:06:13.091 9 INFO neutron.wsgi [req-99707cce-e401-4133-9e2a-d67dd9d00119 req-26a3ab23-67c2-4cd2-b95f-a68a5fd5e3a3 89c3fae6dcb646aa91c28996fe156959 faffad71723d45fd97606657dda41426 - - 8de3764cfd4c4215a6bb461fcf116421 8de3764cfd4c4215a6bb461fcf116421] 199.19.213.80 "GET /v2.0/ports?tenant_id=3e5c012579534b82bff27fd170c76ffa&device_id=063f97ec-27f0-414a-966c-3956d4b6ce6c HTTP/1.1" status: 200 len: 1359 time: 0.0318813
2026-07-10 01:06:13.178 9 INFO neutron.wsgi [req-99707cce-e401-4133-9e2a-d67dd9d00119 req-dc2ba190-f83f-4836-8cf3-ecf0b53c19e8 89c3fae6dcb646aa91c28996fe156959 faffad71723d45fd97606657dda41426 - - 8de3764cfd4c4215a6bb461fcf116421 8de3764cfd4c4215a6bb461fcf116421] 199.19.213.80 "GET /v2.0/networks?id=ffc7b4a1-a79a-4d8c-aeef-94bf2d232005 HTTP/1.1" status: 200 len: 982 time: 0.0795763
2026-07-10 01:06:13.213 9 INFO neutron.wsgi [req-99707cce-e401-4133-9e2a-d67dd9d00119 req-48602af4-062f-4fae-ba6d-580e7d6a7b1b 89c3fae6dcb646aa91c28996fe156959 faffad71723d45fd97606657dda41426 - - 8de3764cfd4c4215a6bb461fcf116421 8de3764cfd4c4215a6bb461fcf116421] 199.19.213.80 "GET /v2.0/floatingips?fixed_ip_address=10.100.0.6&port_id=a315262b-8a5f-43f9-8d8d-44523a07e50b HTTP/1.1" status: 200 len: 217 time: 0.0297048
2026-07-10 01:06:13.270 10 INFO neutron.wsgi [None req-7e1d32bc-d6d0-4b2a-811b-e9bbfce97383 90f3bcdbeef84b46bf9829697a094613 93184c7435dd47f9b82b437086b62d65 - - - -] 10.0.0.89 "DELETE /v2.0/routers/b638e12e-d114-43d7-b00c-c3551e5454af HTTP/1.1" status: 204 len: 168 time: 0.6758721
2026-07-10 01:06:13.277 9 INFO neutron.wsgi [req-99707cce-e401-4133-9e2a-d67dd9d00119 req-d925f24a-c7e4-4326-a512-5d903f51ab84 89c3fae6dcb646aa91c28996fe156959 faffad71723d45fd97606657dda41426 - - 8de3764cfd4c4215a6bb461fcf116421 8de3764cfd4c4215a6bb461fcf116421] 199.19.213.80 "GET /v2.0/subnets?id=757201b3-d806-4ce1-a014-72ac8dce9949 HTTP/1.1" status: 200 len: 877 time: 0.0571065
