2026-07-10 01:10:29.098 9 INFO neutron.wsgi [None req-d421bdb1-a225-42d6-8ad2-dbb0ee8c5569 01cc925c77c042c78916edf1f41f30ee 3bad5dc72cdc49459655619609b9a001 - - - -] 10.0.0.89 "DELETE /v2.0/subnets/55aceda4-77e0-407d-ad05-865b11f83182 HTTP/1.1" status: 204 len: 168 time: 0.2174563
2026-07-10 01:10:29.376 10 INFO neutron.wsgi [None req-4bf2260f-148d-4ff8-99ce-6c844b1d4aad 01cc925c77c042c78916edf1f41f30ee 3bad5dc72cdc49459655619609b9a001 - - - -] 10.0.0.89 "DELETE /v2.0/subnets/2038e6ab-98d3-453c-bd1c-6f2b1ed13cbc HTTP/1.1" status: 204 len: 168 time: 0.2708402
2026-07-10 01:10:29.634 10 INFO neutron.wsgi [None req-be80c26b-dd59-42ad-ac47-eafdc1274c18 01cc925c77c042c78916edf1f41f30ee 3bad5dc72cdc49459655619609b9a001 - - - -] 10.0.0.89 "DELETE /v2.0/subnets/d2e58078-4b8b-4181-89b5-f049efc9cad0 HTTP/1.1" status: 204 len: 168 time: 0.2497931
2026-07-10 01:10:30.017 10 INFO neutron.services.segments.plugin [-] Segment d662eec7-8d4c-4dca-a315-000efef407f1 resource provider aggregate not found
2026-07-10 01:10:30.029 10 INFO neutron.services.segments.plugin [-] Segment d662eec7-8d4c-4dca-a315-000efef407f1 resource provider aggregate not found
2026-07-10 01:10:30.034 10 INFO neutron.services.segments.plugin [-] Segment d662eec7-8d4c-4dca-a315-000efef407f1 resource provider not found; error: Placement Client Error (4xx): {"errors": [{"status": 404, "title": "Not Found", "detail": "The resource could not be found.\n\n No resource provider with uuid d662eec7-8d4c-4dca-a315-000efef407f1 found for delete ", "request_id": "req-13245e75-469f-4099-a1fc-07bb767a23bd"}]}
2026-07-10 01:10:30.046 10 INFO neutron.services.segments.plugin [-] Segment d662eec7-8d4c-4dca-a315-000efef407f1 resource provider not found; error: Placement Client Error (4xx): {"errors": [{"status": 404, "title": "Not Found", "detail": "The resource could not be found.\n\n No resource provider with uuid d662eec7-8d4c-4dca-a315-000efef407f1 found for delete ", "request_id": "req-c753c5e3-0cff-4cea-b7a5-d1e722065104"}]}
2026-07-10 01:10:30.075 10 INFO neutron.wsgi [None req-6fee421f-f140-4515-a349-41611af8d7ba 01cc925c77c042c78916edf1f41f30ee 3bad5dc72cdc49459655619609b9a001 - - - -] 10.0.0.89 "DELETE /v2.0/networks/f861f739-b962-41d7-8b0b-0f7201d1e357 HTTP/1.1" status: 204 len: 168 time: 0.4366426
2026-07-10 01:10:30.909 9 INFO neutron.services.segments.plugin [-] Segment 8783d507-ee89-4e12-aef7-14a9fb70fa08 resource provider aggregate not found
2026-07-10 01:10:30.925 9 INFO neutron.services.segments.plugin [-] Segment 8783d507-ee89-4e12-aef7-14a9fb70fa08 resource provider aggregate not found
2026-07-10 01:10:30.936 9 INFO neutron.services.segments.plugin [-] Segment 8783d507-ee89-4e12-aef7-14a9fb70fa08 resource provider not found; error: Placement Client Error (4xx): {"errors": [{"status": 404, "title": "Not Found", "detail": "The resource could not be found.\n\n No resource provider with uuid 8783d507-ee89-4e12-aef7-14a9fb70fa08 found for delete ", "request_id": "req-c5972811-4a76-457c-ba5d-07f304bc137d"}]}
2026-07-10 01:10:30.953 9 INFO neutron.services.segments.plugin [-] Segment 8783d507-ee89-4e12-aef7-14a9fb70fa08 resource provider not found; error: Placement Client Error (4xx): {"errors": [{"status": 404, "title": "Not Found", "detail": "The resource could not be found.\n\n No resource provider with uuid 8783d507-ee89-4e12-aef7-14a9fb70fa08 found for delete ", "request_id": "req-a29ea888-f994-4a84-850a-4c031fdd0204"}]}
2026-07-10 01:10:30.983 9 INFO neutron.wsgi [None req-4a03fbd9-a7a8-4ce2-9821-9b07909f764b 01cc925c77c042c78916edf1f41f30ee 3bad5dc72cdc49459655619609b9a001 - - - -] 10.0.0.89 "DELETE /v2.0/networks/61e37e3d-b97b-44a0-b0e6-62d2cbecdf95 HTTP/1.1" status: 204 len: 168 time: 0.9016054
2026-07-10 01:10:30.996 9 INFO neutron.wsgi [-] 10.0.0.194 "GET / HTTP/1.1" status: 200 len: 247 time: 0.0016775
2026-07-10 01:10:30.998 9 INFO neutron.wsgi [-] 10.0.0.194 "GET / HTTP/1.1" status: 200 len: 247 time: 0.0013261
2026-07-10 01:10:31.421 10 INFO neutron.wsgi [None req-52241dd3-049a-4e86-8838-bad5cfdaa3d7 01cc925c77c042c78916edf1f41f30ee 3bad5dc72cdc49459655619609b9a001 - - - -] 10.0.0.89 "DELETE /v2.0/networks/c6002c86-379b-4d0b-b38a-6b475e356357 HTTP/1.1" status: 204 len: 168 time: 0.4318173
2026-07-10 01:10:31.785 9 INFO neutron.wsgi [None req-417a8d3c-3ca0-448b-b81e-f5d099df6430 01cc925c77c042c78916edf1f41f30ee 3bad5dc72cdc49459655619609b9a001 - - - -] 10.0.0.89 "DELETE /v2.0/networks/9f057b14-f6ed-4092-804c-fd81da99330d HTTP/1.1" status: 204 len: 168 time: 0.3583803
2026-07-10 01:10:32.057 10 INFO neutron.services.segments.plugin [-] Segment aa0d9158-e525-46bc-b75c-990783592793 resource provider aggregate not found
2026-07-10 01:10:32.065 10 INFO neutron.services.segments.plugin [-] Segment aa0d9158-e525-46bc-b75c-990783592793 resource provider aggregate not found
2026-07-10 01:10:32.072 10 INFO neutron.services.segments.plugin [-] Segment aa0d9158-e525-46bc-b75c-990783592793 resource provider not found; error: Placement Client Error (4xx): {"errors": [{"status": 404, "title": "Not Found", "detail": "The resource could not be found.\n\n No resource provider with uuid aa0d9158-e525-46bc-b75c-990783592793 found for delete ", "request_id": "req-563dc720-0a82-4862-b27c-4abd49347676"}]}
2026-07-10 01:10:32.079 10 INFO neutron.services.segments.plugin [-] Segment aa0d9158-e525-46bc-b75c-990783592793 resource provider not found; error: Placement Client Error (4xx): {"errors": [{"status": 404, "title": "Not Found", "detail": "The resource could not be found.\n\n No resource provider with uuid aa0d9158-e525-46bc-b75c-990783592793 found for delete ", "request_id": "req-4547bed7-f8d5-40c6-a9a2-ceb46a2355e2"}]}
2026-07-10 01:10:32.198 9 INFO neutron.wsgi [None req-24980ef5-1497-444a-aec8-7d43049649dd 01cc925c77c042c78916edf1f41f30ee 3bad5dc72cdc49459655619609b9a001 - - - -] 10.0.0.89 "DELETE /v2.0/networks/8cbfd525-cfe0-4295-ac35-0c29211a12d2 HTTP/1.1" status: 204 len: 168 time: 0.4047620
2026-07-10 01:10:32.961 9 INFO neutron.services.segments.plugin [-] Segment aa3308c2-bc58-443a-b548-bab42e0c186d resource provider aggregate not found
2026-07-10 01:10:32.974 9 INFO neutron.services.segments.plugin [-] Segment aa3308c2-bc58-443a-b548-bab42e0c186d resource provider aggregate not found
2026-07-10 01:10:32.981 9 INFO neutron.services.segments.plugin [-] Segment aa3308c2-bc58-443a-b548-bab42e0c186d resource provider not found; error: Placement Client Error (4xx): {"errors": [{"status": 404, "title": "Not Found", "detail": "The resource could not be found.\n\n No resource provider with uuid aa3308c2-bc58-443a-b548-bab42e0c186d found for delete ", "request_id": "req-01e36372-41aa-461f-bcec-2a4c30988e21"}]}
2026-07-10 01:10:32.999 9 INFO neutron.services.segments.plugin [-] Segment 43817951-c911-48b7-b0ec-47fc90e9d1c0 resource provider aggregate not found
2026-07-10 01:10:33.005 9 INFO neutron.services.segments.plugin [-] Segment aa3308c2-bc58-443a-b548-bab42e0c186d resource provider not found; error: Placement Client Error (4xx): {"errors": [{"status": 404, "title": "Not Found", "detail": "The resource could not be found.\n\n No resource provider with uuid aa3308c2-bc58-443a-b548-bab42e0c186d found for delete ", "request_id": "req-6346a88f-0d0d-4d38-b14e-01a2be70b263"}]}
2026-07-10 01:10:33.024 9 INFO neutron.services.segments.plugin [-] Segment 43817951-c911-48b7-b0ec-47fc90e9d1c0 resource provider not found; error: Placement Client Error (4xx): {"errors": [{"status": 404, "title": "Not Found", "detail": "The resource could not be found.\n\n No resource provider with uuid 43817951-c911-48b7-b0ec-47fc90e9d1c0 found for delete ", "request_id": "req-de0b942b-6fb1-4633-9011-66698b14f5a8"}]}
2026-07-10 01:10:33.025 9 INFO neutron.services.segments.plugin [-] Segment 43817951-c911-48b7-b0ec-47fc90e9d1c0 resource provider aggregate not found
2026-07-10 01:10:33.041 9 INFO neutron.services.segments.plugin [-] Segment 43817951-c911-48b7-b0ec-47fc90e9d1c0 resource provider not found; error: Placement Client Error (4xx): {"errors": [{"status": 404, "title": "Not Found", "detail": "The resource could not be found.\n\n No resource provider with uuid 43817951-c911-48b7-b0ec-47fc90e9d1c0 found for delete ", "request_id": "req-ab7306c8-29d9-438b-a98f-87e1ae14d5ba"}]}
2026-07-10 01:10:33.236 9 INFO neutron.wsgi [None req-7afe224d-b5ae-4ea5-83c3-91c81ad24cb4 90f3bcdbeef84b46bf9829697a094613 93184c7435dd47f9b82b437086b62d65 - - default default] 10.0.0.89 "GET /v2.0/security-groups?tenant_id=3bad5dc72cdc49459655619609b9a001&name=default HTTP/1.1" status: 200 len: 3000 time: 0.2223668
2026-07-10 01:10:33.458 9 INFO neutron.wsgi [None req-ac6d9f02-f884-493c-a1a2-2e063bdb4036 90f3bcdbeef84b46bf9829697a094613 93184c7435dd47f9b82b437086b62d65 - - - -] 10.0.0.89 "DELETE /v2.0/security-groups/8bf8900f-2b6b-4a02-a5d3-fb28f2efa5fb HTTP/1.1" status: 204 len: 168 time: 0.2150385
2026-07-10 01:10:33.666 10 INFO neutron.db.ovn_revision_numbers_db [None req-6d3b5aa0-9fdb-43f3-a597-c6eaba3b30e8 90f3bcdbeef84b46bf9829697a094613 93184c7435dd47f9b82b437086b62d65 - - default default] Successfully bumped revision number for resource bfd091a7-e657-4901-9693-eb0cb8fd3356 (type: security_groups) to 1
2026-07-10 01:10:33.689 10 INFO neutron.wsgi [None req-6d3b5aa0-9fdb-43f3-a597-c6eaba3b30e8 90f3bcdbeef84b46bf9829697a094613 93184c7435dd47f9b82b437086b62d65 - - default default] 10.0.0.89 "GET /v2.0/security-groups?tenant_id=62a88c0924e249e6b6609c64ba149841&name=default HTTP/1.1" status: 200 len: 3000 time: 0.1304555
2026-07-10 01:10:33.929 10 INFO neutron.wsgi [None req-65928dbd-000b-4df5-9953-1e37a20e3f79 90f3bcdbeef84b46bf9829697a094613 93184c7435dd47f9b82b437086b62d65 - - - -] 10.0.0.89 "DELETE /v2.0/security-groups/bfd091a7-e657-4901-9693-eb0cb8fd3356 HTTP/1.1" status: 204 len: 168 time: 0.2351179
2026-07-10 01:10:34.200 10 INFO neutron.db.ovn_revision_numbers_db [None req-0913f847-43bb-4374-94ed-90ee4634aa58 90f3bcdbeef84b46bf9829697a094613 93184c7435dd47f9b82b437086b62d65 - - default default] Successfully bumped revision number for resource 2df47dea-afbe-4352-b26b-33eb0e7622f4 (type: security_groups) to 1
2026-07-10 01:10:34.225 10 INFO neutron.wsgi [None req-0913f847-43bb-4374-94ed-90ee4634aa58 90f3bcdbeef84b46bf9829697a094613 93184c7435dd47f9b82b437086b62d65 - - default default] 10.0.0.89 "GET /v2.0/security-groups?tenant_id=ec16a8ad767a4074a85086fae1768b6a&name=default HTTP/1.1" status: 200 len: 3000 time: 0.1421359
2026-07-10 01:10:34.460 10 INFO neutron.wsgi [None req-fd861af6-75e0-46a2-a7fb-3b2e988b1bfe 90f3bcdbeef84b46bf9829697a094613 93184c7435dd47f9b82b437086b62d65 - - - -] 10.0.0.89 "DELETE /v2.0/security-groups/2df47dea-afbe-4352-b26b-33eb0e7622f4 HTTP/1.1" status: 204 len: 168 time: 0.2304432
2026-07-10 01:10:35.129 10 INFO neutron.wsgi [req-2996890c-2a62-4368-a891-78e9b0816283 req-055dd1cf-464b-4b91-9a73-8a0cefc6f554 90f3bcdbeef84b46bf9829697a094613 93184c7435dd47f9b82b437086b62d65 - - default default] 10.0.0.59 "GET /v2.0/security-groups?id=eacb5932-f37c-4949-bd37-ba3126120ebc&fields=id HTTP/1.1" status: 200 len: 267 time: 0.0586662
2026-07-10 01:10:35.220 10 INFO neutron.wsgi [req-2996890c-2a62-4368-a891-78e9b0816283 req-191abb05-a59a-4569-a34d-73fcf874b0c5 90f3bcdbeef84b46bf9829697a094613 93184c7435dd47f9b82b437086b62d65 - - default default] 10.0.0.59 "GET /v2.0/networks?id=75405d94-4cb7-4b72-83b9-b4dcd70fe181 HTTP/1.1" status: 200 len: 937 time: 0.0809546
2026-07-10 01:10:35.243 10 INFO neutron.wsgi [req-2996890c-2a62-4368-a891-78e9b0816283 req-e985c076-a186-4bc3-beb7-062dc61ad52e 90f3bcdbeef84b46bf9829697a094613 93184c7435dd47f9b82b437086b62d65 - - default default] 10.0.0.59 "GET /v2.0/quotas/93184c7435dd47f9b82b437086b62d65 HTTP/1.1" status: 200 len: 385 time: 0.0128543
2026-07-10 01:10:35.323 10 INFO neutron.wsgi [req-2996890c-2a62-4368-a891-78e9b0816283 req-41833929-e1a6-44ae-a6d9-083ffaa2d7fc 90f3bcdbeef84b46bf9829697a094613 93184c7435dd47f9b82b437086b62d65 - - default default] 10.0.0.59 "GET /v2.0/ports?tenant_id=93184c7435dd47f9b82b437086b62d65&fields=id HTTP/1.1" status: 200 len: 348 time: 0.0708542
2026-07-10 01:10:35.402 10 INFO neutron.wsgi [req-2996890c-2a62-4368-a891-78e9b0816283 req-f1cf4423-0a9c-465e-9438-7dc6ba02e545 89c3fae6dcb646aa91c28996fe156959 faffad71723d45fd97606657dda41426 - - 8de3764cfd4c4215a6bb461fcf116421 8de3764cfd4c4215a6bb461fcf116421] 10.0.0.59 "GET /v2.0/networks/75405d94-4cb7-4b72-83b9-b4dcd70fe181?fields=segments HTTP/1.1" status: 200 len: 212 time: 0.0669742
2026-07-10 01:10:35.464 10 INFO neutron.wsgi [req-2996890c-2a62-4368-a891-78e9b0816283 req-cd0b1890-4ce5-4146-a1e5-23fdb6775dfa 89c3fae6dcb646aa91c28996fe156959 faffad71723d45fd97606657dda41426 - - 8de3764cfd4c4215a6bb461fcf116421 8de3764cfd4c4215a6bb461fcf116421] 10.0.0.59 "GET /v2.0/networks/75405d94-4cb7-4b72-83b9-b4dcd70fe181?fields=provider%3Aphysical_network&fields=provider%3Anetwork_type HTTP/1.1" status: 200 len: 277 time: 0.0528023
2026-07-10 01:10:35.812 9 INFO neutron.wsgi [req-ce404a6a-0389-4706-8581-649110d13d0f req-17edf1d9-7eb4-47ac-9680-afc6e6788b25 90f3bcdbeef84b46bf9829697a094613 93184c7435dd47f9b82b437086b62d65 - - default default] 10.0.0.59 "GET /v2.0/ports?device_id=2af0d307-1711-488a-8b24-5c42f8f69413 HTTP/1.1" status: 200 len: 210 time: 0.0289609
2026-07-10 01:10:35.882 10 INFO neutron.wsgi [req-0e7f8774-cd5a-4f20-a5d0-2bc25653142c req-5c2f42b4-fc28-4078-a50b-3c082ab92dce 90f3bcdbeef84b46bf9829697a094613 93184c7435dd47f9b82b437086b62d65 - - default default] 10.0.0.59 "GET /v2.0/ports?device_id=2af0d307-1711-488a-8b24-5c42f8f69413 HTTP/1.1" status: 200 len: 210 time: 0.0252295
2026-07-10 01:10:36.623 9 INFO neutron.wsgi [req-2996890c-2a62-4368-a891-78e9b0816283 req-630f4c06-106c-4d35-8e9a-0fa05e62ad13 90f3bcdbeef84b46bf9829697a094613 93184c7435dd47f9b82b437086b62d65 - - default default] 199.19.213.80 "GET /v2.0/networks?id=75405d94-4cb7-4b72-83b9-b4dcd70fe181 HTTP/1.1" status: 200 len: 937 time: 0.0679817
2026-07-10 01:10:36.712 9 INFO neutron.wsgi [req-2996890c-2a62-4368-a891-78e9b0816283 req-ded01d1f-7c3e-4fe1-b14c-663cef3204d3 90f3bcdbeef84b46bf9829697a094613 93184c7435dd47f9b82b437086b62d65 - - default default] 199.19.213.80 "GET /v2.0/security-groups?fields=id&fields=name&tenant_id=93184c7435dd47f9b82b437086b62d65 HTTP/1.1" status: 200 len: 542 time: 0.0809965
2026-07-10 01:10:37.041 9 WARNING neutron.scheduler.dhcp_agent_scheduler [None req-1b029fc9-a8cb-4a3f-adad-e586930b3421 90f3bcdbeef84b46bf9829697a094613 93184c7435dd47f9b82b437086b62d65 - - - -] No more DHCP agents
2026-07-10 01:10:37.045 9 WARNING neutron.api.rpc.agentnotifiers.dhcp_rpc_agent_api [None req-1b029fc9-a8cb-4a3f-adad-e586930b3421 90f3bcdbeef84b46bf9829697a094613 93184c7435dd47f9b82b437086b62d65 - - - -] Unable to schedule network 75405d94-4cb7-4b72-83b9-b4dcd70fe181: no agents available; will retry on subsequent port and subnet creation events.
2026-07-10 01:10:37.196 9 INFO neutron.db.ovn_revision_numbers_db [None req-1b029fc9-a8cb-4a3f-adad-e586930b3421 90f3bcdbeef84b46bf9829697a094613 93184c7435dd47f9b82b437086b62d65 - - - -] Successfully bumped revision number for resource 9a2cfad4-cae8-49ab-b52f-66ba888df85c (type: ports) to 1
2026-07-10 01:10:37.225 9 INFO neutron.wsgi [None req-1b029fc9-a8cb-4a3f-adad-e586930b3421 90f3bcdbeef84b46bf9829697a094613 93184c7435dd47f9b82b437086b62d65 - - - -] 199.19.213.80 "POST /v2.0/ports HTTP/1.1" status: 201 len: 1283 time: 0.5062811 /var/lib/openstack/lib/python3.10/site-packages/pycadf/identifier.py:71: UserWarning: Invalid uuid: neutron. To ensure interoperability, identifiers should be a valid uuid. warnings.warn(('Invalid uuid: %s. To ensure interoperability, '
2026-07-10 01:10:37.672 9 INFO neutron.db.ovn_revision_numbers_db [None req-1543d804-f8d1-4b3c-a633-1bd55816bb89 89c3fae6dcb646aa91c28996fe156959 faffad71723d45fd97606657dda41426 - - - -] Successfully bumped revision number for resource 9a2cfad4-cae8-49ab-b52f-66ba888df85c (type: ports) to 2 /var/lib/openstack/lib/python3.10/site-packages/pycadf/identifier.py:71: UserWarning: Invalid uuid: neutron. To ensure interoperability, identifiers should be a valid uuid. warnings.warn(('Invalid uuid: %s. To ensure interoperability, '
2026-07-10 01:10:37.924 9 INFO neutron.db.ovn_revision_numbers_db [None req-1543d804-f8d1-4b3c-a633-1bd55816bb89 89c3fae6dcb646aa91c28996fe156959 faffad71723d45fd97606657dda41426 - - - -] Successfully bumped revision number for resource 9a2cfad4-cae8-49ab-b52f-66ba888df85c (type: ports) to 2
2026-07-10 01:10:37.980 9 INFO neutron.wsgi [None req-1543d804-f8d1-4b3c-a633-1bd55816bb89 89c3fae6dcb646aa91c28996fe156959 faffad71723d45fd97606657dda41426 - - - -] 199.19.213.80 "PUT /v2.0/ports/9a2cfad4-cae8-49ab-b52f-66ba888df85c HTTP/1.1" status: 200 len: 1332 time: 0.7449965 /var/lib/openstack/lib/python3.10/site-packages/pycadf/identifier.py:71: UserWarning: Invalid uuid: neutron. To ensure interoperability, identifiers should be a valid uuid. warnings.warn(('Invalid uuid: %s. To ensure interoperability, '
2026-07-10 01:10:38.040 9 INFO neutron.db.ovn_revision_numbers_db [None req-6bef7549-16ca-47a2-95f5-1f3a82321a5b 855a0910b89846d6b4215715dd0dbf08 bd1fdb379c8d4d1697ca005693adc6aa - - - -] Successfully bumped revision number for resource 4b4a29a0-6b0d-4f00-be51-e5261be1bd06 (type: routers) to 1
2026-07-10 01:10:38.057 9 INFO neutron.notifiers.nova [-] Nova event matching ['req-c9506973-e63b-4455-8b0f-cf968655df48'] response: {'name': 'network-changed', 'server_uuid': '2af0d307-1711-488a-8b24-5c42f8f69413', 'tag': '9a2cfad4-cae8-49ab-b52f-66ba888df85c', 'status': 'completed', 'code': 200}
2026-07-10 01:10:38.069 9 INFO neutron.wsgi [None req-6bef7549-16ca-47a2-95f5-1f3a82321a5b 855a0910b89846d6b4215715dd0dbf08 bd1fdb379c8d4d1697ca005693adc6aa - - - -] 10.0.0.89 "POST /v2.0/routers HTTP/1.1" status: 201 len: 654 time: 0.4099567
2026-07-10 01:10:38.071 9 INFO neutron.wsgi [req-2996890c-2a62-4368-a891-78e9b0816283 req-657f08b4-4cc8-45d9-8c53-554c05c08b4d 89c3fae6dcb646aa91c28996fe156959 faffad71723d45fd97606657dda41426 - - 8de3764cfd4c4215a6bb461fcf116421 8de3764cfd4c4215a6bb461fcf116421] 199.19.213.80 "GET /v2.0/ports?tenant_id=93184c7435dd47f9b82b437086b62d65&device_id=2af0d307-1711-488a-8b24-5c42f8f69413 HTTP/1.1" status: 200 len: 1363 time: 0.0401933
2026-07-10 01:10:38.088 10 INFO neutron.wsgi [req-89595d15-7ed7-4387-9f25-793828a1d2eb req-9917afe9-491c-4386-b520-d4b746899f64 90f3bcdbeef84b46bf9829697a094613 93184c7435dd47f9b82b437086b62d65 - - default default] 10.0.0.59 "GET /v2.0/ports?device_id=2af0d307-1711-488a-8b24-5c42f8f69413 HTTP/1.1" status: 200 len: 1363 time: 0.0471299
2026-07-10 01:10:38.120 9 INFO neutron.wsgi [req-2996890c-2a62-4368-a891-78e9b0816283 req-0a541a9d-b67d-48fa-8bf0-eb505ef448d2 89c3fae6dcb646aa91c28996fe156959 faffad71723d45fd97606657dda41426 - - 8de3764cfd4c4215a6bb461fcf116421 8de3764cfd4c4215a6bb461fcf116421] 199.19.213.80 "GET /v2.0/floatingips?fixed_ip_address=172.24.1.58&port_id=9a2cfad4-cae8-49ab-b52f-66ba888df85c HTTP/1.1" status: 200 len: 217 time: 0.0423725
2026-07-10 01:10:38.136 10 INFO neutron.wsgi [req-89595d15-7ed7-4387-9f25-793828a1d2eb req-0cc2749b-51f6-446c-8c0f-2b629dcb4fea 90f3bcdbeef84b46bf9829697a094613 93184c7435dd47f9b82b437086b62d65 - - default default] 10.0.0.59 "GET /v2.0/security-groups?id=eacb5932-f37c-4949-bd37-ba3126120ebc&fields=id&fields=name HTTP/1.1" status: 200 len: 294 time: 0.0383527
2026-07-10 01:10:38.184 9 INFO neutron.wsgi [None req-0f51cc18-68ce-4d42-a9ed-5aa4aceb8c5d 855a0910b89846d6b4215715dd0dbf08 bd1fdb379c8d4d1697ca005693adc6aa - - - -] 10.0.0.89 "PUT /v2.0/routers/4b4a29a0-6b0d-4f00-be51-e5261be1bd06/tags HTTP/1.1" status: 200 len: 218 time: 0.1071513
2026-07-10 01:10:38.192 9 INFO neutron.wsgi [req-2996890c-2a62-4368-a891-78e9b0816283 req-8b27538c-2c65-4f46-ab98-789ed9d7b1f7 89c3fae6dcb646aa91c28996fe156959 faffad71723d45fd97606657dda41426 - - 8de3764cfd4c4215a6bb461fcf116421 8de3764cfd4c4215a6bb461fcf116421] 199.19.213.80 "GET /v2.0/subnets?id=4a1af07f-4fee-405c-8bd1-6dd4c534e8e3 HTTP/1.1" status: 200 len: 829 time: 0.0634685
2026-07-10 01:10:38.234 9 INFO neutron.wsgi [req-2996890c-2a62-4368-a891-78e9b0816283 req-50bdd89f-3d67-408b-89a4-e2a8554017c2 89c3fae6dcb646aa91c28996fe156959 faffad71723d45fd97606657dda41426 - - 8de3764cfd4c4215a6bb461fcf116421 8de3764cfd4c4215a6bb461fcf116421] 199.19.213.80 "GET /v2.0/ports?network_id=75405d94-4cb7-4b72-83b9-b4dcd70fe181&device_owner=network%3Adhcp HTTP/1.1" status: 200 len: 210 time: 0.0335672
2026-07-10 01:10:38.254 10 INFO neutron.wsgi [None req-2d60b643-31f9-4ad9-abbe-3bcd43ef0403 855a0910b89846d6b4215715dd0dbf08 bd1fdb379c8d4d1697ca005693adc6aa - - default default] 10.0.0.89 "GET /v2.0/routers/4b4a29a0-6b0d-4f00-be51-e5261be1bd06/tags HTTP/1.1" status: 200 len: 218 time: 0.0613389
2026-07-10 01:10:38.286 9 INFO neutron.wsgi [req-4b6d052b-af6a-4125-80c9-391e4cc0d879 req-e7181d76-4161-44ab-83f3-8069f5e25d76 90f3bcdbeef84b46bf9829697a094613 93184c7435dd47f9b82b437086b62d65 - - default default] 10.0.0.59 "GET /v2.0/ports?device_id=2af0d307-1711-488a-8b24-5c42f8f69413 HTTP/1.1" status: 200 len: 1363 time: 0.0561278
2026-07-10 01:10:38.336 10 INFO neutron.wsgi [None req-cfc2dd1e-2617-4cab-ab3a-f981ca9582dc 855a0910b89846d6b4215715dd0dbf08 bd1fdb379c8d4d1697ca005693adc6aa - - - -] 10.0.0.89 "PUT /v2.0/routers/4b4a29a0-6b0d-4f00-be51-e5261be1bd06/tags/green HTTP/1.1" status: 201 len: 201 time: 0.0768743
2026-07-10 01:10:38.340 9 INFO neutron.wsgi [req-2996890c-2a62-4368-a891-78e9b0816283 req-eb31ba41-a45b-42fb-8941-7d4734b59779 89c3fae6dcb646aa91c28996fe156959 faffad71723d45fd97606657dda41426 - - 8de3764cfd4c4215a6bb461fcf116421 8de3764cfd4c4215a6bb461fcf116421] 199.19.213.80 "GET /v2.0/networks/75405d94-4cb7-4b72-83b9-b4dcd70fe181?fields=segments HTTP/1.1" status: 200 len: 212 time: 0.0984397
2026-07-10 01:10:38.401 10 INFO neutron.wsgi [None req-abc5f293-4000-4948-b676-78b1b9ecdff3 855a0910b89846d6b4215715dd0dbf08 bd1fdb379c8d4d1697ca005693adc6aa - - default default] 10.0.0.89 "GET /v2.0/routers/4b4a29a0-6b0d-4f00-be51-e5261be1bd06/tags HTTP/1.1" status: 200 len: 227 time: 0.0596013
2026-07-10 01:10:38.422 9 INFO neutron.wsgi [req-2996890c-2a62-4368-a891-78e9b0816283 req-3ec6c5f5-21d3-4863-b9f2-2751d8e114ca 89c3fae6dcb646aa91c28996fe156959 faffad71723d45fd97606657dda41426 - - 8de3764cfd4c4215a6bb461fcf116421 8de3764cfd4c4215a6bb461fcf116421] 199.19.213.80 "GET /v2.0/networks/75405d94-4cb7-4b72-83b9-b4dcd70fe181?fields=provider%3Aphysical_network&fields=provider%3Anetwork_type HTTP/1.1" status: 200 len: 277 time: 0.0758142
2026-07-10 01:10:38.466 10 INFO neutron.wsgi [None req-f2c82e81-e524-4f71-bc32-842f1ed1e376 855a0910b89846d6b4215715dd0dbf08 bd1fdb379c8d4d1697ca005693adc6aa - - - -] 10.0.0.89 "PUT /v2.0/routers/4b4a29a0-6b0d-4f00-be51-e5261be1bd06/tags/red HTTP/1.1" status: 201 len: 201 time: 0.0559332
2026-07-10 01:10:38.502 9 INFO neutron.wsgi [req-d78a2a64-6673-4737-b8a7-83ecdc61caeb req-a91a1610-3d0b-4117-a72f-d0a05db2264e 89c3fae6dcb646aa91c28996fe156959 faffad71723d45fd97606657dda41426 - - 8de3764cfd4c4215a6bb461fcf116421 8de3764cfd4c4215a6bb461fcf116421] 199.19.213.80 "GET /v2.0/ports?tenant_id=93184c7435dd47f9b82b437086b62d65&device_id=2af0d307-1711-488a-8b24-5c42f8f69413 HTTP/1.1" status: 200 len: 1363 time: 0.0302446
2026-07-10 01:10:38.519 10 INFO neutron.wsgi [None req-cdb9b040-e4e9-4e26-87e1-acae595df33b 855a0910b89846d6b4215715dd0dbf08 bd1fdb379c8d4d1697ca005693adc6aa - - default default] 10.0.0.89 "GET /v2.0/routers/4b4a29a0-6b0d-4f00-be51-e5261be1bd06/tags HTTP/1.1" status: 200 len: 227 time: 0.0458922
2026-07-10 01:10:38.564 9 INFO neutron.wsgi [req-d78a2a64-6673-4737-b8a7-83ecdc61caeb req-d3f6dcf4-d25a-4112-a064-82a9f03a0841 89c3fae6dcb646aa91c28996fe156959 faffad71723d45fd97606657dda41426 - - 8de3764cfd4c4215a6bb461fcf116421 8de3764cfd4c4215a6bb461fcf116421] 199.19.213.80 "GET /v2.0/networks?id=75405d94-4cb7-4b72-83b9-b4dcd70fe181 HTTP/1.1" status: 200 len: 937 time: 0.0571022
2026-07-10 01:10:38.593 10 INFO neutron.wsgi [None req-14694d93-cb93-4972-8eaa-0ff7e31b54b9 855a0910b89846d6b4215715dd0dbf08 bd1fdb379c8d4d1697ca005693adc6aa - - - -] 10.0.0.89 "PUT /v2.0/routers/4b4a29a0-6b0d-4f00-be51-e5261be1bd06/tags/black.or.white HTTP/1.1" status: 201 len: 201 time: 0.0683458
2026-07-10 01:10:38.600 9 INFO neutron.wsgi [req-d78a2a64-6673-4737-b8a7-83ecdc61caeb req-1b5e2994-609a-408e-aed9-21379f843a0f 89c3fae6dcb646aa91c28996fe156959 faffad71723d45fd97606657dda41426 - - 8de3764cfd4c4215a6bb461fcf116421 8de3764cfd4c4215a6bb461fcf116421] 199.19.213.80 "GET /v2.0/floatingips?fixed_ip_address=172.24.1.58&port_id=9a2cfad4-cae8-49ab-b52f-66ba888df85c HTTP/1.1" status: 200 len: 217 time: 0.0247092
2026-07-10 01:10:38.648 10 INFO neutron.wsgi [None req-bcf4cf02-f9b8-4145-a30b-5767719e6561 855a0910b89846d6b4215715dd0dbf08 bd1fdb379c8d4d1697ca005693adc6aa - - default default] 10.0.0.89 "GET /v2.0/routers/4b4a29a0-6b0d-4f00-be51-e5261be1bd06/tags HTTP/1.1" status: 200 len: 245 time: 0.0492465
2026-07-10 01:10:38.673 9 INFO neutron.wsgi [req-5a21432f-64c8-47d6-90d4-6bf933d8621f req-e9aa6549-0108-4b2e-bfd7-19f224ad88d2 89c3fae6dcb646aa91c28996fe156959 faffad71723d45fd97606657dda41426 - - 8de3764cfd4c4215a6bb461fcf116421 8de3764cfd4c4215a6bb461fcf116421] 199.19.213.80 "GET /v2.0/ports?device_id=2af0d307-1711-488a-8b24-5c42f8f69413 HTTP/1.1" status: 200 len: 1363 time: 0.0590985
2026-07-10 01:10:38.682 9 INFO neutron.wsgi [req-d78a2a64-6673-4737-b8a7-83ecdc61caeb req-a2bbea1e-d951-49b9-83fd-2f76dfbabbc3 89c3fae6dcb646aa91c28996fe156959 faffad71723d45fd97606657dda41426 - - 8de3764cfd4c4215a6bb461fcf116421 8de3764cfd4c4215a6bb461fcf116421] 199.19.213.80 "GET /v2.0/subnets?id=4a1af07f-4fee-405c-8bd1-6dd4c534e8e3 HTTP/1.1" status: 200 len: 829 time: 0.0645537
2026-07-10 01:10:38.715 10 INFO neutron.wsgi [None req-7b977c84-db93-48d0-b827-0ad07ac606c7 855a0910b89846d6b4215715dd0dbf08 bd1fdb379c8d4d1697ca005693adc6aa - - - -] 10.0.0.89 "PUT /v2.0/routers/4b4a29a0-6b0d-4f00-be51-e5261be1bd06/tags HTTP/1.1" status: 200 len: 230 time: 0.0616424
2026-07-10 01:10:38.723 9 INFO neutron.wsgi [req-d78a2a64-6673-4737-b8a7-83ecdc61caeb req-4808a297-f92f-438a-aa5e-6c89ab3a66c5 89c3fae6dcb646aa91c28996fe156959 faffad71723d45fd97606657dda41426 - - 8de3764cfd4c4215a6bb461fcf116421 8de3764cfd4c4215a6bb461fcf116421] 199.19.213.80 "GET /v2.0/ports?network_id=75405d94-4cb7-4b72-83b9-b4dcd70fe181&device_owner=network%3Adhcp HTTP/1.1" status: 200 len: 210 time: 0.0279381
2026-07-10 01:10:38.734 9 INFO neutron.wsgi [req-5a21432f-64c8-47d6-90d4-6bf933d8621f req-1178be02-1db9-4321-9c80-89f21ec93b71 89c3fae6dcb646aa91c28996fe156959 faffad71723d45fd97606657dda41426 - - 8de3764cfd4c4215a6bb461fcf116421 8de3764cfd4c4215a6bb461fcf116421] 199.19.213.80 "GET /v2.0/security-groups?id=eacb5932-f37c-4949-bd37-ba3126120ebc&fields=id&fields=name HTTP/1.1" status: 200 len: 294 time: 0.0559232
2026-07-10 01:10:38.785 9 INFO neutron.wsgi [None req-008471c4-ba20-429b-9c44-c32f3dbf20c7 855a0910b89846d6b4215715dd0dbf08 bd1fdb379c8d4d1697ca005693adc6aa - - default default] 10.0.0.89 "GET /v2.0/routers/4b4a29a0-6b0d-4f00-be51-e5261be1bd06/tags HTTP/1.1" status: 200 len: 230 time: 0.0587349
2026-07-10 01:10:38.834 9 INFO neutron.wsgi [req-d78a2a64-6673-4737-b8a7-83ecdc61caeb req-3b4e348b-6a76-437f-9dd5-475ca4e0640d 89c3fae6dcb646aa91c28996fe156959 faffad71723d45fd97606657dda41426 - - 8de3764cfd4c4215a6bb461fcf116421 8de3764cfd4c4215a6bb461fcf116421] 199.19.213.80 "GET /v2.0/networks/75405d94-4cb7-4b72-83b9-b4dcd70fe181?fields=segments HTTP/1.1" status: 200 len: 212 time: 0.1027238
2026-07-10 01:10:38.907 9 INFO neutron.wsgi [req-d78a2a64-6673-4737-b8a7-83ecdc61caeb req-afaf99ed-2bfb-47f2-aef3-dddc0bb66f0a 89c3fae6dcb646aa91c28996fe156959 faffad71723d45fd97606657dda41426 - - 8de3764cfd4c4215a6bb461fcf116421 8de3764cfd4c4215a6bb461fcf116421] 199.19.213.80 "GET /v2.0/networks/75405d94-4cb7-4b72-83b9-b4dcd70fe181?fields=provider%3Aphysical_network&fields=provider%3Anetwork_type HTTP/1.1" status: 200 len: 277 time: 0.0624595
2026-07-10 01:10:39.125 10 INFO neutron.plugins.ml2.drivers.ovn.mech_driver.mech_driver [None req-2cf7cbb6-eca9-4d5d-8277-98de6e5b5f10 - - - - - -] OVN reports status up for port: 9a2cfad4-cae8-49ab-b52f-66ba888df85c
2026-07-10 01:10:39.150 10 INFO neutron.plugins.ml2.plugin [None req-2cf7cbb6-eca9-4d5d-8277-98de6e5b5f10 - - - - - -] Attempt 1 to provision port 9a2cfad4-cae8-49ab-b52f-66ba888df85c
2026-07-10 01:10:39.154 10 INFO neutron.wsgi [None req-8f91d72b-08ae-4df2-a659-623046817d28 855a0910b89846d6b4215715dd0dbf08 bd1fdb379c8d4d1697ca005693adc6aa - - default default] 10.0.0.89 "GET /v2.0/routers/4b4a29a0-6b0d-4f00-be51-e5261be1bd06/tags/red HTTP/1.1" status: 204 len: 168 time: 0.3601415
2026-07-10 01:10:39.227 9 INFO neutron.api.v2.resource [None req-43713679-9418-4ad3-b4ad-ace5f49aad22 855a0910b89846d6b4215715dd0dbf08 bd1fdb379c8d4d1697ca005693adc6aa - - default default] show failed (client error): The resource could not be found.
2026-07-10 01:10:39.228 9 INFO neutron.wsgi [None req-43713679-9418-4ad3-b4ad-ace5f49aad22 855a0910b89846d6b4215715dd0dbf08 bd1fdb379c8d4d1697ca005693adc6aa - - default default] 10.0.0.89 "GET /v2.0/routers/4b4a29a0-6b0d-4f00-be51-e5261be1bd06/tags/green HTTP/1.1" status: 404 len: 299 time: 0.0670359
2026-07-10 01:10:39.312 10 INFO neutron.notifiers.nova [-] Nova event matching ['req-3f976381-fd61-4f1e-a278-33a87594d7d2'] response: {'server_uuid': '2af0d307-1711-488a-8b24-5c42f8f69413', 'name': 'network-vif-plugged', 'status': 'completed', 'tag': '9a2cfad4-cae8-49ab-b52f-66ba888df85c', 'code': 200}
2026-07-10 01:10:39.314 9 INFO neutron.wsgi [None req-c6dcdde3-a04a-4776-96be-054a88de21c1 855a0910b89846d6b4215715dd0dbf08 bd1fdb379c8d4d1697ca005693adc6aa - - - -] 10.0.0.89 "DELETE /v2.0/routers/4b4a29a0-6b0d-4f00-be51-e5261be1bd06/tags/red HTTP/1.1" status: 204 len: 168 time: 0.0683846
2026-07-10 01:10:39.376 9 INFO neutron.wsgi [None req-8c59051a-12fb-4e9f-ad7e-7d842f723a86 855a0910b89846d6b4215715dd0dbf08 bd1fdb379c8d4d1697ca005693adc6aa - - default default] 10.0.0.89 "GET /v2.0/routers/4b4a29a0-6b0d-4f00-be51-e5261be1bd06/tags HTTP/1.1" status: 200 len: 223 time: 0.0574422
2026-07-10 01:10:39.444 9 INFO neutron.api.v2.resource [None req-9fd45b27-0076-4fd5-a343-35b3e18711bd 855a0910b89846d6b4215715dd0dbf08 bd1fdb379c8d4d1697ca005693adc6aa - - - -] delete failed (client error): The resource could not be found.
2026-07-10 01:10:39.445 9 INFO neutron.wsgi [None req-9fd45b27-0076-4fd5-a343-35b3e18711bd 855a0910b89846d6b4215715dd0dbf08 bd1fdb379c8d4d1697ca005693adc6aa - - - -] 10.0.0.89 "DELETE /v2.0/routers/4b4a29a0-6b0d-4f00-be51-e5261be1bd06/tags/green HTTP/1.1" status: 404 len: 299 time: 0.0638435
2026-07-10 01:10:39.474 10 INFO neutron.db.ovn_revision_numbers_db [None req-2cf7cbb6-eca9-4d5d-8277-98de6e5b5f10 - - - - - -] Successfully bumped revision number for resource 9a2cfad4-cae8-49ab-b52f-66ba888df85c (type: ports) to 4
2026-07-10 01:10:39.514 9 INFO neutron.wsgi [None req-9ef5c2ba-2aea-4b44-9405-b9f53f121244 855a0910b89846d6b4215715dd0dbf08 bd1fdb379c8d4d1697ca005693adc6aa - - - -] 10.0.0.89 "DELETE /v2.0/routers/4b4a29a0-6b0d-4f00-be51-e5261be1bd06/tags HTTP/1.1" status: 204 len: 168 time: 0.0604804
2026-07-10 01:10:39.580 9 INFO neutron.wsgi [None req-ebaf8661-acea-4b9d-94d5-70a2530964b5 855a0910b89846d6b4215715dd0dbf08 bd1fdb379c8d4d1697ca005693adc6aa - - default default] 10.0.0.89 "GET /v2.0/routers/4b4a29a0-6b0d-4f00-be51-e5261be1bd06/tags HTTP/1.1" status: 200 len: 205 time: 0.0603585
2026-07-10 01:10:39.652 9 INFO neutron.wsgi [None req-426aa1b1-a7f1-4b56-8758-00831efd1e47 855a0910b89846d6b4215715dd0dbf08 bd1fdb379c8d4d1697ca005693adc6aa - - default default] 10.0.0.89 "GET /v2.0/routers/4b4a29a0-6b0d-4f00-be51-e5261be1bd06 HTTP/1.1" status: 200 len: 655 time: 0.0610478 /var/lib/openstack/lib/python3.10/site-packages/pycadf/identifier.py:71: UserWarning: Invalid uuid: neutron. To ensure interoperability, identifiers should be a valid uuid. warnings.warn(('Invalid uuid: %s. To ensure interoperability, '
2026-07-10 01:10:40.552 9 INFO neutron.db.ovn_revision_numbers_db [None req-bc3830ee-ed41-4f7e-97f3-149ed1244628 855a0910b89846d6b4215715dd0dbf08 bd1fdb379c8d4d1697ca005693adc6aa - - - -] Successfully bumped revision number for resource 4b4a29a0-6b0d-4f00-be51-e5261be1bd06 (type: routers) to 9
2026-07-10 01:10:40.554 10 INFO neutron.wsgi [req-383a9359-3ec2-460c-88ba-4a8fa2a129f1 req-f315c772-746c-4efb-8a18-7a246b19cf29 90f3bcdbeef84b46bf9829697a094613 93184c7435dd47f9b82b437086b62d65 - - default default] 10.0.0.59 "GET /v2.0/ports?device_id=2af0d307-1711-488a-8b24-5c42f8f69413 HTTP/1.1" status: 200 len: 1365 time: 0.0323424
2026-07-10 01:10:40.555 9 INFO neutron.wsgi [None req-bc3830ee-ed41-4f7e-97f3-149ed1244628 855a0910b89846d6b4215715dd0dbf08 bd1fdb379c8d4d1697ca005693adc6aa - - - -] 10.0.0.89 "PUT /v2.0/routers/4b4a29a0-6b0d-4f00-be51-e5261be1bd06 HTTP/1.1" status: 200 len: 655 time: 0.8965838
2026-07-10 01:10:40.582 9 INFO neutron.wsgi [None req-52ac9e07-e6ed-4c83-a62e-88948b2b96c0 855a0910b89846d6b4215715dd0dbf08 bd1fdb379c8d4d1697ca005693adc6aa - - default default] 10.0.0.89 "GET /v2.0/ports?device_id=4b4a29a0-6b0d-4f00-be51-e5261be1bd06 HTTP/1.1" status: 200 len: 205 time: 0.0215058
2026-07-10 01:10:40.594 10 INFO neutron.wsgi [req-383a9359-3ec2-460c-88ba-4a8fa2a129f1 req-3174ecf0-84f1-4eab-9d3b-98adca7333ea 90f3bcdbeef84b46bf9829697a094613 93184c7435dd47f9b82b437086b62d65 - - default default] 10.0.0.59 "GET /v2.0/security-groups?id=eacb5932-f37c-4949-bd37-ba3126120ebc&fields=id&fields=name HTTP/1.1" status: 200 len: 294 time: 0.0317357
2026-07-10 01:10:40.742 9 INFO neutron.wsgi [req-855d85ea-acad-4bcf-97b6-049a32dbe334 req-db538826-8b8f-48ae-82d9-cfcebe38382e 90f3bcdbeef84b46bf9829697a094613 93184c7435dd47f9b82b437086b62d65 - - default default] 10.0.0.59 "GET /v2.0/ports?device_id=2af0d307-1711-488a-8b24-5c42f8f69413 HTTP/1.1" status: 200 len: 1365 time: 0.0642619
2026-07-10 01:10:40.870 9 INFO neutron.wsgi [None req-3fbc9bb4-392d-4bbd-b196-84f39028b2fd 855a0910b89846d6b4215715dd0dbf08 bd1fdb379c8d4d1697ca005693adc6aa - - - -] 10.0.0.89 "DELETE /v2.0/routers/4b4a29a0-6b0d-4f00-be51-e5261be1bd06 HTTP/1.1" status: 204 len: 168 time: 0.2762868
2026-07-10 01:10:41.356 10 INFO neutron.notifiers.nova [-] Nova event matching ['req-671d9aec-af86-48b1-8d81-e6c02d0f9cca'] response: {'server_uuid': '2af0d307-1711-488a-8b24-5c42f8f69413', 'name': 'network-vif-plugged', 'status': 'completed', 'tag': '9a2cfad4-cae8-49ab-b52f-66ba888df85c', 'code': 200}
2026-07-10 01:10:41.776 10 INFO neutron.db.ovn_revision_numbers_db [None req-47fd62da-cfa2-4e96-8c82-37e163a82679 90f3bcdbeef84b46bf9829697a094613 93184c7435dd47f9b82b437086b62d65 - - default default] Successfully bumped revision number for resource 09b6e667-16d3-4411-8658-f1c1c1b886b5 (type: security_groups) to 1
2026-07-10 01:10:41.801 10 INFO neutron.wsgi [None req-47fd62da-cfa2-4e96-8c82-37e163a82679 90f3bcdbeef84b46bf9829697a094613 93184c7435dd47f9b82b437086b62d65 - - default default] 10.0.0.89 "GET /v2.0/security-groups?tenant_id=bd1fdb379c8d4d1697ca005693adc6aa&name=default HTTP/1.1" status: 200 len: 3000 time: 0.2227070
2026-07-10 01:10:42.008 10 INFO neutron.wsgi [None req-b854acec-4cc0-4b3e-8870-a10f0e043378 90f3bcdbeef84b46bf9829697a094613 93184c7435dd47f9b82b437086b62d65 - - - -] 10.0.0.89 "DELETE /v2.0/security-groups/09b6e667-16d3-4411-8658-f1c1c1b886b5 HTTP/1.1" status: 204 len: 168 time: 0.1993203
2026-07-10 01:10:42.247 10 INFO neutron.db.ovn_revision_numbers_db [None req-fd64f07c-ac2f-4208-a0b6-73b6f42512c6 90f3bcdbeef84b46bf9829697a094613 93184c7435dd47f9b82b437086b62d65 - - default default] Successfully bumped revision number for resource a7e2d755-96cc-4b68-aef8-4e4a9450d8c7 (type: security_groups) to 1
2026-07-10 01:10:42.282 10 INFO neutron.wsgi [None req-fd64f07c-ac2f-4208-a0b6-73b6f42512c6 90f3bcdbeef84b46bf9829697a094613 93184c7435dd47f9b82b437086b62d65 - - default default] 10.0.0.89 "GET /v2.0/security-groups?tenant_id=9d567623bc054dc18d87df4ded1e3125&name=default HTTP/1.1" status: 200 len: 3000 time: 0.1675875
2026-07-10 01:10:42.486 10 INFO neutron.wsgi [None req-fb66a655-e8d2-4e84-aad7-0d6f0a2d7225 90f3bcdbeef84b46bf9829697a094613 93184c7435dd47f9b82b437086b62d65 - - - -] 10.0.0.89 "DELETE /v2.0/security-groups/a7e2d755-96cc-4b68-aef8-4e4a9450d8c7 HTTP/1.1" status: 204 len: 168 time: 0.1958857
2026-07-10 01:10:42.958 10 INFO neutron.wsgi [req-216b338d-6278-4341-94b9-d247004577b8 req-45b59914-c998-4499-9309-88fb004c2509 90f3bcdbeef84b46bf9829697a094613 93184c7435dd47f9b82b437086b62d65 - - default default] 10.0.0.59 "GET /v2.0/ports?device_id=2af0d307-1711-488a-8b24-5c42f8f69413 HTTP/1.1" status: 200 len: 1365 time: 0.0359371
2026-07-10 01:10:42.997 10 INFO neutron.wsgi [req-216b338d-6278-4341-94b9-d247004577b8 req-9ab248ce-0db6-460b-b844-2acf7e3177fc 90f3bcdbeef84b46bf9829697a094613 93184c7435dd47f9b82b437086b62d65 - - default default] 10.0.0.59 "GET /v2.0/security-groups?id=eacb5932-f37c-4949-bd37-ba3126120ebc&fields=id&fields=name HTTP/1.1" status: 200 len: 294 time: 0.0301785
2026-07-10 01:10:43.103 9 INFO neutron.wsgi [req-fd11b047-f2cc-4bc5-9a13-ec0a7b7515d3 req-ceb8e4a2-1d14-4afe-b4ff-e43f4b255263 90f3bcdbeef84b46bf9829697a094613 93184c7435dd47f9b82b437086b62d65 - - default default] 10.0.0.59 "GET /v2.0/ports?device_id=2af0d307-1711-488a-8b24-5c42f8f69413 HTTP/1.1" status: 200 len: 1365 time: 0.0442932
2026-07-10 01:10:45.998 10 INFO neutron.wsgi [-] 10.0.0.194 "GET / HTTP/1.1" status: 200 len: 247 time: 0.0038471
2026-07-10 01:10:46.001 10 INFO neutron.wsgi [-] 10.0.0.194 "GET / HTTP/1.1" status: 200 len: 247 time: 0.0022688
2026-07-10 01:10:46.193 9 INFO neutron.wsgi [None req-bfa15dab-d206-4a9a-a513-8baa01dd28bd 93bd5ec35c134d7d960ab6c7d437956a 02b0206bbecd43848dfd78015ede1811 - - - -] 10.0.0.89 "POST /v2.0/subnetpools HTTP/1.1" status: 201 len: 715 time: 0.2905362
2026-07-10 01:10:46.239 9 INFO neutron.wsgi [None req-f14cb288-fbe4-4014-8c18-26b9d4a2169f 93bd5ec35c134d7d960ab6c7d437956a 02b0206bbecd43848dfd78015ede1811 - - - -] 10.0.0.89 "PUT /v2.0/subnetpools/3d39f370-d292-48b7-897f-cead9fb6564e/tags HTTP/1.1" status: 200 len: 218 time: 0.0392523
2026-07-10 01:10:46.263 9 INFO neutron.wsgi [None req-2e261200-b6b0-468a-ac13-b19f55624297 93bd5ec35c134d7d960ab6c7d437956a 02b0206bbecd43848dfd78015ede1811 - - default default] 10.0.0.89 "GET /v2.0/subnetpools/3d39f370-d292-48b7-897f-cead9fb6564e/tags HTTP/1.1" status: 200 len: 218 time: 0.0186076
2026-07-10 01:10:46.306 9 INFO neutron.wsgi [None req-b73fc856-2c49-4d7e-bfc7-a70669d1a349 93bd5ec35c134d7d960ab6c7d437956a 02b0206bbecd43848dfd78015ede1811 - - - -] 10.0.0.89 "PUT /v2.0/subnetpools/3d39f370-d292-48b7-897f-cead9fb6564e/tags/green HTTP/1.1" status: 201 len: 201 time: 0.0369141
2026-07-10 01:10:46.343 9 INFO neutron.wsgi [None req-186ec698-014b-4454-b11f-9d2353c808cc 93bd5ec35c134d7d960ab6c7d437956a 02b0206bbecd43848dfd78015ede1811 - - default default] 10.0.0.89 "GET /v2.0/subnetpools/3d39f370-d292-48b7-897f-cead9fb6564e/tags HTTP/1.1" status: 200 len: 227 time: 0.0211506
2026-07-10 01:10:46.365 9 INFO neutron.wsgi [None req-0dd28a85-90e2-4bac-9db6-cc7e1ed2691b 93bd5ec35c134d7d960ab6c7d437956a 02b0206bbecd43848dfd78015ede1811 - - - -] 10.0.0.89 "PUT /v2.0/subnetpools/3d39f370-d292-48b7-897f-cead9fb6564e/tags/red HTTP/1.1" status: 201 len: 201 time: 0.0174105
2026-07-10 01:10:46.387 9 INFO neutron.wsgi [None req-a0a1dcd8-f9d1-42f3-bd88-c524f3816b49 93bd5ec35c134d7d960ab6c7d437956a 02b0206bbecd43848dfd78015ede1811 - - default default] 10.0.0.89 "GET /v2.0/subnetpools/3d39f370-d292-48b7-897f-cead9fb6564e/tags HTTP/1.1" status: 200 len: 227 time: 0.0176001
2026-07-10 01:10:46.420 9 INFO neutron.wsgi [None req-8c132a4b-a3c1-46ea-b26e-1fb587ce8c67 93bd5ec35c134d7d960ab6c7d437956a 02b0206bbecd43848dfd78015ede1811 - - - -] 10.0.0.89 "PUT /v2.0/subnetpools/3d39f370-d292-48b7-897f-cead9fb6564e/tags/black.or.white HTTP/1.1" status: 201 len: 201 time: 0.0276589
2026-07-10 01:10:46.443 9 INFO neutron.wsgi [None req-565157b6-63f0-46cd-ab4d-6165591c61ac 93bd5ec35c134d7d960ab6c7d437956a 02b0206bbecd43848dfd78015ede1811 - - default default] 10.0.0.89 "GET /v2.0/subnetpools/3d39f370-d292-48b7-897f-cead9fb6564e/tags HTTP/1.1" status: 200 len: 245 time: 0.0178699
2026-07-10 01:10:46.492 9 INFO neutron.wsgi [None req-5b880d13-50b7-43be-887a-319ee449f953 93bd5ec35c134d7d960ab6c7d437956a 02b0206bbecd43848dfd78015ede1811 - - - -] 10.0.0.89 "PUT /v2.0/subnetpools/3d39f370-d292-48b7-897f-cead9fb6564e/tags HTTP/1.1" status: 200 len: 230 time: 0.0423963
2026-07-10 01:10:46.517 9 INFO neutron.wsgi [None req-05dac26d-928d-40cf-b963-8129cb9fc001 93bd5ec35c134d7d960ab6c7d437956a 02b0206bbecd43848dfd78015ede1811 - - default default] 10.0.0.89 "GET /v2.0/subnetpools/3d39f370-d292-48b7-897f-cead9fb6564e/tags HTTP/1.1" status: 200 len: 230 time: 0.0195286
2026-07-10 01:10:46.540 9 INFO neutron.wsgi [None req-536784f3-4654-43e3-8d2c-7afcd4b776ff 93bd5ec35c134d7d960ab6c7d437956a 02b0206bbecd43848dfd78015ede1811 - - default default] 10.0.0.89 "GET /v2.0/subnetpools/3d39f370-d292-48b7-897f-cead9fb6564e/tags/red HTTP/1.1" status: 204 len: 168 time: 0.0191896
2026-07-10 01:10:46.577 9 INFO neutron.api.v2.resource [None req-4399eed4-a3c2-44e0-a82b-ec99f18945bd 93bd5ec35c134d7d960ab6c7d437956a 02b0206bbecd43848dfd78015ede1811 - - default default] show failed (client error): The resource could not be found.
2026-07-10 01:10:46.579 9 INFO neutron.wsgi [None req-4399eed4-a3c2-44e0-a82b-ec99f18945bd 93bd5ec35c134d7d960ab6c7d437956a 02b0206bbecd43848dfd78015ede1811 - - default default] 10.0.0.89 "GET /v2.0/subnetpools/3d39f370-d292-48b7-897f-cead9fb6564e/tags/green HTTP/1.1" status: 404 len: 299 time: 0.0308349
2026-07-10 01:10:46.617 9 INFO neutron.wsgi [None req-c6cc77fc-8e2c-4507-b8cb-4b2087a43492 93bd5ec35c134d7d960ab6c7d437956a 02b0206bbecd43848dfd78015ede1811 - - - -] 10.0.0.89 "DELETE /v2.0/subnetpools/3d39f370-d292-48b7-897f-cead9fb6564e/tags/red HTTP/1.1" status: 204 len: 168 time: 0.0314074
2026-07-10 01:10:46.650 10 INFO neutron.wsgi [None req-863fac74-6f75-4743-aa9e-87d354d24d7e 93bd5ec35c134d7d960ab6c7d437956a 02b0206bbecd43848dfd78015ede1811 - - default default] 10.0.0.89 "GET /v2.0/subnetpools/3d39f370-d292-48b7-897f-cead9fb6564e/tags HTTP/1.1" status: 200 len: 223 time: 0.0288441
2026-07-10 01:10:46.680 10 INFO neutron.api.v2.resource [None req-3bc7628c-238b-4ace-a257-0c1df9118bdd 93bd5ec35c134d7d960ab6c7d437956a 02b0206bbecd43848dfd78015ede1811 - - - -] delete failed (client error): The resource could not be found.
2026-07-10 01:10:46.682 10 INFO neutron.wsgi [None req-3bc7628c-238b-4ace-a257-0c1df9118bdd 93bd5ec35c134d7d960ab6c7d437956a 02b0206bbecd43848dfd78015ede1811 - - - -] 10.0.0.89 "DELETE /v2.0/subnetpools/3d39f370-d292-48b7-897f-cead9fb6564e/tags/green HTTP/1.1" status: 404 len: 299 time: 0.0256867
2026-07-10 01:10:46.728 10 INFO neutron.wsgi [None req-831be899-0734-4ef5-8649-80fdb79278e0 93bd5ec35c134d7d960ab6c7d437956a 02b0206bbecd43848dfd78015ede1811 - - - -] 10.0.0.89 "DELETE /v2.0/subnetpools/3d39f370-d292-48b7-897f-cead9fb6564e/tags HTTP/1.1" status: 204 len: 168 time: 0.0319870
2026-07-10 01:10:46.752 9 INFO neutron.wsgi [None req-67158b93-24b5-4c39-bf01-d2b8589d5ac5 93bd5ec35c134d7d960ab6c7d437956a 02b0206bbecd43848dfd78015ede1811 - - default default] 10.0.0.89 "GET /v2.0/subnetpools/3d39f370-d292-48b7-897f-cead9fb6564e/tags HTTP/1.1" status: 200 len: 205 time: 0.0169790
2026-07-10 01:10:46.814 9 INFO neutron.wsgi [None req-cd5d0085-73bf-435b-84f9-4fde43d85f0a 93bd5ec35c134d7d960ab6c7d437956a 02b0206bbecd43848dfd78015ede1811 - - - -] 10.0.0.89 "DELETE /v2.0/subnetpools/3d39f370-d292-48b7-897f-cead9fb6564e HTTP/1.1" status: 204 len: 168 time: 0.0561519
2026-07-10 01:10:47.985 9 INFO neutron.db.ovn_revision_numbers_db [None req-c64adab1-d39a-4e8c-8d5f-5b3a68bcbc01 90f3bcdbeef84b46bf9829697a094613 93184c7435dd47f9b82b437086b62d65 - - default default] Successfully bumped revision number for resource e1c3d7ea-3270-4545-ae1f-07b641ea2c80 (type: security_groups) to 1
2026-07-10 01:10:48.019 9 INFO neutron.wsgi [None req-c64adab1-d39a-4e8c-8d5f-5b3a68bcbc01 90f3bcdbeef84b46bf9829697a094613 93184c7435dd47f9b82b437086b62d65 - - default default] 10.0.0.89 "GET /v2.0/security-groups?tenant_id=36a0d8d4078a4e009607daa306ccd3fe&name=default HTTP/1.1" status: 200 len: 3000 time: 0.3451281
2026-07-10 01:10:48.288 9 INFO neutron.wsgi [None req-19168f04-89d6-4d55-b738-4f5f9bf0f7ca 90f3bcdbeef84b46bf9829697a094613 93184c7435dd47f9b82b437086b62d65 - - - -] 10.0.0.89 "DELETE /v2.0/security-groups/e1c3d7ea-3270-4545-ae1f-07b641ea2c80 HTTP/1.1" status: 204 len: 168 time: 0.2623954
2026-07-10 01:10:48.480 10 INFO neutron.db.ovn_revision_numbers_db [None req-3a0c7aea-271f-4f14-8cb6-66c73e85d903 90f3bcdbeef84b46bf9829697a094613 93184c7435dd47f9b82b437086b62d65 - - default default] Successfully bumped revision number for resource a8104dd7-9ab3-4c7e-be9d-f57b56195279 (type: security_groups) to 1
2026-07-10 01:10:48.502 10 INFO neutron.wsgi [None req-3a0c7aea-271f-4f14-8cb6-66c73e85d903 90f3bcdbeef84b46bf9829697a094613 93184c7435dd47f9b82b437086b62d65 - - default default] 10.0.0.89 "GET /v2.0/security-groups?tenant_id=02b0206bbecd43848dfd78015ede1811&name=default HTTP/1.1" status: 200 len: 3000 time: 0.1118128
2026-07-10 01:10:48.774 10 INFO neutron.wsgi [None req-fc63d153-9b0c-4d3a-9f7a-bad632791f45 90f3bcdbeef84b46bf9829697a094613 93184c7435dd47f9b82b437086b62d65 - - - -] 10.0.0.89 "DELETE /v2.0/security-groups/a8104dd7-9ab3-4c7e-be9d-f57b56195279 HTTP/1.1" status: 204 len: 168 time: 0.2658930
2026-07-10 01:10:52.430 10 INFO neutron.db.ovn_revision_numbers_db [None req-1ee8c3d4-de2e-4a0b-bcec-f6211bbfac41 d3470a7152c14e1fa10a425514c53271 2bb3e0837dba4c9689a77505b66c2e68 - - - -] Successfully bumped revision number for resource 15bda627-edba-409b-a134-347f2bf4c4cf (type: security_groups) to 1
2026-07-10 01:10:52.492 10 INFO neutron.db.segments_db [None req-1ee8c3d4-de2e-4a0b-bcec-f6211bbfac41 d3470a7152c14e1fa10a425514c53271 2bb3e0837dba4c9689a77505b66c2e68 - - - -] Added segment 60ebc866-7315-4422-bdbd-8c0084bd3fd1 of type geneve for network b2239cbb-b522-4538-b806-bf25a4fc03ed
2026-07-10 01:10:52.646 10 INFO neutron.db.ovn_revision_numbers_db [None req-1ee8c3d4-de2e-4a0b-bcec-f6211bbfac41 d3470a7152c14e1fa10a425514c53271 2bb3e0837dba4c9689a77505b66c2e68 - - - -] Successfully bumped revision number for resource b2239cbb-b522-4538-b806-bf25a4fc03ed (type: networks) to 1
2026-07-10 01:10:52.878 10 WARNING neutron.scheduler.dhcp_agent_scheduler [None req-1ee8c3d4-de2e-4a0b-bcec-f6211bbfac41 d3470a7152c14e1fa10a425514c53271 2bb3e0837dba4c9689a77505b66c2e68 - - - -] No more DHCP agents
2026-07-10 01:10:52.880 10 WARNING neutron.api.rpc.agentnotifiers.dhcp_rpc_agent_api [None req-1ee8c3d4-de2e-4a0b-bcec-f6211bbfac41 d3470a7152c14e1fa10a425514c53271 2bb3e0837dba4c9689a77505b66c2e68 - - - -] Unable to schedule network b2239cbb-b522-4538-b806-bf25a4fc03ed: no agents available; will retry on subsequent port and subnet creation events.
2026-07-10 01:10:52.953 10 INFO neutron.db.ovn_revision_numbers_db [None req-1ee8c3d4-de2e-4a0b-bcec-f6211bbfac41 d3470a7152c14e1fa10a425514c53271 2bb3e0837dba4c9689a77505b66c2e68 - - - -] Successfully bumped revision number for resource e4f331ab-8cf2-405b-a823-bb656b2ae5cd (type: ports) to 1
2026-07-10 01:10:52.978 10 INFO neutron.wsgi [None req-1ee8c3d4-de2e-4a0b-bcec-f6211bbfac41 d3470a7152c14e1fa10a425514c53271 2bb3e0837dba4c9689a77505b66c2e68 - - - -] 10.0.0.89 "POST /v2.0/networks HTTP/1.1" status: 201 len: 831 time: 0.8692105
2026-07-10 01:10:53.283 10 WARNING neutron.scheduler.dhcp_agent_scheduler [None req-27483b3f-6835-4fc9-8ffe-016a5b4519a5 d3470a7152c14e1fa10a425514c53271 2bb3e0837dba4c9689a77505b66c2e68 - - - -] No more DHCP agents
2026-07-10 01:10:53.285 10 WARNING neutron.api.rpc.agentnotifiers.dhcp_rpc_agent_api [None req-27483b3f-6835-4fc9-8ffe-016a5b4519a5 d3470a7152c14e1fa10a425514c53271 2bb3e0837dba4c9689a77505b66c2e68 - - - -] Unable to schedule network b2239cbb-b522-4538-b806-bf25a4fc03ed: no agents available; will retry on subsequent port and subnet creation events.
2026-07-10 01:10:53.357 10 INFO neutron.db.ovn_revision_numbers_db [None req-27483b3f-6835-4fc9-8ffe-016a5b4519a5 d3470a7152c14e1fa10a425514c53271 2bb3e0837dba4c9689a77505b66c2e68 - - - -] Successfully bumped revision number for resource 1441d45c-39dd-4890-93bf-be9153692d42 (type: ports) to 1
2026-07-10 01:10:53.395 10 INFO neutron.wsgi [None req-27483b3f-6835-4fc9-8ffe-016a5b4519a5 d3470a7152c14e1fa10a425514c53271 2bb3e0837dba4c9689a77505b66c2e68 - - - -] 10.0.0.89 "POST /v2.0/ports HTTP/1.1" status: 201 len: 942 time: 0.4124472 /var/lib/openstack/lib/python3.10/site-packages/pycadf/identifier.py:71: UserWarning: Invalid uuid: neutron. To ensure interoperability, identifiers should be a valid uuid. warnings.warn(('Invalid uuid: %s. To ensure interoperability, '
2026-07-10 01:10:53.685 10 INFO neutron.wsgi [None req-e6ea3812-4b29-40a0-89bf-5675a7e15fb3 d3470a7152c14e1fa10a425514c53271 2bb3e0837dba4c9689a77505b66c2e68 - - - -] 10.0.0.89 "POST /v2.0/trunks HTTP/1.1" status: 201 len: 608 time: 0.2832384
2026-07-10 01:10:53.724 10 INFO neutron.wsgi [None req-cca91bcb-d6b8-4ea4-a9a5-e4ea61866fce d3470a7152c14e1fa10a425514c53271 2bb3e0837dba4c9689a77505b66c2e68 - - - -] 10.0.0.89 "PUT /v2.0/trunks/7d5835b6-dbdf-4b97-bb60-671905264351/tags HTTP/1.1" status: 200 len: 218 time: 0.0322278
2026-07-10 01:10:53.744 10 INFO neutron.wsgi [None req-b409ac74-5714-4590-89b8-e96c1841143d d3470a7152c14e1fa10a425514c53271 2bb3e0837dba4c9689a77505b66c2e68 - - default default] 10.0.0.89 "GET /v2.0/trunks/7d5835b6-dbdf-4b97-bb60-671905264351/tags HTTP/1.1" status: 200 len: 218 time: 0.0155804
2026-07-10 01:10:53.776 10 INFO neutron.wsgi [None req-4a40676f-b0d2-41d6-9d4c-32e3cd18eeb3 d3470a7152c14e1fa10a425514c53271 2bb3e0837dba4c9689a77505b66c2e68 - - - -] 10.0.0.89 "PUT /v2.0/trunks/7d5835b6-dbdf-4b97-bb60-671905264351/tags/green HTTP/1.1" status: 201 len: 201 time: 0.0271013
