2026-07-10 01:09:38.357 10 INFO neutron.db.ovn_revision_numbers_db [None req-09bc1705-c7b1-432f-ba80-34db2b00cc51 f3506e025ec44521be225d069147756e 8dad7e18908e4d309ea81b8792bfb2e9 - - - -] Successfully bumped revision number for resource 7e9d02b8-5fc5-434b-816f-b447c409d175 (type: ports) to 1
2026-07-10 01:09:38.370 9 INFO neutron.wsgi [None req-0fdfb232-483f-4cc5-8222-6f01ac874ebd 90f3bcdbeef84b46bf9829697a094613 93184c7435dd47f9b82b437086b62d65 - - - -] 10.0.0.89 "DELETE /v2.0/security-groups/ac9c8d5a-dd66-4b88-bf28-f8ea201b5f85 HTTP/1.1" status: 204 len: 168 time: 0.3384991
2026-07-10 01:09:38.380 9 INFO neutron.wsgi [None req-19a798d4-68b3-4f98-bac2-0688534f0d4e 3d68ce29c9164319a571d7fcfa19770d b1e294da79b546eeb7b10dac28c544a9 - - default default] 10.0.0.89 "GET /v2.0/ports?tags-any=red%2Cblue HTTP/1.1" status: 200 len: 2448 time: 0.0885165
2026-07-10 01:09:38.381 10 INFO neutron.wsgi [None req-09bc1705-c7b1-432f-ba80-34db2b00cc51 f3506e025ec44521be225d069147756e 8dad7e18908e4d309ea81b8792bfb2e9 - - - -] 10.0.0.89 "POST /v2.0/networks HTTP/1.1" status: 201 len: 836 time: 0.6523573
2026-07-10 01:09:38.559 9 INFO neutron.wsgi [None req-bd0f831b-38cd-4667-a2b6-fb239684a433 3d68ce29c9164319a571d7fcfa19770d b1e294da79b546eeb7b10dac28c544a9 - - default default] 10.0.0.89 "GET /v2.0/ports?not-tags=red HTTP/1.1" status: 200 len: 5463 time: 0.1758206
2026-07-10 01:09:38.645 10 WARNING neutron.scheduler.dhcp_agent_scheduler [None req-8f092dcd-2b4a-4c83-b245-92854d130868 f3506e025ec44521be225d069147756e 8dad7e18908e4d309ea81b8792bfb2e9 - - - -] No more DHCP agents
2026-07-10 01:09:38.650 10 WARNING neutron.api.rpc.agentnotifiers.dhcp_rpc_agent_api [None req-8f092dcd-2b4a-4c83-b245-92854d130868 f3506e025ec44521be225d069147756e 8dad7e18908e4d309ea81b8792bfb2e9 - - - -] Unable to schedule network 7a14adac-e105-4f20-ba53-d7135188d214: no agents available; will retry on subsequent port and subnet creation events.
2026-07-10 01:09:38.675 9 INFO neutron.wsgi [None req-5d727cc6-8606-4ce4-9d5c-7de6ea5bb70f 3d68ce29c9164319a571d7fcfa19770d b1e294da79b546eeb7b10dac28c544a9 - - default default] 10.0.0.89 "GET /v2.0/ports?not-tags=red%2Cblue HTTP/1.1" status: 200 len: 6203 time: 0.1104333
2026-07-10 01:09:38.761 9 INFO neutron.wsgi [None req-05c96452-923a-43b5-b213-04b73e856b5f 3d68ce29c9164319a571d7fcfa19770d b1e294da79b546eeb7b10dac28c544a9 - - default default] 10.0.0.89 "GET /v2.0/ports?not-tags-any=blue HTTP/1.1" status: 200 len: 6203 time: 0.0799453
2026-07-10 01:09:38.956 10 INFO neutron.wsgi [None req-a24c4f41-968e-4404-880b-fd25b278cd46 3d68ce29c9164319a571d7fcfa19770d b1e294da79b546eeb7b10dac28c544a9 - - default default] 10.0.0.89 "GET /v2.0/ports?not-tags-any=red%2Cblue HTTP/1.1" status: 200 len: 5463 time: 0.1897047
2026-07-10 01:09:39.246 9 INFO neutron.wsgi [None req-e1cde8da-5a73-4ff9-b108-3f0b645cade4 3d68ce29c9164319a571d7fcfa19770d b1e294da79b546eeb7b10dac28c544a9 - - - -] 10.0.0.89 "DELETE /v2.0/ports/2b193709-15e8-42d7-b668-682d3a2acd14 HTTP/1.1" status: 204 len: 168 time: 0.2799327
2026-07-10 01:09:39.247 10 INFO neutron.db.ovn_revision_numbers_db [None req-8f092dcd-2b4a-4c83-b245-92854d130868 f3506e025ec44521be225d069147756e 8dad7e18908e4d309ea81b8792bfb2e9 - - - -] Successfully bumped revision number for resource 7e9d02b8-5fc5-434b-816f-b447c409d175 (type: ports) to 2
2026-07-10 01:09:39.299 10 INFO neutron.db.ovn_revision_numbers_db [None req-8f092dcd-2b4a-4c83-b245-92854d130868 f3506e025ec44521be225d069147756e 8dad7e18908e4d309ea81b8792bfb2e9 - - - -] Successfully bumped revision number for resource 171c4de1-e88d-4ff9-b137-4f8cc71291ae (type: subnets) to 0
2026-07-10 01:09:39.329 10 INFO neutron.wsgi [None req-8f092dcd-2b4a-4c83-b245-92854d130868 f3506e025ec44521be225d069147756e 8dad7e18908e4d309ea81b8792bfb2e9 - - - -] 10.0.0.89 "POST /v2.0/subnets HTTP/1.1" status: 201 len: 830 time: 0.9409568
2026-07-10 01:09:39.520 10 INFO neutron.wsgi [None req-6662b7ce-4524-4dd9-bfec-78b31ba1c370 3d68ce29c9164319a571d7fcfa19770d b1e294da79b546eeb7b10dac28c544a9 - - - -] 10.0.0.89 "DELETE /v2.0/ports/2aa5111b-ef98-4770-93b0-525267e39a68 HTTP/1.1" status: 204 len: 168 time: 0.2690992
2026-07-10 01:09:39.667 9 WARNING neutron.scheduler.dhcp_agent_scheduler [None req-11a14d24-0caa-4ba4-bfd6-e2e151b264e0 f3506e025ec44521be225d069147756e 8dad7e18908e4d309ea81b8792bfb2e9 - - - -] No more DHCP agents
2026-07-10 01:09:39.669 9 WARNING neutron.api.rpc.agentnotifiers.dhcp_rpc_agent_api [None req-11a14d24-0caa-4ba4-bfd6-e2e151b264e0 f3506e025ec44521be225d069147756e 8dad7e18908e4d309ea81b8792bfb2e9 - - - -] Unable to schedule network 7a14adac-e105-4f20-ba53-d7135188d214: no agents available; will retry on subsequent port and subnet creation events.
2026-07-10 01:09:39.682 9 INFO neutron.db.ovn_revision_numbers_db [None req-11a14d24-0caa-4ba4-bfd6-e2e151b264e0 f3506e025ec44521be225d069147756e 8dad7e18908e4d309ea81b8792bfb2e9 - - - -] Successfully bumped revision number for resource 3c1f29e1-a06f-41a5-b613-adc39e577fd0 (type: subnets) to 0
2026-07-10 01:09:39.697 9 INFO neutron.wsgi [None req-11a14d24-0caa-4ba4-bfd6-e2e151b264e0 f3506e025ec44521be225d069147756e 8dad7e18908e4d309ea81b8792bfb2e9 - - - -] 10.0.0.89 "POST /v2.0/subnets HTTP/1.1" status: 201 len: 905 time: 0.3616409
2026-07-10 01:09:39.776 10 INFO neutron.wsgi [None req-10ff8679-a350-4c83-95b5-49aaeec6ec4c 3d68ce29c9164319a571d7fcfa19770d b1e294da79b546eeb7b10dac28c544a9 - - - -] 10.0.0.89 "DELETE /v2.0/ports/86740505-2717-43f2-9045-07a46900cade HTTP/1.1" status: 204 len: 168 time: 0.2498467
2026-07-10 01:09:40.052 10 INFO neutron.wsgi [None req-bbf6e986-0258-4d96-88cc-6c5a66bfc7ab 3d68ce29c9164319a571d7fcfa19770d b1e294da79b546eeb7b10dac28c544a9 - - - -] 10.0.0.89 "DELETE /v2.0/ports/d5547503-230f-4c25-bb33-a50034f0bd33 HTTP/1.1" status: 204 len: 168 time: 0.2720859
2026-07-10 01:09:40.895 9 WARNING neutron.scheduler.dhcp_agent_scheduler [None req-bebafa42-a69e-4d84-827f-38ff77a72d55 f3506e025ec44521be225d069147756e 8dad7e18908e4d309ea81b8792bfb2e9 - - - -] No more DHCP agents
2026-07-10 01:09:40.900 9 WARNING neutron.api.rpc.agentnotifiers.dhcp_rpc_agent_api [None req-bebafa42-a69e-4d84-827f-38ff77a72d55 f3506e025ec44521be225d069147756e 8dad7e18908e4d309ea81b8792bfb2e9 - - - -] Unable to schedule network 79617cb9-3830-47c6-a733-442a40d747f9: no agents available; will retry on subsequent port and subnet creation events.
2026-07-10 01:09:40.962 9 INFO neutron.wsgi [None req-2545375d-ce91-421e-a03a-972150449b76 3d68ce29c9164319a571d7fcfa19770d b1e294da79b546eeb7b10dac28c544a9 - - - -] 10.0.0.89 "DELETE /v2.0/ports/bbc28168-b66d-4f1f-97bf-485cb3146685 HTTP/1.1" status: 204 len: 168 time: 0.8913999
2026-07-10 01:09:41.122 9 INFO neutron.db.ovn_revision_numbers_db [None req-bebafa42-a69e-4d84-827f-38ff77a72d55 f3506e025ec44521be225d069147756e 8dad7e18908e4d309ea81b8792bfb2e9 - - - -] Successfully bumped revision number for resource 8f59f25d-5e2c-45d0-8ef5-1642090980f6 (type: ports) to 1
2026-07-10 01:09:41.525 9 INFO neutron.services.segments.plugin [-] Segment c834cb8a-1a18-4559-8c7b-4c95115f7d27 resource provider aggregate not found
2026-07-10 01:09:41.534 9 INFO neutron.services.segments.plugin [-] Segment c834cb8a-1a18-4559-8c7b-4c95115f7d27 resource provider aggregate not found
2026-07-10 01:09:41.553 9 INFO neutron.services.segments.plugin [-] Segment c834cb8a-1a18-4559-8c7b-4c95115f7d27 resource provider not found; error: Placement Client Error (4xx): {"errors": [{"status": 404, "title": "Not Found", "detail": "The resource could not be found.\n\n No resource provider with uuid c834cb8a-1a18-4559-8c7b-4c95115f7d27 found for delete ", "request_id": "req-53df66e9-54cd-4b5e-9dcf-a609320b4fcc"}]}
2026-07-10 01:09:41.555 9 INFO neutron.services.segments.plugin [-] Segment c834cb8a-1a18-4559-8c7b-4c95115f7d27 resource provider not found; error: Placement Client Error (4xx): {"errors": [{"status": 404, "title": "Not Found", "detail": "The resource could not be found.\n\n No resource provider with uuid c834cb8a-1a18-4559-8c7b-4c95115f7d27 found for delete ", "request_id": "req-a4ceac7f-dd05-48e5-8ffa-aa38ebb4660f"}]}
2026-07-10 01:09:41.621 9 INFO neutron.wsgi [None req-b08baecd-1c55-4fdd-b7ed-88c1cecf9761 3d68ce29c9164319a571d7fcfa19770d b1e294da79b546eeb7b10dac28c544a9 - - - -] 10.0.0.89 "DELETE /v2.0/networks/bffed3ad-6c9f-43e3-a409-a2b7517eb901 HTTP/1.1" status: 204 len: 168 time: 0.6523285
2026-07-10 01:09:41.996 9 INFO neutron.plugins.ml2.drivers.ovn.mech_driver.mech_driver [None req-68e7ad87-98e3-49de-afae-e972b9ce3ad8 - - - - - -] OVN reports status up for port: 8f59f25d-5e2c-45d0-8ef5-1642090980f6
2026-07-10 01:09:42.007 10 INFO neutron.plugins.ml2.drivers.ovn.mech_driver.ovsdb.ovsdb_monitor [None req-36080d3f-1d29-4348-bd29-c7145bf1f63f - - - - - -] Router fc47d60f-5055-4108-8e04-a01486668aea is bound to host instance
2026-07-10 01:09:42.012 9 INFO neutron.plugins.ml2.plugin [None req-68e7ad87-98e3-49de-afae-e972b9ce3ad8 - - - - - -] Attempt 1 to provision port 8f59f25d-5e2c-45d0-8ef5-1642090980f6
2026-07-10 01:09:42.029 9 INFO neutron.db.ovn_revision_numbers_db [None req-bebafa42-a69e-4d84-827f-38ff77a72d55 f3506e025ec44521be225d069147756e 8dad7e18908e4d309ea81b8792bfb2e9 - - - -] Successfully bumped revision number for resource 8f59f25d-5e2c-45d0-8ef5-1642090980f6 (type: router_ports) to 1
2026-07-10 01:09:42.142 9 INFO neutron.db.ovn_revision_numbers_db [None req-bebafa42-a69e-4d84-827f-38ff77a72d55 f3506e025ec44521be225d069147756e 8dad7e18908e4d309ea81b8792bfb2e9 - - - -] Successfully bumped revision number for resource fc47d60f-5055-4108-8e04-a01486668aea (type: routers) to 3
2026-07-10 01:09:42.175 9 INFO neutron.wsgi [None req-bebafa42-a69e-4d84-827f-38ff77a72d55 f3506e025ec44521be225d069147756e 8dad7e18908e4d309ea81b8792bfb2e9 - - - -] 10.0.0.89 "POST /v2.0/routers HTTP/1.1" status: 201 len: 864 time: 2.4726191
2026-07-10 01:09:42.226 9 INFO neutron.wsgi [None req-a99b652b-6447-4769-ae62-1e6b17e85b1c 3d68ce29c9164319a571d7fcfa19770d b1e294da79b546eeb7b10dac28c544a9 - - - -] 10.0.0.89 "DELETE /v2.0/networks/a2682f42-e8b7-4672-a088-6c17f450ae13 HTTP/1.1" status: 204 len: 168 time: 0.6002033
2026-07-10 01:09:43.175 9 WARNING neutron.scheduler.dhcp_agent_scheduler [None req-5cfa967e-3a08-4c22-8cb1-7b26df69af93 f3506e025ec44521be225d069147756e 8dad7e18908e4d309ea81b8792bfb2e9 - - default default] No more DHCP agents
2026-07-10 01:09:43.178 9 WARNING neutron.api.rpc.agentnotifiers.dhcp_rpc_agent_api [None req-5cfa967e-3a08-4c22-8cb1-7b26df69af93 f3506e025ec44521be225d069147756e 8dad7e18908e4d309ea81b8792bfb2e9 - - default default] Unable to schedule network 49de0924-8ae5-4271-9190-410519d791fa: no agents available; will retry on subsequent port and subnet creation events.
2026-07-10 01:09:43.292 10 INFO neutron.services.segments.plugin [-] Segment 0b30f269-bb71-4433-8ad6-b1c1add2751a resource provider aggregate not found
2026-07-10 01:09:43.308 10 INFO neutron.services.segments.plugin [-] Segment 0b30f269-bb71-4433-8ad6-b1c1add2751a resource provider aggregate not found
2026-07-10 01:09:43.323 10 INFO neutron.services.segments.plugin [-] Segment 0b30f269-bb71-4433-8ad6-b1c1add2751a resource provider not found; error: Placement Client Error (4xx): {"errors": [{"status": 404, "title": "Not Found", "detail": "The resource could not be found.\n\n No resource provider with uuid 0b30f269-bb71-4433-8ad6-b1c1add2751a found for delete ", "request_id": "req-fc8cc575-c447-4ecc-8080-639fe9d3be01"}]}
2026-07-10 01:09:43.333 10 INFO neutron.services.segments.plugin [-] Segment 0b30f269-bb71-4433-8ad6-b1c1add2751a resource provider not found; error: Placement Client Error (4xx): {"errors": [{"status": 404, "title": "Not Found", "detail": "The resource could not be found.\n\n No resource provider with uuid 0b30f269-bb71-4433-8ad6-b1c1add2751a found for delete ", "request_id": "req-c31a20f7-09ca-4301-898b-539b832fe16d"}]}
2026-07-10 01:09:43.351 9 WARNING neutron.scheduler.dhcp_agent_scheduler [None req-2b06bae0-0787-4999-8cb1-a21e68138ca0 9f042558389b4cc399ac4b5461a2c00f b8ab278f4d9f4edebb21bb4efc4b853e - - - -] No more DHCP agents
2026-07-10 01:09:43.354 9 WARNING neutron.api.rpc.agentnotifiers.dhcp_rpc_agent_api [None req-2b06bae0-0787-4999-8cb1-a21e68138ca0 9f042558389b4cc399ac4b5461a2c00f b8ab278f4d9f4edebb21bb4efc4b853e - - - -] Unable to schedule network 79617cb9-3830-47c6-a733-442a40d747f9: no agents available; will retry on subsequent port and subnet creation events.
2026-07-10 01:09:43.356 10 INFO neutron.wsgi [None req-78c13d8f-03cc-44dd-bd96-a552799e32fb 3d68ce29c9164319a571d7fcfa19770d b1e294da79b546eeb7b10dac28c544a9 - - - -] 10.0.0.89 "DELETE /v2.0/networks/65a55313-5b32-41af-8927-06fa771e3880 HTTP/1.1" status: 204 len: 168 time: 1.1183536
2026-07-10 01:09:43.357 10 INFO neutron.db.ovn_revision_numbers_db [None req-36080d3f-1d29-4348-bd29-c7145bf1f63f - - - - - -] Successfully bumped revision number for resource 8f59f25d-5e2c-45d0-8ef5-1642090980f6 (type: ports) to 1
2026-07-10 01:09:43.437 9 INFO neutron.db.ovn_revision_numbers_db [None req-5cfa967e-3a08-4c22-8cb1-7b26df69af93 f3506e025ec44521be225d069147756e 8dad7e18908e4d309ea81b8792bfb2e9 - - default default] Successfully bumped revision number for resource 84fb7ec9-c714-4583-aa84-d36ced19d768 (type: ports) to 1
2026-07-10 01:09:43.585 9 INFO neutron.services.segments.plugin [-] Segment d8844556-f01c-45a9-aeac-ecdaa776d644 resource provider aggregate not found
2026-07-10 01:09:43.591 9 INFO neutron.services.segments.plugin [-] Segment d8844556-f01c-45a9-aeac-ecdaa776d644 resource provider aggregate not found
2026-07-10 01:09:43.619 10 INFO neutron.db.ovn_revision_numbers_db [None req-36080d3f-1d29-4348-bd29-c7145bf1f63f - - - - - -] Successfully bumped revision number for resource 8f59f25d-5e2c-45d0-8ef5-1642090980f6 (type: router_ports) to 3
2026-07-10 01:09:43.620 9 INFO neutron.services.segments.plugin [-] Segment d8844556-f01c-45a9-aeac-ecdaa776d644 resource provider not found; error: Placement Client Error (4xx): {"errors": [{"status": 404, "title": "Not Found", "detail": "The resource could not be found.\n\n No resource provider with uuid d8844556-f01c-45a9-aeac-ecdaa776d644 found for delete ", "request_id": "req-0e7a63a5-07e4-40b8-89d2-d9c4a5c54c3a"}]}
2026-07-10 01:09:43.623 9 INFO neutron.services.segments.plugin [-] Segment d8844556-f01c-45a9-aeac-ecdaa776d644 resource provider not found; error: Placement Client Error (4xx): {"errors": [{"status": 404, "title": "Not Found", "detail": "The resource could not be found.\n\n No resource provider with uuid d8844556-f01c-45a9-aeac-ecdaa776d644 found for delete ", "request_id": "req-96a071f8-6b24-48c7-a896-09da151ac4e6"}]}
2026-07-10 01:09:43.786 10 INFO neutron.db.ovn_revision_numbers_db [None req-36080d3f-1d29-4348-bd29-c7145bf1f63f - - - - - -] Successfully bumped revision number for resource 8f59f25d-5e2c-45d0-8ef5-1642090980f6 (type: ports) to 2
2026-07-10 01:09:44.029 10 INFO neutron.db.ovn_revision_numbers_db [None req-36080d3f-1d29-4348-bd29-c7145bf1f63f - - - - - -] Successfully bumped revision number for resource 8f59f25d-5e2c-45d0-8ef5-1642090980f6 (type: ports) to 4
2026-07-10 01:09:44.281 10 INFO neutron.db.ovn_revision_numbers_db [None req-36080d3f-1d29-4348-bd29-c7145bf1f63f - - - - - -] Successfully bumped revision number for resource 8f59f25d-5e2c-45d0-8ef5-1642090980f6 (type: router_ports) to 4
2026-07-10 01:09:44.382 9 INFO neutron.db.ovn_revision_numbers_db [None req-2b06bae0-0787-4999-8cb1-a21e68138ca0 9f042558389b4cc399ac4b5461a2c00f b8ab278f4d9f4edebb21bb4efc4b853e - - - -] Successfully bumped revision number for resource f0db3d67-960d-4c93-b81a-17f755690b1e (type: floatingips) to 0
2026-07-10 01:09:44.410 9 INFO neutron.wsgi [None req-2b06bae0-0787-4999-8cb1-a21e68138ca0 9f042558389b4cc399ac4b5461a2c00f b8ab278f4d9f4edebb21bb4efc4b853e - - - -] 10.0.0.89 "POST /v2.0/floatingips HTTP/1.1" status: 201 len: 751 time: 1.6821783
2026-07-10 01:09:44.483 9 INFO neutron.wsgi [None req-2a88d5ef-6afb-4840-a66b-f7a1b13cfec3 3d68ce29c9164319a571d7fcfa19770d b1e294da79b546eeb7b10dac28c544a9 - - - -] 10.0.0.89 "DELETE /v2.0/networks/b294e233-d8c3-4474-a1ef-c2d2404eb935 HTTP/1.1" status: 204 len: 168 time: 1.1115980
2026-07-10 01:09:44.662 9 INFO neutron.db.ovn_revision_numbers_db [None req-5cfa967e-3a08-4c22-8cb1-7b26df69af93 f3506e025ec44521be225d069147756e 8dad7e18908e4d309ea81b8792bfb2e9 - - default default] Successfully bumped revision number for resource 84fb7ec9-c714-4583-aa84-d36ced19d768 (type: router_ports) to 2
2026-07-10 01:09:44.799 10 WARNING neutron.scheduler.dhcp_agent_scheduler [None req-46127051-652e-47d8-95d6-6f0015affa78 9f042558389b4cc399ac4b5461a2c00f b8ab278f4d9f4edebb21bb4efc4b853e - - - -] No more DHCP agents
2026-07-10 01:09:44.805 10 WARNING neutron.api.rpc.agentnotifiers.dhcp_rpc_agent_api [None req-46127051-652e-47d8-95d6-6f0015affa78 9f042558389b4cc399ac4b5461a2c00f b8ab278f4d9f4edebb21bb4efc4b853e - - - -] Unable to schedule network 79617cb9-3830-47c6-a733-442a40d747f9: no agents available; will retry on subsequent port and subnet creation events.
2026-07-10 01:09:44.827 9 INFO neutron.db.ovn_revision_numbers_db [None req-5cfa967e-3a08-4c22-8cb1-7b26df69af93 f3506e025ec44521be225d069147756e 8dad7e18908e4d309ea81b8792bfb2e9 - - default default] Successfully bumped revision number for resource 84fb7ec9-c714-4583-aa84-d36ced19d768 (type: ports) to 2
2026-07-10 01:09:44.898 9 WARNING neutron.scheduler.dhcp_agent_scheduler [None req-5cfa967e-3a08-4c22-8cb1-7b26df69af93 f3506e025ec44521be225d069147756e 8dad7e18908e4d309ea81b8792bfb2e9 - - default default] No more DHCP agents
2026-07-10 01:09:44.899 9 WARNING neutron.api.rpc.agentnotifiers.dhcp_rpc_agent_api [None req-5cfa967e-3a08-4c22-8cb1-7b26df69af93 f3506e025ec44521be225d069147756e 8dad7e18908e4d309ea81b8792bfb2e9 - - default default] Unable to schedule network 49de0924-8ae5-4271-9190-410519d791fa: no agents available; will retry on subsequent port and subnet creation events.
2026-07-10 01:09:45.003 10 INFO neutron.wsgi [None req-5991e59f-b88b-46b5-8ddb-0a71405dadb5 3d68ce29c9164319a571d7fcfa19770d b1e294da79b546eeb7b10dac28c544a9 - - - -] 10.0.0.89 "DELETE /v2.0/networks/448021a9-9769-406f-9be6-72fc003134ef HTTP/1.1" status: 204 len: 168 time: 0.5130119
2026-07-10 01:09:45.111 9 INFO neutron.plugins.ml2.drivers.ovn.mech_driver.mech_driver [None req-68e7ad87-98e3-49de-afae-e972b9ce3ad8 - - - - - -] OVN reports status up for port: 84fb7ec9-c714-4583-aa84-d36ced19d768
2026-07-10 01:09:45.121 9 INFO neutron.plugins.ml2.plugin [None req-68e7ad87-98e3-49de-afae-e972b9ce3ad8 - - - - - -] Attempt 1 to provision port 84fb7ec9-c714-4583-aa84-d36ced19d768
2026-07-10 01:09:45.310 9 INFO neutron.db.ovn_revision_numbers_db [None req-5cfa967e-3a08-4c22-8cb1-7b26df69af93 f3506e025ec44521be225d069147756e 8dad7e18908e4d309ea81b8792bfb2e9 - - - -] Successfully bumped revision number for resource 84fb7ec9-c714-4583-aa84-d36ced19d768 (type: router_ports) to 2
2026-07-10 01:09:45.313 9 INFO neutron.wsgi [None req-5cfa967e-3a08-4c22-8cb1-7b26df69af93 f3506e025ec44521be225d069147756e 8dad7e18908e4d309ea81b8792bfb2e9 - - - -] 10.0.0.89 "PUT /v2.0/routers/fc47d60f-5055-4108-8e04-a01486668aea/add_router_interface HTTP/1.1" status: 200 len: 503 time: 3.1275330
2026-07-10 01:09:45.363 10 INFO neutron.services.segments.plugin [-] Segment a3e33015-e94e-4078-962e-59c9cbae16ba resource provider aggregate not found
2026-07-10 01:09:45.373 10 INFO neutron.services.segments.plugin [-] Segment a3e33015-e94e-4078-962e-59c9cbae16ba resource provider aggregate not found
2026-07-10 01:09:45.384 10 INFO neutron.services.segments.plugin [-] Segment a3e33015-e94e-4078-962e-59c9cbae16ba resource provider not found; error: Placement Client Error (4xx): {"errors": [{"status": 404, "title": "Not Found", "detail": "The resource could not be found.\n\n No resource provider with uuid a3e33015-e94e-4078-962e-59c9cbae16ba found for delete ", "request_id": "req-9f5ea8c0-af3a-40b0-8f67-284c8bc603c3"}]}
2026-07-10 01:09:45.394 10 INFO neutron.services.segments.plugin [-] Segment a3e33015-e94e-4078-962e-59c9cbae16ba resource provider not found; error: Placement Client Error (4xx): {"errors": [{"status": 404, "title": "Not Found", "detail": "The resource could not be found.\n\n No resource provider with uuid a3e33015-e94e-4078-962e-59c9cbae16ba found for delete ", "request_id": "req-b936035d-5b02-40cf-a727-78a4140b3c81"}]}
2026-07-10 01:09:45.496 10 INFO neutron.db.ovn_revision_numbers_db [None req-46127051-652e-47d8-95d6-6f0015affa78 9f042558389b4cc399ac4b5461a2c00f b8ab278f4d9f4edebb21bb4efc4b853e - - - -] Successfully bumped revision number for resource d0c734b6-0385-44dd-8667-a5d35057918e (type: floatingips) to 0
2026-07-10 01:09:45.511 10 INFO neutron.wsgi [None req-46127051-652e-47d8-95d6-6f0015affa78 9f042558389b4cc399ac4b5461a2c00f b8ab278f4d9f4edebb21bb4efc4b853e - - - -] 10.0.0.89 "POST /v2.0/floatingips HTTP/1.1" status: 201 len: 751 time: 1.0947342
2026-07-10 01:09:45.551 9 INFO neutron.db.ovn_revision_numbers_db [None req-68e7ad87-98e3-49de-afae-e972b9ce3ad8 - - - - - -] Successfully bumped revision number for resource 84fb7ec9-c714-4583-aa84-d36ced19d768 (type: ports) to 3
2026-07-10 01:09:45.646 9 INFO neutron.services.segments.plugin [-] Segment bb92c340-8a61-4854-859d-c256fc15451e resource provider aggregate not found
2026-07-10 01:09:45.658 9 INFO neutron.services.segments.plugin [-] Segment bb92c340-8a61-4854-859d-c256fc15451e resource provider aggregate not found
2026-07-10 01:09:45.667 9 INFO neutron.services.segments.plugin [-] Segment bb92c340-8a61-4854-859d-c256fc15451e resource provider not found; error: Placement Client Error (4xx): {"errors": [{"status": 404, "title": "Not Found", "detail": "The resource could not be found.\n\n No resource provider with uuid bb92c340-8a61-4854-859d-c256fc15451e found for delete ", "request_id": "req-38d02712-7865-41ef-bd8c-a016e762f60c"}]}
2026-07-10 01:09:45.681 9 INFO neutron.services.segments.plugin [-] Segment bb92c340-8a61-4854-859d-c256fc15451e resource provider not found; error: Placement Client Error (4xx): {"errors": [{"status": 404, "title": "Not Found", "detail": "The resource could not be found.\n\n No resource provider with uuid bb92c340-8a61-4854-859d-c256fc15451e found for delete ", "request_id": "req-5a73643e-9407-4d85-90ab-16a8119d5779"}]}
2026-07-10 01:09:45.796 9 INFO neutron.db.ovn_revision_numbers_db [None req-68e7ad87-98e3-49de-afae-e972b9ce3ad8 - - - - - -] Successfully bumped revision number for resource 84fb7ec9-c714-4583-aa84-d36ced19d768 (type: router_ports) to 3
2026-07-10 01:09:45.998 10 INFO neutron.wsgi [-] 10.0.0.194 "GET / HTTP/1.1" status: 200 len: 247 time: 0.0029485
2026-07-10 01:09:46.000 10 INFO neutron.wsgi [-] 10.0.0.194 "GET / HTTP/1.1" status: 200 len: 247 time: 0.0014718
2026-07-10 01:09:46.134 10 INFO neutron.wsgi [None req-bf6414f0-f531-41df-afa4-e4ddcaaf06e1 90f3bcdbeef84b46bf9829697a094613 93184c7435dd47f9b82b437086b62d65 - - default default] 10.0.0.89 "GET /v2.0/security-groups?tenant_id=b1e294da79b546eeb7b10dac28c544a9&name=default HTTP/1.1" status: 200 len: 2996 time: 0.2040992
2026-07-10 01:09:46.265 9 WARNING neutron.scheduler.dhcp_agent_scheduler [None req-a74e8bdc-10b5-427a-b274-dc794e4404dc 9f042558389b4cc399ac4b5461a2c00f b8ab278f4d9f4edebb21bb4efc4b853e - - - -] No more DHCP agents
2026-07-10 01:09:46.267 9 WARNING neutron.api.rpc.agentnotifiers.dhcp_rpc_agent_api [None req-a74e8bdc-10b5-427a-b274-dc794e4404dc 9f042558389b4cc399ac4b5461a2c00f b8ab278f4d9f4edebb21bb4efc4b853e - - - -] Unable to schedule network 79617cb9-3830-47c6-a733-442a40d747f9: no agents available; will retry on subsequent port and subnet creation events.
2026-07-10 01:09:46.383 9 WARNING neutron.scheduler.dhcp_agent_scheduler [None req-372a00e7-e8ad-4349-88b2-f3b2a62b9ba4 f3506e025ec44521be225d069147756e 8dad7e18908e4d309ea81b8792bfb2e9 - - default default] No more DHCP agents
2026-07-10 01:09:46.393 9 WARNING neutron.api.rpc.agentnotifiers.dhcp_rpc_agent_api [None req-372a00e7-e8ad-4349-88b2-f3b2a62b9ba4 f3506e025ec44521be225d069147756e 8dad7e18908e4d309ea81b8792bfb2e9 - - default default] Unable to schedule network 1bc4450e-bdd0-4a77-94e7-7cd31f18cd6b: no agents available; will retry on subsequent port and subnet creation events.
2026-07-10 01:09:46.406 10 INFO neutron.wsgi [None req-7226ba2a-d146-47dd-871b-6ce4a0fb7915 90f3bcdbeef84b46bf9829697a094613 93184c7435dd47f9b82b437086b62d65 - - - -] 10.0.0.89 "DELETE /v2.0/security-groups/0fcad2fb-771f-4d8e-9789-0cea381ceceb HTTP/1.1" status: 204 len: 168 time: 0.2429264
2026-07-10 01:09:46.573 9 INFO neutron.db.ovn_revision_numbers_db [None req-372a00e7-e8ad-4349-88b2-f3b2a62b9ba4 f3506e025ec44521be225d069147756e 8dad7e18908e4d309ea81b8792bfb2e9 - - default default] Successfully bumped revision number for resource 2ad9aa86-15b8-4772-b7c4-ec8514ec3d0b (type: ports) to 1
2026-07-10 01:09:46.626 10 INFO neutron.db.ovn_revision_numbers_db [None req-8a69cf88-09f3-4956-a363-4b54a0cdd9af 90f3bcdbeef84b46bf9829697a094613 93184c7435dd47f9b82b437086b62d65 - - default default] Successfully bumped revision number for resource b55669cc-196a-4444-bc1b-dc50a4ea6ac4 (type: security_groups) to 1
2026-07-10 01:09:46.669 10 INFO neutron.wsgi [None req-8a69cf88-09f3-4956-a363-4b54a0cdd9af 90f3bcdbeef84b46bf9829697a094613 93184c7435dd47f9b82b437086b62d65 - - default default] 10.0.0.89 "GET /v2.0/security-groups?tenant_id=3aad2ff96a9d499b9530bd65aa0245cb&name=default HTTP/1.1" status: 200 len: 2996 time: 0.1459589
2026-07-10 01:09:46.725 9 INFO neutron.db.ovn_revision_numbers_db [None req-a74e8bdc-10b5-427a-b274-dc794e4404dc 9f042558389b4cc399ac4b5461a2c00f b8ab278f4d9f4edebb21bb4efc4b853e - - - -] Successfully bumped revision number for resource 6b9d5a5f-b853-49f5-b364-22e97f775eb7 (type: floatingips) to 0
2026-07-10 01:09:46.742 9 INFO neutron.wsgi [None req-a74e8bdc-10b5-427a-b274-dc794e4404dc 9f042558389b4cc399ac4b5461a2c00f b8ab278f4d9f4edebb21bb4efc4b853e - - - -] 10.0.0.89 "POST /v2.0/floatingips HTTP/1.1" status: 201 len: 751 time: 1.2202344
2026-07-10 01:09:46.945 10 INFO neutron.wsgi [None req-f606a9c2-ad20-41be-a6e0-501e3eaf431e 90f3bcdbeef84b46bf9829697a094613 93184c7435dd47f9b82b437086b62d65 - - - -] 10.0.0.89 "DELETE /v2.0/security-groups/b55669cc-196a-4444-bc1b-dc50a4ea6ac4 HTTP/1.1" status: 204 len: 168 time: 0.2613411
2026-07-10 01:09:47.055 10 WARNING neutron.scheduler.dhcp_agent_scheduler [None req-0701661b-6c3c-4b8e-95d5-65a5ff23bb9f 9f042558389b4cc399ac4b5461a2c00f b8ab278f4d9f4edebb21bb4efc4b853e - - - -] No more DHCP agents
2026-07-10 01:09:47.056 10 WARNING neutron.api.rpc.agentnotifiers.dhcp_rpc_agent_api [None req-0701661b-6c3c-4b8e-95d5-65a5ff23bb9f 9f042558389b4cc399ac4b5461a2c00f b8ab278f4d9f4edebb21bb4efc4b853e - - - -] Unable to schedule network 79617cb9-3830-47c6-a733-442a40d747f9: no agents available; will retry on subsequent port and subnet creation events.
2026-07-10 01:09:47.303 10 INFO neutron.db.ovn_revision_numbers_db [None req-414b5865-13ab-4f03-84a9-80b4d83cbd5e 90f3bcdbeef84b46bf9829697a094613 93184c7435dd47f9b82b437086b62d65 - - default default] Successfully bumped revision number for resource 9f6fe5d8-7f15-4de1-b4a8-3a4137acaab3 (type: security_groups) to 1
2026-07-10 01:09:47.306 10 INFO neutron.plugins.ml2.drivers.ovn.mech_driver.mech_driver [None req-2cf7cbb6-eca9-4d5d-8277-98de6e5b5f10 - - - - - -] OVN reports status up for port: 2ad9aa86-15b8-4772-b7c4-ec8514ec3d0b
2026-07-10 01:09:47.308 9 INFO neutron.db.ovn_revision_numbers_db [None req-372a00e7-e8ad-4349-88b2-f3b2a62b9ba4 f3506e025ec44521be225d069147756e 8dad7e18908e4d309ea81b8792bfb2e9 - - default default] Successfully bumped revision number for resource 2ad9aa86-15b8-4772-b7c4-ec8514ec3d0b (type: router_ports) to 2
2026-07-10 01:09:47.333 10 INFO neutron.plugins.ml2.plugin [None req-2cf7cbb6-eca9-4d5d-8277-98de6e5b5f10 - - - - - -] Attempt 1 to provision port 2ad9aa86-15b8-4772-b7c4-ec8514ec3d0b
2026-07-10 01:09:47.341 10 INFO neutron.wsgi [None req-414b5865-13ab-4f03-84a9-80b4d83cbd5e 90f3bcdbeef84b46bf9829697a094613 93184c7435dd47f9b82b437086b62d65 - - default default] 10.0.0.89 "GET /v2.0/security-groups?tenant_id=782e8e39d4d04fb0a465d9effd3ba440&name=default HTTP/1.1" status: 200 len: 2996 time: 0.1935890
2026-07-10 01:09:47.484 9 INFO neutron.db.ovn_revision_numbers_db [None req-372a00e7-e8ad-4349-88b2-f3b2a62b9ba4 f3506e025ec44521be225d069147756e 8dad7e18908e4d309ea81b8792bfb2e9 - - default default] Successfully bumped revision number for resource 2ad9aa86-15b8-4772-b7c4-ec8514ec3d0b (type: ports) to 2
2026-07-10 01:09:47.531 10 INFO neutron.db.ovn_revision_numbers_db [None req-0701661b-6c3c-4b8e-95d5-65a5ff23bb9f 9f042558389b4cc399ac4b5461a2c00f b8ab278f4d9f4edebb21bb4efc4b853e - - - -] Successfully bumped revision number for resource b881b846-a4bb-45fe-aada-7186b4ced870 (type: floatingips) to 0
2026-07-10 01:09:47.556 9 WARNING neutron.scheduler.dhcp_agent_scheduler [None req-372a00e7-e8ad-4349-88b2-f3b2a62b9ba4 f3506e025ec44521be225d069147756e 8dad7e18908e4d309ea81b8792bfb2e9 - - default default] No more DHCP agents
2026-07-10 01:09:47.558 9 WARNING neutron.api.rpc.agentnotifiers.dhcp_rpc_agent_api [None req-372a00e7-e8ad-4349-88b2-f3b2a62b9ba4 f3506e025ec44521be225d069147756e 8dad7e18908e4d309ea81b8792bfb2e9 - - default default] Unable to schedule network 1bc4450e-bdd0-4a77-94e7-7cd31f18cd6b: no agents available; will retry on subsequent port and subnet creation events.
2026-07-10 01:09:47.572 10 INFO neutron.wsgi [None req-0701661b-6c3c-4b8e-95d5-65a5ff23bb9f 9f042558389b4cc399ac4b5461a2c00f b8ab278f4d9f4edebb21bb4efc4b853e - - - -] 10.0.0.89 "POST /v2.0/floatingips HTTP/1.1" status: 201 len: 751 time: 0.8223069
2026-07-10 01:09:47.694 10 INFO neutron.wsgi [None req-9094f674-9ec5-43b8-8fd6-0c75b5ac24b4 90f3bcdbeef84b46bf9829697a094613 93184c7435dd47f9b82b437086b62d65 - - - -] 10.0.0.89 "DELETE /v2.0/security-groups/9f6fe5d8-7f15-4de1-b4a8-3a4137acaab3 HTTP/1.1" status: 204 len: 168 time: 0.3393679
2026-07-10 01:09:47.722 10 INFO neutron.db.ovn_revision_numbers_db [None req-2cf7cbb6-eca9-4d5d-8277-98de6e5b5f10 - - - - - -] Successfully bumped revision number for resource 2ad9aa86-15b8-4772-b7c4-ec8514ec3d0b (type: ports) to 3
2026-07-10 01:09:47.829 10 INFO neutron.db.ovn_revision_numbers_db [None req-2cf7cbb6-eca9-4d5d-8277-98de6e5b5f10 - - - - - -] Successfully bumped revision number for resource 2ad9aa86-15b8-4772-b7c4-ec8514ec3d0b (type: router_ports) to 3
2026-07-10 01:09:47.984 9 WARNING neutron.scheduler.dhcp_agent_scheduler [None req-86c4d131-3268-4f4f-a886-2c1585dfcc5e 9f042558389b4cc399ac4b5461a2c00f b8ab278f4d9f4edebb21bb4efc4b853e - - - -] No more DHCP agents
2026-07-10 01:09:47.991 9 WARNING neutron.api.rpc.agentnotifiers.dhcp_rpc_agent_api [None req-86c4d131-3268-4f4f-a886-2c1585dfcc5e 9f042558389b4cc399ac4b5461a2c00f b8ab278f4d9f4edebb21bb4efc4b853e - - - -] Unable to schedule network 79617cb9-3830-47c6-a733-442a40d747f9: no agents available; will retry on subsequent port and subnet creation events.
2026-07-10 01:09:48.014 9 INFO neutron.db.ovn_revision_numbers_db [None req-372a00e7-e8ad-4349-88b2-f3b2a62b9ba4 f3506e025ec44521be225d069147756e 8dad7e18908e4d309ea81b8792bfb2e9 - - - -] Successfully bumped revision number for resource 2ad9aa86-15b8-4772-b7c4-ec8514ec3d0b (type: router_ports) to 3
2026-07-10 01:09:48.016 9 INFO neutron.wsgi [None req-372a00e7-e8ad-4349-88b2-f3b2a62b9ba4 f3506e025ec44521be225d069147756e 8dad7e18908e4d309ea81b8792bfb2e9 - - - -] 10.0.0.89 "PUT /v2.0/routers/fc47d60f-5055-4108-8e04-a01486668aea/add_router_interface HTTP/1.1" status: 200 len: 503 time: 2.6878948
2026-07-10 01:09:48.368 9 INFO neutron.db.ovn_revision_numbers_db [None req-86c4d131-3268-4f4f-a886-2c1585dfcc5e 9f042558389b4cc399ac4b5461a2c00f b8ab278f4d9f4edebb21bb4efc4b853e - - - -] Successfully bumped revision number for resource a0c1bf22-3075-4d9f-b672-f2a08ead36ec (type: floatingips) to 0
2026-07-10 01:09:48.385 9 INFO neutron.wsgi [None req-86c4d131-3268-4f4f-a886-2c1585dfcc5e 9f042558389b4cc399ac4b5461a2c00f b8ab278f4d9f4edebb21bb4efc4b853e - - - -] 10.0.0.89 "POST /v2.0/floatingips HTTP/1.1" status: 201 len: 751 time: 0.8064325
2026-07-10 01:09:48.440 9 INFO neutron.wsgi [None req-e9edcd4e-ce1a-41bd-802a-511517704ddb 9f042558389b4cc399ac4b5461a2c00f b8ab278f4d9f4edebb21bb4efc4b853e - - - -] 10.0.0.89 "PUT /v2.0/floatingips/f0db3d67-960d-4c93-b81a-17f755690b1e/tags HTTP/1.1" status: 200 len: 210 time: 0.0493124
2026-07-10 01:09:48.486 9 INFO neutron.wsgi [None req-1253c353-86cb-421b-9fad-35181eb21386 9f042558389b4cc399ac4b5461a2c00f b8ab278f4d9f4edebb21bb4efc4b853e - - - -] 10.0.0.89 "PUT /v2.0/floatingips/d0c734b6-0385-44dd-8667-a5d35057918e/tags HTTP/1.1" status: 200 len: 218 time: 0.0412002
2026-07-10 01:09:48.550 9 INFO neutron.wsgi [None req-65bbddc2-8e2e-4a6e-8ab2-e5c18ae10ab8 9f042558389b4cc399ac4b5461a2c00f b8ab278f4d9f4edebb21bb4efc4b853e - - - -] 10.0.0.89 "PUT /v2.0/floatingips/6b9d5a5f-b853-49f5-b364-22e97f775eb7/tags HTTP/1.1" status: 200 len: 227 time: 0.0548410
2026-07-10 01:09:48.625 9 INFO neutron.wsgi [None req-025edbb8-3262-41d2-9bb9-161fdb875e75 9f042558389b4cc399ac4b5461a2c00f b8ab278f4d9f4edebb21bb4efc4b853e - - - -] 10.0.0.89 "PUT /v2.0/floatingips/b881b846-a4bb-45fe-aada-7186b4ced870/tags HTTP/1.1" status: 200 len: 212 time: 0.0704918
2026-07-10 01:09:48.699 9 INFO neutron.wsgi [None req-9e2c2dfb-5409-4e99-ab0f-7edd11fc3307 9f042558389b4cc399ac4b5461a2c00f b8ab278f4d9f4edebb21bb4efc4b853e - - default default] 10.0.0.89 "GET /v2.0/floatingips?tags=red HTTP/1.1" status: 200 len: 1866 time: 0.0692565
2026-07-10 01:09:48.729 10 WARNING neutron.scheduler.dhcp_agent_scheduler [None req-3d4a7926-88d1-4e3d-bdbf-c7ed4e550380 f3506e025ec44521be225d069147756e 8dad7e18908e4d309ea81b8792bfb2e9 - - default default] No more DHCP agents
2026-07-10 01:09:48.730 10 WARNING neutron.api.rpc.agentnotifiers.dhcp_rpc_agent_api [None req-3d4a7926-88d1-4e3d-bdbf-c7ed4e550380 f3506e025ec44521be225d069147756e 8dad7e18908e4d309ea81b8792bfb2e9 - - default default] Unable to schedule network 7a14adac-e105-4f20-ba53-d7135188d214: no agents available; will retry on subsequent port and subnet creation events.
2026-07-10 01:09:48.761 9 INFO neutron.wsgi [None req-b25ce161-2244-475d-8f0b-bca70ef3fe95 9f042558389b4cc399ac4b5461a2c00f b8ab278f4d9f4edebb21bb4efc4b853e - - default default] 10.0.0.89 "GET /v2.0/floatingips?tags=red%2Cblue HTTP/1.1" status: 200 len: 1323 time: 0.0540950
2026-07-10 01:09:48.817 9 INFO neutron.wsgi [None req-d0e44105-13e3-4a41-a15c-09bdc528a77d 9f042558389b4cc399ac4b5461a2c00f b8ab278f4d9f4edebb21bb4efc4b853e - - default default] 10.0.0.89 "GET /v2.0/floatingips?tags-any=blue HTTP/1.1" status: 200 len: 1323 time: 0.0510020
2026-07-10 01:09:48.921 10 INFO neutron.db.ovn_revision_numbers_db [None req-3d4a7926-88d1-4e3d-bdbf-c7ed4e550380 f3506e025ec44521be225d069147756e 8dad7e18908e4d309ea81b8792bfb2e9 - - default default] Successfully bumped revision number for resource 1989cdd1-e650-4b98-8324-f7d3554badb2 (type: ports) to 1
2026-07-10 01:09:49.154 9 INFO neutron.wsgi [None req-50a03b2e-13ec-4d9a-9159-c493bc15ba44 9f042558389b4cc399ac4b5461a2c00f b8ab278f4d9f4edebb21bb4efc4b853e - - default default] 10.0.0.89 "GET /v2.0/floatingips?tags-any=red%2Cblue HTTP/1.1" status: 200 len: 1866 time: 0.3319600
2026-07-10 01:09:49.214 9 INFO neutron.wsgi [None req-afe696ac-b259-453c-a9a0-9b98176d58bd 9f042558389b4cc399ac4b5461a2c00f b8ab278f4d9f4edebb21bb4efc4b853e - - default default] 10.0.0.89 "GET /v2.0/floatingips?not-tags=red HTTP/1.1" status: 200 len: 1295 time: 0.0541296
2026-07-10 01:09:49.284 9 INFO neutron.wsgi [None req-7d00194b-b0eb-4c1c-9169-ecef85fe18b6 9f042558389b4cc399ac4b5461a2c00f b8ab278f4d9f4edebb21bb4efc4b853e - - default default] 10.0.0.89 "GET /v2.0/floatingips?not-tags=red%2Cblue HTTP/1.1" status: 200 len: 1838 time: 0.0631621
2026-07-10 01:09:49.332 9 INFO neutron.wsgi [None req-07e9ffa1-fe47-4375-9e2c-29720cc7bd5c 9f042558389b4cc399ac4b5461a2c00f b8ab278f4d9f4edebb21bb4efc4b853e - - default default] 10.0.0.89 "GET /v2.0/floatingips?not-tags-any=blue HTTP/1.1" status: 200 len: 1838 time: 0.0448139
2026-07-10 01:09:49.377 9 INFO neutron.wsgi [None req-e440b0d8-aba3-4c2e-bb58-af920321708a 9f042558389b4cc399ac4b5461a2c00f b8ab278f4d9f4edebb21bb4efc4b853e - - default default] 10.0.0.89 "GET /v2.0/floatingips?not-tags-any=red%2Cblue HTTP/1.1" status: 200 len: 1295 time: 0.0386722
2026-07-10 01:09:49.794 9 INFO neutron.wsgi [None req-5a24209c-f53d-4efb-9d73-a5a644398da1 9f042558389b4cc399ac4b5461a2c00f b8ab278f4d9f4edebb21bb4efc4b853e - - - -] 10.0.0.89 "DELETE /v2.0/floatingips/f0db3d67-960d-4c93-b81a-17f755690b1e HTTP/1.1" status: 204 len: 168 time: 0.4115341
2026-07-10 01:09:49.907 10 INFO neutron.db.ovn_revision_numbers_db [None req-3d4a7926-88d1-4e3d-bdbf-c7ed4e550380 f3506e025ec44521be225d069147756e 8dad7e18908e4d309ea81b8792bfb2e9 - - default default] Successfully bumped revision number for resource 1989cdd1-e650-4b98-8324-f7d3554badb2 (type: router_ports) to 2
2026-07-10 01:09:50.064 10 INFO neutron.db.ovn_revision_numbers_db [None req-3d4a7926-88d1-4e3d-bdbf-c7ed4e550380 f3506e025ec44521be225d069147756e 8dad7e18908e4d309ea81b8792bfb2e9 - - default default] Successfully bumped revision number for resource 1989cdd1-e650-4b98-8324-f7d3554badb2 (type: ports) to 2
2026-07-10 01:09:50.235 10 WARNING neutron.scheduler.dhcp_agent_scheduler [None req-3d4a7926-88d1-4e3d-bdbf-c7ed4e550380 f3506e025ec44521be225d069147756e 8dad7e18908e4d309ea81b8792bfb2e9 - - default default] No more DHCP agents
2026-07-10 01:09:50.237 10 WARNING neutron.api.rpc.agentnotifiers.dhcp_rpc_agent_api [None req-3d4a7926-88d1-4e3d-bdbf-c7ed4e550380 f3506e025ec44521be225d069147756e 8dad7e18908e4d309ea81b8792bfb2e9 - - default default] Unable to schedule network 7a14adac-e105-4f20-ba53-d7135188d214: no agents available; will retry on subsequent port and subnet creation events.
2026-07-10 01:09:50.306 9 INFO neutron.wsgi [None req-6d00bde3-26d8-4087-9987-02c3616c1632 9f042558389b4cc399ac4b5461a2c00f b8ab278f4d9f4edebb21bb4efc4b853e - - - -] 10.0.0.89 "DELETE /v2.0/floatingips/d0c734b6-0385-44dd-8667-a5d35057918e HTTP/1.1" status: 204 len: 168 time: 0.4911430
2026-07-10 01:09:50.590 10 INFO neutron.db.ovn_revision_numbers_db [None req-3d4a7926-88d1-4e3d-bdbf-c7ed4e550380 f3506e025ec44521be225d069147756e 8dad7e18908e4d309ea81b8792bfb2e9 - - - -] Successfully bumped revision number for resource 1989cdd1-e650-4b98-8324-f7d3554badb2 (type: router_ports) to 2
2026-07-10 01:09:50.595 10 INFO neutron.wsgi [None req-3d4a7926-88d1-4e3d-bdbf-c7ed4e550380 f3506e025ec44521be225d069147756e 8dad7e18908e4d309ea81b8792bfb2e9 - - - -] 10.0.0.89 "PUT /v2.0/routers/fc47d60f-5055-4108-8e04-a01486668aea/add_router_interface HTTP/1.1" status: 200 len: 503 time: 2.5732617
2026-07-10 01:09:50.667 9 INFO neutron.wsgi [None req-2e95ce61-b805-4099-8f1c-3347555f5150 9f042558389b4cc399ac4b5461a2c00f b8ab278f4d9f4edebb21bb4efc4b853e - - - -] 10.0.0.89 "DELETE /v2.0/floatingips/6b9d5a5f-b853-49f5-b364-22e97f775eb7 HTTP/1.1" status: 204 len: 168 time: 0.3547308
2026-07-10 01:09:50.753 9 INFO neutron.db.ovn_revision_numbers_db [None req-740074f4-1e62-48b7-a218-3b01e96decc7 f3506e025ec44521be225d069147756e 8dad7e18908e4d309ea81b8792bfb2e9 - - - -] Successfully bumped revision number for resource 5edf265b-f84d-48c8-8da4-84515549881f (type: security_groups) to 1
2026-07-10 01:09:50.767 9 WARNING neutron.plugins.ml2.drivers.ovn.mech_driver.ovsdb.ovn_client [None req-68e7ad87-98e3-49de-afae-e972b9ce3ad8 - - - - - -] No hosting information found for port 84fb7ec9-c714-4583-aa84-d36ced19d768: RuntimeError: No hosting information found for port 84fb7ec9-c714-4583-aa84-d36ced19d768
2026-07-10 01:09:50.776 9 INFO neutron.wsgi [None req-740074f4-1e62-48b7-a218-3b01e96decc7 f3506e025ec44521be225d069147756e 8dad7e18908e4d309ea81b8792bfb2e9 - - - -] 10.0.0.89 "POST /v2.0/security-groups HTTP/1.1" status: 201 len: 1764 time: 0.1267142
2026-07-10 01:09:50.910 9 INFO neutron.db.ovn_revision_numbers_db [None req-aab81eb5-42b5-4002-8502-03ecd60fcecd f3506e025ec44521be225d069147756e 8dad7e18908e4d309ea81b8792bfb2e9 - - - -] Successfully bumped revision number for resource 7bd42995-5161-4320-b4c3-ecb40e68b7ca (type: security_group_rules) to 0
2026-07-10 01:09:50.944 9 INFO neutron.wsgi [None req-aab81eb5-42b5-4002-8502-03ecd60fcecd f3506e025ec44521be225d069147756e 8dad7e18908e4d309ea81b8792bfb2e9 - - - -] 10.0.0.89 "POST /v2.0/security-group-rules HTTP/1.1" status: 201 len: 764 time: 0.1625872
2026-07-10 01:09:51.088 10 INFO neutron.wsgi [None req-61cc258b-92ee-4d3f-95cb-aa318cfc8889 9f042558389b4cc399ac4b5461a2c00f b8ab278f4d9f4edebb21bb4efc4b853e - - - -] 10.0.0.89 "DELETE /v2.0/floatingips/b881b846-a4bb-45fe-aada-7186b4ced870 HTTP/1.1" status: 204 len: 168 time: 0.4153891
2026-07-10 01:09:51.102 9 INFO neutron.db.ovn_revision_numbers_db [None req-f9993286-9372-4efe-85e8-c3115755cb98 f3506e025ec44521be225d069147756e 8dad7e18908e4d309ea81b8792bfb2e9 - - - -] Successfully bumped revision number for resource 20709045-97a4-4334-b018-624f6f0de4d9 (type: security_group_rules) to 0
2026-07-10 01:09:51.181 9 INFO neutron.wsgi [None req-f9993286-9372-4efe-85e8-c3115755cb98 f3506e025ec44521be225d069147756e 8dad7e18908e4d309ea81b8792bfb2e9 - - - -] 10.0.0.89 "POST /v2.0/security-group-rules HTTP/1.1" status: 201 len: 764 time: 0.2302911
2026-07-10 01:09:51.332 10 INFO neutron.db.ovn_revision_numbers_db [None req-398e4a4d-baa6-4ee7-9c1c-b883e20981f0 f3506e025ec44521be225d069147756e 8dad7e18908e4d309ea81b8792bfb2e9 - - - -] Successfully bumped revision number for resource 2f3bb96b-cbcd-4d50-b7cb-afe90fe6cfc6 (type: security_group_rules) to 0
2026-07-10 01:09:51.361 10 INFO neutron.wsgi [None req-398e4a4d-baa6-4ee7-9c1c-b883e20981f0 f3506e025ec44521be225d069147756e 8dad7e18908e4d309ea81b8792bfb2e9 - - - -] 10.0.0.89 "POST /v2.0/security-group-rules HTTP/1.1" status: 201 len: 766 time: 0.1740289
2026-07-10 01:09:51.491 10 INFO neutron.db.ovn_revision_numbers_db [None req-accd9fe5-3b82-4512-bb8f-79d3948bb035 f3506e025ec44521be225d069147756e 8dad7e18908e4d309ea81b8792bfb2e9 - - - -] Successfully bumped revision number for resource d27ef907-6a79-4e12-a8f3-a6e74d5b5526 (type: security_group_rules) to 0
2026-07-10 01:09:51.518 10 INFO neutron.wsgi [None req-accd9fe5-3b82-4512-bb8f-79d3948bb035 f3506e025ec44521be225d069147756e 8dad7e18908e4d309ea81b8792bfb2e9 - - - -] 10.0.0.89 "POST /v2.0/security-group-rules HTTP/1.1" status: 201 len: 768 time: 0.1526396
2026-07-10 01:09:51.545 9 INFO neutron.wsgi [None req-516a2c84-5643-45a7-8b80-1c4563e66642 9f042558389b4cc399ac4b5461a2c00f b8ab278f4d9f4edebb21bb4efc4b853e - - - -] 10.0.0.89 "DELETE /v2.0/floatingips/a0c1bf22-3075-4d9f-b672-f2a08ead36ec HTTP/1.1" status: 204 len: 168 time: 0.4521549
2026-07-10 01:09:51.666 9 INFO neutron.db.ovn_revision_numbers_db [None req-dcba3b83-9f9e-41b5-b348-c14b3943dcc3 f3506e025ec44521be225d069147756e 8dad7e18908e4d309ea81b8792bfb2e9 - - - -] Successfully bumped revision number for resource b2e0946b-07be-4776-8efc-7ceda1a07373 (type: security_group_rules) to 0
2026-07-10 01:09:51.699 9 INFO neutron.wsgi [None req-dcba3b83-9f9e-41b5-b348-c14b3943dcc3 f3506e025ec44521be225d069147756e 8dad7e18908e4d309ea81b8792bfb2e9 - - - -] 10.0.0.89 "POST /v2.0/security-group-rules HTTP/1.1" status: 201 len: 768 time: 0.1750116
2026-07-10 01:09:51.835 9 INFO neutron.db.ovn_revision_numbers_db [None req-30c82337-b9b3-449e-baf1-340d1f4be0b0 f3506e025ec44521be225d069147756e 8dad7e18908e4d309ea81b8792bfb2e9 - - - -] Successfully bumped revision number for resource 61e62cdd-8f0e-4857-b353-6026be21d00c (type: security_group_rules) to 0
2026-07-10 01:09:51.861 9 INFO neutron.wsgi [None req-30c82337-b9b3-449e-baf1-340d1f4be0b0 f3506e025ec44521be225d069147756e 8dad7e18908e4d309ea81b8792bfb2e9 - - - -] 10.0.0.89 "POST /v2.0/security-group-rules HTTP/1.1" status: 201 len: 764 time: 0.1562231
2026-07-10 01:09:52.010 10 INFO neutron.db.ovn_revision_numbers_db [None req-819f06c1-11e0-4ca4-8ec9-9ac922832208 f3506e025ec44521be225d069147756e 8dad7e18908e4d309ea81b8792bfb2e9 - - - -] Successfully bumped revision number for resource bd0f5c25-c95f-4f89-b54b-eb7fa9c4b7b1 (type: security_group_rules) to 0
2026-07-10 01:09:52.035 10 INFO neutron.wsgi [None req-819f06c1-11e0-4ca4-8ec9-9ac922832208 f3506e025ec44521be225d069147756e 8dad7e18908e4d309ea81b8792bfb2e9 - - - -] 10.0.0.89 "POST /v2.0/security-group-rules HTTP/1.1" status: 201 len: 764 time: 0.1675148
2026-07-10 01:09:52.166 10 INFO neutron.db.ovn_revision_numbers_db [None req-de9db7d8-c587-484d-8f13-63ce5c57f40b f3506e025ec44521be225d069147756e 8dad7e18908e4d309ea81b8792bfb2e9 - - - -] Successfully bumped revision number for resource 02ee133c-483d-4609-b0d6-ab795e925d3d (type: security_group_rules) to 0
2026-07-10 01:09:52.201 10 INFO neutron.wsgi [None req-de9db7d8-c587-484d-8f13-63ce5c57f40b f3506e025ec44521be225d069147756e 8dad7e18908e4d309ea81b8792bfb2e9 - - - -] 10.0.0.89 "POST /v2.0/security-group-rules HTTP/1.1" status: 201 len: 764 time: 0.1587048
2026-07-10 01:09:52.325 10 INFO neutron.db.ovn_revision_numbers_db [None req-d4e69e70-0a74-4442-a845-92d269c7bc94 f3506e025ec44521be225d069147756e 8dad7e18908e4d309ea81b8792bfb2e9 - - - -] Successfully bumped revision number for resource c625026a-8b98-484a-919f-d3836a6c3c33 (type: security_group_rules) to 0
2026-07-10 01:09:52.348 10 INFO neutron.wsgi [None req-d4e69e70-0a74-4442-a845-92d269c7bc94 f3506e025ec44521be225d069147756e 8dad7e18908e4d309ea81b8792bfb2e9 - - - -] 10.0.0.89 "POST /v2.0/security-group-rules HTTP/1.1" status: 201 len: 766 time: 0.1422007
2026-07-10 01:09:52.479 10 INFO neutron.db.ovn_revision_numbers_db [None req-f74d5b7d-25b0-4ca8-ada7-09562212eea5 f3506e025ec44521be225d069147756e 8dad7e18908e4d309ea81b8792bfb2e9 - - - -] Successfully bumped revision number for resource 501e96d8-aed7-454f-bae8-af52110ce2fe (type: security_group_rules) to 0
2026-07-10 01:09:52.506 10 INFO neutron.wsgi [None req-f74d5b7d-25b0-4ca8-ada7-09562212eea5 f3506e025ec44521be225d069147756e 8dad7e18908e4d309ea81b8792bfb2e9 - - - -] 10.0.0.89 "POST /v2.0/security-group-rules HTTP/1.1" status: 201 len: 768 time: 0.1520722
2026-07-10 01:09:52.574 9 INFO neutron.db.ovn_revision_numbers_db [None req-1cfb8c27-15e4-42a4-b42a-613c8aab5809 f5e7a825a5aa467a892006e5d09c15af c51d577c28074e60bc80f34fce5f20b3 - - - -] Successfully bumped revision number for resource 5141e4f7-8ae7-4234-a1d3-603fa5ae7af3 (type: routers) to 1
2026-07-10 01:09:52.589 9 INFO neutron.wsgi [None req-1cfb8c27-15e4-42a4-b42a-613c8aab5809 f5e7a825a5aa467a892006e5d09c15af c51d577c28074e60bc80f34fce5f20b3 - - - -] 10.0.0.89 "POST /v2.0/routers HTTP/1.1" status: 201 len: 654 time: 0.4114320
2026-07-10 01:09:52.621 10 INFO neutron.db.ovn_revision_numbers_db [None req-54ec6b48-99a0-481b-b07f-76c70bed8a9d 90f3bcdbeef84b46bf9829697a094613 93184c7435dd47f9b82b437086b62d65 - - default default] Successfully bumped revision number for resource 0cfa7abd-78e0-488c-a14c-d2145a8134c6 (type: security_groups) to 1
2026-07-10 01:09:52.642 10 INFO neutron.wsgi [None req-54ec6b48-99a0-481b-b07f-76c70bed8a9d 90f3bcdbeef84b46bf9829697a094613 93184c7435dd47f9b82b437086b62d65 - - default default] 10.0.0.89 "GET /v2.0/security-groups?tenant_id=41fa6edda69b4d999e92b20ae533f16b&name=default HTTP/1.1" status: 200 len: 2996 time: 0.1961875
2026-07-10 01:09:52.646 10 INFO neutron.db.ovn_revision_numbers_db [None req-fe117e22-779f-457e-907f-026d12688969 f3506e025ec44521be225d069147756e 8dad7e18908e4d309ea81b8792bfb2e9 - - - -] Successfully bumped revision number for resource 7e269b64-f5e7-46bf-9637-b21a79abb163 (type: security_group_rules) to 0
2026-07-10 01:09:52.679 10 INFO neutron.wsgi [None req-fe117e22-779f-457e-907f-026d12688969 f3506e025ec44521be225d069147756e 8dad7e18908e4d309ea81b8792bfb2e9 - - - -] 10.0.0.89 "POST /v2.0/security-group-rules HTTP/1.1" status: 201 len: 764 time: 0.1663895
2026-07-10 01:09:52.798 9 INFO neutron.db.ovn_revision_numbers_db [None req-f3ce9478-516b-4b00-8978-5d05686e5d02 f5e7a825a5aa467a892006e5d09c15af c51d577c28074e60bc80f34fce5f20b3 - - - -] Successfully bumped revision number for resource 3c22183f-b3b8-4d21-91f3-ada0fd06b6ed (type: routers) to 1
2026-07-10 01:09:52.818 9 INFO neutron.wsgi [None req-f3ce9478-516b-4b00-8978-5d05686e5d02 f5e7a825a5aa467a892006e5d09c15af c51d577c28074e60bc80f34fce5f20b3 - - - -] 10.0.0.89 "POST /v2.0/routers HTTP/1.1" status: 201 len: 654 time: 0.2196214
2026-07-10 01:09:52.851 10 INFO neutron.wsgi [None req-4b18cd1e-f5c7-45f3-a6bb-36cd5b387899 90f3bcdbeef84b46bf9829697a094613 93184c7435dd47f9b82b437086b62d65 - - - -] 10.0.0.89 "DELETE /v2.0/security-groups/0cfa7abd-78e0-488c-a14c-d2145a8134c6 HTTP/1.1" status: 204 len: 168 time: 0.2048554
2026-07-10 01:09:53.040 10 INFO neutron.wsgi [req-1316d8f5-4df9-413b-9394-66c0fe21f3f9 req-6ce431af-d2c3-41da-88a1-705223993386 f3506e025ec44521be225d069147756e 8dad7e18908e4d309ea81b8792bfb2e9 - - default default] 10.0.0.59 "GET /v2.0/security-groups?name=tempest-lb_member_SG-2110298102&fields=id&tenant_id=8dad7e18908e4d309ea81b8792bfb2e9 HTTP/1.1" status: 200 len: 267 time: 0.0680211
2026-07-10 01:09:53.044 10 INFO neutron.db.ovn_revision_numbers_db [None req-a149f183-cb2f-460b-8794-991d76520ef6 f5e7a825a5aa467a892006e5d09c15af c51d577c28074e60bc80f34fce5f20b3 - - - -] Successfully bumped revision number for resource a4c06e0b-759b-4962-9022-6dffdb6eada8 (type: routers) to 1
2026-07-10 01:09:53.074 9 INFO neutron.db.ovn_revision_numbers_db [None req-e7192d4e-9eb8-4a1d-b496-5d34bdf90545 90f3bcdbeef84b46bf9829697a094613 93184c7435dd47f9b82b437086b62d65 - - default default] Successfully bumped revision number for resource 352108bb-820e-4e9b-a664-c409b6af05b7 (type: security_groups) to 1
