2026-07-10 01:09:53.076 10 INFO neutron.wsgi [None req-a149f183-cb2f-460b-8794-991d76520ef6 f5e7a825a5aa467a892006e5d09c15af c51d577c28074e60bc80f34fce5f20b3 - - - -] 10.0.0.89 "POST /v2.0/routers HTTP/1.1" status: 201 len: 654 time: 0.2510729
2026-07-10 01:09:53.096 9 INFO neutron.wsgi [None req-e7192d4e-9eb8-4a1d-b496-5d34bdf90545 90f3bcdbeef84b46bf9829697a094613 93184c7435dd47f9b82b437086b62d65 - - default default] 10.0.0.89 "GET /v2.0/security-groups?tenant_id=c48989042cdd40eebcd1b266292a1595&name=default HTTP/1.1" status: 200 len: 2996 time: 0.1190355
2026-07-10 01:09:53.165 10 INFO neutron.wsgi [req-1316d8f5-4df9-413b-9394-66c0fe21f3f9 req-0a0039b0-3dc9-48cb-b6c2-fbaa6d71ba8f f3506e025ec44521be225d069147756e 8dad7e18908e4d309ea81b8792bfb2e9 - - default default] 10.0.0.59 "GET /v2.0/networks?id=1bc4450e-bdd0-4a77-94e7-7cd31f18cd6b HTTP/1.1" status: 200 len: 903 time: 0.1172128
2026-07-10 01:09:53.237 10 INFO neutron.wsgi [req-1316d8f5-4df9-413b-9394-66c0fe21f3f9 req-f0f5828f-6f21-4f5a-ad99-cef30776a00e f3506e025ec44521be225d069147756e 8dad7e18908e4d309ea81b8792bfb2e9 - - default default] 10.0.0.59 "GET /v2.0/quotas/8dad7e18908e4d309ea81b8792bfb2e9 HTTP/1.1" status: 200 len: 386 time: 0.0400107
2026-07-10 01:09:53.320 9 INFO neutron.wsgi [None req-afd61469-e84d-4fed-b2b8-e6b6eaaeb982 90f3bcdbeef84b46bf9829697a094613 93184c7435dd47f9b82b437086b62d65 - - - -] 10.0.0.89 "DELETE /v2.0/security-groups/352108bb-820e-4e9b-a664-c409b6af05b7 HTTP/1.1" status: 204 len: 168 time: 0.2201238
2026-07-10 01:09:53.394 10 INFO neutron.db.ovn_revision_numbers_db [None req-a766d493-483f-495e-892d-a74bf6fef90e f5e7a825a5aa467a892006e5d09c15af c51d577c28074e60bc80f34fce5f20b3 - - - -] Successfully bumped revision number for resource cf2cea50-8ad4-4a9b-a99e-f4b8aff06d08 (type: routers) to 1
2026-07-10 01:09:53.412 10 INFO neutron.wsgi [None req-a766d493-483f-495e-892d-a74bf6fef90e f5e7a825a5aa467a892006e5d09c15af c51d577c28074e60bc80f34fce5f20b3 - - - -] 10.0.0.89 "POST /v2.0/routers HTTP/1.1" status: 201 len: 654 time: 0.3283811
2026-07-10 01:09:53.467 10 WARNING neutron.plugins.ml2.drivers.ovn.mech_driver.ovsdb.ovn_client [None req-2cf7cbb6-eca9-4d5d-8277-98de6e5b5f10 - - - - - -] No hosting information found for port 2ad9aa86-15b8-4772-b7c4-ec8514ec3d0b: RuntimeError: No hosting information found for port 2ad9aa86-15b8-4772-b7c4-ec8514ec3d0b
2026-07-10 01:09:53.468 10 INFO neutron.plugins.ml2.drivers.ovn.mech_driver.mech_driver [None req-2cf7cbb6-eca9-4d5d-8277-98de6e5b5f10 - - - - - -] OVN reports status up for port: 1989cdd1-e650-4b98-8324-f7d3554badb2
2026-07-10 01:09:53.483 10 INFO neutron.plugins.ml2.plugin [None req-2cf7cbb6-eca9-4d5d-8277-98de6e5b5f10 - - - - - -] Attempt 1 to provision port 1989cdd1-e650-4b98-8324-f7d3554badb2
2026-07-10 01:09:53.859 10 INFO neutron.wsgi [req-1316d8f5-4df9-413b-9394-66c0fe21f3f9 req-11d1b236-c434-4140-a20b-88f64b8b5252 f3506e025ec44521be225d069147756e 8dad7e18908e4d309ea81b8792bfb2e9 - - default default] 10.0.0.59 "GET /v2.0/ports?tenant_id=8dad7e18908e4d309ea81b8792bfb2e9&fields=id HTTP/1.1" status: 200 len: 486 time: 0.6133292
2026-07-10 01:09:53.876 9 INFO neutron.db.ovn_revision_numbers_db [None req-267cb2f7-705c-421c-82f0-3785f6e95edb f5e7a825a5aa467a892006e5d09c15af c51d577c28074e60bc80f34fce5f20b3 - - - -] Successfully bumped revision number for resource a1f0e9f6-3ce0-49da-a718-66f0e4c15731 (type: routers) to 1
2026-07-10 01:09:53.889 9 INFO neutron.wsgi [None req-267cb2f7-705c-421c-82f0-3785f6e95edb f5e7a825a5aa467a892006e5d09c15af c51d577c28074e60bc80f34fce5f20b3 - - - -] 10.0.0.89 "POST /v2.0/routers HTTP/1.1" status: 201 len: 654 time: 0.4659271
2026-07-10 01:09:53.944 9 INFO neutron.wsgi [None req-4a221b51-82dd-4a38-b367-184546f6df63 f5e7a825a5aa467a892006e5d09c15af c51d577c28074e60bc80f34fce5f20b3 - - - -] 10.0.0.89 "PUT /v2.0/routers/5141e4f7-8ae7-4234-a1d3-603fa5ae7af3/tags HTTP/1.1" status: 200 len: 210 time: 0.0496795
2026-07-10 01:09:53.961 10 INFO neutron.wsgi [req-1316d8f5-4df9-413b-9394-66c0fe21f3f9 req-598b3af3-5a0c-468f-86b4-61fbab2e5934 89c3fae6dcb646aa91c28996fe156959 faffad71723d45fd97606657dda41426 - - 8de3764cfd4c4215a6bb461fcf116421 8de3764cfd4c4215a6bb461fcf116421] 10.0.0.59 "GET /v2.0/networks/1bc4450e-bdd0-4a77-94e7-7cd31f18cd6b?fields=segments HTTP/1.1" status: 200 len: 212 time: 0.0822821
2026-07-10 01:09:54.002 10 INFO neutron.db.ovn_revision_numbers_db [None req-8c03d9a1-cb41-4994-90f1-3f7cd1313790 90f3bcdbeef84b46bf9829697a094613 93184c7435dd47f9b82b437086b62d65 - - default default] Successfully bumped revision number for resource 3ac27c2e-7b63-4b1e-a32e-e3aac4e858e2 (type: security_groups) to 1
2026-07-10 01:09:54.017 9 INFO neutron.wsgi [None req-5220f00e-6775-4a43-9166-4a4360642250 f5e7a825a5aa467a892006e5d09c15af c51d577c28074e60bc80f34fce5f20b3 - - - -] 10.0.0.89 "PUT /v2.0/routers/3c22183f-b3b8-4d21-91f3-ada0fd06b6ed/tags HTTP/1.1" status: 200 len: 218 time: 0.0683055
2026-07-10 01:09:54.049 10 INFO neutron.wsgi [None req-8c03d9a1-cb41-4994-90f1-3f7cd1313790 90f3bcdbeef84b46bf9829697a094613 93184c7435dd47f9b82b437086b62d65 - - default default] 10.0.0.89 "GET /v2.0/security-groups?tenant_id=b8ab278f4d9f4edebb21bb4efc4b853e&name=default HTTP/1.1" status: 200 len: 2996 time: 0.5498879
2026-07-10 01:09:54.065 10 INFO neutron.wsgi [req-1316d8f5-4df9-413b-9394-66c0fe21f3f9 req-e27a26bf-4781-4eb9-864e-06eb43e530d4 89c3fae6dcb646aa91c28996fe156959 faffad71723d45fd97606657dda41426 - - 8de3764cfd4c4215a6bb461fcf116421 8de3764cfd4c4215a6bb461fcf116421] 10.0.0.59 "GET /v2.0/networks/1bc4450e-bdd0-4a77-94e7-7cd31f18cd6b?fields=provider%3Aphysical_network&fields=provider%3Anetwork_type HTTP/1.1" status: 200 len: 277 time: 0.0902705
2026-07-10 01:09:54.098 9 INFO neutron.wsgi [None req-a18df100-ac9f-4784-a521-21df0559d382 f5e7a825a5aa467a892006e5d09c15af c51d577c28074e60bc80f34fce5f20b3 - - - -] 10.0.0.89 "PUT /v2.0/routers/a4c06e0b-759b-4962-9022-6dffdb6eada8/tags HTTP/1.1" status: 200 len: 227 time: 0.0759339
2026-07-10 01:09:54.164 10 INFO neutron.db.ovn_revision_numbers_db [None req-2cf7cbb6-eca9-4d5d-8277-98de6e5b5f10 - - - - - -] Successfully bumped revision number for resource 1989cdd1-e650-4b98-8324-f7d3554badb2 (type: ports) to 3
2026-07-10 01:09:54.201 9 INFO neutron.wsgi [None req-35ccb832-50c9-43f8-bf83-a67ac3b0dbc3 f5e7a825a5aa467a892006e5d09c15af c51d577c28074e60bc80f34fce5f20b3 - - - -] 10.0.0.89 "PUT /v2.0/routers/cf2cea50-8ad4-4a9b-a99e-f4b8aff06d08/tags HTTP/1.1" status: 200 len: 212 time: 0.0974071
2026-07-10 01:09:54.241 9 INFO neutron.wsgi [req-190f95ae-5087-4394-863d-5f75ce8efa17 req-3eb19a62-69b0-44eb-8b63-76d813525d23 f3506e025ec44521be225d069147756e 8dad7e18908e4d309ea81b8792bfb2e9 - - default default] 10.0.0.59 "GET /v2.0/ports?device_id=c46f8cf4-2cb1-4ac3-99be-f049456cebf6 HTTP/1.1" status: 200 len: 210 time: 0.0351832
2026-07-10 01:09:54.326 10 INFO neutron.wsgi [None req-dd0e68a5-98d5-4cb7-b163-2235630a7504 f5e7a825a5aa467a892006e5d09c15af c51d577c28074e60bc80f34fce5f20b3 - - default default] 10.0.0.89 "GET /v2.0/routers?tags=red HTTP/1.1" status: 200 len: 1601 time: 0.1084046
2026-07-10 01:09:54.371 10 INFO neutron.db.ovn_revision_numbers_db [None req-2cf7cbb6-eca9-4d5d-8277-98de6e5b5f10 - - - - - -] Successfully bumped revision number for resource 1989cdd1-e650-4b98-8324-f7d3554badb2 (type: router_ports) to 3
2026-07-10 01:09:54.437 9 INFO neutron.wsgi [None req-a5cec628-097d-4583-a127-733a9a949c0b f5e7a825a5aa467a892006e5d09c15af c51d577c28074e60bc80f34fce5f20b3 - - default default] 10.0.0.89 "GET /v2.0/routers?tags=red%2Cblue HTTP/1.1" status: 200 len: 1144 time: 0.1029592
2026-07-10 01:09:54.448 9 INFO neutron.wsgi [None req-3768c59f-851a-4d21-8221-6f7d14f275ae 90f3bcdbeef84b46bf9829697a094613 93184c7435dd47f9b82b437086b62d65 - - - -] 10.0.0.89 "DELETE /v2.0/security-groups/3ac27c2e-7b63-4b1e-a32e-e3aac4e858e2 HTTP/1.1" status: 204 len: 168 time: 0.3934674
2026-07-10 01:09:54.523 10 INFO neutron.wsgi [None req-49ccf2e1-ef3f-4cba-ad94-655baffaf25a f5e7a825a5aa467a892006e5d09c15af c51d577c28074e60bc80f34fce5f20b3 - - default default] 10.0.0.89 "GET /v2.0/routers?tags-any=blue HTTP/1.1" status: 200 len: 1144 time: 0.0808301
2026-07-10 01:09:54.581 10 INFO neutron.wsgi [None req-4d6a709b-6fa2-453f-adf3-bc0283cba85b f5e7a825a5aa467a892006e5d09c15af c51d577c28074e60bc80f34fce5f20b3 - - default default] 10.0.0.89 "GET /v2.0/routers?tags-any=red%2Cblue HTTP/1.1" status: 200 len: 1601 time: 0.0511396
2026-07-10 01:09:54.678 10 INFO neutron.wsgi [None req-54abf8fa-3c57-41ce-92b4-126c68f92699 f5e7a825a5aa467a892006e5d09c15af c51d577c28074e60bc80f34fce5f20b3 - - default default] 10.0.0.89 "GET /v2.0/routers?not-tags=red HTTP/1.1" status: 200 len: 1116 time: 0.0922670
2026-07-10 01:09:54.779 10 INFO neutron.wsgi [None req-f2fe8d75-2d3f-439a-b935-b11806791eb2 f5e7a825a5aa467a892006e5d09c15af c51d577c28074e60bc80f34fce5f20b3 - - default default] 10.0.0.89 "GET /v2.0/routers?not-tags=red%2Cblue HTTP/1.1" status: 200 len: 1573 time: 0.0942235
2026-07-10 01:09:54.873 10 INFO neutron.wsgi [None req-e8101566-d43d-4f7c-a0c9-c8c1a885672a f5e7a825a5aa467a892006e5d09c15af c51d577c28074e60bc80f34fce5f20b3 - - default default] 10.0.0.89 "GET /v2.0/routers?not-tags-any=blue HTTP/1.1" status: 200 len: 1573 time: 0.0908763
2026-07-10 01:09:54.930 10 INFO neutron.wsgi [None req-e4e720d1-a531-45c3-9894-8c949c8531b7 f5e7a825a5aa467a892006e5d09c15af c51d577c28074e60bc80f34fce5f20b3 - - default default] 10.0.0.89 "GET /v2.0/routers?not-tags-any=red%2Cblue HTTP/1.1" status: 200 len: 1116 time: 0.0517449
2026-07-10 01:09:54.979 9 INFO neutron.wsgi [req-1316d8f5-4df9-413b-9394-66c0fe21f3f9 req-9fcad017-4e9f-4c5b-a9b3-331bf793388c f3506e025ec44521be225d069147756e 8dad7e18908e4d309ea81b8792bfb2e9 - - default default] 199.19.213.80 "GET /v2.0/networks?id=1bc4450e-bdd0-4a77-94e7-7cd31f18cd6b HTTP/1.1" status: 200 len: 903 time: 0.1098418
2026-07-10 01:09:54.988 10 INFO neutron.wsgi [None req-f692ae5c-07d6-4415-80f9-d8ec0d0a356e f5e7a825a5aa467a892006e5d09c15af c51d577c28074e60bc80f34fce5f20b3 - - default default] 10.0.0.89 "GET /v2.0/routers/5141e4f7-8ae7-4234-a1d3-603fa5ae7af3 HTTP/1.1" status: 200 len: 660 time: 0.0507896
2026-07-10 01:09:55.039 9 INFO neutron.wsgi [req-1316d8f5-4df9-413b-9394-66c0fe21f3f9 req-fde52238-af34-4172-a0f6-f3e6e9013a23 f3506e025ec44521be225d069147756e 8dad7e18908e4d309ea81b8792bfb2e9 - - default default] 199.19.213.80 "GET /v2.0/security-groups?fields=id&fields=name&tenant_id=8dad7e18908e4d309ea81b8792bfb2e9 HTTP/1.1" status: 200 len: 378 time: 0.0538034
2026-07-10 01:09:55.502 9 WARNING neutron.scheduler.dhcp_agent_scheduler [None req-c3d1ad3e-ae78-46ec-9141-f371d01ea190 f3506e025ec44521be225d069147756e 8dad7e18908e4d309ea81b8792bfb2e9 - - - -] No more DHCP agents
2026-07-10 01:09:55.504 9 WARNING neutron.api.rpc.agentnotifiers.dhcp_rpc_agent_api [None req-c3d1ad3e-ae78-46ec-9141-f371d01ea190 f3506e025ec44521be225d069147756e 8dad7e18908e4d309ea81b8792bfb2e9 - - - -] Unable to schedule network 1bc4450e-bdd0-4a77-94e7-7cd31f18cd6b: no agents available; will retry on subsequent port and subnet creation events.
2026-07-10 01:09:55.664 9 INFO neutron.db.ovn_revision_numbers_db [None req-c3d1ad3e-ae78-46ec-9141-f371d01ea190 f3506e025ec44521be225d069147756e 8dad7e18908e4d309ea81b8792bfb2e9 - - - -] Successfully bumped revision number for resource 9ccfc8ff-0fc5-4b85-a0d5-aa28119449ae (type: ports) to 1
2026-07-10 01:09:55.687 9 INFO neutron.wsgi [None req-c3d1ad3e-ae78-46ec-9141-f371d01ea190 f3506e025ec44521be225d069147756e 8dad7e18908e4d309ea81b8792bfb2e9 - - - -] 199.19.213.80 "POST /v2.0/ports HTTP/1.1" status: 201 len: 1388 time: 0.6330328 /var/lib/openstack/lib/python3.10/site-packages/pycadf/identifier.py:71: UserWarning: Invalid uuid: neutron. To ensure interoperability, identifiers should be a valid uuid. warnings.warn(('Invalid uuid: %s. To ensure interoperability, '
2026-07-10 01:09:55.839 10 INFO neutron.db.ovn_revision_numbers_db [None req-0f713738-509d-4587-b351-50bdc76f5a73 f5e7a825a5aa467a892006e5d09c15af c51d577c28074e60bc80f34fce5f20b3 - - - -] Successfully bumped revision number for resource 5141e4f7-8ae7-4234-a1d3-603fa5ae7af3 (type: routers) to 4
2026-07-10 01:09:55.843 10 INFO neutron.wsgi [None req-0f713738-509d-4587-b351-50bdc76f5a73 f5e7a825a5aa467a892006e5d09c15af c51d577c28074e60bc80f34fce5f20b3 - - - -] 10.0.0.89 "PUT /v2.0/routers/5141e4f7-8ae7-4234-a1d3-603fa5ae7af3 HTTP/1.1" status: 200 len: 660 time: 0.8489697
2026-07-10 01:09:55.877 10 INFO neutron.wsgi [None req-8a4754b7-6b1a-42f7-8cad-202e383eac7b f5e7a825a5aa467a892006e5d09c15af c51d577c28074e60bc80f34fce5f20b3 - - default default] 10.0.0.89 "GET /v2.0/ports?device_id=5141e4f7-8ae7-4234-a1d3-603fa5ae7af3 HTTP/1.1" status: 200 len: 205 time: 0.0246933
2026-07-10 01:09:56.119 9 INFO neutron.db.ovn_revision_numbers_db [None req-357973c6-6e58-409e-a47c-07b79ee2c6ad 89c3fae6dcb646aa91c28996fe156959 faffad71723d45fd97606657dda41426 - - - -] Successfully bumped revision number for resource 9ccfc8ff-0fc5-4b85-a0d5-aa28119449ae (type: ports) to 2
2026-07-10 01:09:56.120 10 INFO neutron.wsgi [None req-7aad3844-666f-4e4c-875d-9fb68f6c99c1 f5e7a825a5aa467a892006e5d09c15af c51d577c28074e60bc80f34fce5f20b3 - - - -] 10.0.0.89 "DELETE /v2.0/routers/5141e4f7-8ae7-4234-a1d3-603fa5ae7af3 HTTP/1.1" status: 204 len: 168 time: 0.2389362
2026-07-10 01:09:56.189 10 INFO neutron.wsgi [None req-979a4473-593c-4880-b234-f4c71a3252f4 f5e7a825a5aa467a892006e5d09c15af c51d577c28074e60bc80f34fce5f20b3 - - default default] 10.0.0.89 "GET /v2.0/routers/3c22183f-b3b8-4d21-91f3-ada0fd06b6ed HTTP/1.1" status: 200 len: 668 time: 0.0533347
2026-07-10 01:09:56.337 9 INFO neutron.db.ovn_revision_numbers_db [None req-357973c6-6e58-409e-a47c-07b79ee2c6ad 89c3fae6dcb646aa91c28996fe156959 faffad71723d45fd97606657dda41426 - - - -] Successfully bumped revision number for resource 9ccfc8ff-0fc5-4b85-a0d5-aa28119449ae (type: ports) to 2
2026-07-10 01:09:56.369 9 INFO neutron.wsgi [None req-357973c6-6e58-409e-a47c-07b79ee2c6ad 89c3fae6dcb646aa91c28996fe156959 faffad71723d45fd97606657dda41426 - - - -] 199.19.213.80 "PUT /v2.0/ports/9ccfc8ff-0fc5-4b85-a0d5-aa28119449ae HTTP/1.1" status: 200 len: 1557 time: 0.6709445
2026-07-10 01:09:56.403 9 INFO neutron.notifiers.nova [-] Nova event matching ['req-d30d9b5d-390a-4460-b969-6a10fba6674f'] response: {'name': 'network-changed', 'server_uuid': 'c46f8cf4-2cb1-4ac3-99be-f049456cebf6', 'tag': '9ccfc8ff-0fc5-4b85-a0d5-aa28119449ae', 'status': 'completed', 'code': 200} /var/lib/openstack/lib/python3.10/site-packages/pycadf/identifier.py:71: UserWarning: Invalid uuid: neutron. To ensure interoperability, identifiers should be a valid uuid. warnings.warn(('Invalid uuid: %s. To ensure interoperability, '
2026-07-10 01:09:56.444 9 INFO neutron.wsgi [req-1316d8f5-4df9-413b-9394-66c0fe21f3f9 req-3b819fa2-0dd9-45bf-9abb-f6c9830d9843 89c3fae6dcb646aa91c28996fe156959 faffad71723d45fd97606657dda41426 - - 8de3764cfd4c4215a6bb461fcf116421 8de3764cfd4c4215a6bb461fcf116421] 199.19.213.80 "GET /v2.0/ports?tenant_id=8dad7e18908e4d309ea81b8792bfb2e9&device_id=c46f8cf4-2cb1-4ac3-99be-f049456cebf6 HTTP/1.1" status: 200 len: 1588 time: 0.0370791
2026-07-10 01:09:56.475 9 INFO neutron.wsgi [req-1316d8f5-4df9-413b-9394-66c0fe21f3f9 req-6e0f356d-9e88-4ef1-aa94-f3d1364ec1ff 89c3fae6dcb646aa91c28996fe156959 faffad71723d45fd97606657dda41426 - - 8de3764cfd4c4215a6bb461fcf116421 8de3764cfd4c4215a6bb461fcf116421] 199.19.213.80 "GET /v2.0/floatingips?fixed_ip_address=10.2.1.206&port_id=9ccfc8ff-0fc5-4b85-a0d5-aa28119449ae HTTP/1.1" status: 200 len: 217 time: 0.0253539
2026-07-10 01:09:56.504 9 INFO neutron.wsgi [req-1316d8f5-4df9-413b-9394-66c0fe21f3f9 req-a72c9c3a-8577-433d-b8ce-607d491f5aa4 89c3fae6dcb646aa91c28996fe156959 faffad71723d45fd97606657dda41426 - - 8de3764cfd4c4215a6bb461fcf116421 8de3764cfd4c4215a6bb461fcf116421] 199.19.213.80 "GET /v2.0/floatingips?fixed_ip_address=fd7b%3Af9f7%3Afff%3A4eca%3A%3A309&port_id=9ccfc8ff-0fc5-4b85-a0d5-aa28119449ae HTTP/1.1" status: 200 len: 217 time: 0.0237319
2026-07-10 01:09:56.551 9 INFO neutron.wsgi [req-1316d8f5-4df9-413b-9394-66c0fe21f3f9 req-ac6e7eca-702b-4ea7-9da6-3ef4123b68c5 89c3fae6dcb646aa91c28996fe156959 faffad71723d45fd97606657dda41426 - - 8de3764cfd4c4215a6bb461fcf116421 8de3764cfd4c4215a6bb461fcf116421] 199.19.213.80 "GET /v2.0/subnets?id=23624490-5a54-4eca-9132-28a0e92aa509&id=e5130ff7-e9e9-4cca-99f9-3ef39eb678bc HTTP/1.1" status: 200 len: 1561 time: 0.0392790
2026-07-10 01:09:56.586 9 INFO neutron.wsgi [req-1316d8f5-4df9-413b-9394-66c0fe21f3f9 req-758d389c-9b9e-4233-9ca9-4be11da3af2d 89c3fae6dcb646aa91c28996fe156959 faffad71723d45fd97606657dda41426 - - 8de3764cfd4c4215a6bb461fcf116421 8de3764cfd4c4215a6bb461fcf116421] 199.19.213.80 "GET /v2.0/ports?network_id=1bc4450e-bdd0-4a77-94e7-7cd31f18cd6b&device_owner=network%3Adhcp HTTP/1.1" status: 200 len: 210 time: 0.0278685
2026-07-10 01:09:56.624 9 INFO neutron.wsgi [req-1316d8f5-4df9-413b-9394-66c0fe21f3f9 req-e9dbc852-be85-44af-9342-22e416d0800b 89c3fae6dcb646aa91c28996fe156959 faffad71723d45fd97606657dda41426 - - 8de3764cfd4c4215a6bb461fcf116421 8de3764cfd4c4215a6bb461fcf116421] 199.19.213.80 "GET /v2.0/ports?network_id=1bc4450e-bdd0-4a77-94e7-7cd31f18cd6b&device_owner=network%3Adhcp HTTP/1.1" status: 200 len: 210 time: 0.0322030
2026-07-10 01:09:56.689 9 INFO neutron.wsgi [req-1316d8f5-4df9-413b-9394-66c0fe21f3f9 req-7044588a-76a5-4154-b5a0-d4a01edaf7c1 89c3fae6dcb646aa91c28996fe156959 faffad71723d45fd97606657dda41426 - - 8de3764cfd4c4215a6bb461fcf116421 8de3764cfd4c4215a6bb461fcf116421] 199.19.213.80 "GET /v2.0/networks/1bc4450e-bdd0-4a77-94e7-7cd31f18cd6b?fields=segments HTTP/1.1" status: 200 len: 212 time: 0.0586596
2026-07-10 01:09:56.757 10 INFO neutron.db.ovn_revision_numbers_db [None req-fc0b631e-9101-4e3c-90c4-21dcfbfceeeb f5e7a825a5aa467a892006e5d09c15af c51d577c28074e60bc80f34fce5f20b3 - - - -] Successfully bumped revision number for resource 3c22183f-b3b8-4d21-91f3-ada0fd06b6ed (type: routers) to 4
2026-07-10 01:09:56.761 10 INFO neutron.wsgi [None req-fc0b631e-9101-4e3c-90c4-21dcfbfceeeb f5e7a825a5aa467a892006e5d09c15af c51d577c28074e60bc80f34fce5f20b3 - - - -] 10.0.0.89 "PUT /v2.0/routers/3c22183f-b3b8-4d21-91f3-ada0fd06b6ed HTTP/1.1" status: 200 len: 668 time: 0.5666735
2026-07-10 01:09:56.777 9 INFO neutron.wsgi [req-1316d8f5-4df9-413b-9394-66c0fe21f3f9 req-0a8f0440-cb1f-407e-afbc-5ab048e850ca 89c3fae6dcb646aa91c28996fe156959 faffad71723d45fd97606657dda41426 - - 8de3764cfd4c4215a6bb461fcf116421 8de3764cfd4c4215a6bb461fcf116421] 199.19.213.80 "GET /v2.0/networks/1bc4450e-bdd0-4a77-94e7-7cd31f18cd6b?fields=provider%3Aphysical_network&fields=provider%3Anetwork_type HTTP/1.1" status: 200 len: 277 time: 0.0804663
2026-07-10 01:09:56.800 10 INFO neutron.wsgi [None req-6662b7fc-8fc7-408f-a8c8-3e26db54edd5 f5e7a825a5aa467a892006e5d09c15af c51d577c28074e60bc80f34fce5f20b3 - - default default] 10.0.0.89 "GET /v2.0/ports?device_id=3c22183f-b3b8-4d21-91f3-ada0fd06b6ed HTTP/1.1" status: 200 len: 205 time: 0.0253015
2026-07-10 01:09:56.873 9 INFO neutron.wsgi [req-931f96c6-fac9-404e-886c-c33ffb643637 req-63414a78-c876-459f-ba81-b1082a17ad37 89c3fae6dcb646aa91c28996fe156959 faffad71723d45fd97606657dda41426 - - 8de3764cfd4c4215a6bb461fcf116421 8de3764cfd4c4215a6bb461fcf116421] 199.19.213.80 "GET /v2.0/ports?tenant_id=8dad7e18908e4d309ea81b8792bfb2e9&device_id=c46f8cf4-2cb1-4ac3-99be-f049456cebf6 HTTP/1.1" status: 200 len: 1588 time: 0.0471551
2026-07-10 01:09:56.960 9 INFO neutron.wsgi [req-931f96c6-fac9-404e-886c-c33ffb643637 req-d0d04c99-96e8-4dbf-8f29-26878e17e123 89c3fae6dcb646aa91c28996fe156959 faffad71723d45fd97606657dda41426 - - 8de3764cfd4c4215a6bb461fcf116421 8de3764cfd4c4215a6bb461fcf116421] 199.19.213.80 "GET /v2.0/networks?id=1bc4450e-bdd0-4a77-94e7-7cd31f18cd6b HTTP/1.1" status: 200 len: 1002 time: 0.0811877
2026-07-10 01:09:57.031 9 INFO neutron.wsgi [req-931f96c6-fac9-404e-886c-c33ffb643637 req-82f7405e-ebc7-4868-8c84-559858121b72 89c3fae6dcb646aa91c28996fe156959 faffad71723d45fd97606657dda41426 - - 8de3764cfd4c4215a6bb461fcf116421 8de3764cfd4c4215a6bb461fcf116421] 199.19.213.80 "GET /v2.0/floatingips?fixed_ip_address=10.2.1.206&port_id=9ccfc8ff-0fc5-4b85-a0d5-aa28119449ae HTTP/1.1" status: 200 len: 217 time: 0.0604281
2026-07-10 01:09:57.032 9 INFO neutron.plugins.ml2.drivers.ovn.mech_driver.mech_driver [None req-68e7ad87-98e3-49de-afae-e972b9ce3ad8 - - - - - -] OVN reports status up for port: 9ccfc8ff-0fc5-4b85-a0d5-aa28119449ae
2026-07-10 01:09:57.077 9 INFO neutron.wsgi [req-931f96c6-fac9-404e-886c-c33ffb643637 req-7ea7069f-8090-4b70-83fb-bd312d9d4fcc 89c3fae6dcb646aa91c28996fe156959 faffad71723d45fd97606657dda41426 - - 8de3764cfd4c4215a6bb461fcf116421 8de3764cfd4c4215a6bb461fcf116421] 199.19.213.80 "GET /v2.0/floatingips?fixed_ip_address=fd7b%3Af9f7%3Afff%3A4eca%3A%3A309&port_id=9ccfc8ff-0fc5-4b85-a0d5-aa28119449ae HTTP/1.1" status: 200 len: 217 time: 0.0363524
2026-07-10 01:09:57.078 9 INFO neutron.plugins.ml2.plugin [None req-68e7ad87-98e3-49de-afae-e972b9ce3ad8 - - - - - -] Attempt 1 to provision port 9ccfc8ff-0fc5-4b85-a0d5-aa28119449ae
2026-07-10 01:09:57.131 9 INFO neutron.wsgi [req-931f96c6-fac9-404e-886c-c33ffb643637 req-afe29d07-e8b4-4bd9-841b-da1380dece15 89c3fae6dcb646aa91c28996fe156959 faffad71723d45fd97606657dda41426 - - 8de3764cfd4c4215a6bb461fcf116421 8de3764cfd4c4215a6bb461fcf116421] 199.19.213.80 "GET /v2.0/subnets?id=23624490-5a54-4eca-9132-28a0e92aa509&id=e5130ff7-e9e9-4cca-99f9-3ef39eb678bc HTTP/1.1" status: 200 len: 1561 time: 0.0405509
2026-07-10 01:09:57.180 9 INFO neutron.wsgi [req-931f96c6-fac9-404e-886c-c33ffb643637 req-97c530e8-19bd-4c8e-a555-c99f49d55065 89c3fae6dcb646aa91c28996fe156959 faffad71723d45fd97606657dda41426 - - 8de3764cfd4c4215a6bb461fcf116421 8de3764cfd4c4215a6bb461fcf116421] 199.19.213.80 "GET /v2.0/ports?network_id=1bc4450e-bdd0-4a77-94e7-7cd31f18cd6b&device_owner=network%3Adhcp HTTP/1.1" status: 200 len: 210 time: 0.0308135
2026-07-10 01:09:57.211 9 INFO neutron.wsgi [req-931f96c6-fac9-404e-886c-c33ffb643637 req-52ebde93-6998-418e-9f98-89441f5bca19 89c3fae6dcb646aa91c28996fe156959 faffad71723d45fd97606657dda41426 - - 8de3764cfd4c4215a6bb461fcf116421 8de3764cfd4c4215a6bb461fcf116421] 199.19.213.80 "GET /v2.0/ports?network_id=1bc4450e-bdd0-4a77-94e7-7cd31f18cd6b&device_owner=network%3Adhcp HTTP/1.1" status: 200 len: 210 time: 0.0221546
2026-07-10 01:09:57.332 9 INFO neutron.wsgi [req-931f96c6-fac9-404e-886c-c33ffb643637 req-369e2056-0d8c-4f06-9eaa-86d7c28e5b75 89c3fae6dcb646aa91c28996fe156959 faffad71723d45fd97606657dda41426 - - 8de3764cfd4c4215a6bb461fcf116421 8de3764cfd4c4215a6bb461fcf116421] 199.19.213.80 "GET /v2.0/networks/1bc4450e-bdd0-4a77-94e7-7cd31f18cd6b?fields=segments HTTP/1.1" status: 200 len: 212 time: 0.1117222
2026-07-10 01:09:57.436 9 INFO neutron.wsgi [req-931f96c6-fac9-404e-886c-c33ffb643637 req-65609481-227e-4231-be5a-cba6a81a3a51 89c3fae6dcb646aa91c28996fe156959 faffad71723d45fd97606657dda41426 - - 8de3764cfd4c4215a6bb461fcf116421 8de3764cfd4c4215a6bb461fcf116421] 199.19.213.80 "GET /v2.0/networks/1bc4450e-bdd0-4a77-94e7-7cd31f18cd6b?fields=provider%3Aphysical_network&fields=provider%3Anetwork_type HTTP/1.1" status: 200 len: 277 time: 0.0953870
2026-07-10 01:09:57.472 9 INFO neutron.db.ovn_revision_numbers_db [None req-68e7ad87-98e3-49de-afae-e972b9ce3ad8 - - - - - -] Successfully bumped revision number for resource 9ccfc8ff-0fc5-4b85-a0d5-aa28119449ae (type: ports) to 4
2026-07-10 01:09:57.497 10 INFO neutron.wsgi [None req-5c76208d-af59-47ae-8417-21fb83e65e3e f5e7a825a5aa467a892006e5d09c15af c51d577c28074e60bc80f34fce5f20b3 - - - -] 10.0.0.89 "DELETE /v2.0/routers/3c22183f-b3b8-4d21-91f3-ada0fd06b6ed HTTP/1.1" status: 204 len: 168 time: 0.6827257
2026-07-10 01:09:57.559 10 INFO neutron.wsgi [None req-ba3b0f59-191f-4a19-a667-4ef18f84dc27 f5e7a825a5aa467a892006e5d09c15af c51d577c28074e60bc80f34fce5f20b3 - - default default] 10.0.0.89 "GET /v2.0/routers/a4c06e0b-759b-4962-9022-6dffdb6eada8 HTTP/1.1" status: 200 len: 677 time: 0.0583968
2026-07-10 01:09:58.089 10 INFO neutron.db.ovn_revision_numbers_db [None req-e1fa27e9-e6b3-429c-a43e-eaeefcdb6d42 f5e7a825a5aa467a892006e5d09c15af c51d577c28074e60bc80f34fce5f20b3 - - - -] Successfully bumped revision number for resource a4c06e0b-759b-4962-9022-6dffdb6eada8 (type: routers) to 4
2026-07-10 01:09:58.092 10 INFO neutron.wsgi [None req-e1fa27e9-e6b3-429c-a43e-eaeefcdb6d42 f5e7a825a5aa467a892006e5d09c15af c51d577c28074e60bc80f34fce5f20b3 - - - -] 10.0.0.89 "PUT /v2.0/routers/a4c06e0b-759b-4962-9022-6dffdb6eada8 HTTP/1.1" status: 200 len: 677 time: 0.5269825
2026-07-10 01:09:58.120 10 INFO neutron.wsgi [None req-991a16f1-ad0e-4354-a58a-ad03a0152a3a f5e7a825a5aa467a892006e5d09c15af c51d577c28074e60bc80f34fce5f20b3 - - default default] 10.0.0.89 "GET /v2.0/ports?device_id=a4c06e0b-759b-4962-9022-6dffdb6eada8 HTTP/1.1" status: 200 len: 205 time: 0.0223851
2026-07-10 01:09:58.379 10 INFO neutron.wsgi [None req-56e93269-94a0-466a-aaa8-ef2dc5e70bec f5e7a825a5aa467a892006e5d09c15af c51d577c28074e60bc80f34fce5f20b3 - - - -] 10.0.0.89 "DELETE /v2.0/routers/a4c06e0b-759b-4962-9022-6dffdb6eada8 HTTP/1.1" status: 204 len: 168 time: 0.2536268
2026-07-10 01:09:58.444 9 INFO neutron.notifiers.nova [-] Nova event matching ['req-6332b4de-7635-4160-b369-a266af13a4c0'] response: {'server_uuid': 'c46f8cf4-2cb1-4ac3-99be-f049456cebf6', 'name': 'network-vif-plugged', 'status': 'completed', 'tag': '9ccfc8ff-0fc5-4b85-a0d5-aa28119449ae', 'code': 200}
2026-07-10 01:09:58.444 9 INFO neutron.notifiers.nova [-] Nova event matching ['req-6332b4de-7635-4160-b369-a266af13a4c0'] response: {'server_uuid': 'c46f8cf4-2cb1-4ac3-99be-f049456cebf6', 'name': 'network-vif-plugged', 'status': 'completed', 'tag': '9ccfc8ff-0fc5-4b85-a0d5-aa28119449ae', 'code': 200}
2026-07-10 01:09:58.454 10 INFO neutron.wsgi [None req-7a6c67bd-35bd-4e8b-aff0-56e5bbb7ede1 f5e7a825a5aa467a892006e5d09c15af c51d577c28074e60bc80f34fce5f20b3 - - default default] 10.0.0.89 "GET /v2.0/routers/cf2cea50-8ad4-4a9b-a99e-f4b8aff06d08 HTTP/1.1" status: 200 len: 662 time: 0.0672319
2026-07-10 01:09:58.799 10 WARNING neutron.plugins.ml2.drivers.ovn.mech_driver.ovsdb.ovn_client [None req-2cf7cbb6-eca9-4d5d-8277-98de6e5b5f10 - - - - - -] No hosting information found for port 1989cdd1-e650-4b98-8324-f7d3554badb2: RuntimeError: No hosting information found for port 1989cdd1-e650-4b98-8324-f7d3554badb2
2026-07-10 01:09:58.982 10 INFO neutron.db.ovn_revision_numbers_db [None req-89c80e92-125c-4f11-bbd2-8f8519cecc24 f5e7a825a5aa467a892006e5d09c15af c51d577c28074e60bc80f34fce5f20b3 - - - -] Successfully bumped revision number for resource cf2cea50-8ad4-4a9b-a99e-f4b8aff06d08 (type: routers) to 4
2026-07-10 01:09:58.985 10 INFO neutron.wsgi [None req-89c80e92-125c-4f11-bbd2-8f8519cecc24 f5e7a825a5aa467a892006e5d09c15af c51d577c28074e60bc80f34fce5f20b3 - - - -] 10.0.0.89 "PUT /v2.0/routers/cf2cea50-8ad4-4a9b-a99e-f4b8aff06d08 HTTP/1.1" status: 200 len: 662 time: 0.5152819
2026-07-10 01:09:59.013 10 INFO neutron.wsgi [None req-2e63f7a9-31c5-4a26-bfa7-f12e030a3eec f5e7a825a5aa467a892006e5d09c15af c51d577c28074e60bc80f34fce5f20b3 - - default default] 10.0.0.89 "GET /v2.0/ports?device_id=cf2cea50-8ad4-4a9b-a99e-f4b8aff06d08 HTTP/1.1" status: 200 len: 205 time: 0.0219190 /var/lib/openstack/lib/python3.10/site-packages/pycadf/identifier.py:71: UserWarning: Invalid uuid: neutron. To ensure interoperability, identifiers should be a valid uuid. warnings.warn(('Invalid uuid: %s. To ensure interoperability, '
2026-07-10 01:09:59.168 9 INFO neutron.wsgi [None req-e85adb95-e794-4a30-b890-c5a7eb6633e5 dc9367d707b94b7680faef14fb046085 48ad61ca9484409fb6763a8d225bc38d - - - -] 10.0.0.89 "POST /v2.0/qos/policies HTTP/1.1" status: 201 len: 558 time: 0.2088246
2026-07-10 01:09:59.214 9 INFO neutron.wsgi [None req-11576125-ff79-4894-b15a-cb17cc112af8 dc9367d707b94b7680faef14fb046085 48ad61ca9484409fb6763a8d225bc38d - - - -] 10.0.0.89 "POST /v2.0/qos/policies HTTP/1.1" status: 201 len: 558 time: 0.0419672
2026-07-10 01:09:59.271 9 INFO neutron.wsgi [None req-1082d43e-2129-4e8e-a05b-bdccfef209b1 dc9367d707b94b7680faef14fb046085 48ad61ca9484409fb6763a8d225bc38d - - - -] 10.0.0.89 "POST /v2.0/qos/policies HTTP/1.1" status: 201 len: 558 time: 0.0511355
2026-07-10 01:09:59.326 9 INFO neutron.wsgi [None req-ccd1a7fb-3726-4bfe-8c33-bbea940db5ff dc9367d707b94b7680faef14fb046085 48ad61ca9484409fb6763a8d225bc38d - - - -] 10.0.0.89 "POST /v2.0/qos/policies HTTP/1.1" status: 201 len: 558 time: 0.0498281
2026-07-10 01:09:59.379 9 INFO neutron.wsgi [None req-6d84c909-fa3c-42fc-a964-f7916a777b59 dc9367d707b94b7680faef14fb046085 48ad61ca9484409fb6763a8d225bc38d - - - -] 10.0.0.89 "POST /v2.0/qos/policies HTTP/1.1" status: 201 len: 558 time: 0.0414348
2026-07-10 01:09:59.410 9 INFO neutron.wsgi [None req-e80326c6-5f3e-406d-a478-d7861e6ab091 dc9367d707b94b7680faef14fb046085 48ad61ca9484409fb6763a8d225bc38d - - - -] 10.0.0.89 "PUT /v2.0/policies/2dd8210a-8247-4629-a438-c90cd63d6091/tags HTTP/1.1" status: 200 len: 210 time: 0.0263565
2026-07-10 01:09:59.435 9 INFO neutron.wsgi [None req-074c2de0-b684-43b0-81a1-40b134555c95 dc9367d707b94b7680faef14fb046085 48ad61ca9484409fb6763a8d225bc38d - - - -] 10.0.0.89 "PUT /v2.0/policies/0b2c2b70-9409-4892-8518-fbbe4006c537/tags HTTP/1.1" status: 200 len: 218 time: 0.0216498
2026-07-10 01:09:59.463 9 INFO neutron.wsgi [None req-ff6b9208-f3fb-4d93-a95a-51d1337f1bb3 dc9367d707b94b7680faef14fb046085 48ad61ca9484409fb6763a8d225bc38d - - - -] 10.0.0.89 "PUT /v2.0/policies/b2302357-b84d-4e31-9cf4-58802b433b23/tags HTTP/1.1" status: 200 len: 227 time: 0.0239456
2026-07-10 01:09:59.486 9 INFO neutron.wsgi [None req-1b4e9f14-333b-47be-9b73-eb9cb870e15c dc9367d707b94b7680faef14fb046085 48ad61ca9484409fb6763a8d225bc38d - - - -] 10.0.0.89 "PUT /v2.0/policies/d0dd302a-89e2-47ae-b255-c71a7b0aaea2/tags HTTP/1.1" status: 200 len: 212 time: 0.0191195
2026-07-10 01:09:59.676 10 INFO neutron.wsgi [req-36776b06-e8e3-4194-a88d-4f59e353ef6e req-c9d98ef2-ba90-40ca-a061-b9bf3857e7fb f3506e025ec44521be225d069147756e 8dad7e18908e4d309ea81b8792bfb2e9 - - default default] 10.0.0.59 "GET /v2.0/ports?device_id=c46f8cf4-2cb1-4ac3-99be-f049456cebf6 HTTP/1.1" status: 200 len: 1400 time: 0.1443450
2026-07-10 01:09:59.680 10 INFO neutron.wsgi [None req-c965ddd9-77e6-4e88-a388-274498137661 f5e7a825a5aa467a892006e5d09c15af c51d577c28074e60bc80f34fce5f20b3 - - - -] 10.0.0.89 "DELETE /v2.0/routers/cf2cea50-8ad4-4a9b-a99e-f4b8aff06d08 HTTP/1.1" status: 204 len: 168 time: 0.6617494
2026-07-10 01:09:59.748 10 INFO neutron.wsgi [None req-b1581e9a-5d11-4c21-9fbd-d47f5f891563 f5e7a825a5aa467a892006e5d09c15af c51d577c28074e60bc80f34fce5f20b3 - - default default] 10.0.0.89 "GET /v2.0/routers/a1f0e9f6-3ce0-49da-a718-66f0e4c15731 HTTP/1.1" status: 200 len: 655 time: 0.0631127
2026-07-10 01:09:59.758 10 INFO neutron.wsgi [req-36776b06-e8e3-4194-a88d-4f59e353ef6e req-5ab673ba-94e2-462d-bb2b-4764e5428caa f3506e025ec44521be225d069147756e 8dad7e18908e4d309ea81b8792bfb2e9 - - default default] 10.0.0.59 "GET /v2.0/security-groups?id=5edf265b-f84d-48c8-8da4-84515549881f&fields=id&fields=name HTTP/1.1" status: 200 len: 311 time: 0.0736756
2026-07-10 01:09:59.843 10 INFO neutron.wsgi [None req-12de00b5-799c-483d-b52e-ae8a55ff9f05 f3506e025ec44521be225d069147756e 8dad7e18908e4d309ea81b8792bfb2e9 - - default default] 10.0.0.89 "GET /v2.0/ports?network_id=1bc4450e-bdd0-4a77-94e7-7cd31f18cd6b&mac_address=fa%3A16%3A3e%3A92%3A82%3A74 HTTP/1.1" status: 200 len: 1395 time: 0.0585163
2026-07-10 01:10:00.021 10 INFO neutron.wsgi [None req-f7d5bdbb-b4a1-44be-a923-7b7644f1ad8a e708801cb17b4ddeb629ce1b9e27f22b da4e2874b3724fcfbb48010642ca47ec - - default default] 10.0.0.89 "GET /v2.0/qos/policies?tags=red HTTP/1.1" status: 200 len: 1296 time: 0.1589158
2026-07-10 01:10:00.111 10 INFO neutron.wsgi [None req-3dc8d13e-8232-42b4-9ce5-534a7d18b35c e708801cb17b4ddeb629ce1b9e27f22b da4e2874b3724fcfbb48010642ca47ec - - default default] 10.0.0.89 "GET /v2.0/qos/policies?tags=red%2Cblue HTTP/1.1" status: 200 len: 941 time: 0.0850825
2026-07-10 01:10:00.180 10 WARNING neutron.scheduler.dhcp_agent_scheduler [None req-3cdaaa80-7ed8-4127-aae6-43c86397a124 f3506e025ec44521be225d069147756e 8dad7e18908e4d309ea81b8792bfb2e9 - - - -] No more DHCP agents
2026-07-10 01:10:00.183 10 WARNING neutron.api.rpc.agentnotifiers.dhcp_rpc_agent_api [None req-3cdaaa80-7ed8-4127-aae6-43c86397a124 f3506e025ec44521be225d069147756e 8dad7e18908e4d309ea81b8792bfb2e9 - - - -] Unable to schedule network 79617cb9-3830-47c6-a733-442a40d747f9: no agents available; will retry on subsequent port and subnet creation events.
2026-07-10 01:10:00.270 10 INFO neutron.wsgi [None req-861e57b6-3ae0-42ec-994c-9542d7d2bfe9 e708801cb17b4ddeb629ce1b9e27f22b da4e2874b3724fcfbb48010642ca47ec - - default default] 10.0.0.89 "GET /v2.0/qos/policies?tags-any=blue HTTP/1.1" status: 200 len: 941 time: 0.1413014
2026-07-10 01:10:00.436 10 INFO neutron.wsgi [None req-374bd968-c605-4915-a1ca-e4b555951834 e708801cb17b4ddeb629ce1b9e27f22b da4e2874b3724fcfbb48010642ca47ec - - default default] 10.0.0.89 "GET /v2.0/qos/policies?tags-any=red%2Cblue HTTP/1.1" status: 200 len: 1296 time: 0.1607449
2026-07-10 01:10:00.599 9 INFO neutron.db.ovn_revision_numbers_db [None req-338b27be-2e72-402a-b820-c623d1b486eb f5e7a825a5aa467a892006e5d09c15af c51d577c28074e60bc80f34fce5f20b3 - - - -] Successfully bumped revision number for resource a1f0e9f6-3ce0-49da-a718-66f0e4c15731 (type: routers) to 3
2026-07-10 01:10:00.602 9 INFO neutron.wsgi [None req-338b27be-2e72-402a-b820-c623d1b486eb f5e7a825a5aa467a892006e5d09c15af c51d577c28074e60bc80f34fce5f20b3 - - - -] 10.0.0.89 "PUT /v2.0/routers/a1f0e9f6-3ce0-49da-a718-66f0e4c15731 HTTP/1.1" status: 200 len: 655 time: 0.8472452
2026-07-10 01:10:00.618 9 INFO neutron.wsgi [None req-8ae53cd4-f311-4aed-bd64-1e3e8a54cd72 e708801cb17b4ddeb629ce1b9e27f22b da4e2874b3724fcfbb48010642ca47ec - - default default] 10.0.0.89 "GET /v2.0/qos/policies?not-tags=red HTTP/1.1" status: 200 len: 913 time: 0.1718953
2026-07-10 01:10:00.634 9 INFO neutron.wsgi [None req-92a65488-4f1a-4277-96a8-496ea25936fd f5e7a825a5aa467a892006e5d09c15af c51d577c28074e60bc80f34fce5f20b3 - - default default] 10.0.0.89 "GET /v2.0/ports?device_id=a1f0e9f6-3ce0-49da-a718-66f0e4c15731 HTTP/1.1" status: 200 len: 205 time: 0.0269554
2026-07-10 01:10:00.750 10 INFO neutron.db.l3_db [None req-3cdaaa80-7ed8-4127-aae6-43c86397a124 f3506e025ec44521be225d069147756e 8dad7e18908e4d309ea81b8792bfb2e9 - - - -] Floating IP b2436504-f10e-4ebe-87d2-2a687dd317e7 associated. External IP: 10.96.250.217, port: 9ccfc8ff-0fc5-4b85-a0d5-aa28119449ae.
2026-07-10 01:10:00.838 10 INFO neutron.wsgi [None req-68322d0f-2e2d-423a-81ef-7c0a14af0999 e708801cb17b4ddeb629ce1b9e27f22b da4e2874b3724fcfbb48010642ca47ec - - default default] 10.0.0.89 "GET /v2.0/qos/policies?not-tags=red%2Cblue HTTP/1.1" status: 200 len: 1268 time: 0.2137098
2026-07-10 01:10:00.900 9 INFO neutron.wsgi [None req-d470d6b1-a6c6-4cd8-885b-ec87a784ffd1 f5e7a825a5aa467a892006e5d09c15af c51d577c28074e60bc80f34fce5f20b3 - - - -] 10.0.0.89 "DELETE /v2.0/routers/a1f0e9f6-3ce0-49da-a718-66f0e4c15731 HTTP/1.1" status: 204 len: 168 time: 0.2576370
2026-07-10 01:10:00.939 9 INFO neutron.wsgi [None req-28e0675d-d53d-4dba-9444-bfbdf2e55940 e708801cb17b4ddeb629ce1b9e27f22b da4e2874b3724fcfbb48010642ca47ec - - default default] 10.0.0.89 "GET /v2.0/qos/policies?not-tags-any=blue HTTP/1.1" status: 200 len: 1268 time: 0.0895426
2026-07-10 01:10:00.971 10 INFO neutron.db.ovn_revision_numbers_db [None req-3cdaaa80-7ed8-4127-aae6-43c86397a124 f3506e025ec44521be225d069147756e 8dad7e18908e4d309ea81b8792bfb2e9 - - - -] Successfully bumped revision number for resource b2436504-f10e-4ebe-87d2-2a687dd317e7 (type: floatingips) to 0
2026-07-10 01:10:00.996 9 INFO neutron.wsgi [-] 10.0.0.194 "GET / HTTP/1.1" status: 200 len: 247 time: 0.0017371
2026-07-10 01:10:00.999 9 INFO neutron.wsgi [-] 10.0.0.194 "GET / HTTP/1.1" status: 200 len: 247 time: 0.0012598
2026-07-10 01:10:01.009 9 INFO neutron.wsgi [None req-ce78e5ab-081d-4961-9bef-ebadd1c1f8d3 e708801cb17b4ddeb629ce1b9e27f22b da4e2874b3724fcfbb48010642ca47ec - - default default] 10.0.0.89 "GET /v2.0/qos/policies?not-tags-any=red%2Cblue HTTP/1.1" status: 200 len: 913 time: 0.0661304
2026-07-10 01:10:01.077 10 INFO neutron.db.ovn_revision_numbers_db [None req-3cdaaa80-7ed8-4127-aae6-43c86397a124 f3506e025ec44521be225d069147756e 8dad7e18908e4d309ea81b8792bfb2e9 - - - -] Successfully bumped revision number for resource b2436504-f10e-4ebe-87d2-2a687dd317e7 (type: floatingips) to 1
2026-07-10 01:10:01.084 9 INFO neutron.wsgi [None req-b67002a7-4ab9-4ec3-9083-e472144e46d3 dc9367d707b94b7680faef14fb046085 48ad61ca9484409fb6763a8d225bc38d - - - -] 10.0.0.89 "DELETE /v2.0/qos/policies/2dd8210a-8247-4629-a438-c90cd63d6091 HTTP/1.1" status: 204 len: 168 time: 0.0679653
2026-07-10 01:10:01.125 10 INFO neutron.wsgi [None req-3cdaaa80-7ed8-4127-aae6-43c86397a124 f3506e025ec44521be225d069147756e 8dad7e18908e4d309ea81b8792bfb2e9 - - - -] 10.0.0.89 "POST /v2.0/floatingips HTTP/1.1" status: 201 len: 1054 time: 1.2755022
2026-07-10 01:10:01.188 10 INFO neutron.notifiers.nova [-] Nova event matching ['req-7d771686-f56d-43c9-93f2-e7e1b576dc4b'] response: {'name': 'network-changed', 'server_uuid': 'c46f8cf4-2cb1-4ac3-99be-f049456cebf6', 'tag': '9ccfc8ff-0fc5-4b85-a0d5-aa28119449ae', 'status': 'completed', 'code': 200}
2026-07-10 01:10:01.206 9 INFO neutron.wsgi [None req-3a6665de-f6e8-4a28-a1d0-b856e73e39fe dc9367d707b94b7680faef14fb046085 48ad61ca9484409fb6763a8d225bc38d - - - -] 10.0.0.89 "DELETE /v2.0/qos/policies/0b2c2b70-9409-4892-8518-fbbe4006c537 HTTP/1.1" status: 204 len: 168 time: 0.1142037 /var/lib/openstack/lib/python3.10/site-packages/pycadf/identifier.py:71: UserWarning: Invalid uuid: neutron. To ensure interoperability, identifiers should be a valid uuid. warnings.warn(('Invalid uuid: %s. To ensure interoperability, '
2026-07-10 01:10:01.273 9 INFO neutron.wsgi [req-12e8144e-37e8-42be-9ba3-0a42ef35810d req-12dc640a-a1bb-4c6c-bac1-1beed720fc42 89c3fae6dcb646aa91c28996fe156959 faffad71723d45fd97606657dda41426 - - 8de3764cfd4c4215a6bb461fcf116421 8de3764cfd4c4215a6bb461fcf116421] 199.19.213.80 "GET /v2.0/ports?tenant_id=8dad7e18908e4d309ea81b8792bfb2e9&device_id=c46f8cf4-2cb1-4ac3-99be-f049456cebf6 HTTP/1.1" status: 200 len: 1590 time: 0.0572002
2026-07-10 01:10:01.307 9 INFO neutron.wsgi [req-a6a77884-ac5d-4f42-9dda-9845bb7135ed req-2286c2a3-d1bc-4059-b363-520c636f7d90 f3506e025ec44521be225d069147756e 8dad7e18908e4d309ea81b8792bfb2e9 - - default default] 10.0.0.59 "GET /v2.0/security-groups?name=tempest-lb_member_SG-2110298102&fields=id&tenant_id=8dad7e18908e4d309ea81b8792bfb2e9 HTTP/1.1" status: 200 len: 267 time: 0.0991895
2026-07-10 01:10:01.321 10 INFO neutron.wsgi [None req-30efed42-4bf5-41a3-842e-dc9a5a211d96 dc9367d707b94b7680faef14fb046085 48ad61ca9484409fb6763a8d225bc38d - - - -] 10.0.0.89 "DELETE /v2.0/qos/policies/b2302357-b84d-4e31-9cf4-58802b433b23 HTTP/1.1" status: 204 len: 168 time: 0.1068320
2026-07-10 01:10:01.387 9 INFO neutron.wsgi [req-12e8144e-37e8-42be-9ba3-0a42ef35810d req-2fb0d3cf-2fd3-43db-bff6-c7bdda1c3152 89c3fae6dcb646aa91c28996fe156959 faffad71723d45fd97606657dda41426 - - 8de3764cfd4c4215a6bb461fcf116421 8de3764cfd4c4215a6bb461fcf116421] 199.19.213.80 "GET /v2.0/networks?id=1bc4450e-bdd0-4a77-94e7-7cd31f18cd6b HTTP/1.1" status: 200 len: 1002 time: 0.1045237
2026-07-10 01:10:01.411 9 INFO neutron.wsgi [req-a6a77884-ac5d-4f42-9dda-9845bb7135ed req-7fe76564-109e-4882-8aa9-118ed486a5a5 f3506e025ec44521be225d069147756e 8dad7e18908e4d309ea81b8792bfb2e9 - - default default] 10.0.0.59 "GET /v2.0/networks?id=7a14adac-e105-4f20-ba53-d7135188d214 HTTP/1.1" status: 200 len: 903 time: 0.0970335
2026-07-10 01:10:01.411 10 INFO neutron.wsgi [None req-24d123a9-131d-452f-8bd9-b080db954502 dc9367d707b94b7680faef14fb046085 48ad61ca9484409fb6763a8d225bc38d - - - -] 10.0.0.89 "DELETE /v2.0/qos/policies/d0dd302a-89e2-47ae-b255-c71a7b0aaea2 HTTP/1.1" status: 204 len: 168 time: 0.0773900
2026-07-10 01:10:01.439 9 INFO neutron.wsgi [req-a6a77884-ac5d-4f42-9dda-9845bb7135ed req-7eb4da28-f6bd-4501-8ac4-708740c72b65 f3506e025ec44521be225d069147756e 8dad7e18908e4d309ea81b8792bfb2e9 - - default default] 10.0.0.59 "GET /v2.0/quotas/8dad7e18908e4d309ea81b8792bfb2e9 HTTP/1.1" status: 200 len: 386 time: 0.0244246
2026-07-10 01:10:01.501 10 INFO neutron.wsgi [None req-0874bfe6-39fc-4497-adee-6966b27a5265 dc9367d707b94b7680faef14fb046085 48ad61ca9484409fb6763a8d225bc38d - - - -] 10.0.0.89 "DELETE /v2.0/qos/policies/3b62d19b-e0c3-4f48-a06b-2c168594aca4 HTTP/1.1" status: 204 len: 168 time: 0.0670455
2026-07-10 01:10:01.502 9 INFO neutron.wsgi [req-12e8144e-37e8-42be-9ba3-0a42ef35810d req-dc530e75-49b6-4c2a-b042-abaeb0d819b8 89c3fae6dcb646aa91c28996fe156959 faffad71723d45fd97606657dda41426 - - 8de3764cfd4c4215a6bb461fcf116421 8de3764cfd4c4215a6bb461fcf116421] 199.19.213.80 "GET /v2.0/floatingips?fixed_ip_address=10.2.1.206&port_id=9ccfc8ff-0fc5-4b85-a0d5-aa28119449ae HTTP/1.1" status: 200 len: 1059 time: 0.1077163
2026-07-10 01:10:01.537 9 INFO neutron.wsgi [req-12e8144e-37e8-42be-9ba3-0a42ef35810d req-535f865e-5c2a-4e92-8469-d34ee2efb62a 89c3fae6dcb646aa91c28996fe156959 faffad71723d45fd97606657dda41426 - - 8de3764cfd4c4215a6bb461fcf116421 8de3764cfd4c4215a6bb461fcf116421] 199.19.213.80 "GET /v2.0/floatingips?fixed_ip_address=fd7b%3Af9f7%3Afff%3A4eca%3A%3A309&port_id=9ccfc8ff-0fc5-4b85-a0d5-aa28119449ae HTTP/1.1" status: 200 len: 217 time: 0.0276935
2026-07-10 01:10:01.585 9 INFO neutron.wsgi [req-12e8144e-37e8-42be-9ba3-0a42ef35810d req-a160caf4-2c95-46d9-87a5-57d8eab7cba9 89c3fae6dcb646aa91c28996fe156959 faffad71723d45fd97606657dda41426 - - 8de3764cfd4c4215a6bb461fcf116421 8de3764cfd4c4215a6bb461fcf116421] 199.19.213.80 "GET /v2.0/subnets?id=23624490-5a54-4eca-9132-28a0e92aa509&id=e5130ff7-e9e9-4cca-99f9-3ef39eb678bc HTTP/1.1" status: 200 len: 1561 time: 0.0420048
2026-07-10 01:10:01.625 9 INFO neutron.wsgi [req-12e8144e-37e8-42be-9ba3-0a42ef35810d req-99eb73d1-0888-4e47-acac-b3170f8fdaaa 89c3fae6dcb646aa91c28996fe156959 faffad71723d45fd97606657dda41426 - - 8de3764cfd4c4215a6bb461fcf116421 8de3764cfd4c4215a6bb461fcf116421] 199.19.213.80 "GET /v2.0/ports?network_id=1bc4450e-bdd0-4a77-94e7-7cd31f18cd6b&device_owner=network%3Adhcp HTTP/1.1" status: 200 len: 210 time: 0.0289924
2026-07-10 01:10:01.658 9 INFO neutron.wsgi [req-12e8144e-37e8-42be-9ba3-0a42ef35810d req-32b39d39-8608-4bb2-8bfc-95c09a39d535 89c3fae6dcb646aa91c28996fe156959 faffad71723d45fd97606657dda41426 - - 8de3764cfd4c4215a6bb461fcf116421 8de3764cfd4c4215a6bb461fcf116421] 199.19.213.80 "GET /v2.0/ports?network_id=1bc4450e-bdd0-4a77-94e7-7cd31f18cd6b&device_owner=network%3Adhcp HTTP/1.1" status: 200 len: 210 time: 0.0266607
2026-07-10 01:10:01.747 9 INFO neutron.wsgi [req-12e8144e-37e8-42be-9ba3-0a42ef35810d req-3c7498ff-4df3-42fb-81d2-22eca96e15fd 89c3fae6dcb646aa91c28996fe156959 faffad71723d45fd97606657dda41426 - - 8de3764cfd4c4215a6bb461fcf116421 8de3764cfd4c4215a6bb461fcf116421] 199.19.213.80 "GET /v2.0/networks/1bc4450e-bdd0-4a77-94e7-7cd31f18cd6b?fields=segments HTTP/1.1" status: 200 len: 212 time: 0.0819924
2026-07-10 01:10:01.785 9 INFO neutron.wsgi [req-a6a77884-ac5d-4f42-9dda-9845bb7135ed req-01bb1951-030b-4bed-bc8e-a060bbd32c35 f3506e025ec44521be225d069147756e 8dad7e18908e4d309ea81b8792bfb2e9 - - default default] 10.0.0.59 "GET /v2.0/ports?tenant_id=8dad7e18908e4d309ea81b8792bfb2e9&fields=id HTTP/1.1" status: 200 len: 532 time: 0.3385870
2026-07-10 01:10:02.158 9 INFO neutron.wsgi [req-12e8144e-37e8-42be-9ba3-0a42ef35810d req-1bdec80b-26f8-4808-9ffc-f513705d5925 89c3fae6dcb646aa91c28996fe156959 faffad71723d45fd97606657dda41426 - - 8de3764cfd4c4215a6bb461fcf116421 8de3764cfd4c4215a6bb461fcf116421] 199.19.213.80 "GET /v2.0/networks/1bc4450e-bdd0-4a77-94e7-7cd31f18cd6b?fields=provider%3Aphysical_network&fields=provider%3Anetwork_type HTTP/1.1" status: 200 len: 277 time: 0.4024549
2026-07-10 01:10:02.172 10 INFO neutron.db.ovn_revision_numbers_db [None req-99cc8672-7bf3-47cd-b13b-3244c59de5ca 90f3bcdbeef84b46bf9829697a094613 93184c7435dd47f9b82b437086b62d65 - - default default] Successfully bumped revision number for resource 3c2100c6-9f28-4eb5-94fb-9d08be3693e9 (type: security_groups) to 1
2026-07-10 01:10:02.182 9 INFO neutron.wsgi [req-a6a77884-ac5d-4f42-9dda-9845bb7135ed req-21dc9524-e927-4697-913f-80ab5fed4de8 89c3fae6dcb646aa91c28996fe156959 faffad71723d45fd97606657dda41426 - - 8de3764cfd4c4215a6bb461fcf116421 8de3764cfd4c4215a6bb461fcf116421] 10.0.0.59 "GET /v2.0/networks/7a14adac-e105-4f20-ba53-d7135188d214?fields=segments HTTP/1.1" status: 200 len: 212 time: 0.3792377
2026-07-10 01:10:02.204 10 INFO neutron.wsgi [None req-99cc8672-7bf3-47cd-b13b-3244c59de5ca 90f3bcdbeef84b46bf9829697a094613 93184c7435dd47f9b82b437086b62d65 - - default default] 10.0.0.89 "GET /v2.0/security-groups?tenant_id=2e8fd06d216943018f3fb1f14c463008&name=default HTTP/1.1" status: 200 len: 2996 time: 0.3436074
2026-07-10 01:10:02.263 9 INFO neutron.wsgi [req-a6a77884-ac5d-4f42-9dda-9845bb7135ed req-39bdfb34-0516-4364-a973-5800494d31b0 89c3fae6dcb646aa91c28996fe156959 faffad71723d45fd97606657dda41426 - - 8de3764cfd4c4215a6bb461fcf116421 8de3764cfd4c4215a6bb461fcf116421] 10.0.0.59 "GET /v2.0/networks/7a14adac-e105-4f20-ba53-d7135188d214?fields=provider%3Aphysical_network&fields=provider%3Anetwork_type HTTP/1.1" status: 200 len: 277 time: 0.0729995
2026-07-10 01:10:02.447 10 INFO neutron.wsgi [req-581cc06c-b553-4b4e-a95b-f908f63a4f29 req-02862ea6-3609-4375-be9e-aa85aa0693a9 f3506e025ec44521be225d069147756e 8dad7e18908e4d309ea81b8792bfb2e9 - - default default] 10.0.0.59 "GET /v2.0/ports?device_id=90d02e96-ce91-411f-bce4-c5df7c172bc3 HTTP/1.1" status: 200 len: 210 time: 0.0236175
2026-07-10 01:10:02.487 10 INFO neutron.wsgi [None req-68153fd2-b67a-49ed-96b1-5bdcfe222cdf 90f3bcdbeef84b46bf9829697a094613 93184c7435dd47f9b82b437086b62d65 - - - -] 10.0.0.89 "DELETE /v2.0/security-groups/3c2100c6-9f28-4eb5-94fb-9d08be3693e9 HTTP/1.1" status: 204 len: 168 time: 0.2741616
2026-07-10 01:10:02.730 9 INFO neutron.db.ovn_revision_numbers_db [None req-96bb81a6-5c89-40b7-85ad-20da690f2f2f 90f3bcdbeef84b46bf9829697a094613 93184c7435dd47f9b82b437086b62d65 - - default default] Successfully bumped revision number for resource 225a00ea-57c0-4143-ac21-4901850ddcff (type: security_groups) to 1
2026-07-10 01:10:02.749 9 INFO neutron.db.ovn_revision_numbers_db [None req-bc0603d4-0fe7-4eb6-80c1-ec9400528f5d 90f3bcdbeef84b46bf9829697a094613 93184c7435dd47f9b82b437086b62d65 - - default default] Successfully bumped revision number for resource a0645526-c48f-46f3-97f3-49751ba9f6bb (type: security_groups) to 1
2026-07-10 01:10:02.754 9 INFO neutron.wsgi [None req-96bb81a6-5c89-40b7-85ad-20da690f2f2f 90f3bcdbeef84b46bf9829697a094613 93184c7435dd47f9b82b437086b62d65 - - default default] 10.0.0.89 "GET /v2.0/security-groups?tenant_id=80bf2f94de96417682b1fc5db220f215&name=default HTTP/1.1" status: 200 len: 2996 time: 0.1486008
2026-07-10 01:10:02.776 9 INFO neutron.wsgi [None req-bc0603d4-0fe7-4eb6-80c1-ec9400528f5d 90f3bcdbeef84b46bf9829697a094613 93184c7435dd47f9b82b437086b62d65 - - default default] 10.0.0.89 "GET /v2.0/security-groups?tenant_id=6553a0d10c2d42aa9fa07d83c43b1f81&name=default HTTP/1.1" status: 200 len: 2996 time: 0.2733145
2026-07-10 01:10:02.995 9 INFO neutron.wsgi [None req-43e0eb12-158c-47c6-a7dd-c7ac22bf16d5 90f3bcdbeef84b46bf9829697a094613 93184c7435dd47f9b82b437086b62d65 - - - -] 10.0.0.89 "DELETE /v2.0/security-groups/a0645526-c48f-46f3-97f3-49751ba9f6bb HTTP/1.1" status: 204 len: 168 time: 0.2133856
2026-07-10 01:10:03.003 10 INFO neutron.wsgi [None req-50a7c5f3-4ed8-404b-926b-53b2154f5ddd 90f3bcdbeef84b46bf9829697a094613 93184c7435dd47f9b82b437086b62d65 - - - -] 10.0.0.89 "DELETE /v2.0/security-groups/225a00ea-57c0-4143-ac21-4901850ddcff HTTP/1.1" status: 204 len: 168 time: 0.2433457
2026-07-10 01:10:03.267 9 INFO neutron.wsgi [req-a6a77884-ac5d-4f42-9dda-9845bb7135ed req-275c987c-2a92-4c53-bdff-ed111363800a f3506e025ec44521be225d069147756e 8dad7e18908e4d309ea81b8792bfb2e9 - - default default] 199.19.213.80 "GET /v2.0/networks?id=7a14adac-e105-4f20-ba53-d7135188d214 HTTP/1.1" status: 200 len: 903 time: 0.0873864
2026-07-10 01:10:03.325 9 INFO neutron.wsgi [req-a6a77884-ac5d-4f42-9dda-9845bb7135ed req-b85b06fa-e931-4950-832e-6bc8251fe765 f3506e025ec44521be225d069147756e 8dad7e18908e4d309ea81b8792bfb2e9 - - default default] 199.19.213.80 "GET /v2.0/security-groups?fields=id&fields=name&tenant_id=8dad7e18908e4d309ea81b8792bfb2e9 HTTP/1.1" status: 200 len: 378 time: 0.0530267
2026-07-10 01:10:03.363 10 INFO neutron.db.ovn_revision_numbers_db [None req-ab678834-6fee-4949-953a-1f7a3440a3a2 90f3bcdbeef84b46bf9829697a094613 93184c7435dd47f9b82b437086b62d65 - - default default] Successfully bumped revision number for resource 17a7a5e4-6dee-4f56-86dc-79779a9c118b (type: security_groups) to 1
2026-07-10 01:10:03.393 10 INFO neutron.wsgi [None req-ab678834-6fee-4949-953a-1f7a3440a3a2 90f3bcdbeef84b46bf9829697a094613 93184c7435dd47f9b82b437086b62d65 - - default default] 10.0.0.89 "GET /v2.0/security-groups?tenant_id=48ad61ca9484409fb6763a8d225bc38d&name=default HTTP/1.1" status: 200 len: 2996 time: 0.1810496
2026-07-10 01:10:03.410 10 INFO neutron.db.ovn_revision_numbers_db [None req-31b8c1f3-ce02-41ce-b247-b060e59b2d1b 90f3bcdbeef84b46bf9829697a094613 93184c7435dd47f9b82b437086b62d65 - - default default] Successfully bumped revision number for resource 43a2badd-1e79-4953-9d1e-48afe2c9df42 (type: security_groups) to 1
2026-07-10 01:10:03.440 10 INFO neutron.wsgi [None req-31b8c1f3-ce02-41ce-b247-b060e59b2d1b 90f3bcdbeef84b46bf9829697a094613 93184c7435dd47f9b82b437086b62d65 - - default default] 10.0.0.89 "GET /v2.0/security-groups?tenant_id=c51d577c28074e60bc80f34fce5f20b3&name=default HTTP/1.1" status: 200 len: 2996 time: 0.1981583
