2026-07-10 01:10:17.275 9 INFO neutron.wsgi [None req-e47e698b-f792-4422-9a25-56a756207b27 932cd8b751e24007ba52c02d75306798 a8ef2a477f334989b7e0f8db31e9ce2b - - default default] 10.0.0.89 "GET /v2.0/ports/8958cc7e-d776-409f-9cb5-5b4d345c4282/tags/green HTTP/1.1" status: 404 len: 299 time: 0.0476561
2026-07-10 01:10:17.333 9 INFO neutron.wsgi [None req-dc4299de-e90d-4a2c-b331-09bab18ded34 932cd8b751e24007ba52c02d75306798 a8ef2a477f334989b7e0f8db31e9ce2b - - - -] 10.0.0.89 "DELETE /v2.0/ports/8958cc7e-d776-409f-9cb5-5b4d345c4282/tags/red HTTP/1.1" status: 204 len: 168 time: 0.0517704
2026-07-10 01:10:17.369 9 INFO neutron.wsgi [None req-4499530c-512b-4918-a47c-5cb0621ecd24 932cd8b751e24007ba52c02d75306798 a8ef2a477f334989b7e0f8db31e9ce2b - - default default] 10.0.0.89 "GET /v2.0/ports/8958cc7e-d776-409f-9cb5-5b4d345c4282/tags HTTP/1.1" status: 200 len: 223 time: 0.0301433
2026-07-10 01:10:17.415 9 INFO neutron.api.v2.resource [None req-15755c4b-6900-4da7-9040-a1681ce1a720 932cd8b751e24007ba52c02d75306798 a8ef2a477f334989b7e0f8db31e9ce2b - - - -] delete failed (client error): The resource could not be found.
2026-07-10 01:10:17.417 9 INFO neutron.wsgi [None req-15755c4b-6900-4da7-9040-a1681ce1a720 932cd8b751e24007ba52c02d75306798 a8ef2a477f334989b7e0f8db31e9ce2b - - - -] 10.0.0.89 "DELETE /v2.0/ports/8958cc7e-d776-409f-9cb5-5b4d345c4282/tags/green HTTP/1.1" status: 404 len: 299 time: 0.0421178
2026-07-10 01:10:17.474 9 INFO neutron.wsgi [None req-91b27382-c10e-4dd2-8306-9cd250299abd 932cd8b751e24007ba52c02d75306798 a8ef2a477f334989b7e0f8db31e9ce2b - - - -] 10.0.0.89 "DELETE /v2.0/ports/8958cc7e-d776-409f-9cb5-5b4d345c4282/tags HTTP/1.1" status: 204 len: 168 time: 0.0490217
2026-07-10 01:10:17.523 9 INFO neutron.wsgi [None req-ce420a49-11ca-4d6c-ae8f-d8a3a4a714f0 932cd8b751e24007ba52c02d75306798 a8ef2a477f334989b7e0f8db31e9ce2b - - default default] 10.0.0.89 "GET /v2.0/ports/8958cc7e-d776-409f-9cb5-5b4d345c4282/tags HTTP/1.1" status: 200 len: 205 time: 0.0385423
2026-07-10 01:10:17.665 10 INFO neutron.wsgi [req-9898a424-d44f-4684-957b-9b7abcaf1d8f req-0d0da1e4-3e47-4c5c-a71a-6b2ed30b9d1b 89c3fae6dcb646aa91c28996fe156959 faffad71723d45fd97606657dda41426 - - 8de3764cfd4c4215a6bb461fcf116421 8de3764cfd4c4215a6bb461fcf116421] 10.0.0.36 "GET /v2.0/ports?device_id=90d02e96-ce91-411f-bce4-c5df7c172bc3 HTTP/1.1" status: 200 len: 1590 time: 0.0325034
2026-07-10 01:10:17.710 10 INFO neutron.wsgi [req-9898a424-d44f-4684-957b-9b7abcaf1d8f req-d60ea2c3-3867-449b-a2f2-b34c3554a48b 89c3fae6dcb646aa91c28996fe156959 faffad71723d45fd97606657dda41426 - - 8de3764cfd4c4215a6bb461fcf116421 8de3764cfd4c4215a6bb461fcf116421] 10.0.0.36 "GET /v2.0/security-groups?id=5edf265b-f84d-48c8-8da4-84515549881f&fields=id&fields=name HTTP/1.1" status: 200 len: 311 time: 0.0365705
2026-07-10 01:10:17.799 9 INFO neutron.wsgi [None req-a19cd1df-0dc2-48aa-b263-c0f3fb026b13 932cd8b751e24007ba52c02d75306798 a8ef2a477f334989b7e0f8db31e9ce2b - - - -] 10.0.0.89 "DELETE /v2.0/ports/8958cc7e-d776-409f-9cb5-5b4d345c4282 HTTP/1.1" status: 204 len: 168 time: 0.2697945
2026-07-10 01:10:18.348 9 INFO neutron.services.segments.plugin [-] Segment b03f65f9-6a7a-44e5-afb9-6671d555e52c resource provider aggregate not found
2026-07-10 01:10:18.354 9 INFO neutron.services.segments.plugin [-] Segment b03f65f9-6a7a-44e5-afb9-6671d555e52c resource provider aggregate not found
2026-07-10 01:10:18.375 9 INFO neutron.services.segments.plugin [-] Segment b03f65f9-6a7a-44e5-afb9-6671d555e52c resource provider not found; error: Placement Client Error (4xx): {"errors": [{"status": 404, "title": "Not Found", "detail": "The resource could not be found.\n\n No resource provider with uuid b03f65f9-6a7a-44e5-afb9-6671d555e52c found for delete ", "request_id": "req-428607be-79a5-4112-bbaa-1f977355f847"}]}
2026-07-10 01:10:18.377 9 INFO neutron.services.segments.plugin [-] Segment b03f65f9-6a7a-44e5-afb9-6671d555e52c resource provider not found; error: Placement Client Error (4xx): {"errors": [{"status": 404, "title": "Not Found", "detail": "The resource could not be found.\n\n No resource provider with uuid b03f65f9-6a7a-44e5-afb9-6671d555e52c found for delete ", "request_id": "req-4a72a806-ae19-4c95-93e0-4bf68e8e4f74"}]}
2026-07-10 01:10:18.396 9 INFO neutron.wsgi [None req-3d734338-bcc3-4c43-8cdc-af38949463c8 932cd8b751e24007ba52c02d75306798 a8ef2a477f334989b7e0f8db31e9ce2b - - - -] 10.0.0.89 "DELETE /v2.0/networks/a145bcce-d21c-4337-8f4c-2ac0ed752dbf HTTP/1.1" status: 204 len: 168 time: 0.5891664
2026-07-10 01:10:19.149 9 INFO neutron.db.ovn_revision_numbers_db [None req-8f342e9a-9ffb-4500-ad91-5c5e4f42e59d 01cc925c77c042c78916edf1f41f30ee 3bad5dc72cdc49459655619609b9a001 - - - -] Successfully bumped revision number for resource 8bf8900f-2b6b-4a02-a5d3-fb28f2efa5fb (type: security_groups) to 1
2026-07-10 01:10:19.213 9 INFO neutron.db.segments_db [None req-8f342e9a-9ffb-4500-ad91-5c5e4f42e59d 01cc925c77c042c78916edf1f41f30ee 3bad5dc72cdc49459655619609b9a001 - - - -] Added segment d662eec7-8d4c-4dca-a315-000efef407f1 of type geneve for network f861f739-b962-41d7-8b0b-0f7201d1e357
2026-07-10 01:10:19.316 9 INFO neutron.db.ovn_revision_numbers_db [None req-c56346d0-bf13-41d9-b816-c17f78f317f1 90f3bcdbeef84b46bf9829697a094613 93184c7435dd47f9b82b437086b62d65 - - default default] Successfully bumped revision number for resource 3900d6a6-cd53-4658-836c-27b8d2e7b6b4 (type: security_groups) to 1
2026-07-10 01:10:19.365 9 INFO neutron.wsgi [None req-c56346d0-bf13-41d9-b816-c17f78f317f1 90f3bcdbeef84b46bf9829697a094613 93184c7435dd47f9b82b437086b62d65 - - default default] 10.0.0.89 "GET /v2.0/security-groups?tenant_id=0b1c0ad640ee440797a1ed96e7943082&name=default HTTP/1.1" status: 200 len: 3000 time: 0.2435081
2026-07-10 01:10:19.380 9 INFO neutron.db.ovn_revision_numbers_db [None req-8f342e9a-9ffb-4500-ad91-5c5e4f42e59d 01cc925c77c042c78916edf1f41f30ee 3bad5dc72cdc49459655619609b9a001 - - - -] Successfully bumped revision number for resource f861f739-b962-41d7-8b0b-0f7201d1e357 (type: networks) to 1
2026-07-10 01:10:19.565 9 WARNING neutron.scheduler.dhcp_agent_scheduler [None req-8f342e9a-9ffb-4500-ad91-5c5e4f42e59d 01cc925c77c042c78916edf1f41f30ee 3bad5dc72cdc49459655619609b9a001 - - - -] No more DHCP agents
2026-07-10 01:10:19.568 9 WARNING neutron.api.rpc.agentnotifiers.dhcp_rpc_agent_api [None req-8f342e9a-9ffb-4500-ad91-5c5e4f42e59d 01cc925c77c042c78916edf1f41f30ee 3bad5dc72cdc49459655619609b9a001 - - - -] Unable to schedule network f861f739-b962-41d7-8b0b-0f7201d1e357: no agents available; will retry on subsequent port and subnet creation events.
2026-07-10 01:10:19.645 9 INFO neutron.db.ovn_revision_numbers_db [None req-8f342e9a-9ffb-4500-ad91-5c5e4f42e59d 01cc925c77c042c78916edf1f41f30ee 3bad5dc72cdc49459655619609b9a001 - - - -] Successfully bumped revision number for resource b9472660-8fe8-4518-bed8-c56f5f69f8bf (type: ports) to 1
2026-07-10 01:10:19.669 9 INFO neutron.wsgi [None req-26110a71-11f5-48bf-8bb1-ac1d2a454c5f 90f3bcdbeef84b46bf9829697a094613 93184c7435dd47f9b82b437086b62d65 - - - -] 10.0.0.89 "DELETE /v2.0/security-groups/3900d6a6-cd53-4658-836c-27b8d2e7b6b4 HTTP/1.1" status: 204 len: 168 time: 0.2979429
2026-07-10 01:10:19.672 9 INFO neutron.wsgi [None req-8f342e9a-9ffb-4500-ad91-5c5e4f42e59d 01cc925c77c042c78916edf1f41f30ee 3bad5dc72cdc49459655619609b9a001 - - - -] 10.0.0.89 "POST /v2.0/networks HTTP/1.1" status: 201 len: 831 time: 0.9275191
2026-07-10 01:10:19.819 10 INFO neutron.wsgi [None req-06aa0c79-a14c-4dde-848c-d4403ab4698a 90f3bcdbeef84b46bf9829697a094613 93184c7435dd47f9b82b437086b62d65 - - default default] 10.0.0.89 "GET /v2.0/security-groups?tenant_id=a8ef2a477f334989b7e0f8db31e9ce2b&name=default HTTP/1.1" status: 200 len: 3000 time: 0.0375040
2026-07-10 01:10:19.982 9 WARNING neutron.scheduler.dhcp_agent_scheduler [None req-5141d4ed-f3d5-4d80-aca9-51f5a5088618 01cc925c77c042c78916edf1f41f30ee 3bad5dc72cdc49459655619609b9a001 - - - -] No more DHCP agents
2026-07-10 01:10:19.987 9 WARNING neutron.api.rpc.agentnotifiers.dhcp_rpc_agent_api [None req-5141d4ed-f3d5-4d80-aca9-51f5a5088618 01cc925c77c042c78916edf1f41f30ee 3bad5dc72cdc49459655619609b9a001 - - - -] Unable to schedule network f861f739-b962-41d7-8b0b-0f7201d1e357: no agents available; will retry on subsequent port and subnet creation events.
2026-07-10 01:10:20.112 9 INFO neutron.wsgi [None req-4bc6febf-78d0-4077-8c3c-46ad6c15a1c2 90f3bcdbeef84b46bf9829697a094613 93184c7435dd47f9b82b437086b62d65 - - - -] 10.0.0.89 "DELETE /v2.0/security-groups/a7438d05-e3c2-4810-ad84-11309659fddf HTTP/1.1" status: 204 len: 168 time: 0.2877035
2026-07-10 01:10:20.521 9 INFO neutron.db.ovn_revision_numbers_db [None req-5141d4ed-f3d5-4d80-aca9-51f5a5088618 01cc925c77c042c78916edf1f41f30ee 3bad5dc72cdc49459655619609b9a001 - - - -] Successfully bumped revision number for resource b9472660-8fe8-4518-bed8-c56f5f69f8bf (type: ports) to 2
2026-07-10 01:10:20.535 9 INFO neutron.db.ovn_revision_numbers_db [None req-5141d4ed-f3d5-4d80-aca9-51f5a5088618 01cc925c77c042c78916edf1f41f30ee 3bad5dc72cdc49459655619609b9a001 - - - -] Successfully bumped revision number for resource 586f0534-367f-4db0-b8c8-b5b18281e196 (type: subnets) to 0
2026-07-10 01:10:20.550 9 INFO neutron.wsgi [None req-5141d4ed-f3d5-4d80-aca9-51f5a5088618 01cc925c77c042c78916edf1f41f30ee 3bad5dc72cdc49459655619609b9a001 - - - -] 10.0.0.89 "POST /v2.0/subnets HTTP/1.1" status: 201 len: 801 time: 0.8724120
2026-07-10 01:10:20.670 9 INFO neutron.db.segments_db [None req-6030ced7-3322-44ac-a55b-159c94d0792c 01cc925c77c042c78916edf1f41f30ee 3bad5dc72cdc49459655619609b9a001 - - - -] Added segment 8783d507-ee89-4e12-aef7-14a9fb70fa08 of type geneve for network 61e37e3d-b97b-44a0-b0e6-62d2cbecdf95
2026-07-10 01:10:20.824 9 INFO neutron.db.ovn_revision_numbers_db [None req-6030ced7-3322-44ac-a55b-159c94d0792c 01cc925c77c042c78916edf1f41f30ee 3bad5dc72cdc49459655619609b9a001 - - - -] Successfully bumped revision number for resource 61e37e3d-b97b-44a0-b0e6-62d2cbecdf95 (type: networks) to 1
2026-07-10 01:10:21.074 9 WARNING neutron.scheduler.dhcp_agent_scheduler [None req-6030ced7-3322-44ac-a55b-159c94d0792c 01cc925c77c042c78916edf1f41f30ee 3bad5dc72cdc49459655619609b9a001 - - - -] No more DHCP agents
2026-07-10 01:10:21.078 9 WARNING neutron.api.rpc.agentnotifiers.dhcp_rpc_agent_api [None req-6030ced7-3322-44ac-a55b-159c94d0792c 01cc925c77c042c78916edf1f41f30ee 3bad5dc72cdc49459655619609b9a001 - - - -] Unable to schedule network 61e37e3d-b97b-44a0-b0e6-62d2cbecdf95: no agents available; will retry on subsequent port and subnet creation events.
2026-07-10 01:10:21.158 9 INFO neutron.db.ovn_revision_numbers_db [None req-6030ced7-3322-44ac-a55b-159c94d0792c 01cc925c77c042c78916edf1f41f30ee 3bad5dc72cdc49459655619609b9a001 - - - -] Successfully bumped revision number for resource 60e492fb-030d-45ab-b5e1-ee89307cd139 (type: ports) to 1
2026-07-10 01:10:21.200 9 INFO neutron.wsgi [None req-6030ced7-3322-44ac-a55b-159c94d0792c 01cc925c77c042c78916edf1f41f30ee 3bad5dc72cdc49459655619609b9a001 - - - -] 10.0.0.89 "POST /v2.0/networks HTTP/1.1" status: 201 len: 831 time: 0.6460481
2026-07-10 01:10:21.735 9 INFO neutron.wsgi [None req-493c4e46-039d-42e7-a5e8-9d5375f86c8c 8b4cda5817834f34a83c348220b40326 94560b5e04a94357a22cae17a380b39d - - default default] 10.0.0.89 "GET /v2.0/subnets/fb292f1e-d68a-4973-bf50-e461659f9fe3 HTTP/1.1" status: 200 len: 846 time: 0.0401213
2026-07-10 01:10:21.905 10 WARNING neutron.scheduler.dhcp_agent_scheduler [None req-c45ff406-3c2d-430b-95c1-4b8f39946b28 01cc925c77c042c78916edf1f41f30ee 3bad5dc72cdc49459655619609b9a001 - - - -] No more DHCP agents
2026-07-10 01:10:21.907 10 WARNING neutron.api.rpc.agentnotifiers.dhcp_rpc_agent_api [None req-c45ff406-3c2d-430b-95c1-4b8f39946b28 01cc925c77c042c78916edf1f41f30ee 3bad5dc72cdc49459655619609b9a001 - - - -] Unable to schedule network 61e37e3d-b97b-44a0-b0e6-62d2cbecdf95: no agents available; will retry on subsequent port and subnet creation events.
2026-07-10 01:10:22.417 10 INFO neutron.db.ovn_revision_numbers_db [None req-c45ff406-3c2d-430b-95c1-4b8f39946b28 01cc925c77c042c78916edf1f41f30ee 3bad5dc72cdc49459655619609b9a001 - - - -] Successfully bumped revision number for resource 60e492fb-030d-45ab-b5e1-ee89307cd139 (type: ports) to 2
2026-07-10 01:10:22.433 10 INFO neutron.db.ovn_revision_numbers_db [None req-c45ff406-3c2d-430b-95c1-4b8f39946b28 01cc925c77c042c78916edf1f41f30ee 3bad5dc72cdc49459655619609b9a001 - - - -] Successfully bumped revision number for resource dce7f1ee-c17b-4dca-a0fb-205bf4f96653 (type: subnets) to 0
2026-07-10 01:10:22.450 9 INFO neutron.wsgi [None req-b5639cbf-c7ae-4924-9839-3ecaaaa0c6bb 90f3bcdbeef84b46bf9829697a094613 93184c7435dd47f9b82b437086b62d65 - - default default] 10.0.0.160 "GET /v2.0/extensions/security-group HTTP/1.1" status: 200 len: 369 time: 0.1966856
2026-07-10 01:10:22.457 10 INFO neutron.wsgi [None req-c45ff406-3c2d-430b-95c1-4b8f39946b28 01cc925c77c042c78916edf1f41f30ee 3bad5dc72cdc49459655619609b9a001 - - - -] 10.0.0.89 "POST /v2.0/subnets HTTP/1.1" status: 201 len: 804 time: 1.2518799
2026-07-10 01:10:22.467 9 INFO neutron.wsgi [None req-17be82f9-270c-4fcc-90e6-908121598ae2 90f3bcdbeef84b46bf9829697a094613 93184c7435dd47f9b82b437086b62d65 - - default default] 10.0.0.160 "GET /v2.0/extensions/dns-integration HTTP/1.1" status: 200 len: 371 time: 0.0093267
2026-07-10 01:10:22.478 9 INFO neutron.wsgi [None req-721beab9-d255-4299-b806-c3f4fac29ca3 90f3bcdbeef84b46bf9829697a094613 93184c7435dd47f9b82b437086b62d65 - - default default] 10.0.0.160 "GET /v2.0/extensions/qos HTTP/1.1" status: 200 len: 365 time: 0.0044472
2026-07-10 01:10:22.490 9 INFO neutron.wsgi [None req-00c0f3af-c336-48e1-b643-b0044e9df9a1 90f3bcdbeef84b46bf9829697a094613 93184c7435dd47f9b82b437086b62d65 - - default default] 10.0.0.160 "GET /v2.0/extensions/allowed-address-pairs HTTP/1.1" status: 200 len: 383 time: 0.0051434
2026-07-10 01:10:22.558 10 INFO neutron.db.segments_db [None req-8c641676-12ab-4866-b926-32c790b5ef9d 01cc925c77c042c78916edf1f41f30ee 3bad5dc72cdc49459655619609b9a001 - - - -] Added segment aa0d9158-e525-46bc-b75c-990783592793 of type geneve for network c6002c86-379b-4d0b-b38a-6b475e356357
2026-07-10 01:10:22.724 10 INFO neutron.db.ovn_revision_numbers_db [None req-8c641676-12ab-4866-b926-32c790b5ef9d 01cc925c77c042c78916edf1f41f30ee 3bad5dc72cdc49459655619609b9a001 - - - -] Successfully bumped revision number for resource c6002c86-379b-4d0b-b38a-6b475e356357 (type: networks) to 1
2026-07-10 01:10:22.941 10 WARNING neutron.scheduler.dhcp_agent_scheduler [None req-8c641676-12ab-4866-b926-32c790b5ef9d 01cc925c77c042c78916edf1f41f30ee 3bad5dc72cdc49459655619609b9a001 - - - -] No more DHCP agents
2026-07-10 01:10:22.943 10 WARNING neutron.api.rpc.agentnotifiers.dhcp_rpc_agent_api [None req-8c641676-12ab-4866-b926-32c790b5ef9d 01cc925c77c042c78916edf1f41f30ee 3bad5dc72cdc49459655619609b9a001 - - - -] Unable to schedule network c6002c86-379b-4d0b-b38a-6b475e356357: no agents available; will retry on subsequent port and subnet creation events.
2026-07-10 01:10:23.011 10 INFO neutron.db.ovn_revision_numbers_db [None req-8c641676-12ab-4866-b926-32c790b5ef9d 01cc925c77c042c78916edf1f41f30ee 3bad5dc72cdc49459655619609b9a001 - - - -] Successfully bumped revision number for resource d62439ad-dcb8-4e20-a51b-67c95c3fa9a7 (type: ports) to 1
2026-07-10 01:10:23.033 10 INFO neutron.wsgi [-] 10.0.0.160 "GET / HTTP/1.1" status: 200 len: 284 time: 0.0017993
2026-07-10 01:10:23.037 10 INFO neutron.wsgi [None req-8c641676-12ab-4866-b926-32c790b5ef9d 01cc925c77c042c78916edf1f41f30ee 3bad5dc72cdc49459655619609b9a001 - - - -] 10.0.0.89 "POST /v2.0/networks HTTP/1.1" status: 201 len: 830 time: 0.5718553
2026-07-10 01:10:23.072 10 INFO neutron.wsgi [None req-a881b186-5be5-4f15-abe8-f87ee7859520 f3506e025ec44521be225d069147756e 8dad7e18908e4d309ea81b8792bfb2e9 - - default default] 10.0.0.160 "GET /v2.0/subnets/fb292f1e-d68a-4973-bf50-e461659f9fe3 HTTP/1.1" status: 200 len: 833 time: 0.0326259
2026-07-10 01:10:23.092 9 INFO neutron.wsgi [None req-38a57f84-06c0-4aff-b60b-70f339a366a5 90f3bcdbeef84b46bf9829697a094613 93184c7435dd47f9b82b437086b62d65 - - default default] 10.0.0.160 "GET /v2.0/extensions/security-group HTTP/1.1" status: 200 len: 369 time: 0.0064332
2026-07-10 01:10:23.105 9 INFO neutron.wsgi [None req-126040ca-8adc-4b71-89a1-b2e66d0d6a83 90f3bcdbeef84b46bf9829697a094613 93184c7435dd47f9b82b437086b62d65 - - default default] 10.0.0.160 "GET /v2.0/extensions/dns-integration HTTP/1.1" status: 200 len: 371 time: 0.0049353
2026-07-10 01:10:23.114 9 INFO neutron.wsgi [None req-ed0250c4-78c6-491b-afe0-a69c92edd00a 90f3bcdbeef84b46bf9829697a094613 93184c7435dd47f9b82b437086b62d65 - - default default] 10.0.0.160 "GET /v2.0/extensions/qos HTTP/1.1" status: 200 len: 365 time: 0.0046945
2026-07-10 01:10:23.124 9 INFO neutron.wsgi [None req-4347221e-4af5-4dee-bc12-1b28f5f1b620 90f3bcdbeef84b46bf9829697a094613 93184c7435dd47f9b82b437086b62d65 - - default default] 10.0.0.160 "GET /v2.0/extensions/allowed-address-pairs HTTP/1.1" status: 200 len: 383 time: 0.0046802
2026-07-10 01:10:23.203 9 INFO neutron.wsgi [None req-a01c7379-b73e-49f0-8688-8c38810f6f7c 90f3bcdbeef84b46bf9829697a094613 93184c7435dd47f9b82b437086b62d65 - - default default] 10.0.0.160 "GET /v2.0/subnets/fb292f1e-d68a-4973-bf50-e461659f9fe3 HTTP/1.1" status: 200 len: 851 time: 0.0720201
2026-07-10 01:10:23.357 9 WARNING neutron.scheduler.dhcp_agent_scheduler [None req-9d24d26d-f096-456f-b285-d4ed14002df6 01cc925c77c042c78916edf1f41f30ee 3bad5dc72cdc49459655619609b9a001 - - - -] No more DHCP agents
2026-07-10 01:10:23.361 9 WARNING neutron.api.rpc.agentnotifiers.dhcp_rpc_agent_api [None req-9d24d26d-f096-456f-b285-d4ed14002df6 01cc925c77c042c78916edf1f41f30ee 3bad5dc72cdc49459655619609b9a001 - - - -] Unable to schedule network c6002c86-379b-4d0b-b38a-6b475e356357: no agents available; will retry on subsequent port and subnet creation events.
2026-07-10 01:10:23.430 9 INFO neutron.wsgi [None req-8e537eb4-afed-4158-91cc-8f0f712fb0d6 90f3bcdbeef84b46bf9829697a094613 93184c7435dd47f9b82b437086b62d65 - - default default] 10.0.0.160 "GET /v2.0/extensions/security-group HTTP/1.1" status: 200 len: 369 time: 0.0041962
2026-07-10 01:10:23.438 9 INFO neutron.wsgi [None req-c79813d3-371e-4895-8450-07ee930e630a 90f3bcdbeef84b46bf9829697a094613 93184c7435dd47f9b82b437086b62d65 - - default default] 10.0.0.160 "GET /v2.0/extensions/dns-integration HTTP/1.1" status: 200 len: 371 time: 0.0033607
2026-07-10 01:10:23.447 9 INFO neutron.wsgi [None req-876fee69-688a-479e-86ee-7e34aa6f15bf 90f3bcdbeef84b46bf9829697a094613 93184c7435dd47f9b82b437086b62d65 - - default default] 10.0.0.160 "GET /v2.0/extensions/qos HTTP/1.1" status: 200 len: 365 time: 0.0040629
2026-07-10 01:10:23.460 9 INFO neutron.wsgi [None req-c39ef286-fa76-4b10-a5cf-dc02be8de0c7 90f3bcdbeef84b46bf9829697a094613 93184c7435dd47f9b82b437086b62d65 - - default default] 10.0.0.160 "GET /v2.0/extensions/allowed-address-pairs HTTP/1.1" status: 200 len: 383 time: 0.0033712
2026-07-10 01:10:23.540 9 INFO neutron.wsgi [None req-6d54432b-eef8-40bc-b796-4b852e62d324 90f3bcdbeef84b46bf9829697a094613 93184c7435dd47f9b82b437086b62d65 - - default default] 10.0.0.160 "GET /v2.0/networks/49de0924-8ae5-4271-9190-410519d791fa HTTP/1.1" status: 200 len: 1002 time: 0.0716875
2026-07-10 01:10:23.556 9 INFO neutron.wsgi [None req-a2168dd1-d609-4c4e-964f-b203ca8c0c88 90f3bcdbeef84b46bf9829697a094613 93184c7435dd47f9b82b437086b62d65 - - default default] 10.0.0.160 "GET /v2.0/extensions/project-id HTTP/1.1" status: 200 len: 403 time: 0.0068326
2026-07-10 01:10:23.745 10 INFO neutron.db.ovn_revision_numbers_db [None req-a6d57d1b-d687-4984-83a5-e64793769b24 93d5984468244940b78e9c440812e04d 459efea8b0844fe0bdec17c4fb1a4490 - - - -] Successfully bumped revision number for resource af3ff1aa-6f3c-41b3-abbe-e6ebfdc3cd86 (type: security_groups) to 1
2026-07-10 01:10:23.803 10 INFO neutron.db.segments_db [None req-a6d57d1b-d687-4984-83a5-e64793769b24 93d5984468244940b78e9c440812e04d 459efea8b0844fe0bdec17c4fb1a4490 - - - -] Added segment bab99a8c-5248-4969-9ff6-fa9919000b54 of type geneve for network 8378db46-83e5-4a16-b7c0-80f2df13d6f7
2026-07-10 01:10:23.938 10 INFO neutron.db.ovn_revision_numbers_db [None req-a6d57d1b-d687-4984-83a5-e64793769b24 93d5984468244940b78e9c440812e04d 459efea8b0844fe0bdec17c4fb1a4490 - - - -] Successfully bumped revision number for resource 8378db46-83e5-4a16-b7c0-80f2df13d6f7 (type: networks) to 1
2026-07-10 01:10:24.178 10 WARNING neutron.scheduler.dhcp_agent_scheduler [None req-a6d57d1b-d687-4984-83a5-e64793769b24 93d5984468244940b78e9c440812e04d 459efea8b0844fe0bdec17c4fb1a4490 - - - -] No more DHCP agents
2026-07-10 01:10:24.180 10 WARNING neutron.api.rpc.agentnotifiers.dhcp_rpc_agent_api [None req-a6d57d1b-d687-4984-83a5-e64793769b24 93d5984468244940b78e9c440812e04d 459efea8b0844fe0bdec17c4fb1a4490 - - - -] Unable to schedule network 8378db46-83e5-4a16-b7c0-80f2df13d6f7: no agents available; will retry on subsequent port and subnet creation events.
2026-07-10 01:10:24.214 9 INFO neutron.db.ovn_revision_numbers_db [None req-9d24d26d-f096-456f-b285-d4ed14002df6 01cc925c77c042c78916edf1f41f30ee 3bad5dc72cdc49459655619609b9a001 - - - -] Successfully bumped revision number for resource d62439ad-dcb8-4e20-a51b-67c95c3fa9a7 (type: ports) to 2
2026-07-10 01:10:24.248 9 WARNING neutron.scheduler.dhcp_agent_scheduler [None req-e60be56c-a8f6-41d2-9043-86ceca44f112 90f3bcdbeef84b46bf9829697a094613 93184c7435dd47f9b82b437086b62d65 - - - -] No more DHCP agents
2026-07-10 01:10:24.252 9 INFO neutron.db.ovn_revision_numbers_db [None req-9d24d26d-f096-456f-b285-d4ed14002df6 01cc925c77c042c78916edf1f41f30ee 3bad5dc72cdc49459655619609b9a001 - - - -] Successfully bumped revision number for resource 55aceda4-77e0-407d-ad05-865b11f83182 (type: subnets) to 0
2026-07-10 01:10:24.255 9 WARNING neutron.api.rpc.agentnotifiers.dhcp_rpc_agent_api [None req-e60be56c-a8f6-41d2-9043-86ceca44f112 90f3bcdbeef84b46bf9829697a094613 93184c7435dd47f9b82b437086b62d65 - - - -] Unable to schedule network 49de0924-8ae5-4271-9190-410519d791fa: no agents available; will retry on subsequent port and subnet creation events.
2026-07-10 01:10:24.258 10 INFO neutron.db.ovn_revision_numbers_db [None req-a6d57d1b-d687-4984-83a5-e64793769b24 93d5984468244940b78e9c440812e04d 459efea8b0844fe0bdec17c4fb1a4490 - - - -] Successfully bumped revision number for resource 2e0a9381-f37d-4f97-8a55-a7586c01435f (type: ports) to 1
2026-07-10 01:10:24.288 9 INFO neutron.wsgi [None req-9d24d26d-f096-456f-b285-d4ed14002df6 01cc925c77c042c78916edf1f41f30ee 3bad5dc72cdc49459655619609b9a001 - - - -] 10.0.0.89 "POST /v2.0/subnets HTTP/1.1" status: 201 len: 804 time: 1.2464421
2026-07-10 01:10:24.288 10 INFO neutron.wsgi [None req-a6d57d1b-d687-4984-83a5-e64793769b24 93d5984468244940b78e9c440812e04d 459efea8b0844fe0bdec17c4fb1a4490 - - - -] 10.0.0.89 "POST /v2.0/networks HTTP/1.1" status: 201 len: 831 time: 0.8231533
2026-07-10 01:10:24.416 9 INFO neutron.db.ovn_revision_numbers_db [None req-e60be56c-a8f6-41d2-9043-86ceca44f112 90f3bcdbeef84b46bf9829697a094613 93184c7435dd47f9b82b437086b62d65 - - - -] Successfully bumped revision number for resource 2e7a5b21-394c-46f2-924f-020a57b2830f (type: ports) to 1
2026-07-10 01:10:24.434 10 INFO neutron.db.segments_db [None req-d2694dae-b8ce-4a81-81f8-9894354ec2f4 01cc925c77c042c78916edf1f41f30ee 3bad5dc72cdc49459655619609b9a001 - - - -] Added segment aa3308c2-bc58-443a-b548-bab42e0c186d of type geneve for network 9f057b14-f6ed-4092-804c-fd81da99330d
2026-07-10 01:10:24.440 9 INFO neutron.wsgi [None req-e60be56c-a8f6-41d2-9043-86ceca44f112 90f3bcdbeef84b46bf9829697a094613 93184c7435dd47f9b82b437086b62d65 - - - -] 10.0.0.160 "POST /v2.0/ports HTTP/1.1" status: 201 len: 1333 time: 0.8774414
2026-07-10 01:10:24.624 10 INFO neutron.db.ovn_revision_numbers_db [None req-d2694dae-b8ce-4a81-81f8-9894354ec2f4 01cc925c77c042c78916edf1f41f30ee 3bad5dc72cdc49459655619609b9a001 - - - -] Successfully bumped revision number for resource 9f057b14-f6ed-4092-804c-fd81da99330d (type: networks) to 1
2026-07-10 01:10:24.650 10 WARNING neutron.scheduler.dhcp_agent_scheduler [None req-d009d2cb-6c72-476f-9d61-270120328fb4 93d5984468244940b78e9c440812e04d 459efea8b0844fe0bdec17c4fb1a4490 - - - -] No more DHCP agents
2026-07-10 01:10:24.652 10 WARNING neutron.api.rpc.agentnotifiers.dhcp_rpc_agent_api [None req-d009d2cb-6c72-476f-9d61-270120328fb4 93d5984468244940b78e9c440812e04d 459efea8b0844fe0bdec17c4fb1a4490 - - - -] Unable to schedule network 8378db46-83e5-4a16-b7c0-80f2df13d6f7: no agents available; will retry on subsequent port and subnet creation events.
2026-07-10 01:10:24.880 10 WARNING neutron.scheduler.dhcp_agent_scheduler [None req-d2694dae-b8ce-4a81-81f8-9894354ec2f4 01cc925c77c042c78916edf1f41f30ee 3bad5dc72cdc49459655619609b9a001 - - - -] No more DHCP agents
2026-07-10 01:10:24.883 10 WARNING neutron.api.rpc.agentnotifiers.dhcp_rpc_agent_api [None req-d2694dae-b8ce-4a81-81f8-9894354ec2f4 01cc925c77c042c78916edf1f41f30ee 3bad5dc72cdc49459655619609b9a001 - - - -] Unable to schedule network 9f057b14-f6ed-4092-804c-fd81da99330d: no agents available; will retry on subsequent port and subnet creation events.
2026-07-10 01:10:24.976 10 INFO neutron.db.ovn_revision_numbers_db [None req-d2694dae-b8ce-4a81-81f8-9894354ec2f4 01cc925c77c042c78916edf1f41f30ee 3bad5dc72cdc49459655619609b9a001 - - - -] Successfully bumped revision number for resource 966b9544-04cc-498b-8746-db72cda5e403 (type: ports) to 1
2026-07-10 01:10:25.005 10 INFO neutron.wsgi [None req-d2694dae-b8ce-4a81-81f8-9894354ec2f4 01cc925c77c042c78916edf1f41f30ee 3bad5dc72cdc49459655619609b9a001 - - - -] 10.0.0.89 "POST /v2.0/networks HTTP/1.1" status: 201 len: 829 time: 0.7122774 /var/lib/openstack/lib/python3.10/site-packages/pycadf/identifier.py:71: UserWarning: Invalid uuid: neutron. To ensure interoperability, identifiers should be a valid uuid. warnings.warn(('Invalid uuid: %s. To ensure interoperability, '
2026-07-10 01:10:25.240 10 INFO neutron.db.ovn_revision_numbers_db [None req-d009d2cb-6c72-476f-9d61-270120328fb4 93d5984468244940b78e9c440812e04d 459efea8b0844fe0bdec17c4fb1a4490 - - - -] Successfully bumped revision number for resource 2e0a9381-f37d-4f97-8a55-a7586c01435f (type: ports) to 2
2026-07-10 01:10:25.260 10 INFO neutron.db.ovn_revision_numbers_db [None req-d009d2cb-6c72-476f-9d61-270120328fb4 93d5984468244940b78e9c440812e04d 459efea8b0844fe0bdec17c4fb1a4490 - - - -] Successfully bumped revision number for resource bea3e538-8f6b-4322-8101-c146849e719d (type: subnets) to 0
2026-07-10 01:10:25.278 10 INFO neutron.wsgi [None req-d009d2cb-6c72-476f-9d61-270120328fb4 93d5984468244940b78e9c440812e04d 459efea8b0844fe0bdec17c4fb1a4490 - - - -] 10.0.0.89 "POST /v2.0/subnets HTTP/1.1" status: 201 len: 801 time: 0.9840469
2026-07-10 01:10:25.294 9 WARNING neutron.scheduler.dhcp_agent_scheduler [None req-e0362eb0-5bad-41d7-a24b-e92e092d958e 01cc925c77c042c78916edf1f41f30ee 3bad5dc72cdc49459655619609b9a001 - - - -] No more DHCP agents
2026-07-10 01:10:25.296 9 WARNING neutron.api.rpc.agentnotifiers.dhcp_rpc_agent_api [None req-e0362eb0-5bad-41d7-a24b-e92e092d958e 01cc925c77c042c78916edf1f41f30ee 3bad5dc72cdc49459655619609b9a001 - - - -] Unable to schedule network 9f057b14-f6ed-4092-804c-fd81da99330d: no agents available; will retry on subsequent port and subnet creation events.
2026-07-10 01:10:25.361 10 INFO neutron.wsgi [None req-54d780b5-976c-42af-bdc1-eb0c95ccb124 93d5984468244940b78e9c440812e04d 459efea8b0844fe0bdec17c4fb1a4490 - - - -] 10.0.0.89 "PUT /v2.0/subnets/bea3e538-8f6b-4322-8101-c146849e719d/tags HTTP/1.1" status: 200 len: 218 time: 0.0762725
2026-07-10 01:10:25.400 10 INFO neutron.wsgi [None req-74906d3d-0991-4c85-85f3-e7716a394c24 93d5984468244940b78e9c440812e04d 459efea8b0844fe0bdec17c4fb1a4490 - - default default] 10.0.0.89 "GET /v2.0/subnets/bea3e538-8f6b-4322-8101-c146849e719d/tags HTTP/1.1" status: 200 len: 218 time: 0.0341051
2026-07-10 01:10:25.492 10 INFO neutron.wsgi [None req-25b1ca65-d5bc-4091-a048-7b1ec65ebebc 93d5984468244940b78e9c440812e04d 459efea8b0844fe0bdec17c4fb1a4490 - - - -] 10.0.0.89 "PUT /v2.0/subnets/bea3e538-8f6b-4322-8101-c146849e719d/tags/green HTTP/1.1" status: 201 len: 201 time: 0.0822942
2026-07-10 01:10:25.565 9 INFO neutron.wsgi [None req-41c0c425-3930-4471-aa85-e28eda26703f 93d5984468244940b78e9c440812e04d 459efea8b0844fe0bdec17c4fb1a4490 - - default default] 10.0.0.89 "GET /v2.0/subnets/bea3e538-8f6b-4322-8101-c146849e719d/tags HTTP/1.1" status: 200 len: 227 time: 0.0684927
2026-07-10 01:10:25.613 10 INFO neutron.wsgi [None req-e4b707d2-4ed4-4612-80e5-4db9f9574c87 93d5984468244940b78e9c440812e04d 459efea8b0844fe0bdec17c4fb1a4490 - - - -] 10.0.0.89 "PUT /v2.0/subnets/bea3e538-8f6b-4322-8101-c146849e719d/tags/red HTTP/1.1" status: 201 len: 201 time: 0.0426986
2026-07-10 01:10:25.651 10 INFO neutron.wsgi [None req-ef737024-2acb-4a83-9280-595f7b49184d 93d5984468244940b78e9c440812e04d 459efea8b0844fe0bdec17c4fb1a4490 - - default default] 10.0.0.89 "GET /v2.0/subnets/bea3e538-8f6b-4322-8101-c146849e719d/tags HTTP/1.1" status: 200 len: 227 time: 0.0316443
2026-07-10 01:10:25.697 10 INFO neutron.wsgi [None req-281ed22e-8c70-49d3-a1c4-093daa5cd435 93d5984468244940b78e9c440812e04d 459efea8b0844fe0bdec17c4fb1a4490 - - - -] 10.0.0.89 "PUT /v2.0/subnets/bea3e538-8f6b-4322-8101-c146849e719d/tags/black.or.white HTTP/1.1" status: 201 len: 201 time: 0.0415726
2026-07-10 01:10:25.733 10 INFO neutron.wsgi [None req-e655f701-9a66-4241-b9e6-28ba9adf9a84 93d5984468244940b78e9c440812e04d 459efea8b0844fe0bdec17c4fb1a4490 - - default default] 10.0.0.89 "GET /v2.0/subnets/bea3e538-8f6b-4322-8101-c146849e719d/tags HTTP/1.1" status: 200 len: 245 time: 0.0314980
2026-07-10 01:10:25.790 10 INFO neutron.wsgi [None req-f65d2c9d-f1d2-40ae-9a58-d07192365b30 93d5984468244940b78e9c440812e04d 459efea8b0844fe0bdec17c4fb1a4490 - - - -] 10.0.0.89 "PUT /v2.0/subnets/bea3e538-8f6b-4322-8101-c146849e719d/tags HTTP/1.1" status: 200 len: 230 time: 0.0514750
2026-07-10 01:10:25.829 9 INFO neutron.db.ovn_revision_numbers_db [None req-e0362eb0-5bad-41d7-a24b-e92e092d958e 01cc925c77c042c78916edf1f41f30ee 3bad5dc72cdc49459655619609b9a001 - - - -] Successfully bumped revision number for resource 966b9544-04cc-498b-8746-db72cda5e403 (type: ports) to 2
2026-07-10 01:10:25.830 10 INFO neutron.wsgi [None req-cf8bb4be-f35c-482a-a3fb-0e096d0feab7 93d5984468244940b78e9c440812e04d 459efea8b0844fe0bdec17c4fb1a4490 - - default default] 10.0.0.89 "GET /v2.0/subnets/bea3e538-8f6b-4322-8101-c146849e719d/tags HTTP/1.1" status: 200 len: 230 time: 0.0355818
2026-07-10 01:10:25.861 9 INFO neutron.db.ovn_revision_numbers_db [None req-e0362eb0-5bad-41d7-a24b-e92e092d958e 01cc925c77c042c78916edf1f41f30ee 3bad5dc72cdc49459655619609b9a001 - - - -] Successfully bumped revision number for resource 2038e6ab-98d3-453c-bd1c-6f2b1ed13cbc (type: subnets) to 0
2026-07-10 01:10:25.865 10 INFO neutron.wsgi [None req-d7e6cff2-19b8-4d84-b5da-cd7fecf34746 93d5984468244940b78e9c440812e04d 459efea8b0844fe0bdec17c4fb1a4490 - - default default] 10.0.0.89 "GET /v2.0/subnets/bea3e538-8f6b-4322-8101-c146849e719d/tags/red HTTP/1.1" status: 204 len: 168 time: 0.0290992
2026-07-10 01:10:25.878 9 INFO neutron.wsgi [None req-e0362eb0-5bad-41d7-a24b-e92e092d958e 01cc925c77c042c78916edf1f41f30ee 3bad5dc72cdc49459655619609b9a001 - - - -] 10.0.0.89 "POST /v2.0/subnets HTTP/1.1" status: 201 len: 804 time: 0.8682566
2026-07-10 01:10:25.899 10 INFO neutron.api.v2.resource [None req-c71b2575-905e-4dc4-aed7-00866e521e6e 93d5984468244940b78e9c440812e04d 459efea8b0844fe0bdec17c4fb1a4490 - - default default] show failed (client error): The resource could not be found.
2026-07-10 01:10:25.901 10 INFO neutron.wsgi [None req-c71b2575-905e-4dc4-aed7-00866e521e6e 93d5984468244940b78e9c440812e04d 459efea8b0844fe0bdec17c4fb1a4490 - - default default] 10.0.0.89 "GET /v2.0/subnets/bea3e538-8f6b-4322-8101-c146849e719d/tags/green HTTP/1.1" status: 404 len: 299 time: 0.0315597
2026-07-10 01:10:25.953 9 INFO neutron.wsgi [None req-388424fe-3eaf-4f0e-b0e2-a5d56df46a98 93d5984468244940b78e9c440812e04d 459efea8b0844fe0bdec17c4fb1a4490 - - - -] 10.0.0.89 "DELETE /v2.0/subnets/bea3e538-8f6b-4322-8101-c146849e719d/tags/red HTTP/1.1" status: 204 len: 168 time: 0.0468035
2026-07-10 01:10:25.966 10 INFO neutron.wsgi [None req-e6873e18-2efa-4c3b-a46d-04fc578d275f 90f3bcdbeef84b46bf9829697a094613 93184c7435dd47f9b82b437086b62d65 - - default default] 199.19.213.80 "GET /v2.0/extensions/security-group HTTP/1.1" status: 200 len: 369 time: 0.0544257
2026-07-10 01:10:25.982 10 INFO neutron.wsgi [None req-61e5fdc4-e877-4466-b845-6c718ac0c80c 90f3bcdbeef84b46bf9829697a094613 93184c7435dd47f9b82b437086b62d65 - - default default] 199.19.213.80 "GET /v2.0/extensions/dns-integration HTTP/1.1" status: 200 len: 371 time: 0.0078239
2026-07-10 01:10:25.996 10 INFO neutron.wsgi [None req-c68fb237-f50b-46aa-8c65-8ccf5bcd890e 90f3bcdbeef84b46bf9829697a094613 93184c7435dd47f9b82b437086b62d65 - - default default] 199.19.213.80 "GET /v2.0/extensions/qos HTTP/1.1" status: 200 len: 365 time: 0.0054629
2026-07-10 01:10:26.000 9 INFO neutron.db.segments_db [None req-809c60d0-c883-46b6-9ce3-78fc41c3ee0c 01cc925c77c042c78916edf1f41f30ee 3bad5dc72cdc49459655619609b9a001 - - - -] Added segment 43817951-c911-48b7-b0ec-47fc90e9d1c0 of type geneve for network 8cbfd525-cfe0-4295-ac35-0c29211a12d2
2026-07-10 01:10:26.007 10 INFO neutron.wsgi [None req-7d0b9198-a203-423f-b9df-d97739f1541b 90f3bcdbeef84b46bf9829697a094613 93184c7435dd47f9b82b437086b62d65 - - default default] 199.19.213.80 "GET /v2.0/extensions/allowed-address-pairs HTTP/1.1" status: 200 len: 383 time: 0.0064144
2026-07-10 01:10:26.008 9 INFO neutron.wsgi [None req-bad32844-f3a1-4270-947d-e1d1ae15ff19 93d5984468244940b78e9c440812e04d 459efea8b0844fe0bdec17c4fb1a4490 - - default default] 10.0.0.89 "GET /v2.0/subnets/bea3e538-8f6b-4322-8101-c146849e719d/tags HTTP/1.1" status: 200 len: 223 time: 0.0490525
2026-07-10 01:10:26.063 10 INFO neutron.wsgi [None req-28223221-46b4-4233-99f3-7c00ec8fa0d0 90f3bcdbeef84b46bf9829697a094613 93184c7435dd47f9b82b437086b62d65 - - default default] 199.19.213.80 "GET /v2.0/ports/2e7a5b21-394c-46f2-924f-020a57b2830f HTTP/1.1" status: 200 len: 1328 time: 0.0503321
2026-07-10 01:10:26.072 10 INFO neutron.api.v2.resource [None req-fa441aee-bfdd-4652-ac99-55a41a7848be 93d5984468244940b78e9c440812e04d 459efea8b0844fe0bdec17c4fb1a4490 - - - -] delete failed (client error): The resource could not be found.
2026-07-10 01:10:26.073 10 INFO neutron.wsgi [None req-fa441aee-bfdd-4652-ac99-55a41a7848be 93d5984468244940b78e9c440812e04d 459efea8b0844fe0bdec17c4fb1a4490 - - - -] 10.0.0.89 "DELETE /v2.0/subnets/bea3e538-8f6b-4322-8101-c146849e719d/tags/green HTTP/1.1" status: 404 len: 299 time: 0.0581775
2026-07-10 01:10:26.139 10 INFO neutron.wsgi [None req-18ff8eb0-2332-44b3-a7ef-8974074f68fc 93d5984468244940b78e9c440812e04d 459efea8b0844fe0bdec17c4fb1a4490 - - - -] 10.0.0.89 "DELETE /v2.0/subnets/bea3e538-8f6b-4322-8101-c146849e719d/tags HTTP/1.1" status: 204 len: 168 time: 0.0599391
2026-07-10 01:10:26.179 10 INFO neutron.wsgi [None req-d5619276-7e5d-46fd-9d1e-39ba3685857b 90f3bcdbeef84b46bf9829697a094613 93184c7435dd47f9b82b437086b62d65 - - default default] 199.19.213.80 "GET /v2.0/extensions/security-group HTTP/1.1" status: 200 len: 369 time: 0.0059602
2026-07-10 01:10:26.184 9 INFO neutron.db.ovn_revision_numbers_db [None req-809c60d0-c883-46b6-9ce3-78fc41c3ee0c 01cc925c77c042c78916edf1f41f30ee 3bad5dc72cdc49459655619609b9a001 - - - -] Successfully bumped revision number for resource 8cbfd525-cfe0-4295-ac35-0c29211a12d2 (type: networks) to 1
2026-07-10 01:10:26.190 10 INFO neutron.wsgi [None req-95d3cd9f-22f6-4a46-bf23-7b2f23762a03 90f3bcdbeef84b46bf9829697a094613 93184c7435dd47f9b82b437086b62d65 - - default default] 199.19.213.80 "GET /v2.0/extensions/dns-integration HTTP/1.1" status: 200 len: 371 time: 0.0066576
2026-07-10 01:10:26.200 10 INFO neutron.wsgi [None req-093beacf-8a7c-483d-8350-8dc442d481fc 90f3bcdbeef84b46bf9829697a094613 93184c7435dd47f9b82b437086b62d65 - - default default] 199.19.213.80 "GET /v2.0/extensions/qos HTTP/1.1" status: 200 len: 365 time: 0.0059345
2026-07-10 01:10:26.210 10 INFO neutron.wsgi [None req-e502600d-5553-4d23-9c54-0835815a9472 90f3bcdbeef84b46bf9829697a094613 93184c7435dd47f9b82b437086b62d65 - - default default] 199.19.213.80 "GET /v2.0/extensions/allowed-address-pairs HTTP/1.1" status: 200 len: 383 time: 0.0038121
2026-07-10 01:10:26.214 9 INFO neutron.wsgi [None req-63c534ef-18b6-4800-9757-f4fd35893a5b 93d5984468244940b78e9c440812e04d 459efea8b0844fe0bdec17c4fb1a4490 - - default default] 10.0.0.89 "GET /v2.0/subnets/bea3e538-8f6b-4322-8101-c146849e719d/tags HTTP/1.1" status: 200 len: 205 time: 0.0549719
2026-07-10 01:10:26.264 10 INFO neutron.wsgi [None req-d83ed289-e5ca-4e3d-bf85-49c7b10b02f7 90f3bcdbeef84b46bf9829697a094613 93184c7435dd47f9b82b437086b62d65 - - default default] 199.19.213.80 "GET /v2.0/security-groups?name=lb-e5846468-ff47-460e-ab2f-2417412934d9 HTTP/1.1" status: 200 len: 221 time: 0.0442891
2026-07-10 01:10:26.428 9 WARNING neutron.scheduler.dhcp_agent_scheduler [None req-809c60d0-c883-46b6-9ce3-78fc41c3ee0c 01cc925c77c042c78916edf1f41f30ee 3bad5dc72cdc49459655619609b9a001 - - - -] No more DHCP agents
2026-07-10 01:10:26.430 9 WARNING neutron.api.rpc.agentnotifiers.dhcp_rpc_agent_api [None req-809c60d0-c883-46b6-9ce3-78fc41c3ee0c 01cc925c77c042c78916edf1f41f30ee 3bad5dc72cdc49459655619609b9a001 - - - -] Unable to schedule network 8cbfd525-cfe0-4295-ac35-0c29211a12d2: no agents available; will retry on subsequent port and subnet creation events.
2026-07-10 01:10:26.431 10 INFO neutron.db.ovn_revision_numbers_db [None req-3538fad1-c314-4cbe-8978-6f512d2264cb 90f3bcdbeef84b46bf9829697a094613 93184c7435dd47f9b82b437086b62d65 - - - -] Successfully bumped revision number for resource 3fb6bb9b-a192-44b2-a285-97d837514981 (type: security_groups) to 1
2026-07-10 01:10:26.467 10 INFO neutron.wsgi [None req-3538fad1-c314-4cbe-8978-6f512d2264cb 90f3bcdbeef84b46bf9829697a094613 93184c7435dd47f9b82b437086b62d65 - - - -] 199.19.213.80 "POST /v2.0/security-groups HTTP/1.1" status: 201 len: 1779 time: 0.1951680
2026-07-10 01:10:26.500 9 INFO neutron.db.ovn_revision_numbers_db [None req-809c60d0-c883-46b6-9ce3-78fc41c3ee0c 01cc925c77c042c78916edf1f41f30ee 3bad5dc72cdc49459655619609b9a001 - - - -] Successfully bumped revision number for resource f6447316-15d4-4c3e-a590-9cc27c5b08f2 (type: ports) to 1
2026-07-10 01:10:26.523 9 INFO neutron.wsgi [None req-809c60d0-c883-46b6-9ce3-78fc41c3ee0c 01cc925c77c042c78916edf1f41f30ee 3bad5dc72cdc49459655619609b9a001 - - - -] 10.0.0.89 "POST /v2.0/networks HTTP/1.1" status: 201 len: 831 time: 0.6397023
2026-07-10 01:10:26.819 9 WARNING neutron.scheduler.dhcp_agent_scheduler [None req-06806316-51fa-46d4-a76c-a7c8ee4eefdd 01cc925c77c042c78916edf1f41f30ee 3bad5dc72cdc49459655619609b9a001 - - - -] No more DHCP agents
2026-07-10 01:10:26.821 9 WARNING neutron.api.rpc.agentnotifiers.dhcp_rpc_agent_api [None req-06806316-51fa-46d4-a76c-a7c8ee4eefdd 01cc925c77c042c78916edf1f41f30ee 3bad5dc72cdc49459655619609b9a001 - - - -] Unable to schedule network 8cbfd525-cfe0-4295-ac35-0c29211a12d2: no agents available; will retry on subsequent port and subnet creation events.
2026-07-10 01:10:26.849 10 INFO neutron.wsgi [None req-0fc7417b-77f8-4201-b943-25d8e91f78f3 90f3bcdbeef84b46bf9829697a094613 93184c7435dd47f9b82b437086b62d65 - - default default] 199.19.213.80 "GET /v2.0/security-group-rules?security_group_id=3fb6bb9b-a192-44b2-a285-97d837514981 HTTP/1.1" status: 200 len: 1318 time: 0.3755836
2026-07-10 01:10:26.869 10 INFO neutron.wsgi [None req-31cbdf6d-c669-4169-99a7-bb2f6cfec0d7 93d5984468244940b78e9c440812e04d 459efea8b0844fe0bdec17c4fb1a4490 - - - -] 10.0.0.89 "DELETE /v2.0/subnets/bea3e538-8f6b-4322-8101-c146849e719d HTTP/1.1" status: 204 len: 168 time: 0.6328762
2026-07-10 01:10:27.386 9 INFO neutron.db.ovn_revision_numbers_db [None req-06806316-51fa-46d4-a76c-a7c8ee4eefdd 01cc925c77c042c78916edf1f41f30ee 3bad5dc72cdc49459655619609b9a001 - - - -] Successfully bumped revision number for resource f6447316-15d4-4c3e-a590-9cc27c5b08f2 (type: ports) to 2
2026-07-10 01:10:27.393 10 INFO neutron.services.segments.plugin [-] Segment bab99a8c-5248-4969-9ff6-fa9919000b54 resource provider aggregate not found
2026-07-10 01:10:27.411 9 INFO neutron.db.ovn_revision_numbers_db [None req-06806316-51fa-46d4-a76c-a7c8ee4eefdd 01cc925c77c042c78916edf1f41f30ee 3bad5dc72cdc49459655619609b9a001 - - - -] Successfully bumped revision number for resource d2e58078-4b8b-4181-89b5-f049efc9cad0 (type: subnets) to 0
2026-07-10 01:10:27.422 10 INFO neutron.services.segments.plugin [-] Segment bab99a8c-5248-4969-9ff6-fa9919000b54 resource provider not found; error: Placement Client Error (4xx): {"errors": [{"status": 404, "title": "Not Found", "detail": "The resource could not be found.\n\n No resource provider with uuid bab99a8c-5248-4969-9ff6-fa9919000b54 found for delete ", "request_id": "req-48738379-468a-48f8-a4f9-b9b453706718"}]}
2026-07-10 01:10:27.423 10 INFO neutron.services.segments.plugin [-] Segment bab99a8c-5248-4969-9ff6-fa9919000b54 resource provider aggregate not found
2026-07-10 01:10:27.431 9 INFO neutron.wsgi [None req-06806316-51fa-46d4-a76c-a7c8ee4eefdd 01cc925c77c042c78916edf1f41f30ee 3bad5dc72cdc49459655619609b9a001 - - - -] 10.0.0.89 "POST /v2.0/subnets HTTP/1.1" status: 201 len: 804 time: 0.9026592 /var/lib/openstack/lib/python3.10/site-packages/pycadf/identifier.py:71: UserWarning: Invalid uuid: neutron. To ensure interoperability, identifiers should be a valid uuid. warnings.warn(('Invalid uuid: %s. To ensure interoperability, '
2026-07-10 01:10:27.448 10 INFO neutron.services.segments.plugin [-] Segment bab99a8c-5248-4969-9ff6-fa9919000b54 resource provider not found; error: Placement Client Error (4xx): {"errors": [{"status": 404, "title": "Not Found", "detail": "The resource could not be found.\n\n No resource provider with uuid bab99a8c-5248-4969-9ff6-fa9919000b54 found for delete ", "request_id": "req-c90fd1d4-56ee-45f2-bdeb-fd5e4418486c"}]}
2026-07-10 01:10:27.468 10 INFO neutron.db.ovn_revision_numbers_db [None req-833247f4-aecc-45f1-82cc-e43500629c2b 90f3bcdbeef84b46bf9829697a094613 93184c7435dd47f9b82b437086b62d65 - - - -] Successfully bumped revision number for resource 2e7a5b21-394c-46f2-924f-020a57b2830f (type: ports) to 2
2026-07-10 01:10:27.485 10 INFO neutron.wsgi [None req-833247f4-aecc-45f1-82cc-e43500629c2b 90f3bcdbeef84b46bf9829697a094613 93184c7435dd47f9b82b437086b62d65 - - - -] 199.19.213.80 "PUT /v2.0/ports/2e7a5b21-394c-46f2-924f-020a57b2830f HTTP/1.1" status: 200 len: 1328 time: 0.6157603
2026-07-10 01:10:27.497 10 INFO neutron.wsgi [None req-6d1ac6a2-ecbc-4010-b874-a1ff12d38a42 93d5984468244940b78e9c440812e04d 459efea8b0844fe0bdec17c4fb1a4490 - - - -] 10.0.0.89 "DELETE /v2.0/networks/8378db46-83e5-4a16-b7c0-80f2df13d6f7 HTTP/1.1" status: 204 len: 168 time: 0.6228399
2026-07-10 01:10:27.511 10 INFO neutron.wsgi [None req-c2c98367-0157-4dbc-bb8c-c858375ad068 90f3bcdbeef84b46bf9829697a094613 93184c7435dd47f9b82b437086b62d65 - - default default] 199.19.213.80 "GET /v2.0/extensions/security-group HTTP/1.1" status: 200 len: 369 time: 0.0051932
2026-07-10 01:10:27.514 10 INFO neutron.wsgi [None req-9adc5120-e76f-4489-86c6-cfa99b4c8e3d 01cc925c77c042c78916edf1f41f30ee 3bad5dc72cdc49459655619609b9a001 - - - -] 10.0.0.89 "PUT /v2.0/subnets/586f0534-367f-4db0-b8c8-b5b18281e196/tags HTTP/1.1" status: 200 len: 210 time: 0.0764241
2026-07-10 01:10:27.520 10 INFO neutron.wsgi [None req-9ad8cf1c-5436-4e24-b74f-ee9a44cf2614 90f3bcdbeef84b46bf9829697a094613 93184c7435dd47f9b82b437086b62d65 - - default default] 199.19.213.80 "GET /v2.0/extensions/dns-integration HTTP/1.1" status: 200 len: 371 time: 0.0037112
2026-07-10 01:10:27.530 10 INFO neutron.wsgi [None req-22be5ccd-5430-4e7b-86e7-cfbab5d028fa 90f3bcdbeef84b46bf9829697a094613 93184c7435dd47f9b82b437086b62d65 - - default default] 199.19.213.80 "GET /v2.0/extensions/qos HTTP/1.1" status: 200 len: 365 time: 0.0033219
2026-07-10 01:10:27.537 10 INFO neutron.wsgi [None req-9e5683a8-c8e1-4e54-8036-3ecc79b695b2 90f3bcdbeef84b46bf9829697a094613 93184c7435dd47f9b82b437086b62d65 - - default default] 199.19.213.80 "GET /v2.0/extensions/allowed-address-pairs HTTP/1.1" status: 200 len: 383 time: 0.0036278
2026-07-10 01:10:27.562 9 INFO neutron.wsgi [None req-5996f817-d048-49aa-b17c-80de91a12883 01cc925c77c042c78916edf1f41f30ee 3bad5dc72cdc49459655619609b9a001 - - - -] 10.0.0.89 "PUT /v2.0/subnets/dce7f1ee-c17b-4dca-a0fb-205bf4f96653/tags HTTP/1.1" status: 200 len: 218 time: 0.0430865
2026-07-10 01:10:27.574 10 INFO neutron.wsgi [None req-a993595e-40c8-4e37-8bab-1ed4d2a08966 90f3bcdbeef84b46bf9829697a094613 93184c7435dd47f9b82b437086b62d65 - - default default] 199.19.213.80 "GET /v2.0/subnets/fb292f1e-d68a-4973-bf50-e461659f9fe3 HTTP/1.1" status: 200 len: 851 time: 0.0311289
2026-07-10 01:10:27.621 9 INFO neutron.wsgi [None req-970b0d90-8adc-4ea1-b981-44e44ff1ff9a 01cc925c77c042c78916edf1f41f30ee 3bad5dc72cdc49459655619609b9a001 - - - -] 10.0.0.89 "PUT /v2.0/subnets/55aceda4-77e0-407d-ad05-865b11f83182/tags HTTP/1.1" status: 200 len: 227 time: 0.0535915
2026-07-10 01:10:27.688 9 INFO neutron.wsgi [None req-2af2b399-fb6c-4bf9-9ef5-9bac49f9b0f8 01cc925c77c042c78916edf1f41f30ee 3bad5dc72cdc49459655619609b9a001 - - - -] 10.0.0.89 "PUT /v2.0/subnets/2038e6ab-98d3-453c-bd1c-6f2b1ed13cbc/tags HTTP/1.1" status: 200 len: 212 time: 0.0620935
2026-07-10 01:10:27.766 9 INFO neutron.wsgi [None req-92e6d2f3-7e69-4270-8a8c-2c27a079b540 01cc925c77c042c78916edf1f41f30ee 3bad5dc72cdc49459655619609b9a001 - - default default] 10.0.0.89 "GET /v2.0/subnets?tags=red HTTP/1.1" status: 200 len: 2027 time: 0.0732756
2026-07-10 01:10:27.836 9 INFO neutron.wsgi [None req-6500247c-16f7-4657-a139-b458778939a4 01cc925c77c042c78916edf1f41f30ee 3bad5dc72cdc49459655619609b9a001 - - default default] 10.0.0.89 "GET /v2.0/subnets?tags=red%2Cblue HTTP/1.1" status: 200 len: 1430 time: 0.0654435
2026-07-10 01:10:27.909 9 INFO neutron.wsgi [None req-c87e90b5-dd1d-44cd-93b7-73748a6a4250 01cc925c77c042c78916edf1f41f30ee 3bad5dc72cdc49459655619609b9a001 - - default default] 10.0.0.89 "GET /v2.0/subnets?tags-any=blue HTTP/1.1" status: 200 len: 1430 time: 0.0679171
2026-07-10 01:10:27.973 9 INFO neutron.wsgi [None req-b63153d5-a9dc-4b98-808a-5aca8912a866 01cc925c77c042c78916edf1f41f30ee 3bad5dc72cdc49459655619609b9a001 - - default default] 10.0.0.89 "GET /v2.0/subnets?tags-any=red%2Cblue HTTP/1.1" status: 200 len: 2027 time: 0.0590820
2026-07-10 01:10:28.071 9 INFO neutron.wsgi [None req-c5946a85-cce6-4011-8c42-4bee1095fcb4 01cc925c77c042c78916edf1f41f30ee 3bad5dc72cdc49459655619609b9a001 - - default default] 10.0.0.89 "GET /v2.0/subnets?not-tags=red HTTP/1.1" status: 200 len: 2018 time: 0.0911505
2026-07-10 01:10:28.185 9 INFO neutron.wsgi [None req-4a022dd8-796a-46d3-b5c0-6a4cf79ae5ad 01cc925c77c042c78916edf1f41f30ee 3bad5dc72cdc49459655619609b9a001 - - default default] 10.0.0.89 "GET /v2.0/subnets?not-tags=red%2Cblue HTTP/1.1" status: 200 len: 2615 time: 0.1043496
2026-07-10 01:10:28.275 10 INFO neutron.wsgi [None req-7f009f14-e46a-441d-aa19-21784b52df0e 01cc925c77c042c78916edf1f41f30ee 3bad5dc72cdc49459655619609b9a001 - - default default] 10.0.0.89 "GET /v2.0/subnets?not-tags-any=blue HTTP/1.1" status: 200 len: 2615 time: 0.0848248
2026-07-10 01:10:28.327 10 INFO neutron.wsgi [None req-cf20a2f7-7808-45af-b7af-9b312fc847ea 01cc925c77c042c78916edf1f41f30ee 3bad5dc72cdc49459655619609b9a001 - - default default] 10.0.0.89 "GET /v2.0/subnets?not-tags-any=red%2Cblue HTTP/1.1" status: 200 len: 2018 time: 0.0461895
2026-07-10 01:10:28.405 9 INFO neutron.db.ovn_revision_numbers_db [None req-c480e072-b418-44c2-b9d5-3ed836537aa5 90f3bcdbeef84b46bf9829697a094613 93184c7435dd47f9b82b437086b62d65 - - default default] Successfully bumped revision number for resource 4a6bc2df-a10a-4405-ab9a-f7ca00b9fa39 (type: security_groups) to 1
2026-07-10 01:10:28.429 9 INFO neutron.wsgi [None req-c480e072-b418-44c2-b9d5-3ed836537aa5 90f3bcdbeef84b46bf9829697a094613 93184c7435dd47f9b82b437086b62d65 - - default default] 10.0.0.89 "GET /v2.0/security-groups?tenant_id=c0da77abd73543d380cbb9cbe22431f2&name=default HTTP/1.1" status: 200 len: 3000 time: 0.2285295
2026-07-10 01:10:28.622 10 INFO neutron.wsgi [None req-cbb9a024-f91b-43c2-9672-0203007471e4 01cc925c77c042c78916edf1f41f30ee 3bad5dc72cdc49459655619609b9a001 - - - -] 10.0.0.89 "DELETE /v2.0/subnets/586f0534-367f-4db0-b8c8-b5b18281e196 HTTP/1.1" status: 204 len: 168 time: 0.2898219
2026-07-10 01:10:28.696 10 INFO neutron.wsgi [None req-64eee3f2-f2d9-4fb0-a130-40a7ab384b3c 90f3bcdbeef84b46bf9829697a094613 93184c7435dd47f9b82b437086b62d65 - - - -] 10.0.0.89 "DELETE /v2.0/security-groups/4a6bc2df-a10a-4405-ab9a-f7ca00b9fa39 HTTP/1.1" status: 204 len: 168 time: 0.2581911
2026-07-10 01:10:28.839 10 INFO neutron.wsgi [None req-511f58ff-3eb2-48e2-aec7-d4b9e808b1af 90f3bcdbeef84b46bf9829697a094613 93184c7435dd47f9b82b437086b62d65 - - default default] 10.0.0.89 "GET /v2.0/security-groups?tenant_id=459efea8b0844fe0bdec17c4fb1a4490&name=default HTTP/1.1" status: 200 len: 3000 time: 0.0461626
2026-07-10 01:10:28.876 9 INFO neutron.wsgi [None req-177f3abc-7e2d-4675-93bf-8d6e5585bf16 01cc925c77c042c78916edf1f41f30ee 3bad5dc72cdc49459655619609b9a001 - - - -] 10.0.0.89 "DELETE /v2.0/subnets/dce7f1ee-c17b-4dca-a0fb-205bf4f96653 HTTP/1.1" status: 204 len: 168 time: 0.2479725
2026-07-10 01:10:29.087 9 INFO neutron.wsgi [None req-d22714ae-20d1-4025-9783-ab25eb4dec5a 90f3bcdbeef84b46bf9829697a094613 93184c7435dd47f9b82b437086b62d65 - - - -] 10.0.0.89 "DELETE /v2.0/security-groups/af3ff1aa-6f3c-41b3-abbe-e6ebfdc3cd86 HTTP/1.1" status: 204 len: 168 time: 0.2435081
