2026-07-10 01:08:52.216 9 INFO neutron.wsgi [req-e2d4a03e-7ac9-4ec8-b6eb-3bed7332d404 req-74e78e1d-b995-4730-8322-aa7aedc4c22d 89c3fae6dcb646aa91c28996fe156959 faffad71723d45fd97606657dda41426 - - 8de3764cfd4c4215a6bb461fcf116421 8de3764cfd4c4215a6bb461fcf116421] 199.19.213.80 "GET /v2.0/networks/e09d8c72-f5ff-4d50-bcf2-67008d63a030?fields=segments HTTP/1.1" status: 200 len: 212 time: 0.1357238
2026-07-10 01:08:52.228 9 INFO neutron.wsgi [None req-0667cf2b-ffd9-460d-a11a-6ac989f33dca 90f3bcdbeef84b46bf9829697a094613 93184c7435dd47f9b82b437086b62d65 - - - -] 10.0.0.89 "DELETE /v2.0/routers/90b34b3f-4154-41bd-9d3c-931516234632 HTTP/1.1" status: 204 len: 168 time: 1.3486197
2026-07-10 01:08:52.328 9 INFO neutron.wsgi [req-e2d4a03e-7ac9-4ec8-b6eb-3bed7332d404 req-fe6f5319-a553-449d-b881-37407b419cca 89c3fae6dcb646aa91c28996fe156959 faffad71723d45fd97606657dda41426 - - 8de3764cfd4c4215a6bb461fcf116421 8de3764cfd4c4215a6bb461fcf116421] 199.19.213.80 "GET /v2.0/networks/e09d8c72-f5ff-4d50-bcf2-67008d63a030?fields=provider%3Aphysical_network&fields=provider%3Anetwork_type HTTP/1.1" status: 200 len: 277 time: 0.0992241
2026-07-10 01:08:52.418 9 INFO neutron.wsgi [req-75880a4c-7f83-48cf-b615-801b4754c0b7 req-9787c8d5-baca-454e-864e-a0e034a3c152 89c3fae6dcb646aa91c28996fe156959 faffad71723d45fd97606657dda41426 - - 8de3764cfd4c4215a6bb461fcf116421 8de3764cfd4c4215a6bb461fcf116421] 199.19.213.80 "GET /v2.0/ports?tenant_id=73c3613313054f7fa0b02d43fe4b5e9f&device_id=cf0097f0-04da-4bd3-b85f-efc095385bda HTTP/1.1" status: 200 len: 1361 time: 0.0412192
2026-07-10 01:08:52.498 9 INFO neutron.wsgi [req-75880a4c-7f83-48cf-b615-801b4754c0b7 req-6aec9550-6b4a-41aa-b56f-cb6ecb14384d 89c3fae6dcb646aa91c28996fe156959 faffad71723d45fd97606657dda41426 - - 8de3764cfd4c4215a6bb461fcf116421 8de3764cfd4c4215a6bb461fcf116421] 199.19.213.80 "GET /v2.0/networks?id=e09d8c72-f5ff-4d50-bcf2-67008d63a030 HTTP/1.1" status: 200 len: 957 time: 0.0723720
2026-07-10 01:08:52.555 9 INFO neutron.wsgi [None req-03c48463-497b-44fa-9d60-260f5b90fdc1 90f3bcdbeef84b46bf9829697a094613 93184c7435dd47f9b82b437086b62d65 - - - -] 10.0.0.89 "DELETE /v2.0/subnets/19fce682-e2da-421c-9c90-334a8f8c0368 HTTP/1.1" status: 204 len: 168 time: 0.3142443
2026-07-10 01:08:52.567 9 INFO neutron.wsgi [req-75880a4c-7f83-48cf-b615-801b4754c0b7 req-6bb25cee-3c63-4400-98e2-8fe9943e0379 89c3fae6dcb646aa91c28996fe156959 faffad71723d45fd97606657dda41426 - - 8de3764cfd4c4215a6bb461fcf116421 8de3764cfd4c4215a6bb461fcf116421] 199.19.213.80 "GET /v2.0/floatingips?fixed_ip_address=10.100.0.7&port_id=f6314d6a-c652-4479-9dde-cbf67114ee0b HTTP/1.1" status: 200 len: 1059 time: 0.0588572
2026-07-10 01:08:52.625 9 INFO neutron.wsgi [req-75880a4c-7f83-48cf-b615-801b4754c0b7 req-25473e41-978e-46df-ae61-ed501d571156 89c3fae6dcb646aa91c28996fe156959 faffad71723d45fd97606657dda41426 - - 8de3764cfd4c4215a6bb461fcf116421 8de3764cfd4c4215a6bb461fcf116421] 199.19.213.80 "GET /v2.0/subnets?id=72b669ad-5ba1-459e-a24b-113ea7725e48 HTTP/1.1" status: 200 len: 853 time: 0.0500140
2026-07-10 01:08:52.670 9 INFO neutron.wsgi [req-75880a4c-7f83-48cf-b615-801b4754c0b7 req-e9e003c4-58fd-4e24-b42e-6abce31372fd 89c3fae6dcb646aa91c28996fe156959 faffad71723d45fd97606657dda41426 - - 8de3764cfd4c4215a6bb461fcf116421 8de3764cfd4c4215a6bb461fcf116421] 199.19.213.80 "GET /v2.0/ports?network_id=e09d8c72-f5ff-4d50-bcf2-67008d63a030&device_owner=network%3Adhcp HTTP/1.1" status: 200 len: 210 time: 0.0370476
2026-07-10 01:08:52.765 9 INFO neutron.wsgi [req-75880a4c-7f83-48cf-b615-801b4754c0b7 req-bb1bb4a1-cc39-43eb-98d2-103367c59695 89c3fae6dcb646aa91c28996fe156959 faffad71723d45fd97606657dda41426 - - 8de3764cfd4c4215a6bb461fcf116421 8de3764cfd4c4215a6bb461fcf116421] 199.19.213.80 "GET /v2.0/networks/e09d8c72-f5ff-4d50-bcf2-67008d63a030?fields=segments HTTP/1.1" status: 200 len: 212 time: 0.0854852
2026-07-10 01:08:52.872 9 INFO neutron.wsgi [req-75880a4c-7f83-48cf-b615-801b4754c0b7 req-099c2b54-a98f-43a9-9a18-21deac4a6996 89c3fae6dcb646aa91c28996fe156959 faffad71723d45fd97606657dda41426 - - 8de3764cfd4c4215a6bb461fcf116421 8de3764cfd4c4215a6bb461fcf116421] 199.19.213.80 "GET /v2.0/networks/e09d8c72-f5ff-4d50-bcf2-67008d63a030?fields=provider%3Aphysical_network&fields=provider%3Anetwork_type HTTP/1.1" status: 200 len: 277 time: 0.0844250
2026-07-10 01:08:53.060 9 INFO neutron.services.segments.plugin [-] Segment 01ff93f6-2c47-49be-b5c3-e672166a26d3 resource provider aggregate not found
2026-07-10 01:08:53.073 9 INFO neutron.services.segments.plugin [-] Segment 01ff93f6-2c47-49be-b5c3-e672166a26d3 resource provider aggregate not found
2026-07-10 01:08:53.094 9 INFO neutron.services.segments.plugin [-] Segment 01ff93f6-2c47-49be-b5c3-e672166a26d3 resource provider not found; error: Placement Client Error (4xx): {"errors": [{"status": 404, "title": "Not Found", "detail": "The resource could not be found.\n\n No resource provider with uuid 01ff93f6-2c47-49be-b5c3-e672166a26d3 found for delete ", "request_id": "req-4c7d5a1b-dee9-4646-85f8-e4cc3bdf3361"}]}
2026-07-10 01:08:53.099 9 INFO neutron.services.segments.plugin [-] Segment 01ff93f6-2c47-49be-b5c3-e672166a26d3 resource provider not found; error: Placement Client Error (4xx): {"errors": [{"status": 404, "title": "Not Found", "detail": "The resource could not be found.\n\n No resource provider with uuid 01ff93f6-2c47-49be-b5c3-e672166a26d3 found for delete ", "request_id": "req-055eb096-d68d-456b-af32-6d2c647a991d"}]}
2026-07-10 01:08:53.107 9 INFO neutron.wsgi [None req-e8d906af-8e47-4db6-897c-5ebdaf858b75 90f3bcdbeef84b46bf9829697a094613 93184c7435dd47f9b82b437086b62d65 - - - -] 10.0.0.89 "DELETE /v2.0/networks/5eae4077-ab16-486b-a429-f619e61188d1 HTTP/1.1" status: 204 len: 168 time: 0.5463257
2026-07-10 01:08:53.310 9 INFO neutron.wsgi [None req-abf4b0ac-c2ad-4148-97e1-1c8c7cfe3d09 90f3bcdbeef84b46bf9829697a094613 93184c7435dd47f9b82b437086b62d65 - - default default] 10.0.0.89 "GET /v2.0/security-groups?tenant_id=e1782424438a48e3af058801477f4bd5&name=default HTTP/1.1" status: 200 len: 2996 time: 0.0475709
2026-07-10 01:08:53.524 9 INFO neutron.wsgi [None req-502e68c2-1442-460e-826f-9f53c97ed789 90f3bcdbeef84b46bf9829697a094613 93184c7435dd47f9b82b437086b62d65 - - - -] 10.0.0.89 "DELETE /v2.0/security-groups/3bf5b779-bb00-4435-b44d-de2b8a7990d6 HTTP/1.1" status: 204 len: 168 time: 0.2061229
2026-07-10 01:08:56.942 10 INFO neutron.wsgi [None req-e91e33df-a59a-46de-a871-0b2e2dcd6098 86fec3c7aa2a44e7affe2edb565f4ffd 6e3b3a511e4c4698851200ca7928410a - - - -] 10.0.0.89 "POST /v2.0/subnetpools HTTP/1.1" status: 201 len: 715 time: 0.2958496
2026-07-10 01:08:57.030 10 INFO neutron.wsgi [None req-de97521e-eb3b-4d0d-b644-4e46637bb67f 86fec3c7aa2a44e7affe2edb565f4ffd 6e3b3a511e4c4698851200ca7928410a - - - -] 10.0.0.89 "POST /v2.0/subnetpools HTTP/1.1" status: 201 len: 715 time: 0.0830338
2026-07-10 01:08:57.107 10 INFO neutron.wsgi [None req-ae03490b-8784-47e0-a702-6fa088d2767d 86fec3c7aa2a44e7affe2edb565f4ffd 6e3b3a511e4c4698851200ca7928410a - - - -] 10.0.0.89 "POST /v2.0/subnetpools HTTP/1.1" status: 201 len: 715 time: 0.0714352
2026-07-10 01:08:57.202 9 INFO neutron.wsgi [None req-0da198f5-09fa-47d8-b750-a75a96500762 86fec3c7aa2a44e7affe2edb565f4ffd 6e3b3a511e4c4698851200ca7928410a - - - -] 10.0.0.89 "POST /v2.0/subnetpools HTTP/1.1" status: 201 len: 715 time: 0.0836020
2026-07-10 01:08:57.280 10 INFO neutron.wsgi [None req-e5be38d0-1e1f-4524-8c75-bb8d68467785 86fec3c7aa2a44e7affe2edb565f4ffd 6e3b3a511e4c4698851200ca7928410a - - - -] 10.0.0.89 "POST /v2.0/subnetpools HTTP/1.1" status: 201 len: 715 time: 0.0712357
2026-07-10 01:08:57.323 10 INFO neutron.wsgi [None req-3bbf2231-c697-49ed-be52-3ea923304e39 86fec3c7aa2a44e7affe2edb565f4ffd 6e3b3a511e4c4698851200ca7928410a - - - -] 10.0.0.89 "PUT /v2.0/subnetpools/b89bd8bc-9508-433a-af39-db2470a579fc/tags HTTP/1.1" status: 200 len: 210 time: 0.0371957
2026-07-10 01:08:57.353 10 INFO neutron.wsgi [None req-4ccaafd8-8339-49c1-afdb-87d7da7a741c 86fec3c7aa2a44e7affe2edb565f4ffd 6e3b3a511e4c4698851200ca7928410a - - - -] 10.0.0.89 "PUT /v2.0/subnetpools/0a471bc7-7706-49f4-a3bf-df23f0b59dab/tags HTTP/1.1" status: 200 len: 218 time: 0.0241294
2026-07-10 01:08:57.392 10 INFO neutron.wsgi [None req-1ac92963-b14d-4886-8b5a-1d5bff4c6c0f 86fec3c7aa2a44e7affe2edb565f4ffd 6e3b3a511e4c4698851200ca7928410a - - - -] 10.0.0.89 "PUT /v2.0/subnetpools/b1cccf3a-aa2f-4207-b7d8-c1891456b13a/tags HTTP/1.1" status: 200 len: 227 time: 0.0333641
2026-07-10 01:08:57.425 10 INFO neutron.wsgi [None req-21afe9f3-3e76-48cc-a156-c3568fedaffb 86fec3c7aa2a44e7affe2edb565f4ffd 6e3b3a511e4c4698851200ca7928410a - - - -] 10.0.0.89 "PUT /v2.0/subnetpools/1735e649-03c5-4ae2-98bf-c3ed3d5e10d1/tags HTTP/1.1" status: 200 len: 212 time: 0.0272312
2026-07-10 01:08:57.457 10 INFO neutron.wsgi [None req-cf9e5b0f-187a-4acd-95ad-a34d64f4dd90 86fec3c7aa2a44e7affe2edb565f4ffd 6e3b3a511e4c4698851200ca7928410a - - default default] 10.0.0.89 "GET /v2.0/subnetpools?tags=red HTTP/1.1" status: 200 len: 1758 time: 0.0266919
2026-07-10 01:08:57.496 10 INFO neutron.wsgi [None req-31a043ce-1b02-48c2-a0d2-3dc941be1918 86fec3c7aa2a44e7affe2edb565f4ffd 6e3b3a511e4c4698851200ca7928410a - - default default] 10.0.0.89 "GET /v2.0/subnetpools?tags=red%2Cblue HTTP/1.1" status: 200 len: 1251 time: 0.0341833
2026-07-10 01:08:57.531 10 INFO neutron.wsgi [None req-466fb700-685a-4d98-bd02-075577b3bb8d 86fec3c7aa2a44e7affe2edb565f4ffd 6e3b3a511e4c4698851200ca7928410a - - default default] 10.0.0.89 "GET /v2.0/subnetpools?tags-any=blue HTTP/1.1" status: 200 len: 1251 time: 0.0294402
2026-07-10 01:08:57.560 10 INFO neutron.wsgi [None req-1572317b-d839-4779-87ef-afa78c0bb505 86fec3c7aa2a44e7affe2edb565f4ffd 6e3b3a511e4c4698851200ca7928410a - - default default] 10.0.0.89 "GET /v2.0/subnetpools?tags-any=red%2Cblue HTTP/1.1" status: 200 len: 1758 time: 0.0230951
2026-07-10 01:08:57.593 10 INFO neutron.wsgi [None req-1fb818b9-1be1-4ae1-ba7d-9ff10e94587d 86fec3c7aa2a44e7affe2edb565f4ffd 6e3b3a511e4c4698851200ca7928410a - - default default] 10.0.0.89 "GET /v2.0/subnetpools?not-tags=red HTTP/1.1" status: 200 len: 1223 time: 0.0272043
2026-07-10 01:08:57.650 10 INFO neutron.wsgi [None req-1b033092-f0c1-4fa8-841a-a7a90906ce89 86fec3c7aa2a44e7affe2edb565f4ffd 6e3b3a511e4c4698851200ca7928410a - - default default] 10.0.0.89 "GET /v2.0/subnetpools?not-tags=red%2Cblue HTTP/1.1" status: 200 len: 1730 time: 0.0523646
2026-07-10 01:08:57.701 9 INFO neutron.wsgi [None req-a7b49f6b-041c-4f2c-b987-5db4c9ed1973 86fec3c7aa2a44e7affe2edb565f4ffd 6e3b3a511e4c4698851200ca7928410a - - default default] 10.0.0.89 "GET /v2.0/subnetpools?not-tags-any=blue HTTP/1.1" status: 200 len: 1730 time: 0.0446401
2026-07-10 01:08:57.736 9 INFO neutron.wsgi [None req-bb91804e-e8de-4b93-a09e-cf3f66278c45 86fec3c7aa2a44e7affe2edb565f4ffd 6e3b3a511e4c4698851200ca7928410a - - default default] 10.0.0.89 "GET /v2.0/subnetpools?not-tags-any=red%2Cblue HTTP/1.1" status: 200 len: 1223 time: 0.0302291
2026-07-10 01:08:57.813 9 INFO neutron.wsgi [None req-9a6b9c64-3f49-408d-b8d7-02e235da5d5d 86fec3c7aa2a44e7affe2edb565f4ffd 6e3b3a511e4c4698851200ca7928410a - - - -] 10.0.0.89 "DELETE /v2.0/subnetpools/b89bd8bc-9508-433a-af39-db2470a579fc HTTP/1.1" status: 204 len: 168 time: 0.0715475
2026-07-10 01:08:57.894 9 INFO neutron.wsgi [None req-a59982d9-8de4-4b7f-858d-c9b3d0946e54 86fec3c7aa2a44e7affe2edb565f4ffd 6e3b3a511e4c4698851200ca7928410a - - - -] 10.0.0.89 "DELETE /v2.0/subnetpools/0a471bc7-7706-49f4-a3bf-df23f0b59dab HTTP/1.1" status: 204 len: 168 time: 0.0756946
2026-07-10 01:08:57.957 9 INFO neutron.wsgi [None req-e782f57a-6931-4032-8f13-96a8454a4db8 86fec3c7aa2a44e7affe2edb565f4ffd 6e3b3a511e4c4698851200ca7928410a - - - -] 10.0.0.89 "DELETE /v2.0/subnetpools/b1cccf3a-aa2f-4207-b7d8-c1891456b13a HTTP/1.1" status: 204 len: 168 time: 0.0571914
2026-07-10 01:08:58.038 10 INFO neutron.wsgi [None req-dda38ec9-e171-47be-b3c7-8bf6cb3fce03 86fec3c7aa2a44e7affe2edb565f4ffd 6e3b3a511e4c4698851200ca7928410a - - - -] 10.0.0.89 "DELETE /v2.0/subnetpools/1735e649-03c5-4ae2-98bf-c3ed3d5e10d1 HTTP/1.1" status: 204 len: 168 time: 0.0748425
2026-07-10 01:08:58.102 10 INFO neutron.wsgi [None req-843583e3-0f53-40a0-9568-0bdd5f7e2cc8 86fec3c7aa2a44e7affe2edb565f4ffd 6e3b3a511e4c4698851200ca7928410a - - - -] 10.0.0.89 "DELETE /v2.0/subnetpools/9bdf6b0d-f388-4277-be22-934871c824cf HTTP/1.1" status: 204 len: 168 time: 0.0592856
2026-07-10 01:08:58.343 9 INFO neutron.db.ovn_revision_numbers_db [None req-b566338b-6fe9-4b1b-9fbd-8f9bfd9d393a 2a6fafaba51a4989810cebe15d3ea7f8 e9098ab685ec4118b7d6d18a991514b0 - - - -] Successfully bumped revision number for resource da9c1abd-0b44-4322-84ec-1a13ed1e6dd6 (type: security_groups) to 1
2026-07-10 01:08:58.399 9 INFO neutron.db.segments_db [None req-b566338b-6fe9-4b1b-9fbd-8f9bfd9d393a 2a6fafaba51a4989810cebe15d3ea7f8 e9098ab685ec4118b7d6d18a991514b0 - - - -] Added segment f526d294-4945-4517-a389-e776174ded12 of type geneve for network b6cb45f9-d5e6-454d-9969-2d063480a8de
2026-07-10 01:08:58.540 9 INFO neutron.db.ovn_revision_numbers_db [None req-b566338b-6fe9-4b1b-9fbd-8f9bfd9d393a 2a6fafaba51a4989810cebe15d3ea7f8 e9098ab685ec4118b7d6d18a991514b0 - - - -] Successfully bumped revision number for resource b6cb45f9-d5e6-454d-9969-2d063480a8de (type: networks) to 1
2026-07-10 01:08:58.735 9 WARNING neutron.scheduler.dhcp_agent_scheduler [None req-b566338b-6fe9-4b1b-9fbd-8f9bfd9d393a 2a6fafaba51a4989810cebe15d3ea7f8 e9098ab685ec4118b7d6d18a991514b0 - - - -] No more DHCP agents
2026-07-10 01:08:58.737 9 WARNING neutron.api.rpc.agentnotifiers.dhcp_rpc_agent_api [None req-b566338b-6fe9-4b1b-9fbd-8f9bfd9d393a 2a6fafaba51a4989810cebe15d3ea7f8 e9098ab685ec4118b7d6d18a991514b0 - - - -] Unable to schedule network b6cb45f9-d5e6-454d-9969-2d063480a8de: no agents available; will retry on subsequent port and subnet creation events.
2026-07-10 01:08:58.817 9 INFO neutron.db.ovn_revision_numbers_db [None req-b566338b-6fe9-4b1b-9fbd-8f9bfd9d393a 2a6fafaba51a4989810cebe15d3ea7f8 e9098ab685ec4118b7d6d18a991514b0 - - - -] Successfully bumped revision number for resource 7364e9c7-828b-4355-bd5e-1e0d52ab19e0 (type: ports) to 1
2026-07-10 01:08:58.840 9 INFO neutron.wsgi [None req-b566338b-6fe9-4b1b-9fbd-8f9bfd9d393a 2a6fafaba51a4989810cebe15d3ea7f8 e9098ab685ec4118b7d6d18a991514b0 - - - -] 10.0.0.89 "POST /v2.0/networks HTTP/1.1" status: 201 len: 831 time: 0.8575263
2026-07-10 01:08:58.937 9 INFO neutron.db.segments_db [None req-b4e71c89-648c-4677-a44d-6c353525a954 2a6fafaba51a4989810cebe15d3ea7f8 e9098ab685ec4118b7d6d18a991514b0 - - - -] Added segment 6057d549-f6c5-4a0a-91f0-ea17af1e9ce4 of type geneve for network eaacdbf0-09c4-4a61-bd75-809d77c955f2
2026-07-10 01:08:59.090 9 INFO neutron.db.ovn_revision_numbers_db [None req-b4e71c89-648c-4677-a44d-6c353525a954 2a6fafaba51a4989810cebe15d3ea7f8 e9098ab685ec4118b7d6d18a991514b0 - - - -] Successfully bumped revision number for resource eaacdbf0-09c4-4a61-bd75-809d77c955f2 (type: networks) to 1
2026-07-10 01:08:59.211 10 INFO neutron.db.ovn_revision_numbers_db [None req-d5e472c1-4540-4b6e-816d-ea5151746ad4 90f3bcdbeef84b46bf9829697a094613 93184c7435dd47f9b82b437086b62d65 - - default default] Successfully bumped revision number for resource dab24e91-8bb3-424c-bd94-15e765d83a23 (type: security_groups) to 1
2026-07-10 01:08:59.319 9 WARNING neutron.scheduler.dhcp_agent_scheduler [None req-b4e71c89-648c-4677-a44d-6c353525a954 2a6fafaba51a4989810cebe15d3ea7f8 e9098ab685ec4118b7d6d18a991514b0 - - - -] No more DHCP agents
2026-07-10 01:08:59.322 9 WARNING neutron.api.rpc.agentnotifiers.dhcp_rpc_agent_api [None req-b4e71c89-648c-4677-a44d-6c353525a954 2a6fafaba51a4989810cebe15d3ea7f8 e9098ab685ec4118b7d6d18a991514b0 - - - -] Unable to schedule network eaacdbf0-09c4-4a61-bd75-809d77c955f2: no agents available; will retry on subsequent port and subnet creation events.
2026-07-10 01:08:59.406 9 INFO neutron.db.ovn_revision_numbers_db [None req-b4e71c89-648c-4677-a44d-6c353525a954 2a6fafaba51a4989810cebe15d3ea7f8 e9098ab685ec4118b7d6d18a991514b0 - - - -] Successfully bumped revision number for resource 401d05d9-7b89-4627-b50c-6de442eba7e6 (type: ports) to 1
2026-07-10 01:08:59.433 9 INFO neutron.wsgi [None req-b4e71c89-648c-4677-a44d-6c353525a954 2a6fafaba51a4989810cebe15d3ea7f8 e9098ab685ec4118b7d6d18a991514b0 - - - -] 10.0.0.89 "POST /v2.0/networks HTTP/1.1" status: 201 len: 831 time: 0.5872834
2026-07-10 01:08:59.533 9 INFO neutron.db.segments_db [None req-907ade95-9772-45fa-aa59-b48e981a8449 2a6fafaba51a4989810cebe15d3ea7f8 e9098ab685ec4118b7d6d18a991514b0 - - - -] Added segment a463653c-0fea-420c-930e-d6532641e2cd of type geneve for network 50ca04fe-7562-4559-8551-65a39181bbe8
2026-07-10 01:08:59.668 9 INFO neutron.db.ovn_revision_numbers_db [None req-907ade95-9772-45fa-aa59-b48e981a8449 2a6fafaba51a4989810cebe15d3ea7f8 e9098ab685ec4118b7d6d18a991514b0 - - - -] Successfully bumped revision number for resource 50ca04fe-7562-4559-8551-65a39181bbe8 (type: networks) to 1
2026-07-10 01:08:59.718 10 INFO neutron.wsgi [None req-d5e472c1-4540-4b6e-816d-ea5151746ad4 90f3bcdbeef84b46bf9829697a094613 93184c7435dd47f9b82b437086b62d65 - - default default] 10.0.0.89 "GET /v2.0/security-groups?tenant_id=59251bbbba6448e5991307c0cb2fa7f6&name=default HTTP/1.1" status: 200 len: 2996 time: 0.7742574
2026-07-10 01:08:59.872 9 WARNING neutron.scheduler.dhcp_agent_scheduler [None req-907ade95-9772-45fa-aa59-b48e981a8449 2a6fafaba51a4989810cebe15d3ea7f8 e9098ab685ec4118b7d6d18a991514b0 - - - -] No more DHCP agents
2026-07-10 01:08:59.879 9 WARNING neutron.api.rpc.agentnotifiers.dhcp_rpc_agent_api [None req-907ade95-9772-45fa-aa59-b48e981a8449 2a6fafaba51a4989810cebe15d3ea7f8 e9098ab685ec4118b7d6d18a991514b0 - - - -] Unable to schedule network 50ca04fe-7562-4559-8551-65a39181bbe8: no agents available; will retry on subsequent port and subnet creation events.
2026-07-10 01:08:59.929 10 INFO neutron.wsgi [None req-21e662a4-b1d0-4ada-a7bf-8228c882d60b 90f3bcdbeef84b46bf9829697a094613 93184c7435dd47f9b82b437086b62d65 - - - -] 10.0.0.89 "DELETE /v2.0/security-groups/dab24e91-8bb3-424c-bd94-15e765d83a23 HTTP/1.1" status: 204 len: 168 time: 0.2011909
2026-07-10 01:08:59.955 9 INFO neutron.db.ovn_revision_numbers_db [None req-907ade95-9772-45fa-aa59-b48e981a8449 2a6fafaba51a4989810cebe15d3ea7f8 e9098ab685ec4118b7d6d18a991514b0 - - - -] Successfully bumped revision number for resource bd78f093-4b4b-42ec-beaf-91701cbfdb6c (type: ports) to 1
2026-07-10 01:08:59.977 9 INFO neutron.wsgi [None req-907ade95-9772-45fa-aa59-b48e981a8449 2a6fafaba51a4989810cebe15d3ea7f8 e9098ab685ec4118b7d6d18a991514b0 - - - -] 10.0.0.89 "POST /v2.0/networks HTTP/1.1" status: 201 len: 831 time: 0.5375223
2026-07-10 01:09:00.056 10 INFO neutron.db.ovn_revision_numbers_db [None req-50349a90-7317-4973-b847-4ad18e5cc3b3 90f3bcdbeef84b46bf9829697a094613 93184c7435dd47f9b82b437086b62d65 - - default default] Successfully bumped revision number for resource bbd68195-cf5c-4422-b585-23a30444d28c (type: security_groups) to 1
2026-07-10 01:09:00.082 10 INFO neutron.wsgi [None req-50349a90-7317-4973-b847-4ad18e5cc3b3 90f3bcdbeef84b46bf9829697a094613 93184c7435dd47f9b82b437086b62d65 - - default default] 10.0.0.89 "GET /v2.0/security-groups?tenant_id=b487aa53e9904ba39a9db5a83296330e&name=default HTTP/1.1" status: 200 len: 2996 time: 0.2494552
2026-07-10 01:09:00.095 10 INFO neutron.db.segments_db [None req-194f5002-d4cd-45c8-b091-f6bd36914931 2a6fafaba51a4989810cebe15d3ea7f8 e9098ab685ec4118b7d6d18a991514b0 - - - -] Added segment 6d6b0031-6baf-4d5a-8d3f-4c4e5f931fbc of type geneve for network 9087d3c7-14c6-497d-8e7d-47eb5afe7005
2026-07-10 01:09:00.188 9 INFO neutron.db.ovn_revision_numbers_db [None req-f75ceb44-9acf-4d41-b017-a6565da52295 90f3bcdbeef84b46bf9829697a094613 93184c7435dd47f9b82b437086b62d65 - - default default] Successfully bumped revision number for resource e8a79126-876d-4191-b47a-99f232677c4c (type: security_groups) to 1
2026-07-10 01:09:00.212 9 INFO neutron.wsgi [None req-f75ceb44-9acf-4d41-b017-a6565da52295 90f3bcdbeef84b46bf9829697a094613 93184c7435dd47f9b82b437086b62d65 - - default default] 10.0.0.89 "GET /v2.0/security-groups?tenant_id=6e3b3a511e4c4698851200ca7928410a&name=default HTTP/1.1" status: 200 len: 2996 time: 0.1870501
2026-07-10 01:09:00.363 10 INFO neutron.db.ovn_revision_numbers_db [None req-194f5002-d4cd-45c8-b091-f6bd36914931 2a6fafaba51a4989810cebe15d3ea7f8 e9098ab685ec4118b7d6d18a991514b0 - - - -] Successfully bumped revision number for resource 9087d3c7-14c6-497d-8e7d-47eb5afe7005 (type: networks) to 1
2026-07-10 01:09:00.447 9 INFO neutron.wsgi [None req-1bbfe7eb-1a82-43cf-baa1-a0360c974607 90f3bcdbeef84b46bf9829697a094613 93184c7435dd47f9b82b437086b62d65 - - - -] 10.0.0.89 "DELETE /v2.0/security-groups/e8a79126-876d-4191-b47a-99f232677c4c HTTP/1.1" status: 204 len: 168 time: 0.2292881
2026-07-10 01:09:00.582 10 INFO neutron.wsgi [None req-5c56d584-480b-491b-a53d-3fe3b5d3f603 90f3bcdbeef84b46bf9829697a094613 93184c7435dd47f9b82b437086b62d65 - - - -] 10.0.0.89 "DELETE /v2.0/security-groups/bbd68195-cf5c-4422-b585-23a30444d28c HTTP/1.1" status: 204 len: 168 time: 0.4943979
2026-07-10 01:09:00.636 10 WARNING neutron.scheduler.dhcp_agent_scheduler [None req-194f5002-d4cd-45c8-b091-f6bd36914931 2a6fafaba51a4989810cebe15d3ea7f8 e9098ab685ec4118b7d6d18a991514b0 - - - -] No more DHCP agents
2026-07-10 01:09:00.638 10 WARNING neutron.api.rpc.agentnotifiers.dhcp_rpc_agent_api [None req-194f5002-d4cd-45c8-b091-f6bd36914931 2a6fafaba51a4989810cebe15d3ea7f8 e9098ab685ec4118b7d6d18a991514b0 - - - -] Unable to schedule network 9087d3c7-14c6-497d-8e7d-47eb5afe7005: no agents available; will retry on subsequent port and subnet creation events.
2026-07-10 01:09:00.710 10 INFO neutron.db.ovn_revision_numbers_db [None req-194f5002-d4cd-45c8-b091-f6bd36914931 2a6fafaba51a4989810cebe15d3ea7f8 e9098ab685ec4118b7d6d18a991514b0 - - - -] Successfully bumped revision number for resource a83dd2be-45b1-4511-8515-6f00816535d6 (type: ports) to 1
2026-07-10 01:09:00.749 9 INFO neutron.db.ovn_revision_numbers_db [None req-c1b89086-e1c0-4628-92a1-0ea5867dfe58 90f3bcdbeef84b46bf9829697a094613 93184c7435dd47f9b82b437086b62d65 - - default default] Successfully bumped revision number for resource 0923c4cf-245e-4fe0-ac1b-812048b4ec26 (type: security_groups) to 1
2026-07-10 01:09:00.752 10 INFO neutron.wsgi [None req-194f5002-d4cd-45c8-b091-f6bd36914931 2a6fafaba51a4989810cebe15d3ea7f8 e9098ab685ec4118b7d6d18a991514b0 - - - -] 10.0.0.89 "POST /v2.0/networks HTTP/1.1" status: 201 len: 829 time: 0.7675200
2026-07-10 01:09:00.770 9 INFO neutron.wsgi [None req-c1b89086-e1c0-4628-92a1-0ea5867dfe58 90f3bcdbeef84b46bf9829697a094613 93184c7435dd47f9b82b437086b62d65 - - default default] 10.0.0.89 "GET /v2.0/security-groups?tenant_id=378155da884a4a818787241e8bda7ab2&name=default HTTP/1.1" status: 200 len: 2996 time: 0.1320922
2026-07-10 01:09:00.838 10 INFO neutron.db.segments_db [None req-c69432c7-78a4-46c4-a2c5-1d33463876d0 2a6fafaba51a4989810cebe15d3ea7f8 e9098ab685ec4118b7d6d18a991514b0 - - - -] Added segment 9b090da3-5e26-475a-a3ab-81e343e30734 of type geneve for network e776270f-f08f-4b62-8ec0-2db9487a99f9
2026-07-10 01:09:00.988 10 INFO neutron.db.ovn_revision_numbers_db [None req-c69432c7-78a4-46c4-a2c5-1d33463876d0 2a6fafaba51a4989810cebe15d3ea7f8 e9098ab685ec4118b7d6d18a991514b0 - - - -] Successfully bumped revision number for resource e776270f-f08f-4b62-8ec0-2db9487a99f9 (type: networks) to 1
2026-07-10 01:09:00.989 9 INFO neutron.wsgi [None req-11ca5755-6762-497d-9606-317d27680116 90f3bcdbeef84b46bf9829697a094613 93184c7435dd47f9b82b437086b62d65 - - - -] 10.0.0.89 "DELETE /v2.0/security-groups/0923c4cf-245e-4fe0-ac1b-812048b4ec26 HTTP/1.1" status: 204 len: 168 time: 0.2142470
2026-07-10 01:09:00.997 10 INFO neutron.wsgi [-] 10.0.0.194 "GET / HTTP/1.1" status: 200 len: 247 time: 0.0021923
2026-07-10 01:09:00.997 9 INFO neutron.wsgi [-] 10.0.0.194 "GET / HTTP/1.1" status: 200 len: 247 time: 0.0019400
2026-07-10 01:09:01.226 10 WARNING neutron.scheduler.dhcp_agent_scheduler [None req-c69432c7-78a4-46c4-a2c5-1d33463876d0 2a6fafaba51a4989810cebe15d3ea7f8 e9098ab685ec4118b7d6d18a991514b0 - - - -] No more DHCP agents
2026-07-10 01:09:01.227 10 WARNING neutron.api.rpc.agentnotifiers.dhcp_rpc_agent_api [None req-c69432c7-78a4-46c4-a2c5-1d33463876d0 2a6fafaba51a4989810cebe15d3ea7f8 e9098ab685ec4118b7d6d18a991514b0 - - - -] Unable to schedule network e776270f-f08f-4b62-8ec0-2db9487a99f9: no agents available; will retry on subsequent port and subnet creation events.
2026-07-10 01:09:01.297 10 INFO neutron.db.ovn_revision_numbers_db [None req-c69432c7-78a4-46c4-a2c5-1d33463876d0 2a6fafaba51a4989810cebe15d3ea7f8 e9098ab685ec4118b7d6d18a991514b0 - - - -] Successfully bumped revision number for resource c2bf2554-5af5-49f1-bc54-e59b40fbb0e1 (type: ports) to 1
2026-07-10 01:09:01.321 10 INFO neutron.wsgi [None req-c69432c7-78a4-46c4-a2c5-1d33463876d0 2a6fafaba51a4989810cebe15d3ea7f8 e9098ab685ec4118b7d6d18a991514b0 - - - -] 10.0.0.89 "POST /v2.0/networks HTTP/1.1" status: 201 len: 830 time: 0.5643542
2026-07-10 01:09:01.382 10 INFO neutron.wsgi [None req-64fb5540-c32e-4144-9a17-64449a60d6fe 2a6fafaba51a4989810cebe15d3ea7f8 e9098ab685ec4118b7d6d18a991514b0 - - - -] 10.0.0.89 "PUT /v2.0/networks/b6cb45f9-d5e6-454d-9969-2d063480a8de/tags HTTP/1.1" status: 200 len: 210 time: 0.0558741
2026-07-10 01:09:01.454 10 INFO neutron.wsgi [None req-1e49bee3-63e7-446e-8fd4-1b748c6fbf78 2a6fafaba51a4989810cebe15d3ea7f8 e9098ab685ec4118b7d6d18a991514b0 - - - -] 10.0.0.89 "PUT /v2.0/networks/eaacdbf0-09c4-4a61-bd75-809d77c955f2/tags HTTP/1.1" status: 200 len: 218 time: 0.0670891
2026-07-10 01:09:01.512 10 INFO neutron.wsgi [None req-66aa8252-0e3d-4b8b-a2f6-7ab2357abc9b 2a6fafaba51a4989810cebe15d3ea7f8 e9098ab685ec4118b7d6d18a991514b0 - - - -] 10.0.0.89 "PUT /v2.0/networks/50ca04fe-7562-4559-8551-65a39181bbe8/tags HTTP/1.1" status: 200 len: 227 time: 0.0501411
2026-07-10 01:09:01.576 10 INFO neutron.wsgi [None req-130ef711-2266-4fc5-95e9-2007f02eab0e 2a6fafaba51a4989810cebe15d3ea7f8 e9098ab685ec4118b7d6d18a991514b0 - - - -] 10.0.0.89 "PUT /v2.0/networks/9087d3c7-14c6-497d-8e7d-47eb5afe7005/tags HTTP/1.1" status: 200 len: 212 time: 0.0599186
2026-07-10 01:09:01.661 10 INFO neutron.wsgi [None req-e56ffd5b-0e4b-4c04-8afd-4e546dadd78f 2a6fafaba51a4989810cebe15d3ea7f8 e9098ab685ec4118b7d6d18a991514b0 - - default default] 10.0.0.89 "GET /v2.0/networks?tags=red HTTP/1.1" status: 200 len: 2070 time: 0.0798383
2026-07-10 01:09:01.758 10 INFO neutron.wsgi [None req-fc962a7f-f031-489d-a4c1-000300b093ef 2a6fafaba51a4989810cebe15d3ea7f8 e9098ab685ec4118b7d6d18a991514b0 - - default default] 10.0.0.89 "GET /v2.0/networks?tags=red%2Cblue HTTP/1.1" status: 200 len: 1457 time: 0.0911510
2026-07-10 01:09:01.838 10 INFO neutron.wsgi [None req-3439412e-5f08-4700-af47-82789058ed12 2a6fafaba51a4989810cebe15d3ea7f8 e9098ab685ec4118b7d6d18a991514b0 - - default default] 10.0.0.89 "GET /v2.0/networks?tags-any=blue HTTP/1.1" status: 200 len: 1457 time: 0.0758255
2026-07-10 01:09:01.917 10 INFO neutron.wsgi [None req-c6e07c54-facb-4263-b92c-690916e1182d 2a6fafaba51a4989810cebe15d3ea7f8 e9098ab685ec4118b7d6d18a991514b0 - - default default] 10.0.0.89 "GET /v2.0/networks?tags-any=red%2Cblue HTTP/1.1" status: 200 len: 2070 time: 0.0732627
2026-07-10 01:09:02.034 9 INFO neutron.wsgi [req-836dfc18-aaa4-476b-a334-6ce90128189e req-373b34be-3e98-474f-86ca-8ca0df9cd5a6 89c3fae6dcb646aa91c28996fe156959 faffad71723d45fd97606657dda41426 - - 8de3764cfd4c4215a6bb461fcf116421 8de3764cfd4c4215a6bb461fcf116421] 10.0.0.36 "GET /v2.0/ports?device_id=cf0097f0-04da-4bd3-b85f-efc095385bda HTTP/1.1" status: 200 len: 1361 time: 0.0296102
2026-07-10 01:09:02.049 10 INFO neutron.wsgi [None req-7f606438-a53b-43fb-bafb-a7f443b53791 2a6fafaba51a4989810cebe15d3ea7f8 e9098ab685ec4118b7d6d18a991514b0 - - default default] 10.0.0.89 "GET /v2.0/networks?not-tags=red HTTP/1.1" status: 200 len: 2066 time: 0.1247780
2026-07-10 01:09:02.076 9 INFO neutron.wsgi [req-836dfc18-aaa4-476b-a334-6ce90128189e req-4ab08232-9a8e-4767-8ba0-27e313084049 89c3fae6dcb646aa91c28996fe156959 faffad71723d45fd97606657dda41426 - - 8de3764cfd4c4215a6bb461fcf116421 8de3764cfd4c4215a6bb461fcf116421] 10.0.0.36 "GET /v2.0/security-groups?id=78717b25-3f23-4875-8693-21809634ceee&fields=id&fields=name HTTP/1.1" status: 200 len: 313 time: 0.0327919
2026-07-10 01:09:02.180 10 INFO neutron.wsgi [None req-b992d3e9-338c-4827-bb94-4e8038713fa0 2a6fafaba51a4989810cebe15d3ea7f8 e9098ab685ec4118b7d6d18a991514b0 - - default default] 10.0.0.89 "GET /v2.0/networks?not-tags=red%2Cblue HTTP/1.1" status: 200 len: 2679 time: 0.1249974
2026-07-10 01:09:02.341 10 INFO neutron.wsgi [None req-30b5765a-caa3-4337-aa85-5d34ee01c13d 2a6fafaba51a4989810cebe15d3ea7f8 e9098ab685ec4118b7d6d18a991514b0 - - default default] 10.0.0.89 "GET /v2.0/networks?not-tags-any=blue HTTP/1.1" status: 200 len: 2679 time: 0.1548975
2026-07-10 01:09:02.438 10 INFO neutron.wsgi [None req-e38a8742-a9df-444f-8692-5e272ada956f 2a6fafaba51a4989810cebe15d3ea7f8 e9098ab685ec4118b7d6d18a991514b0 - - default default] 10.0.0.89 "GET /v2.0/networks?not-tags-any=red%2Cblue HTTP/1.1" status: 200 len: 2066 time: 0.0846517
2026-07-10 01:09:02.875 10 INFO neutron.services.segments.plugin [-] Segment f526d294-4945-4517-a389-e776174ded12 resource provider aggregate not found
2026-07-10 01:09:02.892 10 INFO neutron.services.segments.plugin [-] Segment f526d294-4945-4517-a389-e776174ded12 resource provider aggregate not found
2026-07-10 01:09:02.897 10 INFO neutron.services.segments.plugin [-] Segment f526d294-4945-4517-a389-e776174ded12 resource provider not found; error: Placement Client Error (4xx): {"errors": [{"status": 404, "title": "Not Found", "detail": "The resource could not be found.\n\n No resource provider with uuid f526d294-4945-4517-a389-e776174ded12 found for delete ", "request_id": "req-fb0b04db-c486-438b-83f5-9e831ca17329"}]}
2026-07-10 01:09:02.915 10 INFO neutron.services.segments.plugin [-] Segment f526d294-4945-4517-a389-e776174ded12 resource provider not found; error: Placement Client Error (4xx): {"errors": [{"status": 404, "title": "Not Found", "detail": "The resource could not be found.\n\n No resource provider with uuid f526d294-4945-4517-a389-e776174ded12 found for delete ", "request_id": "req-89f21294-0d8b-4f99-aa85-b5a10e850a37"}]}
2026-07-10 01:09:02.935 10 INFO neutron.wsgi [None req-6f96bd85-ef1b-49aa-81a9-94ccaa51c7c3 2a6fafaba51a4989810cebe15d3ea7f8 e9098ab685ec4118b7d6d18a991514b0 - - - -] 10.0.0.89 "DELETE /v2.0/networks/b6cb45f9-d5e6-454d-9969-2d063480a8de HTTP/1.1" status: 204 len: 168 time: 0.4883296
2026-07-10 01:09:03.443 9 INFO neutron.services.segments.plugin [-] Segment 6057d549-f6c5-4a0a-91f0-ea17af1e9ce4 resource provider aggregate not found
2026-07-10 01:09:03.453 9 INFO neutron.services.segments.plugin [-] Segment 6057d549-f6c5-4a0a-91f0-ea17af1e9ce4 resource provider aggregate not found
2026-07-10 01:09:03.473 9 INFO neutron.services.segments.plugin [-] Segment 6057d549-f6c5-4a0a-91f0-ea17af1e9ce4 resource provider not found; error: Placement Client Error (4xx): {"errors": [{"status": 404, "title": "Not Found", "detail": "The resource could not be found.\n\n No resource provider with uuid 6057d549-f6c5-4a0a-91f0-ea17af1e9ce4 found for delete ", "request_id": "req-572f03e1-0185-47f7-80f2-066afd21fef0"}]}
2026-07-10 01:09:03.474 9 INFO neutron.services.segments.plugin [-] Segment 6057d549-f6c5-4a0a-91f0-ea17af1e9ce4 resource provider not found; error: Placement Client Error (4xx): {"errors": [{"status": 404, "title": "Not Found", "detail": "The resource could not be found.\n\n No resource provider with uuid 6057d549-f6c5-4a0a-91f0-ea17af1e9ce4 found for delete ", "request_id": "req-4ed9c5bc-32bd-46ac-aae2-8d43c7bc25d6"}]}
2026-07-10 01:09:03.505 9 INFO neutron.wsgi [None req-3e2ec74a-103f-49ca-a14a-1d4d35ae21b4 2a6fafaba51a4989810cebe15d3ea7f8 e9098ab685ec4118b7d6d18a991514b0 - - - -] 10.0.0.89 "DELETE /v2.0/networks/eaacdbf0-09c4-4a61-bd75-809d77c955f2 HTTP/1.1" status: 204 len: 168 time: 0.5631957
2026-07-10 01:09:04.289 10 INFO neutron.wsgi [None req-f9202b02-8135-4e7f-9671-224430f6ce50 4379e66b62184433bc6b41b6f59c061b 926e7a9984cc4999bdd0ffa0390a6118 - - default default] 10.0.0.186 "GET /v2.0/extensions HTTP/1.1" status: 200 len: 16525 time: 0.4776750
2026-07-10 01:09:04.342 10 INFO neutron.wsgi [None req-d3ce14f6-63fe-4bae-9bdf-1f3cc6e1535f 2a6fafaba51a4989810cebe15d3ea7f8 e9098ab685ec4118b7d6d18a991514b0 - - - -] 10.0.0.89 "DELETE /v2.0/networks/50ca04fe-7562-4559-8551-65a39181bbe8 HTTP/1.1" status: 204 len: 168 time: 0.8323212
2026-07-10 01:09:04.414 10 INFO neutron.wsgi [None req-0edc14a0-23b8-46c7-bdd8-a5002a582762 4379e66b62184433bc6b41b6f59c061b 926e7a9984cc4999bdd0ffa0390a6118 - - default default] 10.0.0.186 "GET /v2.0/quotas/926e7a9984cc4999bdd0ffa0390a6118/details HTTP/1.1" status: 200 len: 756 time: 0.1062496
2026-07-10 01:09:04.922 10 INFO neutron.services.segments.plugin [-] Segment a463653c-0fea-420c-930e-d6532641e2cd resource provider aggregate not found
2026-07-10 01:09:04.949 10 INFO neutron.services.segments.plugin [-] Segment a463653c-0fea-420c-930e-d6532641e2cd resource provider aggregate not found
2026-07-10 01:09:04.958 10 INFO neutron.services.segments.plugin [-] Segment a463653c-0fea-420c-930e-d6532641e2cd resource provider not found; error: Placement Client Error (4xx): {"errors": [{"status": 404, "title": "Not Found", "detail": "The resource could not be found.\n\n No resource provider with uuid a463653c-0fea-420c-930e-d6532641e2cd found for delete ", "request_id": "req-6b0ee5b4-f2de-49ca-b7be-778440efad7f"}]}
2026-07-10 01:09:04.968 10 INFO neutron.services.segments.plugin [-] Segment a463653c-0fea-420c-930e-d6532641e2cd resource provider not found; error: Placement Client Error (4xx): {"errors": [{"status": 404, "title": "Not Found", "detail": "The resource could not be found.\n\n No resource provider with uuid a463653c-0fea-420c-930e-d6532641e2cd found for delete ", "request_id": "req-78538b7a-398c-4b48-a6fe-c1f7bf94ea24"}]}
2026-07-10 01:09:05.083 9 INFO neutron.wsgi [None req-930e7e4e-1a7b-41ab-9a0f-e10f1465a46f 6433d12e58394282bd4d20f21a0b4c75 0474edaa86084d33bcb0f3403084baa5 - - default default] 10.0.0.89 "GET /v2.0/ports?project_id=73c3613313054f7fa0b02d43fe4b5e9f&network_id=e09d8c72-f5ff-4d50-bcf2-67008d63a030 HTTP/1.1" status: 200 len: 3462 time: 0.0634332
2026-07-10 01:09:05.192 9 INFO neutron.wsgi [None req-1f8cf3de-a583-4783-8bb6-b30ba2b1b83f 2a6fafaba51a4989810cebe15d3ea7f8 e9098ab685ec4118b7d6d18a991514b0 - - - -] 10.0.0.89 "DELETE /v2.0/networks/9087d3c7-14c6-497d-8e7d-47eb5afe7005 HTTP/1.1" status: 204 len: 168 time: 0.8443849
2026-07-10 01:09:05.345 9 INFO neutron.wsgi [None req-b4d9d520-9a3b-4e84-ac5b-0dcc65095d2b 6433d12e58394282bd4d20f21a0b4c75 0474edaa86084d33bcb0f3403084baa5 - - default default] 10.0.0.89 "GET /v2.0/subnets?network_id=79617cb9-3830-47c6-a733-442a40d747f9 HTTP/1.1" status: 200 len: 838 time: 0.0473151
2026-07-10 01:09:05.498 9 INFO neutron.services.segments.plugin [-] Segment 6d6b0031-6baf-4d5a-8d3f-4c4e5f931fbc resource provider aggregate not found
2026-07-10 01:09:05.506 9 INFO neutron.services.segments.plugin [-] Segment 6d6b0031-6baf-4d5a-8d3f-4c4e5f931fbc resource provider aggregate not found
2026-07-10 01:09:05.521 9 INFO neutron.services.segments.plugin [-] Segment 6d6b0031-6baf-4d5a-8d3f-4c4e5f931fbc resource provider not found; error: Placement Client Error (4xx): {"errors": [{"status": 404, "title": "Not Found", "detail": "The resource could not be found.\n\n No resource provider with uuid 6d6b0031-6baf-4d5a-8d3f-4c4e5f931fbc found for delete ", "request_id": "req-46178a33-f220-42da-879d-ace80c2695e5"}]}
2026-07-10 01:09:05.523 9 INFO neutron.services.segments.plugin [-] Segment 6d6b0031-6baf-4d5a-8d3f-4c4e5f931fbc resource provider not found; error: Placement Client Error (4xx): {"errors": [{"status": 404, "title": "Not Found", "detail": "The resource could not be found.\n\n No resource provider with uuid 6d6b0031-6baf-4d5a-8d3f-4c4e5f931fbc found for delete ", "request_id": "req-7cc41224-9f13-41a5-b5aa-ff74d7caa1d1"}]}
2026-07-10 01:09:05.648 10 INFO neutron.wsgi [None req-03939807-4350-43f3-b032-0213cf34b815 2a6fafaba51a4989810cebe15d3ea7f8 e9098ab685ec4118b7d6d18a991514b0 - - - -] 10.0.0.89 "DELETE /v2.0/networks/e776270f-f08f-4b62-8ec0-2db9487a99f9 HTTP/1.1" status: 204 len: 168 time: 0.4498308
2026-07-10 01:09:05.696 9 INFO neutron.db.l3_db [None req-1a9dec43-59f0-44f0-8e64-204ccfe76b5b cf5bd39e582a4192a2cf521165b9f115 73c3613313054f7fa0b02d43fe4b5e9f - - - -] Floating IP 43e06145-ac1d-4a2d-a3d8-a3d182f18759 disassociated. External IP: 10.96.250.217, port: f6314d6a-c652-4479-9dde-cbf67114ee0b.
2026-07-10 01:09:05.713 9 INFO neutron.db.ovn_revision_numbers_db [None req-1a9dec43-59f0-44f0-8e64-204ccfe76b5b cf5bd39e582a4192a2cf521165b9f115 73c3613313054f7fa0b02d43fe4b5e9f - - - -] Successfully bumped revision number for resource 43e06145-ac1d-4a2d-a3d8-a3d182f18759 (type: floatingips) to 2
2026-07-10 01:09:05.739 10 INFO neutron.db.ovn_revision_numbers_db [None req-323e4178-d6a8-43ee-af3a-75a0d2e636c0 84c27f911522490591261cb42e2996b8 69e941c20dce4211bba2d66cb6975d81 - - - -] Successfully bumped revision number for resource d57378b1-4fcf-4428-97d7-b7a235f9aa51 (type: security_groups) to 1
2026-07-10 01:09:05.802 10 INFO neutron.db.segments_db [None req-323e4178-d6a8-43ee-af3a-75a0d2e636c0 84c27f911522490591261cb42e2996b8 69e941c20dce4211bba2d66cb6975d81 - - - -] Added segment 69b0734a-bd16-4b33-b4f2-c9d5ebcf8d88 of type geneve for network d802056b-d4de-49df-929d-fa3dd2af798c
2026-07-10 01:09:05.808 9 INFO neutron.wsgi [None req-1a9dec43-59f0-44f0-8e64-204ccfe76b5b cf5bd39e582a4192a2cf521165b9f115 73c3613313054f7fa0b02d43fe4b5e9f - - - -] 10.0.0.89 "PUT /v2.0/floatingips/43e06145-ac1d-4a2d-a3d8-a3d182f18759 HTTP/1.1" status: 200 len: 748 time: 0.2767780
2026-07-10 01:09:05.844 9 INFO neutron.notifiers.nova [-] Nova event matching ['req-4b6b3031-32e6-4bf2-aaf9-080cd847103f'] response: {'name': 'network-changed', 'server_uuid': 'cf0097f0-04da-4bd3-b85f-efc095385bda', 'tag': 'f6314d6a-c652-4479-9dde-cbf67114ee0b', 'status': 'completed', 'code': 200}
2026-07-10 01:09:05.856 9 INFO neutron.wsgi [None req-b8c76b20-f145-4731-ad08-73526f20f49f cf5bd39e582a4192a2cf521165b9f115 73c3613313054f7fa0b02d43fe4b5e9f - - default default] 10.0.0.89 "GET /v2.0/floatingips/43e06145-ac1d-4a2d-a3d8-a3d182f18759 HTTP/1.1" status: 200 len: 746 time: 0.0417762
2026-07-10 01:09:05.904 9 INFO neutron.wsgi [req-61d5b350-6b48-48d2-b548-76fdd6f19c5a req-57070b8b-27fd-4b00-93e1-7b3f54cbc624 89c3fae6dcb646aa91c28996fe156959 faffad71723d45fd97606657dda41426 - - 8de3764cfd4c4215a6bb461fcf116421 8de3764cfd4c4215a6bb461fcf116421] 199.19.213.80 "GET /v2.0/ports?tenant_id=73c3613313054f7fa0b02d43fe4b5e9f&device_id=cf0097f0-04da-4bd3-b85f-efc095385bda HTTP/1.1" status: 200 len: 1361 time: 0.0375552
2026-07-10 01:09:05.957 10 INFO neutron.db.ovn_revision_numbers_db [None req-323e4178-d6a8-43ee-af3a-75a0d2e636c0 84c27f911522490591261cb42e2996b8 69e941c20dce4211bba2d66cb6975d81 - - - -] Successfully bumped revision number for resource d802056b-d4de-49df-929d-fa3dd2af798c (type: networks) to 1
2026-07-10 01:09:05.981 9 INFO neutron.wsgi [req-61d5b350-6b48-48d2-b548-76fdd6f19c5a req-0b011c35-62f4-4705-9ee0-826253066b2e 89c3fae6dcb646aa91c28996fe156959 faffad71723d45fd97606657dda41426 - - 8de3764cfd4c4215a6bb461fcf116421 8de3764cfd4c4215a6bb461fcf116421] 199.19.213.80 "GET /v2.0/networks?id=e09d8c72-f5ff-4d50-bcf2-67008d63a030 HTTP/1.1" status: 200 len: 957 time: 0.0701225
2026-07-10 01:09:06.038 9 INFO neutron.wsgi [req-61d5b350-6b48-48d2-b548-76fdd6f19c5a req-f4fbb786-cf8d-4a83-9410-3ff2702858be 89c3fae6dcb646aa91c28996fe156959 faffad71723d45fd97606657dda41426 - - 8de3764cfd4c4215a6bb461fcf116421 8de3764cfd4c4215a6bb461fcf116421] 199.19.213.80 "GET /v2.0/floatingips?fixed_ip_address=10.100.0.7&port_id=f6314d6a-c652-4479-9dde-cbf67114ee0b HTTP/1.1" status: 200 len: 217 time: 0.0368760
2026-07-10 01:09:06.074 9 INFO neutron.wsgi [req-61d5b350-6b48-48d2-b548-76fdd6f19c5a req-e53c8c6e-e706-483a-8c63-202f2e98a015 89c3fae6dcb646aa91c28996fe156959 faffad71723d45fd97606657dda41426 - - 8de3764cfd4c4215a6bb461fcf116421 8de3764cfd4c4215a6bb461fcf116421] 199.19.213.80 "GET /v2.0/subnets?id=72b669ad-5ba1-459e-a24b-113ea7725e48 HTTP/1.1" status: 200 len: 853 time: 0.0308628
2026-07-10 01:09:06.106 9 INFO neutron.wsgi [req-61d5b350-6b48-48d2-b548-76fdd6f19c5a req-69bbd016-f4a5-4e5b-95a8-b771e5338869 89c3fae6dcb646aa91c28996fe156959 faffad71723d45fd97606657dda41426 - - 8de3764cfd4c4215a6bb461fcf116421 8de3764cfd4c4215a6bb461fcf116421] 199.19.213.80 "GET /v2.0/ports?network_id=e09d8c72-f5ff-4d50-bcf2-67008d63a030&device_owner=network%3Adhcp HTTP/1.1" status: 200 len: 210 time: 0.0227852
2026-07-10 01:09:06.183 10 WARNING neutron.scheduler.dhcp_agent_scheduler [None req-323e4178-d6a8-43ee-af3a-75a0d2e636c0 84c27f911522490591261cb42e2996b8 69e941c20dce4211bba2d66cb6975d81 - - - -] No more DHCP agents
2026-07-10 01:09:06.185 10 WARNING neutron.api.rpc.agentnotifiers.dhcp_rpc_agent_api [None req-323e4178-d6a8-43ee-af3a-75a0d2e636c0 84c27f911522490591261cb42e2996b8 69e941c20dce4211bba2d66cb6975d81 - - - -] Unable to schedule network d802056b-d4de-49df-929d-fa3dd2af798c: no agents available; will retry on subsequent port and subnet creation events.
2026-07-10 01:09:06.187 9 INFO neutron.wsgi [req-61d5b350-6b48-48d2-b548-76fdd6f19c5a req-864f7feb-2904-450c-8025-84351e1fb07e 89c3fae6dcb646aa91c28996fe156959 faffad71723d45fd97606657dda41426 - - 8de3764cfd4c4215a6bb461fcf116421 8de3764cfd4c4215a6bb461fcf116421] 199.19.213.80 "GET /v2.0/networks/e09d8c72-f5ff-4d50-bcf2-67008d63a030?fields=segments HTTP/1.1" status: 200 len: 212 time: 0.0718894
2026-07-10 01:09:06.263 10 INFO neutron.db.ovn_revision_numbers_db [None req-323e4178-d6a8-43ee-af3a-75a0d2e636c0 84c27f911522490591261cb42e2996b8 69e941c20dce4211bba2d66cb6975d81 - - - -] Successfully bumped revision number for resource e21aecb4-306d-49b7-93cb-f33271979239 (type: ports) to 1
2026-07-10 01:09:06.287 10 INFO neutron.wsgi [None req-323e4178-d6a8-43ee-af3a-75a0d2e636c0 84c27f911522490591261cb42e2996b8 69e941c20dce4211bba2d66cb6975d81 - - - -] 10.0.0.89 "POST /v2.0/networks HTTP/1.1" status: 201 len: 829 time: 0.9702671
2026-07-10 01:09:06.288 9 INFO neutron.wsgi [req-61d5b350-6b48-48d2-b548-76fdd6f19c5a req-d8fddc88-65b7-44e6-89eb-9d9d5c172189 89c3fae6dcb646aa91c28996fe156959 faffad71723d45fd97606657dda41426 - - 8de3764cfd4c4215a6bb461fcf116421 8de3764cfd4c4215a6bb461fcf116421] 199.19.213.80 "GET /v2.0/networks/e09d8c72-f5ff-4d50-bcf2-67008d63a030?fields=provider%3Aphysical_network&fields=provider%3Anetwork_type HTTP/1.1" status: 200 len: 277 time: 0.0896406
2026-07-10 01:09:06.565 9 WARNING neutron.scheduler.dhcp_agent_scheduler [None req-1e15d7b8-77f7-490f-8078-b629c3fc6d1f 84c27f911522490591261cb42e2996b8 69e941c20dce4211bba2d66cb6975d81 - - - -] No more DHCP agents
2026-07-10 01:09:06.567 9 WARNING neutron.api.rpc.agentnotifiers.dhcp_rpc_agent_api [None req-1e15d7b8-77f7-490f-8078-b629c3fc6d1f 84c27f911522490591261cb42e2996b8 69e941c20dce4211bba2d66cb6975d81 - - - -] Unable to schedule network d802056b-d4de-49df-929d-fa3dd2af798c: no agents available; will retry on subsequent port and subnet creation events.
2026-07-10 01:09:06.660 9 INFO neutron.db.ovn_revision_numbers_db [None req-1e15d7b8-77f7-490f-8078-b629c3fc6d1f 84c27f911522490591261cb42e2996b8 69e941c20dce4211bba2d66cb6975d81 - - - -] Successfully bumped revision number for resource 5c4ce2e3-d306-4c83-b20d-a8f0534fe3a7 (type: ports) to 1
2026-07-10 01:09:06.685 9 INFO neutron.wsgi [None req-1e15d7b8-77f7-490f-8078-b629c3fc6d1f 84c27f911522490591261cb42e2996b8 69e941c20dce4211bba2d66cb6975d81 - - - -] 10.0.0.89 "POST /v2.0/ports HTTP/1.1" status: 201 len: 942 time: 0.3938248 /var/lib/openstack/lib/python3.10/site-packages/pycadf/identifier.py:71: UserWarning: Invalid uuid: neutron. To ensure interoperability, identifiers should be a valid uuid. warnings.warn(('Invalid uuid: %s. To ensure interoperability, ' /var/lib/openstack/lib/python3.10/site-packages/pycadf/identifier.py:71: UserWarning: Invalid uuid: neutron. To ensure interoperability, identifiers should be a valid uuid. warnings.warn(('Invalid uuid: %s. To ensure interoperability, '
2026-07-10 01:09:06.739 10 INFO neutron.wsgi [None req-ee4f2a85-ab6c-4a71-ad66-a32309502ece 90f3bcdbeef84b46bf9829697a094613 93184c7435dd47f9b82b437086b62d65 - - default default] 10.0.0.89 "GET /v2.0/security-groups?tenant_id=e9098ab685ec4118b7d6d18a991514b0&name=default HTTP/1.1" status: 200 len: 2996 time: 0.1577621
2026-07-10 01:09:06.949 10 INFO neutron.wsgi [None req-26efb3e5-ed57-40dc-8f2d-80dfb059aa56 90f3bcdbeef84b46bf9829697a094613 93184c7435dd47f9b82b437086b62d65 - - - -] 10.0.0.89 "DELETE /v2.0/security-groups/da9c1abd-0b44-4322-84ec-1a13ed1e6dd6 HTTP/1.1" status: 204 len: 168 time: 0.2040467
2026-07-10 01:09:06.954 10 INFO neutron.wsgi [None req-7a00acc0-da89-410f-8305-5903b8f654c2 4379e66b62184433bc6b41b6f59c061b 926e7a9984cc4999bdd0ffa0390a6118 - - default default] 10.0.0.186 "GET /v2.0/extensions HTTP/1.1" status: 200 len: 16525 time: 0.0046926
2026-07-10 01:09:06.982 10 INFO neutron.services.segments.plugin [-] Segment 9b090da3-5e26-475a-a3ab-81e343e30734 resource provider aggregate not found
2026-07-10 01:09:06.994 10 INFO neutron.services.segments.plugin [-] Segment 9b090da3-5e26-475a-a3ab-81e343e30734 resource provider aggregate not found
2026-07-10 01:09:07.004 10 INFO neutron.services.segments.plugin [-] Segment 9b090da3-5e26-475a-a3ab-81e343e30734 resource provider not found; error: Placement Client Error (4xx): {"errors": [{"status": 404, "title": "Not Found", "detail": "The resource could not be found.\n\n No resource provider with uuid 9b090da3-5e26-475a-a3ab-81e343e30734 found for delete ", "request_id": "req-cb2af911-4552-45c3-9857-a93b1cd6015d"}]}
2026-07-10 01:09:07.016 10 INFO neutron.services.segments.plugin [-] Segment 9b090da3-5e26-475a-a3ab-81e343e30734 resource provider not found; error: Placement Client Error (4xx): {"errors": [{"status": 404, "title": "Not Found", "detail": "The resource could not be found.\n\n No resource provider with uuid 9b090da3-5e26-475a-a3ab-81e343e30734 found for delete ", "request_id": "req-f9b57b4d-057b-48e1-b964-6cbebe037f5c"}]}
2026-07-10 01:09:07.025 9 INFO neutron.wsgi [None req-bd681a7d-3da6-4d3c-b3f3-e2ded69ebb86 84c27f911522490591261cb42e2996b8 69e941c20dce4211bba2d66cb6975d81 - - - -] 10.0.0.89 "POST /v2.0/trunks HTTP/1.1" status: 201 len: 608 time: 0.3343480
2026-07-10 01:09:07.116 9 INFO neutron.db.ovn_revision_numbers_db [None req-2e574937-de90-48b7-8746-da9aedef3861 cf5bd39e582a4192a2cf521165b9f115 73c3613313054f7fa0b02d43fe4b5e9f - - - -] Successfully bumped revision number for resource b0172bd9-73a6-46bc-8c24-6eca47d7a3eb (type: security_groups) to 1
2026-07-10 01:09:07.128 9 INFO neutron.wsgi [None req-8a432c2f-923b-409d-ac67-7d3f7f66aa33 4379e66b62184433bc6b41b6f59c061b 926e7a9984cc4999bdd0ffa0390a6118 - - default default] 10.0.0.186 "GET /v2.0/quotas/926e7a9984cc4999bdd0ffa0390a6118/details HTTP/1.1" status: 200 len: 756 time: 0.1558864
2026-07-10 01:09:07.139 10 INFO neutron.db.segments_db [None req-836059d6-34d6-4bf9-8e9f-15abc885de58 84c27f911522490591261cb42e2996b8 69e941c20dce4211bba2d66cb6975d81 - - - -] Added segment 62128ff2-be82-4f59-8594-414c0394e44c of type geneve for network b1ceb84c-3291-4243-a721-d8b9e2be3fee
2026-07-10 01:09:07.153 9 INFO neutron.wsgi [None req-2e574937-de90-48b7-8746-da9aedef3861 cf5bd39e582a4192a2cf521165b9f115 73c3613313054f7fa0b02d43fe4b5e9f - - - -] 10.0.0.89 "POST /v2.0/security-groups HTTP/1.1" status: 201 len: 1811 time: 0.2097507
2026-07-10 01:09:07.296 10 INFO neutron.db.ovn_revision_numbers_db [None req-836059d6-34d6-4bf9-8e9f-15abc885de58 84c27f911522490591261cb42e2996b8 69e941c20dce4211bba2d66cb6975d81 - - - -] Successfully bumped revision number for resource b1ceb84c-3291-4243-a721-d8b9e2be3fee (type: networks) to 1
2026-07-10 01:09:07.385 9 INFO neutron.db.ovn_revision_numbers_db [None req-7c79656f-f4fb-473a-b898-15d2b1e984f8 90f3bcdbeef84b46bf9829697a094613 93184c7435dd47f9b82b437086b62d65 - - default default] Successfully bumped revision number for resource 140ff6f4-01dd-4aca-b2d4-f08467ff0573 (type: security_groups) to 1
2026-07-10 01:09:07.423 9 INFO neutron.wsgi [None req-7c79656f-f4fb-473a-b898-15d2b1e984f8 90f3bcdbeef84b46bf9829697a094613 93184c7435dd47f9b82b437086b62d65 - - default default] 10.0.0.89 "GET /v2.0/security-groups?tenant_id=9f3d1018ca8b4c6da0014e901e1b8cb4&name=default HTTP/1.1" status: 200 len: 2996 time: 0.2937293
2026-07-10 01:09:07.456 9 INFO neutron.db.ovn_revision_numbers_db [None req-51f442cc-b53e-4df8-a95a-345cab741cb6 cf5bd39e582a4192a2cf521165b9f115 73c3613313054f7fa0b02d43fe4b5e9f - - - -] Successfully bumped revision number for resource 4a4d3dac-d0a4-45da-92d4-c8260282fbcd (type: security_group_rules) to 0
2026-07-10 01:09:07.488 9 INFO neutron.wsgi [None req-51f442cc-b53e-4df8-a95a-345cab741cb6 cf5bd39e582a4192a2cf521165b9f115 73c3613313054f7fa0b02d43fe4b5e9f - - - -] 10.0.0.89 "POST /v2.0/security-group-rules HTTP/1.1" status: 201 len: 764 time: 0.3125935
2026-07-10 01:09:07.540 10 WARNING neutron.scheduler.dhcp_agent_scheduler [None req-836059d6-34d6-4bf9-8e9f-15abc885de58 84c27f911522490591261cb42e2996b8 69e941c20dce4211bba2d66cb6975d81 - - - -] No more DHCP agents
2026-07-10 01:09:07.543 10 WARNING neutron.api.rpc.agentnotifiers.dhcp_rpc_agent_api [None req-836059d6-34d6-4bf9-8e9f-15abc885de58 84c27f911522490591261cb42e2996b8 69e941c20dce4211bba2d66cb6975d81 - - - -] Unable to schedule network b1ceb84c-3291-4243-a721-d8b9e2be3fee: no agents available; will retry on subsequent port and subnet creation events.
