2026-07-10 01:08:30.088 9 INFO neutron.services.segments.plugin [-] Segment b425056d-4977-4139-b347-c5499fb5865b resource provider aggregate not found
2026-07-10 01:08:30.096 9 INFO neutron.services.segments.plugin [-] Segment b425056d-4977-4139-b347-c5499fb5865b resource provider aggregate not found
2026-07-10 01:08:30.114 9 INFO neutron.services.segments.plugin [-] Segment b425056d-4977-4139-b347-c5499fb5865b resource provider not found; error: Placement Client Error (4xx): {"errors": [{"status": 404, "title": "Not Found", "detail": "The resource could not be found.\n\n No resource provider with uuid b425056d-4977-4139-b347-c5499fb5865b found for delete ", "request_id": "req-a5ba821b-60dc-454c-80b8-a51392469b99"}]}
2026-07-10 01:08:30.118 9 INFO neutron.services.segments.plugin [-] Segment b425056d-4977-4139-b347-c5499fb5865b resource provider not found; error: Placement Client Error (4xx): {"errors": [{"status": 404, "title": "Not Found", "detail": "The resource could not be found.\n\n No resource provider with uuid b425056d-4977-4139-b347-c5499fb5865b found for delete ", "request_id": "req-12c80b60-b458-4992-a42a-990984af7f08"}]}
2026-07-10 01:08:30.144 9 INFO neutron.wsgi [None req-012b1ac9-5f32-4dc4-8611-09757a760358 25feb79debed44628f6691cff6c127e8 894e5091f3c6433188e8cd031017cbfb - - - -] 10.0.0.89 "DELETE /v2.0/networks/2e5947c0-acd4-449f-b363-21e36af9bd11 HTTP/1.1" status: 204 len: 168 time: 0.4523225
2026-07-10 01:08:30.244 10 INFO neutron.db.segments_db [None req-8211d7da-bdda-4ae5-8721-33c26704af00 25feb79debed44628f6691cff6c127e8 894e5091f3c6433188e8cd031017cbfb - - - -] Added segment 017be912-fbb1-4c2e-9ea1-270bc5ab5e9d of type geneve for network 75b4b2d5-373d-40a0-832f-a8644f025cd5
2026-07-10 01:08:30.377 10 INFO neutron.db.ovn_revision_numbers_db [None req-8211d7da-bdda-4ae5-8721-33c26704af00 25feb79debed44628f6691cff6c127e8 894e5091f3c6433188e8cd031017cbfb - - - -] Successfully bumped revision number for resource 75b4b2d5-373d-40a0-832f-a8644f025cd5 (type: networks) to 1
2026-07-10 01:08:30.573 10 WARNING neutron.scheduler.dhcp_agent_scheduler [None req-8211d7da-bdda-4ae5-8721-33c26704af00 25feb79debed44628f6691cff6c127e8 894e5091f3c6433188e8cd031017cbfb - - - -] No more DHCP agents
2026-07-10 01:08:30.576 10 WARNING neutron.api.rpc.agentnotifiers.dhcp_rpc_agent_api [None req-8211d7da-bdda-4ae5-8721-33c26704af00 25feb79debed44628f6691cff6c127e8 894e5091f3c6433188e8cd031017cbfb - - - -] Unable to schedule network 75b4b2d5-373d-40a0-832f-a8644f025cd5: no agents available; will retry on subsequent port and subnet creation events.
2026-07-10 01:08:30.650 10 INFO neutron.db.ovn_revision_numbers_db [None req-8211d7da-bdda-4ae5-8721-33c26704af00 25feb79debed44628f6691cff6c127e8 894e5091f3c6433188e8cd031017cbfb - - - -] Successfully bumped revision number for resource fa127503-3c2d-4626-9959-042aa8bd9b77 (type: ports) to 1
2026-07-10 01:08:30.677 10 INFO neutron.wsgi [None req-8211d7da-bdda-4ae5-8721-33c26704af00 25feb79debed44628f6691cff6c127e8 894e5091f3c6433188e8cd031017cbfb - - - -] 10.0.0.89 "POST /v2.0/networks HTTP/1.1" status: 201 len: 831 time: 0.5281398
2026-07-10 01:08:30.997 10 INFO neutron.wsgi [-] 10.0.0.194 "GET / HTTP/1.1" status: 200 len: 247 time: 0.0018315
2026-07-10 01:08:30.997 9 INFO neutron.wsgi [-] 10.0.0.194 "GET / HTTP/1.1" status: 200 len: 247 time: 0.0018477
2026-07-10 01:08:31.024 10 WARNING neutron.scheduler.dhcp_agent_scheduler [None req-25166ce7-9c77-4aa5-8432-54e5605fd7c2 25feb79debed44628f6691cff6c127e8 894e5091f3c6433188e8cd031017cbfb - - - -] No more DHCP agents
2026-07-10 01:08:31.026 10 WARNING neutron.api.rpc.agentnotifiers.dhcp_rpc_agent_api [None req-25166ce7-9c77-4aa5-8432-54e5605fd7c2 25feb79debed44628f6691cff6c127e8 894e5091f3c6433188e8cd031017cbfb - - - -] Unable to schedule network 75b4b2d5-373d-40a0-832f-a8644f025cd5: no agents available; will retry on subsequent port and subnet creation events.
2026-07-10 01:08:31.348 10 INFO neutron.db.ovn_revision_numbers_db [None req-5a32dde8-e860-4be5-a826-c6648a2a7d0c 90f3bcdbeef84b46bf9829697a094613 93184c7435dd47f9b82b437086b62d65 - - - -] Successfully bumped revision number for resource 3bf5b779-bb00-4435-b44d-de2b8a7990d6 (type: security_groups) to 1
2026-07-10 01:08:31.411 10 INFO neutron.db.segments_db [None req-5a32dde8-e860-4be5-a826-c6648a2a7d0c 90f3bcdbeef84b46bf9829697a094613 93184c7435dd47f9b82b437086b62d65 - - - -] Added segment 01ff93f6-2c47-49be-b5c3-e672166a26d3 of type geneve for network 5eae4077-ab16-486b-a429-f619e61188d1
2026-07-10 01:08:31.593 10 INFO neutron.db.ovn_revision_numbers_db [None req-5a32dde8-e860-4be5-a826-c6648a2a7d0c 90f3bcdbeef84b46bf9829697a094613 93184c7435dd47f9b82b437086b62d65 - - - -] Successfully bumped revision number for resource 5eae4077-ab16-486b-a429-f619e61188d1 (type: networks) to 1
2026-07-10 01:08:31.644 10 INFO neutron.db.ovn_revision_numbers_db [None req-25166ce7-9c77-4aa5-8432-54e5605fd7c2 25feb79debed44628f6691cff6c127e8 894e5091f3c6433188e8cd031017cbfb - - - -] Successfully bumped revision number for resource fa127503-3c2d-4626-9959-042aa8bd9b77 (type: ports) to 2
2026-07-10 01:08:31.680 10 INFO neutron.db.ovn_revision_numbers_db [None req-25166ce7-9c77-4aa5-8432-54e5605fd7c2 25feb79debed44628f6691cff6c127e8 894e5091f3c6433188e8cd031017cbfb - - - -] Successfully bumped revision number for resource 974444fc-4f25-4d9b-8aac-b10b370072e8 (type: subnets) to 0
2026-07-10 01:08:31.700 10 INFO neutron.wsgi [None req-25166ce7-9c77-4aa5-8432-54e5605fd7c2 25feb79debed44628f6691cff6c127e8 894e5091f3c6433188e8cd031017cbfb - - - -] 10.0.0.89 "POST /v2.0/subnets HTTP/1.1" status: 201 len: 801 time: 1.0160072
2026-07-10 01:08:31.788 10 WARNING neutron.scheduler.dhcp_agent_scheduler [None req-5a32dde8-e860-4be5-a826-c6648a2a7d0c 90f3bcdbeef84b46bf9829697a094613 93184c7435dd47f9b82b437086b62d65 - - - -] No more DHCP agents
2026-07-10 01:08:31.791 10 WARNING neutron.api.rpc.agentnotifiers.dhcp_rpc_agent_api [None req-5a32dde8-e860-4be5-a826-c6648a2a7d0c 90f3bcdbeef84b46bf9829697a094613 93184c7435dd47f9b82b437086b62d65 - - - -] Unable to schedule network 5eae4077-ab16-486b-a429-f619e61188d1: no agents available; will retry on subsequent port and subnet creation events.
2026-07-10 01:08:31.861 10 INFO neutron.db.ovn_revision_numbers_db [None req-5a32dde8-e860-4be5-a826-c6648a2a7d0c 90f3bcdbeef84b46bf9829697a094613 93184c7435dd47f9b82b437086b62d65 - - - -] Successfully bumped revision number for resource 596feec7-ecdc-4648-af43-1555af354a4d (type: ports) to 1
2026-07-10 01:08:31.881 10 INFO neutron.wsgi [None req-5a32dde8-e860-4be5-a826-c6648a2a7d0c 90f3bcdbeef84b46bf9829697a094613 93184c7435dd47f9b82b437086b62d65 - - - -] 10.0.0.89 "POST /v2.0/networks HTTP/1.1" status: 201 len: 941 time: 0.8132057
2026-07-10 01:08:32.022 9 WARNING neutron.scheduler.dhcp_agent_scheduler [None req-2da25469-a9d5-4630-92a5-a3d9131b8438 25feb79debed44628f6691cff6c127e8 894e5091f3c6433188e8cd031017cbfb - - - -] No more DHCP agents
2026-07-10 01:08:32.024 9 WARNING neutron.api.rpc.agentnotifiers.dhcp_rpc_agent_api [None req-2da25469-a9d5-4630-92a5-a3d9131b8438 25feb79debed44628f6691cff6c127e8 894e5091f3c6433188e8cd031017cbfb - - - -] Unable to schedule network 75b4b2d5-373d-40a0-832f-a8644f025cd5: no agents available; will retry on subsequent port and subnet creation events.
2026-07-10 01:08:32.050 10 WARNING neutron.scheduler.dhcp_agent_scheduler [None req-9e024597-e654-4649-bc13-9bbb75301cda 90f3bcdbeef84b46bf9829697a094613 93184c7435dd47f9b82b437086b62d65 - - - -] No more DHCP agents
2026-07-10 01:08:32.053 10 WARNING neutron.api.rpc.agentnotifiers.dhcp_rpc_agent_api [None req-9e024597-e654-4649-bc13-9bbb75301cda 90f3bcdbeef84b46bf9829697a094613 93184c7435dd47f9b82b437086b62d65 - - - -] Unable to schedule network 5eae4077-ab16-486b-a429-f619e61188d1: no agents available; will retry on subsequent port and subnet creation events.
2026-07-10 01:08:32.203 9 INFO neutron.db.ovn_revision_numbers_db [None req-2da25469-a9d5-4630-92a5-a3d9131b8438 25feb79debed44628f6691cff6c127e8 894e5091f3c6433188e8cd031017cbfb - - - -] Successfully bumped revision number for resource 07af5130-ea71-4cbd-a13c-3fe3c7ff3d6e (type: ports) to 1
2026-07-10 01:08:32.235 9 INFO neutron.wsgi [None req-2da25469-a9d5-4630-92a5-a3d9131b8438 25feb79debed44628f6691cff6c127e8 894e5091f3c6433188e8cd031017cbfb - - - -] 10.0.0.89 "POST /v2.0/ports HTTP/1.1" status: 201 len: 1111 time: 0.5272138
2026-07-10 01:08:32.478 10 INFO neutron.db.ovn_revision_numbers_db [None req-9e024597-e654-4649-bc13-9bbb75301cda 90f3bcdbeef84b46bf9829697a094613 93184c7435dd47f9b82b437086b62d65 - - - -] Successfully bumped revision number for resource 596feec7-ecdc-4648-af43-1555af354a4d (type: ports) to 2
2026-07-10 01:08:32.492 10 INFO neutron.db.ovn_revision_numbers_db [None req-9e024597-e654-4649-bc13-9bbb75301cda 90f3bcdbeef84b46bf9829697a094613 93184c7435dd47f9b82b437086b62d65 - - - -] Successfully bumped revision number for resource 19fce682-e2da-421c-9c90-334a8f8c0368 (type: subnets) to 0
2026-07-10 01:08:32.505 10 INFO neutron.wsgi [None req-9e024597-e654-4649-bc13-9bbb75301cda 90f3bcdbeef84b46bf9829697a094613 93184c7435dd47f9b82b437086b62d65 - - - -] 10.0.0.89 "POST /v2.0/subnets HTTP/1.1" status: 201 len: 861 time: 0.6174185
2026-07-10 01:08:32.564 9 INFO neutron.db.ovn_revision_numbers_db [None req-4f4b77b8-3267-4d43-bc38-37c43ecb2ae6 cf5bd39e582a4192a2cf521165b9f115 73c3613313054f7fa0b02d43fe4b5e9f - - - -] Successfully bumped revision number for resource ac9c8d5a-dd66-4b88-bf28-f8ea201b5f85 (type: security_groups) to 1
2026-07-10 01:08:32.625 9 INFO neutron.db.segments_db [None req-4f4b77b8-3267-4d43-bc38-37c43ecb2ae6 cf5bd39e582a4192a2cf521165b9f115 73c3613313054f7fa0b02d43fe4b5e9f - - - -] Added segment 05fcc453-831a-4671-8c06-9ce7c8eb7f59 of type geneve for network e09d8c72-f5ff-4d50-bcf2-67008d63a030
2026-07-10 01:08:32.635 9 INFO neutron.wsgi [None req-20a027bd-a2e9-4086-bddc-97d5c591d575 25feb79debed44628f6691cff6c127e8 894e5091f3c6433188e8cd031017cbfb - - - -] 10.0.0.89 "DELETE /v2.0/ports/07af5130-ea71-4cbd-a13c-3fe3c7ff3d6e HTTP/1.1" status: 204 len: 168 time: 0.3914337
2026-07-10 01:08:32.664 9 INFO neutron.pecan_wsgi.hooks.translation [None req-ba760112-d18f-42be-94e1-ea554a12f5b8 25feb79debed44628f6691cff6c127e8 894e5091f3c6433188e8cd031017cbfb - - default default] GET failed (client error): The resource could not be found.
2026-07-10 01:08:32.665 9 INFO neutron.wsgi [None req-ba760112-d18f-42be-94e1-ea554a12f5b8 25feb79debed44628f6691cff6c127e8 894e5091f3c6433188e8cd031017cbfb - - default default] 10.0.0.89 "GET /v2.0/ports/07af5130-ea71-4cbd-a13c-3fe3c7ff3d6e HTTP/1.1" status: 404 len: 333 time: 0.0209944
2026-07-10 01:08:32.804 9 INFO neutron.db.ovn_revision_numbers_db [None req-4f4b77b8-3267-4d43-bc38-37c43ecb2ae6 cf5bd39e582a4192a2cf521165b9f115 73c3613313054f7fa0b02d43fe4b5e9f - - - -] Successfully bumped revision number for resource e09d8c72-f5ff-4d50-bcf2-67008d63a030 (type: networks) to 1
2026-07-10 01:08:32.988 9 INFO neutron.wsgi [None req-82a5c44e-b8e1-4d88-b981-7337f11fa60d 25feb79debed44628f6691cff6c127e8 894e5091f3c6433188e8cd031017cbfb - - - -] 10.0.0.89 "DELETE /v2.0/subnets/974444fc-4f25-4d9b-8aac-b10b370072e8 HTTP/1.1" status: 204 len: 168 time: 0.3165898
2026-07-10 01:08:33.039 10 WARNING neutron.scheduler.dhcp_agent_scheduler [None req-82733dac-cfb1-41ba-b849-5de7d3c15916 90f3bcdbeef84b46bf9829697a094613 93184c7435dd47f9b82b437086b62d65 - - - -] No more DHCP agents
2026-07-10 01:08:33.043 10 WARNING neutron.api.rpc.agentnotifiers.dhcp_rpc_agent_api [None req-82733dac-cfb1-41ba-b849-5de7d3c15916 90f3bcdbeef84b46bf9829697a094613 93184c7435dd47f9b82b437086b62d65 - - - -] Unable to schedule network 79617cb9-3830-47c6-a733-442a40d747f9: no agents available; will retry on subsequent port and subnet creation events.
2026-07-10 01:08:33.055 9 WARNING neutron.scheduler.dhcp_agent_scheduler [None req-4f4b77b8-3267-4d43-bc38-37c43ecb2ae6 cf5bd39e582a4192a2cf521165b9f115 73c3613313054f7fa0b02d43fe4b5e9f - - - -] No more DHCP agents
2026-07-10 01:08:33.059 9 WARNING neutron.api.rpc.agentnotifiers.dhcp_rpc_agent_api [None req-4f4b77b8-3267-4d43-bc38-37c43ecb2ae6 cf5bd39e582a4192a2cf521165b9f115 73c3613313054f7fa0b02d43fe4b5e9f - - - -] Unable to schedule network e09d8c72-f5ff-4d50-bcf2-67008d63a030: no agents available; will retry on subsequent port and subnet creation events.
2026-07-10 01:08:33.142 9 INFO neutron.db.ovn_revision_numbers_db [None req-4f4b77b8-3267-4d43-bc38-37c43ecb2ae6 cf5bd39e582a4192a2cf521165b9f115 73c3613313054f7fa0b02d43fe4b5e9f - - - -] Successfully bumped revision number for resource e026a178-85d3-44e9-9621-06e3e3cbbf7b (type: ports) to 1
2026-07-10 01:08:33.204 9 INFO neutron.wsgi [None req-4f4b77b8-3267-4d43-bc38-37c43ecb2ae6 cf5bd39e582a4192a2cf521165b9f115 73c3613313054f7fa0b02d43fe4b5e9f - - - -] 10.0.0.89 "POST /v2.0/networks HTTP/1.1" status: 201 len: 831 time: 1.0321424
2026-07-10 01:08:33.231 10 INFO neutron.db.ovn_revision_numbers_db [None req-82733dac-cfb1-41ba-b849-5de7d3c15916 90f3bcdbeef84b46bf9829697a094613 93184c7435dd47f9b82b437086b62d65 - - - -] Successfully bumped revision number for resource a0ae37d5-e0bd-4232-a28e-701f34f32290 (type: ports) to 1
2026-07-10 01:08:33.880 9 INFO neutron.services.segments.plugin [-] Segment 017be912-fbb1-4c2e-9ea1-270bc5ab5e9d resource provider aggregate not found
2026-07-10 01:08:33.886 9 INFO neutron.services.segments.plugin [-] Segment 017be912-fbb1-4c2e-9ea1-270bc5ab5e9d resource provider aggregate not found
2026-07-10 01:08:33.909 9 INFO neutron.services.segments.plugin [-] Segment 017be912-fbb1-4c2e-9ea1-270bc5ab5e9d resource provider not found; error: Placement Client Error (4xx): {"errors": [{"status": 404, "title": "Not Found", "detail": "The resource could not be found.\n\n No resource provider with uuid 017be912-fbb1-4c2e-9ea1-270bc5ab5e9d found for delete ", "request_id": "req-c0ae6ffc-6cec-4083-a97f-e56b2d00189d"}]}
2026-07-10 01:08:33.910 9 INFO neutron.services.segments.plugin [-] Segment 017be912-fbb1-4c2e-9ea1-270bc5ab5e9d resource provider not found; error: Placement Client Error (4xx): {"errors": [{"status": 404, "title": "Not Found", "detail": "The resource could not be found.\n\n No resource provider with uuid 017be912-fbb1-4c2e-9ea1-270bc5ab5e9d found for delete ", "request_id": "req-f11ecaae-102c-4b5f-b2e2-0d532e45124c"}]}
2026-07-10 01:08:33.964 9 INFO neutron.wsgi [None req-0bb6a3bc-4b60-4812-8087-d24335f1bf76 25feb79debed44628f6691cff6c127e8 894e5091f3c6433188e8cd031017cbfb - - - -] 10.0.0.89 "DELETE /v2.0/networks/75b4b2d5-373d-40a0-832f-a8644f025cd5 HTTP/1.1" status: 204 len: 168 time: 0.9696958
2026-07-10 01:08:34.132 10 INFO neutron.db.ovn_revision_numbers_db [None req-82733dac-cfb1-41ba-b849-5de7d3c15916 90f3bcdbeef84b46bf9829697a094613 93184c7435dd47f9b82b437086b62d65 - - - -] Successfully bumped revision number for resource a0ae37d5-e0bd-4232-a28e-701f34f32290 (type: router_ports) to 1
2026-07-10 01:08:34.173 9 INFO neutron.plugins.ml2.drivers.ovn.mech_driver.mech_driver [None req-68e7ad87-98e3-49de-afae-e972b9ce3ad8 - - - - - -] OVN reports status up for port: a0ae37d5-e0bd-4232-a28e-701f34f32290
2026-07-10 01:08:34.186 9 INFO neutron.plugins.ml2.drivers.ovn.mech_driver.ovsdb.ovsdb_monitor [None req-d1950dc5-8086-4339-bd2a-de79e064917d - - - - - -] Router 90b34b3f-4154-41bd-9d3c-931516234632 is bound to host instance
2026-07-10 01:08:34.219 10 INFO neutron.db.ovn_revision_numbers_db [None req-82733dac-cfb1-41ba-b849-5de7d3c15916 90f3bcdbeef84b46bf9829697a094613 93184c7435dd47f9b82b437086b62d65 - - - -] Successfully bumped revision number for resource 90b34b3f-4154-41bd-9d3c-931516234632 (type: routers) to 3
2026-07-10 01:08:34.229 9 INFO neutron.plugins.ml2.plugin [None req-68e7ad87-98e3-49de-afae-e972b9ce3ad8 - - - - - -] Attempt 1 to provision port a0ae37d5-e0bd-4232-a28e-701f34f32290
2026-07-10 01:08:34.238 10 INFO neutron.wsgi [None req-82733dac-cfb1-41ba-b849-5de7d3c15916 90f3bcdbeef84b46bf9829697a094613 93184c7435dd47f9b82b437086b62d65 - - - -] 10.0.0.89 "POST /v2.0/routers HTTP/1.1" status: 201 len: 872 time: 1.7247231
2026-07-10 01:08:34.471 9 WARNING neutron.scheduler.dhcp_agent_scheduler [None req-63d62e4e-4d26-4919-b80b-bd128a9ee28d cf5bd39e582a4192a2cf521165b9f115 73c3613313054f7fa0b02d43fe4b5e9f - - - -] No more DHCP agents
2026-07-10 01:08:34.479 9 WARNING neutron.api.rpc.agentnotifiers.dhcp_rpc_agent_api [None req-63d62e4e-4d26-4919-b80b-bd128a9ee28d cf5bd39e582a4192a2cf521165b9f115 73c3613313054f7fa0b02d43fe4b5e9f - - - -] Unable to schedule network 79617cb9-3830-47c6-a733-442a40d747f9: no agents available; will retry on subsequent port and subnet creation events.
2026-07-10 01:08:34.508 9 WARNING neutron.scheduler.dhcp_agent_scheduler [None req-5e79f515-2ffa-4a18-91e4-23d8df719e66 25feb79debed44628f6691cff6c127e8 894e5091f3c6433188e8cd031017cbfb - - - -] No more DHCP agents
2026-07-10 01:08:34.514 9 WARNING neutron.api.rpc.agentnotifiers.dhcp_rpc_agent_api [None req-5e79f515-2ffa-4a18-91e4-23d8df719e66 25feb79debed44628f6691cff6c127e8 894e5091f3c6433188e8cd031017cbfb - - - -] Unable to schedule network dc8d0aa4-5d46-4187-8696-9247b97e0434: no agents available; will retry on subsequent port and subnet creation events.
2026-07-10 01:08:34.664 9 INFO neutron.db.ovn_revision_numbers_db [None req-5e79f515-2ffa-4a18-91e4-23d8df719e66 25feb79debed44628f6691cff6c127e8 894e5091f3c6433188e8cd031017cbfb - - - -] Successfully bumped revision number for resource 2497c02b-a988-4b31-9d23-dbfddaef18e6 (type: ports) to 1
2026-07-10 01:08:34.711 9 INFO neutron.wsgi [None req-5e79f515-2ffa-4a18-91e4-23d8df719e66 25feb79debed44628f6691cff6c127e8 894e5091f3c6433188e8cd031017cbfb - - - -] 10.0.0.89 "POST /v2.0/ports HTTP/1.1" status: 201 len: 974 time: 0.7324791
2026-07-10 01:08:34.732 10 WARNING neutron.scheduler.dhcp_agent_scheduler [None req-cd1ca945-989d-4b57-9e59-9858eccf0693 90f3bcdbeef84b46bf9829697a094613 93184c7435dd47f9b82b437086b62d65 - - default default] No more DHCP agents
2026-07-10 01:08:34.743 10 WARNING neutron.api.rpc.agentnotifiers.dhcp_rpc_agent_api [None req-cd1ca945-989d-4b57-9e59-9858eccf0693 90f3bcdbeef84b46bf9829697a094613 93184c7435dd47f9b82b437086b62d65 - - default default] Unable to schedule network 5eae4077-ab16-486b-a429-f619e61188d1: no agents available; will retry on subsequent port and subnet creation events.
2026-07-10 01:08:34.762 9 INFO neutron.db.ovn_revision_numbers_db [None req-63d62e4e-4d26-4919-b80b-bd128a9ee28d cf5bd39e582a4192a2cf521165b9f115 73c3613313054f7fa0b02d43fe4b5e9f - - - -] Successfully bumped revision number for resource 84d50e81-d5e0-4e94-a2dc-031e3d98d8b7 (type: ports) to 1
2026-07-10 01:08:34.952 10 INFO neutron.db.ovn_revision_numbers_db [None req-cd1ca945-989d-4b57-9e59-9858eccf0693 90f3bcdbeef84b46bf9829697a094613 93184c7435dd47f9b82b437086b62d65 - - default default] Successfully bumped revision number for resource 7770daa1-a07c-41ec-901b-b539f810661a (type: ports) to 1
2026-07-10 01:08:35.037 10 INFO neutron.db.ovn_revision_numbers_db [None req-886a0bf9-719d-4630-805e-abe32c20818d 25feb79debed44628f6691cff6c127e8 894e5091f3c6433188e8cd031017cbfb - - - -] Successfully bumped revision number for resource 2497c02b-a988-4b31-9d23-dbfddaef18e6 (type: ports) to 2
2026-07-10 01:08:35.048 10 INFO neutron.wsgi [None req-886a0bf9-719d-4630-805e-abe32c20818d 25feb79debed44628f6691cff6c127e8 894e5091f3c6433188e8cd031017cbfb - - - -] 10.0.0.89 "PUT /v2.0/ports/2497c02b-a988-4b31-9d23-dbfddaef18e6 HTTP/1.1" status: 200 len: 946 time: 0.3296125 /var/lib/openstack/lib/python3.10/site-packages/pycadf/identifier.py:71: UserWarning: Invalid uuid: neutron. To ensure interoperability, identifiers should be a valid uuid. warnings.warn(('Invalid uuid: %s. To ensure interoperability, '
2026-07-10 01:08:35.430 10 INFO neutron.wsgi [None req-b9149f80-807f-4c3f-adcd-77ba6066e920 25feb79debed44628f6691cff6c127e8 894e5091f3c6433188e8cd031017cbfb - - - -] 10.0.0.89 "DELETE /v2.0/ports/2497c02b-a988-4b31-9d23-dbfddaef18e6 HTTP/1.1" status: 204 len: 168 time: 0.3674462
2026-07-10 01:08:35.467 9 INFO neutron.db.ovn_revision_numbers_db [None req-d1950dc5-8086-4339-bd2a-de79e064917d - - - - - -] Successfully bumped revision number for resource a0ae37d5-e0bd-4232-a28e-701f34f32290 (type: ports) to 1
2026-07-10 01:08:35.543 10 INFO neutron.wsgi [None req-303f3327-dde3-48bf-8678-9c786a046fef 25feb79debed44628f6691cff6c127e8 894e5091f3c6433188e8cd031017cbfb - - default default] 10.0.0.89 "GET /v2.0/ports HTTP/1.1" status: 200 len: 1728 time: 0.1066546 /var/lib/openstack/lib/python3.10/site-packages/pycadf/identifier.py:71: UserWarning: Invalid uuid: neutron. To ensure interoperability, identifiers should be a valid uuid. warnings.warn(('Invalid uuid: %s. To ensure interoperability, '
2026-07-10 01:08:35.560 10 INFO neutron.db.ovn_revision_numbers_db [None req-cd1ca945-989d-4b57-9e59-9858eccf0693 90f3bcdbeef84b46bf9829697a094613 93184c7435dd47f9b82b437086b62d65 - - default default] Successfully bumped revision number for resource 7770daa1-a07c-41ec-901b-b539f810661a (type: router_ports) to 2
2026-07-10 01:08:35.582 9 INFO neutron.pecan_wsgi.hooks.translation [None req-4e39bcd1-22c6-41f6-be4c-94c8a0ed53dc 25feb79debed44628f6691cff6c127e8 894e5091f3c6433188e8cd031017cbfb - - default default] GET failed (client error): The resource could not be found.
2026-07-10 01:08:35.584 9 INFO neutron.wsgi [None req-4e39bcd1-22c6-41f6-be4c-94c8a0ed53dc 25feb79debed44628f6691cff6c127e8 894e5091f3c6433188e8cd031017cbfb - - default default] 10.0.0.89 "GET /v2.0/ports/2497c02b-a988-4b31-9d23-dbfddaef18e6 HTTP/1.1" status: 404 len: 333 time: 0.0299170
2026-07-10 01:08:35.655 10 INFO neutron.wsgi [None req-331c1163-8b78-4fb6-a211-60b1dfe25ea5 25feb79debed44628f6691cff6c127e8 894e5091f3c6433188e8cd031017cbfb - - default default] 10.0.0.89 "GET /v2.0/ports HTTP/1.1" status: 200 len: 1728 time: 0.0637596
2026-07-10 01:08:35.705 10 INFO neutron.wsgi [None req-ac1b065d-025f-46f1-a3ba-0ce8b2b7770c 25feb79debed44628f6691cff6c127e8 894e5091f3c6433188e8cd031017cbfb - - default default] 10.0.0.89 "GET /v2.0/ports/d4566945-9c87-40a7-a535-42a0f73062e9 HTTP/1.1" status: 200 len: 968 time: 0.0377085
2026-07-10 01:08:35.740 9 INFO neutron.pecan_wsgi.hooks.translation [None req-2a0c2bab-99b5-41d5-a8ef-ab18af7aec55 25feb79debed44628f6691cff6c127e8 894e5091f3c6433188e8cd031017cbfb - - - -] DELETE failed (client error): The resource could not be found.
2026-07-10 01:08:35.743 9 INFO neutron.wsgi [None req-2a0c2bab-99b5-41d5-a8ef-ab18af7aec55 25feb79debed44628f6691cff6c127e8 894e5091f3c6433188e8cd031017cbfb - - - -] 10.0.0.89 "DELETE /v2.0/ports/07af5130-ea71-4cbd-a13c-3fe3c7ff3d6e HTTP/1.1" status: 404 len: 333 time: 0.0300739
2026-07-10 01:08:35.769 10 INFO neutron.pecan_wsgi.hooks.translation [None req-cfc1f2ef-234d-426a-b16f-7acddc17cf76 25feb79debed44628f6691cff6c127e8 894e5091f3c6433188e8cd031017cbfb - - - -] DELETE failed (client error): The resource could not be found.
2026-07-10 01:08:35.771 10 INFO neutron.wsgi [None req-cfc1f2ef-234d-426a-b16f-7acddc17cf76 25feb79debed44628f6691cff6c127e8 894e5091f3c6433188e8cd031017cbfb - - - -] 10.0.0.89 "DELETE /v2.0/subnets/974444fc-4f25-4d9b-8aac-b10b370072e8 HTTP/1.1" status: 404 len: 337 time: 0.0213716
2026-07-10 01:08:35.775 10 INFO neutron.db.ovn_revision_numbers_db [None req-cd1ca945-989d-4b57-9e59-9858eccf0693 90f3bcdbeef84b46bf9829697a094613 93184c7435dd47f9b82b437086b62d65 - - default default] Successfully bumped revision number for resource 7770daa1-a07c-41ec-901b-b539f810661a (type: ports) to 2
2026-07-10 01:08:35.798 10 INFO neutron.pecan_wsgi.hooks.translation [None req-d5ad184a-788e-4cd0-8165-8409d2d771cc 25feb79debed44628f6691cff6c127e8 894e5091f3c6433188e8cd031017cbfb - - - -] DELETE failed (client error): The resource could not be found.
2026-07-10 01:08:35.800 10 INFO neutron.wsgi [None req-d5ad184a-788e-4cd0-8165-8409d2d771cc 25feb79debed44628f6691cff6c127e8 894e5091f3c6433188e8cd031017cbfb - - - -] 10.0.0.89 "DELETE /v2.0/subnets/b46ad4ad-348f-4ce6-b125-bb94bc712d3e HTTP/1.1" status: 404 len: 337 time: 0.0213652
2026-07-10 01:08:35.860 10 WARNING neutron.scheduler.dhcp_agent_scheduler [None req-cd1ca945-989d-4b57-9e59-9858eccf0693 90f3bcdbeef84b46bf9829697a094613 93184c7435dd47f9b82b437086b62d65 - - default default] No more DHCP agents
2026-07-10 01:08:35.862 10 WARNING neutron.api.rpc.agentnotifiers.dhcp_rpc_agent_api [None req-cd1ca945-989d-4b57-9e59-9858eccf0693 90f3bcdbeef84b46bf9829697a094613 93184c7435dd47f9b82b437086b62d65 - - default default] Unable to schedule network 5eae4077-ab16-486b-a429-f619e61188d1: no agents available; will retry on subsequent port and subnet creation events.
2026-07-10 01:08:35.924 9 INFO neutron.db.ovn_revision_numbers_db [None req-63d62e4e-4d26-4919-b80b-bd128a9ee28d cf5bd39e582a4192a2cf521165b9f115 73c3613313054f7fa0b02d43fe4b5e9f - - - -] Successfully bumped revision number for resource 84d50e81-d5e0-4e94-a2dc-031e3d98d8b7 (type: router_ports) to 1
2026-07-10 01:08:35.958 9 INFO neutron.db.ovn_revision_numbers_db [None req-d1950dc5-8086-4339-bd2a-de79e064917d - - - - - -] Successfully bumped revision number for resource a0ae37d5-e0bd-4232-a28e-701f34f32290 (type: router_ports) to 3
2026-07-10 01:08:36.049 9 INFO neutron.db.ovn_revision_numbers_db [None req-63d62e4e-4d26-4919-b80b-bd128a9ee28d cf5bd39e582a4192a2cf521165b9f115 73c3613313054f7fa0b02d43fe4b5e9f - - - -] Successfully bumped revision number for resource 03099329-dc7f-43ff-a1ab-91be65dc0664 (type: routers) to 3
2026-07-10 01:08:36.082 9 INFO neutron.wsgi [None req-63d62e4e-4d26-4919-b80b-bd128a9ee28d cf5bd39e582a4192a2cf521165b9f115 73c3613313054f7fa0b02d43fe4b5e9f - - - -] 10.0.0.89 "POST /v2.0/routers HTTP/1.1" status: 201 len: 874 time: 2.8709126
2026-07-10 01:08:36.171 10 INFO neutron.wsgi [None req-435d7c86-b832-4da1-b469-2147fe1e0176 6433d12e58394282bd4d20f21a0b4c75 0474edaa86084d33bcb0f3403084baa5 - - default default] 10.0.0.89 "GET /v2.0/subnets?project_id=73c3613313054f7fa0b02d43fe4b5e9f&cidr=10.100.0.0%2F28 HTTP/1.1" status: 200 len: 207 time: 0.0808635
2026-07-10 01:08:36.197 9 INFO neutron.db.ovn_revision_numbers_db [None req-d1950dc5-8086-4339-bd2a-de79e064917d - - - - - -] Successfully bumped revision number for resource a0ae37d5-e0bd-4232-a28e-701f34f32290 (type: ports) to 2
2026-07-10 01:08:36.218 9 INFO neutron.wsgi [None req-cb52c4ed-9fea-439c-8711-ac5fc3237650 25feb79debed44628f6691cff6c127e8 894e5091f3c6433188e8cd031017cbfb - - - -] 10.0.0.89 "DELETE /v2.0/ports/d4566945-9c87-40a7-a535-42a0f73062e9 HTTP/1.1" status: 204 len: 168 time: 0.4112391
2026-07-10 01:08:36.378 9 INFO neutron.wsgi [req-ee7ff573-4eda-4668-9125-7e150e0f4d10 req-abbc8501-4301-4aa2-b47a-ef3eac82eb25 12a5899fcef54709917a8c6de84a9a33 52fa9168dff24b3eba1e5bfab0be0bcb - - default default] 10.0.0.59 "GET /v2.0/ports?device_id=c775d73a-c896-4d01-9f13-0a1a265d282a HTTP/1.1" status: 200 len: 1214 time: 0.1122382
2026-07-10 01:08:36.438 9 INFO neutron.wsgi [req-ee7ff573-4eda-4668-9125-7e150e0f4d10 req-512083b0-77f0-43c4-885d-f7d24ca52129 12a5899fcef54709917a8c6de84a9a33 52fa9168dff24b3eba1e5bfab0be0bcb - - default default] 10.0.0.59 "GET /v2.0/security-groups?id=6229d91c-0d88-4e49-a4e0-0dae9b1d9e84&id=d339e060-00f5-4da4-971f-2b5d8309aaff&fields=id&fields=name HTTP/1.1" status: 200 len: 404 time: 0.0528355
2026-07-10 01:08:36.523 9 INFO neutron.db.ovn_revision_numbers_db [None req-d1950dc5-8086-4339-bd2a-de79e064917d - - - - - -] Successfully bumped revision number for resource a0ae37d5-e0bd-4232-a28e-701f34f32290 (type: ports) to 4
2026-07-10 01:08:36.610 10 INFO neutron.wsgi [None req-d8d63a32-e34d-4cbc-8d82-cf54f78fa6d6 6433d12e58394282bd4d20f21a0b4c75 0474edaa86084d33bcb0f3403084baa5 - - default default] 10.0.0.89 "GET /v2.0/networks?router%3Aexternal=True HTTP/1.1" status: 200 len: 947 time: 0.4243340
2026-07-10 01:08:36.631 9 INFO neutron.wsgi [None req-903a1238-94c8-4f80-bd99-f2317428193a 22009e886a924232b3bc5190bda2a345 7dff5606564f4c99bcd6daa97ee3fab4 - - default default] 10.0.0.89 "GET /v2.0/ports?device_id=c775d73a-c896-4d01-9f13-0a1a265d282a HTTP/1.1" status: 200 len: 1399 time: 0.1641729
2026-07-10 01:08:36.700 10 INFO neutron.wsgi [None req-fad9a9fe-6e93-448e-8853-e61b8a64d941 6433d12e58394282bd4d20f21a0b4c75 0474edaa86084d33bcb0f3403084baa5 - - default default] 10.0.0.89 "GET /v2.0/subnets?network_id=79617cb9-3830-47c6-a733-442a40d747f9&cidr=10.100.0.0%2F28 HTTP/1.1" status: 200 len: 207 time: 0.0708699
2026-07-10 01:08:36.733 9 INFO neutron.wsgi [None req-8f801fe4-5a61-4824-ac5b-3682039a65ec 12a5899fcef54709917a8c6de84a9a33 52fa9168dff24b3eba1e5bfab0be0bcb - - default default] 10.0.0.89 "GET /v2.0/floatingips?floating_network_id=79617cb9-3830-47c6-a733-442a40d747f9&port_id=0a62b651-28a8-4893-869b-eaa6a640c7ad HTTP/1.1" status: 200 len: 1055 time: 0.0927768
2026-07-10 01:08:36.833 9 INFO neutron.db.ovn_revision_numbers_db [None req-d1950dc5-8086-4339-bd2a-de79e064917d - - - - - -] Successfully bumped revision number for resource a0ae37d5-e0bd-4232-a28e-701f34f32290 (type: router_ports) to 4
2026-07-10 01:08:36.879 9 INFO neutron.plugins.ml2.drivers.ovn.mech_driver.ovsdb.ovsdb_monitor [None req-d1950dc5-8086-4339-bd2a-de79e064917d - - - - - -] Router 03099329-dc7f-43ff-a1ab-91be65dc0664 is bound to host instance
2026-07-10 01:08:37.049 10 INFO neutron.wsgi [req-e0d75418-5d9a-41c3-8bf6-021a25112770 req-dee4f168-b8e2-4834-9298-a6a940854eae 89c3fae6dcb646aa91c28996fe156959 faffad71723d45fd97606657dda41426 - - 8de3764cfd4c4215a6bb461fcf116421 8de3764cfd4c4215a6bb461fcf116421] 10.0.0.36 "GET /v2.0/ports?device_id=c775d73a-c896-4d01-9f13-0a1a265d282a HTTP/1.1" status: 200 len: 1404 time: 0.0725391
2026-07-10 01:08:37.201 10 INFO neutron.wsgi [req-e0d75418-5d9a-41c3-8bf6-021a25112770 req-11eee001-7ae5-4afd-b760-d3c6768f8328 89c3fae6dcb646aa91c28996fe156959 faffad71723d45fd97606657dda41426 - - 8de3764cfd4c4215a6bb461fcf116421 8de3764cfd4c4215a6bb461fcf116421] 10.0.0.36 "GET /v2.0/security-groups?id=6229d91c-0d88-4e49-a4e0-0dae9b1d9e84&id=d339e060-00f5-4da4-971f-2b5d8309aaff&fields=id&fields=name HTTP/1.1" status: 200 len: 404 time: 0.1372025
2026-07-10 01:08:37.231 9 INFO neutron.plugins.ml2.drivers.ovn.mech_driver.mech_driver [None req-68e7ad87-98e3-49de-afae-e972b9ce3ad8 - - - - - -] OVN reports status up for port: 7770daa1-a07c-41ec-901b-b539f810661a
2026-07-10 01:08:37.247 9 INFO neutron.plugins.ml2.plugin [None req-68e7ad87-98e3-49de-afae-e972b9ce3ad8 - - - - - -] Attempt 1 to provision port 7770daa1-a07c-41ec-901b-b539f810661a
2026-07-10 01:08:37.311 10 WARNING neutron.scheduler.dhcp_agent_scheduler [None req-7045b5d7-3d1b-4317-954c-898cc058c64e cf5bd39e582a4192a2cf521165b9f115 73c3613313054f7fa0b02d43fe4b5e9f - - - -] No more DHCP agents
2026-07-10 01:08:37.316 10 WARNING neutron.api.rpc.agentnotifiers.dhcp_rpc_agent_api [None req-7045b5d7-3d1b-4317-954c-898cc058c64e cf5bd39e582a4192a2cf521165b9f115 73c3613313054f7fa0b02d43fe4b5e9f - - - -] Unable to schedule network e09d8c72-f5ff-4d50-bcf2-67008d63a030: no agents available; will retry on subsequent port and subnet creation events.
2026-07-10 01:08:37.419 10 INFO neutron.services.segments.plugin [-] Segment 0545b2c5-0233-499d-a1ba-4bdec1b86cde resource provider aggregate not found
2026-07-10 01:08:37.425 10 INFO neutron.services.segments.plugin [-] Segment 0545b2c5-0233-499d-a1ba-4bdec1b86cde resource provider aggregate not found
2026-07-10 01:08:37.453 10 INFO neutron.services.segments.plugin [-] Segment 0545b2c5-0233-499d-a1ba-4bdec1b86cde resource provider not found; error: Placement Client Error (4xx): {"errors": [{"status": 404, "title": "Not Found", "detail": "The resource could not be found.\n\n No resource provider with uuid 0545b2c5-0233-499d-a1ba-4bdec1b86cde found for delete ", "request_id": "req-d4487859-7ec3-456d-854b-a54d15d4b3dc"}]}
2026-07-10 01:08:37.456 10 INFO neutron.services.segments.plugin [-] Segment 0545b2c5-0233-499d-a1ba-4bdec1b86cde resource provider not found; error: Placement Client Error (4xx): {"errors": [{"status": 404, "title": "Not Found", "detail": "The resource could not be found.\n\n No resource provider with uuid 0545b2c5-0233-499d-a1ba-4bdec1b86cde found for delete ", "request_id": "req-91c73b74-aa78-4c88-b42e-1e795e2a0cdd"}]}
2026-07-10 01:08:37.513 10 INFO neutron.wsgi [None req-12d5f299-3191-4b2f-95ef-24b9a6e49124 25feb79debed44628f6691cff6c127e8 894e5091f3c6433188e8cd031017cbfb - - - -] 10.0.0.89 "DELETE /v2.0/networks/dc8d0aa4-5d46-4187-8696-9247b97e0434 HTTP/1.1" status: 204 len: 168 time: 1.2776701
2026-07-10 01:08:37.554 10 INFO neutron.db.ovn_revision_numbers_db [None req-cd1ca945-989d-4b57-9e59-9858eccf0693 90f3bcdbeef84b46bf9829697a094613 93184c7435dd47f9b82b437086b62d65 - - - -] Successfully bumped revision number for resource 7770daa1-a07c-41ec-901b-b539f810661a (type: router_ports) to 2
2026-07-10 01:08:37.556 10 INFO neutron.wsgi [None req-cd1ca945-989d-4b57-9e59-9858eccf0693 90f3bcdbeef84b46bf9829697a094613 93184c7435dd47f9b82b437086b62d65 - - - -] 10.0.0.89 "PUT /v2.0/routers/90b34b3f-4154-41bd-9d3c-931516234632/add_router_interface HTTP/1.1" status: 200 len: 503 time: 3.3113232
2026-07-10 01:08:37.707 9 INFO neutron.db.ovn_revision_numbers_db [None req-68e7ad87-98e3-49de-afae-e972b9ce3ad8 - - - - - -] Successfully bumped revision number for resource 7770daa1-a07c-41ec-901b-b539f810661a (type: ports) to 3
2026-07-10 01:08:37.859 9 INFO neutron.db.ovn_revision_numbers_db [None req-68e7ad87-98e3-49de-afae-e972b9ce3ad8 - - - - - -] Successfully bumped revision number for resource 7770daa1-a07c-41ec-901b-b539f810661a (type: router_ports) to 3
2026-07-10 01:08:37.954 9 INFO neutron.db.ovn_revision_numbers_db [None req-d1950dc5-8086-4339-bd2a-de79e064917d - - - - - -] Successfully bumped revision number for resource 84d50e81-d5e0-4e94-a2dc-031e3d98d8b7 (type: ports) to 1
2026-07-10 01:08:37.954 10 INFO neutron.db.ovn_revision_numbers_db [None req-7045b5d7-3d1b-4317-954c-898cc058c64e cf5bd39e582a4192a2cf521165b9f115 73c3613313054f7fa0b02d43fe4b5e9f - - - -] Successfully bumped revision number for resource e026a178-85d3-44e9-9621-06e3e3cbbf7b (type: ports) to 2
2026-07-10 01:08:37.970 10 INFO neutron.db.ovn_revision_numbers_db [None req-7045b5d7-3d1b-4317-954c-898cc058c64e cf5bd39e582a4192a2cf521165b9f115 73c3613313054f7fa0b02d43fe4b5e9f - - - -] Successfully bumped revision number for resource 72b669ad-5ba1-459e-a24b-113ea7725e48 (type: subnets) to 0
2026-07-10 01:08:37.988 10 INFO neutron.wsgi [None req-7045b5d7-3d1b-4317-954c-898cc058c64e cf5bd39e582a4192a2cf521165b9f115 73c3613313054f7fa0b02d43fe4b5e9f - - - -] 10.0.0.89 "POST /v2.0/subnets HTTP/1.1" status: 201 len: 832 time: 1.2824185
2026-07-10 01:08:38.218 9 INFO neutron.db.ovn_revision_numbers_db [None req-d1950dc5-8086-4339-bd2a-de79e064917d - - - - - -] Successfully bumped revision number for resource 84d50e81-d5e0-4e94-a2dc-031e3d98d8b7 (type: router_ports) to 3
2026-07-10 01:08:38.270 10 INFO neutron.wsgi [None req-25d8d334-db13-4f4a-a332-4dc5154a78c2 90f3bcdbeef84b46bf9829697a094613 93184c7435dd47f9b82b437086b62d65 - - default default] 10.0.0.89 "GET /v2.0/security-groups?tenant_id=894e5091f3c6433188e8cd031017cbfb&name=default HTTP/1.1" status: 200 len: 2996 time: 0.1681066
2026-07-10 01:08:38.412 9 INFO neutron.db.ovn_revision_numbers_db [None req-d1950dc5-8086-4339-bd2a-de79e064917d - - - - - -] Successfully bumped revision number for resource 84d50e81-d5e0-4e94-a2dc-031e3d98d8b7 (type: ports) to 2
2026-07-10 01:08:38.548 9 INFO neutron.wsgi [None req-7d4a5487-3886-4b37-915c-ed0190d326bc 90f3bcdbeef84b46bf9829697a094613 93184c7435dd47f9b82b437086b62d65 - - - -] 10.0.0.89 "DELETE /v2.0/security-groups/00a7ae22-0fd8-4c43-8a0e-a4bbf3c74082 HTTP/1.1" status: 204 len: 168 time: 0.2724001
2026-07-10 01:08:38.648 9 INFO neutron.db.ovn_revision_numbers_db [None req-d1950dc5-8086-4339-bd2a-de79e064917d - - - - - -] Successfully bumped revision number for resource 84d50e81-d5e0-4e94-a2dc-031e3d98d8b7 (type: ports) to 4
2026-07-10 01:08:38.655 10 WARNING neutron.scheduler.dhcp_agent_scheduler [None req-074e111c-b187-4285-9757-8f0e5e5cd926 cf5bd39e582a4192a2cf521165b9f115 73c3613313054f7fa0b02d43fe4b5e9f - - default default] No more DHCP agents
2026-07-10 01:08:38.658 10 WARNING neutron.api.rpc.agentnotifiers.dhcp_rpc_agent_api [None req-074e111c-b187-4285-9757-8f0e5e5cd926 cf5bd39e582a4192a2cf521165b9f115 73c3613313054f7fa0b02d43fe4b5e9f - - default default] Unable to schedule network e09d8c72-f5ff-4d50-bcf2-67008d63a030: no agents available; will retry on subsequent port and subnet creation events.
2026-07-10 01:08:38.818 10 INFO neutron.db.ovn_revision_numbers_db [None req-074e111c-b187-4285-9757-8f0e5e5cd926 cf5bd39e582a4192a2cf521165b9f115 73c3613313054f7fa0b02d43fe4b5e9f - - default default] Successfully bumped revision number for resource c67e88d1-d634-41c0-a4bd-eeb222c6561d (type: ports) to 1
2026-07-10 01:08:38.835 9 INFO neutron.db.ovn_revision_numbers_db [None req-d1950dc5-8086-4339-bd2a-de79e064917d - - - - - -] Successfully bumped revision number for resource 84d50e81-d5e0-4e94-a2dc-031e3d98d8b7 (type: router_ports) to 4
2026-07-10 01:08:39.568 10 INFO neutron.wsgi [req-6a845411-2735-48e0-9791-6a0d0ef44b0a req-4c5f9a93-6c7c-46e6-a9c2-4387f540189b 12a5899fcef54709917a8c6de84a9a33 52fa9168dff24b3eba1e5bfab0be0bcb - - default default] 10.0.0.59 "GET /v2.0/ports?device_id=c775d73a-c896-4d01-9f13-0a1a265d282a HTTP/1.1" status: 200 len: 1214 time: 0.1203678
2026-07-10 01:08:39.633 9 INFO neutron.wsgi [req-922a1003-445a-4e32-8a68-d87118abe896 req-5d9b87d1-2c41-49ad-9edc-c5af3a048d8c 12a5899fcef54709917a8c6de84a9a33 52fa9168dff24b3eba1e5bfab0be0bcb - - default default] 199.19.213.80 "GET /v2.0/ports?device_id=c775d73a-c896-4d01-9f13-0a1a265d282a HTTP/1.1" status: 200 len: 1214 time: 0.0372076
2026-07-10 01:08:39.645 10 INFO neutron.wsgi [req-6a845411-2735-48e0-9791-6a0d0ef44b0a req-f59aaff6-c68e-48d4-99ca-a19d248b2e5c 12a5899fcef54709917a8c6de84a9a33 52fa9168dff24b3eba1e5bfab0be0bcb - - default default] 10.0.0.59 "GET /v2.0/security-groups?id=6229d91c-0d88-4e49-a4e0-0dae9b1d9e84&id=d339e060-00f5-4da4-971f-2b5d8309aaff&fields=id&fields=name HTTP/1.1" status: 200 len: 404 time: 0.0662401
2026-07-10 01:08:39.727 10 INFO neutron.plugins.ml2.drivers.ovn.mech_driver.mech_driver [None req-2cf7cbb6-eca9-4d5d-8277-98de6e5b5f10 - - - - - -] OVN reports status up for port: c67e88d1-d634-41c0-a4bd-eeb222c6561d
2026-07-10 01:08:39.733 10 INFO neutron.db.ovn_revision_numbers_db [None req-074e111c-b187-4285-9757-8f0e5e5cd926 cf5bd39e582a4192a2cf521165b9f115 73c3613313054f7fa0b02d43fe4b5e9f - - default default] Successfully bumped revision number for resource c67e88d1-d634-41c0-a4bd-eeb222c6561d (type: router_ports) to 2
2026-07-10 01:08:39.749 10 INFO neutron.plugins.ml2.plugin [None req-2cf7cbb6-eca9-4d5d-8277-98de6e5b5f10 - - - - - -] Attempt 1 to provision port c67e88d1-d634-41c0-a4bd-eeb222c6561d
2026-07-10 01:08:39.940 10 INFO neutron.db.ovn_revision_numbers_db [None req-074e111c-b187-4285-9757-8f0e5e5cd926 cf5bd39e582a4192a2cf521165b9f115 73c3613313054f7fa0b02d43fe4b5e9f - - default default] Successfully bumped revision number for resource c67e88d1-d634-41c0-a4bd-eeb222c6561d (type: ports) to 2
2026-07-10 01:08:40.044 9 INFO neutron.db.l3_db [None req-870537db-46ab-4f58-961c-9f0e9555d67c 12a5899fcef54709917a8c6de84a9a33 52fa9168dff24b3eba1e5bfab0be0bcb - - - -] Floating IP c5090cdb-5e99-41c3-8f52-23e81e0c6ca4 disassociated. External IP: 10.96.250.210, port: 0a62b651-28a8-4893-869b-eaa6a640c7ad.
2026-07-10 01:08:40.052 10 WARNING neutron.scheduler.dhcp_agent_scheduler [None req-074e111c-b187-4285-9757-8f0e5e5cd926 cf5bd39e582a4192a2cf521165b9f115 73c3613313054f7fa0b02d43fe4b5e9f - - default default] No more DHCP agents
2026-07-10 01:08:40.054 10 WARNING neutron.api.rpc.agentnotifiers.dhcp_rpc_agent_api [None req-074e111c-b187-4285-9757-8f0e5e5cd926 cf5bd39e582a4192a2cf521165b9f115 73c3613313054f7fa0b02d43fe4b5e9f - - default default] Unable to schedule network e09d8c72-f5ff-4d50-bcf2-67008d63a030: no agents available; will retry on subsequent port and subnet creation events.
2026-07-10 01:08:40.123 9 INFO neutron.wsgi [req-1fb3377f-b46c-4f4d-af91-983dae6c413c req-fd50c9c4-66f9-4112-bb1d-ec079ad98b22 e74cd058df224299b2695a413dda26f4 e1782424438a48e3af058801477f4bd5 - - default default] 10.0.0.59 "GET /v2.0/networks?id=5eae4077-ab16-486b-a429-f619e61188d1 HTTP/1.1" status: 200 len: 870 time: 0.1012170
2026-07-10 01:08:40.127 10 INFO neutron.db.ovn_revision_numbers_db [None req-2cf7cbb6-eca9-4d5d-8277-98de6e5b5f10 - - - - - -] Successfully bumped revision number for resource c67e88d1-d634-41c0-a4bd-eeb222c6561d (type: ports) to 3
2026-07-10 01:08:40.160 9 INFO neutron.wsgi [req-1fb3377f-b46c-4f4d-af91-983dae6c413c req-063a598b-2598-41e7-bb22-a9bb1044fced e74cd058df224299b2695a413dda26f4 e1782424438a48e3af058801477f4bd5 - - default default] 10.0.0.59 "GET /v2.0/quotas/e1782424438a48e3af058801477f4bd5 HTTP/1.1" status: 200 len: 386 time: 0.0150728
2026-07-10 01:08:40.273 10 INFO neutron.db.ovn_revision_numbers_db [None req-2cf7cbb6-eca9-4d5d-8277-98de6e5b5f10 - - - - - -] Successfully bumped revision number for resource c67e88d1-d634-41c0-a4bd-eeb222c6561d (type: router_ports) to 3
2026-07-10 01:08:40.295 9 INFO neutron.wsgi [req-1fb3377f-b46c-4f4d-af91-983dae6c413c req-8a5aa998-36fa-4b65-b222-630e753c2a71 e74cd058df224299b2695a413dda26f4 e1782424438a48e3af058801477f4bd5 - - default default] 10.0.0.59 "GET /v2.0/ports?tenant_id=e1782424438a48e3af058801477f4bd5&fields=id HTTP/1.1" status: 200 len: 302 time: 0.1277177
2026-07-10 01:08:40.358 9 INFO neutron.wsgi [-] 10.0.0.89 "GET / HTTP/1.1" status: 200 len: 279 time: 0.0015025
2026-07-10 01:08:40.400 9 INFO neutron.wsgi [None req-870537db-46ab-4f58-961c-9f0e9555d67c 12a5899fcef54709917a8c6de84a9a33 52fa9168dff24b3eba1e5bfab0be0bcb - - - -] 199.19.213.80 "DELETE /v2.0/ports/0a62b651-28a8-4893-869b-eaa6a640c7ad HTTP/1.1" status: 204 len: 173 time: 0.7595241
2026-07-10 01:08:40.439 9 INFO neutron.wsgi [req-1fb3377f-b46c-4f4d-af91-983dae6c413c req-2305aa4f-0e7f-4e3c-ac05-112f006f91d5 89c3fae6dcb646aa91c28996fe156959 faffad71723d45fd97606657dda41426 - - 8de3764cfd4c4215a6bb461fcf116421 8de3764cfd4c4215a6bb461fcf116421] 10.0.0.59 "GET /v2.0/networks/5eae4077-ab16-486b-a429-f619e61188d1?fields=segments HTTP/1.1" status: 200 len: 212 time: 0.1329014
2026-07-10 01:08:40.441 9 INFO neutron.notifiers.nova [-] Nova event matching ['req-341c7c9b-c233-41b5-8005-ef4b2bb5c037'] response: {'server_uuid': 'c775d73a-c896-4d01-9f13-0a1a265d282a', 'name': 'network-vif-deleted', 'tag': '0a62b651-28a8-4893-869b-eaa6a640c7ad', 'status': 'completed', 'code': 200}
2026-07-10 01:08:40.465 10 INFO neutron.db.ovn_revision_numbers_db [None req-074e111c-b187-4285-9757-8f0e5e5cd926 cf5bd39e582a4192a2cf521165b9f115 73c3613313054f7fa0b02d43fe4b5e9f - - - -] Successfully bumped revision number for resource c67e88d1-d634-41c0-a4bd-eeb222c6561d (type: router_ports) to 3
2026-07-10 01:08:40.469 10 INFO neutron.wsgi [None req-074e111c-b187-4285-9757-8f0e5e5cd926 cf5bd39e582a4192a2cf521165b9f115 73c3613313054f7fa0b02d43fe4b5e9f - - - -] 10.0.0.89 "PUT /v2.0/routers/03099329-dc7f-43ff-a1ab-91be65dc0664/add_router_interface HTTP/1.1" status: 200 len: 503 time: 2.4755428
2026-07-10 01:08:40.516 9 INFO neutron.wsgi [req-1fb3377f-b46c-4f4d-af91-983dae6c413c req-5a08d3c7-6176-4900-bb12-7c00eb05c5d0 89c3fae6dcb646aa91c28996fe156959 faffad71723d45fd97606657dda41426 - - 8de3764cfd4c4215a6bb461fcf116421 8de3764cfd4c4215a6bb461fcf116421] 10.0.0.59 "GET /v2.0/networks/5eae4077-ab16-486b-a429-f619e61188d1?fields=provider%3Aphysical_network&fields=provider%3Anetwork_type HTTP/1.1" status: 200 len: 277 time: 0.0678873
2026-07-10 01:08:40.541 10 INFO neutron.wsgi [None req-12189a56-245f-4756-b8be-a9b479ff50a7 6433d12e58394282bd4d20f21a0b4c75 0474edaa86084d33bcb0f3403084baa5 - - default default] 10.0.0.89 "GET /v2.0/networks HTTP/1.1" status: 200 len: 5384 time: 0.0667758
2026-07-10 01:08:40.567 9 INFO neutron.wsgi [None req-e503a00c-c932-4a53-a450-9f5f2e96309b 0e6fb5b3e85f4f97adcdf02d44adbf36 0b586229c73344afbe93c769d9700da2 - - default default] 10.0.0.89 "GET /v2.0/ HTTP/1.1" status: 200 len: 826 time: 0.1989424
2026-07-10 01:08:40.587 10 INFO neutron.wsgi [None req-44e42ccf-9c42-45bf-b606-02341eda019d 6433d12e58394282bd4d20f21a0b4c75 0474edaa86084d33bcb0f3403084baa5 - - default default] 10.0.0.89 "GET /v2.0/subnets HTTP/1.1" status: 200 len: 4057 time: 0.0401721
2026-07-10 01:08:40.657 10 INFO neutron.wsgi [req-20ce486a-7542-435c-9a71-c0e49d83de9d req-2049c804-677a-4142-9372-3ae99c7fa23b e74cd058df224299b2695a413dda26f4 e1782424438a48e3af058801477f4bd5 - - default default] 10.0.0.59 "GET /v2.0/ports?device_id=8a008c2c-5835-4e64-a69f-4023b88cc4d1 HTTP/1.1" status: 200 len: 210 time: 0.0217321
2026-07-10 01:08:40.678 10 INFO neutron.wsgi [None req-ff7fa053-42a0-4767-8f6e-5b69f0725cfd 6433d12e58394282bd4d20f21a0b4c75 0474edaa86084d33bcb0f3403084baa5 - - default default] 10.0.0.89 "GET /v2.0/routers HTTP/1.1" status: 200 len: 2890 time: 0.0858731
2026-07-10 01:08:40.752 9 INFO neutron.wsgi [req-12c2ca83-c3a2-4a3f-bf17-df69ccdc2cb5 req-be97342a-2d88-43ce-ad46-3ffb0df360a6 12a5899fcef54709917a8c6de84a9a33 52fa9168dff24b3eba1e5bfab0be0bcb - - default default] 10.0.0.59 "GET /v2.0/ports?device_id=c775d73a-c896-4d01-9f13-0a1a265d282a HTTP/1.1" status: 200 len: 210 time: 0.0275395
2026-07-10 01:08:40.838 10 INFO neutron.db.ovn_revision_numbers_db [None req-bb175164-4de9-4564-a949-f9e248753808 cf5bd39e582a4192a2cf521165b9f115 73c3613313054f7fa0b02d43fe4b5e9f - - - -] Successfully bumped revision number for resource 78717b25-3f23-4875-8693-21809634ceee (type: security_groups) to 1
2026-07-10 01:08:40.863 10 INFO neutron.wsgi [None req-bb175164-4de9-4564-a949-f9e248753808 cf5bd39e582a4192a2cf521165b9f115 73c3613313054f7fa0b02d43fe4b5e9f - - - -] 10.0.0.89 "POST /v2.0/security-groups HTTP/1.1" status: 201 len: 1811 time: 0.1208434
2026-07-10 01:08:41.039 10 INFO neutron.db.ovn_revision_numbers_db [None req-a20073da-3f2c-460e-97b4-468a2670b04f cf5bd39e582a4192a2cf521165b9f115 73c3613313054f7fa0b02d43fe4b5e9f - - - -] Successfully bumped revision number for resource d2a66cc6-f870-4211-9398-5aab8cec6501 (type: security_group_rules) to 0
2026-07-10 01:08:41.071 10 INFO neutron.wsgi [None req-a20073da-3f2c-460e-97b4-468a2670b04f cf5bd39e582a4192a2cf521165b9f115 73c3613313054f7fa0b02d43fe4b5e9f - - - -] 10.0.0.89 "POST /v2.0/security-group-rules HTTP/1.1" status: 201 len: 764 time: 0.2016830
2026-07-10 01:08:41.205 10 INFO neutron.db.ovn_revision_numbers_db [None req-b480befa-5d8f-4bb3-9dc1-a5daf327746f cf5bd39e582a4192a2cf521165b9f115 73c3613313054f7fa0b02d43fe4b5e9f - - - -] Successfully bumped revision number for resource 347aac7f-1c5f-42f3-a62e-c1427f2c72a9 (type: security_group_rules) to 0
2026-07-10 01:08:41.231 10 INFO neutron.wsgi [None req-b480befa-5d8f-4bb3-9dc1-a5daf327746f cf5bd39e582a4192a2cf521165b9f115 73c3613313054f7fa0b02d43fe4b5e9f - - - -] 10.0.0.89 "POST /v2.0/security-group-rules HTTP/1.1" status: 201 len: 763 time: 0.1515019
2026-07-10 01:08:41.399 9 INFO neutron.db.ovn_revision_numbers_db [None req-bf5f41e6-9b2b-47bf-95c4-b331a6ee9563 90f3bcdbeef84b46bf9829697a094613 93184c7435dd47f9b82b437086b62d65 - - default default] Successfully bumped revision number for resource 915c3662-c022-4661-afdb-b3702d1d7522 (type: security_groups) to 1
2026-07-10 01:08:41.410 9 INFO neutron.wsgi [req-1fb3377f-b46c-4f4d-af91-983dae6c413c req-4256fc93-0859-409b-941c-3d6998ab8550 e74cd058df224299b2695a413dda26f4 e1782424438a48e3af058801477f4bd5 - - default default] 199.19.213.80 "GET /v2.0/networks?id=5eae4077-ab16-486b-a429-f619e61188d1 HTTP/1.1" status: 200 len: 870 time: 0.0826759
2026-07-10 01:08:41.709 9 INFO neutron.wsgi [None req-bf5f41e6-9b2b-47bf-95c4-b331a6ee9563 90f3bcdbeef84b46bf9829697a094613 93184c7435dd47f9b82b437086b62d65 - - default default] 10.0.0.89 "GET /v2.0/security-groups?tenant_id=0b586229c73344afbe93c769d9700da2&name=default HTTP/1.1" status: 200 len: 2996 time: 0.6098442
2026-07-10 01:08:41.713 9 INFO neutron.db.ovn_revision_numbers_db [None req-eb57ed81-53ed-416b-b8be-b554030f8604 cf5bd39e582a4192a2cf521165b9f115 73c3613313054f7fa0b02d43fe4b5e9f - - - -] Successfully bumped revision number for resource 1a1ff9b2-c521-487d-ae3f-17cdbce727ef (type: security_group_rules) to 0
2026-07-10 01:08:41.749 10 INFO neutron.wsgi [req-c0bfff9c-7ed1-475f-b5a9-32792267cb41 req-e94b8309-dbba-48d2-8407-ad604008c14f e74cd058df224299b2695a413dda26f4 e1782424438a48e3af058801477f4bd5 - - default default] 10.0.0.59 "GET /v2.0/ports?device_id=8a008c2c-5835-4e64-a69f-4023b88cc4d1 HTTP/1.1" status: 200 len: 210 time: 0.0272796
2026-07-10 01:08:41.752 9 INFO neutron.wsgi [None req-eb57ed81-53ed-416b-b8be-b554030f8604 cf5bd39e582a4192a2cf521165b9f115 73c3613313054f7fa0b02d43fe4b5e9f - - - -] 10.0.0.89 "POST /v2.0/security-group-rules HTTP/1.1" status: 201 len: 769 time: 0.5176971
2026-07-10 01:08:41.888 10 INFO neutron.db.ovn_revision_numbers_db [None req-efb4f790-1d1d-4dd8-826c-557427033ea0 cf5bd39e582a4192a2cf521165b9f115 73c3613313054f7fa0b02d43fe4b5e9f - - - -] Successfully bumped revision number for resource 652529ac-f3f4-4a79-8835-7d49511750a5 (type: security_group_rules) to 0
2026-07-10 01:08:41.916 10 INFO neutron.wsgi [None req-efb4f790-1d1d-4dd8-826c-557427033ea0 cf5bd39e582a4192a2cf521165b9f115 73c3613313054f7fa0b02d43fe4b5e9f - - - -] 10.0.0.89 "POST /v2.0/security-group-rules HTTP/1.1" status: 201 len: 768 time: 0.1569722
2026-07-10 01:08:41.952 10 INFO neutron.wsgi [None req-8c771eaf-f115-45a9-aa64-201ff58f7311 90f3bcdbeef84b46bf9829697a094613 93184c7435dd47f9b82b437086b62d65 - - - -] 10.0.0.89 "DELETE /v2.0/security-groups/915c3662-c022-4661-afdb-b3702d1d7522 HTTP/1.1" status: 204 len: 168 time: 0.2361901
