Sep 07 05:49:50.396895 np0000192051 devstack@neutron-api.service[101814]: DEBUG ovsdbapp.backend.ovs_idl [None req-e0bc47ef-95dd-49f4-b77c-cdf362c28b8f None None] Created schema index Datapath_Binding.tunnel_key {{(pid=101814) autocreate_indices /opt/stack/data/venv/lib/python3.12/site-packages/ovsdbapp/backend/ovs_idl/__init__.py:106}}
Sep 07 05:49:50.398712 np0000192051 devstack@neutron-api.service[101814]: INFO ovsdbapp.backend.ovs_idl.vlog [None req-e0bc47ef-95dd-49f4-b77c-cdf362c28b8f None None] ssl:162.253.55.144:6642: connecting...
Sep 07 05:49:50.403866 np0000192051 devstack@neutron-api.service[101814]: INFO ovsdbapp.backend.ovs_idl.vlog [None req-e0bc47ef-95dd-49f4-b77c-cdf362c28b8f None None] ssl:162.253.55.144:6642: connected
Sep 07 05:49:50.427813 np0000192051 devstack@neutron-api.service[101811]: DEBUG ovsdbapp.backend.ovs_idl [None req-cd34a789-921c-40f7-b6f4-3a7b67f1408d None None] Created lookup_table index Chassis.name {{(pid=101811) autocreate_indices /opt/stack/data/venv/lib/python3.12/site-packages/ovsdbapp/backend/ovs_idl/__init__.py:87}}
Sep 07 05:49:50.427813 np0000192051 devstack@neutron-api.service[101811]: DEBUG ovsdbapp.backend.ovs_idl [None req-cd34a789-921c-40f7-b6f4-3a7b67f1408d None None] Created lookup_table index Port_Binding.logical_port {{(pid=101811) autocreate_indices /opt/stack/data/venv/lib/python3.12/site-packages/ovsdbapp/backend/ovs_idl/__init__.py:87}}
Sep 07 05:49:50.427813 np0000192051 devstack@neutron-api.service[101811]: DEBUG ovsdbapp.backend.ovs_idl [None req-cd34a789-921c-40f7-b6f4-3a7b67f1408d None None] Created schema index Chassis_Private.name {{(pid=101811) autocreate_indices /opt/stack/data/venv/lib/python3.12/site-packages/ovsdbapp/backend/ovs_idl/__init__.py:106}}
Sep 07 05:49:50.427813 np0000192051 devstack@neutron-api.service[101811]: DEBUG ovsdbapp.backend.ovs_idl [None req-cd34a789-921c-40f7-b6f4-3a7b67f1408d None None] Created schema index Datapath_Binding.tunnel_key {{(pid=101811) autocreate_indices /opt/stack/data/venv/lib/python3.12/site-packages/ovsdbapp/backend/ovs_idl/__init__.py:106}}
Sep 07 05:49:50.430064 np0000192051 devstack@neutron-api.service[101811]: INFO ovsdbapp.backend.ovs_idl.vlog [None req-cd34a789-921c-40f7-b6f4-3a7b67f1408d None None] ssl:162.253.55.144:6642: connecting...
Sep 07 05:49:50.433501 np0000192051 devstack@neutron-api.service[101814]: DEBUG neutron.common.ovn.hash_ring_manager [None req-e0bc47ef-95dd-49f4-b77c-cdf362c28b8f None None] Allow caching, nodes 4>=4 {{(pid=101814) _wait_startup_before_caching /opt/stack/neutron/neutron/common/ovn/hash_ring_manager.py:71}}
Sep 07 05:49:50.435448 np0000192051 devstack@neutron-api.service[101811]: INFO ovsdbapp.backend.ovs_idl.vlog [None req-cd34a789-921c-40f7-b6f4-3a7b67f1408d None None] ssl:162.253.55.144:6642: connected
Sep 07 05:49:50.437377 np0000192051 devstack@neutron-api.service[101814]: DEBUG neutron.common.ovn.hash_ring_manager [None req-e0bc47ef-95dd-49f4-b77c-cdf362c28b8f None None] Hash Ring loaded. 4 active nodes. 0 offline nodes {{(pid=101814) _load_hash_ring /opt/stack/neutron/neutron/common/ovn/hash_ring_manager.py:110}}
Sep 07 05:49:50.437956 np0000192051 devstack@neutron-api.service[101814]: DEBUG ovsdbapp.backend.ovs_idl.event [None req-e0bc47ef-95dd-49f4-b77c-cdf362c28b8f None None] Matched CREATE: ChassisOVNAgentWriteEvent(events=('create', 'update'), table='Chassis_Private', conditions=None, old_conditions=None), priority=20 to row=Chassis_Private(uuid=2a61b240-b529-40fe-86ae-73053da6ca31, chassis=a6eadbbf-0cae-4a12-a19f-f1b2f6fd345b, external_ids={'neutron:ovn-bridge': 'br-int', 'neutron:ovn-neutron-agent-id': '370668fd-34a4-5e24-94f0-7c203d1a880c', 'neutron:ovn-neutron-agent-sb-cfg': '0'}, name='2fdb5ecc-b948-4262-ae67-48972ba4d55e', nb_cfg=0, nb_cfg_timestamp=0) old= {{(pid=101814) matches /opt/stack/data/venv/lib/python3.12/site-packages/ovsdbapp/backend/ovs_idl/event.py:55}}
Sep 07 05:49:50.438156 np0000192051 devstack@neutron-api.service[101814]: DEBUG ovsdbapp.backend.ovs_idl.event [None req-e0bc47ef-95dd-49f4-b77c-cdf362c28b8f None None] Matched CREATE: ChassisAgentWriteEvent(events=('create', 'update'), table='Chassis_Private', conditions=None, old_conditions=None), priority=20 to row=Chassis_Private(uuid=2a61b240-b529-40fe-86ae-73053da6ca31, chassis=a6eadbbf-0cae-4a12-a19f-f1b2f6fd345b, external_ids={'neutron:ovn-bridge': 'br-int', 'neutron:ovn-neutron-agent-id': '370668fd-34a4-5e24-94f0-7c203d1a880c', 'neutron:ovn-neutron-agent-sb-cfg': '0'}, name='2fdb5ecc-b948-4262-ae67-48972ba4d55e', nb_cfg=0, nb_cfg_timestamp=0) old= {{(pid=101814) matches /opt/stack/data/venv/lib/python3.12/site-packages/ovsdbapp/backend/ovs_idl/event.py:55}}
Sep 07 05:49:50.440058 np0000192051 devstack@neutron-api.service[101814]: INFO neutron.plugins.ml2.drivers.ovn.mech_driver.mech_driver [None req-e0bc47ef-95dd-49f4-b77c-cdf362c28b8f None None] WorkerService process has finished the post initialization
Sep 07 05:49:50.441229 np0000192051 devstack@neutron-api.service[101814]: WSGI app 0 (mountpoint='') ready in 10 seconds on interpreter 0x7c64f7ca4668 pid: 101814 (default app)
Sep 07 05:49:50.473022 np0000192051 devstack@neutron-api.service[101811]: DEBUG neutron.common.ovn.hash_ring_manager [None req-cd34a789-921c-40f7-b6f4-3a7b67f1408d None None] Allow caching, nodes 4>=4 {{(pid=101811) _wait_startup_before_caching /opt/stack/neutron/neutron/common/ovn/hash_ring_manager.py:71}}
Sep 07 05:49:50.480584 np0000192051 devstack@neutron-api.service[101811]: DEBUG neutron.common.ovn.hash_ring_manager [None req-cd34a789-921c-40f7-b6f4-3a7b67f1408d None None] Hash Ring loaded. 4 active nodes. 0 offline nodes {{(pid=101811) _load_hash_ring /opt/stack/neutron/neutron/common/ovn/hash_ring_manager.py:110}}
Sep 07 05:49:50.481572 np0000192051 devstack@neutron-api.service[101811]: DEBUG ovsdbapp.backend.ovs_idl.event [None req-cd34a789-921c-40f7-b6f4-3a7b67f1408d None None] Matched CREATE: ChassisAgentWriteEvent(events=('create', 'update'), table='Chassis_Private', conditions=None, old_conditions=None), priority=20 to row=Chassis_Private(uuid=2a61b240-b529-40fe-86ae-73053da6ca31, chassis=a6eadbbf-0cae-4a12-a19f-f1b2f6fd345b, external_ids={'neutron:ovn-bridge': 'br-int', 'neutron:ovn-neutron-agent-id': '370668fd-34a4-5e24-94f0-7c203d1a880c', 'neutron:ovn-neutron-agent-sb-cfg': '0'}, name='2fdb5ecc-b948-4262-ae67-48972ba4d55e', nb_cfg=0, nb_cfg_timestamp=0) old= {{(pid=101811) matches /opt/stack/data/venv/lib/python3.12/site-packages/ovsdbapp/backend/ovs_idl/event.py:55}}
Sep 07 05:49:50.482259 np0000192051 devstack@neutron-api.service[101811]: DEBUG ovsdbapp.backend.ovs_idl.event [None req-cd34a789-921c-40f7-b6f4-3a7b67f1408d None None] Matched CREATE: ChassisOVNAgentWriteEvent(events=('create', 'update'), table='Chassis_Private', conditions=None, old_conditions=None), priority=20 to row=Chassis_Private(uuid=2a61b240-b529-40fe-86ae-73053da6ca31, chassis=a6eadbbf-0cae-4a12-a19f-f1b2f6fd345b, external_ids={'neutron:ovn-bridge': 'br-int', 'neutron:ovn-neutron-agent-id': '370668fd-34a4-5e24-94f0-7c203d1a880c', 'neutron:ovn-neutron-agent-sb-cfg': '0'}, name='2fdb5ecc-b948-4262-ae67-48972ba4d55e', nb_cfg=0, nb_cfg_timestamp=0) old= {{(pid=101811) matches /opt/stack/data/venv/lib/python3.12/site-packages/ovsdbapp/backend/ovs_idl/event.py:55}}
Sep 07 05:49:50.482716 np0000192051 devstack@neutron-api.service[101811]: DEBUG neutron.plugins.ml2.drivers.ovn.mech_driver.ovsdb.ovsdb_monitor [None req-cd34a789-921c-40f7-b6f4-3a7b67f1408d None None] Hash Ring: Node bb8b4455e3865fc0a8975d5db6acb63f (host: np0000192051) handling event "create" for row 2a61b240-b529-40fe-86ae-73053da6ca31 (table: Chassis_Private) {{(pid=101811) notify /opt/stack/neutron/neutron/plugins/ml2/drivers/ovn/mech_driver/ovsdb/ovsdb_monitor.py:1099}}
Sep 07 05:49:50.485505 np0000192051 devstack@neutron-api.service[101811]: INFO neutron.plugins.ml2.drivers.ovn.mech_driver.mech_driver [None req-cd34a789-921c-40f7-b6f4-3a7b67f1408d None None] WorkerService process has finished the post initialization
Sep 07 05:49:50.487536 np0000192051 devstack@neutron-api.service[101811]: WSGI app 0 (mountpoint='') ready in 10 seconds on interpreter 0x7c64f7ca4668 pid: 101811 (default app)
Sep 07 05:49:51.278315 np0000192051 devstack@neutron-api.service[101812]: DEBUG neutron.common.ovn.hash_ring_manager [-] Allow caching, nodes 4>=4 {{(pid=101812) _wait_startup_before_caching /opt/stack/neutron/neutron/common/ovn/hash_ring_manager.py:71}}
Sep 07 05:49:51.278778 np0000192051 devstack@neutron-api.service[101812]: DEBUG neutron.plugins.ml2.drivers.ovn.mech_driver.ovsdb.ovsdb_monitor [-] Hash Ring: Node b60477ab0ebd54dfa9f459bd2195fa10 (host: np0000192051) handling event "update" for row 13906bfb-33a6-4dce-8a9a-432d62322688 (table: Connection) {{(pid=101812) notify /opt/stack/neutron/neutron/plugins/ml2/drivers/ovn/mech_driver/ovsdb/ovsdb_monitor.py:1099}}
Sep 07 05:49:56.408264 np0000192051 devstack@neutron-api.service[101812]: DEBUG neutron.api.wsgi [None req-9fb5779e-7edf-44a8-813d-c6cb8b5a787a admin admin] Missing Content-Type {{(pid=101812) get_content_type /opt/stack/neutron/neutron/api/wsgi.py:80}}
Sep 07 05:49:56.409090 np0000192051 devstack@neutron-api.service[101812]: DEBUG neutron.api.wsgi [None req-9fb5779e-7edf-44a8-813d-c6cb8b5a787a admin admin] https://162.253.55.144/networking/v2.0/extensions returned with HTTP 200 {{(pid=101812) __call__ /opt/stack/neutron/neutron/api/wsgi.py:540}}
Sep 07 05:49:56.409090 np0000192051 devstack@neutron-api.service[101812]: [pid: 101812|app: 0|req: 2/2] 162.253.55.144 () {64 vars in 1323 bytes} [Mon Sep 7 05:49:55 2026] GET /networking/v2.0/extensions => generated 16171 bytes in 494 msecs (HTTP/1.1 200) 4 headers in 159 bytes (1 switches on core 0)
Sep 07 05:49:56.903981 np0000192051 devstack@neutron-api.service[101813]: DEBUG neutron.api.v2.base [None req-43ed5e3a-6dc0-40ad-8e66-a9dd4a580a26 admin admin] Request body: {'subnetpool': {'default_prefixlen': 26, 'name': 'shared-default-subnetpool-v4', 'prefixes': ['10.1.0.0/20'], 'shared': True, 'is_default': True}} {{(pid=101813) prepare_request_body /opt/stack/neutron/neutron/api/v2/base.py:727}}
Sep 07 05:49:57.089122 np0000192051 devstack@neutron-api.service[101813]: DEBUG neutron.policy [None req-43ed5e3a-6dc0-40ad-8e66-a9dd4a580a26 admin admin] Loaded default policies from ['neutron'] under neutron.policies entry points {{(pid=101813) register_rules /opt/stack/neutron/neutron/policy.py:65}}
Sep 07 05:49:57.225330 np0000192051 devstack@neutron-api.service[101813]: DEBUG neutron_lib.callbacks.manager [None req-43ed5e3a-6dc0-40ad-8e66-a9dd4a580a26 admin admin] Publish callbacks ['neutron.objects.securitygroup.RbacNeutronDbObjectMixin.validate_rbac_policy_change-2399867996492', 'neutron.objects.address_group.RbacNeutronDbObjectMixin.validate_rbac_policy_change-2399867579861', 'neutron.objects.network.RbacNeutronDbObjectMixin.validate_rbac_policy_change-2399867961958', 'neutron.objects.qos.policy.RbacNeutronDbObjectMixin.validate_rbac_policy_change-2399867964713', 'neutron.objects.subnetpool.RbacNeutronDbObjectMixin.validate_rbac_policy_change-2399867932894', 'neutron.objects.address_scope.RbacNeutronDbObjectMixin.validate_rbac_policy_change-2399867965370', 'neutron.plugins.ml2.plugin.External_net_db_mixin._process_ext_policy_create-1302755', 'neutron.plugins.ml2.plugin.NeutronDbPluginV2.validate_network_rbac_policy_change-1298647'] for rbac-policy (None), before_create {{(pid=101813) _notify_loop /opt/stack/data/venv/lib/python3.12/site-packages/neutron_lib/callbacks/manager.py:184}}
Sep 07 05:49:57.267202 np0000192051 devstack@neutron-api.service[101813]: DEBUG neutron_lib.callbacks.manager [None req-43ed5e3a-6dc0-40ad-8e66-a9dd4a580a26 admin admin] Publish callbacks [] for subnetpool (None), before_response {{(pid=101813) _notify_loop /opt/stack/data/venv/lib/python3.12/site-packages/neutron_lib/callbacks/manager.py:184}}
Sep 07 05:49:57.267662 np0000192051 devstack@neutron-api.service[101813]: [pid: 101813|app: 0|req: 1/3] 162.253.55.144 () {68 vars in 1367 bytes} [Mon Sep 7 05:49:56 2026] POST /networking/v2.0/subnetpools => generated 533 bytes in 498 msecs (HTTP/1.1 201) 4 headers in 162 bytes (1 switches on core 0)
Sep 07 05:49:57.660221 np0000192051 devstack@neutron-api.service[101814]: DEBUG neutron.api.v2.base [None req-de8bce62-72b7-43c0-8f72-384d30282f46 admin admin] Request body: {'subnetpool': {'default_prefixlen': 64, 'name': 'shared-default-subnetpool-v6', 'prefixes': ['fd7d:1d2c:57ef::/56'], 'shared': True, 'is_default': True}} {{(pid=101814) prepare_request_body /opt/stack/neutron/neutron/api/v2/base.py:727}}
Sep 07 05:49:57.817786 np0000192051 devstack@neutron-api.service[101814]: DEBUG neutron.policy [None req-de8bce62-72b7-43c0-8f72-384d30282f46 admin admin] Loaded default policies from ['neutron'] under neutron.policies entry points {{(pid=101814) register_rules /opt/stack/neutron/neutron/policy.py:65}}
Sep 07 05:49:57.957604 np0000192051 devstack@neutron-api.service[101814]: DEBUG neutron_lib.callbacks.manager [None req-de8bce62-72b7-43c0-8f72-384d30282f46 admin admin] Publish callbacks ['neutron.objects.securitygroup.RbacNeutronDbObjectMixin.validate_rbac_policy_change-2399867948085', 'neutron.objects.address_group.RbacNeutronDbObjectMixin.validate_rbac_policy_change-2399867597983', 'neutron.objects.network.RbacNeutronDbObjectMixin.validate_rbac_policy_change-2399867616683', 'neutron.objects.qos.policy.RbacNeutronDbObjectMixin.validate_rbac_policy_change-2399867612838', 'neutron.objects.subnetpool.RbacNeutronDbObjectMixin.validate_rbac_policy_change-2399867511759', 'neutron.objects.address_scope.RbacNeutronDbObjectMixin.validate_rbac_policy_change-2399867611351', 'neutron.plugins.ml2.plugin.External_net_db_mixin._process_ext_policy_create-394625', 'neutron.plugins.ml2.plugin.NeutronDbPluginV2.validate_network_rbac_policy_change-451213'] for rbac-policy (None), before_create {{(pid=101814) _notify_loop /opt/stack/data/venv/lib/python3.12/site-packages/neutron_lib/callbacks/manager.py:184}}
Sep 07 05:49:57.998877 np0000192051 devstack@neutron-api.service[101814]: DEBUG neutron_lib.callbacks.manager [None req-de8bce62-72b7-43c0-8f72-384d30282f46 admin admin] Publish callbacks [] for subnetpool (None), before_response {{(pid=101814) _notify_loop /opt/stack/data/venv/lib/python3.12/site-packages/neutron_lib/callbacks/manager.py:184}}
Sep 07 05:49:57.999474 np0000192051 devstack@neutron-api.service[101814]: [pid: 101814|app: 0|req: 1/4] 162.253.55.144 () {68 vars in 1367 bytes} [Mon Sep 7 05:49:57 2026] POST /networking/v2.0/subnetpools => generated 543 bytes in 474 msecs (HTTP/1.1 201) 4 headers in 162 bytes (1 switches on core 0)
Sep 07 05:49:58.489032 np0000192051 devstack@neutron-api.service[101811]: DEBUG neutron.api.v2.base [None req-9c4c1bb3-5958-478c-bf63-e7da6acf1b55 admin admin] Request body: {'network': {'name': 'private', 'admin_state_up': True}} {{(pid=101811) prepare_request_body /opt/stack/neutron/neutron/api/v2/base.py:727}}
Sep 07 05:49:58.520588 np0000192051 devstack@neutron-api.service[101811]: DEBUG neutron.pecan_wsgi.hooks.quota_enforcement [None req-9c4c1bb3-5958-478c-bf63-e7da6acf1b55 admin admin] Made reservation on behalf of c8c3f94feb874c7cac725abf716b3a86 for: {'network': 1} {{(pid=101811) before /opt/stack/neutron/neutron/pecan_wsgi/hooks/quota_enforcement.py:66}}
Sep 07 05:49:58.670676 np0000192051 devstack@neutron-api.service[101811]: DEBUG neutron.policy [None req-9c4c1bb3-5958-478c-bf63-e7da6acf1b55 admin admin] Loaded default policies from ['neutron'] under neutron.policies entry points {{(pid=101811) register_rules /opt/stack/neutron/neutron/policy.py:65}}
Sep 07 05:49:58.773100 np0000192051 devstack@neutron-api.service[101811]: DEBUG neutron_lib.callbacks.manager [None req-9c4c1bb3-5958-478c-bf63-e7da6acf1b55 admin admin] Publish callbacks ['neutron.plugins.ml2.plugin.SecurityGroupDbMixin._ensure_default_security_group_handler-1095645'] for network (None), before_create {{(pid=101811) _notify_loop /opt/stack/data/venv/lib/python3.12/site-packages/neutron_lib/callbacks/manager.py:184}}
Sep 07 05:49:58.794647 np0000192051 devstack@neutron-api.service[101811]: DEBUG neutron_lib.callbacks.manager [None req-9c4c1bb3-5958-478c-bf63-e7da6acf1b55 admin admin] Publish callbacks [] for security_group (None), before_create {{(pid=101811) _notify_loop /opt/stack/data/venv/lib/python3.12/site-packages/neutron_lib/callbacks/manager.py:184}}
Sep 07 05:49:58.911773 np0000192051 devstack@neutron-api.service[101811]: DEBUG neutron_lib.callbacks.manager [None req-9c4c1bb3-5958-478c-bf63-e7da6acf1b55 admin admin] Publish callbacks ['neutron.plugins.ml2.drivers.ovn.mech_driver.mech_driver.OVNMechanismDriver._create_security_group_precommit-962875'] for security_group (583817eb-2161-48c3-aabb-2005049b4d2f), precommit_create {{(pid=101811) _notify_loop /opt/stack/data/venv/lib/python3.12/site-packages/neutron_lib/callbacks/manager.py:184}}
Sep 07 05:49:58.912211 np0000192051 devstack@neutron-api.service[101811]: DEBUG neutron.db.ovn_revision_numbers_db [None req-9c4c1bb3-5958-478c-bf63-e7da6acf1b55 admin admin] create_initial_revision uuid=583817eb-2161-48c3-aabb-2005049b4d2f, type=security_groups, rev=-1 {{(pid=101811) create_initial_revision /opt/stack/neutron/neutron/db/ovn_revision_numbers_db.py:98}}
Sep 07 05:49:58.916893 np0000192051 devstack@neutron-api.service[101811]: DEBUG neutron.db.ovn_revision_numbers_db [None req-9c4c1bb3-5958-478c-bf63-e7da6acf1b55 admin admin] create_initial_revision uuid=45656a45-7891-4ee9-b662-7ed682265564, type=security_group_rules, rev=-1 {{(pid=101811) create_initial_revision /opt/stack/neutron/neutron/db/ovn_revision_numbers_db.py:98}}
Sep 07 05:49:58.919236 np0000192051 devstack@neutron-api.service[101811]: DEBUG neutron.db.ovn_revision_numbers_db [None req-9c4c1bb3-5958-478c-bf63-e7da6acf1b55 admin admin] create_initial_revision uuid=c3df7a9b-808e-47bc-93ec-2fc33bce2921, type=security_group_rules, rev=-1 {{(pid=101811) create_initial_revision /opt/stack/neutron/neutron/db/ovn_revision_numbers_db.py:98}}
Sep 07 05:49:58.921306 np0000192051 devstack@neutron-api.service[101811]: DEBUG neutron.db.ovn_revision_numbers_db [None req-9c4c1bb3-5958-478c-bf63-e7da6acf1b55 admin admin] create_initial_revision uuid=dc46606d-179e-44ce-9ef4-193ad27f3991, type=security_group_rules, rev=-1 {{(pid=101811) create_initial_revision /opt/stack/neutron/neutron/db/ovn_revision_numbers_db.py:98}}
Sep 07 05:49:58.923167 np0000192051 devstack@neutron-api.service[101811]: DEBUG neutron.db.ovn_revision_numbers_db [None req-9c4c1bb3-5958-478c-bf63-e7da6acf1b55 admin admin] create_initial_revision uuid=e43e2d68-8706-4d2c-9eab-5a96628a36d0, type=security_group_rules, rev=-1 {{(pid=101811) create_initial_revision /opt/stack/neutron/neutron/db/ovn_revision_numbers_db.py:98}}
Sep 07 05:49:58.933737 np0000192051 devstack@neutron-api.service[101811]: DEBUG neutron_lib.callbacks.manager [None req-9c4c1bb3-5958-478c-bf63-e7da6acf1b55 admin admin] Publish callbacks ['neutron.plugins.ml2.drivers.ovn.mech_driver.mech_driver.OVNMechanismDriver._create_security_group-963013', 'neutron.plugins.ml2.ovo_rpc._ObjectChangeHandler.handle_event-32942559'] for security_group (583817eb-2161-48c3-aabb-2005049b4d2f), after_create {{(pid=101811) _notify_loop /opt/stack/data/venv/lib/python3.12/site-packages/neutron_lib/callbacks/manager.py:184}}
Sep 07 05:49:58.934171 np0000192051 devstack@neutron-api.service[101811]: INFO neutron.plugins.ml2.drivers.ovn.mech_driver.ovsdb.extensions.qos [None req-9c4c1bb3-5958-478c-bf63-e7da6acf1b55 admin admin] Starting OVNClientQosExtension
Sep 07 05:49:58.934312 np0000192051 devstack@neutron-api.service[101811]: INFO neutron.plugins.ml2.drivers.ovn.mech_driver.ovsdb.extensions.placement [None req-9c4c1bb3-5958-478c-bf63-e7da6acf1b55 admin admin] Starting OVNClientPlacementExtension
Sep 07 05:49:58.936193 np0000192051 devstack@neutron-api.service[101811]: DEBUG ovsdbapp.backend.ovs_idl.transaction [-] Running txn 1a9752fa n=1 command(idx=0): PgAddCommand(_result=None, name=pg_583817eb_2161_48c3_aabb_2005049b4d2f, may_exist=False, columns={'acls': [], 'external_ids': {'neutron:security_group_id': '583817eb-2161-48c3-aabb-2005049b4d2f'}}) {{(pid=101811) do_commit /opt/stack/data/venv/lib/python3.12/site-packages/ovsdbapp/backend/ovs_idl/transaction.py:91}}
Sep 07 05:49:58.938271 np0000192051 devstack@neutron-api.service[101811]: DEBUG ovsdbapp.backend.ovs_idl.transaction [-] Running txn 1a9752fa n=1 command(idx=1): PgAclAddCommand(_result=None, entity=pg_583817eb_2161_48c3_aabb_2005049b4d2f, direction=to-lport, priority=1002, match=outport == @pg_583817eb_2161_48c3_aabb_2005049b4d2f && ip4 && ip4.src == $pg_583817eb_2161_48c3_aabb_2005049b4d2f_ip4, action=allow-related, log=False, may_exist=True, severity=[], name=[], meter=[], external_ids={'neutron:security_group_rule_id': '45656a45-7891-4ee9-b662-7ed682265564'}) {{(pid=101811) do_commit /opt/stack/data/venv/lib/python3.12/site-packages/ovsdbapp/backend/ovs_idl/transaction.py:91}}
Sep 07 05:49:58.938820 np0000192051 devstack@neutron-api.service[101811]: DEBUG ovsdbapp.backend.ovs_idl.transaction [-] Running txn 1a9752fa n=1 command(idx=2): PgAclAddCommand(_result=None, entity=pg_583817eb_2161_48c3_aabb_2005049b4d2f, direction=from-lport, priority=1002, match=inport == @pg_583817eb_2161_48c3_aabb_2005049b4d2f && ip4, action=allow-related, log=False, may_exist=True, severity=[], name=[], meter=[], external_ids={'neutron:security_group_rule_id': 'c3df7a9b-808e-47bc-93ec-2fc33bce2921'}) {{(pid=101811) do_commit /opt/stack/data/venv/lib/python3.12/site-packages/ovsdbapp/backend/ovs_idl/transaction.py:91}}
Sep 07 05:49:58.939337 np0000192051 devstack@neutron-api.service[101811]: DEBUG ovsdbapp.backend.ovs_idl.transaction [-] Running txn 1a9752fa n=1 command(idx=3): PgAclAddCommand(_result=None, entity=pg_583817eb_2161_48c3_aabb_2005049b4d2f, direction=to-lport, priority=1002, match=outport == @pg_583817eb_2161_48c3_aabb_2005049b4d2f && ip6 && ip6.src == $pg_583817eb_2161_48c3_aabb_2005049b4d2f_ip6, action=allow-related, log=False, may_exist=True, severity=[], name=[], meter=[], external_ids={'neutron:security_group_rule_id': 'dc46606d-179e-44ce-9ef4-193ad27f3991'}) {{(pid=101811) do_commit /opt/stack/data/venv/lib/python3.12/site-packages/ovsdbapp/backend/ovs_idl/transaction.py:91}}
Sep 07 05:49:58.939747 np0000192051 devstack@neutron-api.service[101811]: DEBUG ovsdbapp.backend.ovs_idl.transaction [-] Running txn 1a9752fa n=1 command(idx=4): PgAclAddCommand(_result=None, entity=pg_583817eb_2161_48c3_aabb_2005049b4d2f, direction=from-lport, priority=1002, match=inport == @pg_583817eb_2161_48c3_aabb_2005049b4d2f && ip6, action=allow-related, log=False, may_exist=True, severity=[], name=[], meter=[], external_ids={'neutron:security_group_rule_id': 'e43e2d68-8706-4d2c-9eab-5a96628a36d0'}) {{(pid=101811) do_commit /opt/stack/data/venv/lib/python3.12/site-packages/ovsdbapp/backend/ovs_idl/transaction.py:91}}
Sep 07 05:49:58.948666 np0000192051 devstack@neutron-api.service[101811]: DEBUG neutron.plugins.ml2.drivers.ovn.mech_driver.ovsdb.ovsdb_monitor [-] Hash Ring: Node bb8b4455e3865fc0a8975d5db6acb63f (host: np0000192051) handling event "create" for row bb9270e6-d666-4461-84d1-0c6fb69dd482 (table: ACL) {{(pid=101811) notify /opt/stack/neutron/neutron/plugins/ml2/drivers/ovn/mech_driver/ovsdb/ovsdb_monitor.py:1099}}
Sep 07 05:49:58.948666 np0000192051 devstack@neutron-api.service[101811]: DEBUG neutron.plugins.ml2.drivers.ovn.mech_driver.ovsdb.ovsdb_monitor [-] Hash Ring: Node bb8b4455e3865fc0a8975d5db6acb63f (host: np0000192051) handling event "create" for row 41d366d9-2a91-4f13-9c98-10a693841e54 (table: Port_Group) {{(pid=101811) notify /opt/stack/neutron/neutron/plugins/ml2/drivers/ovn/mech_driver/ovsdb/ovsdb_monitor.py:1099}}
Sep 07 05:49:58.949027 np0000192051 devstack@neutron-api.service[101812]: DEBUG neutron.plugins.ml2.drivers.ovn.mech_driver.ovsdb.ovsdb_monitor [-] Hash Ring: Node b60477ab0ebd54dfa9f459bd2195fa10 (host: np0000192051) handling event "create" for row 150b64de-2643-40c3-b8fe-d36b99f05c15 (table: ACL) {{(pid=101812) notify /opt/stack/neutron/neutron/plugins/ml2/drivers/ovn/mech_driver/ovsdb/ovsdb_monitor.py:1099}}
Sep 07 05:49:58.949027 np0000192051 devstack@neutron-api.service[101812]: DEBUG neutron.plugins.ml2.drivers.ovn.mech_driver.ovsdb.ovsdb_monitor [-] Hash Ring: Node b60477ab0ebd54dfa9f459bd2195fa10 (host: np0000192051) handling event "create" for row 4f1c6659-41dd-45bf-8360-27f82ecc42fc (table: ACL) {{(pid=101812) notify /opt/stack/neutron/neutron/plugins/ml2/drivers/ovn/mech_driver/ovsdb/ovsdb_monitor.py:1099}}
Sep 07 05:49:58.949027 np0000192051 devstack@neutron-api.service[101812]: DEBUG neutron.plugins.ml2.drivers.ovn.mech_driver.ovsdb.ovsdb_monitor [-] Hash Ring: Node b60477ab0ebd54dfa9f459bd2195fa10 (host: np0000192051) handling event "create" for row 7d058b03-88d4-410f-bb28-ab43f2d8dbea (table: ACL) {{(pid=101812) notify /opt/stack/neutron/neutron/plugins/ml2/drivers/ovn/mech_driver/ovsdb/ovsdb_monitor.py:1099}}
Sep 07 05:49:58.949854 np0000192051 devstack@neutron-api.service[101811]: DEBUG ovsdbapp.backend.ovs_idl.transaction [-] txn 1a9752fa succeeded {{(pid=101811) do_commit /opt/stack/data/venv/lib/python3.12/site-packages/ovsdbapp/backend/ovs_idl/transaction.py:137}}
Sep 07 05:49:58.950126 np0000192051 devstack@neutron-api.service[101812]: DEBUG neutron.plugins.ml2.drivers.ovn.mech_driver.ovsdb.ovsdb_monitor [-] Hash Ring: Node b60477ab0ebd54dfa9f459bd2195fa10 (host: np0000192051) handling event "create" for row bb9270e6-d666-4461-84d1-0c6fb69dd482 (table: ACL) {{(pid=101812) notify /opt/stack/neutron/neutron/plugins/ml2/drivers/ovn/mech_driver/ovsdb/ovsdb_monitor.py:1099}}
Sep 07 05:49:58.950126 np0000192051 devstack@neutron-api.service[101812]: DEBUG neutron.plugins.ml2.drivers.ovn.mech_driver.ovsdb.ovsdb_monitor [-] Hash Ring: Node b60477ab0ebd54dfa9f459bd2195fa10 (host: np0000192051) handling event "create" for row 41d366d9-2a91-4f13-9c98-10a693841e54 (table: Port_Group) {{(pid=101812) notify /opt/stack/neutron/neutron/plugins/ml2/drivers/ovn/mech_driver/ovsdb/ovsdb_monitor.py:1099}}
Sep 07 05:49:58.950982 np0000192051 devstack@neutron-api.service[101814]: DEBUG neutron.plugins.ml2.drivers.ovn.mech_driver.ovsdb.ovsdb_monitor [-] Hash Ring: Node 479647046e565337a3dfa536d5504c8a (host: np0000192051) handling event "create" for row 150b64de-2643-40c3-b8fe-d36b99f05c15 (table: ACL) {{(pid=101814) notify /opt/stack/neutron/neutron/plugins/ml2/drivers/ovn/mech_driver/ovsdb/ovsdb_monitor.py:1099}}
Sep 07 05:49:58.951522 np0000192051 devstack@neutron-api.service[101814]: DEBUG neutron.plugins.ml2.drivers.ovn.mech_driver.ovsdb.ovsdb_monitor [-] Hash Ring: Node 479647046e565337a3dfa536d5504c8a (host: np0000192051) handling event "create" for row 4f1c6659-41dd-45bf-8360-27f82ecc42fc (table: ACL) {{(pid=101814) notify /opt/stack/neutron/neutron/plugins/ml2/drivers/ovn/mech_driver/ovsdb/ovsdb_monitor.py:1099}}
Sep 07 05:49:58.951522 np0000192051 devstack@neutron-api.service[101814]: DEBUG neutron.plugins.ml2.drivers.ovn.mech_driver.ovsdb.ovsdb_monitor [-] Hash Ring: Node 479647046e565337a3dfa536d5504c8a (host: np0000192051) handling event "create" for row 7d058b03-88d4-410f-bb28-ab43f2d8dbea (table: ACL) {{(pid=101814) notify /opt/stack/neutron/neutron/plugins/ml2/drivers/ovn/mech_driver/ovsdb/ovsdb_monitor.py:1099}}
Sep 07 05:49:58.985642 np0000192051 devstack@neutron-api.service[101811]: INFO neutron.db.ovn_revision_numbers_db [None req-9c4c1bb3-5958-478c-bf63-e7da6acf1b55 admin admin] Successfully bumped revision number for resource 583817eb-2161-48c3-aabb-2005049b4d2f (type: security_groups) to 1
Sep 07 05:49:59.006454 np0000192051 devstack@neutron-api.service[101811]: INFO neutron.db.ovn_revision_numbers_db [None req-9c4c1bb3-5958-478c-bf63-e7da6acf1b55 admin admin] Successfully bumped revision number for resource 45656a45-7891-4ee9-b662-7ed682265564 (type: security_group_rules) to 0
Sep 07 05:49:59.021240 np0000192051 devstack@neutron-api.service[101811]: INFO neutron.db.ovn_revision_numbers_db [None req-9c4c1bb3-5958-478c-bf63-e7da6acf1b55 admin admin] Successfully bumped revision number for resource c3df7a9b-808e-47bc-93ec-2fc33bce2921 (type: security_group_rules) to 0
Sep 07 05:49:59.038025 np0000192051 devstack@neutron-api.service[101811]: INFO neutron.db.ovn_revision_numbers_db [None req-9c4c1bb3-5958-478c-bf63-e7da6acf1b55 admin admin] Successfully bumped revision number for resource dc46606d-179e-44ce-9ef4-193ad27f3991 (type: security_group_rules) to 0
Sep 07 05:49:59.057690 np0000192051 devstack@neutron-api.service[101811]: INFO neutron.db.ovn_revision_numbers_db [None req-9c4c1bb3-5958-478c-bf63-e7da6acf1b55 admin admin] Successfully bumped revision number for resource e43e2d68-8706-4d2c-9eab-5a96628a36d0 (type: security_group_rules) to 0
Sep 07 05:49:59.088796 np0000192051 devstack@neutron-api.service[101811]: DEBUG neutron.api.rpc.handlers.resources_rpc [None req-9c4c1bb3-5958-478c-bf63-e7da6acf1b55 admin admin] Pushing event updated for resources: {'SecurityGroup': ['ID=583817eb-2161-48c3-aabb-2005049b4d2f,revision_number=1']} {{(pid=101811) push /opt/stack/neutron/neutron/api/rpc/handlers/resources_rpc.py:237}}
Sep 07 05:49:59.096435 np0000192051 devstack@neutron-api.service[101811]: DEBUG ovsdbapp.backend.ovs_idl.transaction [-] Running txn b37d8f8b n=1 command(idx=0): CheckLivenessCommand(_result=None) {{(pid=101811) do_commit /opt/stack/data/venv/lib/python3.12/site-packages/ovsdbapp/backend/ovs_idl/transaction.py:91}}
Sep 07 05:49:59.117298 np0000192051 devstack@neutron-api.service[101811]: DEBUG neutron.plugins.ml2.drivers.ovn.mech_driver.ovsdb.ovsdb_monitor [-] Hash Ring: Node bb8b4455e3865fc0a8975d5db6acb63f (host: np0000192051) handling event "update" for row 0e62c717-71ae-4caa-bab9-360decd85392 (table: NB_Global) {{(pid=101811) notify /opt/stack/neutron/neutron/plugins/ml2/drivers/ovn/mech_driver/ovsdb/ovsdb_monitor.py:1099}}
Sep 07 05:49:59.118625 np0000192051 devstack@neutron-api.service[101811]: DEBUG ovsdbapp.backend.ovs_idl.transaction [-] txn b37d8f8b succeeded {{(pid=101811) do_commit /opt/stack/data/venv/lib/python3.12/site-packages/ovsdbapp/backend/ovs_idl/transaction.py:137}}
Sep 07 05:49:59.118830 np0000192051 devstack@neutron-api.service[101812]: DEBUG neutron.plugins.ml2.drivers.ovn.mech_driver.ovsdb.ovsdb_monitor [-] Hash Ring: Node b60477ab0ebd54dfa9f459bd2195fa10 (host: np0000192051) handling event "update" for row 0e62c717-71ae-4caa-bab9-360decd85392 (table: NB_Global) {{(pid=101812) notify /opt/stack/neutron/neutron/plugins/ml2/drivers/ovn/mech_driver/ovsdb/ovsdb_monitor.py:1099}}
Sep 07 05:49:59.118830 np0000192051 devstack@neutron-api.service[101812]: DEBUG neutron.plugins.ml2.drivers.ovn.mech_driver.ovsdb.ovsdb_monitor [-] Hash Ring: Node b60477ab0ebd54dfa9f459bd2195fa10 (host: np0000192051) handling event "update" for row 0e62c717-71ae-4caa-bab9-360decd85392 (table: NB_Global) {{(pid=101812) notify /opt/stack/neutron/neutron/plugins/ml2/drivers/ovn/mech_driver/ovsdb/ovsdb_monitor.py:1099}}
Sep 07 05:49:59.119992 np0000192051 devstack@neutron-api.service[101811]: DEBUG neutron.api.rpc.callbacks.version_manager [None req-9c4c1bb3-5958-478c-bf63-e7da6acf1b55 admin admin] Tracked resource versions report:
Sep 07 05:49:59.119992 np0000192051 devstack@neutron-api.service[101811]: pushed versions:
Sep 07 05:49:59.119992 np0000192051 devstack@neutron-api.service[101811]: { 'AddressGroup': {'1.2'},
Sep 07 05:49:59.119992 np0000192051 devstack@neutron-api.service[101811]: 'Agent': {'1.1'},
Sep 07 05:49:59.119992 np0000192051 devstack@neutron-api.service[101811]: 'ConntrackHelper': {'1.0'},
Sep 07 05:49:59.119992 np0000192051 devstack@neutron-api.service[101811]: 'LocalIPAssociation': {'1.0'},
Sep 07 05:49:59.119992 np0000192051 devstack@neutron-api.service[101811]: 'Log': {'1.0'},
Sep 07 05:49:59.119992 np0000192051 devstack@neutron-api.service[101811]: 'NDPProxy': {'1.0'},
Sep 07 05:49:59.119992 np0000192051 devstack@neutron-api.service[101811]: 'Network': {'1.3'},
Sep 07 05:49:59.119992 np0000192051 devstack@neutron-api.service[101811]: 'Port': {'1.11'},
Sep 07 05:49:59.119992 np0000192051 devstack@neutron-api.service[101811]: 'PortForwarding': {'1.3'},
Sep 07 05:49:59.119992 np0000192051 devstack@neutron-api.service[101811]: 'QosPolicy': {'1.10'},
Sep 07 05:49:59.119992 np0000192051 devstack@neutron-api.service[101811]: 'SecurityGroup': {'1.6'},
Sep 07 05:49:59.119992 np0000192051 devstack@neutron-api.service[101811]: 'SecurityGroupRule': {'1.3'},
Sep 07 05:49:59.119992 np0000192051 devstack@neutron-api.service[101811]: 'SubPort': {'1.0'},
Sep 07 05:49:59.119992 np0000192051 devstack@neutron-api.service[101811]: 'Subnet': {'1.2'},
Sep 07 05:49:59.119992 np0000192051 devstack@neutron-api.service[101811]: 'Trunk': {'1.1'}}
Sep 07 05:49:59.119992 np0000192051 devstack@neutron-api.service[101811]: consumer versions:
Sep 07 05:49:59.119992 np0000192051 devstack@neutron-api.service[101811]: {}
Sep 07 05:49:59.119992 np0000192051 devstack@neutron-api.service[101811]: {{(pid=101811) report /opt/stack/neutron/neutron/api/rpc/callbacks/version_manager.py:183}}
Sep 07 05:49:59.121865 np0000192051 devstack@neutron-api.service[101812]: DEBUG neutron.plugins.ml2.drivers.ovn.mech_driver.ovsdb.ovsdb_monitor [-] Hash Ring: Node b60477ab0ebd54dfa9f459bd2195fa10 (host: np0000192051) handling event "update" for row 0e62c717-71ae-4caa-bab9-360decd85392 (table: NB_Global) {{(pid=101812) notify /opt/stack/neutron/neutron/plugins/ml2/drivers/ovn/mech_driver/ovsdb/ovsdb_monitor.py:1099}}
Sep 07 05:49:59.124132 np0000192051 devstack@neutron-api.service[101812]: DEBUG neutron.plugins.ml2.drivers.ovn.mech_driver.ovsdb.ovsdb_monitor [-] Hash Ring: Node b60477ab0ebd54dfa9f459bd2195fa10 (host: np0000192051) handling event "update" for row 0e62c717-71ae-4caa-bab9-360decd85392 (table: NB_Global) {{(pid=101812) notify /opt/stack/neutron/neutron/plugins/ml2/drivers/ovn/mech_driver/ovsdb/ovsdb_monitor.py:1099}}
Sep 07 05:49:59.124332 np0000192051 devstack@neutron-api.service[101811]: DEBUG neutron.plugins.ml2.drivers.ovn.mech_driver.ovsdb.ovsdb_monitor [-] Hash Ring: Node bb8b4455e3865fc0a8975d5db6acb63f (host: np0000192051) handling event "update" for row 0e62c717-71ae-4caa-bab9-360decd85392 (table: NB_Global) {{(pid=101811) notify /opt/stack/neutron/neutron/plugins/ml2/drivers/ovn/mech_driver/ovsdb/ovsdb_monitor.py:1099}}
Sep 07 05:49:59.127168 np0000192051 devstack@neutron-api.service[101812]: DEBUG ovsdbapp.backend.ovs_idl.event [-] Matched UPDATE: ChassisAgentWriteEvent(events=('create', 'update'), table='Chassis_Private', conditions=None, old_conditions=None), priority=20 to row=Chassis_Private(uuid=2a61b240-b529-40fe-86ae-73053da6ca31, chassis=a6eadbbf-0cae-4a12-a19f-f1b2f6fd345b, external_ids={'neutron:ovn-bridge': 'br-int', 'neutron:ovn-neutron-agent-id': '370668fd-34a4-5e24-94f0-7c203d1a880c', 'neutron:ovn-neutron-agent-sb-cfg': '0'}, name='2fdb5ecc-b948-4262-ae67-48972ba4d55e', nb_cfg=1, nb_cfg_timestamp=1788760199118) old=Chassis_Private(uuid=2a61b240-b529-40fe-86ae-73053da6ca31, nb_cfg=0, nb_cfg_timestamp=0) {{(pid=101812) matches /opt/stack/data/venv/lib/python3.12/site-packages/ovsdbapp/backend/ovs_idl/event.py:55}}
Sep 07 05:49:59.127487 np0000192051 devstack@neutron-api.service[101813]: DEBUG ovsdbapp.backend.ovs_idl.event [-] Matched UPDATE: ChassisAgentWriteEvent(events=('create', 'update'), table='Chassis_Private', conditions=None, old_conditions=None), priority=20 to row=Chassis_Private(uuid=2a61b240-b529-40fe-86ae-73053da6ca31, chassis=a6eadbbf-0cae-4a12-a19f-f1b2f6fd345b, external_ids={'neutron:ovn-bridge': 'br-int', 'neutron:ovn-neutron-agent-id': '370668fd-34a4-5e24-94f0-7c203d1a880c', 'neutron:ovn-neutron-agent-sb-cfg': '0'}, name='2fdb5ecc-b948-4262-ae67-48972ba4d55e', nb_cfg=1, nb_cfg_timestamp=1788760199118) old=Chassis_Private(uuid=2a61b240-b529-40fe-86ae-73053da6ca31, nb_cfg=0, nb_cfg_timestamp=0) {{(pid=101813) matches /opt/stack/data/venv/lib/python3.12/site-packages/ovsdbapp/backend/ovs_idl/event.py:55}}
Sep 07 05:49:59.128448 np0000192051 devstack@neutron-api.service[101811]: DEBUG ovsdbapp.backend.ovs_idl.event [-] Matched UPDATE: ChassisAgentWriteEvent(events=('create', 'update'), table='Chassis_Private', conditions=None, old_conditions=None), priority=20 to row=Chassis_Private(uuid=2a61b240-b529-40fe-86ae-73053da6ca31, chassis=a6eadbbf-0cae-4a12-a19f-f1b2f6fd345b, external_ids={'neutron:ovn-bridge': 'br-int', 'neutron:ovn-neutron-agent-id': '370668fd-34a4-5e24-94f0-7c203d1a880c', 'neutron:ovn-neutron-agent-sb-cfg': '0'}, name='2fdb5ecc-b948-4262-ae67-48972ba4d55e', nb_cfg=1, nb_cfg_timestamp=1788760199118) old=Chassis_Private(uuid=2a61b240-b529-40fe-86ae-73053da6ca31, nb_cfg=0, nb_cfg_timestamp=0) {{(pid=101811) matches /opt/stack/data/venv/lib/python3.12/site-packages/ovsdbapp/backend/ovs_idl/event.py:55}}
Sep 07 05:49:59.128732 np0000192051 devstack@neutron-api.service[101814]: DEBUG ovsdbapp.backend.ovs_idl.event [-] Matched UPDATE: ChassisAgentWriteEvent(events=('create', 'update'), table='Chassis_Private', conditions=None, old_conditions=None), priority=20 to row=Chassis_Private(uuid=2a61b240-b529-40fe-86ae-73053da6ca31, chassis=a6eadbbf-0cae-4a12-a19f-f1b2f6fd345b, external_ids={'neutron:ovn-bridge': 'br-int', 'neutron:ovn-neutron-agent-id': '370668fd-34a4-5e24-94f0-7c203d1a880c', 'neutron:ovn-neutron-agent-sb-cfg': '0'}, name='2fdb5ecc-b948-4262-ae67-48972ba4d55e', nb_cfg=1, nb_cfg_timestamp=1788760199118) old=Chassis_Private(uuid=2a61b240-b529-40fe-86ae-73053da6ca31, nb_cfg=0, nb_cfg_timestamp=0) {{(pid=101814) matches /opt/stack/data/venv/lib/python3.12/site-packages/ovsdbapp/backend/ovs_idl/event.py:55}}
Sep 07 05:49:59.129070 np0000192051 devstack@neutron-api.service[101811]: DEBUG neutron.plugins.ml2.drivers.ovn.mech_driver.ovsdb.ovsdb_monitor [-] Hash Ring: Node bb8b4455e3865fc0a8975d5db6acb63f (host: np0000192051) handling event "update" for row 2a61b240-b529-40fe-86ae-73053da6ca31 (table: Chassis_Private) {{(pid=101811) notify /opt/stack/neutron/neutron/plugins/ml2/drivers/ovn/mech_driver/ovsdb/ovsdb_monitor.py:1099}}
Sep 07 05:49:59.134867 np0000192051 devstack@neutron-api.service[101813]: DEBUG ovsdbapp.backend.ovs_idl.event [-] Matched UPDATE: ChassisOVNAgentWriteEvent(events=('create', 'update'), table='Chassis_Private', conditions=None, old_conditions=None), priority=20 to row=Chassis_Private(uuid=2a61b240-b529-40fe-86ae-73053da6ca31, chassis=a6eadbbf-0cae-4a12-a19f-f1b2f6fd345b, external_ids={'neutron:ovn-bridge': 'br-int', 'neutron:ovn-neutron-agent-id': '370668fd-34a4-5e24-94f0-7c203d1a880c', 'neutron:ovn-neutron-agent-sb-cfg': '1'}, name='2fdb5ecc-b948-4262-ae67-48972ba4d55e', nb_cfg=1, nb_cfg_timestamp=1788760199118) old=Chassis_Private(uuid=2a61b240-b529-40fe-86ae-73053da6ca31, external_ids={'neutron:ovn-bridge': 'br-int', 'neutron:ovn-neutron-agent-id': '370668fd-34a4-5e24-94f0-7c203d1a880c', 'neutron:ovn-neutron-agent-sb-cfg': '0'}) {{(pid=101813) matches /opt/stack/data/venv/lib/python3.12/site-packages/ovsdbapp/backend/ovs_idl/event.py:55}}
Sep 07 05:49:59.135614 np0000192051 devstack@neutron-api.service[101814]: DEBUG ovsdbapp.backend.ovs_idl.event [-] Matched UPDATE: ChassisOVNAgentWriteEvent(events=('create', 'update'), table='Chassis_Private', conditions=None, old_conditions=None), priority=20 to row=Chassis_Private(uuid=2a61b240-b529-40fe-86ae-73053da6ca31, chassis=a6eadbbf-0cae-4a12-a19f-f1b2f6fd345b, external_ids={'neutron:ovn-bridge': 'br-int', 'neutron:ovn-neutron-agent-id': '370668fd-34a4-5e24-94f0-7c203d1a880c', 'neutron:ovn-neutron-agent-sb-cfg': '1'}, name='2fdb5ecc-b948-4262-ae67-48972ba4d55e', nb_cfg=1, nb_cfg_timestamp=1788760199118) old=Chassis_Private(uuid=2a61b240-b529-40fe-86ae-73053da6ca31, external_ids={'neutron:ovn-bridge': 'br-int', 'neutron:ovn-neutron-agent-id': '370668fd-34a4-5e24-94f0-7c203d1a880c', 'neutron:ovn-neutron-agent-sb-cfg': '0'}) {{(pid=101814) matches /opt/stack/data/venv/lib/python3.12/site-packages/ovsdbapp/backend/ovs_idl/event.py:55}}
Sep 07 05:49:59.137652 np0000192051 devstack@neutron-api.service[101812]: DEBUG neutron.common.ovn.hash_ring_manager [-] Allow caching, nodes 4>=4 {{(pid=101812) _wait_startup_before_caching /opt/stack/neutron/neutron/common/ovn/hash_ring_manager.py:71}}
Sep 07 05:49:59.138237 np0000192051 devstack@neutron-api.service[101811]: DEBUG ovsdbapp.backend.ovs_idl.event [-] Matched UPDATE: ChassisOVNAgentWriteEvent(events=('create', 'update'), table='Chassis_Private', conditions=None, old_conditions=None), priority=20 to row=Chassis_Private(uuid=2a61b240-b529-40fe-86ae-73053da6ca31, chassis=a6eadbbf-0cae-4a12-a19f-f1b2f6fd345b, external_ids={'neutron:ovn-bridge': 'br-int', 'neutron:ovn-neutron-agent-id': '370668fd-34a4-5e24-94f0-7c203d1a880c', 'neutron:ovn-neutron-agent-sb-cfg': '1'}, name='2fdb5ecc-b948-4262-ae67-48972ba4d55e', nb_cfg=1, nb_cfg_timestamp=1788760199118) old=Chassis_Private(uuid=2a61b240-b529-40fe-86ae-73053da6ca31, external_ids={'neutron:ovn-bridge': 'br-int', 'neutron:ovn-neutron-agent-id': '370668fd-34a4-5e24-94f0-7c203d1a880c', 'neutron:ovn-neutron-agent-sb-cfg': '0'}) {{(pid=101811) matches /opt/stack/data/venv/lib/python3.12/site-packages/ovsdbapp/backend/ovs_idl/event.py:55}}
Sep 07 05:49:59.138445 np0000192051 devstack@neutron-api.service[101812]: DEBUG neutron.plugins.ml2.drivers.ovn.mech_driver.ovsdb.ovsdb_monitor [-] Hash Ring: Node b60477ab0ebd54dfa9f459bd2195fa10 (host: np0000192051) handling event "update" for row 2a61b240-b529-40fe-86ae-73053da6ca31 (table: Chassis_Private) {{(pid=101812) notify /opt/stack/neutron/neutron/plugins/ml2/drivers/ovn/mech_driver/ovsdb/ovsdb_monitor.py:1099}}
Sep 07 05:49:59.139302 np0000192051 devstack@neutron-api.service[101811]: DEBUG neutron.plugins.ml2.drivers.ovn.mech_driver.ovsdb.ovsdb_monitor [-] Hash Ring: Node bb8b4455e3865fc0a8975d5db6acb63f (host: np0000192051) handling event "update" for row 2a61b240-b529-40fe-86ae-73053da6ca31 (table: Chassis_Private) {{(pid=101811) notify /opt/stack/neutron/neutron/plugins/ml2/drivers/ovn/mech_driver/ovsdb/ovsdb_monitor.py:1099}}
Sep 07 05:49:59.141876 np0000192051 devstack@neutron-api.service[101811]: DEBUG neutron.plugins.ml2.drivers.ovn.mech_driver.ovsdb.ovsdb_monitor [-] Hash Ring: Node bb8b4455e3865fc0a8975d5db6acb63f (host: np0000192051) handling event "update" for row 0e62c717-71ae-4caa-bab9-360decd85392 (table: NB_Global) {{(pid=101811) notify /opt/stack/neutron/neutron/plugins/ml2/drivers/ovn/mech_driver/ovsdb/ovsdb_monitor.py:1099}}
Sep 07 05:49:59.143665 np0000192051 devstack@neutron-api.service[101811]: DEBUG neutron.plugins.ml2.drivers.ovn.mech_driver.ovsdb.ovsdb_monitor [-] Hash Ring: Node bb8b4455e3865fc0a8975d5db6acb63f (host: np0000192051) handling event "update" for row 0e62c717-71ae-4caa-bab9-360decd85392 (table: NB_Global) {{(pid=101811) notify /opt/stack/neutron/neutron/plugins/ml2/drivers/ovn/mech_driver/ovsdb/ovsdb_monitor.py:1099}}
Sep 07 05:49:59.146198 np0000192051 devstack@neutron-api.service[101812]: DEBUG ovsdbapp.backend.ovs_idl.event [-] Matched UPDATE: ChassisOVNAgentWriteEvent(events=('create', 'update'), table='Chassis_Private', conditions=None, old_conditions=None), priority=20 to row=Chassis_Private(uuid=2a61b240-b529-40fe-86ae-73053da6ca31, chassis=a6eadbbf-0cae-4a12-a19f-f1b2f6fd345b, external_ids={'neutron:ovn-bridge': 'br-int', 'neutron:ovn-neutron-agent-id': '370668fd-34a4-5e24-94f0-7c203d1a880c', 'neutron:ovn-neutron-agent-sb-cfg': '1'}, name='2fdb5ecc-b948-4262-ae67-48972ba4d55e', nb_cfg=1, nb_cfg_timestamp=1788760199118) old=Chassis_Private(uuid=2a61b240-b529-40fe-86ae-73053da6ca31, external_ids={'neutron:ovn-bridge': 'br-int', 'neutron:ovn-neutron-agent-id': '370668fd-34a4-5e24-94f0-7c203d1a880c', 'neutron:ovn-neutron-agent-sb-cfg': '0'}) {{(pid=101812) matches /opt/stack/data/venv/lib/python3.12/site-packages/ovsdbapp/backend/ovs_idl/event.py:55}}
Sep 07 05:49:59.146861 np0000192051 devstack@neutron-api.service[101812]: DEBUG neutron.plugins.ml2.drivers.ovn.mech_driver.ovsdb.ovsdb_monitor [-] Hash Ring: Node b60477ab0ebd54dfa9f459bd2195fa10 (host: np0000192051) handling event "update" for row 2a61b240-b529-40fe-86ae-73053da6ca31 (table: Chassis_Private) {{(pid=101812) notify /opt/stack/neutron/neutron/plugins/ml2/drivers/ovn/mech_driver/ovsdb/ovsdb_monitor.py:1099}}
Sep 07 05:49:59.208158 np0000192051 devstack@neutron-api.service[101811]: DEBUG neutron.plugins.ml2.drivers.helpers [None req-9c4c1bb3-5958-478c-bf63-e7da6acf1b55 admin admin] geneve segment allocate from pool success with {'geneve_vni': 22902} {{(pid=101811) allocate_partially_specified_segment /opt/stack/neutron/neutron/plugins/ml2/drivers/helpers.py:142}}
Sep 07 05:49:59.228046 np0000192051 devstack@neutron-api.service[101811]: DEBUG neutron_lib.callbacks.manager [None req-9c4c1bb3-5958-478c-bf63-e7da6acf1b55 admin admin] Publish callbacks ['neutron.services.segments.db._add_segment_host_mapping_for_segment-8548311181316', 'neutron.plugins.ml2.plugin.Ml2Plugin._handle_segment_change-1375007'] for segment (cbd6dd1a-57db-4840-868e-062cf3f72631), precommit_create {{(pid=101811) _notify_loop /opt/stack/data/venv/lib/python3.12/site-packages/neutron_lib/callbacks/manager.py:184}}
Sep 07 05:49:59.228388 np0000192051 devstack@neutron-api.service[101811]: INFO neutron.db.segments_db [None req-9c4c1bb3-5958-478c-bf63-e7da6acf1b55 admin admin] Added segment cbd6dd1a-57db-4840-868e-062cf3f72631 of type geneve for network 12b8dd10-7447-411e-b1ac-4b60f65a6b00
Sep 07 05:49:59.281858 np0000192051 devstack@neutron-api.service[101811]: DEBUG neutron_lib.callbacks.manager [None req-9c4c1bb3-5958-478c-bf63-e7da6acf1b55 admin admin] Publish callbacks ['neutron.services.auto_allocate.db._ensure_external_network_default_value_callback-8548310014326'] for network (12b8dd10-7447-411e-b1ac-4b60f65a6b00), precommit_create {{(pid=101811) _notify_loop /opt/stack/data/venv/lib/python3.12/site-packages/neutron_lib/callbacks/manager.py:184}}
Sep 07 05:49:59.298608 np0000192051 devstack@neutron-api.service[101811]: DEBUG neutron.plugins.ml2.drivers.ovn.mech_driver.mech_driver [None req-9c4c1bb3-5958-478c-bf63-e7da6acf1b55 admin admin] Validating network segment with type geneve, segmentation ID 22902, physical network None {{(pid=101811) _validate_network_segments /opt/stack/neutron/neutron/plugins/ml2/drivers/ovn/mech_driver/mech_driver.py:624}}
Sep 07 05:49:59.298608 np0000192051 devstack@neutron-api.service[101811]: DEBUG neutron.db.ovn_revision_numbers_db [None req-9c4c1bb3-5958-478c-bf63-e7da6acf1b55 admin admin] create_initial_revision uuid=12b8dd10-7447-411e-b1ac-4b60f65a6b00, type=networks, rev=-1 {{(pid=101811) create_initial_revision /opt/stack/neutron/neutron/db/ovn_revision_numbers_db.py:98}}
Sep 07 05:49:59.318650 np0000192051 devstack@neutron-api.service[101811]: DEBUG neutron_lib.callbacks.manager [None req-9c4c1bb3-5958-478c-bf63-e7da6acf1b55 admin admin] Publish callbacks ['neutron.plugins.ml2.ovo_rpc._ObjectChangeHandler.handle_event-32942215'] for network (12b8dd10-7447-411e-b1ac-4b60f65a6b00), after_create {{(pid=101811) _notify_loop /opt/stack/data/venv/lib/python3.12/site-packages/neutron_lib/callbacks/manager.py:184}}
Sep 07 05:49:59.362811 np0000192051 devstack@neutron-api.service[101811]: DEBUG neutron.api.rpc.handlers.resources_rpc [None req-9c4c1bb3-5958-478c-bf63-e7da6acf1b55 admin admin] Pushing event updated for resources: {'Network': ['ID=12b8dd10-7447-411e-b1ac-4b60f65a6b00,revision_number=1']} {{(pid=101811) push /opt/stack/neutron/neutron/api/rpc/handlers/resources_rpc.py:237}}
Sep 07 05:49:59.371472 np0000192051 devstack@neutron-api.service[101811]: DEBUG ovsdbapp.backend.ovs_idl.transaction [-] Running txn 02f2dbd7 n=1 command(idx=0): AddNetworkCommand(_result=None, network_uuid=12b8dd10-7447-411e-b1ac-4b60f65a6b00, may_exist=True, columns={'external_ids': {'neutron:network_name': 'private', 'neutron:mtu': '1372', 'neutron:revision_number': '1', 'neutron:availability_zone_hints': '', 'neutron:provnet-network-type': 'geneve'}, 'other_config': {'mcast_snoop': 'false', 'mcast_flood_unregistered': 'false', 'vlan-passthru': 'false'}}) {{(pid=101811) do_commit /opt/stack/data/venv/lib/python3.12/site-packages/ovsdbapp/backend/ovs_idl/transaction.py:91}}
Sep 07 05:49:59.372172 np0000192051 devstack@neutron-api.service[101811]: DEBUG neutron.common.ovn.utils [-] OVS persist_uuid supported=True {{(pid=101811) ovs_persist_uuid_supported /opt/stack/neutron/neutron/common/ovn/utils.py:1565}}
Sep 07 05:49:59.376064 np0000192051 devstack@neutron-api.service[101811]: DEBUG ovsdbapp.backend.ovs_idl.transaction [-] txn 02f2dbd7 succeeded {{(pid=101811) do_commit /opt/stack/data/venv/lib/python3.12/site-packages/ovsdbapp/backend/ovs_idl/transaction.py:137}}
Sep 07 05:49:59.376316 np0000192051 devstack@neutron-api.service[101812]: DEBUG neutron.plugins.ml2.drivers.ovn.mech_driver.ovsdb.ovsdb_monitor [-] Hash Ring: Node b60477ab0ebd54dfa9f459bd2195fa10 (host: np0000192051) handling event "create" for row 12b8dd10-7447-411e-b1ac-4b60f65a6b00 (table: Logical_Switch) {{(pid=101812) notify /opt/stack/neutron/neutron/plugins/ml2/drivers/ovn/mech_driver/ovsdb/ovsdb_monitor.py:1099}}
Sep 07 05:49:59.376469 np0000192051 devstack@neutron-api.service[101813]: DEBUG neutron.plugins.ml2.drivers.ovn.mech_driver.ovsdb.ovsdb_monitor [-] Hash Ring: Node d9cd46637e1b574ebcaef7102b0f7432 (host: np0000192051) handling event "create" for row 12b8dd10-7447-411e-b1ac-4b60f65a6b00 (table: Logical_Switch) {{(pid=101813) notify /opt/stack/neutron/neutron/plugins/ml2/drivers/ovn/mech_driver/ovsdb/ovsdb_monitor.py:1099}}
