Jun 19 21:38:21.577359 np0000182321 devstack@neutron-api.service[102984]: [pid: 102984|app: 0|req: 22/88] 199.204.45.74 () {64 vars in 1363 bytes} [Fri Jun 19 21:38:21 2026] GET /networking/v2.0/security-groups/manila-service => generated 124 bytes in 10 msecs (HTTP/1.1 404) 4 headers in 164 bytes (1 switches on core 0)
Jun 19 21:38:21.591828 np0000182321 devstack@neutron-api.service[102982]: DEBUG neutron.api.wsgi [None req-6b773f9d-fd8c-42ca-87db-f68a796b74c8 admin admin] Missing Content-Type {{(pid=102982) get_content_type /opt/stack/neutron/neutron/api/wsgi.py:80}}
Jun 19 21:38:21.610322 np0000182321 devstack@neutron-api.service[102982]: [pid: 102982|app: 0|req: 22/89] 199.204.45.74 () {64 vars in 1370 bytes} [Fri Jun 19 21:38:21 2026] GET /networking/v2.0/security-groups?name=manila-service => generated 6641 bytes in 22 msecs (HTTP/1.1 200) 4 headers in 158 bytes (1 switches on core 0)
Jun 19 21:38:21.624097 np0000182321 devstack@neutron-api.service[102985]: DEBUG neutron.api.wsgi [None req-dfda151f-fa8f-4030-9a70-fab293db6726 admin admin] Missing Content-Type {{(pid=102985) get_content_type /opt/stack/neutron/neutron/api/wsgi.py:80}}
Jun 19 21:38:21.676804 np0000182321 devstack@neutron-api.service[102985]: [pid: 102985|app: 0|req: 24/90] 199.204.45.74 () {64 vars in 1455 bytes} [Fri Jun 19 21:38:21 2026] GET /networking/v2.0/security-group-rules?security_group_id=70ee1498-d177-44dd-afe2-5f5eca8cd9a9 => generated 5907 bytes in 57 msecs (HTTP/1.1 200) 4 headers in 158 bytes (1 switches on core 0)
Jun 19 21:38:31.234276 np0000182321 devstack@neutron-api.service[102985]: DEBUG futurist.periodics [-] Submitting periodic callback 'neutron.plugins.ml2.drivers.ovn.mech_driver.ovsdb.maintenance.HashRingHealthCheckPeriodics.touch_hash_ring_node' {{(pid=102985) _process_scheduled /opt/stack/data/venv/lib/python3.12/site-packages/futurist/periodics.py:784}}
Jun 19 21:38:31.235118 np0000182321 devstack@neutron-api.service[102985]: DEBUG neutron.plugins.ml2.drivers.ovn.mech_driver.ovsdb.maintenance [-] Touching Hash Ring node "f88ee61828495e78b0b5d7aa21cf73e2" from periodic health check thread {{(pid=102985) touch_hash_ring_node /opt/stack/neutron/neutron/plugins/ml2/drivers/ovn/mech_driver/ovsdb/maintenance.py:1419}}
Jun 19 21:38:31.362891 np0000182321 devstack@neutron-api.service[102983]: DEBUG dbcounter [-] [102983] Writing DB stats neutron:SELECT=194,neutron:INSERT=20,neutron:UPDATE=13,neutron:DELETE=8 {{(pid=102983) stat_writer /opt/stack/data/venv/lib/python3.12/site-packages/dbcounter.py:115}}
Jun 19 21:38:31.574243 np0000182321 devstack@neutron-api.service[102984]: DEBUG dbcounter [-] [102984] Writing DB stats neutron:SELECT=103,neutron:UPDATE=9 {{(pid=102984) stat_writer /opt/stack/data/venv/lib/python3.12/site-packages/dbcounter.py:115}}
Jun 19 21:38:31.608288 np0000182321 devstack@neutron-api.service[102982]: DEBUG dbcounter [-] [102982] Writing DB stats neutron:SELECT=198,neutron:INSERT=20,neutron:UPDATE=9,neutron:DELETE=8 {{(pid=102982) stat_writer /opt/stack/data/venv/lib/python3.12/site-packages/dbcounter.py:115}}
Jun 19 21:38:32.066661 np0000182321 devstack@neutron-api.service[102983]: DEBUG futurist.periodics [-] Submitting periodic callback 'neutron.plugins.ml2.drivers.ovn.mech_driver.ovsdb.maintenance.HashRingHealthCheckPeriodics.touch_hash_ring_node' {{(pid=102983) _process_scheduled /opt/stack/data/venv/lib/python3.12/site-packages/futurist/periodics.py:784}}
Jun 19 21:38:32.067131 np0000182321 devstack@neutron-api.service[102983]: DEBUG neutron.plugins.ml2.drivers.ovn.mech_driver.ovsdb.maintenance [-] Touching Hash Ring node "ff6cb45d9e6c5bb6b7b15f20116a0587" from periodic health check thread {{(pid=102983) touch_hash_ring_node /opt/stack/neutron/neutron/plugins/ml2/drivers/ovn/mech_driver/ovsdb/maintenance.py:1419}}
Jun 19 21:38:32.079251 np0000182321 devstack@neutron-api.service[102982]: DEBUG futurist.periodics [-] Submitting periodic callback 'neutron.plugins.ml2.drivers.ovn.mech_driver.ovsdb.maintenance.HashRingHealthCheckPeriodics.touch_hash_ring_node' {{(pid=102982) _process_scheduled /opt/stack/data/venv/lib/python3.12/site-packages/futurist/periodics.py:784}}
Jun 19 21:38:32.079834 np0000182321 devstack@neutron-api.service[102982]: DEBUG neutron.plugins.ml2.drivers.ovn.mech_driver.ovsdb.maintenance [-] Touching Hash Ring node "96301023563e5879a498c9b9f8a3fcd3" from periodic health check thread {{(pid=102982) touch_hash_ring_node /opt/stack/neutron/neutron/plugins/ml2/drivers/ovn/mech_driver/ovsdb/maintenance.py:1419}}
Jun 19 21:38:32.108276 np0000182321 devstack@neutron-api.service[102984]: DEBUG futurist.periodics [-] Submitting periodic callback 'neutron.plugins.ml2.drivers.ovn.mech_driver.ovsdb.maintenance.HashRingHealthCheckPeriodics.touch_hash_ring_node' {{(pid=102984) _process_scheduled /opt/stack/data/venv/lib/python3.12/site-packages/futurist/periodics.py:784}}
Jun 19 21:38:32.108874 np0000182321 devstack@neutron-api.service[102984]: DEBUG neutron.plugins.ml2.drivers.ovn.mech_driver.ovsdb.maintenance [-] Touching Hash Ring node "83719154f954550cb3b49cdfc83632c6" from periodic health check thread {{(pid=102984) touch_hash_ring_node /opt/stack/neutron/neutron/plugins/ml2/drivers/ovn/mech_driver/ovsdb/maintenance.py:1419}}
Jun 19 21:38:41.245450 np0000182321 devstack@neutron-api.service[102985]: DEBUG dbcounter [-] [102985] Writing DB stats neutron:SELECT=157,neutron:INSERT=11,neutron:UPDATE=10,neutron:DELETE=2 {{(pid=102985) stat_writer /opt/stack/data/venv/lib/python3.12/site-packages/dbcounter.py:115}}
Jun 19 21:38:42.077261 np0000182321 devstack@neutron-api.service[102983]: DEBUG dbcounter [-] [102983] Writing DB stats neutron:UPDATE=1,neutron:SELECT=1 {{(pid=102983) stat_writer /opt/stack/data/venv/lib/python3.12/site-packages/dbcounter.py:115}}
Jun 19 21:38:42.090228 np0000182321 devstack@neutron-api.service[102982]: DEBUG dbcounter [-] [102982] Writing DB stats neutron:UPDATE=1,neutron:SELECT=1 {{(pid=102982) stat_writer /opt/stack/data/venv/lib/python3.12/site-packages/dbcounter.py:115}}
Jun 19 21:38:42.120051 np0000182321 devstack@neutron-api.service[102984]: DEBUG dbcounter [-] [102984] Writing DB stats neutron:UPDATE=1,neutron:SELECT=1 {{(pid=102984) stat_writer /opt/stack/data/venv/lib/python3.12/site-packages/dbcounter.py:115}}
Jun 19 21:38:46.235148 np0000182321 devstack@neutron-api.service[102985]: DEBUG futurist.periodics [-] Submitting periodic callback 'neutron.plugins.ml2.drivers.ovn.mech_driver.ovsdb.maintenance.HashRingHealthCheckPeriodics.touch_hash_ring_node' {{(pid=102985) _process_scheduled /opt/stack/data/venv/lib/python3.12/site-packages/futurist/periodics.py:784}}
Jun 19 21:38:46.235789 np0000182321 devstack@neutron-api.service[102985]: DEBUG neutron.plugins.ml2.drivers.ovn.mech_driver.ovsdb.maintenance [-] Touching Hash Ring node "f88ee61828495e78b0b5d7aa21cf73e2" from periodic health check thread {{(pid=102985) touch_hash_ring_node /opt/stack/neutron/neutron/plugins/ml2/drivers/ovn/mech_driver/ovsdb/maintenance.py:1419}}
Jun 19 21:38:47.067342 np0000182321 devstack@neutron-api.service[102983]: DEBUG futurist.periodics [-] Submitting periodic callback 'neutron.plugins.ml2.drivers.ovn.mech_driver.ovsdb.maintenance.HashRingHealthCheckPeriodics.touch_hash_ring_node' {{(pid=102983) _process_scheduled /opt/stack/data/venv/lib/python3.12/site-packages/futurist/periodics.py:784}}
Jun 19 21:38:47.067952 np0000182321 devstack@neutron-api.service[102983]: DEBUG neutron.plugins.ml2.drivers.ovn.mech_driver.ovsdb.maintenance [-] Touching Hash Ring node "ff6cb45d9e6c5bb6b7b15f20116a0587" from periodic health check thread {{(pid=102983) touch_hash_ring_node /opt/stack/neutron/neutron/plugins/ml2/drivers/ovn/mech_driver/ovsdb/maintenance.py:1419}}
Jun 19 21:38:47.080099 np0000182321 devstack@neutron-api.service[102982]: DEBUG futurist.periodics [-] Submitting periodic callback 'neutron.plugins.ml2.drivers.ovn.mech_driver.ovsdb.maintenance.HashRingHealthCheckPeriodics.touch_hash_ring_node' {{(pid=102982) _process_scheduled /opt/stack/data/venv/lib/python3.12/site-packages/futurist/periodics.py:784}}
Jun 19 21:38:47.080693 np0000182321 devstack@neutron-api.service[102982]: DEBUG neutron.plugins.ml2.drivers.ovn.mech_driver.ovsdb.maintenance [-] Touching Hash Ring node "96301023563e5879a498c9b9f8a3fcd3" from periodic health check thread {{(pid=102982) touch_hash_ring_node /opt/stack/neutron/neutron/plugins/ml2/drivers/ovn/mech_driver/ovsdb/maintenance.py:1419}}
Jun 19 21:38:47.109075 np0000182321 devstack@neutron-api.service[102984]: DEBUG futurist.periodics [-] Submitting periodic callback 'neutron.plugins.ml2.drivers.ovn.mech_driver.ovsdb.maintenance.HashRingHealthCheckPeriodics.touch_hash_ring_node' {{(pid=102984) _process_scheduled /opt/stack/data/venv/lib/python3.12/site-packages/futurist/periodics.py:784}}
Jun 19 21:38:47.109623 np0000182321 devstack@neutron-api.service[102984]: DEBUG neutron.plugins.ml2.drivers.ovn.mech_driver.ovsdb.maintenance [-] Touching Hash Ring node "83719154f954550cb3b49cdfc83632c6" from periodic health check thread {{(pid=102984) touch_hash_ring_node /opt/stack/neutron/neutron/plugins/ml2/drivers/ovn/mech_driver/ovsdb/maintenance.py:1419}}
Jun 19 21:38:56.247170 np0000182321 devstack@neutron-api.service[102985]: DEBUG dbcounter [-] [102985] Writing DB stats neutron:UPDATE=1,neutron:SELECT=1 {{(pid=102985) stat_writer /opt/stack/data/venv/lib/python3.12/site-packages/dbcounter.py:115}}
Jun 19 21:38:57.079068 np0000182321 devstack@neutron-api.service[102983]: DEBUG dbcounter [-] [102983] Writing DB stats neutron:UPDATE=1,neutron:SELECT=1 {{(pid=102983) stat_writer /opt/stack/data/venv/lib/python3.12/site-packages/dbcounter.py:115}}
Jun 19 21:38:57.091249 np0000182321 devstack@neutron-api.service[102982]: DEBUG dbcounter [-] [102982] Writing DB stats neutron:UPDATE=1,neutron:SELECT=1 {{(pid=102982) stat_writer /opt/stack/data/venv/lib/python3.12/site-packages/dbcounter.py:115}}
Jun 19 21:38:57.120844 np0000182321 devstack@neutron-api.service[102984]: DEBUG dbcounter [-] [102984] Writing DB stats neutron:UPDATE=1,neutron:SELECT=1 {{(pid=102984) stat_writer /opt/stack/data/venv/lib/python3.12/site-packages/dbcounter.py:115}}
Jun 19 21:39:01.235964 np0000182321 devstack@neutron-api.service[102985]: DEBUG futurist.periodics [-] Submitting periodic callback 'neutron.plugins.ml2.drivers.ovn.mech_driver.ovsdb.maintenance.HashRingHealthCheckPeriodics.touch_hash_ring_node' {{(pid=102985) _process_scheduled /opt/stack/data/venv/lib/python3.12/site-packages/futurist/periodics.py:784}}
Jun 19 21:39:01.236606 np0000182321 devstack@neutron-api.service[102985]: DEBUG neutron.plugins.ml2.drivers.ovn.mech_driver.ovsdb.maintenance [-] Touching Hash Ring node "f88ee61828495e78b0b5d7aa21cf73e2" from periodic health check thread {{(pid=102985) touch_hash_ring_node /opt/stack/neutron/neutron/plugins/ml2/drivers/ovn/mech_driver/ovsdb/maintenance.py:1419}}
Jun 19 21:39:02.068384 np0000182321 devstack@neutron-api.service[102983]: DEBUG futurist.periodics [-] Submitting periodic callback 'neutron.plugins.ml2.drivers.ovn.mech_driver.ovsdb.maintenance.HashRingHealthCheckPeriodics.touch_hash_ring_node' {{(pid=102983) _process_scheduled /opt/stack/data/venv/lib/python3.12/site-packages/futurist/periodics.py:784}}
Jun 19 21:39:02.068934 np0000182321 devstack@neutron-api.service[102983]: DEBUG neutron.plugins.ml2.drivers.ovn.mech_driver.ovsdb.maintenance [-] Touching Hash Ring node "ff6cb45d9e6c5bb6b7b15f20116a0587" from periodic health check thread {{(pid=102983) touch_hash_ring_node /opt/stack/neutron/neutron/plugins/ml2/drivers/ovn/mech_driver/ovsdb/maintenance.py:1419}}
Jun 19 21:39:02.080940 np0000182321 devstack@neutron-api.service[102982]: DEBUG futurist.periodics [-] Submitting periodic callback 'neutron.plugins.ml2.drivers.ovn.mech_driver.ovsdb.maintenance.HashRingHealthCheckPeriodics.touch_hash_ring_node' {{(pid=102982) _process_scheduled /opt/stack/data/venv/lib/python3.12/site-packages/futurist/periodics.py:784}}
Jun 19 21:39:02.081580 np0000182321 devstack@neutron-api.service[102982]: DEBUG neutron.plugins.ml2.drivers.ovn.mech_driver.ovsdb.maintenance [-] Touching Hash Ring node "96301023563e5879a498c9b9f8a3fcd3" from periodic health check thread {{(pid=102982) touch_hash_ring_node /opt/stack/neutron/neutron/plugins/ml2/drivers/ovn/mech_driver/ovsdb/maintenance.py:1419}}
Jun 19 21:39:02.109805 np0000182321 devstack@neutron-api.service[102984]: DEBUG futurist.periodics [-] Submitting periodic callback 'neutron.plugins.ml2.drivers.ovn.mech_driver.ovsdb.maintenance.HashRingHealthCheckPeriodics.touch_hash_ring_node' {{(pid=102984) _process_scheduled /opt/stack/data/venv/lib/python3.12/site-packages/futurist/periodics.py:784}}
Jun 19 21:39:02.110485 np0000182321 devstack@neutron-api.service[102984]: DEBUG neutron.plugins.ml2.drivers.ovn.mech_driver.ovsdb.maintenance [-] Touching Hash Ring node "83719154f954550cb3b49cdfc83632c6" from periodic health check thread {{(pid=102984) touch_hash_ring_node /opt/stack/neutron/neutron/plugins/ml2/drivers/ovn/mech_driver/ovsdb/maintenance.py:1419}}
Jun 19 21:39:11.247697 np0000182321 devstack@neutron-api.service[102985]: DEBUG dbcounter [-] [102985] Writing DB stats neutron:UPDATE=1,neutron:SELECT=1 {{(pid=102985) stat_writer /opt/stack/data/venv/lib/python3.12/site-packages/dbcounter.py:115}}
Jun 19 21:39:12.079577 np0000182321 devstack@neutron-api.service[102983]: DEBUG dbcounter [-] [102983] Writing DB stats neutron:UPDATE=1,neutron:SELECT=1 {{(pid=102983) stat_writer /opt/stack/data/venv/lib/python3.12/site-packages/dbcounter.py:115}}
Jun 19 21:39:12.093384 np0000182321 devstack@neutron-api.service[102982]: DEBUG dbcounter [-] [102982] Writing DB stats neutron:UPDATE=1,neutron:SELECT=1 {{(pid=102982) stat_writer /opt/stack/data/venv/lib/python3.12/site-packages/dbcounter.py:115}}
Jun 19 21:39:12.122063 np0000182321 devstack@neutron-api.service[102984]: DEBUG dbcounter [-] [102984] Writing DB stats neutron:UPDATE=1,neutron:SELECT=1 {{(pid=102984) stat_writer /opt/stack/data/venv/lib/python3.12/site-packages/dbcounter.py:115}}
Jun 19 21:39:16.236744 np0000182321 devstack@neutron-api.service[102985]: DEBUG futurist.periodics [-] Submitting periodic callback 'neutron.plugins.ml2.drivers.ovn.mech_driver.ovsdb.maintenance.HashRingHealthCheckPeriodics.touch_hash_ring_node' {{(pid=102985) _process_scheduled /opt/stack/data/venv/lib/python3.12/site-packages/futurist/periodics.py:784}}
Jun 19 21:39:16.237691 np0000182321 devstack@neutron-api.service[102985]: DEBUG neutron.plugins.ml2.drivers.ovn.mech_driver.ovsdb.maintenance [-] Touching Hash Ring node "f88ee61828495e78b0b5d7aa21cf73e2" from periodic health check thread {{(pid=102985) touch_hash_ring_node /opt/stack/neutron/neutron/plugins/ml2/drivers/ovn/mech_driver/ovsdb/maintenance.py:1419}}
Jun 19 21:39:17.069068 np0000182321 devstack@neutron-api.service[102983]: DEBUG futurist.periodics [-] Submitting periodic callback 'neutron.plugins.ml2.drivers.ovn.mech_driver.ovsdb.maintenance.HashRingHealthCheckPeriodics.touch_hash_ring_node' {{(pid=102983) _process_scheduled /opt/stack/data/venv/lib/python3.12/site-packages/futurist/periodics.py:784}}
Jun 19 21:39:17.069913 np0000182321 devstack@neutron-api.service[102983]: DEBUG neutron.plugins.ml2.drivers.ovn.mech_driver.ovsdb.maintenance [-] Touching Hash Ring node "ff6cb45d9e6c5bb6b7b15f20116a0587" from periodic health check thread {{(pid=102983) touch_hash_ring_node /opt/stack/neutron/neutron/plugins/ml2/drivers/ovn/mech_driver/ovsdb/maintenance.py:1419}}
Jun 19 21:39:17.081683 np0000182321 devstack@neutron-api.service[102982]: DEBUG futurist.periodics [-] Submitting periodic callback 'neutron.plugins.ml2.drivers.ovn.mech_driver.ovsdb.maintenance.HashRingHealthCheckPeriodics.touch_hash_ring_node' {{(pid=102982) _process_scheduled /opt/stack/data/venv/lib/python3.12/site-packages/futurist/periodics.py:784}}
Jun 19 21:39:17.082326 np0000182321 devstack@neutron-api.service[102982]: DEBUG neutron.plugins.ml2.drivers.ovn.mech_driver.ovsdb.maintenance [-] Touching Hash Ring node "96301023563e5879a498c9b9f8a3fcd3" from periodic health check thread {{(pid=102982) touch_hash_ring_node /opt/stack/neutron/neutron/plugins/ml2/drivers/ovn/mech_driver/ovsdb/maintenance.py:1419}}
Jun 19 21:39:17.110607 np0000182321 devstack@neutron-api.service[102984]: DEBUG futurist.periodics [-] Submitting periodic callback 'neutron.plugins.ml2.drivers.ovn.mech_driver.ovsdb.maintenance.HashRingHealthCheckPeriodics.touch_hash_ring_node' {{(pid=102984) _process_scheduled /opt/stack/data/venv/lib/python3.12/site-packages/futurist/periodics.py:784}}
Jun 19 21:39:17.111247 np0000182321 devstack@neutron-api.service[102984]: DEBUG neutron.plugins.ml2.drivers.ovn.mech_driver.ovsdb.maintenance [-] Touching Hash Ring node "83719154f954550cb3b49cdfc83632c6" from periodic health check thread {{(pid=102984) touch_hash_ring_node /opt/stack/neutron/neutron/plugins/ml2/drivers/ovn/mech_driver/ovsdb/maintenance.py:1419}}
Jun 19 21:39:26.249481 np0000182321 devstack@neutron-api.service[102985]: DEBUG dbcounter [-] [102985] Writing DB stats neutron:UPDATE=1,neutron:SELECT=1 {{(pid=102985) stat_writer /opt/stack/data/venv/lib/python3.12/site-packages/dbcounter.py:115}}
Jun 19 21:39:27.081550 np0000182321 devstack@neutron-api.service[102983]: DEBUG dbcounter [-] [102983] Writing DB stats neutron:UPDATE=1,neutron:SELECT=1 {{(pid=102983) stat_writer /opt/stack/data/venv/lib/python3.12/site-packages/dbcounter.py:115}}
Jun 19 21:39:27.093606 np0000182321 devstack@neutron-api.service[102982]: DEBUG dbcounter [-] [102982] Writing DB stats neutron:UPDATE=1,neutron:SELECT=1 {{(pid=102982) stat_writer /opt/stack/data/venv/lib/python3.12/site-packages/dbcounter.py:115}}
Jun 19 21:39:27.123445 np0000182321 devstack@neutron-api.service[102984]: DEBUG dbcounter [-] [102984] Writing DB stats neutron:UPDATE=1,neutron:SELECT=1 {{(pid=102984) stat_writer /opt/stack/data/venv/lib/python3.12/site-packages/dbcounter.py:115}}
Jun 19 21:39:31.237738 np0000182321 devstack@neutron-api.service[102985]: DEBUG futurist.periodics [-] Submitting periodic callback 'neutron.plugins.ml2.drivers.ovn.mech_driver.ovsdb.maintenance.HashRingHealthCheckPeriodics.touch_hash_ring_node' {{(pid=102985) _process_scheduled /opt/stack/data/venv/lib/python3.12/site-packages/futurist/periodics.py:784}}
Jun 19 21:39:31.239191 np0000182321 devstack@neutron-api.service[102985]: DEBUG neutron.plugins.ml2.drivers.ovn.mech_driver.ovsdb.maintenance [-] Touching Hash Ring node "f88ee61828495e78b0b5d7aa21cf73e2" from periodic health check thread {{(pid=102985) touch_hash_ring_node /opt/stack/neutron/neutron/plugins/ml2/drivers/ovn/mech_driver/ovsdb/maintenance.py:1419}}
Jun 19 21:39:32.308909 np0000182321 devstack@neutron-api.service[102983]: DEBUG futurist.periodics [-] Submitting periodic callback 'neutron.plugins.ml2.drivers.ovn.mech_driver.ovsdb.maintenance.HashRingHealthCheckPeriodics.touch_hash_ring_node' {{(pid=102983) _process_scheduled /opt/stack/data/venv/lib/python3.12/site-packages/futurist/periodics.py:784}}
Jun 19 21:39:32.308909 np0000182321 devstack@neutron-api.service[102983]: DEBUG neutron.plugins.ml2.drivers.ovn.mech_driver.ovsdb.maintenance [-] Touching Hash Ring node "ff6cb45d9e6c5bb6b7b15f20116a0587" from periodic health check thread {{(pid=102983) touch_hash_ring_node /opt/stack/neutron/neutron/plugins/ml2/drivers/ovn/mech_driver/ovsdb/maintenance.py:1419}}
Jun 19 21:39:32.309614 np0000182321 devstack@neutron-api.service[102982]: DEBUG futurist.periodics [-] Submitting periodic callback 'neutron.plugins.ml2.drivers.ovn.mech_driver.ovsdb.maintenance.HashRingHealthCheckPeriodics.touch_hash_ring_node' {{(pid=102982) _process_scheduled /opt/stack/data/venv/lib/python3.12/site-packages/futurist/periodics.py:784}}
Jun 19 21:39:32.309614 np0000182321 devstack@neutron-api.service[102982]: DEBUG neutron.plugins.ml2.drivers.ovn.mech_driver.ovsdb.maintenance [-] Touching Hash Ring node "96301023563e5879a498c9b9f8a3fcd3" from periodic health check thread {{(pid=102982) touch_hash_ring_node /opt/stack/neutron/neutron/plugins/ml2/drivers/ovn/mech_driver/ovsdb/maintenance.py:1419}}
Jun 19 21:39:32.310271 np0000182321 devstack@neutron-api.service[102984]: DEBUG futurist.periodics [-] Submitting periodic callback 'neutron.plugins.ml2.drivers.ovn.mech_driver.ovsdb.maintenance.HashRingHealthCheckPeriodics.touch_hash_ring_node' {{(pid=102984) _process_scheduled /opt/stack/data/venv/lib/python3.12/site-packages/futurist/periodics.py:784}}
Jun 19 21:39:32.310271 np0000182321 devstack@neutron-api.service[102984]: DEBUG neutron.plugins.ml2.drivers.ovn.mech_driver.ovsdb.maintenance [-] Touching Hash Ring node "83719154f954550cb3b49cdfc83632c6" from periodic health check thread {{(pid=102984) touch_hash_ring_node /opt/stack/neutron/neutron/plugins/ml2/drivers/ovn/mech_driver/ovsdb/maintenance.py:1419}}
Jun 19 21:39:46.238578 np0000182321 devstack@neutron-api.service[102985]: DEBUG futurist.periodics [-] Submitting periodic callback 'neutron.plugins.ml2.drivers.ovn.mech_driver.ovsdb.maintenance.HashRingHealthCheckPeriodics.touch_hash_ring_node' {{(pid=102985) _process_scheduled /opt/stack/data/venv/lib/python3.12/site-packages/futurist/periodics.py:784}}
Jun 19 21:39:46.239332 np0000182321 devstack@neutron-api.service[102985]: DEBUG neutron.plugins.ml2.drivers.ovn.mech_driver.ovsdb.maintenance [-] Touching Hash Ring node "f88ee61828495e78b0b5d7aa21cf73e2" from periodic health check thread {{(pid=102985) touch_hash_ring_node /opt/stack/neutron/neutron/plugins/ml2/drivers/ovn/mech_driver/ovsdb/maintenance.py:1419}}
Jun 19 21:39:46.281144 np0000182321 devstack@neutron-api.service[102983]: DEBUG dbcounter [-] [102983] Writing DB stats neutron:UPDATE=1,neutron:SELECT=1 {{(pid=102983) stat_writer /opt/stack/data/venv/lib/python3.12/site-packages/dbcounter.py:115}}
Jun 19 21:39:46.284125 np0000182321 devstack@neutron-api.service[102984]: DEBUG dbcounter [-] [102984] Writing DB stats neutron:UPDATE=1,neutron:SELECT=1 {{(pid=102984) stat_writer /opt/stack/data/venv/lib/python3.12/site-packages/dbcounter.py:115}}
Jun 19 21:39:46.288018 np0000182321 devstack@neutron-api.service[102982]: DEBUG dbcounter [-] [102982] Writing DB stats neutron:UPDATE=1,neutron:SELECT=1 {{(pid=102982) stat_writer /opt/stack/data/venv/lib/python3.12/site-packages/dbcounter.py:115}}
Jun 19 21:39:47.070727 np0000182321 devstack@neutron-api.service[102983]: DEBUG futurist.periodics [-] Submitting periodic callback 'neutron.plugins.ml2.drivers.ovn.mech_driver.ovsdb.maintenance.HashRingHealthCheckPeriodics.touch_hash_ring_node' {{(pid=102983) _process_scheduled /opt/stack/data/venv/lib/python3.12/site-packages/futurist/periodics.py:784}}
Jun 19 21:39:47.071273 np0000182321 devstack@neutron-api.service[102983]: DEBUG neutron.plugins.ml2.drivers.ovn.mech_driver.ovsdb.maintenance [-] Touching Hash Ring node "ff6cb45d9e6c5bb6b7b15f20116a0587" from periodic health check thread {{(pid=102983) touch_hash_ring_node /opt/stack/neutron/neutron/plugins/ml2/drivers/ovn/mech_driver/ovsdb/maintenance.py:1419}}
Jun 19 21:39:47.083082 np0000182321 devstack@neutron-api.service[102982]: DEBUG futurist.periodics [-] Submitting periodic callback 'neutron.plugins.ml2.drivers.ovn.mech_driver.ovsdb.maintenance.HashRingHealthCheckPeriodics.touch_hash_ring_node' {{(pid=102982) _process_scheduled /opt/stack/data/venv/lib/python3.12/site-packages/futurist/periodics.py:784}}
Jun 19 21:39:47.083704 np0000182321 devstack@neutron-api.service[102982]: DEBUG neutron.plugins.ml2.drivers.ovn.mech_driver.ovsdb.maintenance [-] Touching Hash Ring node "96301023563e5879a498c9b9f8a3fcd3" from periodic health check thread {{(pid=102982) touch_hash_ring_node /opt/stack/neutron/neutron/plugins/ml2/drivers/ovn/mech_driver/ovsdb/maintenance.py:1419}}
Jun 19 21:39:47.112035 np0000182321 devstack@neutron-api.service[102984]: DEBUG futurist.periodics [-] Submitting periodic callback 'neutron.plugins.ml2.drivers.ovn.mech_driver.ovsdb.maintenance.HashRingHealthCheckPeriodics.touch_hash_ring_node' {{(pid=102984) _process_scheduled /opt/stack/data/venv/lib/python3.12/site-packages/futurist/periodics.py:784}}
Jun 19 21:39:47.112909 np0000182321 devstack@neutron-api.service[102984]: DEBUG neutron.plugins.ml2.drivers.ovn.mech_driver.ovsdb.maintenance [-] Touching Hash Ring node "83719154f954550cb3b49cdfc83632c6" from periodic health check thread {{(pid=102984) touch_hash_ring_node /opt/stack/neutron/neutron/plugins/ml2/drivers/ovn/mech_driver/ovsdb/maintenance.py:1419}}
Jun 19 21:39:54.934347 np0000182321 devstack@neutron-api.service[102983]: INFO neutron.pecan_wsgi.hooks.translation [None req-2b4f6ae9-9d01-4820-bd17-bcb0b8bb2e2e admin admin] GET failed (client error): The resource could not be found.
Jun 19 21:39:54.935180 np0000182321 devstack@neutron-api.service[102983]: [pid: 102983|app: 0|req: 23/91] 199.204.45.74 () {64 vars in 1327 bytes} [Fri Jun 19 21:39:54 2026] GET /networking/v2.0/networks/admin_net => generated 111 bytes in 16 msecs (HTTP/1.1 404) 4 headers in 164 bytes (1 switches on core 0)
Jun 19 21:39:54.963956 np0000182321 devstack@neutron-api.service[102984]: [pid: 102984|app: 0|req: 23/92] 199.204.45.74 () {64 vars in 1339 bytes} [Fri Jun 19 21:39:54 2026] GET /networking/v2.0/networks?name=admin_net => generated 15 bytes in 21 msecs (HTTP/1.1 200) 4 headers in 156 bytes (1 switches on core 0)
Jun 19 21:39:55.211264 np0000182321 devstack@neutron-api.service[102982]: DEBUG neutron.api.v2.base [None req-5d36a00c-b82d-40d6-b869-cc9c9fde2273 admin admin] Request body: {'network': {'name': 'admin_net', 'project_id': 'd613f7f005364fb88b91535fd228e683', 'admin_state_up': True}} {{(pid=102982) prepare_request_body /opt/stack/neutron/neutron/api/v2/base.py:727}}
Jun 19 21:39:55.228489 np0000182321 devstack@neutron-api.service[102982]: DEBUG neutron.pecan_wsgi.hooks.quota_enforcement [None req-5d36a00c-b82d-40d6-b869-cc9c9fde2273 admin admin] Made reservation on behalf of d613f7f005364fb88b91535fd228e683 for: {'network': 1} {{(pid=102982) before /opt/stack/neutron/neutron/pecan_wsgi/hooks/quota_enforcement.py:66}}
Jun 19 21:39:55.231384 np0000182321 devstack@neutron-api.service[102982]: DEBUG neutron_lib.callbacks.manager [None req-5d36a00c-b82d-40d6-b869-cc9c9fde2273 admin admin] Publish callbacks ['neutron.plugins.ml2.plugin.SecurityGroupDbMixin._ensure_default_security_group_handler-84862'] for network (None), before_create {{(pid=102982) _notify_loop /opt/stack/data/venv/lib/python3.12/site-packages/neutron_lib/callbacks/manager.py:184}}
Jun 19 21:39:55.236299 np0000182321 devstack@neutron-api.service[102982]: DEBUG neutron_lib.callbacks.manager [None req-5d36a00c-b82d-40d6-b869-cc9c9fde2273 admin admin] Publish callbacks [] for security_group (None), before_create {{(pid=102982) _notify_loop /opt/stack/data/venv/lib/python3.12/site-packages/neutron_lib/callbacks/manager.py:184}}
Jun 19 21:39:55.289263 np0000182321 devstack@neutron-api.service[102982]: DEBUG neutron_lib.callbacks.manager [None req-5d36a00c-b82d-40d6-b869-cc9c9fde2273 admin admin] Publish callbacks ['neutron.plugins.ml2.drivers.ovn.mech_driver.mech_driver.OVNMechanismDriver._create_security_group_precommit-331648'] for security_group (0b295d71-1f9c-46ff-b3d6-e3d94a424922), precommit_create {{(pid=102982) _notify_loop /opt/stack/data/venv/lib/python3.12/site-packages/neutron_lib/callbacks/manager.py:184}}
Jun 19 21:39:55.289370 np0000182321 devstack@neutron-api.service[102982]: DEBUG neutron.db.ovn_revision_numbers_db [None req-5d36a00c-b82d-40d6-b869-cc9c9fde2273 admin admin] create_initial_revision uuid=0b295d71-1f9c-46ff-b3d6-e3d94a424922, type=security_groups, rev=-1 {{(pid=102982) create_initial_revision /opt/stack/neutron/neutron/db/ovn_revision_numbers_db.py:98}}
Jun 19 21:39:55.290472 np0000182321 devstack@neutron-api.service[102982]: DEBUG neutron.db.ovn_revision_numbers_db [None req-5d36a00c-b82d-40d6-b869-cc9c9fde2273 admin admin] create_initial_revision uuid=60334b78-42d0-43e9-9756-c9e0a235facd, type=security_group_rules, rev=-1 {{(pid=102982) create_initial_revision /opt/stack/neutron/neutron/db/ovn_revision_numbers_db.py:98}}
Jun 19 21:39:55.291492 np0000182321 devstack@neutron-api.service[102982]: DEBUG neutron.db.ovn_revision_numbers_db [None req-5d36a00c-b82d-40d6-b869-cc9c9fde2273 admin admin] create_initial_revision uuid=941286c6-8dd8-4c18-a3c3-1b5e5e2f9543, type=security_group_rules, rev=-1 {{(pid=102982) create_initial_revision /opt/stack/neutron/neutron/db/ovn_revision_numbers_db.py:98}}
Jun 19 21:39:55.292430 np0000182321 devstack@neutron-api.service[102982]: DEBUG neutron.db.ovn_revision_numbers_db [None req-5d36a00c-b82d-40d6-b869-cc9c9fde2273 admin admin] create_initial_revision uuid=b237832f-ce55-4c33-89f6-318ea3285a4a, type=security_group_rules, rev=-1 {{(pid=102982) create_initial_revision /opt/stack/neutron/neutron/db/ovn_revision_numbers_db.py:98}}
Jun 19 21:39:55.293324 np0000182321 devstack@neutron-api.service[102982]: DEBUG neutron.db.ovn_revision_numbers_db [None req-5d36a00c-b82d-40d6-b869-cc9c9fde2273 admin admin] create_initial_revision uuid=ff4213bc-5aef-4181-ac48-edf69df19793, type=security_group_rules, rev=-1 {{(pid=102982) create_initial_revision /opt/stack/neutron/neutron/db/ovn_revision_numbers_db.py:98}}
Jun 19 21:39:55.302656 np0000182321 devstack@neutron-api.service[102982]: DEBUG neutron_lib.callbacks.manager [None req-5d36a00c-b82d-40d6-b869-cc9c9fde2273 admin admin] Publish callbacks ['neutron.plugins.ml2.drivers.ovn.mech_driver.mech_driver.OVNMechanismDriver._create_security_group-331770', 'neutron.plugins.ml2.ovo_rpc._ObjectChangeHandler.handle_event-1071805691'] for security_group (0b295d71-1f9c-46ff-b3d6-e3d94a424922), after_create {{(pid=102982) _notify_loop /opt/stack/data/venv/lib/python3.12/site-packages/neutron_lib/callbacks/manager.py:184}}
Jun 19 21:39:55.303634 np0000182321 devstack@neutron-api.service[102982]: DEBUG ovsdbapp.backend.ovs_idl.transaction [None req-b0f11ac6-bc95-4523-9cfc-ae0d7bc1669a None None] Running txn n=1 command(idx=0): PgAddCommand(_result=None, name=pg_0b295d71_1f9c_46ff_b3d6_e3d94a424922, may_exist=False, columns={'acls': [], 'external_ids': {'neutron:security_group_id': '0b295d71-1f9c-46ff-b3d6-e3d94a424922'}}) {{(pid=102982) do_commit /opt/stack/data/venv/lib/python3.12/site-packages/ovsdbapp/backend/ovs_idl/transaction.py:89}}
Jun 19 21:39:55.304355 np0000182321 devstack@neutron-api.service[102982]: DEBUG ovsdbapp.backend.ovs_idl.transaction [None req-b0f11ac6-bc95-4523-9cfc-ae0d7bc1669a None None] Running txn n=1 command(idx=1): PgAclAddCommand(_result=None, entity=pg_0b295d71_1f9c_46ff_b3d6_e3d94a424922, direction=to-lport, priority=1002, match=outport == @pg_0b295d71_1f9c_46ff_b3d6_e3d94a424922 && ip6 && ip6.src == $pg_0b295d71_1f9c_46ff_b3d6_e3d94a424922_ip6, action=allow-related, log=False, may_exist=True, severity=[], name=[], meter=[], external_ids={'neutron:security_group_rule_id': '60334b78-42d0-43e9-9756-c9e0a235facd'}) {{(pid=102982) do_commit /opt/stack/data/venv/lib/python3.12/site-packages/ovsdbapp/backend/ovs_idl/transaction.py:89}}
Jun 19 21:39:55.305090 np0000182321 devstack@neutron-api.service[102982]: DEBUG ovsdbapp.backend.ovs_idl.transaction [None req-b0f11ac6-bc95-4523-9cfc-ae0d7bc1669a None None] Running txn n=1 command(idx=2): PgAclAddCommand(_result=None, entity=pg_0b295d71_1f9c_46ff_b3d6_e3d94a424922, direction=from-lport, priority=1002, match=inport == @pg_0b295d71_1f9c_46ff_b3d6_e3d94a424922 && ip6, action=allow-related, log=False, may_exist=True, severity=[], name=[], meter=[], external_ids={'neutron:security_group_rule_id': '941286c6-8dd8-4c18-a3c3-1b5e5e2f9543'}) {{(pid=102982) do_commit /opt/stack/data/venv/lib/python3.12/site-packages/ovsdbapp/backend/ovs_idl/transaction.py:89}}
Jun 19 21:39:55.305728 np0000182321 devstack@neutron-api.service[102982]: DEBUG ovsdbapp.backend.ovs_idl.transaction [None req-b0f11ac6-bc95-4523-9cfc-ae0d7bc1669a None None] Running txn n=1 command(idx=3): PgAclAddCommand(_result=None, entity=pg_0b295d71_1f9c_46ff_b3d6_e3d94a424922, direction=from-lport, priority=1002, match=inport == @pg_0b295d71_1f9c_46ff_b3d6_e3d94a424922 && ip4, action=allow-related, log=False, may_exist=True, severity=[], name=[], meter=[], external_ids={'neutron:security_group_rule_id': 'b237832f-ce55-4c33-89f6-318ea3285a4a'}) {{(pid=102982) do_commit /opt/stack/data/venv/lib/python3.12/site-packages/ovsdbapp/backend/ovs_idl/transaction.py:89}}
Jun 19 21:39:55.307078 np0000182321 devstack@neutron-api.service[102982]: DEBUG ovsdbapp.backend.ovs_idl.transaction [None req-b0f11ac6-bc95-4523-9cfc-ae0d7bc1669a None None] Running txn n=1 command(idx=4): PgAclAddCommand(_result=None, entity=pg_0b295d71_1f9c_46ff_b3d6_e3d94a424922, direction=to-lport, priority=1002, match=outport == @pg_0b295d71_1f9c_46ff_b3d6_e3d94a424922 && ip4 && ip4.src == $pg_0b295d71_1f9c_46ff_b3d6_e3d94a424922_ip4, action=allow-related, log=False, may_exist=True, severity=[], name=[], meter=[], external_ids={'neutron:security_group_rule_id': 'ff4213bc-5aef-4181-ac48-edf69df19793'}) {{(pid=102982) do_commit /opt/stack/data/venv/lib/python3.12/site-packages/ovsdbapp/backend/ovs_idl/transaction.py:89}}
Jun 19 21:39:55.324173 np0000182321 devstack@neutron-api.service[102983]: DEBUG neutron.common.ovn.hash_ring_manager [None req-85cff4aa-dea0-458c-aee0-cafb0e77af51 None None] Hash Ring loaded. 4 active nodes. 0 offline nodes {{(pid=102983) _load_hash_ring /opt/stack/neutron/neutron/common/ovn/hash_ring_manager.py:110}}
Jun 19 21:39:55.324173 np0000182321 devstack@neutron-api.service[102983]: DEBUG neutron.plugins.ml2.drivers.ovn.mech_driver.ovsdb.ovsdb_monitor [None req-85cff4aa-dea0-458c-aee0-cafb0e77af51 None None] Hash Ring: Node ff6cb45d9e6c5bb6b7b15f20116a0587 (host: np0000182321) handling event "create" for row 643aa264-f2b3-4caf-ba95-56fb66ba10e8 (table: ACL) {{(pid=102983) notify /opt/stack/neutron/neutron/plugins/ml2/drivers/ovn/mech_driver/ovsdb/ovsdb_monitor.py:1015}}
Jun 19 21:39:55.324173 np0000182321 devstack@neutron-api.service[102983]: DEBUG neutron.plugins.ml2.drivers.ovn.mech_driver.ovsdb.ovsdb_monitor [None req-85cff4aa-dea0-458c-aee0-cafb0e77af51 None None] Hash Ring: Node ff6cb45d9e6c5bb6b7b15f20116a0587 (host: np0000182321) handling event "create" for row 9c97dfec-9d9e-4882-8212-f7081cf6d876 (table: ACL) {{(pid=102983) notify /opt/stack/neutron/neutron/plugins/ml2/drivers/ovn/mech_driver/ovsdb/ovsdb_monitor.py:1015}}
Jun 19 21:39:55.324409 np0000182321 devstack@neutron-api.service[102982]: DEBUG neutron.common.ovn.hash_ring_manager [None req-b0f11ac6-bc95-4523-9cfc-ae0d7bc1669a None None] Hash Ring loaded. 4 active nodes. 0 offline nodes {{(pid=102982) _load_hash_ring /opt/stack/neutron/neutron/common/ovn/hash_ring_manager.py:110}}
Jun 19 21:39:55.324409 np0000182321 devstack@neutron-api.service[102982]: DEBUG neutron.plugins.ml2.drivers.ovn.mech_driver.ovsdb.ovsdb_monitor [None req-b0f11ac6-bc95-4523-9cfc-ae0d7bc1669a None None] Hash Ring: Node 96301023563e5879a498c9b9f8a3fcd3 (host: np0000182321) handling event "create" for row 2f1b7f4e-0c9a-473e-9766-10abfc2490a0 (table: Port_Group) {{(pid=102982) notify /opt/stack/neutron/neutron/plugins/ml2/drivers/ovn/mech_driver/ovsdb/ovsdb_monitor.py:1015}}
Jun 19 21:39:55.326336 np0000182321 devstack@neutron-api.service[102985]: DEBUG neutron.common.ovn.hash_ring_manager [None req-fa7106b0-f208-4026-b061-df960f8806ca None None] Hash Ring loaded. 4 active nodes. 0 offline nodes {{(pid=102985) _load_hash_ring /opt/stack/neutron/neutron/common/ovn/hash_ring_manager.py:110}}
Jun 19 21:39:55.327371 np0000182321 devstack@neutron-api.service[102984]: DEBUG neutron.common.ovn.hash_ring_manager [None req-310dda2a-5aa8-4f2c-9abf-1b857f4b129c None None] Hash Ring loaded. 4 active nodes. 0 offline nodes {{(pid=102984) _load_hash_ring /opt/stack/neutron/neutron/common/ovn/hash_ring_manager.py:110}}
Jun 19 21:39:55.327371 np0000182321 devstack@neutron-api.service[102984]: DEBUG neutron.plugins.ml2.drivers.ovn.mech_driver.ovsdb.ovsdb_monitor [None req-310dda2a-5aa8-4f2c-9abf-1b857f4b129c None None] Hash Ring: Node 83719154f954550cb3b49cdfc83632c6 (host: np0000182321) handling event "create" for row 5d17a6db-9296-474b-9edf-d164e857ace6 (table: ACL) {{(pid=102984) notify /opt/stack/neutron/neutron/plugins/ml2/drivers/ovn/mech_driver/ovsdb/ovsdb_monitor.py:1015}}
Jun 19 21:39:55.328842 np0000182321 devstack@neutron-api.service[102984]: DEBUG neutron.plugins.ml2.drivers.ovn.mech_driver.ovsdb.ovsdb_monitor [None req-310dda2a-5aa8-4f2c-9abf-1b857f4b129c None None] Hash Ring: Node 83719154f954550cb3b49cdfc83632c6 (host: np0000182321) handling event "create" for row 8cb2ac1f-a812-43cf-99b5-8b7fd7eb65ed (table: ACL) {{(pid=102984) notify /opt/stack/neutron/neutron/plugins/ml2/drivers/ovn/mech_driver/ovsdb/ovsdb_monitor.py:1015}}
Jun 19 21:39:55.343323 np0000182321 devstack@neutron-api.service[102982]: INFO neutron.db.ovn_revision_numbers_db [None req-5d36a00c-b82d-40d6-b869-cc9c9fde2273 admin admin] Successfully bumped revision number for resource 0b295d71-1f9c-46ff-b3d6-e3d94a424922 (type: security_groups) to 1
Jun 19 21:39:55.358771 np0000182321 devstack@neutron-api.service[102982]: INFO neutron.db.ovn_revision_numbers_db [None req-5d36a00c-b82d-40d6-b869-cc9c9fde2273 admin admin] Successfully bumped revision number for resource 60334b78-42d0-43e9-9756-c9e0a235facd (type: security_group_rules) to 0
Jun 19 21:39:55.375154 np0000182321 devstack@neutron-api.service[102982]: INFO neutron.db.ovn_revision_numbers_db [None req-5d36a00c-b82d-40d6-b869-cc9c9fde2273 admin admin] Successfully bumped revision number for resource 941286c6-8dd8-4c18-a3c3-1b5e5e2f9543 (type: security_group_rules) to 0
Jun 19 21:39:55.392448 np0000182321 devstack@neutron-api.service[102982]: INFO neutron.db.ovn_revision_numbers_db [None req-5d36a00c-b82d-40d6-b869-cc9c9fde2273 admin admin] Successfully bumped revision number for resource b237832f-ce55-4c33-89f6-318ea3285a4a (type: security_group_rules) to 0
Jun 19 21:39:55.409702 np0000182321 devstack@neutron-api.service[102982]: INFO neutron.db.ovn_revision_numbers_db [None req-5d36a00c-b82d-40d6-b869-cc9c9fde2273 admin admin] Successfully bumped revision number for resource ff4213bc-5aef-4181-ac48-edf69df19793 (type: security_group_rules) to 0
Jun 19 21:39:55.433129 np0000182321 devstack@neutron-api.service[102982]: DEBUG neutron.api.rpc.handlers.resources_rpc [None req-5d36a00c-b82d-40d6-b869-cc9c9fde2273 admin admin] Pushing event updated for resources: {'SecurityGroup': ['ID=0b295d71-1f9c-46ff-b3d6-e3d94a424922,revision_number=1']} {{(pid=102982) push /opt/stack/neutron/neutron/api/rpc/handlers/resources_rpc.py:237}}
Jun 19 21:39:55.438140 np0000182321 devstack@neutron-api.service[102982]: DEBUG ovsdbapp.backend.ovs_idl.transaction [None req-b0f11ac6-bc95-4523-9cfc-ae0d7bc1669a None None] Running txn n=1 command(idx=0): CheckLivenessCommand(_result=None) {{(pid=102982) do_commit /opt/stack/data/venv/lib/python3.12/site-packages/ovsdbapp/backend/ovs_idl/transaction.py:89}}
Jun 19 21:39:55.441631 np0000182321 devstack@neutron-api.service[102985]: DEBUG neutron.plugins.ml2.drivers.ovn.mech_driver.ovsdb.ovsdb_monitor [None req-fa7106b0-f208-4026-b061-df960f8806ca None None] Hash Ring: Node f88ee61828495e78b0b5d7aa21cf73e2 (host: np0000182321) handling event "update" for row 8a0ff1ee-1518-47c8-9f9f-18b39f0458f1 (table: NB_Global) {{(pid=102985) notify /opt/stack/neutron/neutron/plugins/ml2/drivers/ovn/mech_driver/ovsdb/ovsdb_monitor.py:1015}}
Jun 19 21:39:55.443926 np0000182321 devstack@neutron-api.service[102985]: DEBUG neutron.plugins.ml2.drivers.ovn.mech_driver.ovsdb.ovsdb_monitor [None req-fa7106b0-f208-4026-b061-df960f8806ca None None] Hash Ring: Node f88ee61828495e78b0b5d7aa21cf73e2 (host: np0000182321) handling event "update" for row 8a0ff1ee-1518-47c8-9f9f-18b39f0458f1 (table: NB_Global) {{(pid=102985) notify /opt/stack/neutron/neutron/plugins/ml2/drivers/ovn/mech_driver/ovsdb/ovsdb_monitor.py:1015}}
Jun 19 21:39:55.444203 np0000182321 devstack@neutron-api.service[102982]: DEBUG neutron.api.rpc.callbacks.version_manager [None req-5d36a00c-b82d-40d6-b869-cc9c9fde2273 admin admin] Tracked resource versions report:
Jun 19 21:39:55.444203 np0000182321 devstack@neutron-api.service[102982]: pushed versions:
Jun 19 21:39:55.444203 np0000182321 devstack@neutron-api.service[102982]: { 'AddressGroup': {'1.2'},
Jun 19 21:39:55.444203 np0000182321 devstack@neutron-api.service[102982]: 'Agent': {'1.1'},
Jun 19 21:39:55.444203 np0000182321 devstack@neutron-api.service[102982]: 'ConntrackHelper': {'1.0'},
Jun 19 21:39:55.444203 np0000182321 devstack@neutron-api.service[102982]: 'LocalIPAssociation': {'1.0'},
Jun 19 21:39:55.444203 np0000182321 devstack@neutron-api.service[102982]: 'Log': {'1.0'},
Jun 19 21:39:55.444203 np0000182321 devstack@neutron-api.service[102982]: 'NDPProxy': {'1.0'},
Jun 19 21:39:55.444203 np0000182321 devstack@neutron-api.service[102982]: 'Network': {'1.3'},
Jun 19 21:39:55.444203 np0000182321 devstack@neutron-api.service[102982]: 'Port': {'1.11'},
Jun 19 21:39:55.444203 np0000182321 devstack@neutron-api.service[102982]: 'PortForwarding': {'1.3'},
Jun 19 21:39:55.444203 np0000182321 devstack@neutron-api.service[102982]: 'QosPolicy': {'1.10'},
Jun 19 21:39:55.444203 np0000182321 devstack@neutron-api.service[102982]: 'SecurityGroup': {'1.6'},
Jun 19 21:39:55.444203 np0000182321 devstack@neutron-api.service[102982]: 'SecurityGroupRule': {'1.3'},
Jun 19 21:39:55.444203 np0000182321 devstack@neutron-api.service[102982]: 'SubPort': {'1.0'},
Jun 19 21:39:55.444203 np0000182321 devstack@neutron-api.service[102982]: 'Subnet': {'1.2'},
Jun 19 21:39:55.444203 np0000182321 devstack@neutron-api.service[102982]: 'Trunk': {'1.1'}}
Jun 19 21:39:55.444203 np0000182321 devstack@neutron-api.service[102982]: consumer versions:
Jun 19 21:39:55.444203 np0000182321 devstack@neutron-api.service[102982]: { OVN Controller Gateway agent@np0000182321: {},
Jun 19 21:39:55.444203 np0000182321 devstack@neutron-api.service[102982]: OVN Neutron agent@np0000182321: {}}
Jun 19 21:39:55.444203 np0000182321 devstack@neutron-api.service[102982]: {{(pid=102982) report /opt/stack/neutron/neutron/api/rpc/callbacks/version_manager.py:183}}
Jun 19 21:39:55.446784 np0000182321 devstack@neutron-api.service[102985]: DEBUG neutron.plugins.ml2.drivers.ovn.mech_driver.ovsdb.ovsdb_monitor [None req-fa7106b0-f208-4026-b061-df960f8806ca None None] Hash Ring: Node f88ee61828495e78b0b5d7aa21cf73e2 (host: np0000182321) handling event "update" for row 8a0ff1ee-1518-47c8-9f9f-18b39f0458f1 (table: NB_Global) {{(pid=102985) notify /opt/stack/neutron/neutron/plugins/ml2/drivers/ovn/mech_driver/ovsdb/ovsdb_monitor.py:1015}}
Jun 19 21:39:55.450977 np0000182321 devstack@neutron-api.service[102985]: DEBUG neutron.plugins.ml2.drivers.ovn.mech_driver.ovsdb.ovsdb_monitor [None req-f5c55341-e835-4835-9c19-eabac7b00aed None None] ChassisAgentWriteEvent : Matched Chassis_Private, update, None None {{(pid=102985) matches /opt/stack/neutron/neutron/plugins/ml2/drivers/ovn/mech_driver/ovsdb/ovsdb_monitor.py:64}}
Jun 19 21:39:55.451343 np0000182321 devstack@neutron-api.service[102983]: DEBUG neutron.plugins.ml2.drivers.ovn.mech_driver.ovsdb.ovsdb_monitor [None req-41ba9a91-a671-483a-9605-c0348b0eb246 None None] ChassisAgentWriteEvent : Matched Chassis_Private, update, None None {{(pid=102983) matches /opt/stack/neutron/neutron/plugins/ml2/drivers/ovn/mech_driver/ovsdb/ovsdb_monitor.py:64}}
Jun 19 21:39:55.451905 np0000182321 devstack@neutron-api.service[102984]: DEBUG neutron.plugins.ml2.drivers.ovn.mech_driver.ovsdb.ovsdb_monitor [None req-ee08631c-492a-46d8-a7ec-ed9abd61e3b4 None None] ChassisAgentWriteEvent : Matched Chassis_Private, update, None None {{(pid=102984) matches /opt/stack/neutron/neutron/plugins/ml2/drivers/ovn/mech_driver/ovsdb/ovsdb_monitor.py:64}}
Jun 19 21:39:55.452043 np0000182321 devstack@neutron-api.service[102985]: DEBUG neutron.plugins.ml2.drivers.ovn.mech_driver.ovsdb.ovsdb_monitor [None req-fa7106b0-f208-4026-b061-df960f8806ca None None] Hash Ring: Node f88ee61828495e78b0b5d7aa21cf73e2 (host: np0000182321) handling event "update" for row 8a0ff1ee-1518-47c8-9f9f-18b39f0458f1 (table: NB_Global) {{(pid=102985) notify /opt/stack/neutron/neutron/plugins/ml2/drivers/ovn/mech_driver/ovsdb/ovsdb_monitor.py:1015}}
Jun 19 21:39:55.452217 np0000182321 devstack@neutron-api.service[102982]: DEBUG neutron.plugins.ml2.drivers.ovn.mech_driver.ovsdb.ovsdb_monitor [None req-3a77868d-7779-418b-a3c9-d00b0d5d3387 None None] ChassisAgentWriteEvent : Matched Chassis_Private, update, None None {{(pid=102982) matches /opt/stack/neutron/neutron/plugins/ml2/drivers/ovn/mech_driver/ovsdb/ovsdb_monitor.py:64}}
Jun 19 21:39:55.457606 np0000182321 devstack@neutron-api.service[102985]: DEBUG neutron.common.ovn.hash_ring_manager [None req-f5c55341-e835-4835-9c19-eabac7b00aed None None] Hash Ring loaded. 4 active nodes. 0 offline nodes {{(pid=102985) _load_hash_ring /opt/stack/neutron/neutron/common/ovn/hash_ring_manager.py:110}}
Jun 19 21:39:55.457606 np0000182321 devstack@neutron-api.service[102985]: DEBUG neutron.plugins.ml2.drivers.ovn.mech_driver.ovsdb.ovsdb_monitor [None req-f5c55341-e835-4835-9c19-eabac7b00aed None None] Hash Ring: Node f88ee61828495e78b0b5d7aa21cf73e2 (host: np0000182321) handling event "update" for row 10ad3e1c-9024-4ec9-8e2a-c43160396269 (table: Chassis_Private) {{(pid=102985) notify /opt/stack/neutron/neutron/plugins/ml2/drivers/ovn/mech_driver/ovsdb/ovsdb_monitor.py:1015}}
Jun 19 21:39:55.460174 np0000182321 devstack@neutron-api.service[102984]: DEBUG neutron.common.ovn.hash_ring_manager [None req-ee08631c-492a-46d8-a7ec-ed9abd61e3b4 None None] Hash Ring loaded. 4 active nodes. 0 offline nodes {{(pid=102984) _load_hash_ring /opt/stack/neutron/neutron/common/ovn/hash_ring_manager.py:110}}
Jun 19 21:39:55.460972 np0000182321 devstack@neutron-api.service[102983]: DEBUG neutron.common.ovn.hash_ring_manager [None req-41ba9a91-a671-483a-9605-c0348b0eb246 None None] Hash Ring loaded. 4 active nodes. 0 offline nodes {{(pid=102983) _load_hash_ring /opt/stack/neutron/neutron/common/ovn/hash_ring_manager.py:110}}
Jun 19 21:39:55.469288 np0000182321 devstack@neutron-api.service[102982]: DEBUG neutron.common.ovn.hash_ring_manager [None req-3a77868d-7779-418b-a3c9-d00b0d5d3387 None None] Hash Ring loaded. 4 active nodes. 0 offline nodes {{(pid=102982) _load_hash_ring /opt/stack/neutron/neutron/common/ovn/hash_ring_manager.py:110}}
Jun 19 21:39:55.500431 np0000182321 devstack@neutron-api.service[102982]: DEBUG neutron.plugins.ml2.drivers.helpers [None req-5d36a00c-b82d-40d6-b869-cc9c9fde2273 admin admin] geneve segment allocate from pool success with {'geneve_vni': 40850} {{(pid=102982) allocate_partially_specified_segment /opt/stack/neutron/neutron/plugins/ml2/drivers/helpers.py:142}}
Jun 19 21:39:55.511390 np0000182321 devstack@neutron-api.service[102982]: DEBUG neutron_lib.callbacks.manager [None req-5d36a00c-b82d-40d6-b869-cc9c9fde2273 admin admin] Publish callbacks ['neutron.services.segments.db._add_segment_host_mapping_for_segment-8203926093444', 'neutron.plugins.ml2.plugin.Ml2Plugin._handle_segment_change-895256'] for segment (b8e9bf84-3b5f-4f7f-b249-319f4aa0a34e), precommit_create {{(pid=102982) _notify_loop /opt/stack/data/venv/lib/python3.12/site-packages/neutron_lib/callbacks/manager.py:184}}
Jun 19 21:39:55.511539 np0000182321 devstack@neutron-api.service[102982]: INFO neutron.db.segments_db [None req-5d36a00c-b82d-40d6-b869-cc9c9fde2273 admin admin] Added segment b8e9bf84-3b5f-4f7f-b249-319f4aa0a34e of type geneve for network 6d8ea99a-a036-410d-907e-5ac1808b290c
Jun 19 21:39:55.525271 np0000182321 devstack@neutron-api.service[102982]: DEBUG neutron_lib.callbacks.manager [None req-5d36a00c-b82d-40d6-b869-cc9c9fde2273 admin admin] Publish callbacks ['neutron.services.auto_allocate.db._ensure_external_network_default_value_callback-8203924109476'] for network (6d8ea99a-a036-410d-907e-5ac1808b290c), precommit_create {{(pid=102982) _notify_loop /opt/stack/data/venv/lib/python3.12/site-packages/neutron_lib/callbacks/manager.py:184}}
Jun 19 21:39:55.539230 np0000182321 devstack@neutron-api.service[102982]: DEBUG neutron.plugins.ml2.drivers.ovn.mech_driver.mech_driver [None req-5d36a00c-b82d-40d6-b869-cc9c9fde2273 admin admin] Validating network segment with type geneve, segmentation ID 40850, physical network None {{(pid=102982) _validate_network_segments /opt/stack/neutron/neutron/plugins/ml2/drivers/ovn/mech_driver/mech_driver.py:646}}
Jun 19 21:39:55.539386 np0000182321 devstack@neutron-api.service[102982]: DEBUG neutron.db.ovn_revision_numbers_db [None req-5d36a00c-b82d-40d6-b869-cc9c9fde2273 admin admin] create_initial_revision uuid=6d8ea99a-a036-410d-907e-5ac1808b290c, type=networks, rev=-1 {{(pid=102982) create_initial_revision /opt/stack/neutron/neutron/db/ovn_revision_numbers_db.py:98}}
Jun 19 21:39:55.551301 np0000182321 devstack@neutron-api.service[102982]: DEBUG neutron_lib.callbacks.manager [None req-5d36a00c-b82d-40d6-b869-cc9c9fde2273 admin admin] Publish callbacks ['neutron.plugins.ml2.ovo_rpc._ObjectChangeHandler.handle_event-1071805711'] for network (6d8ea99a-a036-410d-907e-5ac1808b290c), after_create {{(pid=102982) _notify_loop /opt/stack/data/venv/lib/python3.12/site-packages/neutron_lib/callbacks/manager.py:184}}
Jun 19 21:39:55.569038 np0000182321 devstack@neutron-api.service[102982]: DEBUG neutron.api.rpc.handlers.resources_rpc [None req-5d36a00c-b82d-40d6-b869-cc9c9fde2273 admin admin] Pushing event updated for resources: {'Network': ['ID=6d8ea99a-a036-410d-907e-5ac1808b290c,revision_number=1']} {{(pid=102982) push /opt/stack/neutron/neutron/api/rpc/handlers/resources_rpc.py:237}}
