Jun 19 21:36:17.848259 np0000182321 systemd[1]: Starting devstack@n-api-meta.service - Devstack devstack@n-api-meta.service...
Jun 19 21:36:17.853622 np0000182321 devstack@n-api-meta.service[108188]: [uWSGI] getting INI configuration from /etc/nova/nova-metadata-uwsgi.ini
Jun 19 21:36:17.856286 np0000182321 devstack@n-api-meta.service[108188]: *** Starting uWSGI 2.0.24-debian (64bit) on [Fri Jun 19 21:36:17 2026] ***
Jun 19 21:36:17.856286 np0000182321 devstack@n-api-meta.service[108188]: compiled with version: 13.2.0 on 17 April 2024 16:23:48
Jun 19 21:36:17.856286 np0000182321 devstack@n-api-meta.service[108188]: os: Linux-6.8.0-124-generic #124-Ubuntu SMP PREEMPT_DYNAMIC Tue May 26 13:00:45 UTC 2026
Jun 19 21:36:17.856286 np0000182321 devstack@n-api-meta.service[108188]: nodename: np0000182321
Jun 19 21:36:17.856286 np0000182321 devstack@n-api-meta.service[108188]: machine: x86_64
Jun 19 21:36:17.856286 np0000182321 devstack@n-api-meta.service[108188]: clock source: unix
Jun 19 21:36:17.856286 np0000182321 devstack@n-api-meta.service[108188]: pcre jit disabled
Jun 19 21:36:17.856286 np0000182321 devstack@n-api-meta.service[108188]: detected number of CPU cores: 16
Jun 19 21:36:17.856286 np0000182321 devstack@n-api-meta.service[108188]: current working directory: /
Jun 19 21:36:17.856286 np0000182321 devstack@n-api-meta.service[108188]: detected binary path: /usr/bin/uwsgi-core
Jun 19 21:36:17.856286 np0000182321 devstack@n-api-meta.service[108188]: your processes number limit is 256917
Jun 19 21:36:17.856286 np0000182321 devstack@n-api-meta.service[108188]: your memory page size is 4096 bytes
Jun 19 21:36:17.856286 np0000182321 devstack@n-api-meta.service[108188]: detected max file descriptor number: 2048
Jun 19 21:36:17.856286 np0000182321 devstack@n-api-meta.service[108188]: lock engine: pthread robust mutexes
Jun 19 21:36:17.857286 np0000182321 devstack@n-api-meta.service[108188]: thunder lock: enabled
Jun 19 21:36:17.857286 np0000182321 devstack@n-api-meta.service[108188]: uWSGI http bound on 0.0.0.0:8775 fd 5
Jun 19 21:36:17.857286 np0000182321 devstack@n-api-meta.service[108188]: uwsgi socket 0 bound to TCP address 127.0.0.1:46257 (port auto-assigned) fd 4
Jun 19 21:36:17.857286 np0000182321 devstack@n-api-meta.service[108188]: Python version: 3.12.3 (main, Mar 23 2026, 19:04:32) [GCC 13.3.0]
Jun 19 21:36:17.857286 np0000182321 devstack@n-api-meta.service[108188]: PEP 405 virtualenv detected: /opt/stack/data/venv
Jun 19 21:36:17.857286 np0000182321 devstack@n-api-meta.service[108188]: Set PythonHome to /opt/stack/data/venv
Jun 19 21:36:17.893586 np0000182321 devstack@n-api-meta.service[108188]: Python main interpreter initialized at 0x7ea2882a3668
Jun 19 21:36:17.893586 np0000182321 devstack@n-api-meta.service[108188]: python threads support enabled
Jun 19 21:36:17.893586 np0000182321 devstack@n-api-meta.service[108188]: your server socket listen backlog is limited to 100 connections
Jun 19 21:36:17.893586 np0000182321 devstack@n-api-meta.service[108188]: your mercy for graceful operations on workers is 80 seconds
Jun 19 21:36:17.894135 np0000182321 devstack@n-api-meta.service[108188]: mapped 671795 bytes (656 KB) for 4 cores
Jun 19 21:36:17.894317 np0000182321 devstack@n-api-meta.service[108188]: *** Operational MODE: preforking ***
Jun 19 21:36:17.894461 np0000182321 devstack@n-api-meta.service[108188]: *** uWSGI is running in multiple interpreter mode ***
Jun 19 21:36:17.894461 np0000182321 devstack@n-api-meta.service[108188]: spawned uWSGI master process (pid: 108188)
Jun 19 21:36:17.894612 np0000182321 systemd[1]: Started devstack@n-api-meta.service - Devstack devstack@n-api-meta.service.
Jun 19 21:36:17.895186 np0000182321 devstack@n-api-meta.service[108188]: spawned uWSGI worker 1 (pid: 108189, cores: 1)
Jun 19 21:36:17.895788 np0000182321 devstack@n-api-meta.service[108188]: spawned uWSGI worker 2 (pid: 108190, cores: 1)
Jun 19 21:36:17.896294 np0000182321 devstack@n-api-meta.service[108188]: spawned uWSGI worker 3 (pid: 108191, cores: 1)
Jun 19 21:36:17.896788 np0000182321 devstack@n-api-meta.service[108188]: spawned uWSGI worker 4 (pid: 108192, cores: 1)
Jun 19 21:36:17.897587 np0000182321 devstack@n-api-meta.service[108188]: spawned uWSGI http 1 (pid: 108193)
Jun 19 21:36:17.897587 np0000182321 devstack@n-api-meta.service[108188]: running "unix_signal:15 gracefully_kill_them_all" (master-start)...
Jun 19 21:36:19.545252 np0000182321 devstack@n-api-meta.service[108189]: INFO dbcounter [None req-a03a73d4-da96-4619-aa8c-1f36a3debe68 None None] Registered counter for database nova_api
Jun 19 21:36:19.574885 np0000182321 devstack@n-api-meta.service[108191]: INFO dbcounter [None req-142587b5-e3a9-4dab-967e-0ef8edd06c05 None None] Registered counter for database nova_api
Jun 19 21:36:19.590745 np0000182321 devstack@n-api-meta.service[108189]: DEBUG oslo_db.sqlalchemy.engines [None req-a03a73d4-da96-4619-aa8c-1f36a3debe68 None None] MySQL server mode set to STRICT_TRANS_TABLES,STRICT_ALL_TABLES,NO_ZERO_IN_DATE,NO_ZERO_DATE,ERROR_FOR_DIVISION_BY_ZERO,TRADITIONAL,NO_ENGINE_SUBSTITUTION {{(pid=108189) _check_effective_sql_mode /opt/stack/data/venv/lib/python3.12/site-packages/oslo_db/sqlalchemy/engines.py:325}}
Jun 19 21:36:19.619462 np0000182321 devstack@n-api-meta.service[108189]: DEBUG dbcounter [-] [108189] Writer thread running {{(pid=108189) stat_writer /opt/stack/data/venv/lib/python3.12/site-packages/dbcounter.py:102}}
Jun 19 21:36:19.621646 np0000182321 devstack@n-api-meta.service[108191]: DEBUG oslo_db.sqlalchemy.engines [None req-142587b5-e3a9-4dab-967e-0ef8edd06c05 None None] MySQL server mode set to STRICT_TRANS_TABLES,STRICT_ALL_TABLES,NO_ZERO_IN_DATE,NO_ZERO_DATE,ERROR_FOR_DIVISION_BY_ZERO,TRADITIONAL,NO_ENGINE_SUBSTITUTION {{(pid=108191) _check_effective_sql_mode /opt/stack/data/venv/lib/python3.12/site-packages/oslo_db/sqlalchemy/engines.py:325}}
Jun 19 21:36:19.621746 np0000182321 devstack@n-api-meta.service[108189]: DEBUG nova.context [None req-a03a73d4-da96-4619-aa8c-1f36a3debe68 None None] Found 2 cells: 00000000-0000-0000-0000-000000000000(cell0),c81c96aa-289a-4e04-8407-9d4429066d93(cell1) {{(pid=108189) load_cells /opt/stack/nova/nova/context.py:509}}
Jun 19 21:36:19.622001 np0000182321 devstack@n-api-meta.service[108189]: INFO nova.utils [None req-a03a73d4-da96-4619-aa8c-1f36a3debe68 None None] The cell worker thread pool MainProcess.cell_worker is initialized
Jun 19 21:36:19.623749 np0000182321 devstack@n-api-meta.service[108189]: DEBUG oslo_concurrency.lockutils [None req-a03a73d4-da96-4619-aa8c-1f36a3debe68 None None] Acquiring lock "00000000-0000-0000-0000-000000000000" by "nova.context.set_target_cell..get_or_set_cached_cell_and_set_connections" {{(pid=108189) inner /opt/stack/data/venv/lib/python3.12/site-packages/oslo_concurrency/lockutils.py:511}}
Jun 19 21:36:19.623896 np0000182321 devstack@n-api-meta.service[108189]: DEBUG oslo_concurrency.lockutils [None req-a03a73d4-da96-4619-aa8c-1f36a3debe68 None None] Lock "00000000-0000-0000-0000-000000000000" acquired by "nova.context.set_target_cell..get_or_set_cached_cell_and_set_connections" :: waited 0.000s {{(pid=108189) inner /opt/stack/data/venv/lib/python3.12/site-packages/oslo_concurrency/lockutils.py:524}}
Jun 19 21:36:19.624272 np0000182321 devstack@n-api-meta.service[108189]: DEBUG oslo_concurrency.lockutils [None req-a03a73d4-da96-4619-aa8c-1f36a3debe68 None None] Lock "00000000-0000-0000-0000-000000000000" "released" by "nova.context.set_target_cell..get_or_set_cached_cell_and_set_connections" :: held 0.000s {{(pid=108189) inner /opt/stack/data/venv/lib/python3.12/site-packages/oslo_concurrency/lockutils.py:543}}
Jun 19 21:36:19.624976 np0000182321 devstack@n-api-meta.service[108189]: DEBUG oslo_concurrency.lockutils [None req-a03a73d4-da96-4619-aa8c-1f36a3debe68 None None] Acquiring lock "c81c96aa-289a-4e04-8407-9d4429066d93" by "nova.context.set_target_cell..get_or_set_cached_cell_and_set_connections" {{(pid=108189) inner /opt/stack/data/venv/lib/python3.12/site-packages/oslo_concurrency/lockutils.py:511}}
Jun 19 21:36:19.625122 np0000182321 devstack@n-api-meta.service[108189]: DEBUG oslo_concurrency.lockutils [None req-a03a73d4-da96-4619-aa8c-1f36a3debe68 None None] Lock "c81c96aa-289a-4e04-8407-9d4429066d93" acquired by "nova.context.set_target_cell..get_or_set_cached_cell_and_set_connections" :: waited 0.000s {{(pid=108189) inner /opt/stack/data/venv/lib/python3.12/site-packages/oslo_concurrency/lockutils.py:524}}
Jun 19 21:36:19.625945 np0000182321 devstack@n-api-meta.service[108189]: DEBUG oslo_concurrency.lockutils [None req-a03a73d4-da96-4619-aa8c-1f36a3debe68 None None] Lock "c81c96aa-289a-4e04-8407-9d4429066d93" "released" by "nova.context.set_target_cell..get_or_set_cached_cell_and_set_connections" :: held 0.001s {{(pid=108189) inner /opt/stack/data/venv/lib/python3.12/site-packages/oslo_concurrency/lockutils.py:543}}
Jun 19 21:36:19.628896 np0000182321 devstack@n-api-meta.service[108189]: INFO dbcounter [None req-a03a73d4-da96-4619-aa8c-1f36a3debe68 None None] Registered counter for database nova_cell0
Jun 19 21:36:19.635012 np0000182321 devstack@n-api-meta.service[108189]: INFO dbcounter [None req-a03a73d4-da96-4619-aa8c-1f36a3debe68 None None] Registered counter for database nova_cell1
Jun 19 21:36:19.636553 np0000182321 devstack@n-api-meta.service[108192]: INFO dbcounter [None req-4ad9d8b0-326a-4987-ae88-1bf66a3c3f7f None None] Registered counter for database nova_api
Jun 19 21:36:19.655153 np0000182321 devstack@n-api-meta.service[108191]: DEBUG dbcounter [-] [108191] Writer thread running {{(pid=108191) stat_writer /opt/stack/data/venv/lib/python3.12/site-packages/dbcounter.py:102}}
Jun 19 21:36:19.657302 np0000182321 devstack@n-api-meta.service[108191]: DEBUG nova.context [None req-142587b5-e3a9-4dab-967e-0ef8edd06c05 None None] Found 2 cells: 00000000-0000-0000-0000-000000000000(cell0),c81c96aa-289a-4e04-8407-9d4429066d93(cell1) {{(pid=108191) load_cells /opt/stack/nova/nova/context.py:509}}
Jun 19 21:36:19.657519 np0000182321 devstack@n-api-meta.service[108191]: INFO nova.utils [None req-142587b5-e3a9-4dab-967e-0ef8edd06c05 None None] The cell worker thread pool MainProcess.cell_worker is initialized
Jun 19 21:36:19.659268 np0000182321 devstack@n-api-meta.service[108191]: DEBUG oslo_concurrency.lockutils [None req-142587b5-e3a9-4dab-967e-0ef8edd06c05 None None] Acquiring lock "00000000-0000-0000-0000-000000000000" by "nova.context.set_target_cell..get_or_set_cached_cell_and_set_connections" {{(pid=108191) inner /opt/stack/data/venv/lib/python3.12/site-packages/oslo_concurrency/lockutils.py:511}}
Jun 19 21:36:19.659436 np0000182321 devstack@n-api-meta.service[108191]: DEBUG oslo_concurrency.lockutils [None req-142587b5-e3a9-4dab-967e-0ef8edd06c05 None None] Lock "00000000-0000-0000-0000-000000000000" acquired by "nova.context.set_target_cell..get_or_set_cached_cell_and_set_connections" :: waited 0.000s {{(pid=108191) inner /opt/stack/data/venv/lib/python3.12/site-packages/oslo_concurrency/lockutils.py:524}}
Jun 19 21:36:19.659812 np0000182321 devstack@n-api-meta.service[108191]: DEBUG oslo_concurrency.lockutils [None req-142587b5-e3a9-4dab-967e-0ef8edd06c05 None None] Lock "00000000-0000-0000-0000-000000000000" "released" by "nova.context.set_target_cell..get_or_set_cached_cell_and_set_connections" :: held 0.000s {{(pid=108191) inner /opt/stack/data/venv/lib/python3.12/site-packages/oslo_concurrency/lockutils.py:543}}
Jun 19 21:36:19.660501 np0000182321 devstack@n-api-meta.service[108191]: DEBUG oslo_concurrency.lockutils [None req-142587b5-e3a9-4dab-967e-0ef8edd06c05 None None] Acquiring lock "c81c96aa-289a-4e04-8407-9d4429066d93" by "nova.context.set_target_cell..get_or_set_cached_cell_and_set_connections" {{(pid=108191) inner /opt/stack/data/venv/lib/python3.12/site-packages/oslo_concurrency/lockutils.py:511}}
Jun 19 21:36:19.660617 np0000182321 devstack@n-api-meta.service[108191]: DEBUG oslo_concurrency.lockutils [None req-142587b5-e3a9-4dab-967e-0ef8edd06c05 None None] Lock "c81c96aa-289a-4e04-8407-9d4429066d93" acquired by "nova.context.set_target_cell..get_or_set_cached_cell_and_set_connections" :: waited 0.000s {{(pid=108191) inner /opt/stack/data/venv/lib/python3.12/site-packages/oslo_concurrency/lockutils.py:524}}
Jun 19 21:36:19.661520 np0000182321 devstack@n-api-meta.service[108191]: DEBUG oslo_concurrency.lockutils [None req-142587b5-e3a9-4dab-967e-0ef8edd06c05 None None] Lock "c81c96aa-289a-4e04-8407-9d4429066d93" "released" by "nova.context.set_target_cell..get_or_set_cached_cell_and_set_connections" :: held 0.001s {{(pid=108191) inner /opt/stack/data/venv/lib/python3.12/site-packages/oslo_concurrency/lockutils.py:543}}
Jun 19 21:36:19.664659 np0000182321 devstack@n-api-meta.service[108191]: INFO dbcounter [None req-142587b5-e3a9-4dab-967e-0ef8edd06c05 None None] Registered counter for database nova_cell0
Jun 19 21:36:19.669907 np0000182321 devstack@n-api-meta.service[108191]: INFO dbcounter [None req-142587b5-e3a9-4dab-967e-0ef8edd06c05 None None] Registered counter for database nova_cell1
Jun 19 21:36:19.670561 np0000182321 devstack@n-api-meta.service[108190]: INFO dbcounter [None req-89f12095-077a-49e4-90a0-132c412817b9 None None] Registered counter for database nova_api
Jun 19 21:36:19.684817 np0000182321 devstack@n-api-meta.service[108192]: DEBUG oslo_db.sqlalchemy.engines [None req-4ad9d8b0-326a-4987-ae88-1bf66a3c3f7f None None] MySQL server mode set to STRICT_TRANS_TABLES,STRICT_ALL_TABLES,NO_ZERO_IN_DATE,NO_ZERO_DATE,ERROR_FOR_DIVISION_BY_ZERO,TRADITIONAL,NO_ENGINE_SUBSTITUTION {{(pid=108192) _check_effective_sql_mode /opt/stack/data/venv/lib/python3.12/site-packages/oslo_db/sqlalchemy/engines.py:325}}
Jun 19 21:36:19.690556 np0000182321 devstack@n-api-meta.service[108189]: DEBUG oslo_db.sqlalchemy.engines [None req-a03a73d4-da96-4619-aa8c-1f36a3debe68 None None] MySQL server mode set to STRICT_TRANS_TABLES,STRICT_ALL_TABLES,NO_ZERO_IN_DATE,NO_ZERO_DATE,ERROR_FOR_DIVISION_BY_ZERO,TRADITIONAL,NO_ENGINE_SUBSTITUTION {{(pid=108189) _check_effective_sql_mode /opt/stack/data/venv/lib/python3.12/site-packages/oslo_db/sqlalchemy/engines.py:325}}
Jun 19 21:36:19.709863 np0000182321 devstack@n-api-meta.service[108189]: DEBUG oslo_db.sqlalchemy.engines [None req-a03a73d4-da96-4619-aa8c-1f36a3debe68 None None] MySQL server mode set to STRICT_TRANS_TABLES,STRICT_ALL_TABLES,NO_ZERO_IN_DATE,NO_ZERO_DATE,ERROR_FOR_DIVISION_BY_ZERO,TRADITIONAL,NO_ENGINE_SUBSTITUTION {{(pid=108189) _check_effective_sql_mode /opt/stack/data/venv/lib/python3.12/site-packages/oslo_db/sqlalchemy/engines.py:325}}
Jun 19 21:36:19.712661 np0000182321 devstack@n-api-meta.service[108192]: DEBUG dbcounter [-] [108192] Writer thread running {{(pid=108192) stat_writer /opt/stack/data/venv/lib/python3.12/site-packages/dbcounter.py:102}}
Jun 19 21:36:19.714543 np0000182321 devstack@n-api-meta.service[108190]: DEBUG oslo_db.sqlalchemy.engines [None req-89f12095-077a-49e4-90a0-132c412817b9 None None] MySQL server mode set to STRICT_TRANS_TABLES,STRICT_ALL_TABLES,NO_ZERO_IN_DATE,NO_ZERO_DATE,ERROR_FOR_DIVISION_BY_ZERO,TRADITIONAL,NO_ENGINE_SUBSTITUTION {{(pid=108190) _check_effective_sql_mode /opt/stack/data/venv/lib/python3.12/site-packages/oslo_db/sqlalchemy/engines.py:325}}
Jun 19 21:36:19.714738 np0000182321 devstack@n-api-meta.service[108192]: DEBUG nova.context [None req-4ad9d8b0-326a-4987-ae88-1bf66a3c3f7f None None] Found 2 cells: 00000000-0000-0000-0000-000000000000(cell0),c81c96aa-289a-4e04-8407-9d4429066d93(cell1) {{(pid=108192) load_cells /opt/stack/nova/nova/context.py:509}}
Jun 19 21:36:19.715016 np0000182321 devstack@n-api-meta.service[108192]: INFO nova.utils [None req-4ad9d8b0-326a-4987-ae88-1bf66a3c3f7f None None] The cell worker thread pool MainProcess.cell_worker is initialized
Jun 19 21:36:19.716788 np0000182321 devstack@n-api-meta.service[108192]: DEBUG oslo_concurrency.lockutils [None req-4ad9d8b0-326a-4987-ae88-1bf66a3c3f7f None None] Acquiring lock "00000000-0000-0000-0000-000000000000" by "nova.context.set_target_cell..get_or_set_cached_cell_and_set_connections" {{(pid=108192) inner /opt/stack/data/venv/lib/python3.12/site-packages/oslo_concurrency/lockutils.py:511}}
Jun 19 21:36:19.716960 np0000182321 devstack@n-api-meta.service[108192]: DEBUG oslo_concurrency.lockutils [None req-4ad9d8b0-326a-4987-ae88-1bf66a3c3f7f None None] Lock "00000000-0000-0000-0000-000000000000" acquired by "nova.context.set_target_cell..get_or_set_cached_cell_and_set_connections" :: waited 0.000s {{(pid=108192) inner /opt/stack/data/venv/lib/python3.12/site-packages/oslo_concurrency/lockutils.py:524}}
Jun 19 21:36:19.717310 np0000182321 devstack@n-api-meta.service[108192]: DEBUG oslo_concurrency.lockutils [None req-4ad9d8b0-326a-4987-ae88-1bf66a3c3f7f None None] Lock "00000000-0000-0000-0000-000000000000" "released" by "nova.context.set_target_cell..get_or_set_cached_cell_and_set_connections" :: held 0.000s {{(pid=108192) inner /opt/stack/data/venv/lib/python3.12/site-packages/oslo_concurrency/lockutils.py:543}}
Jun 19 21:36:19.717853 np0000182321 devstack@n-api-meta.service[108192]: DEBUG oslo_concurrency.lockutils [None req-4ad9d8b0-326a-4987-ae88-1bf66a3c3f7f None None] Acquiring lock "c81c96aa-289a-4e04-8407-9d4429066d93" by "nova.context.set_target_cell..get_or_set_cached_cell_and_set_connections" {{(pid=108192) inner /opt/stack/data/venv/lib/python3.12/site-packages/oslo_concurrency/lockutils.py:511}}
Jun 19 21:36:19.719497 np0000182321 devstack@n-api-meta.service[108192]: INFO dbcounter [None req-4ad9d8b0-326a-4987-ae88-1bf66a3c3f7f None None] Registered counter for database nova_cell0
Jun 19 21:36:19.720626 np0000182321 devstack@n-api-meta.service[108192]: DEBUG oslo_concurrency.lockutils [None req-4ad9d8b0-326a-4987-ae88-1bf66a3c3f7f None None] Lock "c81c96aa-289a-4e04-8407-9d4429066d93" acquired by "nova.context.set_target_cell..get_or_set_cached_cell_and_set_connections" :: waited 0.001s {{(pid=108192) inner /opt/stack/data/venv/lib/python3.12/site-packages/oslo_concurrency/lockutils.py:524}}
Jun 19 21:36:19.721769 np0000182321 devstack@n-api-meta.service[108192]: DEBUG oslo_concurrency.lockutils [None req-4ad9d8b0-326a-4987-ae88-1bf66a3c3f7f None None] Lock "c81c96aa-289a-4e04-8407-9d4429066d93" "released" by "nova.context.set_target_cell..get_or_set_cached_cell_and_set_connections" :: held 0.002s {{(pid=108192) inner /opt/stack/data/venv/lib/python3.12/site-packages/oslo_concurrency/lockutils.py:543}}
Jun 19 21:36:19.725018 np0000182321 devstack@n-api-meta.service[108192]: INFO dbcounter [None req-4ad9d8b0-326a-4987-ae88-1bf66a3c3f7f None None] Registered counter for database nova_cell1
Jun 19 21:36:19.737360 np0000182321 devstack@n-api-meta.service[108191]: DEBUG oslo_db.sqlalchemy.engines [None req-142587b5-e3a9-4dab-967e-0ef8edd06c05 None None] MySQL server mode set to STRICT_TRANS_TABLES,STRICT_ALL_TABLES,NO_ZERO_IN_DATE,NO_ZERO_DATE,ERROR_FOR_DIVISION_BY_ZERO,TRADITIONAL,NO_ENGINE_SUBSTITUTION {{(pid=108191) _check_effective_sql_mode /opt/stack/data/venv/lib/python3.12/site-packages/oslo_db/sqlalchemy/engines.py:325}}
Jun 19 21:36:19.750399 np0000182321 devstack@n-api-meta.service[108190]: DEBUG dbcounter [-] [108190] Writer thread running {{(pid=108190) stat_writer /opt/stack/data/venv/lib/python3.12/site-packages/dbcounter.py:102}}
Jun 19 21:36:19.756529 np0000182321 devstack@n-api-meta.service[108191]: DEBUG oslo_db.sqlalchemy.engines [None req-142587b5-e3a9-4dab-967e-0ef8edd06c05 None None] MySQL server mode set to STRICT_TRANS_TABLES,STRICT_ALL_TABLES,NO_ZERO_IN_DATE,NO_ZERO_DATE,ERROR_FOR_DIVISION_BY_ZERO,TRADITIONAL,NO_ENGINE_SUBSTITUTION {{(pid=108191) _check_effective_sql_mode /opt/stack/data/venv/lib/python3.12/site-packages/oslo_db/sqlalchemy/engines.py:325}}
Jun 19 21:36:19.760111 np0000182321 devstack@n-api-meta.service[108190]: DEBUG nova.context [None req-89f12095-077a-49e4-90a0-132c412817b9 None None] Found 2 cells: 00000000-0000-0000-0000-000000000000(cell0),c81c96aa-289a-4e04-8407-9d4429066d93(cell1) {{(pid=108190) load_cells /opt/stack/nova/nova/context.py:509}}
Jun 19 21:36:19.760345 np0000182321 devstack@n-api-meta.service[108190]: INFO nova.utils [None req-89f12095-077a-49e4-90a0-132c412817b9 None None] The cell worker thread pool MainProcess.cell_worker is initialized
Jun 19 21:36:19.762179 np0000182321 devstack@n-api-meta.service[108190]: DEBUG oslo_concurrency.lockutils [None req-89f12095-077a-49e4-90a0-132c412817b9 None None] Acquiring lock "00000000-0000-0000-0000-000000000000" by "nova.context.set_target_cell..get_or_set_cached_cell_and_set_connections" {{(pid=108190) inner /opt/stack/data/venv/lib/python3.12/site-packages/oslo_concurrency/lockutils.py:511}}
Jun 19 21:36:19.762345 np0000182321 devstack@n-api-meta.service[108190]: DEBUG oslo_concurrency.lockutils [None req-89f12095-077a-49e4-90a0-132c412817b9 None None] Lock "00000000-0000-0000-0000-000000000000" acquired by "nova.context.set_target_cell..get_or_set_cached_cell_and_set_connections" :: waited 0.000s {{(pid=108190) inner /opt/stack/data/venv/lib/python3.12/site-packages/oslo_concurrency/lockutils.py:524}}
Jun 19 21:36:19.762705 np0000182321 devstack@n-api-meta.service[108190]: DEBUG oslo_concurrency.lockutils [None req-89f12095-077a-49e4-90a0-132c412817b9 None None] Lock "00000000-0000-0000-0000-000000000000" "released" by "nova.context.set_target_cell..get_or_set_cached_cell_and_set_connections" :: held 0.000s {{(pid=108190) inner /opt/stack/data/venv/lib/python3.12/site-packages/oslo_concurrency/lockutils.py:543}}
Jun 19 21:36:19.763419 np0000182321 devstack@n-api-meta.service[108190]: DEBUG oslo_concurrency.lockutils [None req-89f12095-077a-49e4-90a0-132c412817b9 None None] Acquiring lock "c81c96aa-289a-4e04-8407-9d4429066d93" by "nova.context.set_target_cell..get_or_set_cached_cell_and_set_connections" {{(pid=108190) inner /opt/stack/data/venv/lib/python3.12/site-packages/oslo_concurrency/lockutils.py:511}}
Jun 19 21:36:19.763566 np0000182321 devstack@n-api-meta.service[108190]: DEBUG oslo_concurrency.lockutils [None req-89f12095-077a-49e4-90a0-132c412817b9 None None] Lock "c81c96aa-289a-4e04-8407-9d4429066d93" acquired by "nova.context.set_target_cell..get_or_set_cached_cell_and_set_connections" :: waited 0.000s {{(pid=108190) inner /opt/stack/data/venv/lib/python3.12/site-packages/oslo_concurrency/lockutils.py:524}}
Jun 19 21:36:19.764392 np0000182321 devstack@n-api-meta.service[108190]: DEBUG oslo_concurrency.lockutils [None req-89f12095-077a-49e4-90a0-132c412817b9 None None] Lock "c81c96aa-289a-4e04-8407-9d4429066d93" "released" by "nova.context.set_target_cell..get_or_set_cached_cell_and_set_connections" :: held 0.001s {{(pid=108190) inner /opt/stack/data/venv/lib/python3.12/site-packages/oslo_concurrency/lockutils.py:543}}
Jun 19 21:36:19.767818 np0000182321 devstack@n-api-meta.service[108190]: INFO dbcounter [None req-89f12095-077a-49e4-90a0-132c412817b9 None None] Registered counter for database nova_cell0
Jun 19 21:36:19.769321 np0000182321 devstack@n-api-meta.service[108192]: DEBUG oslo_db.sqlalchemy.engines [None req-4ad9d8b0-326a-4987-ae88-1bf66a3c3f7f None None] MySQL server mode set to STRICT_TRANS_TABLES,STRICT_ALL_TABLES,NO_ZERO_IN_DATE,NO_ZERO_DATE,ERROR_FOR_DIVISION_BY_ZERO,TRADITIONAL,NO_ENGINE_SUBSTITUTION {{(pid=108192) _check_effective_sql_mode /opt/stack/data/venv/lib/python3.12/site-packages/oslo_db/sqlalchemy/engines.py:325}}
Jun 19 21:36:19.772669 np0000182321 devstack@n-api-meta.service[108190]: INFO dbcounter [None req-89f12095-077a-49e4-90a0-132c412817b9 None None] Registered counter for database nova_cell1
Jun 19 21:36:19.783071 np0000182321 devstack@n-api-meta.service[108189]: DEBUG dbcounter [-] [108189] Writer thread running {{(pid=108189) stat_writer /opt/stack/data/venv/lib/python3.12/site-packages/dbcounter.py:102}}
Jun 19 21:36:19.790973 np0000182321 devstack@n-api-meta.service[108189]: DEBUG dbcounter [-] [108189] Writer thread running {{(pid=108189) stat_writer /opt/stack/data/venv/lib/python3.12/site-packages/dbcounter.py:102}}
Jun 19 21:36:19.795982 np0000182321 devstack@n-api-meta.service[108189]: INFO dbcounter [None req-a03a73d4-da96-4619-aa8c-1f36a3debe68 None None] Registered counter for database nova_cell0
Jun 19 21:36:19.820907 np0000182321 devstack@n-api-meta.service[108192]: DEBUG oslo_db.sqlalchemy.engines [None req-4ad9d8b0-326a-4987-ae88-1bf66a3c3f7f None None] MySQL server mode set to STRICT_TRANS_TABLES,STRICT_ALL_TABLES,NO_ZERO_IN_DATE,NO_ZERO_DATE,ERROR_FOR_DIVISION_BY_ZERO,TRADITIONAL,NO_ENGINE_SUBSTITUTION {{(pid=108192) _check_effective_sql_mode /opt/stack/data/venv/lib/python3.12/site-packages/oslo_db/sqlalchemy/engines.py:325}}
Jun 19 21:36:19.833081 np0000182321 devstack@n-api-meta.service[108191]: DEBUG dbcounter [-] [108191] Writer thread running {{(pid=108191) stat_writer /opt/stack/data/venv/lib/python3.12/site-packages/dbcounter.py:102}}
Jun 19 21:36:19.837480 np0000182321 devstack@n-api-meta.service[108189]: DEBUG oslo_db.sqlalchemy.engines [None req-a03a73d4-da96-4619-aa8c-1f36a3debe68 None None] MySQL server mode set to STRICT_TRANS_TABLES,STRICT_ALL_TABLES,NO_ZERO_IN_DATE,NO_ZERO_DATE,ERROR_FOR_DIVISION_BY_ZERO,TRADITIONAL,NO_ENGINE_SUBSTITUTION {{(pid=108189) _check_effective_sql_mode /opt/stack/data/venv/lib/python3.12/site-packages/oslo_db/sqlalchemy/engines.py:325}}
Jun 19 21:36:19.840066 np0000182321 devstack@n-api-meta.service[108191]: DEBUG dbcounter [-] [108191] Writer thread running {{(pid=108191) stat_writer /opt/stack/data/venv/lib/python3.12/site-packages/dbcounter.py:102}}
Jun 19 21:36:19.842245 np0000182321 devstack@n-api-meta.service[108190]: DEBUG oslo_db.sqlalchemy.engines [None req-89f12095-077a-49e4-90a0-132c412817b9 None None] MySQL server mode set to STRICT_TRANS_TABLES,STRICT_ALL_TABLES,NO_ZERO_IN_DATE,NO_ZERO_DATE,ERROR_FOR_DIVISION_BY_ZERO,TRADITIONAL,NO_ENGINE_SUBSTITUTION {{(pid=108190) _check_effective_sql_mode /opt/stack/data/venv/lib/python3.12/site-packages/oslo_db/sqlalchemy/engines.py:325}}
Jun 19 21:36:19.843615 np0000182321 devstack@n-api-meta.service[108189]: DEBUG dbcounter [-] [108189] Writer thread running {{(pid=108189) stat_writer /opt/stack/data/venv/lib/python3.12/site-packages/dbcounter.py:102}}
Jun 19 21:36:19.845467 np0000182321 devstack@n-api-meta.service[108191]: INFO dbcounter [None req-142587b5-e3a9-4dab-967e-0ef8edd06c05 None None] Registered counter for database nova_cell0
Jun 19 21:36:19.849393 np0000182321 devstack@n-api-meta.service[108190]: DEBUG oslo_db.sqlalchemy.engines [None req-89f12095-077a-49e4-90a0-132c412817b9 None None] MySQL server mode set to STRICT_TRANS_TABLES,STRICT_ALL_TABLES,NO_ZERO_IN_DATE,NO_ZERO_DATE,ERROR_FOR_DIVISION_BY_ZERO,TRADITIONAL,NO_ENGINE_SUBSTITUTION {{(pid=108190) _check_effective_sql_mode /opt/stack/data/venv/lib/python3.12/site-packages/oslo_db/sqlalchemy/engines.py:325}}
Jun 19 21:36:19.880924 np0000182321 devstack@n-api-meta.service[108189]: WARNING nova.api.metadata.handler [None req-a03a73d4-da96-4619-aa8c-1f36a3debe68 None None] metadata_proxy_shared_secret is not configured, the metadata information returned by the proxy cannot be trusted
Jun 19 21:36:19.883192 np0000182321 devstack@n-api-meta.service[108189]: DEBUG nova.api.openstack.wsgi_app [None req-a03a73d4-da96-4619-aa8c-1f36a3debe68 None None] ******************************************************************************** {{(pid=108189) log_opt_values /opt/stack/data/venv/lib/python3.12/site-packages/oslo_config/cfg.py:3226}}
Jun 19 21:36:19.883293 np0000182321 devstack@n-api-meta.service[108189]: DEBUG nova.api.openstack.wsgi_app [None req-a03a73d4-da96-4619-aa8c-1f36a3debe68 None None] Configuration options gathered from: {{(pid=108189) log_opt_values /opt/stack/data/venv/lib/python3.12/site-packages/oslo_config/cfg.py:3227}}
Jun 19 21:36:19.883353 np0000182321 devstack@n-api-meta.service[108191]: DEBUG oslo_db.sqlalchemy.engines [None req-142587b5-e3a9-4dab-967e-0ef8edd06c05 None None] MySQL server mode set to STRICT_TRANS_TABLES,STRICT_ALL_TABLES,NO_ZERO_IN_DATE,NO_ZERO_DATE,ERROR_FOR_DIVISION_BY_ZERO,TRADITIONAL,NO_ENGINE_SUBSTITUTION {{(pid=108191) _check_effective_sql_mode /opt/stack/data/venv/lib/python3.12/site-packages/oslo_db/sqlalchemy/engines.py:325}}
Jun 19 21:36:19.883415 np0000182321 devstack@n-api-meta.service[108189]: DEBUG nova.api.openstack.wsgi_app [None req-a03a73d4-da96-4619-aa8c-1f36a3debe68 None None] command line args: [] {{(pid=108189) log_opt_values /opt/stack/data/venv/lib/python3.12/site-packages/oslo_config/cfg.py:3228}}
Jun 19 21:36:19.883551 np0000182321 devstack@n-api-meta.service[108189]: DEBUG nova.api.openstack.wsgi_app [None req-a03a73d4-da96-4619-aa8c-1f36a3debe68 None None] config files: ['/etc/nova/api-paste.ini', '/etc/nova/nova.conf'] {{(pid=108189) log_opt_values /opt/stack/data/venv/lib/python3.12/site-packages/oslo_config/cfg.py:3229}}
Jun 19 21:36:19.883641 np0000182321 devstack@n-api-meta.service[108189]: DEBUG nova.api.openstack.wsgi_app [None req-a03a73d4-da96-4619-aa8c-1f36a3debe68 None None] ================================================================================ {{(pid=108189) log_opt_values /opt/stack/data/venv/lib/python3.12/site-packages/oslo_config/cfg.py:3234}}
Jun 19 21:36:19.883834 np0000182321 devstack@n-api-meta.service[108189]: DEBUG nova.api.openstack.wsgi_app [None req-a03a73d4-da96-4619-aa8c-1f36a3debe68 None None] allow_resize_to_same_host = True {{(pid=108189) log_opt_values /opt/stack/data/venv/lib/python3.12/site-packages/oslo_config/cfg.py:3242}}
Jun 19 21:36:19.883986 np0000182321 devstack@n-api-meta.service[108189]: DEBUG nova.api.openstack.wsgi_app [None req-a03a73d4-da96-4619-aa8c-1f36a3debe68 None None] arq_binding_timeout = 300 {{(pid=108189) log_opt_values /opt/stack/data/venv/lib/python3.12/site-packages/oslo_config/cfg.py:3242}}
Jun 19 21:36:19.884105 np0000182321 devstack@n-api-meta.service[108189]: DEBUG nova.api.openstack.wsgi_app [None req-a03a73d4-da96-4619-aa8c-1f36a3debe68 None None] block_device_allocate_retries = 60 {{(pid=108189) log_opt_values /opt/stack/data/venv/lib/python3.12/site-packages/oslo_config/cfg.py:3242}}
Jun 19 21:36:19.884231 np0000182321 devstack@n-api-meta.service[108189]: DEBUG nova.api.openstack.wsgi_app [None req-a03a73d4-da96-4619-aa8c-1f36a3debe68 None None] block_device_allocate_retries_interval = 3 {{(pid=108189) log_opt_values /opt/stack/data/venv/lib/python3.12/site-packages/oslo_config/cfg.py:3242}}
Jun 19 21:36:19.884357 np0000182321 devstack@n-api-meta.service[108189]: DEBUG nova.api.openstack.wsgi_app [None req-a03a73d4-da96-4619-aa8c-1f36a3debe68 None None] cell_worker_thread_pool_size = 5 {{(pid=108189) log_opt_values /opt/stack/data/venv/lib/python3.12/site-packages/oslo_config/cfg.py:3242}}
Jun 19 21:36:19.884490 np0000182321 devstack@n-api-meta.service[108189]: DEBUG nova.api.openstack.wsgi_app [None req-a03a73d4-da96-4619-aa8c-1f36a3debe68 None None] cert = self.pem {{(pid=108189) log_opt_values /opt/stack/data/venv/lib/python3.12/site-packages/oslo_config/cfg.py:3242}}
Jun 19 21:36:19.884622 np0000182321 devstack@n-api-meta.service[108189]: DEBUG nova.api.openstack.wsgi_app [None req-a03a73d4-da96-4619-aa8c-1f36a3debe68 None None] compute_driver = libvirt.LibvirtDriver {{(pid=108189) log_opt_values /opt/stack/data/venv/lib/python3.12/site-packages/oslo_config/cfg.py:3242}}
Jun 19 21:36:19.884776 np0000182321 devstack@n-api-meta.service[108189]: DEBUG nova.api.openstack.wsgi_app [None req-a03a73d4-da96-4619-aa8c-1f36a3debe68 None None] compute_monitors = [] {{(pid=108189) log_opt_values /opt/stack/data/venv/lib/python3.12/site-packages/oslo_config/cfg.py:3242}}
Jun 19 21:36:19.884913 np0000182321 devstack@n-api-meta.service[108189]: DEBUG nova.api.openstack.wsgi_app [None req-a03a73d4-da96-4619-aa8c-1f36a3debe68 None None] config_dir = [] {{(pid=108189) log_opt_values /opt/stack/data/venv/lib/python3.12/site-packages/oslo_config/cfg.py:3242}}
Jun 19 21:36:19.885048 np0000182321 devstack@n-api-meta.service[108189]: DEBUG nova.api.openstack.wsgi_app [None req-a03a73d4-da96-4619-aa8c-1f36a3debe68 None None] config_drive_format = iso9660 {{(pid=108189) log_opt_values /opt/stack/data/venv/lib/python3.12/site-packages/oslo_config/cfg.py:3242}}
Jun 19 21:36:19.885164 np0000182321 devstack@n-api-meta.service[108189]: DEBUG nova.api.openstack.wsgi_app [None req-a03a73d4-da96-4619-aa8c-1f36a3debe68 None None] config_file = ['/etc/nova/api-paste.ini', '/etc/nova/nova.conf'] {{(pid=108189) log_opt_values /opt/stack/data/venv/lib/python3.12/site-packages/oslo_config/cfg.py:3242}}
Jun 19 21:36:19.885277 np0000182321 devstack@n-api-meta.service[108189]: DEBUG nova.api.openstack.wsgi_app [None req-a03a73d4-da96-4619-aa8c-1f36a3debe68 None None] config_source = [] {{(pid=108189) log_opt_values /opt/stack/data/venv/lib/python3.12/site-packages/oslo_config/cfg.py:3242}}
Jun 19 21:36:19.885338 np0000182321 devstack@n-api-meta.service[108192]: DEBUG dbcounter [-] [108192] Writer thread running {{(pid=108192) stat_writer /opt/stack/data/venv/lib/python3.12/site-packages/dbcounter.py:102}}
Jun 19 21:36:19.885394 np0000182321 devstack@n-api-meta.service[108189]: DEBUG nova.api.openstack.wsgi_app [None req-a03a73d4-da96-4619-aa8c-1f36a3debe68 None None] console_host = np0000182321 {{(pid=108189) log_opt_values /opt/stack/data/venv/lib/python3.12/site-packages/oslo_config/cfg.py:3242}}
Jun 19 21:36:19.885575 np0000182321 devstack@n-api-meta.service[108189]: DEBUG nova.api.openstack.wsgi_app [None req-a03a73d4-da96-4619-aa8c-1f36a3debe68 None None] control_exchange = nova {{(pid=108189) log_opt_values /opt/stack/data/venv/lib/python3.12/site-packages/oslo_config/cfg.py:3242}}
Jun 19 21:36:19.885700 np0000182321 devstack@n-api-meta.service[108189]: DEBUG nova.api.openstack.wsgi_app [None req-a03a73d4-da96-4619-aa8c-1f36a3debe68 None None] cpu_allocation_ratio = None {{(pid=108189) log_opt_values /opt/stack/data/venv/lib/python3.12/site-packages/oslo_config/cfg.py:3242}}
Jun 19 21:36:19.886012 np0000182321 devstack@n-api-meta.service[108189]: DEBUG nova.api.openstack.wsgi_app [None req-a03a73d4-da96-4619-aa8c-1f36a3debe68 None None] daemon = False {{(pid=108189) log_opt_values /opt/stack/data/venv/lib/python3.12/site-packages/oslo_config/cfg.py:3242}}
Jun 19 21:36:19.886012 np0000182321 devstack@n-api-meta.service[108189]: DEBUG nova.api.openstack.wsgi_app [None req-a03a73d4-da96-4619-aa8c-1f36a3debe68 None None] debug = True {{(pid=108189) log_opt_values /opt/stack/data/venv/lib/python3.12/site-packages/oslo_config/cfg.py:3242}}
Jun 19 21:36:19.886188 np0000182321 devstack@n-api-meta.service[108189]: DEBUG nova.api.openstack.wsgi_app [None req-a03a73d4-da96-4619-aa8c-1f36a3debe68 None None] default_access_ip_network_name = None {{(pid=108189) log_opt_values /opt/stack/data/venv/lib/python3.12/site-packages/oslo_config/cfg.py:3242}}
Jun 19 21:36:19.886188 np0000182321 devstack@n-api-meta.service[108189]: DEBUG nova.api.openstack.wsgi_app [None req-a03a73d4-da96-4619-aa8c-1f36a3debe68 None None] default_availability_zone = nova {{(pid=108189) log_opt_values /opt/stack/data/venv/lib/python3.12/site-packages/oslo_config/cfg.py:3242}}
Jun 19 21:36:19.886347 np0000182321 devstack@n-api-meta.service[108189]: DEBUG nova.api.openstack.wsgi_app [None req-a03a73d4-da96-4619-aa8c-1f36a3debe68 None None] default_ephemeral_format = ext4 {{(pid=108189) log_opt_values /opt/stack/data/venv/lib/python3.12/site-packages/oslo_config/cfg.py:3242}}
Jun 19 21:36:19.886479 np0000182321 devstack@n-api-meta.service[108189]: DEBUG nova.api.openstack.wsgi_app [None req-a03a73d4-da96-4619-aa8c-1f36a3debe68 None None] default_green_pool_size = 1000 {{(pid=108189) log_opt_values /opt/stack/data/venv/lib/python3.12/site-packages/oslo_config/cfg.py:3242}}
Jun 19 21:36:19.886691 np0000182321 devstack@n-api-meta.service[108189]: DEBUG nova.api.openstack.wsgi_app [None req-a03a73d4-da96-4619-aa8c-1f36a3debe68 None None] default_log_levels = ['amqp=WARN', 'boto=WARN', 'sqlalchemy=WARN', 'suds=INFO', 'oslo.messaging=INFO', 'oslo_messaging=INFO', 'iso8601=WARN', 'requests.packages.urllib3.connectionpool=WARN', 'urllib3.connectionpool=WARN', 'websocket=WARN', 'requests.packages.urllib3.util.retry=WARN', 'urllib3.util.retry=WARN', 'keystonemiddleware=WARN', 'routes.middleware=WARN', 'stevedore=WARN', 'taskflow=WARN', 'keystoneauth=WARN', 'oslo.cache=INFO', 'oslo_policy=INFO', 'dogpile.core.dogpile=INFO', 'glanceclient=WARN', 'oslo.privsep.daemon=INFO'] {{(pid=108189) log_opt_values /opt/stack/data/venv/lib/python3.12/site-packages/oslo_config/cfg.py:3242}}
Jun 19 21:36:19.886895 np0000182321 devstack@n-api-meta.service[108189]: DEBUG nova.api.openstack.wsgi_app [None req-a03a73d4-da96-4619-aa8c-1f36a3debe68 None None] default_schedule_zone = None {{(pid=108189) log_opt_values /opt/stack/data/venv/lib/python3.12/site-packages/oslo_config/cfg.py:3242}}
Jun 19 21:36:19.887006 np0000182321 devstack@n-api-meta.service[108189]: DEBUG nova.api.openstack.wsgi_app [None req-a03a73d4-da96-4619-aa8c-1f36a3debe68 None None] default_thread_pool_size = 10 {{(pid=108189) log_opt_values /opt/stack/data/venv/lib/python3.12/site-packages/oslo_config/cfg.py:3242}}
Jun 19 21:36:19.887127 np0000182321 devstack@n-api-meta.service[108189]: DEBUG nova.api.openstack.wsgi_app [None req-a03a73d4-da96-4619-aa8c-1f36a3debe68 None None] disk_allocation_ratio = None {{(pid=108189) log_opt_values /opt/stack/data/venv/lib/python3.12/site-packages/oslo_config/cfg.py:3242}}
Jun 19 21:36:19.887251 np0000182321 devstack@n-api-meta.service[108189]: DEBUG nova.api.openstack.wsgi_app [None req-a03a73d4-da96-4619-aa8c-1f36a3debe68 None None] enable_new_services = True {{(pid=108189) log_opt_values /opt/stack/data/venv/lib/python3.12/site-packages/oslo_config/cfg.py:3242}}
Jun 19 21:36:19.887486 np0000182321 devstack@n-api-meta.service[108189]: DEBUG nova.api.openstack.wsgi_app [None req-a03a73d4-da96-4619-aa8c-1f36a3debe68 None None] flat_injected = False {{(pid=108189) log_opt_values /opt/stack/data/venv/lib/python3.12/site-packages/oslo_config/cfg.py:3242}}
Jun 19 21:36:19.887486 np0000182321 devstack@n-api-meta.service[108189]: DEBUG nova.api.openstack.wsgi_app [None req-a03a73d4-da96-4619-aa8c-1f36a3debe68 None None] force_config_drive = False {{(pid=108189) log_opt_values /opt/stack/data/venv/lib/python3.12/site-packages/oslo_config/cfg.py:3242}}
Jun 19 21:36:19.887640 np0000182321 devstack@n-api-meta.service[108189]: DEBUG nova.api.openstack.wsgi_app [None req-a03a73d4-da96-4619-aa8c-1f36a3debe68 None None] force_raw_images = True {{(pid=108189) log_opt_values /opt/stack/data/venv/lib/python3.12/site-packages/oslo_config/cfg.py:3242}}
Jun 19 21:36:19.887780 np0000182321 devstack@n-api-meta.service[108189]: DEBUG nova.api.openstack.wsgi_app [None req-a03a73d4-da96-4619-aa8c-1f36a3debe68 None None] graceful_shutdown_timeout = 5 {{(pid=108189) log_opt_values /opt/stack/data/venv/lib/python3.12/site-packages/oslo_config/cfg.py:3242}}
Jun 19 21:36:19.887894 np0000182321 devstack@n-api-meta.service[108189]: DEBUG nova.api.openstack.wsgi_app [None req-a03a73d4-da96-4619-aa8c-1f36a3debe68 None None] heal_instance_info_cache_interval = -1 {{(pid=108189) log_opt_values /opt/stack/data/venv/lib/python3.12/site-packages/oslo_config/cfg.py:3242}}
Jun 19 21:36:19.888065 np0000182321 devstack@n-api-meta.service[108189]: DEBUG nova.api.openstack.wsgi_app [None req-a03a73d4-da96-4619-aa8c-1f36a3debe68 None None] host = np0000182321 {{(pid=108189) log_opt_values /opt/stack/data/venv/lib/python3.12/site-packages/oslo_config/cfg.py:3242}}
Jun 19 21:36:19.888198 np0000182321 devstack@n-api-meta.service[108189]: DEBUG nova.api.openstack.wsgi_app [None req-a03a73d4-da96-4619-aa8c-1f36a3debe68 None None] initial_cpu_allocation_ratio = 4.0 {{(pid=108189) log_opt_values /opt/stack/data/venv/lib/python3.12/site-packages/oslo_config/cfg.py:3242}}
Jun 19 21:36:19.888325 np0000182321 devstack@n-api-meta.service[108189]: DEBUG nova.api.openstack.wsgi_app [None req-a03a73d4-da96-4619-aa8c-1f36a3debe68 None None] initial_disk_allocation_ratio = 1.0 {{(pid=108189) log_opt_values /opt/stack/data/venv/lib/python3.12/site-packages/oslo_config/cfg.py:3242}}
Jun 19 21:36:19.888449 np0000182321 devstack@n-api-meta.service[108189]: DEBUG nova.api.openstack.wsgi_app [None req-a03a73d4-da96-4619-aa8c-1f36a3debe68 None None] initial_ram_allocation_ratio = 1.0 {{(pid=108189) log_opt_values /opt/stack/data/venv/lib/python3.12/site-packages/oslo_config/cfg.py:3242}}
Jun 19 21:36:19.888678 np0000182321 devstack@n-api-meta.service[108189]: DEBUG nova.api.openstack.wsgi_app [None req-a03a73d4-da96-4619-aa8c-1f36a3debe68 None None] injected_network_template = /opt/stack/nova/nova/virt/interfaces.template {{(pid=108189) log_opt_values /opt/stack/data/venv/lib/python3.12/site-packages/oslo_config/cfg.py:3242}}
Jun 19 21:36:19.888790 np0000182321 devstack@n-api-meta.service[108189]: DEBUG nova.api.openstack.wsgi_app [None req-a03a73d4-da96-4619-aa8c-1f36a3debe68 None None] instance_build_timeout = 0 {{(pid=108189) log_opt_values /opt/stack/data/venv/lib/python3.12/site-packages/oslo_config/cfg.py:3242}}
Jun 19 21:36:19.888886 np0000182321 devstack@n-api-meta.service[108189]: DEBUG nova.api.openstack.wsgi_app [None req-a03a73d4-da96-4619-aa8c-1f36a3debe68 None None] instance_delete_interval = 300 {{(pid=108189) log_opt_values /opt/stack/data/venv/lib/python3.12/site-packages/oslo_config/cfg.py:3242}}
Jun 19 21:36:19.889019 np0000182321 devstack@n-api-meta.service[108189]: DEBUG nova.api.openstack.wsgi_app [None req-a03a73d4-da96-4619-aa8c-1f36a3debe68 None None] instance_format = [instance: %(uuid)s] {{(pid=108189) log_opt_values /opt/stack/data/venv/lib/python3.12/site-packages/oslo_config/cfg.py:3242}}
Jun 19 21:36:19.889150 np0000182321 devstack@n-api-meta.service[108189]: DEBUG nova.api.openstack.wsgi_app [None req-a03a73d4-da96-4619-aa8c-1f36a3debe68 None None] instance_name_template = instance-%08x {{(pid=108189) log_opt_values /opt/stack/data/venv/lib/python3.12/site-packages/oslo_config/cfg.py:3242}}
Jun 19 21:36:19.889274 np0000182321 devstack@n-api-meta.service[108189]: DEBUG nova.api.openstack.wsgi_app [None req-a03a73d4-da96-4619-aa8c-1f36a3debe68 None None] instance_usage_audit = False {{(pid=108189) log_opt_values /opt/stack/data/venv/lib/python3.12/site-packages/oslo_config/cfg.py:3242}}
Jun 19 21:36:19.889407 np0000182321 devstack@n-api-meta.service[108189]: DEBUG nova.api.openstack.wsgi_app [None req-a03a73d4-da96-4619-aa8c-1f36a3debe68 None None] instance_usage_audit_period = month {{(pid=108189) log_opt_values /opt/stack/data/venv/lib/python3.12/site-packages/oslo_config/cfg.py:3242}}
Jun 19 21:36:19.889536 np0000182321 devstack@n-api-meta.service[108189]: DEBUG nova.api.openstack.wsgi_app [None req-a03a73d4-da96-4619-aa8c-1f36a3debe68 None None] instance_uuid_format = [instance: %(uuid)s] {{(pid=108189) log_opt_values /opt/stack/data/venv/lib/python3.12/site-packages/oslo_config/cfg.py:3242}}
Jun 19 21:36:19.889740 np0000182321 devstack@n-api-meta.service[108189]: DEBUG nova.api.openstack.wsgi_app [None req-a03a73d4-da96-4619-aa8c-1f36a3debe68 None None] instances_path = /opt/stack/data/nova/instances {{(pid=108189) log_opt_values /opt/stack/data/venv/lib/python3.12/site-packages/oslo_config/cfg.py:3242}}
Jun 19 21:36:19.889890 np0000182321 devstack@n-api-meta.service[108189]: DEBUG nova.api.openstack.wsgi_app [None req-a03a73d4-da96-4619-aa8c-1f36a3debe68 None None] internal_service_availability_zone = internal {{(pid=108189) log_opt_values /opt/stack/data/venv/lib/python3.12/site-packages/oslo_config/cfg.py:3242}}
Jun 19 21:36:19.889957 np0000182321 devstack@n-api-meta.service[108189]: DEBUG nova.api.openstack.wsgi_app [None req-a03a73d4-da96-4619-aa8c-1f36a3debe68 None None] key = None {{(pid=108189) log_opt_values /opt/stack/data/venv/lib/python3.12/site-packages/oslo_config/cfg.py:3242}}
Jun 19 21:36:19.890072 np0000182321 devstack@n-api-meta.service[108189]: DEBUG nova.api.openstack.wsgi_app [None req-a03a73d4-da96-4619-aa8c-1f36a3debe68 None None] live_migration_retry_count = 30 {{(pid=108189) log_opt_values /opt/stack/data/venv/lib/python3.12/site-packages/oslo_config/cfg.py:3242}}
Jun 19 21:36:19.890203 np0000182321 devstack@n-api-meta.service[108189]: DEBUG nova.api.openstack.wsgi_app [None req-a03a73d4-da96-4619-aa8c-1f36a3debe68 None None] log_color = False {{(pid=108189) log_opt_values /opt/stack/data/venv/lib/python3.12/site-packages/oslo_config/cfg.py:3242}}
Jun 19 21:36:19.890331 np0000182321 devstack@n-api-meta.service[108189]: DEBUG nova.api.openstack.wsgi_app [None req-a03a73d4-da96-4619-aa8c-1f36a3debe68 None None] log_config_append = None {{(pid=108189) log_opt_values /opt/stack/data/venv/lib/python3.12/site-packages/oslo_config/cfg.py:3242}}
Jun 19 21:36:19.890463 np0000182321 devstack@n-api-meta.service[108189]: DEBUG nova.api.openstack.wsgi_app [None req-a03a73d4-da96-4619-aa8c-1f36a3debe68 None None] log_date_format = %Y-%m-%d %H:%M:%S {{(pid=108189) log_opt_values /opt/stack/data/venv/lib/python3.12/site-packages/oslo_config/cfg.py:3242}}
Jun 19 21:36:19.890589 np0000182321 devstack@n-api-meta.service[108189]: DEBUG nova.api.openstack.wsgi_app [None req-a03a73d4-da96-4619-aa8c-1f36a3debe68 None None] log_dir = None {{(pid=108189) log_opt_values /opt/stack/data/venv/lib/python3.12/site-packages/oslo_config/cfg.py:3242}}
Jun 19 21:36:19.890713 np0000182321 devstack@n-api-meta.service[108189]: DEBUG nova.api.openstack.wsgi_app [None req-a03a73d4-da96-4619-aa8c-1f36a3debe68 None None] log_file = None {{(pid=108189) log_opt_values /opt/stack/data/venv/lib/python3.12/site-packages/oslo_config/cfg.py:3242}}
Jun 19 21:36:19.890830 np0000182321 devstack@n-api-meta.service[108189]: DEBUG nova.api.openstack.wsgi_app [None req-a03a73d4-da96-4619-aa8c-1f36a3debe68 None None] log_options = True {{(pid=108189) log_opt_values /opt/stack/data/venv/lib/python3.12/site-packages/oslo_config/cfg.py:3242}}
Jun 19 21:36:19.890959 np0000182321 devstack@n-api-meta.service[108189]: DEBUG nova.api.openstack.wsgi_app [None req-a03a73d4-da96-4619-aa8c-1f36a3debe68 None None] log_rotate_interval = 1 {{(pid=108189) log_opt_values /opt/stack/data/venv/lib/python3.12/site-packages/oslo_config/cfg.py:3242}}
Jun 19 21:36:19.891092 np0000182321 devstack@n-api-meta.service[108189]: DEBUG nova.api.openstack.wsgi_app [None req-a03a73d4-da96-4619-aa8c-1f36a3debe68 None None] log_rotate_interval_type = days {{(pid=108189) log_opt_values /opt/stack/data/venv/lib/python3.12/site-packages/oslo_config/cfg.py:3242}}
Jun 19 21:36:19.891229 np0000182321 devstack@n-api-meta.service[108189]: DEBUG nova.api.openstack.wsgi_app [None req-a03a73d4-da96-4619-aa8c-1f36a3debe68 None None] log_rotation_type = none {{(pid=108189) log_opt_values /opt/stack/data/venv/lib/python3.12/site-packages/oslo_config/cfg.py:3242}}
Jun 19 21:36:19.891314 np0000182321 devstack@n-api-meta.service[108189]: DEBUG nova.api.openstack.wsgi_app [None req-a03a73d4-da96-4619-aa8c-1f36a3debe68 None None] logging_context_format_string = %(color)s%(levelname)s %(name)s [%(global_request_id)s %(request_id)s %(project_name)s %(user_name)s%(color)s] %(instance)s%(color)s%(message)s {{(pid=108189) log_opt_values /opt/stack/data/venv/lib/python3.12/site-packages/oslo_config/cfg.py:3242}}
Jun 19 21:36:19.891425 np0000182321 devstack@n-api-meta.service[108189]: DEBUG nova.api.openstack.wsgi_app [None req-a03a73d4-da96-4619-aa8c-1f36a3debe68 None None] logging_debug_format_suffix = {{(pid=%(process)d) %(funcName)s %(pathname)s:%(lineno)d}} {{(pid=108189) log_opt_values /opt/stack/data/venv/lib/python3.12/site-packages/oslo_config/cfg.py:3242}}
Jun 19 21:36:19.891640 np0000182321 devstack@n-api-meta.service[108189]: DEBUG nova.api.openstack.wsgi_app [None req-a03a73d4-da96-4619-aa8c-1f36a3debe68 None None] logging_default_format_string = %(color)s%(levelname)s %(name)s [-%(color)s] %(instance)s%(color)s%(message)s {{(pid=108189) log_opt_values /opt/stack/data/venv/lib/python3.12/site-packages/oslo_config/cfg.py:3242}}
Jun 19 21:36:19.891726 np0000182321 devstack@n-api-meta.service[108189]: DEBUG nova.api.openstack.wsgi_app [None req-a03a73d4-da96-4619-aa8c-1f36a3debe68 None None] logging_exception_prefix = ERROR %(name)s %(instance)s {{(pid=108189) log_opt_values /opt/stack/data/venv/lib/python3.12/site-packages/oslo_config/cfg.py:3242}}
Jun 19 21:36:19.891814 np0000182321 devstack@n-api-meta.service[108189]: DEBUG nova.api.openstack.wsgi_app [None req-a03a73d4-da96-4619-aa8c-1f36a3debe68 None None] logging_user_identity_format = %(user)s %(project)s %(domain)s %(system_scope)s %(user_domain)s %(project_domain)s {{(pid=108189) log_opt_values /opt/stack/data/venv/lib/python3.12/site-packages/oslo_config/cfg.py:3242}}
Jun 19 21:36:19.891920 np0000182321 devstack@n-api-meta.service[108189]: DEBUG nova.api.openstack.wsgi_app [None req-a03a73d4-da96-4619-aa8c-1f36a3debe68 None None] long_rpc_timeout = 1800 {{(pid=108189) log_opt_values /opt/stack/data/venv/lib/python3.12/site-packages/oslo_config/cfg.py:3242}}
Jun 19 21:36:19.892432 np0000182321 devstack@n-api-meta.service[108189]: DEBUG nova.api.openstack.wsgi_app [None req-a03a73d4-da96-4619-aa8c-1f36a3debe68 None None] manager_shutdown_timeout = 160 {{(pid=108189) log_opt_values /opt/stack/data/venv/lib/python3.12/site-packages/oslo_config/cfg.py:3242}}
Jun 19 21:36:19.892432 np0000182321 devstack@n-api-meta.service[108189]: DEBUG nova.api.openstack.wsgi_app [None req-a03a73d4-da96-4619-aa8c-1f36a3debe68 None None] max_concurrent_builds = 10 {{(pid=108189) log_opt_values /opt/stack/data/venv/lib/python3.12/site-packages/oslo_config/cfg.py:3242}}
Jun 19 21:36:19.892432 np0000182321 devstack@n-api-meta.service[108189]: DEBUG nova.api.openstack.wsgi_app [None req-a03a73d4-da96-4619-aa8c-1f36a3debe68 None None] max_concurrent_live_migrations = 1 {{(pid=108189) log_opt_values /opt/stack/data/venv/lib/python3.12/site-packages/oslo_config/cfg.py:3242}}
