Apr 27 12:50:19.839769 np0000170559 neutron-periodic-workers[106366]: DEBUG cotyledon.oslo_config_glue [-] database.backend = sqlalchemy {{(pid=106366) log_opt_values /opt/stack/data/venv/lib/python3.12/site-packages/oslo_config/cfg.py:3006}}
Apr 27 12:50:19.839818 np0000170559 neutron-periodic-workers[106366]: DEBUG cotyledon.oslo_config_glue [-] database.connection = **** {{(pid=106366) log_opt_values /opt/stack/data/venv/lib/python3.12/site-packages/oslo_config/cfg.py:3006}}
Apr 27 12:50:19.839883 np0000170559 neutron-periodic-workers[106366]: DEBUG cotyledon.oslo_config_glue [-] database.connection_debug = 0 {{(pid=106366) log_opt_values /opt/stack/data/venv/lib/python3.12/site-packages/oslo_config/cfg.py:3006}}
Apr 27 12:50:19.839935 np0000170559 neutron-periodic-workers[106366]: DEBUG cotyledon.oslo_config_glue [-] database.connection_parameters = {{(pid=106366) log_opt_values /opt/stack/data/venv/lib/python3.12/site-packages/oslo_config/cfg.py:3006}}
Apr 27 12:50:19.839985 np0000170559 neutron-periodic-workers[106366]: DEBUG cotyledon.oslo_config_glue [-] database.connection_recycle_time = 3600 {{(pid=106366) log_opt_values /opt/stack/data/venv/lib/python3.12/site-packages/oslo_config/cfg.py:3006}}
Apr 27 12:50:19.840028 np0000170559 neutron-periodic-workers[106366]: DEBUG cotyledon.oslo_config_glue [-] database.connection_trace = False {{(pid=106366) log_opt_values /opt/stack/data/venv/lib/python3.12/site-packages/oslo_config/cfg.py:3006}}
Apr 27 12:50:19.840070 np0000170559 neutron-periodic-workers[106366]: DEBUG cotyledon.oslo_config_glue [-] database.db_inc_retry_interval = True {{(pid=106366) log_opt_values /opt/stack/data/venv/lib/python3.12/site-packages/oslo_config/cfg.py:3006}}
Apr 27 12:50:19.840113 np0000170559 neutron-periodic-workers[106366]: DEBUG cotyledon.oslo_config_glue [-] database.db_max_retries = 20 {{(pid=106366) log_opt_values /opt/stack/data/venv/lib/python3.12/site-packages/oslo_config/cfg.py:3006}}
Apr 27 12:50:19.840154 np0000170559 neutron-periodic-workers[106366]: DEBUG cotyledon.oslo_config_glue [-] database.db_max_retry_interval = 10 {{(pid=106366) log_opt_values /opt/stack/data/venv/lib/python3.12/site-packages/oslo_config/cfg.py:3006}}
Apr 27 12:50:19.840198 np0000170559 neutron-periodic-workers[106366]: DEBUG cotyledon.oslo_config_glue [-] database.db_retry_interval = 1 {{(pid=106366) log_opt_values /opt/stack/data/venv/lib/python3.12/site-packages/oslo_config/cfg.py:3006}}
Apr 27 12:50:19.840240 np0000170559 neutron-periodic-workers[106366]: DEBUG cotyledon.oslo_config_glue [-] database.max_overflow = 50 {{(pid=106366) log_opt_values /opt/stack/data/venv/lib/python3.12/site-packages/oslo_config/cfg.py:3006}}
Apr 27 12:50:19.840327 np0000170559 neutron-periodic-workers[106366]: DEBUG cotyledon.oslo_config_glue [-] database.max_pool_size = 5 {{(pid=106366) log_opt_values /opt/stack/data/venv/lib/python3.12/site-packages/oslo_config/cfg.py:3006}}
Apr 27 12:50:19.840374 np0000170559 neutron-periodic-workers[106366]: DEBUG cotyledon.oslo_config_glue [-] database.max_retries = 10 {{(pid=106366) log_opt_values /opt/stack/data/venv/lib/python3.12/site-packages/oslo_config/cfg.py:3006}}
Apr 27 12:50:19.840426 np0000170559 neutron-periodic-workers[106366]: DEBUG cotyledon.oslo_config_glue [-] database.mysql_sql_mode = TRADITIONAL {{(pid=106366) log_opt_values /opt/stack/data/venv/lib/python3.12/site-packages/oslo_config/cfg.py:3006}}
Apr 27 12:50:19.840478 np0000170559 neutron-periodic-workers[106366]: DEBUG cotyledon.oslo_config_glue [-] database.mysql_wsrep_sync_wait = None {{(pid=106366) log_opt_values /opt/stack/data/venv/lib/python3.12/site-packages/oslo_config/cfg.py:3006}}
Apr 27 12:50:19.840521 np0000170559 neutron-periodic-workers[106366]: DEBUG cotyledon.oslo_config_glue [-] database.pool_timeout = None {{(pid=106366) log_opt_values /opt/stack/data/venv/lib/python3.12/site-packages/oslo_config/cfg.py:3006}}
Apr 27 12:50:19.840563 np0000170559 neutron-periodic-workers[106366]: DEBUG cotyledon.oslo_config_glue [-] database.retry_interval = 10 {{(pid=106366) log_opt_values /opt/stack/data/venv/lib/python3.12/site-packages/oslo_config/cfg.py:3006}}
Apr 27 12:50:19.840618 np0000170559 neutron-periodic-workers[106366]: DEBUG cotyledon.oslo_config_glue [-] database.slave_connection = **** {{(pid=106366) log_opt_values /opt/stack/data/venv/lib/python3.12/site-packages/oslo_config/cfg.py:3006}}
Apr 27 12:50:19.840661 np0000170559 neutron-periodic-workers[106366]: DEBUG cotyledon.oslo_config_glue [-] database.sqlite_synchronous = True {{(pid=106366) log_opt_values /opt/stack/data/venv/lib/python3.12/site-packages/oslo_config/cfg.py:3006}}
Apr 27 12:50:19.840725 np0000170559 neutron-periodic-workers[106366]: DEBUG cotyledon.oslo_config_glue [-] database.synchronous_reader = True {{(pid=106366) log_opt_values /opt/stack/data/venv/lib/python3.12/site-packages/oslo_config/cfg.py:3006}}
Apr 27 12:50:19.840759 np0000170559 neutron-periodic-workers[106366]: DEBUG cotyledon.oslo_config_glue [-] database.use_db_reconnect = False {{(pid=106366) log_opt_values /opt/stack/data/venv/lib/python3.12/site-packages/oslo_config/cfg.py:3006}}
Apr 27 12:50:19.840819 np0000170559 neutron-periodic-workers[106366]: DEBUG cotyledon.oslo_config_glue [-] ovn.bfd_min_rx = 1000 {{(pid=106366) log_opt_values /opt/stack/data/venv/lib/python3.12/site-packages/oslo_config/cfg.py:3006}}
Apr 27 12:50:19.840882 np0000170559 neutron-periodic-workers[106366]: DEBUG cotyledon.oslo_config_glue [-] ovn.bfd_min_tx = 100 {{(pid=106366) log_opt_values /opt/stack/data/venv/lib/python3.12/site-packages/oslo_config/cfg.py:3006}}
Apr 27 12:50:19.840928 np0000170559 neutron-periodic-workers[106366]: DEBUG cotyledon.oslo_config_glue [-] ovn.bfd_mult = 3 {{(pid=106366) log_opt_values /opt/stack/data/venv/lib/python3.12/site-packages/oslo_config/cfg.py:3006}}
Apr 27 12:50:19.840978 np0000170559 neutron-periodic-workers[106366]: DEBUG cotyledon.oslo_config_glue [-] ovn.broadcast_arps_to_all_routers = True {{(pid=106366) log_opt_values /opt/stack/data/venv/lib/python3.12/site-packages/oslo_config/cfg.py:3006}}
Apr 27 12:50:19.841022 np0000170559 neutron-periodic-workers[106366]: DEBUG cotyledon.oslo_config_glue [-] ovn.dhcp_default_lease_time = 43200 {{(pid=106366) log_opt_values /opt/stack/data/venv/lib/python3.12/site-packages/oslo_config/cfg.py:3006}}
Apr 27 12:50:19.841065 np0000170559 neutron-periodic-workers[106366]: DEBUG cotyledon.oslo_config_glue [-] ovn.disable_ovn_dhcp_for_baremetal_ports = False {{(pid=106366) log_opt_values /opt/stack/data/venv/lib/python3.12/site-packages/oslo_config/cfg.py:3006}}
Apr 27 12:50:19.841099 np0000170559 neutron-periodic-workers[106366]: DEBUG cotyledon.oslo_config_glue [-] ovn.dns_records_ovn_owned = False {{(pid=106366) log_opt_values /opt/stack/data/venv/lib/python3.12/site-packages/oslo_config/cfg.py:3006}}
Apr 27 12:50:19.841146 np0000170559 neutron-periodic-workers[106366]: DEBUG cotyledon.oslo_config_glue [-] ovn.dns_servers = [] {{(pid=106366) log_opt_values /opt/stack/data/venv/lib/python3.12/site-packages/oslo_config/cfg.py:3006}}
Apr 27 12:50:19.841188 np0000170559 neutron-periodic-workers[106366]: DEBUG cotyledon.oslo_config_glue [-] ovn.enable_distributed_floating_ip = False {{(pid=106366) log_opt_values /opt/stack/data/venv/lib/python3.12/site-packages/oslo_config/cfg.py:3006}}
Apr 27 12:50:19.841230 np0000170559 neutron-periodic-workers[106366]: DEBUG cotyledon.oslo_config_glue [-] ovn.fdb_age_threshold = 300 {{(pid=106366) log_opt_values /opt/stack/data/venv/lib/python3.12/site-packages/oslo_config/cfg.py:3006}}
Apr 27 12:50:19.841272 np0000170559 neutron-periodic-workers[106366]: DEBUG cotyledon.oslo_config_glue [-] ovn.ha_failover_strategy = normal {{(pid=106366) log_opt_values /opt/stack/data/venv/lib/python3.12/site-packages/oslo_config/cfg.py:3006}}
Apr 27 12:50:19.841315 np0000170559 neutron-periodic-workers[106366]: DEBUG cotyledon.oslo_config_glue [-] ovn.live_migration_activation_strategy = rarp {{(pid=106366) log_opt_values /opt/stack/data/venv/lib/python3.12/site-packages/oslo_config/cfg.py:3006}}
Apr 27 12:50:19.841420 np0000170559 neutron-periodic-workers[106366]: DEBUG cotyledon.oslo_config_glue [-] ovn.localnet_learn_fdb = False {{(pid=106366) log_opt_values /opt/stack/data/venv/lib/python3.12/site-packages/oslo_config/cfg.py:3006}}
Apr 27 12:50:19.841471 np0000170559 neutron-periodic-workers[106366]: DEBUG cotyledon.oslo_config_glue [-] ovn.mac_binding_age_threshold = 300 {{(pid=106366) log_opt_values /opt/stack/data/venv/lib/python3.12/site-packages/oslo_config/cfg.py:3006}}
Apr 27 12:50:19.841525 np0000170559 neutron-periodic-workers[106366]: DEBUG cotyledon.oslo_config_glue [-] ovn.neutron_sync_mode = log {{(pid=106366) log_opt_values /opt/stack/data/venv/lib/python3.12/site-packages/oslo_config/cfg.py:3006}}
Apr 27 12:50:19.841568 np0000170559 neutron-periodic-workers[106366]: DEBUG cotyledon.oslo_config_glue [-] ovn.ovn_dhcp4_global_options = {} {{(pid=106366) log_opt_values /opt/stack/data/venv/lib/python3.12/site-packages/oslo_config/cfg.py:3006}}
Apr 27 12:50:19.841609 np0000170559 neutron-periodic-workers[106366]: DEBUG cotyledon.oslo_config_glue [-] ovn.ovn_dhcp6_global_options = {} {{(pid=106366) log_opt_values /opt/stack/data/venv/lib/python3.12/site-packages/oslo_config/cfg.py:3006}}
Apr 27 12:50:19.841659 np0000170559 neutron-periodic-workers[106366]: DEBUG cotyledon.oslo_config_glue [-] ovn.ovn_l3_scheduler = leastloaded {{(pid=106366) log_opt_values /opt/stack/data/venv/lib/python3.12/site-packages/oslo_config/cfg.py:3006}}
Apr 27 12:50:19.841707 np0000170559 neutron-periodic-workers[106366]: DEBUG cotyledon.oslo_config_glue [-] ovn.ovn_metadata_enabled = True {{(pid=106366) log_opt_values /opt/stack/data/venv/lib/python3.12/site-packages/oslo_config/cfg.py:3006}}
Apr 27 12:50:19.841755 np0000170559 neutron-periodic-workers[106366]: DEBUG cotyledon.oslo_config_glue [-] ovn.ovn_nb_ca_cert = /opt/stack/data/CA/int-ca/ca-chain.pem {{(pid=106366) log_opt_values /opt/stack/data/venv/lib/python3.12/site-packages/oslo_config/cfg.py:3006}}
Apr 27 12:50:19.841808 np0000170559 neutron-periodic-workers[106366]: DEBUG cotyledon.oslo_config_glue [-] ovn.ovn_nb_certificate = /opt/stack/data/CA/int-ca/devstack-cert.crt {{(pid=106366) log_opt_values /opt/stack/data/venv/lib/python3.12/site-packages/oslo_config/cfg.py:3006}}
Apr 27 12:50:19.841845 np0000170559 neutron-periodic-workers[106366]: DEBUG cotyledon.oslo_config_glue [-] ovn.ovn_nb_connection = ['ssl:199.19.213.87:6641'] {{(pid=106366) log_opt_values /opt/stack/data/venv/lib/python3.12/site-packages/oslo_config/cfg.py:3006}}
Apr 27 12:50:19.841910 np0000170559 neutron-periodic-workers[106366]: DEBUG cotyledon.oslo_config_glue [-] ovn.ovn_nb_private_key = /opt/stack/data/CA/int-ca/private/devstack-cert.key {{(pid=106366) log_opt_values /opt/stack/data/venv/lib/python3.12/site-packages/oslo_config/cfg.py:3006}}
Apr 27 12:50:19.841953 np0000170559 neutron-periodic-workers[106366]: DEBUG cotyledon.oslo_config_glue [-] ovn.ovn_router_indirect_snat = False {{(pid=106366) log_opt_values /opt/stack/data/venv/lib/python3.12/site-packages/oslo_config/cfg.py:3006}}
Apr 27 12:50:19.841995 np0000170559 neutron-periodic-workers[106366]: DEBUG cotyledon.oslo_config_glue [-] ovn.ovn_sb_ca_cert = /opt/stack/data/CA/int-ca/ca-chain.pem {{(pid=106366) log_opt_values /opt/stack/data/venv/lib/python3.12/site-packages/oslo_config/cfg.py:3006}}
Apr 27 12:50:19.842048 np0000170559 neutron-periodic-workers[106366]: DEBUG cotyledon.oslo_config_glue [-] ovn.ovn_sb_certificate = /opt/stack/data/CA/int-ca/devstack-cert.crt {{(pid=106366) log_opt_values /opt/stack/data/venv/lib/python3.12/site-packages/oslo_config/cfg.py:3006}}
Apr 27 12:50:19.842092 np0000170559 neutron-periodic-workers[106366]: DEBUG cotyledon.oslo_config_glue [-] ovn.ovn_sb_connection = ['ssl:199.19.213.87:6642'] {{(pid=106366) log_opt_values /opt/stack/data/venv/lib/python3.12/site-packages/oslo_config/cfg.py:3006}}
Apr 27 12:50:19.842150 np0000170559 neutron-periodic-workers[106366]: DEBUG cotyledon.oslo_config_glue [-] ovn.ovn_sb_private_key = /opt/stack/data/CA/int-ca/private/devstack-cert.key {{(pid=106366) log_opt_values /opt/stack/data/venv/lib/python3.12/site-packages/oslo_config/cfg.py:3006}}
Apr 27 12:50:19.842235 np0000170559 neutron-periodic-workers[106366]: DEBUG cotyledon.oslo_config_glue [-] ovn.ovs_create_tap = False {{(pid=106366) log_opt_values /opt/stack/data/venv/lib/python3.12/site-packages/oslo_config/cfg.py:3006}}
Apr 27 12:50:19.842235 np0000170559 neutron-periodic-workers[106366]: DEBUG cotyledon.oslo_config_glue [-] ovn.ovsdb_connection_timeout = 180 {{(pid=106366) log_opt_values /opt/stack/data/venv/lib/python3.12/site-packages/oslo_config/cfg.py:3006}}
Apr 27 12:50:19.842292 np0000170559 neutron-periodic-workers[106366]: DEBUG cotyledon.oslo_config_glue [-] ovn.ovsdb_log_level = INFO {{(pid=106366) log_opt_values /opt/stack/data/venv/lib/python3.12/site-packages/oslo_config/cfg.py:3006}}
Apr 27 12:50:19.842292 np0000170559 neutron-periodic-workers[106366]: DEBUG cotyledon.oslo_config_glue [-] ovn.ovsdb_probe_interval = 60000 {{(pid=106366) log_opt_values /opt/stack/data/venv/lib/python3.12/site-packages/oslo_config/cfg.py:3006}}
Apr 27 12:50:19.842350 np0000170559 neutron-periodic-workers[106366]: DEBUG cotyledon.oslo_config_glue [-] ovn.ovsdb_retry_max_interval = 180 {{(pid=106366) log_opt_values /opt/stack/data/venv/lib/python3.12/site-packages/oslo_config/cfg.py:3006}}
Apr 27 12:50:19.842377 np0000170559 neutron-periodic-workers[106366]: DEBUG cotyledon.oslo_config_glue [-] ovn.stateless_nat_enabled = False {{(pid=106366) log_opt_values /opt/stack/data/venv/lib/python3.12/site-packages/oslo_config/cfg.py:3006}}
Apr 27 12:50:19.842464 np0000170559 neutron-periodic-workers[106366]: DEBUG cotyledon.oslo_config_glue [-] ovn.vhost_sock_dir = /var/run/openvswitch {{(pid=106366) log_opt_values /opt/stack/data/venv/lib/python3.12/site-packages/oslo_config/cfg.py:3006}}
Apr 27 12:50:19.842524 np0000170559 neutron-periodic-workers[106366]: DEBUG cotyledon.oslo_config_glue [-] OVS.bridge_mac_table_size = 50000 {{(pid=106366) log_opt_values /opt/stack/data/venv/lib/python3.12/site-packages/oslo_config/cfg.py:3006}}
Apr 27 12:50:19.842555 np0000170559 neutron-periodic-workers[106366]: DEBUG cotyledon.oslo_config_glue [-] OVS.igmp_flood = False {{(pid=106366) log_opt_values /opt/stack/data/venv/lib/python3.12/site-packages/oslo_config/cfg.py:3006}}
Apr 27 12:50:19.842583 np0000170559 neutron-periodic-workers[106366]: DEBUG cotyledon.oslo_config_glue [-] OVS.igmp_flood_reports = True {{(pid=106366) log_opt_values /opt/stack/data/venv/lib/python3.12/site-packages/oslo_config/cfg.py:3006}}
Apr 27 12:50:19.842630 np0000170559 neutron-periodic-workers[106366]: DEBUG cotyledon.oslo_config_glue [-] OVS.igmp_flood_unregistered = False {{(pid=106366) log_opt_values /opt/stack/data/venv/lib/python3.12/site-packages/oslo_config/cfg.py:3006}}
Apr 27 12:50:19.842674 np0000170559 neutron-periodic-workers[106366]: DEBUG cotyledon.oslo_config_glue [-] OVS.igmp_snooping_enable = False {{(pid=106366) log_opt_values /opt/stack/data/venv/lib/python3.12/site-packages/oslo_config/cfg.py:3006}}
Apr 27 12:50:19.842709 np0000170559 neutron-periodic-workers[106366]: DEBUG cotyledon.oslo_config_glue [-] OVS.ovsdb_timeout = 10 {{(pid=106366) log_opt_values /opt/stack/data/venv/lib/python3.12/site-packages/oslo_config/cfg.py:3006}}
Apr 27 12:50:19.842767 np0000170559 neutron-periodic-workers[106366]: DEBUG cotyledon.oslo_config_glue [-] ovn_nb_global.fdb_removal_limit = 0 {{(pid=106366) log_opt_values /opt/stack/data/venv/lib/python3.12/site-packages/oslo_config/cfg.py:3006}}
Apr 27 12:50:19.842811 np0000170559 neutron-periodic-workers[106366]: DEBUG cotyledon.oslo_config_glue [-] ovn_nb_global.ignore_lsp_down = False {{(pid=106366) log_opt_values /opt/stack/data/venv/lib/python3.12/site-packages/oslo_config/cfg.py:3006}}
Apr 27 12:50:19.842879 np0000170559 neutron-periodic-workers[106366]: DEBUG cotyledon.oslo_config_glue [-] ovn_nb_global.mac_binding_removal_limit = 0 {{(pid=106366) log_opt_values /opt/stack/data/venv/lib/python3.12/site-packages/oslo_config/cfg.py:3006}}
Apr 27 12:50:19.842924 np0000170559 neutron-periodic-workers[106366]: DEBUG cotyledon.oslo_config_glue [-] ******************************************************************************** {{(pid=106366) log_opt_values /opt/stack/data/venv/lib/python3.12/site-packages/oslo_config/cfg.py:3013}}
Apr 27 12:50:19.843092 np0000170559 neutron-periodic-workers[106366]: DEBUG cotyledon._service_worker [-] Run service ServiceWrapper(0) [106366] {{(pid=106366) wait_forever /opt/stack/data/venv/lib/python3.12/site-packages/cotyledon/_service_worker.py:218}}
Apr 27 12:50:28.802244 np0000170559 neutron-periodic-workers[106346]: DEBUG oslo_db.sqlalchemy.engines [None req-e0be4a5c-432a-41d8-b9aa-0916fec73aa2 None None] Parent process 105487 forked (106346) with an open database connection, which is being discarded and recreated. {{(pid=106346) checkout /opt/stack/data/venv/lib/python3.12/site-packages/oslo_db/sqlalchemy/engines.py:402}}
Apr 27 12:50:28.827193 np0000170559 neutron-periodic-workers[106346]: DEBUG dbcounter [-] [106346] Writer thread running {{(pid=106346) stat_writer /opt/stack/data/venv/lib/python3.12/site-packages/dbcounter.py:102}}
Apr 27 12:50:28.851922 np0000170559 neutron-periodic-workers[106346]: DEBUG oslo.service.backend._threading.loopingcall [None req-e0be4a5c-432a-41d8-b9aa-0916fec73aa2 None None] Fixed interval looping call 'neutron.services.ovn_l3.plugin.L3_NAT_dbonly_mixin._clean_garbage' sleeping for 299.94 seconds {{(pid=106346) _run_loop /opt/stack/data/venv/lib/python3.12/site-packages/oslo_service/backend/_threading/loopingcall.py:125}}
Apr 27 12:50:29.438116 np0000170559 neutron-periodic-workers[105487]: DEBUG dbcounter [-] [105487] Writing DB stats neutron:SELECT=4 {{(pid=105487) stat_writer /opt/stack/data/venv/lib/python3.12/site-packages/dbcounter.py:115}}
Apr 27 12:50:38.828615 np0000170559 neutron-periodic-workers[106346]: DEBUG dbcounter [-] [106346] Writing DB stats neutron:SELECT=1 {{(pid=106346) stat_writer /opt/stack/data/venv/lib/python3.12/site-packages/dbcounter.py:115}}
Apr 27 12:51:22.862027 np0000170559 neutron-periodic-workers[106356]: DEBUG dbcounter [-] [106356] Writer thread running {{(pid=106356) stat_writer /opt/stack/data/venv/lib/python3.12/site-packages/dbcounter.py:102}}
Apr 27 12:51:22.866355 np0000170559 neutron-periodic-workers[106356]: DEBUG neutron.db.agents_db [None req-2eadad26-e85e-49a6-8def-f6ea0fb941f2 None None] Agent healthcheck: found 0 active agents {{(pid=106356) agent_health_check /opt/stack/neutron/neutron/db/agents_db.py:317}}
Apr 27 12:51:22.866709 np0000170559 neutron-periodic-workers[106356]: DEBUG oslo.service.backend._threading.loopingcall [None req-2eadad26-e85e-49a6-8def-f6ea0fb941f2 None None] Fixed interval looping call 'neutron.plugins.ml2.plugin.AgentDbMixin.agent_health_check' sleeping for 36.97 seconds {{(pid=106356) _run_loop /opt/stack/data/venv/lib/python3.12/site-packages/oslo_service/backend/_threading/loopingcall.py:125}}
Apr 27 12:51:24.845796 np0000170559 neutron-periodic-workers[106350]: DEBUG dbcounter [-] [106350] Writer thread running {{(pid=106350) stat_writer /opt/stack/data/venv/lib/python3.12/site-packages/dbcounter.py:102}}
Apr 27 12:51:24.858447 np0000170559 neutron-periodic-workers[106350]: DEBUG oslo.service.backend._threading.loopingcall [None req-3fddabf1-f918-4741-b72e-4628e0e90f5b None None] Fixed interval looping call 'neutron.plugins.ml2.plugin.DhcpAgentSchedulerDbMixin.remove_networks_from_down_agents' sleeping for 36.96 seconds {{(pid=106350) _run_loop /opt/stack/data/venv/lib/python3.12/site-packages/oslo_service/backend/_threading/loopingcall.py:125}}
Apr 27 12:51:32.862943 np0000170559 neutron-periodic-workers[106356]: DEBUG dbcounter [-] [106356] Writing DB stats neutron:SELECT=1 {{(pid=106356) stat_writer /opt/stack/data/venv/lib/python3.12/site-packages/dbcounter.py:115}}
Apr 27 12:51:34.857523 np0000170559 neutron-periodic-workers[106350]: DEBUG dbcounter [-] [106350] Writing DB stats neutron:SELECT=3 {{(pid=106350) stat_writer /opt/stack/data/venv/lib/python3.12/site-packages/dbcounter.py:115}}
Apr 27 12:51:59.845431 np0000170559 neutron-periodic-workers[106356]: DEBUG neutron.db.agents_db [None req-2eadad26-e85e-49a6-8def-f6ea0fb941f2 None None] Agent healthcheck: found 0 active agents {{(pid=106356) agent_health_check /opt/stack/neutron/neutron/db/agents_db.py:317}}
Apr 27 12:51:59.846417 np0000170559 neutron-periodic-workers[106356]: DEBUG oslo.service.backend._threading.loopingcall [None req-2eadad26-e85e-49a6-8def-f6ea0fb941f2 None None] Fixed interval looping call 'neutron.plugins.ml2.plugin.AgentDbMixin.agent_health_check' sleeping for 36.99 seconds {{(pid=106356) _run_loop /opt/stack/data/venv/lib/python3.12/site-packages/oslo_service/backend/_threading/loopingcall.py:125}}
Apr 27 12:52:01.831253 np0000170559 neutron-periodic-workers[106350]: DEBUG oslo.service.backend._threading.loopingcall [None req-3fddabf1-f918-4741-b72e-4628e0e90f5b None None] Fixed interval looping call 'neutron.plugins.ml2.plugin.DhcpAgentSchedulerDbMixin.remove_networks_from_down_agents' sleeping for 36.99 seconds {{(pid=106350) _run_loop /opt/stack/data/venv/lib/python3.12/site-packages/oslo_service/backend/_threading/loopingcall.py:125}}
Apr 27 12:52:09.842907 np0000170559 neutron-periodic-workers[106356]: DEBUG dbcounter [-] [106356] Writing DB stats neutron:SELECT=1 {{(pid=106356) stat_writer /opt/stack/data/venv/lib/python3.12/site-packages/dbcounter.py:115}}
Apr 27 12:52:11.828741 np0000170559 neutron-periodic-workers[106350]: DEBUG dbcounter [-] [106350] Writing DB stats neutron:SELECT=3 {{(pid=106350) stat_writer /opt/stack/data/venv/lib/python3.12/site-packages/dbcounter.py:115}}
Apr 27 12:52:19.860475 np0000170559 neutron-periodic-workers[106366]: DEBUG dbcounter [-] [106366] Writer thread running {{(pid=106366) stat_writer /opt/stack/data/venv/lib/python3.12/site-packages/dbcounter.py:102}}
Apr 27 12:52:19.862580 np0000170559 neutron-periodic-workers[106366]: DEBUG oslo.service.backend._threading.loopingcall [None req-3fcb8c97-098d-4422-8394-72996f735434 None None] Fixed interval looping call 'neutron.db.quota.driver_nolock.DbQuotaNoLockDriver._remove_expired_reservations' sleeping for 119.98 seconds {{(pid=106366) _run_loop /opt/stack/data/venv/lib/python3.12/site-packages/oslo_service/backend/_threading/loopingcall.py:125}}
Apr 27 12:52:29.861614 np0000170559 neutron-periodic-workers[106366]: DEBUG dbcounter [-] [106366] Writing DB stats neutron:DELETE=1 {{(pid=106366) stat_writer /opt/stack/data/venv/lib/python3.12/site-packages/dbcounter.py:115}}
Apr 27 12:52:36.841203 np0000170559 neutron-periodic-workers[106356]: DEBUG neutron.db.agents_db [None req-2eadad26-e85e-49a6-8def-f6ea0fb941f2 None None] Agent healthcheck: found 0 active agents {{(pid=106356) agent_health_check /opt/stack/neutron/neutron/db/agents_db.py:317}}
Apr 27 12:52:36.842001 np0000170559 neutron-periodic-workers[106356]: DEBUG oslo.service.backend._threading.loopingcall [None req-2eadad26-e85e-49a6-8def-f6ea0fb941f2 None None] Fixed interval looping call 'neutron.plugins.ml2.plugin.AgentDbMixin.agent_health_check' sleeping for 36.99 seconds {{(pid=106356) _run_loop /opt/stack/data/venv/lib/python3.12/site-packages/oslo_service/backend/_threading/loopingcall.py:125}}
Apr 27 12:52:38.829813 np0000170559 neutron-periodic-workers[106350]: DEBUG oslo.service.backend._threading.loopingcall [None req-3fddabf1-f918-4741-b72e-4628e0e90f5b None None] Fixed interval looping call 'neutron.plugins.ml2.plugin.DhcpAgentSchedulerDbMixin.remove_networks_from_down_agents' sleeping for 36.99 seconds {{(pid=106350) _run_loop /opt/stack/data/venv/lib/python3.12/site-packages/oslo_service/backend/_threading/loopingcall.py:125}}
Apr 27 12:52:46.839598 np0000170559 neutron-periodic-workers[106356]: DEBUG dbcounter [-] [106356] Writing DB stats neutron:SELECT=1 {{(pid=106356) stat_writer /opt/stack/data/venv/lib/python3.12/site-packages/dbcounter.py:115}}
Apr 27 12:52:48.829026 np0000170559 neutron-periodic-workers[106350]: DEBUG dbcounter [-] [106350] Writing DB stats neutron:SELECT=3 {{(pid=106350) stat_writer /opt/stack/data/venv/lib/python3.12/site-packages/dbcounter.py:115}}
Apr 27 12:53:13.839290 np0000170559 neutron-periodic-workers[106356]: DEBUG neutron.db.agents_db [None req-2eadad26-e85e-49a6-8def-f6ea0fb941f2 None None] Agent healthcheck: found 0 active agents {{(pid=106356) agent_health_check /opt/stack/neutron/neutron/db/agents_db.py:317}}
Apr 27 12:53:13.839290 np0000170559 neutron-periodic-workers[106356]: DEBUG oslo.service.backend._threading.loopingcall [None req-2eadad26-e85e-49a6-8def-f6ea0fb941f2 None None] Fixed interval looping call 'neutron.plugins.ml2.plugin.AgentDbMixin.agent_health_check' sleeping for 36.99 seconds {{(pid=106356) _run_loop /opt/stack/data/venv/lib/python3.12/site-packages/oslo_service/backend/_threading/loopingcall.py:125}}
Apr 27 12:53:15.830408 np0000170559 neutron-periodic-workers[106350]: DEBUG oslo.service.backend._threading.loopingcall [None req-3fddabf1-f918-4741-b72e-4628e0e90f5b None None] Fixed interval looping call 'neutron.plugins.ml2.plugin.DhcpAgentSchedulerDbMixin.remove_networks_from_down_agents' sleeping for 36.99 seconds {{(pid=106350) _run_loop /opt/stack/data/venv/lib/python3.12/site-packages/oslo_service/backend/_threading/loopingcall.py:125}}
Apr 27 12:53:23.837071 np0000170559 neutron-periodic-workers[106356]: DEBUG dbcounter [-] [106356] Writing DB stats neutron:SELECT=1 {{(pid=106356) stat_writer /opt/stack/data/venv/lib/python3.12/site-packages/dbcounter.py:115}}
Apr 27 12:53:25.829332 np0000170559 neutron-periodic-workers[106350]: DEBUG dbcounter [-] [106350] Writing DB stats neutron:SELECT=3 {{(pid=106350) stat_writer /opt/stack/data/venv/lib/python3.12/site-packages/dbcounter.py:115}}
Apr 27 12:53:50.834796 np0000170559 neutron-periodic-workers[106356]: DEBUG neutron.db.agents_db [None req-2eadad26-e85e-49a6-8def-f6ea0fb941f2 None None] Agent healthcheck: found 0 active agents {{(pid=106356) agent_health_check /opt/stack/neutron/neutron/db/agents_db.py:317}}
Apr 27 12:53:50.835512 np0000170559 neutron-periodic-workers[106356]: DEBUG oslo.service.backend._threading.loopingcall [None req-2eadad26-e85e-49a6-8def-f6ea0fb941f2 None None] Fixed interval looping call 'neutron.plugins.ml2.plugin.AgentDbMixin.agent_health_check' sleeping for 36.99 seconds {{(pid=106356) _run_loop /opt/stack/data/venv/lib/python3.12/site-packages/oslo_service/backend/_threading/loopingcall.py:125}}
Apr 27 12:53:52.828554 np0000170559 neutron-periodic-workers[106350]: DEBUG oslo.service.backend._threading.loopingcall [None req-3fddabf1-f918-4741-b72e-4628e0e90f5b None None] Fixed interval looping call 'neutron.plugins.ml2.plugin.DhcpAgentSchedulerDbMixin.remove_networks_from_down_agents' sleeping for 36.99 seconds {{(pid=106350) _run_loop /opt/stack/data/venv/lib/python3.12/site-packages/oslo_service/backend/_threading/loopingcall.py:125}}
Apr 27 12:54:00.833526 np0000170559 neutron-periodic-workers[106356]: DEBUG dbcounter [-] [106356] Writing DB stats neutron:SELECT=1 {{(pid=106356) stat_writer /opt/stack/data/venv/lib/python3.12/site-packages/dbcounter.py:115}}
Apr 27 12:54:02.827639 np0000170559 neutron-periodic-workers[106350]: DEBUG dbcounter [-] [106350] Writing DB stats neutron:SELECT=3 {{(pid=106350) stat_writer /opt/stack/data/venv/lib/python3.12/site-packages/dbcounter.py:115}}
Apr 27 12:54:19.849424 np0000170559 neutron-periodic-workers[106366]: DEBUG oslo.service.backend._threading.loopingcall [None req-3fcb8c97-098d-4422-8394-72996f735434 None None] Fixed interval looping call 'neutron.db.quota.driver_nolock.DbQuotaNoLockDriver._remove_expired_reservations' sleeping for 119.99 seconds {{(pid=106366) _run_loop /opt/stack/data/venv/lib/python3.12/site-packages/oslo_service/backend/_threading/loopingcall.py:125}}
Apr 27 12:54:27.831055 np0000170559 neutron-periodic-workers[106356]: DEBUG neutron.db.agents_db [None req-2eadad26-e85e-49a6-8def-f6ea0fb941f2 None None] Agent healthcheck: found 0 active agents {{(pid=106356) agent_health_check /opt/stack/neutron/neutron/db/agents_db.py:317}}
Apr 27 12:54:27.831781 np0000170559 neutron-periodic-workers[106356]: DEBUG oslo.service.backend._threading.loopingcall [None req-2eadad26-e85e-49a6-8def-f6ea0fb941f2 None None] Fixed interval looping call 'neutron.plugins.ml2.plugin.AgentDbMixin.agent_health_check' sleeping for 37.00 seconds {{(pid=106356) _run_loop /opt/stack/data/venv/lib/python3.12/site-packages/oslo_service/backend/_threading/loopingcall.py:125}}
Apr 27 12:54:29.826673 np0000170559 neutron-periodic-workers[106350]: DEBUG oslo.service.backend._threading.loopingcall [None req-3fddabf1-f918-4741-b72e-4628e0e90f5b None None] Fixed interval looping call 'neutron.plugins.ml2.plugin.DhcpAgentSchedulerDbMixin.remove_networks_from_down_agents' sleeping for 36.99 seconds {{(pid=106350) _run_loop /opt/stack/data/venv/lib/python3.12/site-packages/oslo_service/backend/_threading/loopingcall.py:125}}
Apr 27 12:54:29.847370 np0000170559 neutron-periodic-workers[106366]: DEBUG dbcounter [-] [106366] Writing DB stats neutron:DELETE=1 {{(pid=106366) stat_writer /opt/stack/data/venv/lib/python3.12/site-packages/dbcounter.py:115}}
Apr 27 12:54:37.829700 np0000170559 neutron-periodic-workers[106356]: DEBUG dbcounter [-] [106356] Writing DB stats neutron:SELECT=1 {{(pid=106356) stat_writer /opt/stack/data/venv/lib/python3.12/site-packages/dbcounter.py:115}}
Apr 27 12:54:39.825917 np0000170559 neutron-periodic-workers[106350]: DEBUG dbcounter [-] [106350] Writing DB stats neutron:SELECT=3 {{(pid=106350) stat_writer /opt/stack/data/venv/lib/python3.12/site-packages/dbcounter.py:115}}
Apr 27 12:55:04.837038 np0000170559 neutron-periodic-workers[106356]: DEBUG neutron.db.agents_db [None req-2eadad26-e85e-49a6-8def-f6ea0fb941f2 None None] Agent healthcheck: found 0 active agents {{(pid=106356) agent_health_check /opt/stack/neutron/neutron/db/agents_db.py:317}}
Apr 27 12:55:04.837681 np0000170559 neutron-periodic-workers[106356]: DEBUG oslo.service.backend._threading.loopingcall [None req-2eadad26-e85e-49a6-8def-f6ea0fb941f2 None None] Fixed interval looping call 'neutron.plugins.ml2.plugin.AgentDbMixin.agent_health_check' sleeping for 36.99 seconds {{(pid=106356) _run_loop /opt/stack/data/venv/lib/python3.12/site-packages/oslo_service/backend/_threading/loopingcall.py:125}}
Apr 27 12:55:06.831918 np0000170559 neutron-periodic-workers[106350]: DEBUG oslo.service.backend._threading.loopingcall [None req-3fddabf1-f918-4741-b72e-4628e0e90f5b None None] Fixed interval looping call 'neutron.plugins.ml2.plugin.DhcpAgentSchedulerDbMixin.remove_networks_from_down_agents' sleeping for 36.99 seconds {{(pid=106350) _run_loop /opt/stack/data/venv/lib/python3.12/site-packages/oslo_service/backend/_threading/loopingcall.py:125}}
Apr 27 12:55:14.835553 np0000170559 neutron-periodic-workers[106356]: DEBUG dbcounter [-] [106356] Writing DB stats neutron:SELECT=1 {{(pid=106356) stat_writer /opt/stack/data/venv/lib/python3.12/site-packages/dbcounter.py:115}}
Apr 27 12:55:16.831194 np0000170559 neutron-periodic-workers[106350]: DEBUG dbcounter [-] [106350] Writing DB stats neutron:SELECT=3 {{(pid=106350) stat_writer /opt/stack/data/venv/lib/python3.12/site-packages/dbcounter.py:115}}
Apr 27 12:55:28.807444 np0000170559 neutron-periodic-workers[106346]: DEBUG oslo.service.backend._threading.loopingcall [None req-e0be4a5c-432a-41d8-b9aa-0916fec73aa2 None None] Fixed interval looping call 'neutron.services.ovn_l3.plugin.L3_NAT_dbonly_mixin._clean_garbage' sleeping for 299.99 seconds {{(pid=106346) _run_loop /opt/stack/data/venv/lib/python3.12/site-packages/oslo_service/backend/_threading/loopingcall.py:125}}
Apr 27 12:55:38.796523 np0000170559 neutron-periodic-workers[106346]: DEBUG dbcounter [-] [106346] Writing DB stats neutron:SELECT=1 {{(pid=106346) stat_writer /opt/stack/data/venv/lib/python3.12/site-packages/dbcounter.py:115}}
Apr 27 12:55:41.831522 np0000170559 neutron-periodic-workers[106356]: DEBUG neutron.db.agents_db [None req-2eadad26-e85e-49a6-8def-f6ea0fb941f2 None None] Agent healthcheck: found 0 active agents {{(pid=106356) agent_health_check /opt/stack/neutron/neutron/db/agents_db.py:317}}
Apr 27 12:55:41.831958 np0000170559 neutron-periodic-workers[106356]: DEBUG oslo.service.backend._threading.loopingcall [None req-2eadad26-e85e-49a6-8def-f6ea0fb941f2 None None] Fixed interval looping call 'neutron.plugins.ml2.plugin.AgentDbMixin.agent_health_check' sleeping for 37.00 seconds {{(pid=106356) _run_loop /opt/stack/data/venv/lib/python3.12/site-packages/oslo_service/backend/_threading/loopingcall.py:125}}
Apr 27 12:55:43.832613 np0000170559 neutron-periodic-workers[106350]: DEBUG oslo.service.backend._threading.loopingcall [None req-3fddabf1-f918-4741-b72e-4628e0e90f5b None None] Fixed interval looping call 'neutron.plugins.ml2.plugin.DhcpAgentSchedulerDbMixin.remove_networks_from_down_agents' sleeping for 36.99 seconds {{(pid=106350) _run_loop /opt/stack/data/venv/lib/python3.12/site-packages/oslo_service/backend/_threading/loopingcall.py:125}}
Apr 27 12:55:51.830577 np0000170559 neutron-periodic-workers[106356]: DEBUG dbcounter [-] [106356] Writing DB stats neutron:SELECT=1 {{(pid=106356) stat_writer /opt/stack/data/venv/lib/python3.12/site-packages/dbcounter.py:115}}
Apr 27 12:55:53.831808 np0000170559 neutron-periodic-workers[106350]: DEBUG dbcounter [-] [106350] Writing DB stats neutron:SELECT=3 {{(pid=106350) stat_writer /opt/stack/data/venv/lib/python3.12/site-packages/dbcounter.py:115}}
Apr 27 12:56:18.838990 np0000170559 neutron-periodic-workers[106356]: DEBUG neutron.db.agents_db [None req-2eadad26-e85e-49a6-8def-f6ea0fb941f2 None None] Agent healthcheck: found 0 active agents {{(pid=106356) agent_health_check /opt/stack/neutron/neutron/db/agents_db.py:317}}
Apr 27 12:56:18.839484 np0000170559 neutron-periodic-workers[106356]: DEBUG oslo.service.backend._threading.loopingcall [None req-2eadad26-e85e-49a6-8def-f6ea0fb941f2 None None] Fixed interval looping call 'neutron.plugins.ml2.plugin.AgentDbMixin.agent_health_check' sleeping for 36.99 seconds {{(pid=106356) _run_loop /opt/stack/data/venv/lib/python3.12/site-packages/oslo_service/backend/_threading/loopingcall.py:125}}
Apr 27 12:56:19.846007 np0000170559 neutron-periodic-workers[106366]: DEBUG oslo.service.backend._threading.loopingcall [None req-3fcb8c97-098d-4422-8394-72996f735434 None None] Fixed interval looping call 'neutron.db.quota.driver_nolock.DbQuotaNoLockDriver._remove_expired_reservations' sleeping for 119.99 seconds {{(pid=106366) _run_loop /opt/stack/data/venv/lib/python3.12/site-packages/oslo_service/backend/_threading/loopingcall.py:125}}
Apr 27 12:56:20.832749 np0000170559 neutron-periodic-workers[106350]: DEBUG oslo.service.backend._threading.loopingcall [None req-3fddabf1-f918-4741-b72e-4628e0e90f5b None None] Fixed interval looping call 'neutron.plugins.ml2.plugin.DhcpAgentSchedulerDbMixin.remove_networks_from_down_agents' sleeping for 36.99 seconds {{(pid=106350) _run_loop /opt/stack/data/venv/lib/python3.12/site-packages/oslo_service/backend/_threading/loopingcall.py:125}}
Apr 27 12:56:28.836159 np0000170559 neutron-periodic-workers[106356]: DEBUG dbcounter [-] [106356] Writing DB stats neutron:SELECT=1 {{(pid=106356) stat_writer /opt/stack/data/venv/lib/python3.12/site-packages/dbcounter.py:115}}
Apr 27 12:56:29.846695 np0000170559 neutron-periodic-workers[106366]: DEBUG dbcounter [-] [106366] Writing DB stats neutron:DELETE=1 {{(pid=106366) stat_writer /opt/stack/data/venv/lib/python3.12/site-packages/dbcounter.py:115}}
Apr 27 12:56:30.831239 np0000170559 neutron-periodic-workers[106350]: DEBUG dbcounter [-] [106350] Writing DB stats neutron:SELECT=3 {{(pid=106350) stat_writer /opt/stack/data/venv/lib/python3.12/site-packages/dbcounter.py:115}}
Apr 27 12:56:55.833202 np0000170559 neutron-periodic-workers[106356]: DEBUG neutron.db.agents_db [None req-2eadad26-e85e-49a6-8def-f6ea0fb941f2 None None] Agent healthcheck: found 0 active agents {{(pid=106356) agent_health_check /opt/stack/neutron/neutron/db/agents_db.py:317}}
Apr 27 12:56:55.833824 np0000170559 neutron-periodic-workers[106356]: DEBUG oslo.service.backend._threading.loopingcall [None req-2eadad26-e85e-49a6-8def-f6ea0fb941f2 None None] Fixed interval looping call 'neutron.plugins.ml2.plugin.AgentDbMixin.agent_health_check' sleeping for 37.00 seconds {{(pid=106356) _run_loop /opt/stack/data/venv/lib/python3.12/site-packages/oslo_service/backend/_threading/loopingcall.py:125}}
Apr 27 12:56:57.833192 np0000170559 neutron-periodic-workers[106350]: DEBUG oslo.service.backend._threading.loopingcall [None req-3fddabf1-f918-4741-b72e-4628e0e90f5b None None] Fixed interval looping call 'neutron.plugins.ml2.plugin.DhcpAgentSchedulerDbMixin.remove_networks_from_down_agents' sleeping for 36.99 seconds {{(pid=106350) _run_loop /opt/stack/data/venv/lib/python3.12/site-packages/oslo_service/backend/_threading/loopingcall.py:125}}
Apr 27 12:57:05.832243 np0000170559 neutron-periodic-workers[106356]: DEBUG dbcounter [-] [106356] Writing DB stats neutron:SELECT=1 {{(pid=106356) stat_writer /opt/stack/data/venv/lib/python3.12/site-packages/dbcounter.py:115}}
Apr 27 12:57:07.831363 np0000170559 neutron-periodic-workers[106350]: DEBUG dbcounter [-] [106350] Writing DB stats neutron:SELECT=3 {{(pid=106350) stat_writer /opt/stack/data/venv/lib/python3.12/site-packages/dbcounter.py:115}}
Apr 27 12:57:32.839678 np0000170559 neutron-periodic-workers[106356]: DEBUG neutron.db.agents_db [None req-2eadad26-e85e-49a6-8def-f6ea0fb941f2 None None] Agent healthcheck: found 0 active agents {{(pid=106356) agent_health_check /opt/stack/neutron/neutron/db/agents_db.py:317}}
Apr 27 12:57:32.840306 np0000170559 neutron-periodic-workers[106356]: DEBUG oslo.service.backend._threading.loopingcall [None req-2eadad26-e85e-49a6-8def-f6ea0fb941f2 None None] Fixed interval looping call 'neutron.plugins.ml2.plugin.AgentDbMixin.agent_health_check' sleeping for 36.99 seconds {{(pid=106356) _run_loop /opt/stack/data/venv/lib/python3.12/site-packages/oslo_service/backend/_threading/loopingcall.py:125}}
Apr 27 12:57:34.847705 np0000170559 neutron-periodic-workers[106350]: DEBUG oslo.service.backend._threading.loopingcall [None req-3fddabf1-f918-4741-b72e-4628e0e90f5b None None] Fixed interval looping call 'neutron.plugins.ml2.plugin.DhcpAgentSchedulerDbMixin.remove_networks_from_down_agents' sleeping for 36.99 seconds {{(pid=106350) _run_loop /opt/stack/data/venv/lib/python3.12/site-packages/oslo_service/backend/_threading/loopingcall.py:125}}
Apr 27 12:57:42.837840 np0000170559 neutron-periodic-workers[106356]: DEBUG dbcounter [-] [106356] Writing DB stats neutron:SELECT=1 {{(pid=106356) stat_writer /opt/stack/data/venv/lib/python3.12/site-packages/dbcounter.py:115}}
Apr 27 12:57:44.846940 np0000170559 neutron-periodic-workers[106350]: DEBUG dbcounter [-] [106350] Writing DB stats neutron:SELECT=3 {{(pid=106350) stat_writer /opt/stack/data/venv/lib/python3.12/site-packages/dbcounter.py:115}}
Apr 27 12:58:09.838013 np0000170559 neutron-periodic-workers[106356]: DEBUG neutron.db.agents_db [None req-2eadad26-e85e-49a6-8def-f6ea0fb941f2 None None] Agent healthcheck: found 0 active agents {{(pid=106356) agent_health_check /opt/stack/neutron/neutron/db/agents_db.py:317}}
Apr 27 12:58:09.839026 np0000170559 neutron-periodic-workers[106356]: DEBUG oslo.service.backend._threading.loopingcall [None req-2eadad26-e85e-49a6-8def-f6ea0fb941f2 None None] Fixed interval looping call 'neutron.plugins.ml2.plugin.AgentDbMixin.agent_health_check' sleeping for 36.99 seconds {{(pid=106356) _run_loop /opt/stack/data/venv/lib/python3.12/site-packages/oslo_service/backend/_threading/loopingcall.py:125}}
Apr 27 12:58:11.849033 np0000170559 neutron-periodic-workers[106350]: DEBUG oslo.service.backend._threading.loopingcall [None req-3fddabf1-f918-4741-b72e-4628e0e90f5b None None] Fixed interval looping call 'neutron.plugins.ml2.plugin.DhcpAgentSchedulerDbMixin.remove_networks_from_down_agents' sleeping for 36.99 seconds {{(pid=106350) _run_loop /opt/stack/data/venv/lib/python3.12/site-packages/oslo_service/backend/_threading/loopingcall.py:125}}
Apr 27 12:58:19.834698 np0000170559 neutron-periodic-workers[106356]: DEBUG dbcounter [-] [106356] Writing DB stats neutron:SELECT=1 {{(pid=106356) stat_writer /opt/stack/data/venv/lib/python3.12/site-packages/dbcounter.py:115}}
Apr 27 12:58:19.843025 np0000170559 neutron-periodic-workers[106366]: DEBUG oslo.service.backend._threading.loopingcall [None req-3fcb8c97-098d-4422-8394-72996f735434 None None] Fixed interval looping call 'neutron.db.quota.driver_nolock.DbQuotaNoLockDriver._remove_expired_reservations' sleeping for 119.99 seconds {{(pid=106366) _run_loop /opt/stack/data/venv/lib/python3.12/site-packages/oslo_service/backend/_threading/loopingcall.py:125}}
Apr 27 12:58:21.849036 np0000170559 neutron-periodic-workers[106350]: DEBUG dbcounter [-] [106350] Writing DB stats neutron:SELECT=3 {{(pid=106350) stat_writer /opt/stack/data/venv/lib/python3.12/site-packages/dbcounter.py:115}}
Apr 27 12:58:29.841261 np0000170559 neutron-periodic-workers[106366]: DEBUG dbcounter [-] [106366] Writing DB stats neutron:DELETE=1 {{(pid=106366) stat_writer /opt/stack/data/venv/lib/python3.12/site-packages/dbcounter.py:115}}
Apr 27 12:58:46.833904 np0000170559 neutron-periodic-workers[106356]: DEBUG neutron.db.agents_db [None req-2eadad26-e85e-49a6-8def-f6ea0fb941f2 None None] Agent healthcheck: found 0 active agents {{(pid=106356) agent_health_check /opt/stack/neutron/neutron/db/agents_db.py:317}}
Apr 27 12:58:46.834800 np0000170559 neutron-periodic-workers[106356]: DEBUG oslo.service.backend._threading.loopingcall [None req-2eadad26-e85e-49a6-8def-f6ea0fb941f2 None None] Fixed interval looping call 'neutron.plugins.ml2.plugin.AgentDbMixin.agent_health_check' sleeping for 36.99 seconds {{(pid=106356) _run_loop /opt/stack/data/venv/lib/python3.12/site-packages/oslo_service/backend/_threading/loopingcall.py:125}}
Apr 27 12:58:48.847254 np0000170559 neutron-periodic-workers[106350]: DEBUG oslo.service.backend._threading.loopingcall [None req-3fddabf1-f918-4741-b72e-4628e0e90f5b None None] Fixed interval looping call 'neutron.plugins.ml2.plugin.DhcpAgentSchedulerDbMixin.remove_networks_from_down_agents' sleeping for 36.99 seconds {{(pid=106350) _run_loop /opt/stack/data/venv/lib/python3.12/site-packages/oslo_service/backend/_threading/loopingcall.py:125}}
Apr 27 12:58:56.832896 np0000170559 neutron-periodic-workers[106356]: DEBUG dbcounter [-] [106356] Writing DB stats neutron:SELECT=1 {{(pid=106356) stat_writer /opt/stack/data/venv/lib/python3.12/site-packages/dbcounter.py:115}}
Apr 27 12:58:58.846416 np0000170559 neutron-periodic-workers[106350]: DEBUG dbcounter [-] [106350] Writing DB stats neutron:SELECT=3 {{(pid=106350) stat_writer /opt/stack/data/venv/lib/python3.12/site-packages/dbcounter.py:115}}
Apr 27 12:59:23.830745 np0000170559 neutron-periodic-workers[106356]: DEBUG neutron.db.agents_db [None req-2eadad26-e85e-49a6-8def-f6ea0fb941f2 None None] Agent healthcheck: found 0 active agents {{(pid=106356) agent_health_check /opt/stack/neutron/neutron/db/agents_db.py:317}}
Apr 27 12:59:23.831428 np0000170559 neutron-periodic-workers[106356]: DEBUG oslo.service.backend._threading.loopingcall [None req-2eadad26-e85e-49a6-8def-f6ea0fb941f2 None None] Fixed interval looping call 'neutron.plugins.ml2.plugin.AgentDbMixin.agent_health_check' sleeping for 36.99 seconds {{(pid=106356) _run_loop /opt/stack/data/venv/lib/python3.12/site-packages/oslo_service/backend/_threading/loopingcall.py:125}}
Apr 27 12:59:25.847156 np0000170559 neutron-periodic-workers[106350]: DEBUG oslo.service.backend._threading.loopingcall [None req-3fddabf1-f918-4741-b72e-4628e0e90f5b None None] Fixed interval looping call 'neutron.plugins.ml2.plugin.DhcpAgentSchedulerDbMixin.remove_networks_from_down_agents' sleeping for 36.99 seconds {{(pid=106350) _run_loop /opt/stack/data/venv/lib/python3.12/site-packages/oslo_service/backend/_threading/loopingcall.py:125}}
Apr 27 12:59:33.828917 np0000170559 neutron-periodic-workers[106356]: DEBUG dbcounter [-] [106356] Writing DB stats neutron:SELECT=1 {{(pid=106356) stat_writer /opt/stack/data/venv/lib/python3.12/site-packages/dbcounter.py:115}}
Apr 27 12:59:35.845901 np0000170559 neutron-periodic-workers[106350]: DEBUG dbcounter [-] [106350] Writing DB stats neutron:SELECT=3 {{(pid=106350) stat_writer /opt/stack/data/venv/lib/python3.12/site-packages/dbcounter.py:115}}
Apr 27 13:00:00.826416 np0000170559 neutron-periodic-workers[106356]: DEBUG neutron.db.agents_db [None req-2eadad26-e85e-49a6-8def-f6ea0fb941f2 None None] Agent healthcheck: found 0 active agents {{(pid=106356) agent_health_check /opt/stack/neutron/neutron/db/agents_db.py:317}}
Apr 27 13:00:00.827104 np0000170559 neutron-periodic-workers[106356]: DEBUG oslo.service.backend._threading.loopingcall [None req-2eadad26-e85e-49a6-8def-f6ea0fb941f2 None None] Fixed interval looping call 'neutron.plugins.ml2.plugin.AgentDbMixin.agent_health_check' sleeping for 36.99 seconds {{(pid=106356) _run_loop /opt/stack/data/venv/lib/python3.12/site-packages/oslo_service/backend/_threading/loopingcall.py:125}}
Apr 27 13:00:02.848799 np0000170559 neutron-periodic-workers[106350]: DEBUG oslo.service.backend._threading.loopingcall [None req-3fddabf1-f918-4741-b72e-4628e0e90f5b None None] Fixed interval looping call 'neutron.plugins.ml2.plugin.DhcpAgentSchedulerDbMixin.remove_networks_from_down_agents' sleeping for 36.99 seconds {{(pid=106350) _run_loop /opt/stack/data/venv/lib/python3.12/site-packages/oslo_service/backend/_threading/loopingcall.py:125}}
Apr 27 13:00:10.825467 np0000170559 neutron-periodic-workers[106356]: DEBUG dbcounter [-] [106356] Writing DB stats neutron:SELECT=1 {{(pid=106356) stat_writer /opt/stack/data/venv/lib/python3.12/site-packages/dbcounter.py:115}}
Apr 27 13:00:12.846948 np0000170559 neutron-periodic-workers[106350]: DEBUG dbcounter [-] [106350] Writing DB stats neutron:SELECT=3 {{(pid=106350) stat_writer /opt/stack/data/venv/lib/python3.12/site-packages/dbcounter.py:115}}
Apr 27 13:00:19.837784 np0000170559 neutron-periodic-workers[106366]: DEBUG oslo.service.backend._threading.loopingcall [None req-3fcb8c97-098d-4422-8394-72996f735434 None None] Fixed interval looping call 'neutron.db.quota.driver_nolock.DbQuotaNoLockDriver._remove_expired_reservations' sleeping for 120.00 seconds {{(pid=106366) _run_loop /opt/stack/data/venv/lib/python3.12/site-packages/oslo_service/backend/_threading/loopingcall.py:125}}
Apr 27 13:00:28.808183 np0000170559 neutron-periodic-workers[106346]: DEBUG oslo.service.backend._threading.loopingcall [None req-e0be4a5c-432a-41d8-b9aa-0916fec73aa2 None None] Fixed interval looping call 'neutron.services.ovn_l3.plugin.L3_NAT_dbonly_mixin._clean_garbage' sleeping for 299.99 seconds {{(pid=106346) _run_loop /opt/stack/data/venv/lib/python3.12/site-packages/oslo_service/backend/_threading/loopingcall.py:125}}
Apr 27 13:00:29.836617 np0000170559 neutron-periodic-workers[106366]: DEBUG dbcounter [-] [106366] Writing DB stats neutron:DELETE=1 {{(pid=106366) stat_writer /opt/stack/data/venv/lib/python3.12/site-packages/dbcounter.py:115}}
Apr 27 13:00:37.821627 np0000170559 neutron-periodic-workers[106356]: DEBUG neutron.db.agents_db [None req-2eadad26-e85e-49a6-8def-f6ea0fb941f2 None None] Agent healthcheck: found 0 active agents {{(pid=106356) agent_health_check /opt/stack/neutron/neutron/db/agents_db.py:317}}
Apr 27 13:00:37.822117 np0000170559 neutron-periodic-workers[106356]: DEBUG oslo.service.backend._threading.loopingcall [None req-2eadad26-e85e-49a6-8def-f6ea0fb941f2 None None] Fixed interval looping call 'neutron.plugins.ml2.plugin.AgentDbMixin.agent_health_check' sleeping for 37.00 seconds {{(pid=106356) _run_loop /opt/stack/data/venv/lib/python3.12/site-packages/oslo_service/backend/_threading/loopingcall.py:125}}
Apr 27 13:00:38.802751 np0000170559 neutron-periodic-workers[106346]: DEBUG dbcounter [-] [106346] Writing DB stats neutron:SELECT=1 {{(pid=106346) stat_writer /opt/stack/data/venv/lib/python3.12/site-packages/dbcounter.py:115}}
Apr 27 13:00:39.849113 np0000170559 neutron-periodic-workers[106350]: DEBUG oslo.service.backend._threading.loopingcall [None req-3fddabf1-f918-4741-b72e-4628e0e90f5b None None] Fixed interval looping call 'neutron.plugins.ml2.plugin.DhcpAgentSchedulerDbMixin.remove_networks_from_down_agents' sleeping for 36.99 seconds {{(pid=106350) _run_loop /opt/stack/data/venv/lib/python3.12/site-packages/oslo_service/backend/_threading/loopingcall.py:125}}
Apr 27 13:00:47.820109 np0000170559 neutron-periodic-workers[106356]: DEBUG dbcounter [-] [106356] Writing DB stats neutron:SELECT=1 {{(pid=106356) stat_writer /opt/stack/data/venv/lib/python3.12/site-packages/dbcounter.py:115}}
Apr 27 13:00:49.848047 np0000170559 neutron-periodic-workers[106350]: DEBUG dbcounter [-] [106350] Writing DB stats neutron:SELECT=3 {{(pid=106350) stat_writer /opt/stack/data/venv/lib/python3.12/site-packages/dbcounter.py:115}}
Apr 27 13:01:14.831058 np0000170559 neutron-periodic-workers[106356]: DEBUG neutron.db.agents_db [None req-2eadad26-e85e-49a6-8def-f6ea0fb941f2 None None] Agent healthcheck: found 0 active agents {{(pid=106356) agent_health_check /opt/stack/neutron/neutron/db/agents_db.py:317}}
