2026-07-08 06:24:57.957 8 INFO neutron.db.ovn_revision_numbers_db [None req-3faad229-b098-4b71-86c8-051c82642b2c 6d5ccb8fb4a84d50a314f39d89f05c94 e111df2061f041ef876655c1e0550e09 - - default default] Successfully bumped revision number for resource 81d984fd-66d2-40af-b349-5257326dfb27 (type: ports) to 1 [pid: 8|app: 0|req: 853/1620] 10.0.0.175 () {34 vars in 664 bytes} [Wed Jul 8 06:24:57 2026] POST /v2.0/ports => generated 962 bytes in 455 msecs (HTTP/1.1 201) 4 headers in 162 bytes (1 switches on core 0) [pid: 7|app: 0|req: 768/1621] 10.0.0.175 () {32 vars in 735 bytes} [Wed Jul 8 06:24:57 2026] DELETE /v2.0/networks/45306901-8d7b-46aa-b6e3-465b5c676c37/tags => generated 0 bytes in 57 msecs (HTTP/1.1 204) 2 headers in 112 bytes (1 switches on core 0) /var/lib/openstack/lib/python3.12/site-packages/pycadf/identifier.py:70: UserWarning: Invalid uuid: neutron. To ensure interoperability, identifiers should be a valid uuid. warnings.warn(('Invalid uuid: %s. To ensure interoperability, ' [pid: 7|app: 0|req: 769/1622] 10.0.0.175 () {32 vars in 732 bytes} [Wed Jul 8 06:24:58 2026] GET /v2.0/networks/45306901-8d7b-46aa-b6e3-465b5c676c37/tags => generated 12 bytes in 46 msecs (HTTP/1.1 200) 4 headers in 156 bytes (1 switches on core 0)
2026-07-08 06:24:58.136 8 INFO neutron.services.segments.plugin [-] Segment f1387cd7-871c-4d20-afe3-33278e1cdbdc resource provider aggregate not found
2026-07-08 06:24:58.142 8 INFO neutron.services.segments.plugin [-] Segment f1387cd7-871c-4d20-afe3-33278e1cdbdc resource provider aggregate not found
2026-07-08 06:24:58.155 8 INFO neutron.services.segments.plugin [-] Client error retrieving segment f1387cd7-871c-4d20-afe3-33278e1cdbdc resource provider; error: Placement Client Error (4xx): {"errors": [{"status": 404, "title": "Not Found", "detail": "The resource could not be found.\n\n No resource provider with uuid f1387cd7-871c-4d20-afe3-33278e1cdbdc found for delete ", "request_id": "req-facffbe3-af53-49ad-9b68-8c3dc2cd7f2e"}]}
2026-07-08 06:24:58.165 8 INFO neutron.services.segments.plugin [-] Client error retrieving segment f1387cd7-871c-4d20-afe3-33278e1cdbdc resource provider; error: Placement Client Error (4xx): {"errors": [{"status": 404, "title": "Not Found", "detail": "The resource could not be found.\n\n No resource provider with uuid f1387cd7-871c-4d20-afe3-33278e1cdbdc found for delete ", "request_id": "req-e91768f1-1e7f-4be9-886a-6e5b3bc788b7"}]}
2026-07-08 06:24:58.171 7 INFO neutron_taas.services.taas.taas_plugin [None req-056b2122-1ef6-4a0a-8b0f-1a3911b071f0 06d3988c08de470181e2af5abaacd108 a0ca29f3c7f2426a828294a3078507fb - - default default] TaaS: Handle Delete Port: 7774db67-6f52-4749-a137-53f32b48955b
2026-07-08 06:24:58.174 7 INFO neutron_taas.services.taas.tap_mirror_plugin [None req-056b2122-1ef6-4a0a-8b0f-1a3911b071f0 06d3988c08de470181e2af5abaacd108 a0ca29f3c7f2426a828294a3078507fb - - default default] Tap Mirror: Handle Delete Port: 7774db67-6f52-4749-a137-53f32b48955b [pid: 7|app: 0|req: 770/1623] 10.0.0.175 () {32 vars in 725 bytes} [Wed Jul 8 06:24:58 2026] DELETE /v2.0/networks/45306901-8d7b-46aa-b6e3-465b5c676c37 => generated 0 bytes in 325 msecs (HTTP/1.1 204) 3 headers in 131 bytes (1 switches on core 0)
2026-07-08 06:24:58.488 8 INFO neutron.plugins.ml2.drivers.ovn.mech_driver.mech_driver [None req-0e25d491-e48c-43c1-92d1-e8668ce5f826 - - - - - -] OVN reports status up for port: 81d984fd-66d2-40af-b349-5257326dfb27
2026-07-08 06:24:58.514 8 INFO neutron.plugins.ml2.plugin [None req-0e25d491-e48c-43c1-92d1-e8668ce5f826 - - - - - -] Attempt 1 to provision port 81d984fd-66d2-40af-b349-5257326dfb27
2026-07-08 06:24:58.525 8 INFO neutron.db.ovn_revision_numbers_db [None req-57572711-da28-423e-b83b-8329927ab2cc 6d5ccb8fb4a84d50a314f39d89f05c94 e111df2061f041ef876655c1e0550e09 - - default default] Successfully bumped revision number for resource 81d984fd-66d2-40af-b349-5257326dfb27 (type: ports) to 2
2026-07-08 06:24:58.653 7 WARNING neutron.plugins.ml2.drivers.ovn.mech_driver.ovsdb.ovn_client [None req-5c49bf43-47d4-45fb-ac3c-274c9f9d8757 - - - - - -] No port found with ID df4e85bc-f6aa-450d-9ac2-97747baab0aa: RuntimeError: No port found with ID df4e85bc-f6aa-450d-9ac2-97747baab0aa
2026-07-08 06:24:58.663 7 INFO neutron.plugins.ml2.drivers.ovn.mech_driver.mech_driver [None req-5c49bf43-47d4-45fb-ac3c-274c9f9d8757 - - - - - -] OVN reports status down for port: 5619b913-cef2-49bf-905f-ebe9ba7a3ee4
2026-07-08 06:24:58.730 7 INFO neutron.plugins.ml2.drivers.ovn.mech_driver.mech_driver [None req-5c49bf43-47d4-45fb-ac3c-274c9f9d8757 - - - - - -] OVN reports status down for port: 7774db67-6f52-4749-a137-53f32b48955b
2026-07-08 06:24:58.747 7 INFO neutron.notifiers.nova [-] Nova event matching ['req-50b069ee-9668-4cac-ae61-03406477e2ba'] response: {'server_uuid': '3e8ae15a-0c73-4431-a78d-d7f1c00a155d', 'name': 'network-vif-unplugged', 'status': 'completed', 'tag': '5619b913-cef2-49bf-905f-ebe9ba7a3ee4', 'code': 200}
2026-07-08 06:24:58.902 7 INFO neutron.services.segments.plugin [-] Segment 3ebaf0f0-bc6e-4ebe-8f36-3743bf90e834 resource provider aggregate not found
2026-07-08 06:24:58.903 7 INFO neutron.services.segments.plugin [-] Segment 3ebaf0f0-bc6e-4ebe-8f36-3743bf90e834 resource provider aggregate not found
2026-07-08 06:24:58.934 7 INFO neutron.services.segments.plugin [-] Client error retrieving segment 3ebaf0f0-bc6e-4ebe-8f36-3743bf90e834 resource provider; error: Placement Client Error (4xx): {"errors": [{"status": 404, "title": "Not Found", "detail": "The resource could not be found.\n\n No resource provider with uuid 3ebaf0f0-bc6e-4ebe-8f36-3743bf90e834 found for delete ", "request_id": "req-fdbdf743-0192-4563-8e24-1964c5a0f99b"}]}
2026-07-08 06:24:58.939 7 INFO neutron.services.segments.plugin [-] Client error retrieving segment 3ebaf0f0-bc6e-4ebe-8f36-3743bf90e834 resource provider; error: Placement Client Error (4xx): {"errors": [{"status": 404, "title": "Not Found", "detail": "The resource could not be found.\n\n No resource provider with uuid 3ebaf0f0-bc6e-4ebe-8f36-3743bf90e834 found for delete ", "request_id": "req-9fcfc0f1-41bb-4dd6-992a-8daed4f96fc0"}]}
2026-07-08 06:24:58.996 7 INFO neutron.db.ovn_revision_numbers_db [None req-c373665c-0d12-4239-b2a0-17271e19cf5c a00d3be6a41e4470b15dcb2f40199a5f 60a74918fd714d1a8d07b9b54be6f7a5 - - default default] Successfully bumped revision number for resource ecaa9939-f381-425c-8d95-c056e0ad8cf7 (type: security_groups) to 1
2026-07-08 06:24:59.006 7 INFO neutron.db.ovn_revision_numbers_db [None req-c373665c-0d12-4239-b2a0-17271e19cf5c a00d3be6a41e4470b15dcb2f40199a5f 60a74918fd714d1a8d07b9b54be6f7a5 - - default default] Successfully bumped revision number for resource 07a0f1f4-026c-421f-bbf8-048672ee66ab (type: security_group_rules) to 0
2026-07-08 06:24:59.019 7 INFO neutron.db.ovn_revision_numbers_db [None req-c373665c-0d12-4239-b2a0-17271e19cf5c a00d3be6a41e4470b15dcb2f40199a5f 60a74918fd714d1a8d07b9b54be6f7a5 - - default default] Successfully bumped revision number for resource 0fa692a2-5b2c-4d84-91f0-34f793535c9b (type: security_group_rules) to 0
2026-07-08 06:24:59.030 7 INFO neutron.db.ovn_revision_numbers_db [None req-c373665c-0d12-4239-b2a0-17271e19cf5c a00d3be6a41e4470b15dcb2f40199a5f 60a74918fd714d1a8d07b9b54be6f7a5 - - default default] Successfully bumped revision number for resource 15170339-48ae-419e-8939-39a64767005b (type: security_group_rules) to 0
2026-07-08 06:24:59.041 7 INFO neutron.db.ovn_revision_numbers_db [None req-c373665c-0d12-4239-b2a0-17271e19cf5c a00d3be6a41e4470b15dcb2f40199a5f 60a74918fd714d1a8d07b9b54be6f7a5 - - default default] Successfully bumped revision number for resource 9a7b34e4-4964-4abd-89e6-83c7ea8e77f1 (type: security_group_rules) to 0
2026-07-08 06:24:59.110 7 INFO neutron.db.segments_db [None req-c373665c-0d12-4239-b2a0-17271e19cf5c a00d3be6a41e4470b15dcb2f40199a5f 60a74918fd714d1a8d07b9b54be6f7a5 - - default default] Added segment 9dd4c866-7082-4037-850d-ead714a8fd72 of type geneve for network 709c8eb9-e11f-4be1-b491-3220b7bcd1ef
2026-07-08 06:24:59.220 7 INFO neutron.db.ovn_revision_numbers_db [None req-c373665c-0d12-4239-b2a0-17271e19cf5c a00d3be6a41e4470b15dcb2f40199a5f 60a74918fd714d1a8d07b9b54be6f7a5 - - default default] Successfully bumped revision number for resource 709c8eb9-e11f-4be1-b491-3220b7bcd1ef (type: networks) to 1
2026-07-08 06:24:59.233 8 INFO neutron.db.ovn_revision_numbers_db [None req-0e25d491-e48c-43c1-92d1-e8668ce5f826 - - - - - -] Successfully bumped revision number for resource 81d984fd-66d2-40af-b349-5257326dfb27 (type: ports) to 3
2026-07-08 06:24:59.379 7 WARNING neutron.scheduler.dhcp_agent_scheduler [None req-c373665c-0d12-4239-b2a0-17271e19cf5c a00d3be6a41e4470b15dcb2f40199a5f 60a74918fd714d1a8d07b9b54be6f7a5 - - default default] No more DHCP agents
2026-07-08 06:24:59.380 7 WARNING neutron.api.rpc.agentnotifiers.dhcp_rpc_agent_api [None req-c373665c-0d12-4239-b2a0-17271e19cf5c a00d3be6a41e4470b15dcb2f40199a5f 60a74918fd714d1a8d07b9b54be6f7a5 - - default default] Unable to schedule network 709c8eb9-e11f-4be1-b491-3220b7bcd1ef: no agents available; will retry on subsequent port and subnet creation events.
2026-07-08 06:24:59.450 7 INFO neutron.db.ovn_revision_numbers_db [None req-c373665c-0d12-4239-b2a0-17271e19cf5c a00d3be6a41e4470b15dcb2f40199a5f 60a74918fd714d1a8d07b9b54be6f7a5 - - default default] Successfully bumped revision number for resource eede6ee2-81aa-4675-9812-9808cd906e6b (type: ports) to 1 [pid: 7|app: 0|req: 771/1624] 10.0.0.175 () {34 vars in 669 bytes} [Wed Jul 8 06:24:58 2026] POST /v2.0/networks => generated 668 bytes in 892 msecs (HTTP/1.1 201) 4 headers in 162 bytes (1 switches on core 0)
2026-07-08 06:24:59.479 8 WARNING neutron.scheduler.dhcp_agent_scheduler [None req-57572711-da28-423e-b83b-8329927ab2cc 6d5ccb8fb4a84d50a314f39d89f05c94 e111df2061f041ef876655c1e0550e09 - - default default] No more DHCP agents
2026-07-08 06:24:59.480 8 WARNING neutron.api.rpc.agentnotifiers.dhcp_rpc_agent_api [None req-57572711-da28-423e-b83b-8329927ab2cc 6d5ccb8fb4a84d50a314f39d89f05c94 e111df2061f041ef876655c1e0550e09 - - default default] Unable to schedule network 4c95a9dc-76bb-49e5-8a54-128946f88973: no agents available; will retry on subsequent port and subnet creation events. [pid: 7|app: 0|req: 772/1625] 10.0.0.141 () {34 vars in 1069 bytes} [Wed Jul 8 06:24:59 2026] GET /v2.0/ports?fields=security_groups&fields=device_id&device_id=3e8ae15a-0c73-4431-a78d-d7f1c00a155d => generated 162 bytes in 26 msecs (HTTP/1.1 200) 4 headers in 157 bytes (1 switches on core 0)
2026-07-08 06:24:59.681 7 WARNING neutron.db.securitygroups_db [None req-5e0d65da-7745-4a8e-906f-3f01a1507c6c 7284e562e19a4841a271e3457a2e9ff3 6511e556384d473b8e6818b7dca3217c - - default default] project_id key not found in filters, using tenant_id instead. This support has been deprecated and will be removed in a future release. [pid: 7|app: 0|req: 773/1626] 10.0.0.175 () {32 vars in 773 bytes} [Wed Jul 8 06:24:59 2026] GET /v2.0/security-groups?tenant_id=a0ca29f3c7f2426a828294a3078507fb&name=default => generated 2925 bytes in 200 msecs (HTTP/1.1 200) 4 headers in 158 bytes (1 switches on core 0)
2026-07-08 06:24:59.742 8 INFO neutron.db.ovn_revision_numbers_db [None req-57572711-da28-423e-b83b-8329927ab2cc 6d5ccb8fb4a84d50a314f39d89f05c94 e111df2061f041ef876655c1e0550e09 - - default default] Successfully bumped revision number for resource 81d984fd-66d2-40af-b349-5257326dfb27 (type: router_ports) to 3 [pid: 8|app: 0|req: 854/1627] 10.0.0.175 () {34 vars in 782 bytes} [Wed Jul 8 06:24:58 2026] PUT /v2.0/routers/40dddb47-999d-473a-996f-e345a0c158cb/add_router_interface => generated 310 bytes in 1738 msecs (HTTP/1.1 200) 4 headers in 157 bytes (1 switches on core 0) /var/lib/openstack/lib/python3.12/site-packages/pycadf/identifier.py:70: UserWarning: Invalid uuid: neutron. To ensure interoperability, identifiers should be a valid uuid. warnings.warn(('Invalid uuid: %s. To ensure interoperability, '
2026-07-08 06:24:59.786 7 INFO neutron.db.segments_db [None req-9d81f07c-ee03-469b-a73a-aad40158c09b a00d3be6a41e4470b15dcb2f40199a5f 60a74918fd714d1a8d07b9b54be6f7a5 - - default default] Added segment 952d2fe8-e4d5-48b2-9e9c-ab2e99faa576 of type geneve for network dc054d77-b8c6-4992-9878-541d9ec38250 [pid: 8|app: 0|req: 855/1628] 10.0.0.141 () {34 vars in 1119 bytes} [Wed Jul 8 06:24:59 2026] GET /v2.0/security-groups?id=a3cbbec2-7171-43ed-8902-e510133d145b&id=06935abb-7907-4fd8-af6a-2b24a1577a35&fields=id&fields=name => generated 205 bytes in 40 msecs (HTTP/1.1 200) 4 headers in 157 bytes (1 switches on core 0)
2026-07-08 06:24:59.904 7 INFO neutron.db.ovn_revision_numbers_db [None req-9d81f07c-ee03-469b-a73a-aad40158c09b a00d3be6a41e4470b15dcb2f40199a5f 60a74918fd714d1a8d07b9b54be6f7a5 - - default default] Successfully bumped revision number for resource dc054d77-b8c6-4992-9878-541d9ec38250 (type: networks) to 1 [pid: 8|app: 0|req: 858/1631] 10.0.0.175 () {32 vars in 739 bytes} [Wed Jul 8 06:24:59 2026] DELETE /v2.0/security-groups/008ab086-ff8d-42d9-816a-b6100792c365 => generated 0 bytes in 190 msecs (HTTP/1.1 204) 2 headers in 112 bytes (1 switches on core 0) [pid: 8|app: 0|req: 859/1632] 10.0.0.175 () {32 vars in 716 bytes} [Wed Jul 8 06:24:59 2026] GET /v2.0/ports/81d984fd-66d2-40af-b349-5257326dfb27 => generated 1024 bytes in 31 msecs (HTTP/1.1 200) 4 headers in 158 bytes (1 switches on core 0)
2026-07-08 06:25:00.080 7 WARNING neutron.scheduler.dhcp_agent_scheduler [None req-9d81f07c-ee03-469b-a73a-aad40158c09b a00d3be6a41e4470b15dcb2f40199a5f 60a74918fd714d1a8d07b9b54be6f7a5 - - default default] No more DHCP agents
2026-07-08 06:25:00.082 7 WARNING neutron.api.rpc.agentnotifiers.dhcp_rpc_agent_api [None req-9d81f07c-ee03-469b-a73a-aad40158c09b a00d3be6a41e4470b15dcb2f40199a5f 60a74918fd714d1a8d07b9b54be6f7a5 - - default default] Unable to schedule network dc054d77-b8c6-4992-9878-541d9ec38250: no agents available; will retry on subsequent port and subnet creation events.
2026-07-08 06:25:00.162 7 INFO neutron.plugins.ml2.drivers.ovn.mech_driver.mech_driver [None req-5c49bf43-47d4-45fb-ac3c-274c9f9d8757 - - - - - -] OVN reports status down for port: 3a4bd56b-984e-492f-9534-cc4745881711
2026-07-08 06:25:00.219 7 INFO neutron.db.ovn_revision_numbers_db [None req-9d81f07c-ee03-469b-a73a-aad40158c09b a00d3be6a41e4470b15dcb2f40199a5f 60a74918fd714d1a8d07b9b54be6f7a5 - - default default] Successfully bumped revision number for resource 3a4bd56b-984e-492f-9534-cc4745881711 (type: ports) to 1 [pid: 7|app: 0|req: 774/1633] 10.0.0.175 () {34 vars in 669 bytes} [Wed Jul 8 06:24:59 2026] POST /v2.0/networks => generated 667 bytes in 547 msecs (HTTP/1.1 201) 4 headers in 162 bytes (1 switches on core 0)
2026-07-08 06:25:00.259 7 WARNING neutron.db.securitygroups_db [None req-360c791e-10e7-4c58-bab6-b623a4a055a7 7284e562e19a4841a271e3457a2e9ff3 6511e556384d473b8e6818b7dca3217c - - default default] project_id key not found in filters, using tenant_id instead. This support has been deprecated and will be removed in a future release.
2026-07-08 06:25:00.335 8 INFO neutron_taas.services.taas.taas_plugin [None req-ca27ecc4-513a-424f-971d-879798cd60dc 6d5ccb8fb4a84d50a314f39d89f05c94 e111df2061f041ef876655c1e0550e09 - - default default] TaaS: Handle Delete Port: 81d984fd-66d2-40af-b349-5257326dfb27
2026-07-08 06:25:00.338 8 INFO neutron_taas.services.taas.tap_mirror_plugin [None req-ca27ecc4-513a-424f-971d-879798cd60dc 6d5ccb8fb4a84d50a314f39d89f05c94 e111df2061f041ef876655c1e0550e09 - - default default] Tap Mirror: Handle Delete Port: 81d984fd-66d2-40af-b349-5257326dfb27
2026-07-08 06:25:00.383 7 INFO neutron.db.ovn_revision_numbers_db [None req-360c791e-10e7-4c58-bab6-b623a4a055a7 7284e562e19a4841a271e3457a2e9ff3 6511e556384d473b8e6818b7dca3217c - - default default] Successfully bumped revision number for resource 10cc2c83-1ff7-4c39-ae14-e56483b67a02 (type: security_groups) to 1
2026-07-08 06:25:00.405 7 INFO neutron.db.ovn_revision_numbers_db [None req-360c791e-10e7-4c58-bab6-b623a4a055a7 7284e562e19a4841a271e3457a2e9ff3 6511e556384d473b8e6818b7dca3217c - - default default] Successfully bumped revision number for resource 44fafb49-27f4-41d9-8f21-22a94d470cad (type: security_group_rules) to 0
2026-07-08 06:25:00.421 7 INFO neutron.db.ovn_revision_numbers_db [None req-360c791e-10e7-4c58-bab6-b623a4a055a7 7284e562e19a4841a271e3457a2e9ff3 6511e556384d473b8e6818b7dca3217c - - default default] Successfully bumped revision number for resource 8575533a-ea8a-4fe7-81c9-7e3776101451 (type: security_group_rules) to 0
2026-07-08 06:25:00.434 7 INFO neutron.db.ovn_revision_numbers_db [None req-360c791e-10e7-4c58-bab6-b623a4a055a7 7284e562e19a4841a271e3457a2e9ff3 6511e556384d473b8e6818b7dca3217c - - default default] Successfully bumped revision number for resource ab4a3e20-f9a5-49e3-ada7-d74d784a3478 (type: security_group_rules) to 0
2026-07-08 06:25:00.445 7 INFO neutron.db.ovn_revision_numbers_db [None req-360c791e-10e7-4c58-bab6-b623a4a055a7 7284e562e19a4841a271e3457a2e9ff3 6511e556384d473b8e6818b7dca3217c - - default default] Successfully bumped revision number for resource c4f35e60-be82-4c7d-b5b9-458eff97f563 (type: security_group_rules) to 0 [pid: 7|app: 0|req: 775/1634] 10.0.0.175 () {32 vars in 773 bytes} [Wed Jul 8 06:25:00 2026] GET /v2.0/security-groups?tenant_id=6a1d060c26cf446993ff4843bdcb8aad&name=default => generated 2925 bytes in 238 msecs (HTTP/1.1 200) 4 headers in 158 bytes (1 switches on core 0)
2026-07-08 06:25:00.679 7 WARNING neutron.scheduler.dhcp_agent_scheduler [None req-cbe7bf29-126f-4581-bbd9-28933130fd04 a00d3be6a41e4470b15dcb2f40199a5f 60a74918fd714d1a8d07b9b54be6f7a5 - - default default] No more DHCP agents
2026-07-08 06:25:00.680 7 WARNING neutron.api.rpc.agentnotifiers.dhcp_rpc_agent_api [None req-cbe7bf29-126f-4581-bbd9-28933130fd04 a00d3be6a41e4470b15dcb2f40199a5f 60a74918fd714d1a8d07b9b54be6f7a5 - - default default] Unable to schedule network 709c8eb9-e11f-4be1-b491-3220b7bcd1ef: no agents available; will retry on subsequent port and subnet creation events. [pid: 8|app: 0|req: 860/1635] 10.0.0.175 () {34 vars in 788 bytes} [Wed Jul 8 06:25:00 2026] PUT /v2.0/routers/40dddb47-999d-473a-996f-e345a0c158cb/remove_router_interface => generated 310 bytes in 1089 msecs (HTTP/1.1 200) 4 headers in 157 bytes (1 switches on core 0) /var/lib/openstack/lib/python3.12/site-packages/pycadf/identifier.py:70: UserWarning: Invalid uuid: neutron. To ensure interoperability, identifiers should be a valid uuid. warnings.warn(('Invalid uuid: %s. To ensure interoperability, '
2026-07-08 06:25:01.237 7 INFO neutron.db.ovn_revision_numbers_db [None req-cbe7bf29-126f-4581-bbd9-28933130fd04 a00d3be6a41e4470b15dcb2f40199a5f 60a74918fd714d1a8d07b9b54be6f7a5 - - default default] Successfully bumped revision number for resource eede6ee2-81aa-4675-9812-9808cd906e6b (type: ports) to 2
2026-07-08 06:25:01.286 7 INFO neutron.db.ovn_revision_numbers_db [None req-cbe7bf29-126f-4581-bbd9-28933130fd04 a00d3be6a41e4470b15dcb2f40199a5f 60a74918fd714d1a8d07b9b54be6f7a5 - - default default] Successfully bumped revision number for resource 121ca3c9-2396-47dc-bc7d-06e3175927d2 (type: subnets) to 0 [pid: 7|app: 0|req: 776/1636] 10.0.0.175 () {34 vars in 668 bytes} [Wed Jul 8 06:25:00 2026] POST /v2.0/subnets => generated 626 bytes in 814 msecs (HTTP/1.1 201) 4 headers in 162 bytes (1 switches on core 0) [pid: 8|app: 0|req: 861/1637] 10.0.0.175 () {32 vars in 739 bytes} [Wed Jul 8 06:25:01 2026] DELETE /v2.0/security-groups/10cc2c83-1ff7-4c39-ae14-e56483b67a02 => generated 0 bytes in 202 msecs (HTTP/1.1 204) 2 headers in 112 bytes (1 switches on core 0) [pid: 7|app: 0|req: 777/1638] 10.0.0.141 () {34 vars in 1069 bytes} [Wed Jul 8 06:25:01 2026] GET /v2.0/ports?fields=security_groups&fields=device_id&device_id=3e8ae15a-0c73-4431-a78d-d7f1c00a155d => generated 162 bytes in 32 msecs (HTTP/1.1 200) 4 headers in 157 bytes (1 switches on core 0)
2026-07-08 06:25:01.384 8 INFO neutron.api.v2.resource [None req-5a205eb0-2a79-44bd-b753-ea310c6db433 6d5ccb8fb4a84d50a314f39d89f05c94 e111df2061f041ef876655c1e0550e09 - - default default] remove_router_interface failed (client error): The resource could not be found. [pid: 8|app: 0|req: 862/1639] 10.0.0.175 () {34 vars in 788 bytes} [Wed Jul 8 06:25:01 2026] PUT /v2.0/routers/40dddb47-999d-473a-996f-e345a0c158cb/remove_router_interface => generated 197 bytes in 58 msecs (HTTP/1.1 404) 4 headers in 164 bytes (1 switches on core 0) [pid: 8|app: 0|req: 863/1640] 10.0.0.141 () {34 vars in 1119 bytes} [Wed Jul 8 06:25:01 2026] GET /v2.0/security-groups?id=a3cbbec2-7171-43ed-8902-e510133d145b&id=06935abb-7907-4fd8-af6a-2b24a1577a35&fields=id&fields=name => generated 205 bytes in 24 msecs (HTTP/1.1 200) 4 headers in 157 bytes (1 switches on core 0) [pid: 8|app: 0|req: 864/1641] 199.204.45.70 () {34 vars in 992 bytes} [Wed Jul 8 06:25:01 2026] GET /v2.0/ports?device_id=3e8ae15a-0c73-4431-a78d-d7f1c00a155d => generated 1012 bytes in 71 msecs (HTTP/1.1 200) 4 headers in 158 bytes (1 switches on core 0) [pid: 8|app: 0|req: 865/1642] 10.0.0.175 () {32 vars in 735 bytes} [Wed Jul 8 06:25:01 2026] GET /v2.0/ports?device_id=40dddb47-999d-473a-996f-e345a0c158cb => generated 12 bytes in 14 msecs (HTTP/1.1 200) 4 headers in 156 bytes (1 switches on core 0)
2026-07-08 06:25:01.513 7 WARNING neutron.scheduler.dhcp_agent_scheduler [None req-37b1bdb3-d8e2-4ca9-ba66-f64cf5a7d068 a00d3be6a41e4470b15dcb2f40199a5f 60a74918fd714d1a8d07b9b54be6f7a5 - - default default] No more DHCP agents
2026-07-08 06:25:01.514 7 WARNING neutron.api.rpc.agentnotifiers.dhcp_rpc_agent_api [None req-37b1bdb3-d8e2-4ca9-ba66-f64cf5a7d068 a00d3be6a41e4470b15dcb2f40199a5f 60a74918fd714d1a8d07b9b54be6f7a5 - - default default] Unable to schedule network dc054d77-b8c6-4992-9878-541d9ec38250: no agents available; will retry on subsequent port and subnet creation events.
2026-07-08 06:25:01.621 8 INFO neutron_taas.services.taas.taas_plugin [req-993d4074-f868-41ca-b052-465db6e94b9b req-846ba5ba-79e9-4702-a817-6d4554a46957 f38a110362c24fae94d5208eb912cb30 d3fc6781fe4c4beda72f245f59c8f99f - - default default] TaaS: Handle Delete Port: 5619b913-cef2-49bf-905f-ebe9ba7a3ee4
2026-07-08 06:25:01.624 8 INFO neutron_taas.services.taas.tap_mirror_plugin [req-993d4074-f868-41ca-b052-465db6e94b9b req-846ba5ba-79e9-4702-a817-6d4554a46957 f38a110362c24fae94d5208eb912cb30 d3fc6781fe4c4beda72f245f59c8f99f - - default default] Tap Mirror: Handle Delete Port: 5619b913-cef2-49bf-905f-ebe9ba7a3ee4 [pid: 8|app: 0|req: 866/1643] 199.204.45.70 () {36 vars in 995 bytes} [Wed Jul 8 06:25:01 2026] DELETE /v2.0/ports/5619b913-cef2-49bf-905f-ebe9ba7a3ee4 => generated 0 bytes in 261 msecs (HTTP/1.1 204) 3 headers in 131 bytes (1 switches on core 0)
2026-07-08 06:25:01.789 8 WARNING neutron.notifiers.nova [-] Nova event matching ['req-fcf4f281-3f8c-4f93-b288-f0a23c5be2bb']: {'server_uuid': '3e8ae15a-0c73-4431-a78d-d7f1c00a155d', 'name': 'network-vif-deleted', 'tag': '5619b913-cef2-49bf-905f-ebe9ba7a3ee4', 'status': 'failed', 'code': 422} returned with failed status [pid: 8|app: 0|req: 867/1644] 10.0.0.175 () {32 vars in 723 bytes} [Wed Jul 8 06:25:01 2026] DELETE /v2.0/routers/40dddb47-999d-473a-996f-e345a0c158cb => generated 0 bytes in 176 msecs (HTTP/1.1 204) 2 headers in 112 bytes (1 switches on core 0)
2026-07-08 06:25:02.051 7 INFO neutron.db.ovn_revision_numbers_db [None req-37b1bdb3-d8e2-4ca9-ba66-f64cf5a7d068 a00d3be6a41e4470b15dcb2f40199a5f 60a74918fd714d1a8d07b9b54be6f7a5 - - default default] Successfully bumped revision number for resource 3a4bd56b-984e-492f-9534-cc4745881711 (type: ports) to 2 [pid: 8|app: 0|req: 868/1645] 10.0.0.175 () {32 vars in 723 bytes} [Wed Jul 8 06:25:01 2026] DELETE /v2.0/subnets/28f3cf35-b7e9-454f-986c-6d3ee96f8963 => generated 0 bytes in 133 msecs (HTTP/1.1 204) 3 headers in 131 bytes (1 switches on core 0)
2026-07-08 06:25:02.091 7 INFO neutron.db.ovn_revision_numbers_db [None req-37b1bdb3-d8e2-4ca9-ba66-f64cf5a7d068 a00d3be6a41e4470b15dcb2f40199a5f 60a74918fd714d1a8d07b9b54be6f7a5 - - default default] Successfully bumped revision number for resource 855b3a5c-71cf-4860-a3a1-ed922ac1a723 (type: subnets) to 0 [pid: 7|app: 0|req: 778/1646] 10.0.0.175 () {34 vars in 668 bytes} [Wed Jul 8 06:25:01 2026] POST /v2.0/subnets => generated 626 bytes in 768 msecs (HTTP/1.1 201) 4 headers in 162 bytes (1 switches on core 0)
2026-07-08 06:25:02.179 8 INFO neutron_taas.services.taas.taas_plugin [None req-c1853b11-add5-442f-b00a-bc74758da067 6d5ccb8fb4a84d50a314f39d89f05c94 e111df2061f041ef876655c1e0550e09 - - default default] TaaS: Handle Delete Port: 905d6acb-d5c3-42d9-9a9d-93f9cb23ec0c
2026-07-08 06:25:02.182 8 INFO neutron_taas.services.taas.tap_mirror_plugin [None req-c1853b11-add5-442f-b00a-bc74758da067 6d5ccb8fb4a84d50a314f39d89f05c94 e111df2061f041ef876655c1e0550e09 - - default default] Tap Mirror: Handle Delete Port: 905d6acb-d5c3-42d9-9a9d-93f9cb23ec0c
2026-07-08 06:25:02.248 7 INFO neutron.db.ovn_revision_numbers_db [None req-1aabe2cb-5e26-4130-8af2-3311e976fbd4 a00d3be6a41e4470b15dcb2f40199a5f 60a74918fd714d1a8d07b9b54be6f7a5 - - default default] Successfully bumped revision number for resource 8ec50f5c-8c58-4b03-8924-e202912deec8 (type: routers) to 1 [pid: 7|app: 0|req: 779/1647] 10.0.0.175 () {34 vars in 668 bytes} [Wed Jul 8 06:25:02 2026] POST /v2.0/routers => generated 624 bytes in 157 msecs (HTTP/1.1 201) 4 headers in 162 bytes (1 switches on core 0)
2026-07-08 06:25:02.355 8 INFO neutron.services.segments.plugin [-] Segment b2cd6a5a-2ef4-4f1e-821b-0ad15da84239 resource provider aggregate not found
2026-07-08 06:25:02.364 8 INFO neutron.services.segments.plugin [-] Segment b2cd6a5a-2ef4-4f1e-821b-0ad15da84239 resource provider aggregate not found
2026-07-08 06:25:02.385 8 INFO neutron.services.segments.plugin [-] Client error retrieving segment b2cd6a5a-2ef4-4f1e-821b-0ad15da84239 resource provider; error: Placement Client Error (4xx): {"errors": [{"status": 404, "title": "Not Found", "detail": "The resource could not be found.\n\n No resource provider with uuid b2cd6a5a-2ef4-4f1e-821b-0ad15da84239 found for delete ", "request_id": "req-8e354338-a448-4b6b-845b-9e3558e04a19"}]}
2026-07-08 06:25:02.387 8 INFO neutron.services.segments.plugin [-] Client error retrieving segment b2cd6a5a-2ef4-4f1e-821b-0ad15da84239 resource provider; error: Placement Client Error (4xx): {"errors": [{"status": 404, "title": "Not Found", "detail": "The resource could not be found.\n\n No resource provider with uuid b2cd6a5a-2ef4-4f1e-821b-0ad15da84239 found for delete ", "request_id": "req-a22efcf7-a608-49b7-b488-096d89c30ffe"}]} [pid: 8|app: 0|req: 869/1648] 10.0.0.175 () {32 vars in 725 bytes} [Wed Jul 8 06:25:02 2026] DELETE /v2.0/networks/4c95a9dc-76bb-49e5-8a54-128946f88973 => generated 0 bytes in 346 msecs (HTTP/1.1 204) 3 headers in 131 bytes (1 switches on core 0)
2026-07-08 06:25:02.530 8 INFO neutron.db.segments_db [None req-2b4e39bb-3711-4a53-a302-55223c6b958d 6d5ccb8fb4a84d50a314f39d89f05c94 e111df2061f041ef876655c1e0550e09 - - default default] Added segment a4ad7139-bf93-421f-81b6-d43db5a45a9a of type geneve for network d81be096-ccc2-4e5c-9b50-a819757c819f
2026-07-08 06:25:02.636 8 INFO neutron.db.ovn_revision_numbers_db [None req-2b4e39bb-3711-4a53-a302-55223c6b958d 6d5ccb8fb4a84d50a314f39d89f05c94 e111df2061f041ef876655c1e0550e09 - - default default] Successfully bumped revision number for resource d81be096-ccc2-4e5c-9b50-a819757c819f (type: networks) to 1
2026-07-08 06:25:02.688 7 WARNING neutron.scheduler.dhcp_agent_scheduler [None req-acaea57c-40d5-4d95-9070-281abe39fe21 a00d3be6a41e4470b15dcb2f40199a5f 60a74918fd714d1a8d07b9b54be6f7a5 - - default default] No more DHCP agents
2026-07-08 06:25:02.690 7 WARNING neutron.api.rpc.agentnotifiers.dhcp_rpc_agent_api [None req-acaea57c-40d5-4d95-9070-281abe39fe21 a00d3be6a41e4470b15dcb2f40199a5f 60a74918fd714d1a8d07b9b54be6f7a5 - - default default] Unable to schedule network 709c8eb9-e11f-4be1-b491-3220b7bcd1ef: no agents available; will retry on subsequent port and subnet creation events.
2026-07-08 06:25:02.777 8 WARNING neutron.scheduler.dhcp_agent_scheduler [None req-2b4e39bb-3711-4a53-a302-55223c6b958d 6d5ccb8fb4a84d50a314f39d89f05c94 e111df2061f041ef876655c1e0550e09 - - default default] No more DHCP agents
2026-07-08 06:25:02.779 8 WARNING neutron.api.rpc.agentnotifiers.dhcp_rpc_agent_api [None req-2b4e39bb-3711-4a53-a302-55223c6b958d 6d5ccb8fb4a84d50a314f39d89f05c94 e111df2061f041ef876655c1e0550e09 - - default default] Unable to schedule network d81be096-ccc2-4e5c-9b50-a819757c819f: no agents available; will retry on subsequent port and subnet creation events.
2026-07-08 06:25:02.804 7 INFO neutron.plugins.ml2.drivers.ovn.mech_driver.mech_driver [None req-5c49bf43-47d4-45fb-ac3c-274c9f9d8757 - - - - - -] OVN reports status down for port: 4e160b61-a9b5-4e1c-9813-ed28e8311166
2026-07-08 06:25:02.865 8 INFO neutron.db.ovn_revision_numbers_db [None req-2b4e39bb-3711-4a53-a302-55223c6b958d 6d5ccb8fb4a84d50a314f39d89f05c94 e111df2061f041ef876655c1e0550e09 - - default default] Successfully bumped revision number for resource b900b74c-4ae8-4b95-bd1c-9d7e1e6d2c90 (type: ports) to 1
2026-07-08 06:25:02.890 7 INFO neutron.db.ovn_revision_numbers_db [None req-acaea57c-40d5-4d95-9070-281abe39fe21 a00d3be6a41e4470b15dcb2f40199a5f 60a74918fd714d1a8d07b9b54be6f7a5 - - default default] Successfully bumped revision number for resource 4e160b61-a9b5-4e1c-9813-ed28e8311166 (type: ports) to 1 [pid: 8|app: 0|req: 870/1649] 10.0.0.175 () {34 vars in 669 bytes} [Wed Jul 8 06:25:02 2026] POST /v2.0/networks => generated 672 bytes in 465 msecs (HTTP/1.1 201) 4 headers in 162 bytes (1 switches on core 0) [pid: 8|app: 0|req: 871/1650] 10.0.0.141 () {34 vars in 1069 bytes} [Wed Jul 8 06:25:02 2026] GET /v2.0/ports?fields=security_groups&fields=device_id&device_id=3e8ae15a-0c73-4431-a78d-d7f1c00a155d => generated 12 bytes in 15 msecs (HTTP/1.1 200) 4 headers in 156 bytes (1 switches on core 0)
2026-07-08 06:25:02.955 7 INFO neutron.plugins.ml2.drivers.ovn.mech_driver.mech_driver [None req-5c49bf43-47d4-45fb-ac3c-274c9f9d8757 - - - - - -] OVN reports status down for port: b900b74c-4ae8-4b95-bd1c-9d7e1e6d2c90
2026-07-08 06:25:03.054 8 WARNING neutron.scheduler.dhcp_agent_scheduler [None req-405608be-f895-48a0-887c-1b8b51957700 6d5ccb8fb4a84d50a314f39d89f05c94 e111df2061f041ef876655c1e0550e09 - - default default] No more DHCP agents
2026-07-08 06:25:03.056 8 WARNING neutron.api.rpc.agentnotifiers.dhcp_rpc_agent_api [None req-405608be-f895-48a0-887c-1b8b51957700 6d5ccb8fb4a84d50a314f39d89f05c94 e111df2061f041ef876655c1e0550e09 - - default default] Unable to schedule network d81be096-ccc2-4e5c-9b50-a819757c819f: no agents available; will retry on subsequent port and subnet creation events.
2026-07-08 06:25:03.085 8 INFO neutron.db.ovn_revision_numbers_db [None req-405608be-f895-48a0-887c-1b8b51957700 6d5ccb8fb4a84d50a314f39d89f05c94 e111df2061f041ef876655c1e0550e09 - - default default] Successfully bumped revision number for resource 8f6ebbbb-53a2-43c9-bf46-15efd8d4d9e2 (type: subnets) to 0 [pid: 8|app: 0|req: 872/1651] 10.0.0.175 () {34 vars in 668 bytes} [Wed Jul 8 06:25:02 2026] POST /v2.0/subnets => generated 646 bytes in 196 msecs (HTTP/1.1 201) 4 headers in 162 bytes (1 switches on core 0)
2026-07-08 06:25:03.226 8 INFO neutron.db.ovn_revision_numbers_db [None req-c4014d5a-dae7-442d-921e-9382c45fdff0 6d5ccb8fb4a84d50a314f39d89f05c94 e111df2061f041ef876655c1e0550e09 - - default default] Successfully bumped revision number for resource bd5ec86e-0541-43c2-b840-e5fd37605950 (type: routers) to 1 [pid: 8|app: 0|req: 873/1652] 10.0.0.175 () {34 vars in 668 bytes} [Wed Jul 8 06:25:03 2026] POST /v2.0/routers => generated 628 bytes in 135 msecs (HTTP/1.1 201) 4 headers in 162 bytes (1 switches on core 0)
2026-07-08 06:25:03.433 7 INFO neutron.plugins.ml2.drivers.ovn.mech_driver.mech_driver [None req-5c49bf43-47d4-45fb-ac3c-274c9f9d8757 - - - - - -] OVN reports status up for port: 4e160b61-a9b5-4e1c-9813-ed28e8311166
2026-07-08 06:25:03.459 7 INFO neutron.plugins.ml2.plugin [None req-5c49bf43-47d4-45fb-ac3c-274c9f9d8757 - - - - - -] Attempt 1 to provision port 4e160b61-a9b5-4e1c-9813-ed28e8311166
2026-07-08 06:25:03.548 7 WARNING neutron.scheduler.dhcp_agent_scheduler [None req-acaea57c-40d5-4d95-9070-281abe39fe21 a00d3be6a41e4470b15dcb2f40199a5f 60a74918fd714d1a8d07b9b54be6f7a5 - - default default] No more DHCP agents
2026-07-08 06:25:03.551 7 WARNING neutron.api.rpc.agentnotifiers.dhcp_rpc_agent_api [None req-acaea57c-40d5-4d95-9070-281abe39fe21 a00d3be6a41e4470b15dcb2f40199a5f 60a74918fd714d1a8d07b9b54be6f7a5 - - default default] Unable to schedule network 709c8eb9-e11f-4be1-b491-3220b7bcd1ef: no agents available; will retry on subsequent port and subnet creation events.
2026-07-08 06:25:03.640 8 WARNING neutron.scheduler.dhcp_agent_scheduler [None req-af517ded-ae3d-44bf-a9f4-627431c557d2 6d5ccb8fb4a84d50a314f39d89f05c94 e111df2061f041ef876655c1e0550e09 - - default default] No more DHCP agents
2026-07-08 06:25:03.641 8 WARNING neutron.api.rpc.agentnotifiers.dhcp_rpc_agent_api [None req-af517ded-ae3d-44bf-a9f4-627431c557d2 6d5ccb8fb4a84d50a314f39d89f05c94 e111df2061f041ef876655c1e0550e09 - - default default] Unable to schedule network d81be096-ccc2-4e5c-9b50-a819757c819f: no agents available; will retry on subsequent port and subnet creation events.
2026-07-08 06:25:03.732 8 INFO neutron.db.ovn_revision_numbers_db [None req-af517ded-ae3d-44bf-a9f4-627431c557d2 6d5ccb8fb4a84d50a314f39d89f05c94 e111df2061f041ef876655c1e0550e09 - - default default] Successfully bumped revision number for resource 948fd91b-c938-49df-89e1-eb296096a172 (type: ports) to 1
2026-07-08 06:25:03.995 7 INFO neutron.db.ovn_revision_numbers_db [None req-acaea57c-40d5-4d95-9070-281abe39fe21 a00d3be6a41e4470b15dcb2f40199a5f 60a74918fd714d1a8d07b9b54be6f7a5 - - default default] Successfully bumped revision number for resource 4e160b61-a9b5-4e1c-9813-ed28e8311166 (type: router_ports) to 1 [pid: 7|app: 0|req: 780/1653] 10.0.0.175 () {34 vars in 782 bytes} [Wed Jul 8 06:25:02 2026] PUT /v2.0/routers/8ec50f5c-8c58-4b03-8924-e202912deec8/add_router_interface => generated 310 bytes in 1724 msecs (HTTP/1.1 200) 4 headers in 157 bytes (1 switches on core 0) [pid: 7|app: 0|req: 781/1654] 10.0.0.72 () {34 vars in 988 bytes} [Wed Jul 8 06:25:04 2026] GET /v2.0/ports?device_id=3e8ae15a-0c73-4431-a78d-d7f1c00a155d => generated 12 bytes in 45 msecs (HTTP/1.1 200) 4 headers in 156 bytes (1 switches on core 0)
2026-07-08 06:25:04.119 8 WARNING neutron.plugins.ml2.drivers.ovn.mech_driver.ovsdb.ovn_client [None req-b4c30015-c711-4328-b2aa-7cadf9622ff1 - - - - - -] No port found with ID 81d984fd-66d2-40af-b349-5257326dfb27: RuntimeError: No port found with ID 81d984fd-66d2-40af-b349-5257326dfb27
2026-07-08 06:25:04.120 8 INFO neutron.plugins.ml2.drivers.ovn.mech_driver.mech_driver [None req-b4c30015-c711-4328-b2aa-7cadf9622ff1 - - - - - -] OVN reports status down for port: eede6ee2-81aa-4675-9812-9808cd906e6b [pid: 7|app: 0|req: 782/1655] 10.0.0.175 () {32 vars in 716 bytes} [Wed Jul 8 06:25:04 2026] GET /v2.0/ports/4e160b61-a9b5-4e1c-9813-ed28e8311166 => generated 943 bytes in 84 msecs (HTTP/1.1 200) 4 headers in 157 bytes (1 switches on core 0) [pid: 7|app: 0|req: 783/1656] 10.0.0.141 () {34 vars in 1069 bytes} [Wed Jul 8 06:25:04 2026] GET /v2.0/ports?fields=security_groups&fields=device_id&device_id=3e8ae15a-0c73-4431-a78d-d7f1c00a155d => generated 12 bytes in 46 msecs (HTTP/1.1 200) 4 headers in 156 bytes (1 switches on core 0)
2026-07-08 06:25:04.231 7 INFO neutron.db.ovn_revision_numbers_db [None req-5c49bf43-47d4-45fb-ac3c-274c9f9d8757 - - - - - -] Successfully bumped revision number for resource 4e160b61-a9b5-4e1c-9813-ed28e8311166 (type: ports) to 2
2026-07-08 06:25:04.492 8 WARNING neutron.scheduler.dhcp_agent_scheduler [None req-af517ded-ae3d-44bf-a9f4-627431c557d2 6d5ccb8fb4a84d50a314f39d89f05c94 e111df2061f041ef876655c1e0550e09 - - default default] No more DHCP agents
2026-07-08 06:25:04.494 8 WARNING neutron.api.rpc.agentnotifiers.dhcp_rpc_agent_api [None req-af517ded-ae3d-44bf-a9f4-627431c557d2 6d5ccb8fb4a84d50a314f39d89f05c94 e111df2061f041ef876655c1e0550e09 - - default default] Unable to schedule network d81be096-ccc2-4e5c-9b50-a819757c819f: no agents available; will retry on subsequent port and subnet creation events.
2026-07-08 06:25:04.726 8 INFO neutron.db.ovn_revision_numbers_db [None req-af517ded-ae3d-44bf-a9f4-627431c557d2 6d5ccb8fb4a84d50a314f39d89f05c94 e111df2061f041ef876655c1e0550e09 - - default default] Successfully bumped revision number for resource 948fd91b-c938-49df-89e1-eb296096a172 (type: router_ports) to 1 [pid: 8|app: 0|req: 874/1657] 10.0.0.175 () {34 vars in 782 bytes} [Wed Jul 8 06:25:03 2026] PUT /v2.0/routers/bd5ec86e-0541-43c2-b840-e5fd37605950/add_router_interface => generated 310 bytes in 1483 msecs (HTTP/1.1 200) 4 headers in 157 bytes (1 switches on core 0) [pid: 8|app: 0|req: 875/1658] 10.0.0.141 () {34 vars in 989 bytes} [Wed Jul 8 06:25:04 2026] GET /v2.0/ports?device_id=3e8ae15a-0c73-4431-a78d-d7f1c00a155d => generated 12 bytes in 18 msecs (HTTP/1.1 200) 4 headers in 156 bytes (1 switches on core 0)
2026-07-08 06:25:04.837 7 WARNING neutron.scheduler.dhcp_agent_scheduler [None req-8e13e8dc-57b9-42ef-beff-c1bc9dc5bb00 a00d3be6a41e4470b15dcb2f40199a5f 60a74918fd714d1a8d07b9b54be6f7a5 - - default default] No more DHCP agents
2026-07-08 06:25:04.840 7 WARNING neutron.api.rpc.agentnotifiers.dhcp_rpc_agent_api [None req-8e13e8dc-57b9-42ef-beff-c1bc9dc5bb00 a00d3be6a41e4470b15dcb2f40199a5f 60a74918fd714d1a8d07b9b54be6f7a5 - - default default] Unable to schedule network dc054d77-b8c6-4992-9878-541d9ec38250: no agents available; will retry on subsequent port and subnet creation events. [pid: 8|app: 0|req: 876/1659] 10.0.0.175 () {34 vars in 677 bytes} [Wed Jul 8 06:25:04 2026] POST /v2.0/qos/policies => generated 359 bytes in 214 msecs (HTTP/1.1 201) 4 headers in 162 bytes (1 switches on core 0) [pid: 8|app: 0|req: 877/1660] 10.0.0.175 () {32 vars in 716 bytes} [Wed Jul 8 06:25:04 2026] GET /v2.0/ports/948fd91b-c938-49df-89e1-eb296096a172 => generated 945 bytes in 32 msecs (HTTP/1.1 200) 4 headers in 157 bytes (1 switches on core 0)
2026-07-08 06:25:05.045 7 INFO neutron.db.ovn_revision_numbers_db [None req-8e13e8dc-57b9-42ef-beff-c1bc9dc5bb00 a00d3be6a41e4470b15dcb2f40199a5f 60a74918fd714d1a8d07b9b54be6f7a5 - - default default] Successfully bumped revision number for resource a0d38c17-2c44-4d03-aded-dfd2e30c4da3 (type: ports) to 1 [pid: 8|app: 0|req: 878/1661] 10.0.0.175 () {32 vars in 739 bytes} [Wed Jul 8 06:25:04 2026] DELETE /v2.0/security-groups/a3cbbec2-7171-43ed-8902-e510133d145b => generated 0 bytes in 207 msecs (HTTP/1.1 204) 2 headers in 112 bytes (1 switches on core 0)
2026-07-08 06:25:05.234 8 WARNING tagging [None req-0ef536cb-7f83-40b2-a236-bfa9091257ba b22ac990826c4e6eb63aa57b2515f599 f61421f2854148f8844da3938b37cef0 - - default default] project_id key not found in request, using tenant_id instead. This support has been deprecated and will be removed in a future release. [pid: 8|app: 0|req: 879/1662] 10.0.0.175 () {34 vars in 752 bytes} [Wed Jul 8 06:25:05 2026] PUT /v2.0/policies/4beee4c7-0c6b-412a-9bc6-8460da762cae/tags => generated 25 bytes in 49 msecs (HTTP/1.1 200) 4 headers in 156 bytes (1 switches on core 0) [pid: 8|app: 0|req: 880/1663] 10.0.0.175 () {32 vars in 716 bytes} [Wed Jul 8 06:25:05 2026] GET /v2.0/ports/948fd91b-c938-49df-89e1-eb296096a172 => generated 945 bytes in 26 msecs (HTTP/1.1 200) 4 headers in 157 bytes (1 switches on core 0)
2026-07-08 06:25:05.288 8 INFO neutron.api.v2.resource [None req-8d2fa541-35f4-44e5-97be-d75f58df7f95 f38a110362c24fae94d5208eb912cb30 d3fc6781fe4c4beda72f245f59c8f99f - - default default] show failed (client error): The resource could not be found. [pid: 8|app: 0|req: 881/1664] 10.0.0.175 () {32 vars in 736 bytes} [Wed Jul 8 06:25:05 2026] GET /v2.0/security-groups/a3cbbec2-7171-43ed-8902-e510133d145b => generated 146 bytes in 8 msecs (HTTP/1.1 404) 4 headers in 164 bytes (1 switches on core 0)
2026-07-08 06:25:05.310 8 WARNING tagging [None req-7ad25c93-a3b1-4f8f-989d-d2adf6987941 b22ac990826c4e6eb63aa57b2515f599 f61421f2854148f8844da3938b37cef0 - - default default] project_id key not found in request, using tenant_id instead. This support has been deprecated and will be removed in a future release. [pid: 8|app: 0|req: 882/1665] 10.0.0.175 () {32 vars in 732 bytes} [Wed Jul 8 06:25:05 2026] GET /v2.0/policies/4beee4c7-0c6b-412a-9bc6-8460da762cae/tags => generated 25 bytes in 26 msecs (HTTP/1.1 200) 4 headers in 156 bytes (1 switches on core 0)
2026-07-08 06:25:05.469 8 INFO neutron_taas.services.taas.taas_plugin [None req-7aa7f14f-d3ae-49e6-a905-3069985ae849 f38a110362c24fae94d5208eb912cb30 d3fc6781fe4c4beda72f245f59c8f99f - - default default] TaaS: Handle Delete Port: 98e42139-ba2c-45d0-b3da-3a2f6964bf53
2026-07-08 06:25:05.471 8 INFO neutron_taas.services.taas.tap_mirror_plugin [None req-7aa7f14f-d3ae-49e6-a905-3069985ae849 f38a110362c24fae94d5208eb912cb30 d3fc6781fe4c4beda72f245f59c8f99f - - default default] Tap Mirror: Handle Delete Port: 98e42139-ba2c-45d0-b3da-3a2f6964bf53 [pid: 8|app: 0|req: 883/1666] 10.0.0.175 () {32 vars in 731 bytes} [Wed Jul 8 06:25:05 2026] DELETE /v2.0/floatingips/95b18248-0402-4142-a306-88353f1ceddb => generated 0 bytes in 301 msecs (HTTP/1.1 204) 2 headers in 112 bytes (1 switches on core 0)
2026-07-08 06:25:05.649 8 WARNING tagging [None req-405bfc30-67af-46cd-b60d-349cf96e33b7 b22ac990826c4e6eb63aa57b2515f599 f61421f2854148f8844da3938b37cef0 - - default default] project_id key not found in request, using tenant_id instead. This support has been deprecated and will be removed in a future release. [pid: 8|app: 0|req: 884/1667] 10.0.0.175 () {34 vars in 763 bytes} [Wed Jul 8 06:25:05 2026] PUT /v2.0/policies/4beee4c7-0c6b-412a-9bc6-8460da762cae/tags/green => generated 4 bytes in 61 msecs (HTTP/1.1 201) 4 headers in 160 bytes (1 switches on core 0)
2026-07-08 06:25:05.801 7 WARNING neutron.scheduler.dhcp_agent_scheduler [None req-8e13e8dc-57b9-42ef-beff-c1bc9dc5bb00 a00d3be6a41e4470b15dcb2f40199a5f 60a74918fd714d1a8d07b9b54be6f7a5 - - default default] No more DHCP agents
2026-07-08 06:25:05.805 7 WARNING neutron.api.rpc.agentnotifiers.dhcp_rpc_agent_api [None req-8e13e8dc-57b9-42ef-beff-c1bc9dc5bb00 a00d3be6a41e4470b15dcb2f40199a5f 60a74918fd714d1a8d07b9b54be6f7a5 - - default default] Unable to schedule network dc054d77-b8c6-4992-9878-541d9ec38250: no agents available; will retry on subsequent port and subnet creation events. [pid: 8|app: 0|req: 885/1668] 10.0.0.175 () {32 vars in 739 bytes} [Wed Jul 8 06:25:05 2026] DELETE /v2.0/security-groups/06935abb-7907-4fd8-af6a-2b24a1577a35 => generated 0 bytes in 201 msecs (HTTP/1.1 204) 2 headers in 112 bytes (1 switches on core 0)
2026-07-08 06:25:05.903 8 WARNING tagging [None req-c144c2fb-b167-4d0b-8b7a-c1e026cd8d49 b22ac990826c4e6eb63aa57b2515f599 f61421f2854148f8844da3938b37cef0 - - default default] project_id key not found in request, using tenant_id instead. This support has been deprecated and will be removed in a future release. [pid: 8|app: 0|req: 886/1669] 10.0.0.175 () {32 vars in 732 bytes} [Wed Jul 8 06:25:05 2026] GET /v2.0/policies/4beee4c7-0c6b-412a-9bc6-8460da762cae/tags => generated 34 bytes in 32 msecs (HTTP/1.1 200) 4 headers in 156 bytes (1 switches on core 0)
2026-07-08 06:25:05.944 8 WARNING tagging [None req-5547bf41-64c0-4fc8-afe5-f2134e0dc542 b22ac990826c4e6eb63aa57b2515f599 f61421f2854148f8844da3938b37cef0 - - default default] project_id key not found in request, using tenant_id instead. This support has been deprecated and will be removed in a future release. [pid: 8|app: 0|req: 887/1670] 10.0.0.175 () {34 vars in 759 bytes} [Wed Jul 8 06:25:05 2026] PUT /v2.0/policies/4beee4c7-0c6b-412a-9bc6-8460da762cae/tags/red => generated 4 bytes in 40 msecs (HTTP/1.1 201) 4 headers in 160 bytes (1 switches on core 0)
2026-07-08 06:25:06.094 7 INFO neutron.db.ovn_revision_numbers_db [None req-8e13e8dc-57b9-42ef-beff-c1bc9dc5bb00 a00d3be6a41e4470b15dcb2f40199a5f 60a74918fd714d1a8d07b9b54be6f7a5 - - default default] Successfully bumped revision number for resource a0d38c17-2c44-4d03-aded-dfd2e30c4da3 (type: router_ports) to 1 [pid: 7|app: 0|req: 784/1671] 10.0.0.175 () {34 vars in 782 bytes} [Wed Jul 8 06:25:04 2026] PUT /v2.0/routers/8ec50f5c-8c58-4b03-8924-e202912deec8/add_router_interface => generated 310 bytes in 1918 msecs (HTTP/1.1 200) 4 headers in 157 bytes (1 switches on core 0)
2026-07-08 06:25:06.122 7 WARNING tagging [None req-da1de0da-ec66-42fe-a5ac-10e7909a1adf b22ac990826c4e6eb63aa57b2515f599 f61421f2854148f8844da3938b37cef0 - - default default] project_id key not found in request, using tenant_id instead. This support has been deprecated and will be removed in a future release. [pid: 7|app: 0|req: 785/1672] 10.0.0.175 () {32 vars in 732 bytes} [Wed Jul 8 06:25:06 2026] GET /v2.0/policies/4beee4c7-0c6b-412a-9bc6-8460da762cae/tags => generated 34 bytes in 33 msecs (HTTP/1.1 200) 4 headers in 156 bytes (1 switches on core 0) [pid: 7|app: 0|req: 786/1673] 10.0.0.175 () {32 vars in 716 bytes} [Wed Jul 8 06:25:06 2026] GET /v2.0/ports/a0d38c17-2c44-4d03-aded-dfd2e30c4da3 => generated 941 bytes in 35 msecs (HTTP/1.1 200) 4 headers in 157 bytes (1 switches on core 0)
2026-07-08 06:25:06.188 7 WARNING tagging [None req-ee7e4baf-c131-4a33-b5cc-a8e257785c16 b22ac990826c4e6eb63aa57b2515f599 f61421f2854148f8844da3938b37cef0 - - default default] project_id key not found in request, using tenant_id instead. This support has been deprecated and will be removed in a future release. [pid: 7|app: 0|req: 787/1674] 10.0.0.175 () {34 vars in 781 bytes} [Wed Jul 8 06:25:06 2026] PUT /v2.0/policies/4beee4c7-0c6b-412a-9bc6-8460da762cae/tags/black.or.white => generated 4 bytes in 46 msecs (HTTP/1.1 201) 4 headers in 160 bytes (1 switches on core 0)
2026-07-08 06:25:06.235 8 INFO neutron_taas.services.taas.taas_plugin [None req-fb5920ac-7874-4424-b586-fc13d677e047 7284e562e19a4841a271e3457a2e9ff3 6511e556384d473b8e6818b7dca3217c - - default default] TaaS: Handle Delete Port: 5f0a51b8-0def-46c1-8421-cbd88011203c
2026-07-08 06:25:06.238 8 INFO neutron_taas.services.taas.tap_mirror_plugin [None req-fb5920ac-7874-4424-b586-fc13d677e047 7284e562e19a4841a271e3457a2e9ff3 6511e556384d473b8e6818b7dca3217c - - default default] Tap Mirror: Handle Delete Port: 5f0a51b8-0def-46c1-8421-cbd88011203c [pid: 7|app: 0|req: 788/1675] 10.0.0.175 () {32 vars in 716 bytes} [Wed Jul 8 06:25:06 2026] GET /v2.0/ports/a0d38c17-2c44-4d03-aded-dfd2e30c4da3 => generated 941 bytes in 34 msecs (HTTP/1.1 200) 4 headers in 157 bytes (1 switches on core 0)
2026-07-08 06:25:06.269 7 WARNING tagging [None req-79f8c974-d9df-4503-a98f-500e92eec812 b22ac990826c4e6eb63aa57b2515f599 f61421f2854148f8844da3938b37cef0 - - default default] project_id key not found in request, using tenant_id instead. This support has been deprecated and will be removed in a future release. [pid: 7|app: 0|req: 789/1676] 10.0.0.175 () {32 vars in 732 bytes} [Wed Jul 8 06:25:06 2026] GET /v2.0/policies/4beee4c7-0c6b-412a-9bc6-8460da762cae/tags => generated 52 bytes in 27 msecs (HTTP/1.1 200) 4 headers in 156 bytes (1 switches on core 0)
2026-07-08 06:25:06.300 7 WARNING tagging [None req-a07af814-5195-4cf0-9b0c-edccad59f310 b22ac990826c4e6eb63aa57b2515f599 f61421f2854148f8844da3938b37cef0 - - default default] project_id key not found in request, using tenant_id instead. This support has been deprecated and will be removed in a future release. [pid: 7|app: 0|req: 790/1677] 10.0.0.175 () {34 vars in 752 bytes} [Wed Jul 8 06:25:06 2026] PUT /v2.0/policies/4beee4c7-0c6b-412a-9bc6-8460da762cae/tags => generated 37 bytes in 38 msecs (HTTP/1.1 200) 4 headers in 156 bytes (1 switches on core 0) [pid: 7|app: 0|req: 791/1678] 10.0.0.175 () {32 vars in 716 bytes} [Wed Jul 8 06:25:06 2026] GET /v2.0/ports/948fd91b-c938-49df-89e1-eb296096a172 => generated 945 bytes in 54 msecs (HTTP/1.1 200) 4 headers in 157 bytes (1 switches on core 0)
2026-07-08 06:25:06.393 7 WARNING tagging [None req-4591c5c1-4cea-4f7d-afcc-81c9e82a73bf b22ac990826c4e6eb63aa57b2515f599 f61421f2854148f8844da3938b37cef0 - - default default] project_id key not found in request, using tenant_id instead. This support has been deprecated and will be removed in a future release. [pid: 7|app: 0|req: 792/1679] 10.0.0.175 () {32 vars in 732 bytes} [Wed Jul 8 06:25:06 2026] GET /v2.0/policies/4beee4c7-0c6b-412a-9bc6-8460da762cae/tags => generated 37 bytes in 25 msecs (HTTP/1.1 200) 4 headers in 156 bytes (1 switches on core 0)
2026-07-08 06:25:06.454 7 WARNING tagging [None req-824a56da-eb5d-4582-9ba7-7363b6651fc9 b22ac990826c4e6eb63aa57b2515f599 f61421f2854148f8844da3938b37cef0 - - default default] project_id key not found in request, using tenant_id instead. This support has been deprecated and will be removed in a future release. [pid: 7|app: 0|req: 793/1680] 10.0.0.175 () {32 vars in 740 bytes} [Wed Jul 8 06:25:06 2026] GET /v2.0/policies/4beee4c7-0c6b-412a-9bc6-8460da762cae/tags/red => generated 0 bytes in 62 msecs (HTTP/1.1 204) 2 headers in 112 bytes (1 switches on core 0)
2026-07-08 06:25:06.500 7 WARNING tagging [None req-2bda33fe-bbb1-4cff-ae19-893206f01c91 b22ac990826c4e6eb63aa57b2515f599 f61421f2854148f8844da3938b37cef0 - - default default] project_id key not found in request, using tenant_id instead. This support has been deprecated and will be removed in a future release.
