2026-07-08 06:25:58.238 8 WARNING neutron.scheduler.dhcp_agent_scheduler [None req-578fa102-de63-4ec4-9451-0af6f67bba7d 29fdc0a8665e498599ccfb6102c590f9 7d24e3942d824f2e8336d304cba63d3e - - default default] No more DHCP agents
2026-07-08 06:25:58.239 8 WARNING neutron.api.rpc.agentnotifiers.dhcp_rpc_agent_api [None req-578fa102-de63-4ec4-9451-0af6f67bba7d 29fdc0a8665e498599ccfb6102c590f9 7d24e3942d824f2e8336d304cba63d3e - - default default] Unable to schedule network a19d9dd7-8fb6-4371-a398-6823598aef96: no agents available; will retry on subsequent port and subnet creation events.
2026-07-08 06:25:58.248 7 INFO neutron.db.ovn_revision_numbers_db [None req-f82ba756-29c8-43eb-a603-b8699ed283fe fe157b691330450cac48e4da174d7dae 15ee17472994474cb4f9c112f8004791 - - default default] Successfully bumped revision number for resource f3cc303b-8856-471f-9965-c3065938948e (type: security_group_rules) to 0
2026-07-08 06:25:58.260 7 INFO neutron.db.ovn_revision_numbers_db [None req-f82ba756-29c8-43eb-a603-b8699ed283fe fe157b691330450cac48e4da174d7dae 15ee17472994474cb4f9c112f8004791 - - default default] Successfully bumped revision number for resource f62fedc4-d7e7-4cec-8d07-e866209f43a2 (type: security_group_rules) to 0
2026-07-08 06:25:58.364 7 INFO neutron.db.ovn_revision_numbers_db [None req-f82ba756-29c8-43eb-a603-b8699ed283fe fe157b691330450cac48e4da174d7dae 15ee17472994474cb4f9c112f8004791 - - default default] Successfully bumped revision number for resource abab0232-deea-44b3-821f-4eff130a3723 (type: security_groups) to 1
2026-07-08 06:25:58.375 7 INFO neutron.db.ovn_revision_numbers_db [None req-f82ba756-29c8-43eb-a603-b8699ed283fe fe157b691330450cac48e4da174d7dae 15ee17472994474cb4f9c112f8004791 - - default default] Successfully bumped revision number for resource 4ab93a82-31b1-4eda-9853-1b86f389a4c0 (type: security_group_rules) to 0
2026-07-08 06:25:58.385 7 INFO neutron.db.ovn_revision_numbers_db [None req-f82ba756-29c8-43eb-a603-b8699ed283fe fe157b691330450cac48e4da174d7dae 15ee17472994474cb4f9c112f8004791 - - default default] Successfully bumped revision number for resource a4354364-3367-45eb-9b5f-7f36fcded940 (type: security_group_rules) to 0 [pid: 7|app: 0|req: 983/2061] 10.0.0.175 () {34 vars in 683 bytes} [Wed Jul 8 06:25:57 2026] POST /v2.0/security-groups => generated 1601 bytes in 427 msecs (HTTP/1.1 201) 4 headers in 163 bytes (1 switches on core 0)
2026-07-08 06:25:58.446 7 WARNING tagging [None req-da769e34-9e8b-405e-b97f-86edac68039e fe157b691330450cac48e4da174d7dae 15ee17472994474cb4f9c112f8004791 - - default default] project_id key not found in request, using tenant_id instead. This support has been deprecated and will be removed in a future release. [pid: 7|app: 0|req: 984/2062] 10.0.0.175 () {34 vars in 766 bytes} [Wed Jul 8 06:25:58 2026] PUT /v2.0/security-groups/abab0232-deea-44b3-821f-4eff130a3723/tags => generated 25 bytes in 35 msecs (HTTP/1.1 200) 4 headers in 156 bytes (1 switches on core 0)
2026-07-08 06:25:58.487 7 WARNING tagging [None req-b5b35de0-7e5f-405c-952c-5c59ea88b2ba fe157b691330450cac48e4da174d7dae 15ee17472994474cb4f9c112f8004791 - - default default] project_id key not found in request, using tenant_id instead. This support has been deprecated and will be removed in a future release. [pid: 7|app: 0|req: 985/2063] 10.0.0.175 () {32 vars in 746 bytes} [Wed Jul 8 06:25:58 2026] GET /v2.0/security-groups/abab0232-deea-44b3-821f-4eff130a3723/tags => generated 25 bytes in 36 msecs (HTTP/1.1 200) 4 headers in 156 bytes (1 switches on core 0) [pid: 8|app: 0|req: 1079/2064] 10.0.0.175 () {34 vars in 675 bytes} [Wed Jul 8 06:25:58 2026] POST /v2.0/floatingips => generated 552 bytes in 496 msecs (HTTP/1.1 201) 4 headers in 162 bytes (1 switches on core 0)
2026-07-08 06:25:58.534 7 WARNING tagging [None req-87d1cbc2-7df6-46a0-aea6-95b668bc3289 fe157b691330450cac48e4da174d7dae 15ee17472994474cb4f9c112f8004791 - - default default] project_id key not found in request, using tenant_id instead. This support has been deprecated and will be removed in a future release. [pid: 7|app: 0|req: 986/2065] 10.0.0.175 () {34 vars in 777 bytes} [Wed Jul 8 06:25:58 2026] PUT /v2.0/security-groups/abab0232-deea-44b3-821f-4eff130a3723/tags/green => generated 4 bytes in 67 msecs (HTTP/1.1 201) 4 headers in 160 bytes (1 switches on core 0)
2026-07-08 06:25:58.609 7 WARNING tagging [None req-747c8355-da42-4f1b-a057-e40b1f5bc696 fe157b691330450cac48e4da174d7dae 15ee17472994474cb4f9c112f8004791 - - default default] project_id key not found in request, using tenant_id instead. This support has been deprecated and will be removed in a future release. [pid: 7|app: 0|req: 987/2066] 10.0.0.175 () {32 vars in 746 bytes} [Wed Jul 8 06:25:58 2026] GET /v2.0/security-groups/abab0232-deea-44b3-821f-4eff130a3723/tags => generated 34 bytes in 46 msecs (HTTP/1.1 200) 4 headers in 156 bytes (1 switches on core 0)
2026-07-08 06:25:58.655 7 WARNING tagging [None req-5eb6b5b9-0b65-4c5a-97ad-61c13f3e6ed1 fe157b691330450cac48e4da174d7dae 15ee17472994474cb4f9c112f8004791 - - default default] project_id key not found in request, using tenant_id instead. This support has been deprecated and will be removed in a future release. [pid: 7|app: 0|req: 988/2067] 10.0.0.175 () {34 vars in 773 bytes} [Wed Jul 8 06:25:58 2026] PUT /v2.0/security-groups/abab0232-deea-44b3-821f-4eff130a3723/tags/red => generated 4 bytes in 52 msecs (HTTP/1.1 201) 4 headers in 160 bytes (1 switches on core 0)
2026-07-08 06:25:58.720 7 WARNING tagging [None req-55ede88b-1943-43c1-ac85-46b0a330ee44 fe157b691330450cac48e4da174d7dae 15ee17472994474cb4f9c112f8004791 - - default default] project_id key not found in request, using tenant_id instead. This support has been deprecated and will be removed in a future release. [pid: 7|app: 0|req: 989/2068] 10.0.0.175 () {32 vars in 746 bytes} [Wed Jul 8 06:25:58 2026] GET /v2.0/security-groups/abab0232-deea-44b3-821f-4eff130a3723/tags => generated 34 bytes in 44 msecs (HTTP/1.1 200) 4 headers in 156 bytes (1 switches on core 0)
2026-07-08 06:25:58.759 7 WARNING tagging [None req-bb6f9f3a-1119-4efd-a7f4-83f1960e4d50 fe157b691330450cac48e4da174d7dae 15ee17472994474cb4f9c112f8004791 - - default default] project_id key not found in request, using tenant_id instead. This support has been deprecated and will be removed in a future release.
2026-07-08 06:25:58.763 8 WARNING neutron.scheduler.dhcp_agent_scheduler [None req-c58937a9-a1b2-4db1-a32f-4bdfa63ffbde 29fdc0a8665e498599ccfb6102c590f9 7d24e3942d824f2e8336d304cba63d3e - - default default] No more DHCP agents
2026-07-08 06:25:58.764 8 WARNING neutron.api.rpc.agentnotifiers.dhcp_rpc_agent_api [None req-c58937a9-a1b2-4db1-a32f-4bdfa63ffbde 29fdc0a8665e498599ccfb6102c590f9 7d24e3942d824f2e8336d304cba63d3e - - default default] Unable to schedule network a19d9dd7-8fb6-4371-a398-6823598aef96: no agents available; will retry on subsequent port and subnet creation events. [pid: 7|app: 0|req: 990/2069] 10.0.0.175 () {34 vars in 795 bytes} [Wed Jul 8 06:25:58 2026] PUT /v2.0/security-groups/abab0232-deea-44b3-821f-4eff130a3723/tags/black.or.white => generated 4 bytes in 55 msecs (HTTP/1.1 201) 4 headers in 160 bytes (1 switches on core 0)
2026-07-08 06:25:58.815 7 WARNING tagging [None req-96a82521-94bf-4824-bbfb-9a653603cc81 fe157b691330450cac48e4da174d7dae 15ee17472994474cb4f9c112f8004791 - - default default] project_id key not found in request, using tenant_id instead. This support has been deprecated and will be removed in a future release. [pid: 7|app: 0|req: 991/2070] 10.0.0.175 () {32 vars in 746 bytes} [Wed Jul 8 06:25:58 2026] GET /v2.0/security-groups/abab0232-deea-44b3-821f-4eff130a3723/tags => generated 52 bytes in 32 msecs (HTTP/1.1 200) 4 headers in 156 bytes (1 switches on core 0)
2026-07-08 06:25:58.849 7 WARNING tagging [None req-584eb172-26d0-468b-b49a-104af70a4304 fe157b691330450cac48e4da174d7dae 15ee17472994474cb4f9c112f8004791 - - default default] project_id key not found in request, using tenant_id instead. This support has been deprecated and will be removed in a future release. [pid: 7|app: 0|req: 992/2071] 10.0.0.175 () {34 vars in 766 bytes} [Wed Jul 8 06:25:58 2026] PUT /v2.0/security-groups/abab0232-deea-44b3-821f-4eff130a3723/tags => generated 37 bytes in 45 msecs (HTTP/1.1 200) 4 headers in 156 bytes (1 switches on core 0)
2026-07-08 06:25:58.901 7 WARNING tagging [None req-a4233ffc-e533-4ad9-a08e-4974b6fd3969 fe157b691330450cac48e4da174d7dae 15ee17472994474cb4f9c112f8004791 - - default default] project_id key not found in request, using tenant_id instead. This support has been deprecated and will be removed in a future release. [pid: 7|app: 0|req: 993/2072] 10.0.0.175 () {32 vars in 746 bytes} [Wed Jul 8 06:25:58 2026] GET /v2.0/security-groups/abab0232-deea-44b3-821f-4eff130a3723/tags => generated 37 bytes in 31 msecs (HTTP/1.1 200) 4 headers in 156 bytes (1 switches on core 0)
2026-07-08 06:25:58.936 7 WARNING tagging [None req-870503c3-6c4d-4848-a2ad-d250b2b31b7e fe157b691330450cac48e4da174d7dae 15ee17472994474cb4f9c112f8004791 - - default default] project_id key not found in request, using tenant_id instead. This support has been deprecated and will be removed in a future release. [pid: 7|app: 0|req: 994/2073] 10.0.0.175 () {32 vars in 754 bytes} [Wed Jul 8 06:25:58 2026] GET /v2.0/security-groups/abab0232-deea-44b3-821f-4eff130a3723/tags/red => generated 0 bytes in 35 msecs (HTTP/1.1 204) 2 headers in 112 bytes (1 switches on core 0)
2026-07-08 06:25:58.973 7 WARNING tagging [None req-958b206f-24d1-42b8-a72a-052b045e99d4 fe157b691330450cac48e4da174d7dae 15ee17472994474cb4f9c112f8004791 - - default default] project_id key not found in request, using tenant_id instead. This support has been deprecated and will be removed in a future release.
2026-07-08 06:25:58.982 7 INFO neutron.api.v2.resource [None req-958b206f-24d1-42b8-a72a-052b045e99d4 fe157b691330450cac48e4da174d7dae 15ee17472994474cb4f9c112f8004791 - - default default] show failed (client error): The resource could not be found. [pid: 7|app: 0|req: 995/2074] 10.0.0.175 () {32 vars in 758 bytes} [Wed Jul 8 06:25:58 2026] GET /v2.0/security-groups/abab0232-deea-44b3-821f-4eff130a3723/tags/green => generated 99 bytes in 29 msecs (HTTP/1.1 404) 4 headers in 163 bytes (1 switches on core 0)
2026-07-08 06:25:59.016 7 WARNING tagging [None req-45e1eac4-a4cf-4c17-9a60-5ad527701799 fe157b691330450cac48e4da174d7dae 15ee17472994474cb4f9c112f8004791 - - default default] project_id key not found in request, using tenant_id instead. This support has been deprecated and will be removed in a future release. [pid: 7|app: 0|req: 996/2075] 10.0.0.175 () {32 vars in 757 bytes} [Wed Jul 8 06:25:58 2026] DELETE /v2.0/security-groups/abab0232-deea-44b3-821f-4eff130a3723/tags/red => generated 0 bytes in 51 msecs (HTTP/1.1 204) 2 headers in 112 bytes (1 switches on core 0) [pid: 8|app: 0|req: 1080/2076] 10.0.0.175 () {34 vars in 675 bytes} [Wed Jul 8 06:25:58 2026] POST /v2.0/floatingips => generated 552 bytes in 527 msecs (HTTP/1.1 201) 4 headers in 162 bytes (1 switches on core 0)
2026-07-08 06:25:59.071 7 WARNING tagging [None req-164c99e4-ff43-46dd-b481-e73d59de9d5f fe157b691330450cac48e4da174d7dae 15ee17472994474cb4f9c112f8004791 - - default default] project_id key not found in request, using tenant_id instead. This support has been deprecated and will be removed in a future release. [pid: 7|app: 0|req: 997/2077] 10.0.0.175 () {32 vars in 746 bytes} [Wed Jul 8 06:25:59 2026] GET /v2.0/security-groups/abab0232-deea-44b3-821f-4eff130a3723/tags => generated 30 bytes in 45 msecs (HTTP/1.1 200) 4 headers in 156 bytes (1 switches on core 0)
2026-07-08 06:25:59.123 7 WARNING tagging [None req-6e95cdc2-c62c-4fe6-881f-d74556152070 fe157b691330450cac48e4da174d7dae 15ee17472994474cb4f9c112f8004791 - - default default] project_id key not found in request, using tenant_id instead. This support has been deprecated and will be removed in a future release.
2026-07-08 06:25:59.140 7 INFO neutron.api.v2.resource [None req-6e95cdc2-c62c-4fe6-881f-d74556152070 fe157b691330450cac48e4da174d7dae 15ee17472994474cb4f9c112f8004791 - - default default] delete failed (client error): The resource could not be found. [pid: 7|app: 0|req: 998/2078] 10.0.0.175 () {32 vars in 761 bytes} [Wed Jul 8 06:25:59 2026] DELETE /v2.0/security-groups/abab0232-deea-44b3-821f-4eff130a3723/tags/green => generated 99 bytes in 46 msecs (HTTP/1.1 404) 4 headers in 163 bytes (1 switches on core 0)
2026-07-08 06:25:59.179 7 WARNING tagging [None req-dbd344c1-5d49-40c9-b7ec-83e3e0091804 fe157b691330450cac48e4da174d7dae 15ee17472994474cb4f9c112f8004791 - - default default] project_id key not found in request, using tenant_id instead. This support has been deprecated and will be removed in a future release. [pid: 7|app: 0|req: 999/2079] 10.0.0.175 () {32 vars in 749 bytes} [Wed Jul 8 06:25:59 2026] DELETE /v2.0/security-groups/abab0232-deea-44b3-821f-4eff130a3723/tags => generated 0 bytes in 56 msecs (HTTP/1.1 204) 2 headers in 112 bytes (1 switches on core 0)
2026-07-08 06:25:59.228 7 WARNING tagging [None req-f9847760-362b-4a1e-96d0-44484fe37823 fe157b691330450cac48e4da174d7dae 15ee17472994474cb4f9c112f8004791 - - default default] project_id key not found in request, using tenant_id instead. This support has been deprecated and will be removed in a future release. [pid: 7|app: 0|req: 1000/2080] 10.0.0.175 () {32 vars in 746 bytes} [Wed Jul 8 06:25:59 2026] GET /v2.0/security-groups/abab0232-deea-44b3-821f-4eff130a3723/tags => generated 12 bytes in 28 msecs (HTTP/1.1 200) 4 headers in 156 bytes (1 switches on core 0)
2026-07-08 06:25:59.260 8 WARNING neutron.scheduler.dhcp_agent_scheduler [None req-8016dc9a-c81f-47aa-8fb9-37b53ada6a1f 29fdc0a8665e498599ccfb6102c590f9 7d24e3942d824f2e8336d304cba63d3e - - default default] No more DHCP agents
2026-07-08 06:25:59.262 8 WARNING neutron.api.rpc.agentnotifiers.dhcp_rpc_agent_api [None req-8016dc9a-c81f-47aa-8fb9-37b53ada6a1f 29fdc0a8665e498599ccfb6102c590f9 7d24e3942d824f2e8336d304cba63d3e - - default default] Unable to schedule network a19d9dd7-8fb6-4371-a398-6823598aef96: no agents available; will retry on subsequent port and subnet creation events. [pid: 7|app: 0|req: 1001/2081] 10.0.0.175 () {32 vars in 739 bytes} [Wed Jul 8 06:25:59 2026] DELETE /v2.0/security-groups/abab0232-deea-44b3-821f-4eff130a3723 => generated 0 bytes in 120 msecs (HTTP/1.1 204) 2 headers in 112 bytes (1 switches on core 0) [pid: 8|app: 0|req: 1081/2082] 10.0.0.175 () {34 vars in 675 bytes} [Wed Jul 8 06:25:59 2026] POST /v2.0/floatingips => generated 552 bytes in 476 msecs (HTTP/1.1 201) 4 headers in 162 bytes (1 switches on core 0)
2026-07-08 06:25:59.583 7 WARNING tagging [None req-5f43da6c-c712-4cfa-912f-c2524e7ba791 29fdc0a8665e498599ccfb6102c590f9 7d24e3942d824f2e8336d304cba63d3e - - default default] project_id key not found in request, using tenant_id instead. This support has been deprecated and will be removed in a future release. [pid: 7|app: 0|req: 1002/2083] 10.0.0.175 () {34 vars in 758 bytes} [Wed Jul 8 06:25:59 2026] PUT /v2.0/floatingips/d6b9f724-482c-4ac0-a47c-8a19f177313a/tags => generated 17 bytes in 69 msecs (HTTP/1.1 200) 4 headers in 156 bytes (1 switches on core 0)
2026-07-08 06:25:59.642 8 WARNING tagging [None req-3960a513-4c4b-4a53-b952-8e9571e2ca7b 29fdc0a8665e498599ccfb6102c590f9 7d24e3942d824f2e8336d304cba63d3e - - default default] project_id key not found in request, using tenant_id instead. This support has been deprecated and will be removed in a future release. [pid: 8|app: 0|req: 1082/2084] 10.0.0.175 () {34 vars in 758 bytes} [Wed Jul 8 06:25:59 2026] PUT /v2.0/floatingips/5b6b8e80-c582-454b-ac03-272f1b4fa592/tags => generated 25 bytes in 60 msecs (HTTP/1.1 200) 4 headers in 156 bytes (1 switches on core 0)
2026-07-08 06:25:59.705 7 WARNING tagging [None req-02070c18-c8b5-4e0e-8a89-e1e2c43c8bc2 29fdc0a8665e498599ccfb6102c590f9 7d24e3942d824f2e8336d304cba63d3e - - default default] project_id key not found in request, using tenant_id instead. This support has been deprecated and will be removed in a future release. [pid: 7|app: 0|req: 1003/2087] 10.0.0.175 () {34 vars in 758 bytes} [Wed Jul 8 06:25:59 2026] PUT /v2.0/floatingips/d956a2fe-f634-4065-972c-dfa014d7ed74/tags => generated 34 bytes in 55 msecs (HTTP/1.1 200) 4 headers in 156 bytes (1 switches on core 0)
2026-07-08 06:25:59.764 8 WARNING tagging [None req-31142fb6-5db5-49ac-a8b8-b5520b4feece 29fdc0a8665e498599ccfb6102c590f9 7d24e3942d824f2e8336d304cba63d3e - - default default] project_id key not found in request, using tenant_id instead. This support has been deprecated and will be removed in a future release. [pid: 8|app: 0|req: 1085/2088] 10.0.0.175 () {34 vars in 758 bytes} [Wed Jul 8 06:25:59 2026] PUT /v2.0/floatingips/a8098aa0-68fe-4a8a-8d2a-e600252a23a0/tags => generated 19 bytes in 49 msecs (HTTP/1.1 200) 4 headers in 156 bytes (1 switches on core 0) [pid: 7|app: 0|req: 1004/2089] 10.0.0.175 () {32 vars in 671 bytes} [Wed Jul 8 06:25:59 2026] GET /v2.0/floatingips?tags=red => generated 1671 bytes in 62 msecs (HTTP/1.1 200) 4 headers in 158 bytes (1 switches on core 0) [pid: 8|app: 0|req: 1086/2090] 10.0.0.175 () {32 vars in 685 bytes} [Wed Jul 8 06:25:59 2026] GET /v2.0/floatingips?tags=red%2Cblue => generated 1128 bytes in 49 msecs (HTTP/1.1 200) 4 headers in 158 bytes (1 switches on core 0) [pid: 7|app: 0|req: 1005/2091] 10.0.0.175 () {32 vars in 681 bytes} [Wed Jul 8 06:25:59 2026] GET /v2.0/floatingips?tags-any=blue => generated 1128 bytes in 46 msecs (HTTP/1.1 200) 4 headers in 158 bytes (1 switches on core 0) [pid: 8|app: 0|req: 1087/2092] 10.0.0.175 () {32 vars in 693 bytes} [Wed Jul 8 06:25:59 2026] GET /v2.0/floatingips?tags-any=red%2Cblue => generated 1671 bytes in 44 msecs (HTTP/1.1 200) 4 headers in 158 bytes (1 switches on core 0) [pid: 7|app: 0|req: 1006/2093] 10.0.0.175 () {32 vars in 679 bytes} [Wed Jul 8 06:26:00 2026] GET /v2.0/floatingips?not-tags=red => generated 1100 bytes in 53 msecs (HTTP/1.1 200) 4 headers in 158 bytes (1 switches on core 0) [pid: 7|app: 0|req: 1007/2094] 10.0.0.175 () {32 vars in 693 bytes} [Wed Jul 8 06:26:00 2026] GET /v2.0/floatingips?not-tags=red%2Cblue => generated 1643 bytes in 46 msecs (HTTP/1.1 200) 4 headers in 158 bytes (1 switches on core 0) [pid: 7|app: 0|req: 1008/2095] 10.0.0.175 () {32 vars in 689 bytes} [Wed Jul 8 06:26:00 2026] GET /v2.0/floatingips?not-tags-any=blue => generated 1643 bytes in 45 msecs (HTTP/1.1 200) 4 headers in 158 bytes (1 switches on core 0) [pid: 7|app: 0|req: 1009/2096] 10.0.0.175 () {32 vars in 701 bytes} [Wed Jul 8 06:26:00 2026] GET /v2.0/floatingips?not-tags-any=red%2Cblue => generated 1100 bytes in 24 msecs (HTTP/1.1 200) 4 headers in 158 bytes (1 switches on core 0)
2026-07-08 06:26:00.215 8 WARNING neutron.db.securitygroups_db [None req-dfa90823-9f67-46fe-bf76-2ec9c52cf2b6 7284e562e19a4841a271e3457a2e9ff3 6511e556384d473b8e6818b7dca3217c - - default default] project_id key not found in filters, using tenant_id instead. This support has been deprecated and will be removed in a future release.
2026-07-08 06:26:00.321 7 INFO neutron_taas.services.taas.taas_plugin [None req-eec76290-539a-46f7-b499-c55326ebde67 29fdc0a8665e498599ccfb6102c590f9 7d24e3942d824f2e8336d304cba63d3e - - default default] TaaS: Handle Delete Port: 79dfd271-0e0d-41cc-a9de-4b8a15a03c3e
2026-07-08 06:26:00.324 7 INFO neutron_taas.services.taas.tap_mirror_plugin [None req-eec76290-539a-46f7-b499-c55326ebde67 29fdc0a8665e498599ccfb6102c590f9 7d24e3942d824f2e8336d304cba63d3e - - default default] Tap Mirror: Handle Delete Port: 79dfd271-0e0d-41cc-a9de-4b8a15a03c3e
2026-07-08 06:26:00.350 8 INFO neutron.db.ovn_revision_numbers_db [None req-dfa90823-9f67-46fe-bf76-2ec9c52cf2b6 7284e562e19a4841a271e3457a2e9ff3 6511e556384d473b8e6818b7dca3217c - - default default] Successfully bumped revision number for resource 4616eb86-8ec4-41dd-855c-7d901bccb885 (type: security_groups) to 1
2026-07-08 06:26:00.362 8 INFO neutron.db.ovn_revision_numbers_db [None req-dfa90823-9f67-46fe-bf76-2ec9c52cf2b6 7284e562e19a4841a271e3457a2e9ff3 6511e556384d473b8e6818b7dca3217c - - default default] Successfully bumped revision number for resource 3801a5d0-fac4-4a26-9dfd-d9e99cd547a5 (type: security_group_rules) to 0
2026-07-08 06:26:00.373 8 INFO neutron.db.ovn_revision_numbers_db [None req-dfa90823-9f67-46fe-bf76-2ec9c52cf2b6 7284e562e19a4841a271e3457a2e9ff3 6511e556384d473b8e6818b7dca3217c - - default default] Successfully bumped revision number for resource a05fafa6-75a3-471d-909c-b8cb3d716637 (type: security_group_rules) to 0
2026-07-08 06:26:00.396 8 INFO neutron.db.ovn_revision_numbers_db [None req-dfa90823-9f67-46fe-bf76-2ec9c52cf2b6 7284e562e19a4841a271e3457a2e9ff3 6511e556384d473b8e6818b7dca3217c - - default default] Successfully bumped revision number for resource bf887491-04ca-4aab-b6f4-958eadd390d0 (type: security_group_rules) to 0
2026-07-08 06:26:00.408 8 INFO neutron.db.ovn_revision_numbers_db [None req-dfa90823-9f67-46fe-bf76-2ec9c52cf2b6 7284e562e19a4841a271e3457a2e9ff3 6511e556384d473b8e6818b7dca3217c - - default default] Successfully bumped revision number for resource d9febe52-b9f3-4ffe-8ded-c9633a908d91 (type: security_group_rules) to 0 [pid: 8|app: 0|req: 1088/2097] 10.0.0.175 () {32 vars in 773 bytes} [Wed Jul 8 06:26:00 2026] GET /v2.0/security-groups?tenant_id=4e21f4a9db59454095e231a32a5e751f&name=default => generated 2925 bytes in 385 msecs (HTTP/1.1 200) 4 headers in 158 bytes (1 switches on core 0) [pid: 7|app: 0|req: 1010/2098] 10.0.0.175 () {32 vars in 731 bytes} [Wed Jul 8 06:26:00 2026] DELETE /v2.0/floatingips/d6b9f724-482c-4ac0-a47c-8a19f177313a => generated 0 bytes in 284 msecs (HTTP/1.1 204) 2 headers in 112 bytes (1 switches on core 0)
2026-07-08 06:26:00.661 7 INFO neutron_taas.services.taas.taas_plugin [None req-bd9fc489-c3f7-4ddd-936d-2e49a28c5be7 29fdc0a8665e498599ccfb6102c590f9 7d24e3942d824f2e8336d304cba63d3e - - default default] TaaS: Handle Delete Port: 19322797-e083-46de-ba18-04d8f758a067
2026-07-08 06:26:00.664 7 INFO neutron_taas.services.taas.tap_mirror_plugin [None req-bd9fc489-c3f7-4ddd-936d-2e49a28c5be7 29fdc0a8665e498599ccfb6102c590f9 7d24e3942d824f2e8336d304cba63d3e - - default default] Tap Mirror: Handle Delete Port: 19322797-e083-46de-ba18-04d8f758a067 [pid: 8|app: 0|req: 1089/2099] 10.0.0.175 () {32 vars in 739 bytes} [Wed Jul 8 06:26:00 2026] DELETE /v2.0/security-groups/4616eb86-8ec4-41dd-855c-7d901bccb885 => generated 0 bytes in 223 msecs (HTTP/1.1 204) 2 headers in 112 bytes (1 switches on core 0)
2026-07-08 06:26:00.760 8 WARNING neutron.db.securitygroups_db [None req-20a9648c-ea64-45bf-98ed-1e0e62f9298d 7284e562e19a4841a271e3457a2e9ff3 6511e556384d473b8e6818b7dca3217c - - default default] project_id key not found in filters, using tenant_id instead. This support has been deprecated and will be removed in a future release. [pid: 8|app: 0|req: 1090/2100] 10.0.0.175 () {32 vars in 773 bytes} [Wed Jul 8 06:26:00 2026] GET /v2.0/security-groups?tenant_id=15ee17472994474cb4f9c112f8004791&name=default => generated 2925 bytes in 33 msecs (HTTP/1.1 200) 4 headers in 158 bytes (1 switches on core 0) [pid: 7|app: 0|req: 1011/2101] 10.0.0.175 () {32 vars in 731 bytes} [Wed Jul 8 06:26:00 2026] DELETE /v2.0/floatingips/5b6b8e80-c582-454b-ac03-272f1b4fa592 => generated 0 bytes in 335 msecs (HTTP/1.1 204) 2 headers in 112 bytes (1 switches on core 0) [pid: 8|app: 0|req: 1091/2102] 10.0.0.175 () {32 vars in 739 bytes} [Wed Jul 8 06:26:00 2026] DELETE /v2.0/security-groups/278169c2-6cc6-4696-aca8-401fdcc0e77d => generated 0 bytes in 199 msecs (HTTP/1.1 204) 2 headers in 112 bytes (1 switches on core 0)
2026-07-08 06:26:01.008 7 INFO neutron_taas.services.taas.taas_plugin [None req-86fb2bf1-d17c-4af5-9181-aefb21ea3310 29fdc0a8665e498599ccfb6102c590f9 7d24e3942d824f2e8336d304cba63d3e - - default default] TaaS: Handle Delete Port: 15e67b7c-0b2c-449a-9c79-6e73655b44f5
2026-07-08 06:26:01.011 7 INFO neutron_taas.services.taas.tap_mirror_plugin [None req-86fb2bf1-d17c-4af5-9181-aefb21ea3310 29fdc0a8665e498599ccfb6102c590f9 7d24e3942d824f2e8336d304cba63d3e - - default default] Tap Mirror: Handle Delete Port: 15e67b7c-0b2c-449a-9c79-6e73655b44f5 [pid: 7|app: 0|req: 1012/2103] 10.0.0.175 () {32 vars in 731 bytes} [Wed Jul 8 06:26:00 2026] DELETE /v2.0/floatingips/d956a2fe-f634-4065-972c-dfa014d7ed74 => generated 0 bytes in 328 msecs (HTTP/1.1 204) 2 headers in 112 bytes (1 switches on core 0)
2026-07-08 06:26:01.277 8 INFO neutron_taas.services.taas.taas_plugin [None req-c65950a2-916c-45b1-a10a-40ef9fb805cf 29fdc0a8665e498599ccfb6102c590f9 7d24e3942d824f2e8336d304cba63d3e - - default default] TaaS: Handle Delete Port: cc398fe8-0bae-4e1d-b644-5523c9fe8aae
2026-07-08 06:26:01.280 8 INFO neutron_taas.services.taas.tap_mirror_plugin [None req-c65950a2-916c-45b1-a10a-40ef9fb805cf 29fdc0a8665e498599ccfb6102c590f9 7d24e3942d824f2e8336d304cba63d3e - - default default] Tap Mirror: Handle Delete Port: cc398fe8-0bae-4e1d-b644-5523c9fe8aae [pid: 8|app: 0|req: 1092/2104] 10.0.0.175 () {32 vars in 731 bytes} [Wed Jul 8 06:26:01 2026] DELETE /v2.0/floatingips/a8098aa0-68fe-4a8a-8d2a-e600252a23a0 => generated 0 bytes in 270 msecs (HTTP/1.1 204) 2 headers in 112 bytes (1 switches on core 0)
2026-07-08 06:26:01.578 7 INFO neutron_taas.services.taas.taas_plugin [None req-d0fd035a-9093-4e0c-a373-b506f57f977c 29fdc0a8665e498599ccfb6102c590f9 7d24e3942d824f2e8336d304cba63d3e - - default default] TaaS: Handle Delete Port: 5440424a-7c65-4a10-8690-e8dd98fa77f4
2026-07-08 06:26:01.580 7 INFO neutron_taas.services.taas.tap_mirror_plugin [None req-d0fd035a-9093-4e0c-a373-b506f57f977c 29fdc0a8665e498599ccfb6102c590f9 7d24e3942d824f2e8336d304cba63d3e - - default default] Tap Mirror: Handle Delete Port: 5440424a-7c65-4a10-8690-e8dd98fa77f4 [pid: 7|app: 0|req: 1013/2105] 10.0.0.175 () {32 vars in 731 bytes} [Wed Jul 8 06:26:01 2026] DELETE /v2.0/floatingips/3c98aa5f-4f8c-46e7-b992-0948d4953b2b => generated 0 bytes in 300 msecs (HTTP/1.1 204) 2 headers in 112 bytes (1 switches on core 0)
2026-07-08 06:26:02.673 8 WARNING neutron.db.securitygroups_db [None req-caaaa1e0-b49c-4b90-a2cb-0aacccccbc15 7284e562e19a4841a271e3457a2e9ff3 6511e556384d473b8e6818b7dca3217c - - default default] project_id key not found in filters, using tenant_id instead. This support has been deprecated and will be removed in a future release.
2026-07-08 06:26:02.809 8 INFO neutron.db.ovn_revision_numbers_db [None req-caaaa1e0-b49c-4b90-a2cb-0aacccccbc15 7284e562e19a4841a271e3457a2e9ff3 6511e556384d473b8e6818b7dca3217c - - default default] Successfully bumped revision number for resource 2f7891f1-3b61-4875-9a81-5217c902bb9e (type: security_groups) to 1
2026-07-08 06:26:02.825 8 INFO neutron.db.ovn_revision_numbers_db [None req-caaaa1e0-b49c-4b90-a2cb-0aacccccbc15 7284e562e19a4841a271e3457a2e9ff3 6511e556384d473b8e6818b7dca3217c - - default default] Successfully bumped revision number for resource b6b036a3-66c5-4159-9e48-7841fd116fb9 (type: security_group_rules) to 0
2026-07-08 06:26:02.837 8 INFO neutron.db.ovn_revision_numbers_db [None req-caaaa1e0-b49c-4b90-a2cb-0aacccccbc15 7284e562e19a4841a271e3457a2e9ff3 6511e556384d473b8e6818b7dca3217c - - default default] Successfully bumped revision number for resource d3e1dd3f-bf75-48a5-8454-a89bfc0e7fde (type: security_group_rules) to 0
2026-07-08 06:26:02.850 8 INFO neutron.db.ovn_revision_numbers_db [None req-caaaa1e0-b49c-4b90-a2cb-0aacccccbc15 7284e562e19a4841a271e3457a2e9ff3 6511e556384d473b8e6818b7dca3217c - - default default] Successfully bumped revision number for resource d69182ab-8f0f-450d-80a1-d68e3fbbb31d (type: security_group_rules) to 0
2026-07-08 06:26:02.863 8 INFO neutron.db.ovn_revision_numbers_db [None req-caaaa1e0-b49c-4b90-a2cb-0aacccccbc15 7284e562e19a4841a271e3457a2e9ff3 6511e556384d473b8e6818b7dca3217c - - default default] Successfully bumped revision number for resource e010e0d3-092b-4267-bc98-87e4a02908cd (type: security_group_rules) to 0 [pid: 8|app: 0|req: 1093/2106] 10.0.0.175 () {32 vars in 773 bytes} [Wed Jul 8 06:26:02 2026] GET /v2.0/security-groups?tenant_id=7d24e3942d824f2e8336d304cba63d3e&name=default => generated 2925 bytes in 443 msecs (HTTP/1.1 200) 4 headers in 158 bytes (1 switches on core 0) [pid: 7|app: 0|req: 1014/2107] 10.0.0.175 () {32 vars in 739 bytes} [Wed Jul 8 06:26:02 2026] DELETE /v2.0/security-groups/2f7891f1-3b61-4875-9a81-5217c902bb9e => generated 0 bytes in 190 msecs (HTTP/1.1 204) 2 headers in 112 bytes (1 switches on core 0)
2026-07-08 06:26:03.190 8 WARNING neutron.db.securitygroups_db [None req-59311b7d-b8a6-40bc-9c1e-7f9e92f6054d 7284e562e19a4841a271e3457a2e9ff3 6511e556384d473b8e6818b7dca3217c - - default default] project_id key not found in filters, using tenant_id instead. This support has been deprecated and will be removed in a future release.
2026-07-08 06:26:03.320 8 INFO neutron.db.ovn_revision_numbers_db [None req-59311b7d-b8a6-40bc-9c1e-7f9e92f6054d 7284e562e19a4841a271e3457a2e9ff3 6511e556384d473b8e6818b7dca3217c - - default default] Successfully bumped revision number for resource ce039697-3ba4-4912-9dd6-2541b2e1dc17 (type: security_groups) to 1
2026-07-08 06:26:03.330 8 INFO neutron.db.ovn_revision_numbers_db [None req-59311b7d-b8a6-40bc-9c1e-7f9e92f6054d 7284e562e19a4841a271e3457a2e9ff3 6511e556384d473b8e6818b7dca3217c - - default default] Successfully bumped revision number for resource 44f7b8f1-8efb-4222-ae75-8e8d6f42b169 (type: security_group_rules) to 0
2026-07-08 06:26:03.342 8 INFO neutron.db.ovn_revision_numbers_db [None req-59311b7d-b8a6-40bc-9c1e-7f9e92f6054d 7284e562e19a4841a271e3457a2e9ff3 6511e556384d473b8e6818b7dca3217c - - default default] Successfully bumped revision number for resource 6b392944-bc57-4829-9fd9-308eda67ff79 (type: security_group_rules) to 0
2026-07-08 06:26:03.352 8 INFO neutron.db.ovn_revision_numbers_db [None req-59311b7d-b8a6-40bc-9c1e-7f9e92f6054d 7284e562e19a4841a271e3457a2e9ff3 6511e556384d473b8e6818b7dca3217c - - default default] Successfully bumped revision number for resource 9144afa4-1aa9-4a2e-b0ed-11d9fc353180 (type: security_group_rules) to 0
2026-07-08 06:26:03.367 8 INFO neutron.db.ovn_revision_numbers_db [None req-59311b7d-b8a6-40bc-9c1e-7f9e92f6054d 7284e562e19a4841a271e3457a2e9ff3 6511e556384d473b8e6818b7dca3217c - - default default] Successfully bumped revision number for resource f764c90d-97d7-4df9-9196-5a902a03514e (type: security_group_rules) to 0 [pid: 8|app: 0|req: 1094/2108] 10.0.0.175 () {32 vars in 773 bytes} [Wed Jul 8 06:26:03 2026] GET /v2.0/security-groups?tenant_id=def44f1500944619959b2f33f9d43ca3&name=default => generated 2925 bytes in 214 msecs (HTTP/1.1 200) 4 headers in 158 bytes (1 switches on core 0) [pid: 7|app: 0|req: 1015/2109] 10.0.0.175 () {32 vars in 739 bytes} [Wed Jul 8 06:26:03 2026] DELETE /v2.0/security-groups/ce039697-3ba4-4912-9dd6-2541b2e1dc17 => generated 0 bytes in 193 msecs (HTTP/1.1 204) 2 headers in 112 bytes (1 switches on core 0)
2026-07-08 06:26:03.741 8 WARNING neutron.db.securitygroups_db [None req-112a1bb3-c6ce-4fc5-9bb3-30acd3bc326e 7284e562e19a4841a271e3457a2e9ff3 6511e556384d473b8e6818b7dca3217c - - default default] project_id key not found in filters, using tenant_id instead. This support has been deprecated and will be removed in a future release.
2026-07-08 06:26:03.877 8 INFO neutron.db.ovn_revision_numbers_db [None req-112a1bb3-c6ce-4fc5-9bb3-30acd3bc326e 7284e562e19a4841a271e3457a2e9ff3 6511e556384d473b8e6818b7dca3217c - - default default] Successfully bumped revision number for resource 66658e84-dd87-4fb3-9842-8bbc28242ade (type: security_groups) to 1
2026-07-08 06:26:03.885 8 INFO neutron.db.ovn_revision_numbers_db [None req-112a1bb3-c6ce-4fc5-9bb3-30acd3bc326e 7284e562e19a4841a271e3457a2e9ff3 6511e556384d473b8e6818b7dca3217c - - default default] Successfully bumped revision number for resource 5ce9ce49-d243-4d08-b828-6db8f79328d2 (type: security_group_rules) to 0
2026-07-08 06:26:03.897 8 INFO neutron.db.ovn_revision_numbers_db [None req-112a1bb3-c6ce-4fc5-9bb3-30acd3bc326e 7284e562e19a4841a271e3457a2e9ff3 6511e556384d473b8e6818b7dca3217c - - default default] Successfully bumped revision number for resource 6f9d383f-dc97-4160-a16a-10866da01cea (type: security_group_rules) to 0
2026-07-08 06:26:03.908 8 INFO neutron.db.ovn_revision_numbers_db [None req-112a1bb3-c6ce-4fc5-9bb3-30acd3bc326e 7284e562e19a4841a271e3457a2e9ff3 6511e556384d473b8e6818b7dca3217c - - default default] Successfully bumped revision number for resource 79b8d8c2-4f72-48a4-bc21-bd4355644783 (type: security_group_rules) to 0
2026-07-08 06:26:03.918 8 INFO neutron.db.ovn_revision_numbers_db [None req-112a1bb3-c6ce-4fc5-9bb3-30acd3bc326e 7284e562e19a4841a271e3457a2e9ff3 6511e556384d473b8e6818b7dca3217c - - default default] Successfully bumped revision number for resource 93c158a7-ac31-4aff-8c9f-26c05ee35910 (type: security_group_rules) to 0 [pid: 8|app: 0|req: 1095/2110] 10.0.0.175 () {32 vars in 773 bytes} [Wed Jul 8 06:26:03 2026] GET /v2.0/security-groups?tenant_id=7f7881ef7e1247f5b29ef62a812f430f&name=default => generated 2925 bytes in 224 msecs (HTTP/1.1 200) 4 headers in 158 bytes (1 switches on core 0) [pid: 7|app: 0|req: 1016/2111] 10.0.0.175 () {32 vars in 739 bytes} [Wed Jul 8 06:26:03 2026] DELETE /v2.0/security-groups/66658e84-dd87-4fb3-9842-8bbc28242ade => generated 0 bytes in 225 msecs (HTTP/1.1 204) 2 headers in 112 bytes (1 switches on core 0)
2026-07-08 06:26:04.656 8 INFO neutron.db.ovn_revision_numbers_db [None req-51fde316-6764-4fba-8b2c-610f37ee1c79 fad8bb61ae5c463da4dd97cf4569f2fc 7646883d361a45dea8ce4bf71ddd210b - - default default] Successfully bumped revision number for resource fa32d41f-c50e-4b6b-bd98-89603ba68599 (type: security_groups) to 1
2026-07-08 06:26:04.669 8 INFO neutron.db.ovn_revision_numbers_db [None req-51fde316-6764-4fba-8b2c-610f37ee1c79 fad8bb61ae5c463da4dd97cf4569f2fc 7646883d361a45dea8ce4bf71ddd210b - - default default] Successfully bumped revision number for resource 3157a82a-1f2a-4c49-af21-8fbc45c11b5a (type: security_group_rules) to 0
2026-07-08 06:26:04.680 8 INFO neutron.db.ovn_revision_numbers_db [None req-51fde316-6764-4fba-8b2c-610f37ee1c79 fad8bb61ae5c463da4dd97cf4569f2fc 7646883d361a45dea8ce4bf71ddd210b - - default default] Successfully bumped revision number for resource 5e094a84-db89-43a0-bef2-9c52dd2fe0dc (type: security_group_rules) to 0
2026-07-08 06:26:04.692 8 INFO neutron.db.ovn_revision_numbers_db [None req-51fde316-6764-4fba-8b2c-610f37ee1c79 fad8bb61ae5c463da4dd97cf4569f2fc 7646883d361a45dea8ce4bf71ddd210b - - default default] Successfully bumped revision number for resource 6e0c78ee-3b5d-49f8-991d-11b26de6342e (type: security_group_rules) to 0
2026-07-08 06:26:04.721 8 INFO neutron.db.ovn_revision_numbers_db [None req-51fde316-6764-4fba-8b2c-610f37ee1c79 fad8bb61ae5c463da4dd97cf4569f2fc 7646883d361a45dea8ce4bf71ddd210b - - default default] Successfully bumped revision number for resource 944590f4-ea64-4620-86f1-bb743602b595 (type: security_group_rules) to 0
2026-07-08 06:26:04.807 8 INFO neutron.db.segments_db [None req-51fde316-6764-4fba-8b2c-610f37ee1c79 fad8bb61ae5c463da4dd97cf4569f2fc 7646883d361a45dea8ce4bf71ddd210b - - default default] Added segment 01d11613-d16a-40be-8be3-e1c5bd51cfb2 of type geneve for network aa71f91b-710f-4508-973d-8f6b6a7f5035
2026-07-08 06:26:04.897 8 INFO neutron.db.ovn_revision_numbers_db [None req-51fde316-6764-4fba-8b2c-610f37ee1c79 fad8bb61ae5c463da4dd97cf4569f2fc 7646883d361a45dea8ce4bf71ddd210b - - default default] Successfully bumped revision number for resource aa71f91b-710f-4508-973d-8f6b6a7f5035 (type: networks) to 1
2026-07-08 06:26:05.048 8 WARNING neutron.scheduler.dhcp_agent_scheduler [None req-51fde316-6764-4fba-8b2c-610f37ee1c79 fad8bb61ae5c463da4dd97cf4569f2fc 7646883d361a45dea8ce4bf71ddd210b - - default default] No more DHCP agents
2026-07-08 06:26:05.049 8 WARNING neutron.api.rpc.agentnotifiers.dhcp_rpc_agent_api [None req-51fde316-6764-4fba-8b2c-610f37ee1c79 fad8bb61ae5c463da4dd97cf4569f2fc 7646883d361a45dea8ce4bf71ddd210b - - default default] Unable to schedule network aa71f91b-710f-4508-973d-8f6b6a7f5035: no agents available; will retry on subsequent port and subnet creation events.
2026-07-08 06:26:05.120 7 INFO neutron.plugins.ml2.drivers.ovn.mech_driver.mech_driver [None req-2c3c29c4-0199-4db9-be3e-889b402fd587 - - - - - -] OVN reports status down for port: 88e94b46-f4ec-43f6-800e-f7370986379e
2026-07-08 06:26:05.128 8 INFO neutron.db.ovn_revision_numbers_db [None req-51fde316-6764-4fba-8b2c-610f37ee1c79 fad8bb61ae5c463da4dd97cf4569f2fc 7646883d361a45dea8ce4bf71ddd210b - - default default] Successfully bumped revision number for resource 88e94b46-f4ec-43f6-800e-f7370986379e (type: ports) to 1 [pid: 8|app: 0|req: 1096/2112] 10.0.0.175 () {34 vars in 669 bytes} [Wed Jul 8 06:26:04 2026] POST /v2.0/networks => generated 664 bytes in 832 msecs (HTTP/1.1 201) 4 headers in 162 bytes (1 switches on core 0)
2026-07-08 06:26:05.344 7 WARNING neutron.scheduler.dhcp_agent_scheduler [None req-dfdc738b-1431-4b7f-a0f2-998574c9b602 fad8bb61ae5c463da4dd97cf4569f2fc 7646883d361a45dea8ce4bf71ddd210b - - default default] No more DHCP agents
2026-07-08 06:26:05.345 7 WARNING neutron.api.rpc.agentnotifiers.dhcp_rpc_agent_api [None req-dfdc738b-1431-4b7f-a0f2-998574c9b602 fad8bb61ae5c463da4dd97cf4569f2fc 7646883d361a45dea8ce4bf71ddd210b - - default default] Unable to schedule network aa71f91b-710f-4508-973d-8f6b6a7f5035: no agents available; will retry on subsequent port and subnet creation events.
2026-07-08 06:26:05.872 7 INFO neutron.db.ovn_revision_numbers_db [None req-dfdc738b-1431-4b7f-a0f2-998574c9b602 fad8bb61ae5c463da4dd97cf4569f2fc 7646883d361a45dea8ce4bf71ddd210b - - default default] Successfully bumped revision number for resource 88e94b46-f4ec-43f6-800e-f7370986379e (type: ports) to 2
2026-07-08 06:26:05.899 7 INFO neutron.db.ovn_revision_numbers_db [None req-dfdc738b-1431-4b7f-a0f2-998574c9b602 fad8bb61ae5c463da4dd97cf4569f2fc 7646883d361a45dea8ce4bf71ddd210b - - default default] Successfully bumped revision number for resource 3d3a0f5f-b427-4b8f-b151-f9ef28d74dbd (type: subnets) to 0 [pid: 7|app: 0|req: 1017/2113] 10.0.0.175 () {34 vars in 668 bytes} [Wed Jul 8 06:26:05 2026] POST /v2.0/subnets => generated 626 bytes in 752 msecs (HTTP/1.1 201) 4 headers in 162 bytes (1 switches on core 0)
2026-07-08 06:26:06.300 8 WARNING neutron.scheduler.dhcp_agent_scheduler [None req-d8c3b240-47f9-496c-8b35-c7e88cbe13fa fad8bb61ae5c463da4dd97cf4569f2fc 7646883d361a45dea8ce4bf71ddd210b - - default default] No more DHCP agents
2026-07-08 06:26:06.301 8 WARNING neutron.api.rpc.agentnotifiers.dhcp_rpc_agent_api [None req-d8c3b240-47f9-496c-8b35-c7e88cbe13fa fad8bb61ae5c463da4dd97cf4569f2fc 7646883d361a45dea8ce4bf71ddd210b - - default default] Unable to schedule network a19d9dd7-8fb6-4371-a398-6823598aef96: no agents available; will retry on subsequent port and subnet creation events.
2026-07-08 06:26:06.440 7 INFO neutron.plugins.ml2.drivers.ovn.mech_driver.mech_driver [None req-2c3c29c4-0199-4db9-be3e-889b402fd587 - - - - - -] OVN reports status down for port: 53941247-37db-4d41-b14a-8c5625475271
2026-07-08 06:26:06.458 8 INFO neutron.db.ovn_revision_numbers_db [None req-d8c3b240-47f9-496c-8b35-c7e88cbe13fa fad8bb61ae5c463da4dd97cf4569f2fc 7646883d361a45dea8ce4bf71ddd210b - - default default] Successfully bumped revision number for resource 53941247-37db-4d41-b14a-8c5625475271 (type: ports) to 1
2026-07-08 06:26:07.063 7 INFO neutron.plugins.ml2.drivers.ovn.mech_driver.mech_driver [None req-2c3c29c4-0199-4db9-be3e-889b402fd587 - - - - - -] OVN reports status up for port: 53941247-37db-4d41-b14a-8c5625475271
2026-07-08 06:26:07.070 8 INFO neutron.db.ovn_revision_numbers_db [None req-d8c3b240-47f9-496c-8b35-c7e88cbe13fa fad8bb61ae5c463da4dd97cf4569f2fc 7646883d361a45dea8ce4bf71ddd210b - - default default] Successfully bumped revision number for resource 53941247-37db-4d41-b14a-8c5625475271 (type: router_ports) to 1
2026-07-08 06:26:07.074 7 INFO neutron.plugins.ml2.plugin [None req-2c3c29c4-0199-4db9-be3e-889b402fd587 - - - - - -] Attempt 1 to provision port 53941247-37db-4d41-b14a-8c5625475271
2026-07-08 06:26:07.121 8 INFO neutron.db.ovn_revision_numbers_db [None req-d8c3b240-47f9-496c-8b35-c7e88cbe13fa fad8bb61ae5c463da4dd97cf4569f2fc 7646883d361a45dea8ce4bf71ddd210b - - default default] Successfully bumped revision number for resource c4972442-bd46-4e81-8fb1-59558ecbe0ce (type: routers) to 2 [pid: 8|app: 0|req: 1097/2114] 10.0.0.175 () {34 vars in 668 bytes} [Wed Jul 8 06:26:05 2026] POST /v2.0/routers => generated 956 bytes in 1219 msecs (HTTP/1.1 201) 4 headers in 162 bytes (1 switches on core 0)
2026-07-08 06:26:07.520 7 WARNING neutron.scheduler.dhcp_agent_scheduler [None req-75821482-2da2-4cd7-9931-0cc41b620467 fad8bb61ae5c463da4dd97cf4569f2fc 7646883d361a45dea8ce4bf71ddd210b - - default default] No more DHCP agents
2026-07-08 06:26:07.521 7 WARNING neutron.api.rpc.agentnotifiers.dhcp_rpc_agent_api [None req-75821482-2da2-4cd7-9931-0cc41b620467 fad8bb61ae5c463da4dd97cf4569f2fc 7646883d361a45dea8ce4bf71ddd210b - - default default] Unable to schedule network aa71f91b-710f-4508-973d-8f6b6a7f5035: no agents available; will retry on subsequent port and subnet creation events.
2026-07-08 06:26:07.690 7 INFO neutron.db.ovn_revision_numbers_db [None req-75821482-2da2-4cd7-9931-0cc41b620467 fad8bb61ae5c463da4dd97cf4569f2fc 7646883d361a45dea8ce4bf71ddd210b - - default default] Successfully bumped revision number for resource d2e39428-4d9c-4f07-9bda-5be765f5dc2d (type: ports) to 1
2026-07-08 06:26:08.272 7 WARNING neutron.scheduler.dhcp_agent_scheduler [None req-75821482-2da2-4cd7-9931-0cc41b620467 fad8bb61ae5c463da4dd97cf4569f2fc 7646883d361a45dea8ce4bf71ddd210b - - default default] No more DHCP agents
2026-07-08 06:26:08.273 7 WARNING neutron.api.rpc.agentnotifiers.dhcp_rpc_agent_api [None req-75821482-2da2-4cd7-9931-0cc41b620467 fad8bb61ae5c463da4dd97cf4569f2fc 7646883d361a45dea8ce4bf71ddd210b - - default default] Unable to schedule network aa71f91b-710f-4508-973d-8f6b6a7f5035: no agents available; will retry on subsequent port and subnet creation events. [pid: 8|app: 0|req: 1098/2115] 10.0.0.175 () {34 vars in 675 bytes} [Wed Jul 8 06:26:08 2026] POST /v2.0/subnetpools => generated 516 bytes in 200 msecs (HTTP/1.1 201) 4 headers in 162 bytes (1 switches on core 0) [pid: 8|app: 0|req: 1099/2116] 10.0.0.175 () {34 vars in 675 bytes} [Wed Jul 8 06:26:08 2026] POST /v2.0/subnetpools => generated 516 bytes in 87 msecs (HTTP/1.1 201) 4 headers in 162 bytes (1 switches on core 0)
2026-07-08 06:26:08.589 8 INFO neutron.common.ovn.utils [None req-b4c30015-c711-4328-b2aa-7cadf9622ff1 - - - - - -] HA Chassis Group neutron-aa71f91b-710f-4508-973d-8f6b6a7f5035 synchronized; highest priority chassis 71f1dea0-f10b-4858-8d8a-feffa25b2268
2026-07-08 06:26:08.612 7 INFO neutron.db.ovn_revision_numbers_db [None req-75821482-2da2-4cd7-9931-0cc41b620467 fad8bb61ae5c463da4dd97cf4569f2fc 7646883d361a45dea8ce4bf71ddd210b - - default default] Successfully bumped revision number for resource d2e39428-4d9c-4f07-9bda-5be765f5dc2d (type: router_ports) to 1 [pid: 7|app: 0|req: 1018/2117] 10.0.0.175 () {34 vars in 782 bytes} [Wed Jul 8 06:26:07 2026] PUT /v2.0/routers/c4972442-bd46-4e81-8fb1-59558ecbe0ce/add_router_interface => generated 310 bytes in 1474 msecs (HTTP/1.1 200) 4 headers in 157 bytes (1 switches on core 0) [pid: 8|app: 0|req: 1100/2118] 10.0.0.175 () {34 vars in 675 bytes} [Wed Jul 8 06:26:08 2026] POST /v2.0/subnetpools => generated 516 bytes in 74 msecs (HTTP/1.1 201) 4 headers in 162 bytes (1 switches on core 0) [pid: 8|app: 0|req: 1101/2119] 10.0.0.175 () {34 vars in 675 bytes} [Wed Jul 8 06:26:08 2026] POST /v2.0/subnetpools => generated 516 bytes in 62 msecs (HTTP/1.1 201) 4 headers in 162 bytes (1 switches on core 0) [pid: 8|app: 0|req: 1102/2120] 10.0.0.175 () {34 vars in 675 bytes} [Wed Jul 8 06:26:08 2026] POST /v2.0/subnetpools => generated 516 bytes in 71 msecs (HTTP/1.1 201) 4 headers in 162 bytes (1 switches on core 0) [pid: 8|app: 0|req: 1103/2121] 10.0.0.175 () {34 vars in 758 bytes} [Wed Jul 8 06:26:08 2026] PUT /v2.0/subnetpools/087ed744-b108-4fd4-a6fa-863e0680e10a/tags => generated 17 bytes in 48 msecs (HTTP/1.1 200) 4 headers in 156 bytes (1 switches on core 0) [pid: 8|app: 0|req: 1104/2122] 10.0.0.175 () {34 vars in 758 bytes} [Wed Jul 8 06:26:08 2026] PUT /v2.0/subnetpools/82e4ccbe-4dbe-402a-ac86-83924f2d1a6d/tags => generated 25 bytes in 37 msecs (HTTP/1.1 200) 4 headers in 156 bytes (1 switches on core 0) [pid: 8|app: 0|req: 1105/2123] 10.0.0.175 () {34 vars in 758 bytes} [Wed Jul 8 06:26:08 2026] PUT /v2.0/subnetpools/ebdb9da6-e06b-4407-b007-f7281e9713fd/tags => generated 34 bytes in 39 msecs (HTTP/1.1 200) 4 headers in 156 bytes (1 switches on core 0) [pid: 8|app: 0|req: 1106/2124] 10.0.0.175 () {34 vars in 758 bytes} [Wed Jul 8 06:26:08 2026] PUT /v2.0/subnetpools/f13d404f-5b0c-42a0-9f4b-88917d29aadd/tags => generated 19 bytes in 39 msecs (HTTP/1.1 200) 4 headers in 156 bytes (1 switches on core 0) [pid: 8|app: 0|req: 1107/2125] 10.0.0.175 () {32 vars in 671 bytes} [Wed Jul 8 06:26:08 2026] GET /v2.0/subnetpools?tags=red => generated 1563 bytes in 23 msecs (HTTP/1.1 200) 4 headers in 158 bytes (1 switches on core 0) [pid: 8|app: 0|req: 1108/2126] 10.0.0.175 () {32 vars in 685 bytes} [Wed Jul 8 06:26:09 2026] GET /v2.0/subnetpools?tags=red%2Cblue => generated 1056 bytes in 20 msecs (HTTP/1.1 200) 4 headers in 158 bytes (1 switches on core 0) [pid: 8|app: 0|req: 1109/2127] 10.0.0.175 () {32 vars in 681 bytes} [Wed Jul 8 06:26:09 2026] GET /v2.0/subnetpools?tags-any=blue => generated 1056 bytes in 23 msecs (HTTP/1.1 200) 4 headers in 158 bytes (1 switches on core 0) [pid: 8|app: 0|req: 1110/2128] 10.0.0.175 () {32 vars in 693 bytes} [Wed Jul 8 06:26:09 2026] GET /v2.0/subnetpools?tags-any=red%2Cblue => generated 1563 bytes in 25 msecs (HTTP/1.1 200) 4 headers in 158 bytes (1 switches on core 0) [pid: 8|app: 0|req: 1111/2129] 10.0.0.175 () {32 vars in 679 bytes} [Wed Jul 8 06:26:09 2026] GET /v2.0/subnetpools?not-tags=red => generated 1028 bytes in 23 msecs (HTTP/1.1 200) 4 headers in 158 bytes (1 switches on core 0) [pid: 8|app: 0|req: 1112/2130] 10.0.0.175 () {32 vars in 693 bytes} [Wed Jul 8 06:26:09 2026] GET /v2.0/subnetpools?not-tags=red%2Cblue => generated 1535 bytes in 24 msecs (HTTP/1.1 200) 4 headers in 158 bytes (1 switches on core 0) [pid: 8|app: 0|req: 1113/2131] 10.0.0.175 () {32 vars in 689 bytes} [Wed Jul 8 06:26:09 2026] GET /v2.0/subnetpools?not-tags-any=blue => generated 1535 bytes in 27 msecs (HTTP/1.1 200) 4 headers in 158 bytes (1 switches on core 0) [pid: 8|app: 0|req: 1114/2132] 10.0.0.175 () {32 vars in 701 bytes} [Wed Jul 8 06:26:09 2026] GET /v2.0/subnetpools?not-tags-any=red%2Cblue => generated 1028 bytes in 32 msecs (HTTP/1.1 200) 4 headers in 158 bytes (1 switches on core 0) [pid: 8|app: 0|req: 1115/2133] 10.0.0.175 () {32 vars in 731 bytes} [Wed Jul 8 06:26:09 2026] DELETE /v2.0/subnetpools/087ed744-b108-4fd4-a6fa-863e0680e10a => generated 0 bytes in 55 msecs (HTTP/1.1 204) 2 headers in 112 bytes (1 switches on core 0) [pid: 8|app: 0|req: 1116/2134] 10.0.0.175 () {32 vars in 731 bytes} [Wed Jul 8 06:26:09 2026] DELETE /v2.0/subnetpools/82e4ccbe-4dbe-402a-ac86-83924f2d1a6d => generated 0 bytes in 37 msecs (HTTP/1.1 204) 2 headers in 112 bytes (1 switches on core 0) [pid: 8|app: 0|req: 1117/2135] 10.0.0.175 () {32 vars in 731 bytes} [Wed Jul 8 06:26:09 2026] DELETE /v2.0/subnetpools/ebdb9da6-e06b-4407-b007-f7281e9713fd => generated 0 bytes in 48 msecs (HTTP/1.1 204) 2 headers in 112 bytes (1 switches on core 0) [pid: 8|app: 0|req: 1118/2136] 10.0.0.175 () {32 vars in 731 bytes} [Wed Jul 8 06:26:09 2026] DELETE /v2.0/subnetpools/f13d404f-5b0c-42a0-9f4b-88917d29aadd => generated 0 bytes in 40 msecs (HTTP/1.1 204) 2 headers in 112 bytes (1 switches on core 0) [pid: 8|app: 0|req: 1119/2137] 10.0.0.175 () {32 vars in 731 bytes} [Wed Jul 8 06:26:09 2026] DELETE /v2.0/subnetpools/f897623c-b4a3-44a8-8680-971f909d4426 => generated 0 bytes in 57 msecs (HTTP/1.1 204) 2 headers in 112 bytes (1 switches on core 0)
2026-07-08 06:26:09.740 7 WARNING neutron.scheduler.dhcp_agent_scheduler [None req-bb9fb68c-b9db-4384-a7d7-00c44b4faa88 - - - - - -] No more DHCP agents
2026-07-08 06:26:09.741 7 WARNING neutron.api.rpc.agentnotifiers.dhcp_rpc_agent_api [None req-bb9fb68c-b9db-4384-a7d7-00c44b4faa88 - - - - - -] Unable to schedule network a19d9dd7-8fb6-4371-a398-6823598aef96: no agents available; will retry on subsequent port and subnet creation events.
2026-07-08 06:26:09.893 7 INFO neutron.db.ovn_revision_numbers_db [None req-bb9fb68c-b9db-4384-a7d7-00c44b4faa88 - - - - - -] Successfully bumped revision number for resource 3df56120-482b-48d3-b831-8984a11e27b6 (type: ports) to 1
2026-07-08 06:26:10.146 7 INFO neutron.db.ovn_revision_numbers_db [None req-bb9fb68c-b9db-4384-a7d7-00c44b4faa88 - - - - - -] Successfully bumped revision number for resource 3df56120-482b-48d3-b831-8984a11e27b6 (type: ports) to 3
2026-07-08 06:26:10.211 7 INFO neutron.db.segments_db [None req-bb9fb68c-b9db-4384-a7d7-00c44b4faa88 - - - - - -] Added segment 8f6c65ed-7f2d-4f96-9607-d89e6757318f of type geneve for network 6758e470-2695-4a85-b962-8fac0ba4e4bb
2026-07-08 06:26:10.329 7 INFO neutron.db.ovn_revision_numbers_db [None req-e0188d48-4f54-411b-84ed-2c1924fac2c5 - - - - - -] Successfully bumped revision number for resource 6758e470-2695-4a85-b962-8fac0ba4e4bb (type: networks) to 1
2026-07-08 06:26:10.454 7 WARNING neutron.scheduler.dhcp_agent_scheduler [None req-e0188d48-4f54-411b-84ed-2c1924fac2c5 - - - - - -] No more DHCP agents
