2026-07-08 06:23:51.153 8 INFO neutron.db.ovn_revision_numbers_db [None req-c6e7c8c8-61b4-47b4-a8f8-b01f578f25d6 6218cc6b5fc9409c89fa0f97f36550d9 0e65af8622684e9087b65212a30b367c - - default default] Successfully bumped revision number for resource a462ca2a-3eb0-419c-8cec-fc52edfb8945 (type: ports) to 1 [pid: 8|app: 0|req: 627/1187] 10.0.0.175 () {34 vars in 664 bytes} [Wed Jul 8 06:23:50 2026] POST /v2.0/ports => generated 775 bytes in 373 msecs (HTTP/1.1 201) 4 headers in 162 bytes (1 switches on core 0) /var/lib/openstack/lib/python3.12/site-packages/pycadf/identifier.py:70: UserWarning: Invalid uuid: neutron. To ensure interoperability, identifiers should be a valid uuid. warnings.warn(('Invalid uuid: %s. To ensure interoperability, '
2026-07-08 06:23:51.292 8 INFO neutron_taas.services.taas.taas_plugin [req-05ecf8f7-aa64-48d8-b705-61924cffa9dd req-28fc4ea5-5d8b-484d-b0a4-d5668618beda 5efd26f53c66463183c615d1d6a9aa39 808bd3d9a59345798a6e4f6b68108ef9 - - default default] TaaS: Handle Delete Port: 2ae201fc-063f-4dba-a93d-86ebc12d6240
2026-07-08 06:23:51.295 8 INFO neutron_taas.services.taas.tap_mirror_plugin [req-05ecf8f7-aa64-48d8-b705-61924cffa9dd req-28fc4ea5-5d8b-484d-b0a4-d5668618beda 5efd26f53c66463183c615d1d6a9aa39 808bd3d9a59345798a6e4f6b68108ef9 - - default default] Tap Mirror: Handle Delete Port: 2ae201fc-063f-4dba-a93d-86ebc12d6240
2026-07-08 06:23:51.403 7 INFO neutron.db.ovn_revision_numbers_db [None req-b9b7ea5f-e7fc-4345-8552-afc1689d235e f340426f1aa24678843c139f88e107cc 1004b41afee34c9aa1c9208076033841 - - default default] Successfully bumped revision number for resource 8e884c0a-96e8-4f03-a8c6-52c5861cd800 (type: ports) to 2
2026-07-08 06:23:51.442 7 INFO neutron.db.ovn_revision_numbers_db [None req-b9b7ea5f-e7fc-4345-8552-afc1689d235e f340426f1aa24678843c139f88e107cc 1004b41afee34c9aa1c9208076033841 - - default default] Successfully bumped revision number for resource 19bcd7b6-f529-4a6a-b606-6e8f4f2386cf (type: subnets) to 0 [pid: 8|app: 0|req: 628/1188] 199.204.45.70 () {36 vars in 995 bytes} [Wed Jul 8 06:23:51 2026] DELETE /v2.0/ports/2ae201fc-063f-4dba-a93d-86ebc12d6240 => generated 0 bytes in 269 msecs (HTTP/1.1 204) 3 headers in 131 bytes (1 switches on core 0)
2026-07-08 06:23:51.469 8 WARNING neutron.notifiers.nova [-] Nova event matching ['req-75068e61-3a73-45cc-8ab5-7458bd5cc712']: {'server_uuid': 'f5476f8f-f213-4a01-bd96-4058415380f1', 'name': 'network-vif-deleted', 'tag': '2ae201fc-063f-4dba-a93d-86ebc12d6240', 'status': 'failed', 'code': 422} returned with failed status
2026-07-08 06:23:51.477 7 WARNING neutron.scheduler.dhcp_agent_scheduler [None req-b9b7ea5f-e7fc-4345-8552-afc1689d235e f340426f1aa24678843c139f88e107cc 1004b41afee34c9aa1c9208076033841 - - default default] No more DHCP agents
2026-07-08 06:23:51.479 7 WARNING neutron.api.rpc.agentnotifiers.dhcp_rpc_agent_api [None req-b9b7ea5f-e7fc-4345-8552-afc1689d235e f340426f1aa24678843c139f88e107cc 1004b41afee34c9aa1c9208076033841 - - default default] Unable to schedule network 7795e6a0-0300-43a1-bd16-b1b6d093ad45: no agents available; will retry on subsequent port and subnet creation events.
2026-07-08 06:23:51.669 7 INFO neutron.plugins.ml2.drivers.ovn.mech_driver.mech_driver [None req-350e910b-48e2-40cf-94dd-e032ce6726f3 - - - - - -] OVN reports status down for port: a462ca2a-3eb0-419c-8cec-fc52edfb8945
2026-07-08 06:23:51.696 8 INFO neutron.db.ovn_revision_numbers_db [None req-a27f89ba-56ee-4035-8b3a-5cd3e3d2361c 6218cc6b5fc9409c89fa0f97f36550d9 0e65af8622684e9087b65212a30b367c - - default default] Successfully bumped revision number for resource a462ca2a-3eb0-419c-8cec-fc52edfb8945 (type: ports) to 2 [pid: 8|app: 0|req: 629/1189] 10.0.0.175 () {34 vars in 736 bytes} [Wed Jul 8 06:23:51 2026] PUT /v2.0/ports/a462ca2a-3eb0-419c-8cec-fc52edfb8945 => generated 752 bytes in 269 msecs (HTTP/1.1 200) 4 headers in 157 bytes (1 switches on core 0) /var/lib/openstack/lib/python3.12/site-packages/pycadf/identifier.py:70: UserWarning: Invalid uuid: neutron. To ensure interoperability, identifiers should be a valid uuid. warnings.warn(('Invalid uuid: %s. To ensure interoperability, '
2026-07-08 06:23:51.832 8 INFO neutron_taas.services.taas.taas_plugin [None req-d19d718c-51c8-4727-9f98-d3f690b2c688 6218cc6b5fc9409c89fa0f97f36550d9 0e65af8622684e9087b65212a30b367c - - default default] TaaS: Handle Delete Port: a462ca2a-3eb0-419c-8cec-fc52edfb8945
2026-07-08 06:23:51.836 8 INFO neutron_taas.services.taas.tap_mirror_plugin [None req-d19d718c-51c8-4727-9f98-d3f690b2c688 6218cc6b5fc9409c89fa0f97f36550d9 0e65af8622684e9087b65212a30b367c - - default default] Tap Mirror: Handle Delete Port: a462ca2a-3eb0-419c-8cec-fc52edfb8945 [pid: 8|app: 0|req: 630/1190] 10.0.0.175 () {32 vars in 719 bytes} [Wed Jul 8 06:23:51 2026] DELETE /v2.0/ports/a462ca2a-3eb0-419c-8cec-fc52edfb8945 => generated 0 bytes in 226 msecs (HTTP/1.1 204) 3 headers in 131 bytes (1 switches on core 0)
2026-07-08 06:23:51.961 7 INFO neutron.db.ovn_revision_numbers_db [None req-b9b7ea5f-e7fc-4345-8552-afc1689d235e f340426f1aa24678843c139f88e107cc 1004b41afee34c9aa1c9208076033841 - - default default] Successfully bumped revision number for resource 4868a8ae-c7b8-4d31-9a21-706a271c30a2 (type: ports) to 2 [pid: 8|app: 0|req: 631/1191] 10.0.0.141 () {34 vars in 1069 bytes} [Wed Jul 8 06:23:51 2026] GET /v2.0/ports?fields=security_groups&fields=device_id&device_id=f5476f8f-f213-4a01-bd96-4058415380f1 => generated 12 bytes in 18 msecs (HTTP/1.1 200) 4 headers in 156 bytes (1 switches on core 0)
2026-07-08 06:23:51.992 7 INFO neutron.db.ovn_revision_numbers_db [None req-b9b7ea5f-e7fc-4345-8552-afc1689d235e f340426f1aa24678843c139f88e107cc 1004b41afee34c9aa1c9208076033841 - - default default] Successfully bumped revision number for resource 8756c097-0ece-4679-b0dc-b382328c3487 (type: subnets) to 0 [pid: 8|app: 0|req: 632/1192] 10.0.0.175 () {32 vars in 642 bytes} [Wed Jul 8 06:23:51 2026] GET /v2.0/ports => generated 1534 bytes in 36 msecs (HTTP/1.1 200) 4 headers in 158 bytes (1 switches on core 0) [pid: 7|app: 0|req: 561/1193] 10.0.0.175 () {34 vars in 668 bytes} [Wed Jul 8 06:23:50 2026] POST /v2.0/subnets => generated 1272 bytes in 1322 msecs (HTTP/1.1 201) 4 headers in 163 bytes (1 switches on core 0)
2026-07-08 06:23:52.019 8 INFO neutron.pecan_wsgi.hooks.translation [None req-57445032-9bdd-4b9f-9de1-542e807f98f9 6218cc6b5fc9409c89fa0f97f36550d9 0e65af8622684e9087b65212a30b367c - - default default] GET failed (client error): The resource could not be found. [pid: 8|app: 0|req: 633/1194] 10.0.0.175 () {32 vars in 716 bytes} [Wed Jul 8 06:23:52 2026] GET /v2.0/ports/a462ca2a-3eb0-419c-8cec-fc52edfb8945 => generated 132 bytes in 16 msecs (HTTP/1.1 404) 4 headers in 164 bytes (1 switches on core 0) [pid: 7|app: 0|req: 562/1195] 10.0.0.175 () {32 vars in 646 bytes} [Wed Jul 8 06:23:52 2026] GET /v2.0/subnets => generated 1908 bytes in 34 msecs (HTTP/1.1 200) 4 headers in 158 bytes (1 switches on core 0) [pid: 8|app: 0|req: 634/1196] 10.0.0.175 () {32 vars in 642 bytes} [Wed Jul 8 06:23:52 2026] GET /v2.0/ports => generated 1534 bytes in 32 msecs (HTTP/1.1 200) 4 headers in 158 bytes (1 switches on core 0) [pid: 8|app: 0|req: 635/1197] 10.0.0.175 () {32 vars in 716 bytes} [Wed Jul 8 06:23:52 2026] GET /v2.0/ports/6d49fd85-bf7d-4588-a5bd-2e4b5dea992f => generated 775 bytes in 34 msecs (HTTP/1.1 200) 4 headers in 157 bytes (1 switches on core 0)
2026-07-08 06:23:52.132 8 INFO neutron.pecan_wsgi.hooks.translation [None req-8194085d-c597-4faf-8bcb-4bce5e28349e 6218cc6b5fc9409c89fa0f97f36550d9 0e65af8622684e9087b65212a30b367c - - default default] DELETE failed (client error): The resource could not be found. [pid: 8|app: 0|req: 636/1198] 10.0.0.175 () {32 vars in 719 bytes} [Wed Jul 8 06:23:52 2026] DELETE /v2.0/ports/de38875e-e17f-4083-989e-abe41f99cf5f => generated 132 bytes in 22 msecs (HTTP/1.1 404) 4 headers in 164 bytes (1 switches on core 0)
2026-07-08 06:23:52.150 8 INFO neutron.pecan_wsgi.hooks.translation [None req-cc9fcc5d-c99e-4db5-b2af-e443776c64b6 6218cc6b5fc9409c89fa0f97f36550d9 0e65af8622684e9087b65212a30b367c - - default default] DELETE failed (client error): The resource could not be found. [pid: 8|app: 0|req: 637/1199] 10.0.0.175 () {32 vars in 723 bytes} [Wed Jul 8 06:23:52 2026] DELETE /v2.0/subnets/2b8f02c8-03cc-4a8b-b4c4-2b9d1acc8bb1 => generated 136 bytes in 13 msecs (HTTP/1.1 404) 4 headers in 164 bytes (1 switches on core 0)
2026-07-08 06:23:52.163 8 INFO neutron.pecan_wsgi.hooks.translation [None req-7f6393ef-1bac-41c3-bf16-4d46a715047c 6218cc6b5fc9409c89fa0f97f36550d9 0e65af8622684e9087b65212a30b367c - - default default] DELETE failed (client error): The resource could not be found. [pid: 8|app: 0|req: 638/1200] 10.0.0.175 () {32 vars in 723 bytes} [Wed Jul 8 06:23:52 2026] DELETE /v2.0/subnets/4f8a86f7-893f-4b90-98c6-b0efc055c41d => generated 136 bytes in 11 msecs (HTTP/1.1 404) 4 headers in 164 bytes (1 switches on core 0) [pid: 7|app: 0|req: 563/1201] 10.0.0.175 () {32 vars in 723 bytes} [Wed Jul 8 06:23:52 2026] DELETE /v2.0/subnets/19bcd7b6-f529-4a6a-b606-6e8f4f2386cf => generated 0 bytes in 148 msecs (HTTP/1.1 204) 3 headers in 131 bytes (1 switches on core 0)
2026-07-08 06:23:52.294 8 INFO neutron_taas.services.taas.taas_plugin [None req-905e1e91-8b0f-4caf-bc06-931d3fccd052 6218cc6b5fc9409c89fa0f97f36550d9 0e65af8622684e9087b65212a30b367c - - default default] TaaS: Handle Delete Port: 6d49fd85-bf7d-4588-a5bd-2e4b5dea992f
2026-07-08 06:23:52.299 8 INFO neutron_taas.services.taas.tap_mirror_plugin [None req-905e1e91-8b0f-4caf-bc06-931d3fccd052 6218cc6b5fc9409c89fa0f97f36550d9 0e65af8622684e9087b65212a30b367c - - default default] Tap Mirror: Handle Delete Port: 6d49fd85-bf7d-4588-a5bd-2e4b5dea992f [pid: 7|app: 0|req: 564/1202] 10.0.0.175 () {32 vars in 723 bytes} [Wed Jul 8 06:23:52 2026] DELETE /v2.0/subnets/8756c097-0ece-4679-b0dc-b382328c3487 => generated 0 bytes in 157 msecs (HTTP/1.1 204) 3 headers in 131 bytes (1 switches on core 0) [pid: 8|app: 0|req: 639/1203] 10.0.0.175 () {32 vars in 719 bytes} [Wed Jul 8 06:23:52 2026] DELETE /v2.0/ports/6d49fd85-bf7d-4588-a5bd-2e4b5dea992f => generated 0 bytes in 237 msecs (HTTP/1.1 204) 3 headers in 131 bytes (1 switches on core 0) [pid: 7|app: 0|req: 565/1204] 10.0.0.175 () {32 vars in 646 bytes} [Wed Jul 8 06:23:52 2026] GET /v2.0/subnets => generated 649 bytes in 47 msecs (HTTP/1.1 200) 4 headers in 157 bytes (1 switches on core 0)
2026-07-08 06:23:52.540 7 INFO neutron_taas.services.taas.taas_plugin [None req-887c462f-875b-480b-87fe-6dfaa2e73793 f340426f1aa24678843c139f88e107cc 1004b41afee34c9aa1c9208076033841 - - default default] TaaS: Handle Delete Port: 4868a8ae-c7b8-4d31-9a21-706a271c30a2
2026-07-08 06:23:52.543 7 INFO neutron_taas.services.taas.tap_mirror_plugin [None req-887c462f-875b-480b-87fe-6dfaa2e73793 f340426f1aa24678843c139f88e107cc 1004b41afee34c9aa1c9208076033841 - - default default] Tap Mirror: Handle Delete Port: 4868a8ae-c7b8-4d31-9a21-706a271c30a2
2026-07-08 06:23:52.550 8 INFO neutron_taas.services.taas.taas_plugin [None req-00185e34-f459-4479-929c-613022982cd0 6218cc6b5fc9409c89fa0f97f36550d9 0e65af8622684e9087b65212a30b367c - - default default] TaaS: Handle Delete Port: ae308ed4-fb69-4c61-965b-797a26aba699
2026-07-08 06:23:52.554 8 INFO neutron_taas.services.taas.tap_mirror_plugin [None req-00185e34-f459-4479-929c-613022982cd0 6218cc6b5fc9409c89fa0f97f36550d9 0e65af8622684e9087b65212a30b367c - - default default] Tap Mirror: Handle Delete Port: ae308ed4-fb69-4c61-965b-797a26aba699
2026-07-08 06:23:52.827 7 INFO neutron.services.segments.plugin [-] Segment c3d29d47-495d-46ef-8e7b-6f213bc0e26b resource provider aggregate not found
2026-07-08 06:23:52.832 7 INFO neutron.services.segments.plugin [-] Segment c3d29d47-495d-46ef-8e7b-6f213bc0e26b resource provider aggregate not found [pid: 8|app: 0|req: 640/1205] 10.0.0.175 () {32 vars in 725 bytes} [Wed Jul 8 06:23:52 2026] DELETE /v2.0/networks/a81ce89c-5c21-4203-a7ad-ffa312e8ea09 => generated 0 bytes in 425 msecs (HTTP/1.1 204) 3 headers in 131 bytes (1 switches on core 0)
2026-07-08 06:23:52.845 7 INFO neutron.services.segments.plugin [-] Client error retrieving segment c3d29d47-495d-46ef-8e7b-6f213bc0e26b resource provider; error: Placement Client Error (4xx): {"errors": [{"status": 404, "title": "Not Found", "detail": "The resource could not be found.\n\n No resource provider with uuid c3d29d47-495d-46ef-8e7b-6f213bc0e26b found for delete ", "request_id": "req-836c071c-174c-49cc-8f4c-5fd390fb3fe2"}]}
2026-07-08 06:23:52.849 7 INFO neutron.services.segments.plugin [-] Client error retrieving segment c3d29d47-495d-46ef-8e7b-6f213bc0e26b resource provider; error: Placement Client Error (4xx): {"errors": [{"status": 404, "title": "Not Found", "detail": "The resource could not be found.\n\n No resource provider with uuid c3d29d47-495d-46ef-8e7b-6f213bc0e26b found for delete ", "request_id": "req-8a832397-dd97-4d6b-bedb-1dc4beb8dd95"}]} [pid: 7|app: 0|req: 566/1206] 10.0.0.175 () {32 vars in 725 bytes} [Wed Jul 8 06:23:52 2026] DELETE /v2.0/networks/7795e6a0-0300-43a1-bd16-b1b6d093ad45 => generated 0 bytes in 448 msecs (HTTP/1.1 204) 3 headers in 131 bytes (1 switches on core 0)
2026-07-08 06:23:52.990 8 INFO neutron_taas.services.taas.taas_plugin [None req-80723a83-f72b-47a9-9256-92caa1fcd001 f340426f1aa24678843c139f88e107cc 1004b41afee34c9aa1c9208076033841 - - default default] TaaS: Handle Delete Port: 8e884c0a-96e8-4f03-a8c6-52c5861cd800
2026-07-08 06:23:52.993 8 INFO neutron_taas.services.taas.tap_mirror_plugin [None req-80723a83-f72b-47a9-9256-92caa1fcd001 f340426f1aa24678843c139f88e107cc 1004b41afee34c9aa1c9208076033841 - - default default] Tap Mirror: Handle Delete Port: 8e884c0a-96e8-4f03-a8c6-52c5861cd800 [pid: 7|app: 0|req: 567/1207] 10.0.0.141 () {34 vars in 1069 bytes} [Wed Jul 8 06:23:53 2026] GET /v2.0/ports?fields=security_groups&fields=device_id&device_id=f5476f8f-f213-4a01-bd96-4058415380f1 => generated 12 bytes in 22 msecs (HTTP/1.1 200) 4 headers in 156 bytes (1 switches on core 0)
2026-07-08 06:23:53.072 8 INFO neutron.services.segments.plugin [-] Segment c4a2fb08-8494-442f-a544-ca7562918c61 resource provider aggregate not found
2026-07-08 06:23:53.074 8 INFO neutron.services.segments.plugin [-] Segment c4a2fb08-8494-442f-a544-ca7562918c61 resource provider aggregate not found
2026-07-08 06:23:53.094 8 INFO neutron.services.segments.plugin [-] Client error retrieving segment c4a2fb08-8494-442f-a544-ca7562918c61 resource provider; error: Placement Client Error (4xx): {"errors": [{"status": 404, "title": "Not Found", "detail": "The resource could not be found.\n\n No resource provider with uuid c4a2fb08-8494-442f-a544-ca7562918c61 found for delete ", "request_id": "req-8d3c3fde-a563-4efd-b686-dfbd66daf966"}]}
2026-07-08 06:23:53.094 8 INFO neutron.services.segments.plugin [-] Client error retrieving segment c4a2fb08-8494-442f-a544-ca7562918c61 resource provider; error: Placement Client Error (4xx): {"errors": [{"status": 404, "title": "Not Found", "detail": "The resource could not be found.\n\n No resource provider with uuid c4a2fb08-8494-442f-a544-ca7562918c61 found for delete ", "request_id": "req-cb3ca28b-0370-49a2-b1bc-75b9bfc8e0f8"}]} [pid: 8|app: 0|req: 641/1208] 10.0.0.175 () {32 vars in 725 bytes} [Wed Jul 8 06:23:52 2026] DELETE /v2.0/networks/6ab9197c-b81f-4eb4-af4c-dedebbb39032 => generated 0 bytes in 353 msecs (HTTP/1.1 204) 3 headers in 131 bytes (1 switches on core 0)
2026-07-08 06:23:53.338 7 INFO neutron_taas.services.taas.taas_plugin [None req-dbdfdb9c-160d-4f46-bc3b-53d3b37659d7 f340426f1aa24678843c139f88e107cc 1004b41afee34c9aa1c9208076033841 - - default default] TaaS: Handle Delete Port: 638cfb79-2de3-4641-9bb7-bcce6f843af0
2026-07-08 06:23:53.341 7 INFO neutron_taas.services.taas.tap_mirror_plugin [None req-dbdfdb9c-160d-4f46-bc3b-53d3b37659d7 f340426f1aa24678843c139f88e107cc 1004b41afee34c9aa1c9208076033841 - - default default] Tap Mirror: Handle Delete Port: 638cfb79-2de3-4641-9bb7-bcce6f843af0
2026-07-08 06:23:53.479 8 WARNING neutron.db.securitygroups_db [None req-fca470a8-2973-4193-992f-48a65151ad38 7284e562e19a4841a271e3457a2e9ff3 6511e556384d473b8e6818b7dca3217c - - default default] project_id key not found in filters, using tenant_id instead. This support has been deprecated and will be removed in a future release. [pid: 8|app: 0|req: 642/1209] 10.0.0.175 () {32 vars in 773 bytes} [Wed Jul 8 06:23:53 2026] GET /v2.0/security-groups?tenant_id=0e65af8622684e9087b65212a30b367c&name=default => generated 2925 bytes in 189 msecs (HTTP/1.1 200) 4 headers in 158 bytes (1 switches on core 0) [pid: 7|app: 0|req: 568/1210] 10.0.0.175 () {32 vars in 725 bytes} [Wed Jul 8 06:23:53 2026] DELETE /v2.0/networks/d6be118a-01d2-4453-9dd4-29e9915612ad => generated 0 bytes in 302 msecs (HTTP/1.1 204) 3 headers in 131 bytes (1 switches on core 0)
2026-07-08 06:23:53.647 7 INFO neutron_taas.services.taas.taas_plugin [None req-dc591737-c5a6-484a-a22a-672b3f39f725 f340426f1aa24678843c139f88e107cc 1004b41afee34c9aa1c9208076033841 - - default default] TaaS: Handle Delete Port: f87eb016-b668-4367-99cb-0a797e568e94
2026-07-08 06:23:53.653 7 INFO neutron_taas.services.taas.tap_mirror_plugin [None req-dc591737-c5a6-484a-a22a-672b3f39f725 f340426f1aa24678843c139f88e107cc 1004b41afee34c9aa1c9208076033841 - - default default] Tap Mirror: Handle Delete Port: f87eb016-b668-4367-99cb-0a797e568e94 [pid: 8|app: 0|req: 643/1211] 10.0.0.175 () {32 vars in 739 bytes} [Wed Jul 8 06:23:53 2026] DELETE /v2.0/security-groups/a5e7cbe7-d05d-46ae-a468-557e344024ab => generated 0 bytes in 185 msecs (HTTP/1.1 204) 2 headers in 112 bytes (1 switches on core 0) [pid: 7|app: 0|req: 569/1212] 10.0.0.175 () {32 vars in 725 bytes} [Wed Jul 8 06:23:53 2026] DELETE /v2.0/networks/4243956f-19e1-446d-8c9f-4d8211e95fe3 => generated 0 bytes in 354 msecs (HTTP/1.1 204) 3 headers in 131 bytes (1 switches on core 0) [pid: 7|app: 0|req: 570/1213] 10.0.0.141 () {34 vars in 1069 bytes} [Wed Jul 8 06:23:54 2026] GET /v2.0/ports?fields=security_groups&fields=device_id&device_id=f5476f8f-f213-4a01-bd96-4058415380f1 => generated 12 bytes in 26 msecs (HTTP/1.1 200) 4 headers in 156 bytes (1 switches on core 0) [pid: 8|app: 0|req: 644/1214] 10.0.0.72 () {34 vars in 988 bytes} [Wed Jul 8 06:23:53 2026] GET /v2.0/ports?device_id=f5476f8f-f213-4a01-bd96-4058415380f1 => generated 12 bytes in 223 msecs (HTTP/1.1 200) 4 headers in 156 bytes (1 switches on core 0) [pid: 8|app: 0|req: 645/1215] 10.0.0.141 () {34 vars in 989 bytes} [Wed Jul 8 06:23:54 2026] GET /v2.0/ports?device_id=f5476f8f-f213-4a01-bd96-4058415380f1 => generated 12 bytes in 19 msecs (HTTP/1.1 200) 4 headers in 156 bytes (1 switches on core 0)
2026-07-08 06:23:54.300 7 WARNING neutron.db.securitygroups_db [None req-99c5d974-2a1a-4a2e-a674-1127dccaf6a5 7284e562e19a4841a271e3457a2e9ff3 6511e556384d473b8e6818b7dca3217c - - default default] project_id key not found in filters, using tenant_id instead. This support has been deprecated and will be removed in a future release.
2026-07-08 06:23:54.402 7 INFO neutron.db.ovn_revision_numbers_db [None req-99c5d974-2a1a-4a2e-a674-1127dccaf6a5 7284e562e19a4841a271e3457a2e9ff3 6511e556384d473b8e6818b7dca3217c - - default default] Successfully bumped revision number for resource a68ff463-038d-4f5d-89ac-3d63ec90ab95 (type: security_groups) to 1
2026-07-08 06:23:54.410 7 INFO neutron.db.ovn_revision_numbers_db [None req-99c5d974-2a1a-4a2e-a674-1127dccaf6a5 7284e562e19a4841a271e3457a2e9ff3 6511e556384d473b8e6818b7dca3217c - - default default] Successfully bumped revision number for resource 0146ffb2-2b7a-4a42-b1e8-35ebb272b370 (type: security_group_rules) to 0
2026-07-08 06:23:54.419 7 INFO neutron.db.ovn_revision_numbers_db [None req-99c5d974-2a1a-4a2e-a674-1127dccaf6a5 7284e562e19a4841a271e3457a2e9ff3 6511e556384d473b8e6818b7dca3217c - - default default] Successfully bumped revision number for resource 2e6e6ccd-df75-4b9c-8c1b-d3ec21da27a3 (type: security_group_rules) to 0
2026-07-08 06:23:54.430 7 INFO neutron.db.ovn_revision_numbers_db [None req-99c5d974-2a1a-4a2e-a674-1127dccaf6a5 7284e562e19a4841a271e3457a2e9ff3 6511e556384d473b8e6818b7dca3217c - - default default] Successfully bumped revision number for resource 3b6683f7-7a60-4b8f-be8b-36d8d0b8798f (type: security_group_rules) to 0
2026-07-08 06:23:54.433 8 WARNING neutron.db.securitygroups_db [None req-86eede74-3983-43d4-a15e-29be34310074 7284e562e19a4841a271e3457a2e9ff3 6511e556384d473b8e6818b7dca3217c - - default default] project_id key not found in filters, using tenant_id instead. This support has been deprecated and will be removed in a future release.
2026-07-08 06:23:54.441 7 INFO neutron.db.ovn_revision_numbers_db [None req-99c5d974-2a1a-4a2e-a674-1127dccaf6a5 7284e562e19a4841a271e3457a2e9ff3 6511e556384d473b8e6818b7dca3217c - - default default] Successfully bumped revision number for resource b7d60110-d970-4f4b-89ef-230ee63c2b0e (type: security_group_rules) to 0 [pid: 8|app: 0|req: 646/1216] 10.0.0.175 () {32 vars in 773 bytes} [Wed Jul 8 06:23:54 2026] GET /v2.0/security-groups?tenant_id=1004b41afee34c9aa1c9208076033841&name=default => generated 2925 bytes in 65 msecs (HTTP/1.1 200) 4 headers in 158 bytes (1 switches on core 0) [pid: 7|app: 0|req: 571/1217] 10.0.0.175 () {32 vars in 773 bytes} [Wed Jul 8 06:23:54 2026] GET /v2.0/security-groups?tenant_id=4c52205efd8f4294ba32afe4f1080512&name=default => generated 2925 bytes in 261 msecs (HTTP/1.1 200) 4 headers in 158 bytes (1 switches on core 0) [pid: 7|app: 0|req: 572/1218] 10.0.0.175 () {32 vars in 739 bytes} [Wed Jul 8 06:23:54 2026] DELETE /v2.0/security-groups/a68ff463-038d-4f5d-89ac-3d63ec90ab95 => generated 0 bytes in 167 msecs (HTTP/1.1 204) 2 headers in 112 bytes (1 switches on core 0) [pid: 8|app: 0|req: 647/1219] 10.0.0.175 () {32 vars in 739 bytes} [Wed Jul 8 06:23:54 2026] DELETE /v2.0/security-groups/937881ca-4c6c-4bcb-b41b-74f58c19eb0f => generated 0 bytes in 194 msecs (HTTP/1.1 204) 2 headers in 112 bytes (1 switches on core 0) [pid: 7|app: 0|req: 573/1220] 10.0.0.175 () {32 vars in 739 bytes} [Wed Jul 8 06:23:54 2026] DELETE /v2.0/security-groups/bd81bd94-912e-4110-aaee-818b94400979 => generated 0 bytes in 144 msecs (HTTP/1.1 204) 2 headers in 112 bytes (1 switches on core 0)
2026-07-08 06:23:54.793 8 WARNING neutron.db.securitygroups_db [None req-31e45f2b-0417-43dd-855d-bdc0798bc901 7284e562e19a4841a271e3457a2e9ff3 6511e556384d473b8e6818b7dca3217c - - default default] project_id key not found in filters, using tenant_id instead. This support has been deprecated and will be removed in a future release.
2026-07-08 06:23:54.801 7 INFO neutron.api.v2.resource [None req-b3e88ee3-4bed-4069-b550-32ebd84dff17 5efd26f53c66463183c615d1d6a9aa39 808bd3d9a59345798a6e4f6b68108ef9 - - default default] show failed (client error): The resource could not be found. [pid: 7|app: 0|req: 574/1221] 10.0.0.175 () {32 vars in 736 bytes} [Wed Jul 8 06:23:54 2026] GET /v2.0/security-groups/bd81bd94-912e-4110-aaee-818b94400979 => generated 146 bytes in 10 msecs (HTTP/1.1 404) 4 headers in 164 bytes (1 switches on core 0)
2026-07-08 06:23:54.878 7 INFO neutron.services.segments.plugin [-] Segment e6d62e8b-ce74-45c5-8f54-1f947a7f665d resource provider aggregate not found
2026-07-08 06:23:54.880 7 INFO neutron.services.segments.plugin [-] Segment e6d62e8b-ce74-45c5-8f54-1f947a7f665d resource provider aggregate not found
2026-07-08 06:23:54.904 7 INFO neutron.services.segments.plugin [-] Client error retrieving segment e6d62e8b-ce74-45c5-8f54-1f947a7f665d resource provider; error: Placement Client Error (4xx): {"errors": [{"status": 404, "title": "Not Found", "detail": "The resource could not be found.\n\n No resource provider with uuid e6d62e8b-ce74-45c5-8f54-1f947a7f665d found for delete ", "request_id": "req-d7356ca3-9975-4528-bec3-14bd8d228629"}]}
2026-07-08 06:23:54.911 7 INFO neutron.services.segments.plugin [-] Client error retrieving segment e6d62e8b-ce74-45c5-8f54-1f947a7f665d resource provider; error: Placement Client Error (4xx): {"errors": [{"status": 404, "title": "Not Found", "detail": "The resource could not be found.\n\n No resource provider with uuid e6d62e8b-ce74-45c5-8f54-1f947a7f665d found for delete ", "request_id": "req-750bdf00-3895-46b9-a9dd-5f890e5836cb"}]}
2026-07-08 06:23:54.939 7 INFO neutron.services.segments.plugin [-] Segment 503f17a1-6297-4b87-bbfc-a732684dcea5 resource provider aggregate not found
2026-07-08 06:23:54.944 7 INFO neutron.services.segments.plugin [-] Segment 503f17a1-6297-4b87-bbfc-a732684dcea5 resource provider aggregate not found
2026-07-08 06:23:54.944 8 INFO neutron.db.ovn_revision_numbers_db [None req-31e45f2b-0417-43dd-855d-bdc0798bc901 7284e562e19a4841a271e3457a2e9ff3 6511e556384d473b8e6818b7dca3217c - - default default] Successfully bumped revision number for resource fa33f171-0f79-4dc9-b973-8ed207d29c2b (type: security_groups) to 1
2026-07-08 06:23:54.960 7 INFO neutron.services.segments.plugin [-] Client error retrieving segment 503f17a1-6297-4b87-bbfc-a732684dcea5 resource provider; error: Placement Client Error (4xx): {"errors": [{"status": 404, "title": "Not Found", "detail": "The resource could not be found.\n\n No resource provider with uuid 503f17a1-6297-4b87-bbfc-a732684dcea5 found for delete ", "request_id": "req-b7c6292f-edef-43bb-a3c5-d6bf59042476"}]}
2026-07-08 06:23:54.961 8 INFO neutron.db.ovn_revision_numbers_db [None req-31e45f2b-0417-43dd-855d-bdc0798bc901 7284e562e19a4841a271e3457a2e9ff3 6511e556384d473b8e6818b7dca3217c - - default default] Successfully bumped revision number for resource 1821e995-7802-40b1-9e1a-a93662911708 (type: security_group_rules) to 0
2026-07-08 06:23:54.962 7 INFO neutron.services.segments.plugin [-] Client error retrieving segment 503f17a1-6297-4b87-bbfc-a732684dcea5 resource provider; error: Placement Client Error (4xx): {"errors": [{"status": 404, "title": "Not Found", "detail": "The resource could not be found.\n\n No resource provider with uuid 503f17a1-6297-4b87-bbfc-a732684dcea5 found for delete ", "request_id": "req-28ad488e-b701-42c1-aacf-3906d36f3bf2"}]}
2026-07-08 06:23:54.971 8 INFO neutron.db.ovn_revision_numbers_db [None req-31e45f2b-0417-43dd-855d-bdc0798bc901 7284e562e19a4841a271e3457a2e9ff3 6511e556384d473b8e6818b7dca3217c - - default default] Successfully bumped revision number for resource 91b1e176-c4c9-471b-aced-2c3058f2fcb7 (type: security_group_rules) to 0
2026-07-08 06:23:54.982 8 INFO neutron.db.ovn_revision_numbers_db [None req-31e45f2b-0417-43dd-855d-bdc0798bc901 7284e562e19a4841a271e3457a2e9ff3 6511e556384d473b8e6818b7dca3217c - - default default] Successfully bumped revision number for resource a02a4fbc-4956-442c-8896-9685fad33f29 (type: security_group_rules) to 0
2026-07-08 06:23:54.998 8 INFO neutron.db.ovn_revision_numbers_db [None req-31e45f2b-0417-43dd-855d-bdc0798bc901 7284e562e19a4841a271e3457a2e9ff3 6511e556384d473b8e6818b7dca3217c - - default default] Successfully bumped revision number for resource cc65a20a-7b3c-461e-937f-a5cf366bc751 (type: security_group_rules) to 0 [pid: 8|app: 0|req: 648/1222] 10.0.0.175 () {32 vars in 773 bytes} [Wed Jul 8 06:23:54 2026] GET /v2.0/security-groups?tenant_id=de1fddabef9146f9b853d5400ced3458&name=default => generated 2925 bytes in 246 msecs (HTTP/1.1 200) 4 headers in 158 bytes (1 switches on core 0)
2026-07-08 06:23:55.054 7 INFO neutron_taas.services.taas.taas_plugin [None req-aeaf8f5d-bb23-47c4-9d18-9ac41994c117 5efd26f53c66463183c615d1d6a9aa39 808bd3d9a59345798a6e4f6b68108ef9 - - default default] TaaS: Handle Delete Port: 26e01e43-d13b-4c8c-b6c0-79472e309565
2026-07-08 06:23:55.057 7 INFO neutron_taas.services.taas.tap_mirror_plugin [None req-aeaf8f5d-bb23-47c4-9d18-9ac41994c117 5efd26f53c66463183c615d1d6a9aa39 808bd3d9a59345798a6e4f6b68108ef9 - - default default] Tap Mirror: Handle Delete Port: 26e01e43-d13b-4c8c-b6c0-79472e309565
2026-07-08 06:23:55.126 8 INFO neutron.services.segments.plugin [-] Segment 597cede0-2306-44b8-97b7-a9fda73f8097 resource provider aggregate not found
2026-07-08 06:23:55.132 8 INFO neutron.services.segments.plugin [-] Segment 597cede0-2306-44b8-97b7-a9fda73f8097 resource provider aggregate not found
2026-07-08 06:23:55.149 8 INFO neutron.services.segments.plugin [-] Client error retrieving segment 597cede0-2306-44b8-97b7-a9fda73f8097 resource provider; error: Placement Client Error (4xx): {"errors": [{"status": 404, "title": "Not Found", "detail": "The resource could not be found.\n\n No resource provider with uuid 597cede0-2306-44b8-97b7-a9fda73f8097 found for delete ", "request_id": "req-372e4f3a-f558-47d4-a56d-e5a1aa29a475"}]}
2026-07-08 06:23:55.150 8 INFO neutron.services.segments.plugin [-] Client error retrieving segment 597cede0-2306-44b8-97b7-a9fda73f8097 resource provider; error: Placement Client Error (4xx): {"errors": [{"status": 404, "title": "Not Found", "detail": "The resource could not be found.\n\n No resource provider with uuid 597cede0-2306-44b8-97b7-a9fda73f8097 found for delete ", "request_id": "req-4aceab87-5ee6-4751-8fe5-46a875598522"}]} [pid: 7|app: 0|req: 575/1223] 10.0.0.175 () {32 vars in 731 bytes} [Wed Jul 8 06:23:54 2026] DELETE /v2.0/floatingips/0edfa625-9a5e-4f97-adc1-9f9c6fe4b0f8 => generated 0 bytes in 394 msecs (HTTP/1.1 204) 2 headers in 112 bytes (1 switches on core 0) [pid: 8|app: 0|req: 649/1224] 10.0.0.175 () {32 vars in 739 bytes} [Wed Jul 8 06:23:55 2026] DELETE /v2.0/security-groups/fa33f171-0f79-4dc9-b973-8ed207d29c2b => generated 0 bytes in 199 msecs (HTTP/1.1 204) 2 headers in 112 bytes (1 switches on core 0)
2026-07-08 06:23:55.469 7 INFO neutron_taas.services.taas.taas_plugin [None req-ed47b72a-7ae5-4dc9-bb35-d1af7bed5936 7284e562e19a4841a271e3457a2e9ff3 6511e556384d473b8e6818b7dca3217c - - default default] TaaS: Handle Delete Port: 5683b448-9d2c-4342-9582-c532a271e83f
2026-07-08 06:23:55.481 7 INFO neutron_taas.services.taas.tap_mirror_plugin [None req-ed47b72a-7ae5-4dc9-bb35-d1af7bed5936 7284e562e19a4841a271e3457a2e9ff3 6511e556384d473b8e6818b7dca3217c - - default default] Tap Mirror: Handle Delete Port: 5683b448-9d2c-4342-9582-c532a271e83f
2026-07-08 06:23:55.998 8 INFO neutron.db.ovn_revision_numbers_db [None req-e9d3c1a7-99a2-4891-be7d-8deaaa3483c5 6c8e095236204390ab65978b49b474ad 920fef74e2bc4d628ff9678e3c34366e - - default default] Successfully bumped revision number for resource 359e254f-5c67-45fc-8eba-3a4961051e25 (type: security_groups) to 1
2026-07-08 06:23:56.009 8 INFO neutron.db.ovn_revision_numbers_db [None req-e9d3c1a7-99a2-4891-be7d-8deaaa3483c5 6c8e095236204390ab65978b49b474ad 920fef74e2bc4d628ff9678e3c34366e - - default default] Successfully bumped revision number for resource 1106fbd4-ea0d-4944-9ed3-9bfd62ecb21a (type: security_group_rules) to 0
2026-07-08 06:23:56.021 8 INFO neutron.db.ovn_revision_numbers_db [None req-e9d3c1a7-99a2-4891-be7d-8deaaa3483c5 6c8e095236204390ab65978b49b474ad 920fef74e2bc4d628ff9678e3c34366e - - default default] Successfully bumped revision number for resource 2d8f9304-459f-429c-a3bf-c432a7cbe4b3 (type: security_group_rules) to 0
2026-07-08 06:23:56.031 8 INFO neutron.db.ovn_revision_numbers_db [None req-e9d3c1a7-99a2-4891-be7d-8deaaa3483c5 6c8e095236204390ab65978b49b474ad 920fef74e2bc4d628ff9678e3c34366e - - default default] Successfully bumped revision number for resource ee863653-e57f-45c5-9d2c-0a9c1690e11f (type: security_group_rules) to 0
2026-07-08 06:23:56.043 8 INFO neutron.db.ovn_revision_numbers_db [None req-e9d3c1a7-99a2-4891-be7d-8deaaa3483c5 6c8e095236204390ab65978b49b474ad 920fef74e2bc4d628ff9678e3c34366e - - default default] Successfully bumped revision number for resource ef6635ec-6eaa-416c-ac71-813b2c33d2ef (type: security_group_rules) to 0 [pid: 7|app: 0|req: 576/1225] 10.0.0.175 () {34 vars in 788 bytes} [Wed Jul 8 06:23:55 2026] PUT /v2.0/routers/6eed4a61-af82-4425-acf3-9dc868bed4d4/remove_router_interface => generated 310 bytes in 920 msecs (HTTP/1.1 200) 4 headers in 157 bytes (1 switches on core 0) /var/lib/openstack/lib/python3.12/site-packages/pycadf/identifier.py:70: UserWarning: Invalid uuid: neutron. To ensure interoperability, identifiers should be a valid uuid. warnings.warn(('Invalid uuid: %s. To ensure interoperability, '
2026-07-08 06:23:56.164 8 INFO neutron.db.ovn_revision_numbers_db [None req-e9d3c1a7-99a2-4891-be7d-8deaaa3483c5 6c8e095236204390ab65978b49b474ad 920fef74e2bc4d628ff9678e3c34366e - - default default] Successfully bumped revision number for resource f5428de0-bdb2-4cee-b938-d87ff43174b4 (type: security_groups) to 1
2026-07-08 06:23:56.178 8 INFO neutron.db.ovn_revision_numbers_db [None req-e9d3c1a7-99a2-4891-be7d-8deaaa3483c5 6c8e095236204390ab65978b49b474ad 920fef74e2bc4d628ff9678e3c34366e - - default default] Successfully bumped revision number for resource 1839ff88-e449-40fd-9676-9a127754596f (type: security_group_rules) to 0
2026-07-08 06:23:56.189 8 INFO neutron.db.ovn_revision_numbers_db [None req-e9d3c1a7-99a2-4891-be7d-8deaaa3483c5 6c8e095236204390ab65978b49b474ad 920fef74e2bc4d628ff9678e3c34366e - - default default] Successfully bumped revision number for resource 9afdadac-d43c-4482-9fe4-0d9b9aa9e7ee (type: security_group_rules) to 0 [pid: 8|app: 0|req: 650/1226] 10.0.0.175 () {34 vars in 683 bytes} [Wed Jul 8 06:23:55 2026] POST /v2.0/security-groups => generated 1625 bytes in 629 msecs (HTTP/1.1 201) 4 headers in 163 bytes (1 switches on core 0) [pid: 8|app: 0|req: 651/1227] 10.0.0.175 () {32 vars in 662 bytes} [Wed Jul 8 06:23:56 2026] GET /v2.0/security-groups => generated 4530 bytes in 39 msecs (HTTP/1.1 200) 4 headers in 158 bytes (1 switches on core 0)
2026-07-08 06:23:56.339 8 INFO neutron.db.ovn_revision_numbers_db [None req-d6ed829d-27c2-461c-bdda-c80604d90848 6c8e095236204390ab65978b49b474ad 920fef74e2bc4d628ff9678e3c34366e - - default default] Successfully bumped revision number for resource f5428de0-bdb2-4cee-b938-d87ff43174b4 (type: security_groups) to 2 [pid: 8|app: 0|req: 652/1228] 10.0.0.175 () {34 vars in 757 bytes} [Wed Jul 8 06:23:56 2026] PUT /v2.0/security-groups/f5428de0-bdb2-4cee-b938-d87ff43174b4 => generated 1664 bytes in 88 msecs (HTTP/1.1 200) 4 headers in 158 bytes (1 switches on core 0) [pid: 8|app: 0|req: 653/1229] 10.0.0.175 () {32 vars in 736 bytes} [Wed Jul 8 06:23:56 2026] GET /v2.0/security-groups/f5428de0-bdb2-4cee-b938-d87ff43174b4 => generated 1664 bytes in 18 msecs (HTTP/1.1 200) 4 headers in 158 bytes (1 switches on core 0)
2026-07-08 06:23:56.443 7 INFO neutron_taas.services.taas.taas_plugin [None req-b319c823-2c70-4107-99a4-a032374d0520 7284e562e19a4841a271e3457a2e9ff3 6511e556384d473b8e6818b7dca3217c - - default default] TaaS: Handle Delete Port: e4bf4c32-9ef7-424a-a5a9-92b7819081dd
2026-07-08 06:23:56.446 7 INFO neutron_taas.services.taas.tap_mirror_plugin [None req-b319c823-2c70-4107-99a4-a032374d0520 7284e562e19a4841a271e3457a2e9ff3 6511e556384d473b8e6818b7dca3217c - - default default] Tap Mirror: Handle Delete Port: e4bf4c32-9ef7-424a-a5a9-92b7819081dd [pid: 8|app: 0|req: 654/1230] 10.0.0.175 () {32 vars in 739 bytes} [Wed Jul 8 06:23:56 2026] DELETE /v2.0/security-groups/f5428de0-bdb2-4cee-b938-d87ff43174b4 => generated 0 bytes in 137 msecs (HTTP/1.1 204) 2 headers in 112 bytes (1 switches on core 0)
2026-07-08 06:23:56.779 8 INFO neutron.db.ovn_revision_numbers_db [None req-224291d1-7f2a-4061-b326-a8710c7309b7 72de586b18c64f94b18fcabb95bbd603 09057db4208044bda45460e98f64a7d6 - - default default] Successfully bumped revision number for resource 6571434d-115e-4ee1-9035-cf63e3f0559a (type: security_groups) to 1
2026-07-08 06:23:56.792 8 INFO neutron.db.ovn_revision_numbers_db [None req-224291d1-7f2a-4061-b326-a8710c7309b7 72de586b18c64f94b18fcabb95bbd603 09057db4208044bda45460e98f64a7d6 - - default default] Successfully bumped revision number for resource 96a48515-e39d-4a91-bf23-66f9ae2d5b8e (type: security_group_rules) to 0
2026-07-08 06:23:56.804 8 INFO neutron.db.ovn_revision_numbers_db [None req-224291d1-7f2a-4061-b326-a8710c7309b7 72de586b18c64f94b18fcabb95bbd603 09057db4208044bda45460e98f64a7d6 - - default default] Successfully bumped revision number for resource b2b8fee7-0280-4427-9888-85c20116e376 (type: security_group_rules) to 0
2026-07-08 06:23:56.821 8 INFO neutron.db.ovn_revision_numbers_db [None req-224291d1-7f2a-4061-b326-a8710c7309b7 72de586b18c64f94b18fcabb95bbd603 09057db4208044bda45460e98f64a7d6 - - default default] Successfully bumped revision number for resource bb251ecc-d237-435f-adec-c1f595131588 (type: security_group_rules) to 0
2026-07-08 06:23:56.832 8 INFO neutron.db.ovn_revision_numbers_db [None req-224291d1-7f2a-4061-b326-a8710c7309b7 72de586b18c64f94b18fcabb95bbd603 09057db4208044bda45460e98f64a7d6 - - default default] Successfully bumped revision number for resource fb17f9ed-c438-4381-a15a-e41f71e6432f (type: security_group_rules) to 0 [pid: 7|app: 0|req: 577/1231] 10.0.0.175 () {32 vars in 723 bytes} [Wed Jul 8 06:23:56 2026] DELETE /v2.0/routers/6eed4a61-af82-4425-acf3-9dc868bed4d4 => generated 0 bytes in 756 msecs (HTTP/1.1 204) 2 headers in 112 bytes (1 switches on core 0)
2026-07-08 06:23:56.913 8 INFO neutron.db.segments_db [None req-224291d1-7f2a-4061-b326-a8710c7309b7 72de586b18c64f94b18fcabb95bbd603 09057db4208044bda45460e98f64a7d6 - - default default] Added segment d54fc9af-8969-49c1-bf14-733e4da3ad94 of type geneve for network a2b676d7-6aba-46f1-9dab-cb8723ff249e [pid: 7|app: 0|req: 578/1232] 10.0.0.175 () {32 vars in 662 bytes} [Wed Jul 8 06:23:56 2026] GET /v2.0/security-groups => generated 2925 bytes in 35 msecs (HTTP/1.1 200) 4 headers in 158 bytes (1 switches on core 0)
2026-07-08 06:23:57.014 8 INFO neutron.db.ovn_revision_numbers_db [None req-224291d1-7f2a-4061-b326-a8710c7309b7 72de586b18c64f94b18fcabb95bbd603 09057db4208044bda45460e98f64a7d6 - - default default] Successfully bumped revision number for resource a2b676d7-6aba-46f1-9dab-cb8723ff249e (type: networks) to 1
2026-07-08 06:23:57.168 8 WARNING neutron.scheduler.dhcp_agent_scheduler [None req-224291d1-7f2a-4061-b326-a8710c7309b7 72de586b18c64f94b18fcabb95bbd603 09057db4208044bda45460e98f64a7d6 - - default default] No more DHCP agents
2026-07-08 06:23:57.169 8 WARNING neutron.api.rpc.agentnotifiers.dhcp_rpc_agent_api [None req-224291d1-7f2a-4061-b326-a8710c7309b7 72de586b18c64f94b18fcabb95bbd603 09057db4208044bda45460e98f64a7d6 - - default default] Unable to schedule network a2b676d7-6aba-46f1-9dab-cb8723ff249e: no agents available; will retry on subsequent port and subnet creation events.
2026-07-08 06:23:57.255 8 INFO neutron.db.ovn_revision_numbers_db [None req-224291d1-7f2a-4061-b326-a8710c7309b7 72de586b18c64f94b18fcabb95bbd603 09057db4208044bda45460e98f64a7d6 - - default default] Successfully bumped revision number for resource 689615f9-ff39-4eb2-9a9b-b336d996909a (type: ports) to 1 [pid: 8|app: 0|req: 655/1233] 10.0.0.175 () {34 vars in 669 bytes} [Wed Jul 8 06:23:56 2026] POST /v2.0/networks => generated 686 bytes in 747 msecs (HTTP/1.1 201) 4 headers in 162 bytes (1 switches on core 0)
2026-07-08 06:23:57.285 8 INFO neutron.api.v2.resource [None req-1775603c-0a20-450a-88e4-001f944f69fa 6c8e095236204390ab65978b49b474ad 920fef74e2bc4d628ff9678e3c34366e - - default default] delete failed (client error): The resource could not be found. [pid: 8|app: 0|req: 656/1234] 10.0.0.175 () {32 vars in 739 bytes} [Wed Jul 8 06:23:57 2026] DELETE /v2.0/security-groups/f5428de0-bdb2-4cee-b938-d87ff43174b4 => generated 146 bytes in 9 msecs (HTTP/1.1 404) 4 headers in 164 bytes (1 switches on core 0)
2026-07-08 06:23:57.488 8 WARNING neutron.scheduler.dhcp_agent_scheduler [None req-8f54bdbb-81ee-496f-98e3-25b0a29b6058 72de586b18c64f94b18fcabb95bbd603 09057db4208044bda45460e98f64a7d6 - - default default] No more DHCP agents
2026-07-08 06:23:57.490 8 WARNING neutron.api.rpc.agentnotifiers.dhcp_rpc_agent_api [None req-8f54bdbb-81ee-496f-98e3-25b0a29b6058 72de586b18c64f94b18fcabb95bbd603 09057db4208044bda45460e98f64a7d6 - - default default] Unable to schedule network a2b676d7-6aba-46f1-9dab-cb8723ff249e: no agents available; will retry on subsequent port and subnet creation events.
2026-07-08 06:23:57.492 7 INFO neutron.plugins.ml2.drivers.ovn.mech_driver.mech_driver [None req-350e910b-48e2-40cf-94dd-e032ce6726f3 - - - - - -] OVN reports status down for port: 689615f9-ff39-4eb2-9a9b-b336d996909a
2026-07-08 06:23:57.547 8 INFO neutron.plugins.ml2.drivers.ovn.mech_driver.mech_driver [None req-83b94e06-e12e-421a-b16d-f276710e6d9a - - - - - -] OVN reports status down for port: cb63864b-0939-4603-b7b8-75b6f151ede3
2026-07-08 06:23:57.608 8 INFO neutron.db.ovn_revision_numbers_db [None req-8f54bdbb-81ee-496f-98e3-25b0a29b6058 72de586b18c64f94b18fcabb95bbd603 09057db4208044bda45460e98f64a7d6 - - default default] Successfully bumped revision number for resource cb63864b-0939-4603-b7b8-75b6f151ede3 (type: ports) to 1 [pid: 7|app: 0|req: 579/1235] 10.0.0.175 () {32 vars in 723 bytes} [Wed Jul 8 06:23:56 2026] DELETE /v2.0/subnets/0f4814b9-3be5-470a-9b8a-6013c4fb3a4d => generated 0 bytes in 678 msecs (HTTP/1.1 204) 3 headers in 131 bytes (1 switches on core 0) [pid: 8|app: 0|req: 657/1236] 10.0.0.175 () {34 vars in 664 bytes} [Wed Jul 8 06:23:57 2026] POST /v2.0/ports => generated 779 bytes in 367 msecs (HTTP/1.1 201) 4 headers in 162 bytes (1 switches on core 0) /var/lib/openstack/lib/python3.12/site-packages/pycadf/identifier.py:70: UserWarning: Invalid uuid: neutron. To ensure interoperability, identifiers should be a valid uuid. warnings.warn(('Invalid uuid: %s. To ensure interoperability, '
2026-07-08 06:23:57.748 7 INFO neutron.db.ovn_revision_numbers_db [None req-35e5c204-8d73-443f-8bc1-7daa1ee2cbf9 6c8e095236204390ab65978b49b474ad 920fef74e2bc4d628ff9678e3c34366e - - default default] Successfully bumped revision number for resource 30d9691d-6ced-468c-9dbe-13fd45c62655 (type: security_groups) to 1
2026-07-08 06:23:57.758 7 INFO neutron.db.ovn_revision_numbers_db [None req-35e5c204-8d73-443f-8bc1-7daa1ee2cbf9 6c8e095236204390ab65978b49b474ad 920fef74e2bc4d628ff9678e3c34366e - - default default] Successfully bumped revision number for resource 80b8bf82-a805-4307-a441-6cce26b781df (type: security_group_rules) to 0
2026-07-08 06:23:57.777 7 INFO neutron.db.ovn_revision_numbers_db [None req-35e5c204-8d73-443f-8bc1-7daa1ee2cbf9 6c8e095236204390ab65978b49b474ad 920fef74e2bc4d628ff9678e3c34366e - - default default] Successfully bumped revision number for resource f997aa50-54a7-41f9-b18d-78edf387e9db (type: security_group_rules) to 0
2026-07-08 06:23:57.782 8 INFO neutron_taas.services.taas.taas_plugin [None req-5e115fc0-9fcc-4ad3-a67c-57a347fd4864 7284e562e19a4841a271e3457a2e9ff3 6511e556384d473b8e6818b7dca3217c - - default default] TaaS: Handle Delete Port: 33f30249-9e07-4278-9280-abf684f69fbd
2026-07-08 06:23:57.786 8 INFO neutron_taas.services.taas.tap_mirror_plugin [None req-5e115fc0-9fcc-4ad3-a67c-57a347fd4864 7284e562e19a4841a271e3457a2e9ff3 6511e556384d473b8e6818b7dca3217c - - default default] Tap Mirror: Handle Delete Port: 33f30249-9e07-4278-9280-abf684f69fbd [pid: 7|app: 0|req: 580/1237] 10.0.0.175 () {34 vars in 683 bytes} [Wed Jul 8 06:23:57 2026] POST /v2.0/security-groups => generated 1624 bytes in 191 msecs (HTTP/1.1 201) 4 headers in 163 bytes (1 switches on core 0)
2026-07-08 06:23:57.894 7 INFO neutron.db.segments_db [None req-c91b099a-3b14-4b6a-9c97-fc8fd69da454 72de586b18c64f94b18fcabb95bbd603 09057db4208044bda45460e98f64a7d6 - - default default] Added segment dd3d07c9-2396-4c76-81ea-28fcdaf85cd9 of type geneve for network 589fe352-985c-420d-942e-7ac41c0d7dd4
2026-07-08 06:23:58.000 8 INFO neutron.services.segments.plugin [-] Segment 395ebeec-fb72-4daa-bdb3-039d8d11fcf9 resource provider aggregate not found
2026-07-08 06:23:58.006 8 INFO neutron.services.segments.plugin [-] Segment 395ebeec-fb72-4daa-bdb3-039d8d11fcf9 resource provider aggregate not found
2026-07-08 06:23:58.006 7 INFO neutron.db.ovn_revision_numbers_db [None req-c91b099a-3b14-4b6a-9c97-fc8fd69da454 72de586b18c64f94b18fcabb95bbd603 09057db4208044bda45460e98f64a7d6 - - default default] Successfully bumped revision number for resource 589fe352-985c-420d-942e-7ac41c0d7dd4 (type: networks) to 1
2026-07-08 06:23:58.025 8 INFO neutron.services.segments.plugin [-] Client error retrieving segment 395ebeec-fb72-4daa-bdb3-039d8d11fcf9 resource provider; error: Placement Client Error (4xx): {"errors": [{"status": 404, "title": "Not Found", "detail": "The resource could not be found.\n\n No resource provider with uuid 395ebeec-fb72-4daa-bdb3-039d8d11fcf9 found for delete ", "request_id": "req-678c67ad-aee7-4936-9801-4aaf7c2fc63a"}]}
2026-07-08 06:23:58.028 8 INFO neutron.services.segments.plugin [-] Client error retrieving segment 395ebeec-fb72-4daa-bdb3-039d8d11fcf9 resource provider; error: Placement Client Error (4xx): {"errors": [{"status": 404, "title": "Not Found", "detail": "The resource could not be found.\n\n No resource provider with uuid 395ebeec-fb72-4daa-bdb3-039d8d11fcf9 found for delete ", "request_id": "req-320aef4d-d9b7-4b74-9931-9cfbe0a32729"}]} [pid: 8|app: 0|req: 658/1238] 10.0.0.175 () {32 vars in 725 bytes} [Wed Jul 8 06:23:57 2026] DELETE /v2.0/networks/4ea53883-4db7-4305-9350-76a64bd753ab => generated 0 bytes in 390 msecs (HTTP/1.1 204) 3 headers in 131 bytes (1 switches on core 0)
2026-07-08 06:23:58.158 8 INFO neutron.db.ovn_revision_numbers_db [None req-4236acde-94d0-44b8-8d77-4f389732db7a 6c8e095236204390ab65978b49b474ad 920fef74e2bc4d628ff9678e3c34366e - - default default] Successfully bumped revision number for resource 7c02107c-b605-49f6-8488-909015ba4649 (type: security_group_rules) to 0
2026-07-08 06:23:58.169 7 WARNING neutron.scheduler.dhcp_agent_scheduler [None req-c91b099a-3b14-4b6a-9c97-fc8fd69da454 72de586b18c64f94b18fcabb95bbd603 09057db4208044bda45460e98f64a7d6 - - default default] No more DHCP agents
2026-07-08 06:23:58.171 7 WARNING neutron.api.rpc.agentnotifiers.dhcp_rpc_agent_api [None req-c91b099a-3b14-4b6a-9c97-fc8fd69da454 72de586b18c64f94b18fcabb95bbd603 09057db4208044bda45460e98f64a7d6 - - default default] Unable to schedule network 589fe352-985c-420d-942e-7ac41c0d7dd4: no agents available; will retry on subsequent port and subnet creation events. [pid: 8|app: 0|req: 659/1239] 10.0.0.175 () {34 vars in 694 bytes} [Wed Jul 8 06:23:58 2026] POST /v2.0/security-group-rules => generated 601 bytes in 149 msecs (HTTP/1.1 201) 4 headers in 162 bytes (1 switches on core 0) [pid: 8|app: 0|req: 660/1240] 10.0.0.175 () {32 vars in 746 bytes} [Wed Jul 8 06:23:58 2026] GET /v2.0/security-group-rules/7c02107c-b605-49f6-8488-909015ba4649 => generated 601 bytes in 30 msecs (HTTP/1.1 200) 4 headers in 157 bytes (1 switches on core 0)
2026-07-08 06:23:58.229 7 INFO neutron.plugins.ml2.drivers.ovn.mech_driver.mech_driver [None req-350e910b-48e2-40cf-94dd-e032ce6726f3 - - - - - -] OVN reports status down for port: 67f4b7af-7f52-49df-869c-a86df95a1905
2026-07-08 06:23:58.231 8 WARNING neutron.db.securitygroups_db [None req-71bd5ba4-87f4-4c36-a1ca-0bfa4669f3f7 7284e562e19a4841a271e3457a2e9ff3 6511e556384d473b8e6818b7dca3217c - - default default] project_id key not found in filters, using tenant_id instead. This support has been deprecated and will be removed in a future release. [pid: 8|app: 0|req: 661/1241] 10.0.0.175 () {32 vars in 773 bytes} [Wed Jul 8 06:23:58 2026] GET /v2.0/security-groups?tenant_id=808bd3d9a59345798a6e4f6b68108ef9&name=default => generated 2925 bytes in 28 msecs (HTTP/1.1 200) 4 headers in 158 bytes (1 switches on core 0)
2026-07-08 06:23:58.288 7 INFO neutron.db.ovn_revision_numbers_db [None req-c91b099a-3b14-4b6a-9c97-fc8fd69da454 72de586b18c64f94b18fcabb95bbd603 09057db4208044bda45460e98f64a7d6 - - default default] Successfully bumped revision number for resource 67f4b7af-7f52-49df-869c-a86df95a1905 (type: ports) to 1 [pid: 7|app: 0|req: 581/1242] 10.0.0.175 () {34 vars in 669 bytes} [Wed Jul 8 06:23:57 2026] POST /v2.0/networks => generated 673 bytes in 516 msecs (HTTP/1.1 201) 4 headers in 162 bytes (1 switches on core 0) [pid: 8|app: 0|req: 662/1243] 10.0.0.175 () {32 vars in 672 bytes} [Wed Jul 8 06:23:58 2026] GET /v2.0/security-group-rules => generated 4138 bytes in 71 msecs (HTTP/1.1 200) 4 headers in 158 bytes (1 switches on core 0)
2026-07-08 06:23:58.486 8 WARNING neutron.scheduler.dhcp_agent_scheduler [None req-63bf78bc-ce10-4693-8345-1db1cbdb6946 72de586b18c64f94b18fcabb95bbd603 09057db4208044bda45460e98f64a7d6 - - default default] No more DHCP agents
2026-07-08 06:23:58.488 8 WARNING neutron.api.rpc.agentnotifiers.dhcp_rpc_agent_api [None req-63bf78bc-ce10-4693-8345-1db1cbdb6946 72de586b18c64f94b18fcabb95bbd603 09057db4208044bda45460e98f64a7d6 - - default default] Unable to schedule network 589fe352-985c-420d-942e-7ac41c0d7dd4: no agents available; will retry on subsequent port and subnet creation events. [pid: 7|app: 0|req: 582/1244] 10.0.0.175 () {32 vars in 739 bytes} [Wed Jul 8 06:23:58 2026] DELETE /v2.0/security-groups/0f2de2f2-01a2-43a1-907f-926a2dbf04bb => generated 0 bytes in 171 msecs (HTTP/1.1 204) 2 headers in 112 bytes (1 switches on core 0)
