2026-07-08 06:26:35.411 8 INFO neutron.db.ovn_revision_numbers_db [None req-76249ca8-4233-446d-8a51-6e07b6f00120 75c9b1146be849b592bc23837e72ad79 4f37f5f220f84c82b2a7aab3ce3431aa - - default default] Successfully bumped revision number for resource a81441f3-5232-4db6-ba25-ea4de5db7c4c (type: networks) to 1 [pid: 7|app: 0|req: 1088/2289] 10.0.0.175 () {34 vars in 669 bytes} [Wed Jul 8 06:26:34 2026] POST /v2.0/networks => generated 676 bytes in 555 msecs (HTTP/1.1 201) 4 headers in 162 bytes (1 switches on core 0) [pid: 7|app: 0|req: 1089/2290] 10.0.0.141 () {34 vars in 1069 bytes} [Wed Jul 8 06:26:35 2026] GET /v2.0/ports?fields=security_groups&fields=device_id&device_id=e7ccf936-75dc-471c-bffd-e9ded84e0a2f => generated 123 bytes in 40 msecs (HTTP/1.1 200) 4 headers in 157 bytes (1 switches on core 0)
2026-07-08 06:26:35.584 8 WARNING neutron.scheduler.dhcp_agent_scheduler [None req-76249ca8-4233-446d-8a51-6e07b6f00120 75c9b1146be849b592bc23837e72ad79 4f37f5f220f84c82b2a7aab3ce3431aa - - default default] No more DHCP agents
2026-07-08 06:26:35.586 8 WARNING neutron.api.rpc.agentnotifiers.dhcp_rpc_agent_api [None req-76249ca8-4233-446d-8a51-6e07b6f00120 75c9b1146be849b592bc23837e72ad79 4f37f5f220f84c82b2a7aab3ce3431aa - - default default] Unable to schedule network a81441f3-5232-4db6-ba25-ea4de5db7c4c: no agents available; will retry on subsequent port and subnet creation events.
2026-07-08 06:26:35.662 7 INFO neutron.plugins.ml2.drivers.ovn.mech_driver.mech_driver [None req-f3982697-00d4-4708-a130-dee06e3a9703 - - - - - -] OVN reports status down for port: 45246c69-cc52-4404-8793-a87318e2c8af
2026-07-08 06:26:35.674 8 INFO neutron.db.ovn_revision_numbers_db [None req-76249ca8-4233-446d-8a51-6e07b6f00120 75c9b1146be849b592bc23837e72ad79 4f37f5f220f84c82b2a7aab3ce3431aa - - default default] Successfully bumped revision number for resource 45246c69-cc52-4404-8793-a87318e2c8af (type: ports) to 1 [pid: 8|app: 0|req: 1202/2291] 10.0.0.175 () {34 vars in 669 bytes} [Wed Jul 8 06:26:34 2026] POST /v2.0/networks => generated 669 bytes in 715 msecs (HTTP/1.1 201) 4 headers in 162 bytes (1 switches on core 0)
2026-07-08 06:26:35.738 7 WARNING neutron.scheduler.dhcp_agent_scheduler [None req-de8e9535-2136-46ef-a851-2480cd4b6b26 7728157d32de43a29d03f7ed2a82002e 9863e54347e147a392b152d115b3bcad - - default default] No more DHCP agents [pid: 8|app: 0|req: 1203/2292] 10.0.0.141 () {34 vars in 1039 bytes} [Wed Jul 8 06:26:35 2026] GET /v2.0/security-groups?id=4876a415-f553-419e-ae44-5e6d8a08d827&fields=id&fields=name => generated 113 bytes in 34 msecs (HTTP/1.1 200) 4 headers in 157 bytes (1 switches on core 0)
2026-07-08 06:26:35.740 7 WARNING neutron.api.rpc.agentnotifiers.dhcp_rpc_agent_api [None req-de8e9535-2136-46ef-a851-2480cd4b6b26 7728157d32de43a29d03f7ed2a82002e 9863e54347e147a392b152d115b3bcad - - default default] Unable to schedule network c25a9e54-f973-46fd-9328-3549d7f6e443: no agents available; will retry on subsequent port and subnet creation events.
2026-07-08 06:26:35.938 8 WARNING neutron.scheduler.dhcp_agent_scheduler [None req-08081ff6-5feb-43a0-971f-6f4c578c2318 75c9b1146be849b592bc23837e72ad79 4f37f5f220f84c82b2a7aab3ce3431aa - - default default] No more DHCP agents
2026-07-08 06:26:35.939 8 WARNING neutron.api.rpc.agentnotifiers.dhcp_rpc_agent_api [None req-08081ff6-5feb-43a0-971f-6f4c578c2318 75c9b1146be849b592bc23837e72ad79 4f37f5f220f84c82b2a7aab3ce3431aa - - default default] Unable to schedule network a81441f3-5232-4db6-ba25-ea4de5db7c4c: no agents available; will retry on subsequent port and subnet creation events.
2026-07-08 06:26:36.010 8 INFO neutron.db.ovn_revision_numbers_db [None req-08081ff6-5feb-43a0-971f-6f4c578c2318 75c9b1146be849b592bc23837e72ad79 4f37f5f220f84c82b2a7aab3ce3431aa - - default default] Successfully bumped revision number for resource e7b71eac-e130-4ae3-a579-8418c062f558 (type: ports) to 1
2026-07-08 06:26:36.025 7 INFO neutron.plugins.ml2.drivers.ovn.mech_driver.mech_driver [None req-f3982697-00d4-4708-a130-dee06e3a9703 - - - - - -] OVN reports status down for port: e7b71eac-e130-4ae3-a579-8418c062f558 [pid: 8|app: 0|req: 1204/2293] 10.0.0.175 () {34 vars in 663 bytes} [Wed Jul 8 06:26:35 2026] POST /v2.0/ports => generated 743 bytes in 292 msecs (HTTP/1.1 201) 4 headers in 162 bytes (1 switches on core 0) /var/lib/openstack/lib/python3.12/site-packages/pycadf/identifier.py:70: UserWarning: Invalid uuid: neutron. To ensure interoperability, identifiers should be a valid uuid. warnings.warn(('Invalid uuid: %s. To ensure interoperability, ' [pid: 8|app: 0|req: 1205/2294] 10.0.0.175 () {34 vars in 665 bytes} [Wed Jul 8 06:26:36 2026] POST /v2.0/trunks => generated 409 bytes in 151 msecs (HTTP/1.1 201) 4 headers in 162 bytes (1 switches on core 0)
2026-07-08 06:26:36.203 8 WARNING tagging [None req-e4ba86b0-8ed0-4215-afa6-5d776b330d14 75c9b1146be849b592bc23837e72ad79 4f37f5f220f84c82b2a7aab3ce3431aa - - default default] project_id key not found in request, using tenant_id instead. This support has been deprecated and will be removed in a future release. [pid: 8|app: 0|req: 1206/2295] 10.0.0.175 () {34 vars in 748 bytes} [Wed Jul 8 06:26:36 2026] PUT /v2.0/trunks/ec99e6a1-00bc-47f4-b11c-5c0c817d214a/tags => generated 25 bytes in 30 msecs (HTTP/1.1 200) 4 headers in 156 bytes (1 switches on core 0)
2026-07-08 06:26:36.237 8 WARNING tagging [None req-d9dfaf23-c5d2-4ed9-85d5-1c85ac199b00 75c9b1146be849b592bc23837e72ad79 4f37f5f220f84c82b2a7aab3ce3431aa - - default default] project_id key not found in request, using tenant_id instead. This support has been deprecated and will be removed in a future release. [pid: 8|app: 0|req: 1207/2296] 10.0.0.175 () {32 vars in 728 bytes} [Wed Jul 8 06:26:36 2026] GET /v2.0/trunks/ec99e6a1-00bc-47f4-b11c-5c0c817d214a/tags => generated 25 bytes in 18 msecs (HTTP/1.1 200) 4 headers in 156 bytes (1 switches on core 0)
2026-07-08 06:26:36.270 8 WARNING tagging [None req-b5f81af9-81a2-4625-a9a3-61b51b7521a9 75c9b1146be849b592bc23837e72ad79 4f37f5f220f84c82b2a7aab3ce3431aa - - default default] project_id key not found in request, using tenant_id instead. This support has been deprecated and will be removed in a future release. [pid: 8|app: 0|req: 1208/2297] 10.0.0.175 () {34 vars in 759 bytes} [Wed Jul 8 06:26:36 2026] PUT /v2.0/trunks/ec99e6a1-00bc-47f4-b11c-5c0c817d214a/tags/green => generated 4 bytes in 46 msecs (HTTP/1.1 201) 4 headers in 160 bytes (1 switches on core 0)
2026-07-08 06:26:36.300 7 INFO neutron.db.ovn_revision_numbers_db [None req-de8e9535-2136-46ef-a851-2480cd4b6b26 7728157d32de43a29d03f7ed2a82002e 9863e54347e147a392b152d115b3bcad - - default default] Successfully bumped revision number for resource 6146371d-2c75-44b3-9afe-f48b8793226d (type: ports) to 2
2026-07-08 06:26:36.311 8 WARNING tagging [None req-03c2b3bd-f339-4ecf-bcf1-502268c287e4 75c9b1146be849b592bc23837e72ad79 4f37f5f220f84c82b2a7aab3ce3431aa - - default default] project_id key not found in request, using tenant_id instead. This support has been deprecated and will be removed in a future release. [pid: 8|app: 0|req: 1209/2298] 10.0.0.175 () {32 vars in 728 bytes} [Wed Jul 8 06:26:36 2026] GET /v2.0/trunks/ec99e6a1-00bc-47f4-b11c-5c0c817d214a/tags => generated 34 bytes in 20 msecs (HTTP/1.1 200) 4 headers in 156 bytes (1 switches on core 0)
2026-07-08 06:26:36.332 7 INFO neutron.db.ovn_revision_numbers_db [None req-de8e9535-2136-46ef-a851-2480cd4b6b26 7728157d32de43a29d03f7ed2a82002e 9863e54347e147a392b152d115b3bcad - - default default] Successfully bumped revision number for resource 4dc8b631-153a-47ec-99be-ee0d05c252f1 (type: subnets) to 0
2026-07-08 06:26:36.335 8 WARNING tagging [None req-d6f6ca70-10ea-45d5-bf7f-914b0c00cb3b 75c9b1146be849b592bc23837e72ad79 4f37f5f220f84c82b2a7aab3ce3431aa - - default default] project_id key not found in request, using tenant_id instead. This support has been deprecated and will be removed in a future release. [pid: 7|app: 0|req: 1090/2299] 10.0.0.175 () {34 vars in 668 bytes} [Wed Jul 8 06:26:35 2026] POST /v2.0/subnets => generated 656 bytes in 865 msecs (HTTP/1.1 201) 4 headers in 162 bytes (1 switches on core 0) [pid: 8|app: 0|req: 1210/2300] 10.0.0.175 () {34 vars in 755 bytes} [Wed Jul 8 06:26:36 2026] PUT /v2.0/trunks/ec99e6a1-00bc-47f4-b11c-5c0c817d214a/tags/red => generated 4 bytes in 26 msecs (HTTP/1.1 201) 4 headers in 160 bytes (1 switches on core 0)
2026-07-08 06:26:36.364 8 WARNING tagging [None req-bd56c211-be31-49fd-b5dc-e0995c904757 75c9b1146be849b592bc23837e72ad79 4f37f5f220f84c82b2a7aab3ce3431aa - - default default] project_id key not found in request, using tenant_id instead. This support has been deprecated and will be removed in a future release. [pid: 8|app: 0|req: 1211/2301] 10.0.0.175 () {32 vars in 728 bytes} [Wed Jul 8 06:26:36 2026] GET /v2.0/trunks/ec99e6a1-00bc-47f4-b11c-5c0c817d214a/tags => generated 34 bytes in 17 msecs (HTTP/1.1 200) 4 headers in 156 bytes (1 switches on core 0)
2026-07-08 06:26:36.385 8 WARNING tagging [None req-c4cb9a51-4e38-4910-8710-ab014bc84017 75c9b1146be849b592bc23837e72ad79 4f37f5f220f84c82b2a7aab3ce3431aa - - default default] project_id key not found in request, using tenant_id instead. This support has been deprecated and will be removed in a future release. [pid: 8|app: 0|req: 1212/2302] 10.0.0.175 () {34 vars in 777 bytes} [Wed Jul 8 06:26:36 2026] PUT /v2.0/trunks/ec99e6a1-00bc-47f4-b11c-5c0c817d214a/tags/black.or.white => generated 4 bytes in 36 msecs (HTTP/1.1 201) 4 headers in 160 bytes (1 switches on core 0)
2026-07-08 06:26:36.425 8 WARNING tagging [None req-2e5d016f-1bff-48f3-8d78-7d8cd39282dc 75c9b1146be849b592bc23837e72ad79 4f37f5f220f84c82b2a7aab3ce3431aa - - default default] project_id key not found in request, using tenant_id instead. This support has been deprecated and will be removed in a future release. [pid: 8|app: 0|req: 1213/2303] 10.0.0.175 () {32 vars in 728 bytes} [Wed Jul 8 06:26:36 2026] GET /v2.0/trunks/ec99e6a1-00bc-47f4-b11c-5c0c817d214a/tags => generated 52 bytes in 18 msecs (HTTP/1.1 200) 4 headers in 156 bytes (1 switches on core 0)
2026-07-08 06:26:36.445 8 WARNING tagging [None req-7762595c-470b-4bcf-9a2b-758cbd8f5b3f 75c9b1146be849b592bc23837e72ad79 4f37f5f220f84c82b2a7aab3ce3431aa - - default default] project_id key not found in request, using tenant_id instead. This support has been deprecated and will be removed in a future release. [pid: 8|app: 0|req: 1214/2304] 10.0.0.175 () {34 vars in 748 bytes} [Wed Jul 8 06:26:36 2026] PUT /v2.0/trunks/ec99e6a1-00bc-47f4-b11c-5c0c817d214a/tags => generated 37 bytes in 27 msecs (HTTP/1.1 200) 4 headers in 156 bytes (1 switches on core 0)
2026-07-08 06:26:36.479 8 WARNING tagging [None req-8a3aef32-5139-4593-8e71-9d516c6292c3 75c9b1146be849b592bc23837e72ad79 4f37f5f220f84c82b2a7aab3ce3431aa - - default default] project_id key not found in request, using tenant_id instead. This support has been deprecated and will be removed in a future release. [pid: 8|app: 0|req: 1215/2305] 10.0.0.175 () {32 vars in 728 bytes} [Wed Jul 8 06:26:36 2026] GET /v2.0/trunks/ec99e6a1-00bc-47f4-b11c-5c0c817d214a/tags => generated 37 bytes in 18 msecs (HTTP/1.1 200) 4 headers in 156 bytes (1 switches on core 0)
2026-07-08 06:26:36.496 7 WARNING neutron.scheduler.dhcp_agent_scheduler [None req-d0d3e564-25c3-4f17-b25f-46d737f97c8c 7728157d32de43a29d03f7ed2a82002e 9863e54347e147a392b152d115b3bcad - - default default] No more DHCP agents
2026-07-08 06:26:36.497 7 WARNING neutron.api.rpc.agentnotifiers.dhcp_rpc_agent_api [None req-d0d3e564-25c3-4f17-b25f-46d737f97c8c 7728157d32de43a29d03f7ed2a82002e 9863e54347e147a392b152d115b3bcad - - default default] Unable to schedule network c25a9e54-f973-46fd-9328-3549d7f6e443: no agents available; will retry on subsequent port and subnet creation events.
2026-07-08 06:26:36.499 8 WARNING tagging [None req-0592d7fd-5e6e-42a6-ae94-254d2b639275 75c9b1146be849b592bc23837e72ad79 4f37f5f220f84c82b2a7aab3ce3431aa - - default default] project_id key not found in request, using tenant_id instead. This support has been deprecated and will be removed in a future release. [pid: 8|app: 0|req: 1216/2306] 10.0.0.175 () {32 vars in 736 bytes} [Wed Jul 8 06:26:36 2026] GET /v2.0/trunks/ec99e6a1-00bc-47f4-b11c-5c0c817d214a/tags/red => generated 0 bytes in 17 msecs (HTTP/1.1 204) 2 headers in 112 bytes (1 switches on core 0)
2026-07-08 06:26:36.520 8 WARNING tagging [None req-50662c66-9301-46e7-83ba-85f8676d1db9 75c9b1146be849b592bc23837e72ad79 4f37f5f220f84c82b2a7aab3ce3431aa - - default default] project_id key not found in request, using tenant_id instead. This support has been deprecated and will be removed in a future release.
2026-07-08 06:26:36.526 8 INFO neutron.api.v2.resource [None req-50662c66-9301-46e7-83ba-85f8676d1db9 75c9b1146be849b592bc23837e72ad79 4f37f5f220f84c82b2a7aab3ce3431aa - - default default] show failed (client error): The resource could not be found. [pid: 8|app: 0|req: 1217/2307] 10.0.0.175 () {32 vars in 740 bytes} [Wed Jul 8 06:26:36 2026] GET /v2.0/trunks/ec99e6a1-00bc-47f4-b11c-5c0c817d214a/tags/green => generated 99 bytes in 16 msecs (HTTP/1.1 404) 4 headers in 163 bytes (1 switches on core 0)
2026-07-08 06:26:36.533 7 INFO neutron.db.ovn_revision_numbers_db [None req-d0d3e564-25c3-4f17-b25f-46d737f97c8c 7728157d32de43a29d03f7ed2a82002e 9863e54347e147a392b152d115b3bcad - - default default] Successfully bumped revision number for resource bb70c73e-f015-4ec6-8ab1-097d6ff07a87 (type: subnets) to 0
2026-07-08 06:26:36.542 8 WARNING tagging [None req-66b6dbf3-967a-4571-9c32-a5cb2726f639 75c9b1146be849b592bc23837e72ad79 4f37f5f220f84c82b2a7aab3ce3431aa - - default default] project_id key not found in request, using tenant_id instead. This support has been deprecated and will be removed in a future release. [pid: 7|app: 0|req: 1091/2308] 10.0.0.175 () {34 vars in 668 bytes} [Wed Jul 8 06:26:36 2026] POST /v2.0/subnets => generated 726 bytes in 201 msecs (HTTP/1.1 201) 4 headers in 162 bytes (1 switches on core 0) [pid: 8|app: 0|req: 1218/2309] 10.0.0.175 () {32 vars in 739 bytes} [Wed Jul 8 06:26:36 2026] DELETE /v2.0/trunks/ec99e6a1-00bc-47f4-b11c-5c0c817d214a/tags/red => generated 0 bytes in 36 msecs (HTTP/1.1 204) 2 headers in 112 bytes (1 switches on core 0)
2026-07-08 06:26:36.590 8 WARNING tagging [None req-16caaff0-7b13-4c8c-add5-48180f05cad3 75c9b1146be849b592bc23837e72ad79 4f37f5f220f84c82b2a7aab3ce3431aa - - default default] project_id key not found in request, using tenant_id instead. This support has been deprecated and will be removed in a future release. [pid: 8|app: 0|req: 1219/2310] 10.0.0.175 () {32 vars in 728 bytes} [Wed Jul 8 06:26:36 2026] GET /v2.0/trunks/ec99e6a1-00bc-47f4-b11c-5c0c817d214a/tags => generated 30 bytes in 30 msecs (HTTP/1.1 200) 4 headers in 156 bytes (1 switches on core 0)
2026-07-08 06:26:36.623 8 WARNING tagging [None req-edc0730b-67e6-46a3-a6f5-166216c9f9b8 75c9b1146be849b592bc23837e72ad79 4f37f5f220f84c82b2a7aab3ce3431aa - - default default] project_id key not found in request, using tenant_id instead. This support has been deprecated and will be removed in a future release.
2026-07-08 06:26:36.637 8 INFO neutron.api.v2.resource [None req-edc0730b-67e6-46a3-a6f5-166216c9f9b8 75c9b1146be849b592bc23837e72ad79 4f37f5f220f84c82b2a7aab3ce3431aa - - default default] delete failed (client error): The resource could not be found. [pid: 8|app: 0|req: 1220/2311] 10.0.0.175 () {32 vars in 743 bytes} [Wed Jul 8 06:26:36 2026] DELETE /v2.0/trunks/ec99e6a1-00bc-47f4-b11c-5c0c817d214a/tags/green => generated 99 bytes in 29 msecs (HTTP/1.1 404) 4 headers in 163 bytes (1 switches on core 0)
2026-07-08 06:26:36.655 8 WARNING tagging [None req-afb1cdec-7e05-47b3-a991-615c83147321 75c9b1146be849b592bc23837e72ad79 4f37f5f220f84c82b2a7aab3ce3431aa - - default default] project_id key not found in request, using tenant_id instead. This support has been deprecated and will be removed in a future release. [pid: 8|app: 0|req: 1221/2312] 10.0.0.175 () {32 vars in 731 bytes} [Wed Jul 8 06:26:36 2026] DELETE /v2.0/trunks/ec99e6a1-00bc-47f4-b11c-5c0c817d214a/tags => generated 0 bytes in 35 msecs (HTTP/1.1 204) 2 headers in 112 bytes (1 switches on core 0)
2026-07-08 06:26:36.682 7 INFO neutron.db.segments_db [None req-98305e7a-b949-433e-9e42-3e13bf12b650 7728157d32de43a29d03f7ed2a82002e 9863e54347e147a392b152d115b3bcad - - default default] Added segment 4cd9443a-87cd-4ad0-8bdc-3fd9fe7bf225 of type geneve for network f1bce6e7-ac94-445d-a745-362e779162f7
2026-07-08 06:26:36.697 8 WARNING tagging [None req-4a95a2d0-2006-4b6b-a200-bb6caf1ba08e 75c9b1146be849b592bc23837e72ad79 4f37f5f220f84c82b2a7aab3ce3431aa - - default default] project_id key not found in request, using tenant_id instead. This support has been deprecated and will be removed in a future release. [pid: 8|app: 0|req: 1222/2313] 10.0.0.175 () {32 vars in 728 bytes} [Wed Jul 8 06:26:36 2026] GET /v2.0/trunks/ec99e6a1-00bc-47f4-b11c-5c0c817d214a/tags => generated 12 bytes in 20 msecs (HTTP/1.1 200) 4 headers in 156 bytes (1 switches on core 0)
2026-07-08 06:26:36.781 7 INFO neutron.db.ovn_revision_numbers_db [None req-98305e7a-b949-433e-9e42-3e13bf12b650 7728157d32de43a29d03f7ed2a82002e 9863e54347e147a392b152d115b3bcad - - default default] Successfully bumped revision number for resource f1bce6e7-ac94-445d-a745-362e779162f7 (type: networks) to 1 [pid: 8|app: 0|req: 1223/2314] 199.204.45.70 () {34 vars in 992 bytes} [Wed Jul 8 06:26:36 2026] GET /v2.0/ports?device_id=e7ccf936-75dc-471c-bffd-e9ded84e0a2f => generated 973 bytes in 89 msecs (HTTP/1.1 200) 4 headers in 157 bytes (1 switches on core 0) [pid: 8|app: 0|req: 1224/2315] 10.0.0.175 () {32 vars in 718 bytes} [Wed Jul 8 06:26:36 2026] GET /v2.0/trunks/ec99e6a1-00bc-47f4-b11c-5c0c817d214a => generated 409 bytes in 14 msecs (HTTP/1.1 200) 4 headers in 157 bytes (1 switches on core 0)
2026-07-08 06:26:36.936 7 WARNING neutron.scheduler.dhcp_agent_scheduler [None req-98305e7a-b949-433e-9e42-3e13bf12b650 7728157d32de43a29d03f7ed2a82002e 9863e54347e147a392b152d115b3bcad - - default default] No more DHCP agents
2026-07-08 06:26:36.937 8 INFO neutron_taas.services.taas.taas_plugin [req-19e5afd7-f10f-4ae9-bf7a-3b81a04e63e7 req-fd1f3f54-a024-434b-9dd2-b617dc94e5b0 bcd909989c824792af03485c424fefda 11465ee54bd944bb83b71902732770e0 - - default default] TaaS: Handle Delete Port: f3ffbb27-50fa-4caa-940b-de6e30219e63
2026-07-08 06:26:36.939 7 WARNING neutron.api.rpc.agentnotifiers.dhcp_rpc_agent_api [None req-98305e7a-b949-433e-9e42-3e13bf12b650 7728157d32de43a29d03f7ed2a82002e 9863e54347e147a392b152d115b3bcad - - default default] Unable to schedule network f1bce6e7-ac94-445d-a745-362e779162f7: no agents available; will retry on subsequent port and subnet creation events.
2026-07-08 06:26:36.941 8 INFO neutron_taas.services.taas.tap_mirror_plugin [req-19e5afd7-f10f-4ae9-bf7a-3b81a04e63e7 req-fd1f3f54-a024-434b-9dd2-b617dc94e5b0 bcd909989c824792af03485c424fefda 11465ee54bd944bb83b71902732770e0 - - default default] Tap Mirror: Handle Delete Port: f3ffbb27-50fa-4caa-940b-de6e30219e63
2026-07-08 06:26:36.988 7 INFO neutron.plugins.ml2.drivers.ovn.mech_driver.mech_driver [None req-f3982697-00d4-4708-a130-dee06e3a9703 - - - - - -] OVN reports status down for port: ad8086d3-ddc6-4a54-8575-1d64846df0a3
2026-07-08 06:26:37.047 7 INFO neutron.db.ovn_revision_numbers_db [None req-98305e7a-b949-433e-9e42-3e13bf12b650 7728157d32de43a29d03f7ed2a82002e 9863e54347e147a392b152d115b3bcad - - default default] Successfully bumped revision number for resource ad8086d3-ddc6-4a54-8575-1d64846df0a3 (type: ports) to 1 [pid: 8|app: 0|req: 1225/2316] 199.204.45.70 () {36 vars in 995 bytes} [Wed Jul 8 06:26:36 2026] DELETE /v2.0/ports/f3ffbb27-50fa-4caa-940b-de6e30219e63 => generated 0 bytes in 272 msecs (HTTP/1.1 204) 3 headers in 131 bytes (1 switches on core 0) [pid: 8|app: 0|req: 1226/2317] 10.0.0.141 () {34 vars in 1069 bytes} [Wed Jul 8 06:26:37 2026] GET /v2.0/ports?fields=security_groups&fields=device_id&device_id=e7ccf936-75dc-471c-bffd-e9ded84e0a2f => generated 12 bytes in 20 msecs (HTTP/1.1 200) 4 headers in 156 bytes (1 switches on core 0)
2026-07-08 06:26:37.109 8 WARNING neutron.notifiers.nova [-] Nova event matching ['req-b8431b64-90fd-4d77-b7be-3b0d226562fb']: {'server_uuid': 'e7ccf936-75dc-471c-bffd-e9ded84e0a2f', 'name': 'network-vif-deleted', 'tag': 'f3ffbb27-50fa-4caa-940b-de6e30219e63', 'status': 'failed', 'code': 422} returned with failed status [pid: 7|app: 0|req: 1092/2318] 10.0.0.175 () {34 vars in 669 bytes} [Wed Jul 8 06:26:36 2026] POST /v2.0/networks => generated 675 bytes in 566 msecs (HTTP/1.1 201) 4 headers in 162 bytes (1 switches on core 0) [pid: 8|app: 0|req: 1227/2319] 10.0.0.175 () {32 vars in 716 bytes} [Wed Jul 8 06:26:37 2026] GET /v2.0/ports/e7b71eac-e130-4ae3-a579-8418c062f558 => generated 826 bytes in 48 msecs (HTTP/1.1 200) 4 headers in 157 bytes (1 switches on core 0) [pid: 8|app: 0|req: 1228/2320] 10.0.0.175 () {32 vars in 721 bytes} [Wed Jul 8 06:26:37 2026] DELETE /v2.0/trunks/ec99e6a1-00bc-47f4-b11c-5c0c817d214a => generated 0 bytes in 55 msecs (HTTP/1.1 204) 2 headers in 112 bytes (1 switches on core 0)
2026-07-08 06:26:37.264 7 WARNING neutron.scheduler.dhcp_agent_scheduler [None req-46a4758c-48d3-4e43-92fa-ecf7163f2864 7728157d32de43a29d03f7ed2a82002e 9863e54347e147a392b152d115b3bcad - - default default] No more DHCP agents
2026-07-08 06:26:37.265 7 WARNING neutron.api.rpc.agentnotifiers.dhcp_rpc_agent_api [None req-46a4758c-48d3-4e43-92fa-ecf7163f2864 7728157d32de43a29d03f7ed2a82002e 9863e54347e147a392b152d115b3bcad - - default default] Unable to schedule network f1bce6e7-ac94-445d-a745-362e779162f7: no agents available; will retry on subsequent port and subnet creation events.
2026-07-08 06:26:37.327 8 INFO neutron_taas.services.taas.taas_plugin [None req-8809d64c-edc5-4727-bc6a-e44039a4db41 75c9b1146be849b592bc23837e72ad79 4f37f5f220f84c82b2a7aab3ce3431aa - - default default] TaaS: Handle Delete Port: e7b71eac-e130-4ae3-a579-8418c062f558
2026-07-08 06:26:37.330 8 INFO neutron_taas.services.taas.tap_mirror_plugin [None req-8809d64c-edc5-4727-bc6a-e44039a4db41 75c9b1146be849b592bc23837e72ad79 4f37f5f220f84c82b2a7aab3ce3431aa - - default default] Tap Mirror: Handle Delete Port: e7b71eac-e130-4ae3-a579-8418c062f558 [pid: 8|app: 0|req: 1229/2321] 10.0.0.175 () {32 vars in 719 bytes} [Wed Jul 8 06:26:37 2026] DELETE /v2.0/ports/e7b71eac-e130-4ae3-a579-8418c062f558 => generated 0 bytes in 224 msecs (HTTP/1.1 204) 3 headers in 131 bytes (1 switches on core 0)
2026-07-08 06:26:37.570 8 INFO neutron_taas.services.taas.taas_plugin [None req-a404b29c-b59e-4652-8514-a7fb0ece407d 75c9b1146be849b592bc23837e72ad79 4f37f5f220f84c82b2a7aab3ce3431aa - - default default] TaaS: Handle Delete Port: 45246c69-cc52-4404-8793-a87318e2c8af
2026-07-08 06:26:37.573 8 INFO neutron_taas.services.taas.tap_mirror_plugin [None req-a404b29c-b59e-4652-8514-a7fb0ece407d 75c9b1146be849b592bc23837e72ad79 4f37f5f220f84c82b2a7aab3ce3431aa - - default default] Tap Mirror: Handle Delete Port: 45246c69-cc52-4404-8793-a87318e2c8af
2026-07-08 06:26:37.724 7 INFO neutron.db.ovn_revision_numbers_db [None req-46a4758c-48d3-4e43-92fa-ecf7163f2864 7728157d32de43a29d03f7ed2a82002e 9863e54347e147a392b152d115b3bcad - - default default] Successfully bumped revision number for resource ad8086d3-ddc6-4a54-8575-1d64846df0a3 (type: ports) to 2
2026-07-08 06:26:37.759 7 INFO neutron.db.ovn_revision_numbers_db [None req-46a4758c-48d3-4e43-92fa-ecf7163f2864 7728157d32de43a29d03f7ed2a82002e 9863e54347e147a392b152d115b3bcad - - default default] Successfully bumped revision number for resource c9a111b4-e469-4c2a-b437-f695f5ad6446 (type: subnets) to 0
2026-07-08 06:26:37.760 8 INFO neutron.services.segments.plugin [-] Segment f46f2849-f084-4106-a7bc-3a1148a0d0ed resource provider aggregate not found
2026-07-08 06:26:37.766 8 INFO neutron.services.segments.plugin [-] Segment f46f2849-f084-4106-a7bc-3a1148a0d0ed resource provider aggregate not found [pid: 7|app: 0|req: 1093/2322] 10.0.0.175 () {34 vars in 668 bytes} [Wed Jul 8 06:26:37 2026] POST /v2.0/subnets => generated 655 bytes in 650 msecs (HTTP/1.1 201) 4 headers in 162 bytes (1 switches on core 0)
2026-07-08 06:26:37.780 8 INFO neutron.services.segments.plugin [-] Client error retrieving segment f46f2849-f084-4106-a7bc-3a1148a0d0ed resource provider; error: Placement Client Error (4xx): {"errors": [{"status": 404, "title": "Not Found", "detail": "The resource could not be found.\n\n No resource provider with uuid f46f2849-f084-4106-a7bc-3a1148a0d0ed found for delete ", "request_id": "req-16f0894e-0c02-4ff5-b17f-8f98b926f187"}]}
2026-07-08 06:26:37.786 8 INFO neutron.services.segments.plugin [-] Client error retrieving segment f46f2849-f084-4106-a7bc-3a1148a0d0ed resource provider; error: Placement Client Error (4xx): {"errors": [{"status": 404, "title": "Not Found", "detail": "The resource could not be found.\n\n No resource provider with uuid f46f2849-f084-4106-a7bc-3a1148a0d0ed found for delete ", "request_id": "req-37f74fb0-dce9-4871-8c46-1f0391908c33"}]} [pid: 8|app: 0|req: 1230/2323] 10.0.0.175 () {32 vars in 725 bytes} [Wed Jul 8 06:26:37 2026] DELETE /v2.0/networks/a81441f3-5232-4db6-ba25-ea4de5db7c4c => generated 0 bytes in 371 msecs (HTTP/1.1 204) 3 headers in 131 bytes (1 switches on core 0)
2026-07-08 06:26:37.956 7 WARNING neutron.scheduler.dhcp_agent_scheduler [None req-d861a0a0-68a9-484c-9b26-0fbdfe40662d 7728157d32de43a29d03f7ed2a82002e 9863e54347e147a392b152d115b3bcad - - default default] No more DHCP agents
2026-07-08 06:26:37.958 7 WARNING neutron.api.rpc.agentnotifiers.dhcp_rpc_agent_api [None req-d861a0a0-68a9-484c-9b26-0fbdfe40662d 7728157d32de43a29d03f7ed2a82002e 9863e54347e147a392b152d115b3bcad - - default default] Unable to schedule network f1bce6e7-ac94-445d-a745-362e779162f7: no agents available; will retry on subsequent port and subnet creation events.
2026-07-08 06:26:37.988 7 INFO neutron.db.ovn_revision_numbers_db [None req-d861a0a0-68a9-484c-9b26-0fbdfe40662d 7728157d32de43a29d03f7ed2a82002e 9863e54347e147a392b152d115b3bcad - - default default] Successfully bumped revision number for resource f19d05cd-cf71-41dc-845d-2e8100a88ab0 (type: subnets) to 0 [pid: 7|app: 0|req: 1094/2324] 10.0.0.175 () {34 vars in 668 bytes} [Wed Jul 8 06:26:37 2026] POST /v2.0/subnets => generated 729 bytes in 221 msecs (HTTP/1.1 201) 4 headers in 162 bytes (1 switches on core 0) [pid: 7|app: 0|req: 1095/2325] 10.0.0.141 () {34 vars in 1069 bytes} [Wed Jul 8 06:26:38 2026] GET /v2.0/ports?fields=security_groups&fields=device_id&device_id=e7ccf936-75dc-471c-bffd-e9ded84e0a2f => generated 12 bytes in 22 msecs (HTTP/1.1 200) 4 headers in 156 bytes (1 switches on core 0)
2026-07-08 06:26:38.409 8 WARNING neutron.scheduler.dhcp_agent_scheduler [None req-a68bbd49-25c8-4aec-bea8-bbd26b0c7218 7728157d32de43a29d03f7ed2a82002e 9863e54347e147a392b152d115b3bcad - - default default] No more DHCP agents
2026-07-08 06:26:38.410 8 WARNING neutron.api.rpc.agentnotifiers.dhcp_rpc_agent_api [None req-a68bbd49-25c8-4aec-bea8-bbd26b0c7218 7728157d32de43a29d03f7ed2a82002e 9863e54347e147a392b152d115b3bcad - - default default] Unable to schedule network a19d9dd7-8fb6-4371-a398-6823598aef96: no agents available; will retry on subsequent port and subnet creation events.
2026-07-08 06:26:38.517 7 INFO neutron.plugins.ml2.drivers.ovn.mech_driver.mech_driver [None req-f3982697-00d4-4708-a130-dee06e3a9703 - - - - - -] OVN reports status down for port: 243d7c4f-64df-47e2-8e85-d9684e426364
2026-07-08 06:26:38.546 7 WARNING neutron.db.securitygroups_db [None req-1d27dd6c-fedf-498c-a342-08c5eb1d578f 7284e562e19a4841a271e3457a2e9ff3 6511e556384d473b8e6818b7dca3217c - - default default] project_id key not found in filters, using tenant_id instead. This support has been deprecated and will be removed in a future release.
2026-07-08 06:26:38.547 8 INFO neutron.db.ovn_revision_numbers_db [None req-a68bbd49-25c8-4aec-bea8-bbd26b0c7218 7728157d32de43a29d03f7ed2a82002e 9863e54347e147a392b152d115b3bcad - - default default] Successfully bumped revision number for resource 243d7c4f-64df-47e2-8e85-d9684e426364 (type: ports) to 1
2026-07-08 06:26:38.705 7 INFO neutron.db.ovn_revision_numbers_db [None req-1d27dd6c-fedf-498c-a342-08c5eb1d578f 7284e562e19a4841a271e3457a2e9ff3 6511e556384d473b8e6818b7dca3217c - - default default] Successfully bumped revision number for resource 54a79121-c9d8-4519-a763-c33dc5df00a6 (type: security_groups) to 1
2026-07-08 06:26:38.717 7 INFO neutron.db.ovn_revision_numbers_db [None req-1d27dd6c-fedf-498c-a342-08c5eb1d578f 7284e562e19a4841a271e3457a2e9ff3 6511e556384d473b8e6818b7dca3217c - - default default] Successfully bumped revision number for resource 12a983b4-98d2-4927-8078-8d916e997855 (type: security_group_rules) to 0
2026-07-08 06:26:38.728 7 INFO neutron.db.ovn_revision_numbers_db [None req-1d27dd6c-fedf-498c-a342-08c5eb1d578f 7284e562e19a4841a271e3457a2e9ff3 6511e556384d473b8e6818b7dca3217c - - default default] Successfully bumped revision number for resource 55ef7b3e-3e3a-4cf1-9e8c-8c4fb451a52b (type: security_group_rules) to 0
2026-07-08 06:26:38.739 7 INFO neutron.db.ovn_revision_numbers_db [None req-1d27dd6c-fedf-498c-a342-08c5eb1d578f 7284e562e19a4841a271e3457a2e9ff3 6511e556384d473b8e6818b7dca3217c - - default default] Successfully bumped revision number for resource 9503f518-5bcc-4cee-8be0-f7e47fd7b565 (type: security_group_rules) to 0
2026-07-08 06:26:38.749 7 INFO neutron.db.ovn_revision_numbers_db [None req-1d27dd6c-fedf-498c-a342-08c5eb1d578f 7284e562e19a4841a271e3457a2e9ff3 6511e556384d473b8e6818b7dca3217c - - default default] Successfully bumped revision number for resource d94f05c5-9921-4dbe-8688-6f2070844dc9 (type: security_group_rules) to 0 [pid: 7|app: 0|req: 1096/2326] 10.0.0.175 () {32 vars in 773 bytes} [Wed Jul 8 06:26:38 2026] GET /v2.0/security-groups?tenant_id=69b7bebeb2b24d59afb76d4f85a77989&name=default => generated 2929 bytes in 357 msecs (HTTP/1.1 200) 4 headers in 158 bytes (1 switches on core 0) [pid: 7|app: 0|req: 1097/2327] 10.0.0.175 () {32 vars in 739 bytes} [Wed Jul 8 06:26:38 2026] DELETE /v2.0/security-groups/54a79121-c9d8-4519-a763-c33dc5df00a6 => generated 0 bytes in 148 msecs (HTTP/1.1 204) 2 headers in 112 bytes (1 switches on core 0)
2026-07-08 06:26:39.036 7 WARNING neutron.db.securitygroups_db [None req-d5c3e390-1337-4f30-b86c-a0ded98eec51 7284e562e19a4841a271e3457a2e9ff3 6511e556384d473b8e6818b7dca3217c - - default default] project_id key not found in filters, using tenant_id instead. This support has been deprecated and will be removed in a future release. [pid: 7|app: 0|req: 1098/2328] 10.0.0.175 () {32 vars in 773 bytes} [Wed Jul 8 06:26:39 2026] GET /v2.0/security-groups?tenant_id=4f37f5f220f84c82b2a7aab3ce3431aa&name=default => generated 2929 bytes in 30 msecs (HTTP/1.1 200) 4 headers in 158 bytes (1 switches on core 0)
2026-07-08 06:26:39.100 7 INFO neutron.plugins.ml2.drivers.ovn.mech_driver.mech_driver [None req-f3982697-00d4-4708-a130-dee06e3a9703 - - - - - -] OVN reports status up for port: 243d7c4f-64df-47e2-8e85-d9684e426364
2026-07-08 06:26:39.137 7 INFO neutron.plugins.ml2.plugin [None req-f3982697-00d4-4708-a130-dee06e3a9703 - - - - - -] Attempt 1 to provision port 243d7c4f-64df-47e2-8e85-d9684e426364
2026-07-08 06:26:39.146 8 INFO neutron.db.ovn_revision_numbers_db [None req-a68bbd49-25c8-4aec-bea8-bbd26b0c7218 7728157d32de43a29d03f7ed2a82002e 9863e54347e147a392b152d115b3bcad - - default default] Successfully bumped revision number for resource 243d7c4f-64df-47e2-8e85-d9684e426364 (type: router_ports) to 1
2026-07-08 06:26:39.149 7 INFO neutron.plugins.ml2.drivers.ovn.mech_driver.ovsdb.ovsdb_monitor [None req-409d848e-c2af-4791-b997-4c36ae16e9df - - - - - -] Router f7353179-0339-45e8-a6a7-283124049390 is bound to host instance
2026-07-08 06:26:39.232 8 INFO neutron.db.ovn_revision_numbers_db [None req-a68bbd49-25c8-4aec-bea8-bbd26b0c7218 7728157d32de43a29d03f7ed2a82002e 9863e54347e147a392b152d115b3bcad - - default default] Successfully bumped revision number for resource f7353179-0339-45e8-a6a7-283124049390 (type: routers) to 2 [pid: 8|app: 0|req: 1231/2329] 10.0.0.175 () {34 vars in 668 bytes} [Wed Jul 8 06:26:38 2026] POST /v2.0/routers => generated 965 bytes in 1243 msecs (HTTP/1.1 201) 4 headers in 162 bytes (1 switches on core 0) [pid: 8|app: 0|req: 1232/2330] 10.0.0.72 () {34 vars in 988 bytes} [Wed Jul 8 06:26:39 2026] GET /v2.0/ports?device_id=e7ccf936-75dc-471c-bffd-e9ded84e0a2f => generated 12 bytes in 18 msecs (HTTP/1.1 200) 4 headers in 156 bytes (1 switches on core 0) [pid: 7|app: 0|req: 1099/2331] 10.0.0.175 () {32 vars in 739 bytes} [Wed Jul 8 06:26:39 2026] DELETE /v2.0/security-groups/88e61b99-eab9-40e6-9c48-d586238c8ab9 => generated 0 bytes in 432 msecs (HTTP/1.1 204) 2 headers in 112 bytes (1 switches on core 0) [pid: 7|app: 0|req: 1100/2332] 10.0.0.141 () {34 vars in 1069 bytes} [Wed Jul 8 06:26:39 2026] GET /v2.0/ports?fields=security_groups&fields=device_id&device_id=e7ccf936-75dc-471c-bffd-e9ded84e0a2f => generated 12 bytes in 67 msecs (HTTP/1.1 200) 4 headers in 156 bytes (1 switches on core 0) [pid: 7|app: 0|req: 1101/2333] 10.0.0.141 () {34 vars in 989 bytes} [Wed Jul 8 06:26:39 2026] GET /v2.0/ports?device_id=e7ccf936-75dc-471c-bffd-e9ded84e0a2f => generated 12 bytes in 38 msecs (HTTP/1.1 200) 4 headers in 156 bytes (1 switches on core 0)
2026-07-08 06:26:39.849 8 WARNING neutron.scheduler.dhcp_agent_scheduler [None req-996859ef-22a6-4fff-a7eb-ea765778d6b0 7728157d32de43a29d03f7ed2a82002e 9863e54347e147a392b152d115b3bcad - - default default] No more DHCP agents
2026-07-08 06:26:39.852 8 WARNING neutron.api.rpc.agentnotifiers.dhcp_rpc_agent_api [None req-996859ef-22a6-4fff-a7eb-ea765778d6b0 7728157d32de43a29d03f7ed2a82002e 9863e54347e147a392b152d115b3bcad - - default default] Unable to schedule network 45c3c85e-2729-4303-a6ee-6fac810b2af4: no agents available; will retry on subsequent port and subnet creation events.
2026-07-08 06:26:39.992 8 INFO neutron.db.ovn_revision_numbers_db [None req-996859ef-22a6-4fff-a7eb-ea765778d6b0 7728157d32de43a29d03f7ed2a82002e 9863e54347e147a392b152d115b3bcad - - default default] Successfully bumped revision number for resource b9512ac6-e2b8-4621-a021-f7060b90629a (type: ports) to 1
2026-07-08 06:26:40.661 8 WARNING neutron.scheduler.dhcp_agent_scheduler [None req-996859ef-22a6-4fff-a7eb-ea765778d6b0 7728157d32de43a29d03f7ed2a82002e 9863e54347e147a392b152d115b3bcad - - default default] No more DHCP agents
2026-07-08 06:26:40.662 8 WARNING neutron.api.rpc.agentnotifiers.dhcp_rpc_agent_api [None req-996859ef-22a6-4fff-a7eb-ea765778d6b0 7728157d32de43a29d03f7ed2a82002e 9863e54347e147a392b152d115b3bcad - - default default] Unable to schedule network 45c3c85e-2729-4303-a6ee-6fac810b2af4: no agents available; will retry on subsequent port and subnet creation events. [pid: 7|app: 0|req: 1102/2334] 10.0.0.175 () {32 vars in 739 bytes} [Wed Jul 8 06:26:39 2026] DELETE /v2.0/security-groups/4876a415-f553-419e-ae44-5e6d8a08d827 => generated 0 bytes in 833 msecs (HTTP/1.1 204) 2 headers in 112 bytes (1 switches on core 0)
2026-07-08 06:26:40.888 8 INFO neutron.db.ovn_revision_numbers_db [None req-996859ef-22a6-4fff-a7eb-ea765778d6b0 7728157d32de43a29d03f7ed2a82002e 9863e54347e147a392b152d115b3bcad - - default default] Successfully bumped revision number for resource b9512ac6-e2b8-4621-a021-f7060b90629a (type: router_ports) to 1 [pid: 8|app: 0|req: 1233/2335] 10.0.0.175 () {34 vars in 782 bytes} [Wed Jul 8 06:26:39 2026] PUT /v2.0/routers/f7353179-0339-45e8-a6a7-283124049390/add_router_interface => generated 310 bytes in 1623 msecs (HTTP/1.1 200) 4 headers in 157 bytes (1 switches on core 0)
2026-07-08 06:26:41.070 7 INFO neutron.db.ovn_revision_numbers_db [None req-9f8c1f86-2da8-4169-a339-1145b63013c0 - - - - - -] Successfully bumped revision number for resource 243d7c4f-64df-47e2-8e85-d9684e426364 (type: ports) to 4
2026-07-08 06:26:41.322 7 INFO neutron_taas.services.taas.taas_plugin [None req-5456cf2a-a6ca-4085-9139-f365f17e0961 bcd909989c824792af03485c424fefda 11465ee54bd944bb83b71902732770e0 - - default default] TaaS: Handle Delete Port: 3ea4bcd6-43fc-4b43-bfae-c5290dad6838
2026-07-08 06:26:41.327 7 INFO neutron_taas.services.taas.tap_mirror_plugin [None req-5456cf2a-a6ca-4085-9139-f365f17e0961 bcd909989c824792af03485c424fefda 11465ee54bd944bb83b71902732770e0 - - default default] Tap Mirror: Handle Delete Port: 3ea4bcd6-43fc-4b43-bfae-c5290dad6838
2026-07-08 06:26:41.388 8 WARNING neutron.scheduler.dhcp_agent_scheduler [None req-ce81b02d-0594-4943-b310-144274e78818 7728157d32de43a29d03f7ed2a82002e 9863e54347e147a392b152d115b3bcad - - default default] No more DHCP agents
2026-07-08 06:26:41.389 8 WARNING neutron.api.rpc.agentnotifiers.dhcp_rpc_agent_api [None req-ce81b02d-0594-4943-b310-144274e78818 7728157d32de43a29d03f7ed2a82002e 9863e54347e147a392b152d115b3bcad - - default default] Unable to schedule network c25a9e54-f973-46fd-9328-3549d7f6e443: no agents available; will retry on subsequent port and subnet creation events.
2026-07-08 06:26:41.511 8 INFO neutron.db.ovn_revision_numbers_db [None req-ce81b02d-0594-4943-b310-144274e78818 7728157d32de43a29d03f7ed2a82002e 9863e54347e147a392b152d115b3bcad - - default default] Successfully bumped revision number for resource 21619c0a-bf3f-4257-a4fa-22fcafd9fad5 (type: ports) to 1
2026-07-08 06:26:41.574 7 INFO neutron.db.ovn_revision_numbers_db [None req-9f8c1f86-2da8-4169-a339-1145b63013c0 - - - - - -] Successfully bumped revision number for resource 243d7c4f-64df-47e2-8e85-d9684e426364 (type: ports) to 5 [pid: 7|app: 0|req: 1103/2336] 10.0.0.175 () {34 vars in 788 bytes} [Wed Jul 8 06:26:40 2026] PUT /v2.0/routers/927ec037-c802-4ec1-a7ec-4a0f54903c20/remove_router_interface => generated 310 bytes in 1196 msecs (HTTP/1.1 200) 4 headers in 157 bytes (1 switches on core 0) /var/lib/openstack/lib/python3.12/site-packages/pycadf/identifier.py:70: UserWarning: Invalid uuid: neutron. To ensure interoperability, identifiers should be a valid uuid. warnings.warn(('Invalid uuid: %s. To ensure interoperability, ' [pid: 7|app: 0|req: 1104/2337] 10.0.0.175 () {32 vars in 723 bytes} [Wed Jul 8 06:26:41 2026] DELETE /v2.0/subnets/3515a793-ce2f-4959-8903-af2f188f9932 => generated 0 bytes in 165 msecs (HTTP/1.1 204) 3 headers in 131 bytes (1 switches on core 0)
2026-07-08 06:26:42.254 7 INFO neutron.plugins.ml2.drivers.ovn.mech_driver.mech_driver [None req-f3982697-00d4-4708-a130-dee06e3a9703 - - - - - -] OVN reports status down for port: b9512ac6-e2b8-4621-a021-f7060b90629a
2026-07-08 06:26:42.358 8 WARNING neutron.scheduler.dhcp_agent_scheduler [None req-ce81b02d-0594-4943-b310-144274e78818 7728157d32de43a29d03f7ed2a82002e 9863e54347e147a392b152d115b3bcad - - default default] No more DHCP agents
2026-07-08 06:26:42.361 8 WARNING neutron.api.rpc.agentnotifiers.dhcp_rpc_agent_api [None req-ce81b02d-0594-4943-b310-144274e78818 7728157d32de43a29d03f7ed2a82002e 9863e54347e147a392b152d115b3bcad - - default default] Unable to schedule network c25a9e54-f973-46fd-9328-3549d7f6e443: no agents available; will retry on subsequent port and subnet creation events.
2026-07-08 06:26:42.386 7 WARNING neutron.plugins.ml2.drivers.ovn.mech_driver.ovsdb.ovn_client [None req-f3982697-00d4-4708-a130-dee06e3a9703 - - - - - -] Logical_Switch_Port b9512ac6-e2b8-4621-a021-f7060b90629a host information not removed, the port state is up
2026-07-08 06:26:42.387 7 INFO neutron.plugins.ml2.drivers.ovn.mech_driver.mech_driver [None req-f3982697-00d4-4708-a130-dee06e3a9703 - - - - - -] OVN reports status up for port: b9512ac6-e2b8-4621-a021-f7060b90629a
2026-07-08 06:26:42.406 7 INFO neutron.plugins.ml2.plugin [None req-f3982697-00d4-4708-a130-dee06e3a9703 - - - - - -] Attempt 1 to provision port b9512ac6-e2b8-4621-a021-f7060b90629a
2026-07-08 06:26:42.695 8 INFO neutron.db.ovn_revision_numbers_db [None req-ce81b02d-0594-4943-b310-144274e78818 7728157d32de43a29d03f7ed2a82002e 9863e54347e147a392b152d115b3bcad - - default default] Successfully bumped revision number for resource 21619c0a-bf3f-4257-a4fa-22fcafd9fad5 (type: router_ports) to 1
2026-07-08 06:26:42.699 8 INFO neutron.common.ovn.utils [None req-b49a299a-4eda-4226-90e6-003328e8f834 - - - - - -] HA Chassis Group neutron-c25a9e54-f973-46fd-9328-3549d7f6e443 synchronized; highest priority chassis 71f1dea0-f10b-4858-8d8a-feffa25b2268 [pid: 8|app: 0|req: 1234/2338] 10.0.0.175 () {34 vars in 782 bytes} [Wed Jul 8 06:26:40 2026] PUT /v2.0/routers/f7353179-0339-45e8-a6a7-283124049390/add_router_interface => generated 310 bytes in 1808 msecs (HTTP/1.1 200) 4 headers in 157 bytes (1 switches on core 0)
2026-07-08 06:26:42.813 7 INFO neutron_taas.services.taas.taas_plugin [None req-adda4370-cc13-4b27-a297-26b81c6a5a48 bcd909989c824792af03485c424fefda 11465ee54bd944bb83b71902732770e0 - - default default] TaaS: Handle Delete Port: cc44a516-fad1-48f6-9764-da7e7987537c
2026-07-08 06:26:42.819 7 INFO neutron_taas.services.taas.tap_mirror_plugin [None req-adda4370-cc13-4b27-a297-26b81c6a5a48 bcd909989c824792af03485c424fefda 11465ee54bd944bb83b71902732770e0 - - default default] Tap Mirror: Handle Delete Port: cc44a516-fad1-48f6-9764-da7e7987537c
2026-07-08 06:26:43.262 7 INFO neutron.db.ovn_revision_numbers_db [None req-f3982697-00d4-4708-a130-dee06e3a9703 - - - - - -] Successfully bumped revision number for resource b9512ac6-e2b8-4621-a021-f7060b90629a (type: ports) to 2
2026-07-08 06:26:43.275 8 WARNING neutron.scheduler.dhcp_agent_scheduler [None req-00d626b4-c87d-460a-a597-12e513853d93 7728157d32de43a29d03f7ed2a82002e 9863e54347e147a392b152d115b3bcad - - default default] No more DHCP agents
2026-07-08 06:26:43.276 8 WARNING neutron.api.rpc.agentnotifiers.dhcp_rpc_agent_api [None req-00d626b4-c87d-460a-a597-12e513853d93 7728157d32de43a29d03f7ed2a82002e 9863e54347e147a392b152d115b3bcad - - default default] Unable to schedule network f1bce6e7-ac94-445d-a745-362e779162f7: no agents available; will retry on subsequent port and subnet creation events.
2026-07-08 06:26:43.450 8 INFO neutron.db.ovn_revision_numbers_db [None req-00d626b4-c87d-460a-a597-12e513853d93 7728157d32de43a29d03f7ed2a82002e 9863e54347e147a392b152d115b3bcad - - default default] Successfully bumped revision number for resource e3e6d28a-861a-4dc3-9ba0-a2473421ec10 (type: ports) to 1 [pid: 7|app: 0|req: 1105/2339] 10.0.0.175 () {32 vars in 723 bytes} [Wed Jul 8 06:26:42 2026] DELETE /v2.0/routers/927ec037-c802-4ec1-a7ec-4a0f54903c20 => generated 0 bytes in 1394 msecs (HTTP/1.1 204) 2 headers in 112 bytes (1 switches on core 0)
2026-07-08 06:26:43.852 7 INFO neutron.db.ovn_revision_numbers_db [None req-657d7d0f-54ac-4574-968f-76b8798bd4c5 bca851c5de22463e8d8bf5432c9e436f e8c1d8c9a07b43979adcf0b0b6c93e49 - - default default] Successfully bumped revision number for resource 2bf9fdcd-d46f-48d8-acc5-56e50d327be9 (type: security_groups) to 1
2026-07-08 06:26:43.868 7 INFO neutron.db.ovn_revision_numbers_db [None req-657d7d0f-54ac-4574-968f-76b8798bd4c5 bca851c5de22463e8d8bf5432c9e436f e8c1d8c9a07b43979adcf0b0b6c93e49 - - default default] Successfully bumped revision number for resource 18fff944-ff82-4267-bca4-56db188ec8e1 (type: security_group_rules) to 0
2026-07-08 06:26:43.883 7 INFO neutron.db.ovn_revision_numbers_db [None req-657d7d0f-54ac-4574-968f-76b8798bd4c5 bca851c5de22463e8d8bf5432c9e436f e8c1d8c9a07b43979adcf0b0b6c93e49 - - default default] Successfully bumped revision number for resource 56ec36ad-9049-4289-8b09-52e9af2871d9 (type: security_group_rules) to 0
2026-07-08 06:26:43.893 7 INFO neutron.db.ovn_revision_numbers_db [None req-657d7d0f-54ac-4574-968f-76b8798bd4c5 bca851c5de22463e8d8bf5432c9e436f e8c1d8c9a07b43979adcf0b0b6c93e49 - - default default] Successfully bumped revision number for resource a8ea3784-035e-4ddc-90d4-6189cc40f661 (type: security_group_rules) to 0
2026-07-08 06:26:43.904 7 INFO neutron.db.ovn_revision_numbers_db [None req-657d7d0f-54ac-4574-968f-76b8798bd4c5 bca851c5de22463e8d8bf5432c9e436f e8c1d8c9a07b43979adcf0b0b6c93e49 - - default default] Successfully bumped revision number for resource bde15450-30d6-4242-b173-c7d6e205dd62 (type: security_group_rules) to 0
2026-07-08 06:26:43.982 7 INFO neutron.db.segments_db [None req-657d7d0f-54ac-4574-968f-76b8798bd4c5 bca851c5de22463e8d8bf5432c9e436f e8c1d8c9a07b43979adcf0b0b6c93e49 - - default default] Added segment fe1797e3-0a0c-4d5b-a013-5b0580873715 of type geneve for network c1e8877a-c63d-47a5-a78a-b771283c64a8
2026-07-08 06:26:44.094 7 INFO neutron.db.ovn_revision_numbers_db [None req-657d7d0f-54ac-4574-968f-76b8798bd4c5 bca851c5de22463e8d8bf5432c9e436f e8c1d8c9a07b43979adcf0b0b6c93e49 - - default default] Successfully bumped revision number for resource c1e8877a-c63d-47a5-a78a-b771283c64a8 (type: networks) to 1
2026-07-08 06:26:44.255 7 WARNING neutron.scheduler.dhcp_agent_scheduler [None req-657d7d0f-54ac-4574-968f-76b8798bd4c5 bca851c5de22463e8d8bf5432c9e436f e8c1d8c9a07b43979adcf0b0b6c93e49 - - default default] No more DHCP agents
2026-07-08 06:26:44.257 7 WARNING neutron.api.rpc.agentnotifiers.dhcp_rpc_agent_api [None req-657d7d0f-54ac-4574-968f-76b8798bd4c5 bca851c5de22463e8d8bf5432c9e436f e8c1d8c9a07b43979adcf0b0b6c93e49 - - default default] Unable to schedule network c1e8877a-c63d-47a5-a78a-b771283c64a8: no agents available; will retry on subsequent port and subnet creation events.
2026-07-08 06:26:44.327 7 INFO neutron.db.ovn_revision_numbers_db [None req-657d7d0f-54ac-4574-968f-76b8798bd4c5 bca851c5de22463e8d8bf5432c9e436f e8c1d8c9a07b43979adcf0b0b6c93e49 - - default default] Successfully bumped revision number for resource eafbcb57-2539-452e-92b0-6299e10286cf (type: ports) to 1 [pid: 7|app: 0|req: 1106/2340] 10.0.0.175 () {34 vars in 669 bytes} [Wed Jul 8 06:26:43 2026] POST /v2.0/networks => generated 669 bytes in 809 msecs (HTTP/1.1 201) 4 headers in 162 bytes (1 switches on core 0)
2026-07-08 06:26:44.471 7 INFO neutron_taas.services.taas.taas_plugin [None req-15d51b6a-8ce4-44a0-9049-1e5165fc3eaa bcd909989c824792af03485c424fefda 11465ee54bd944bb83b71902732770e0 - - default default] TaaS: Handle Delete Port: f557ab9d-fb81-4148-b7c7-6d465c09997f
2026-07-08 06:26:44.474 7 INFO neutron_taas.services.taas.tap_mirror_plugin [None req-15d51b6a-8ce4-44a0-9049-1e5165fc3eaa bcd909989c824792af03485c424fefda 11465ee54bd944bb83b71902732770e0 - - default default] Tap Mirror: Handle Delete Port: f557ab9d-fb81-4148-b7c7-6d465c09997f
2026-07-08 06:26:44.649 7 INFO neutron.services.segments.plugin [-] Segment 64cde16e-b4ef-4877-8815-d18ec00573b9 resource provider aggregate not found
2026-07-08 06:26:44.650 7 INFO neutron.services.segments.plugin [-] Segment 64cde16e-b4ef-4877-8815-d18ec00573b9 resource provider aggregate not found
2026-07-08 06:26:44.678 7 INFO neutron.services.segments.plugin [-] Client error retrieving segment 64cde16e-b4ef-4877-8815-d18ec00573b9 resource provider; error: Placement Client Error (4xx): {"errors": [{"status": 404, "title": "Not Found", "detail": "The resource could not be found.\n\n No resource provider with uuid 64cde16e-b4ef-4877-8815-d18ec00573b9 found for delete ", "request_id": "req-03df3f02-e37c-4da0-a888-ba547ee83b5d"}]}
2026-07-08 06:26:44.690 7 INFO neutron.services.segments.plugin [-] Client error retrieving segment 64cde16e-b4ef-4877-8815-d18ec00573b9 resource provider; error: Placement Client Error (4xx): {"errors": [{"status": 404, "title": "Not Found", "detail": "The resource could not be found.\n\n No resource provider with uuid 64cde16e-b4ef-4877-8815-d18ec00573b9 found for delete ", "request_id": "req-a4109156-7733-47be-a496-fe362c390111"}]} [pid: 7|app: 0|req: 1107/2341] 10.0.0.175 () {32 vars in 725 bytes} [Wed Jul 8 06:26:44 2026] DELETE /v2.0/networks/c4396abe-7afc-45f9-b2c2-7b427c196685 => generated 0 bytes in 354 msecs (HTTP/1.1 204) 3 headers in 131 bytes (1 switches on core 0)
2026-07-08 06:26:44.798 7 INFO neutron.db.segments_db [None req-ec89b55f-e3a7-44e9-98d4-fe207430ee08 bca851c5de22463e8d8bf5432c9e436f e8c1d8c9a07b43979adcf0b0b6c93e49 - - default default] Added segment f48e1a2b-35e5-46f8-abc4-7999b6e4bf1f of type geneve for network 0981af74-d3ea-4d21-a5a2-50e56346df89
2026-07-08 06:26:44.921 7 INFO neutron.db.ovn_revision_numbers_db [None req-ec89b55f-e3a7-44e9-98d4-fe207430ee08 bca851c5de22463e8d8bf5432c9e436f e8c1d8c9a07b43979adcf0b0b6c93e49 - - default default] Successfully bumped revision number for resource 0981af74-d3ea-4d21-a5a2-50e56346df89 (type: networks) to 1
2026-07-08 06:26:44.932 8 WARNING neutron.scheduler.dhcp_agent_scheduler [None req-00d626b4-c87d-460a-a597-12e513853d93 7728157d32de43a29d03f7ed2a82002e 9863e54347e147a392b152d115b3bcad - - default default] No more DHCP agents
2026-07-08 06:26:44.936 8 WARNING neutron.api.rpc.agentnotifiers.dhcp_rpc_agent_api [None req-00d626b4-c87d-460a-a597-12e513853d93 7728157d32de43a29d03f7ed2a82002e 9863e54347e147a392b152d115b3bcad - - default default] Unable to schedule network f1bce6e7-ac94-445d-a745-362e779162f7: no agents available; will retry on subsequent port and subnet creation events.
2026-07-08 06:26:45.079 7 WARNING neutron.scheduler.dhcp_agent_scheduler [None req-ec89b55f-e3a7-44e9-98d4-fe207430ee08 bca851c5de22463e8d8bf5432c9e436f e8c1d8c9a07b43979adcf0b0b6c93e49 - - default default] No more DHCP agents
2026-07-08 06:26:45.081 7 WARNING neutron.api.rpc.agentnotifiers.dhcp_rpc_agent_api [None req-ec89b55f-e3a7-44e9-98d4-fe207430ee08 bca851c5de22463e8d8bf5432c9e436f e8c1d8c9a07b43979adcf0b0b6c93e49 - - default default] Unable to schedule network 0981af74-d3ea-4d21-a5a2-50e56346df89: no agents available; will retry on subsequent port and subnet creation events.
2026-07-08 06:26:45.143 8 INFO neutron.plugins.ml2.drivers.ovn.mech_driver.mech_driver [None req-b49a299a-4eda-4226-90e6-003328e8f834 - - - - - -] OVN reports status down for port: ee82bc9b-331e-489f-9039-8cef3fe9027f
