Traceback (most recent call last):
2026-07-08 06:26:17.370 8 ERROR ovsdbapp.event
File "/var/lib/openstack/lib/python3.12/site-packages/ovsdbapp/event.py", line 185, in notify_loop
2026-07-08 06:26:17.370 8 ERROR ovsdbapp.event match.run(event, row, updates)
2026-07-08 06:26:17.370 8 ERROR ovsdbapp.event
File "/var/lib/openstack/lib/python3.12/site-packages/neutron/services/ovn_l3/ovsdb_monitor.py", line 91, in run
2026-07-08 06:26:17.370 8 ERROR ovsdbapp.event self.l3_plugin._ovn_client.link_network_ha_chassis_group(
2026-07-08 06:26:17.370 8 ERROR ovsdbapp.event
File "/var/lib/openstack/lib/python3.12/site-packages/neutron/plugins/ml2/drivers/ovn/mech_driver/ovsdb/ovn_client.py", line 2487, in link_network_ha_chassis_group
2026-07-08 06:26:17.370 8 ERROR ovsdbapp.event hcg, _ = utils.sync_ha_chassis_group_network_unified(
2026-07-08 06:26:17.370 8 ERROR ovsdbapp.event ^^^^^^^^^^^^^^^^^^^^^^^^^^^^^^^^^^^^^^^^^^^^
2026-07-08 06:26:17.370 8 ERROR ovsdbapp.event
File "/var/lib/openstack/lib/python3.12/site-packages/neutron/common/ovn/utils.py", line 235, in wrapped
2026-07-08 06:26:17.370 8 ERROR ovsdbapp.event return f(*args, **kwargs)
2026-07-08 06:26:17.370 8 ERROR ovsdbapp.event ^^^^^^^^^^^^^^^^^^
2026-07-08 06:26:17.370 8 ERROR ovsdbapp.event
File "/var/lib/openstack/lib/python3.12/site-packages/neutron/common/ovn/utils.py", line 1366, in sync_ha_chassis_group_network_unified
2026-07-08 06:26:17.370 8 ERROR ovsdbapp.event physnet = ls.external_ids.get(constants.OVN_PHYSNET_EXT_ID_KEY)
2026-07-08 06:26:17.370 8 ERROR ovsdbapp.event ^^^^^^^^^^^^^^^
2026-07-08 06:26:17.370 8 ERROR ovsdbapp.event AttributeError: 'NoneType' object has no attribute 'external_ids'
2026-07-08 06:26:17.370 8 ERROR ovsdbapp.event
2026-07-08 06:26:17.390 8 INFO neutron.db.segments_db [None req-edbd8f31-9089-478b-b0f9-d30f6830fa2e 46a59dc8a61d4cf1aa172ee0533f9f92 001b3ff4024d49deb5d84a0eeaf7295d - - default default] Added segment 8fb644ed-e921-4bd5-849f-87cfda6fdc54 of type geneve for network f9dcbefa-2587-4b81-b7f4-a392c54c8980
2026-07-08 06:26:17.392 8 INFO neutron.plugins.ml2.drivers.ovn.mech_driver.mech_driver [None req-81b17fa3-e970-4d88-8ba2-c7186ea84b5e - - - - - -] OVN reports status down for port: f557ab9d-fb81-4148-b7c7-6d465c09997f
2026-07-08 06:26:17.493 8 INFO neutron.plugins.ml2.drivers.ovn.mech_driver.mech_driver [None req-81b17fa3-e970-4d88-8ba2-c7186ea84b5e - - - - - -] OVN reports status down for port: cc44a516-fad1-48f6-9764-da7e7987537c
2026-07-08 06:26:17.585 8 INFO neutron.db.ovn_revision_numbers_db [None req-edbd8f31-9089-478b-b0f9-d30f6830fa2e 46a59dc8a61d4cf1aa172ee0533f9f92 001b3ff4024d49deb5d84a0eeaf7295d - - default default] Successfully bumped revision number for resource f9dcbefa-2587-4b81-b7f4-a392c54c8980 (type: networks) to 1
2026-07-08 06:26:17.609 8 WARNING neutron.plugins.ml2.drivers.ovn.mech_driver.ovsdb.ovn_client [None req-81b17fa3-e970-4d88-8ba2-c7186ea84b5e - - - - - -] Logical_Switch_Port cc44a516-fad1-48f6-9764-da7e7987537c host information not removed, the port state is up
2026-07-08 06:26:17.609 8 INFO neutron.plugins.ml2.drivers.ovn.mech_driver.mech_driver [None req-81b17fa3-e970-4d88-8ba2-c7186ea84b5e - - - - - -] OVN reports status up for port: cc44a516-fad1-48f6-9764-da7e7987537c
2026-07-08 06:26:17.631 8 INFO neutron.plugins.ml2.plugin [None req-81b17fa3-e970-4d88-8ba2-c7186ea84b5e - - - - - -] Attempt 1 to provision port cc44a516-fad1-48f6-9764-da7e7987537c
2026-07-08 06:26:17.895 7 INFO neutron.db.ovn_revision_numbers_db [None req-409d848e-c2af-4791-b997-4c36ae16e9df - - - - - -] Successfully bumped revision number for resource cc44a516-fad1-48f6-9764-da7e7987537c (type: ports) to 4
2026-07-08 06:26:17.896 8 WARNING neutron.scheduler.dhcp_agent_scheduler [None req-edbd8f31-9089-478b-b0f9-d30f6830fa2e 46a59dc8a61d4cf1aa172ee0533f9f92 001b3ff4024d49deb5d84a0eeaf7295d - - default default] No more DHCP agents
2026-07-08 06:26:17.902 8 WARNING neutron.api.rpc.agentnotifiers.dhcp_rpc_agent_api [None req-edbd8f31-9089-478b-b0f9-d30f6830fa2e 46a59dc8a61d4cf1aa172ee0533f9f92 001b3ff4024d49deb5d84a0eeaf7295d - - default default] Unable to schedule network f9dcbefa-2587-4b81-b7f4-a392c54c8980: no agents available; will retry on subsequent port and subnet creation events.
2026-07-08 06:26:18.045 8 INFO neutron.db.ovn_revision_numbers_db [None req-edbd8f31-9089-478b-b0f9-d30f6830fa2e 46a59dc8a61d4cf1aa172ee0533f9f92 001b3ff4024d49deb5d84a0eeaf7295d - - default default] Successfully bumped revision number for resource 03d97852-1071-4b24-9ffd-b42383dbd3d4 (type: ports) to 1 [pid: 8|app: 0|req: 1135/2157] 10.0.0.175 () {34 vars in 669 bytes} [Wed Jul 8 06:26:17 2026] POST /v2.0/networks => generated 670 bytes in 1107 msecs (HTTP/1.1 201) 4 headers in 162 bytes (1 switches on core 0)
2026-07-08 06:26:18.172 7 INFO neutron.db.ovn_revision_numbers_db [None req-4a299384-4163-4647-b5d6-6e5cbef3b224 fad8bb61ae5c463da4dd97cf4569f2fc 7646883d361a45dea8ce4bf71ddd210b - - default default] Successfully bumped revision number for resource c4972442-bd46-4e81-8fb1-59558ecbe0ce (type: routers) to 5 [pid: 7|app: 0|req: 1023/2158] 10.0.0.175 () {34 vars in 741 bytes} [Wed Jul 8 06:26:17 2026] PUT /v2.0/routers/c4972442-bd46-4e81-8fb1-59558ecbe0ce => generated 962 bytes in 1078 msecs (HTTP/1.1 200) 4 headers in 157 bytes (1 switches on core 0) [pid: 8|app: 0|req: 1136/2159] 10.0.0.175 () {32 vars in 693 bytes} [Wed Jul 8 06:26:18 2026] GET /v2.0/networks?router%3Aexternal=True => generated 791 bytes in 131 msecs (HTTP/1.1 200) 4 headers in 157 bytes (1 switches on core 0)
2026-07-08 06:26:18.346 8 INFO neutron.db.ovn_revision_numbers_db [None req-81b17fa3-e970-4d88-8ba2-c7186ea84b5e - - - - - -] Successfully bumped revision number for resource cc44a516-fad1-48f6-9764-da7e7987537c (type: ports) to 5 [pid: 8|app: 0|req: 1137/2160] 10.0.0.175 () {32 vars in 735 bytes} [Wed Jul 8 06:26:18 2026] GET /v2.0/ports?device_id=c4972442-bd46-4e81-8fb1-59558ecbe0ce => generated 946 bytes in 136 msecs (HTTP/1.1 200) 4 headers in 157 bytes (1 switches on core 0) [pid: 8|app: 0|req: 1138/2161] 10.0.0.175 () {32 vars in 783 bytes} [Wed Jul 8 06:26:18 2026] GET /v2.0/subnets?network_id=a19d9dd7-8fb6-4371-a398-6823598aef96&cidr=10.100.0.0%2F28 => generated 14 bytes in 31 msecs (HTTP/1.1 200) 4 headers in 156 bytes (1 switches on core 0)
2026-07-08 06:26:18.420 7 WARNING neutron.scheduler.dhcp_agent_scheduler [None req-eb402635-9356-42b5-8320-d133a8e6e058 46a59dc8a61d4cf1aa172ee0533f9f92 001b3ff4024d49deb5d84a0eeaf7295d - - default default] No more DHCP agents
2026-07-08 06:26:18.421 7 WARNING neutron.api.rpc.agentnotifiers.dhcp_rpc_agent_api [None req-eb402635-9356-42b5-8320-d133a8e6e058 46a59dc8a61d4cf1aa172ee0533f9f92 001b3ff4024d49deb5d84a0eeaf7295d - - default default] Unable to schedule network f9dcbefa-2587-4b81-b7f4-a392c54c8980: no agents available; will retry on subsequent port and subnet creation events.
2026-07-08 06:26:18.495 7 WARNING neutron.plugins.ml2.drivers.ovn.mech_driver.ovsdb.ovn_client [None req-0edbedad-7971-4723-a3e1-74e7ef86b076 - - - - - -] No hosting information found for port d2e39428-4d9c-4f07-9bda-5be765f5dc2d: RuntimeError: No hosting information found for port d2e39428-4d9c-4f07-9bda-5be765f5dc2d
2026-07-08 06:26:18.559 7 INFO neutron.db.ovn_revision_numbers_db [None req-eb402635-9356-42b5-8320-d133a8e6e058 46a59dc8a61d4cf1aa172ee0533f9f92 001b3ff4024d49deb5d84a0eeaf7295d - - default default] Successfully bumped revision number for resource a3db884f-83e2-49fa-ac16-11d781314c10 (type: ports) to 1
2026-07-08 06:26:18.603 8 INFO neutron.plugins.ml2.drivers.ovn.mech_driver.mech_driver [None req-b49a299a-4eda-4226-90e6-003328e8f834 - - - - - -] OVN reports status down for port: a3db884f-83e2-49fa-ac16-11d781314c10 [pid: 7|app: 0|req: 1024/2162] 10.0.0.175 () {34 vars in 663 bytes} [Wed Jul 8 06:26:18 2026] POST /v2.0/ports => generated 743 bytes in 422 msecs (HTTP/1.1 201) 4 headers in 162 bytes (1 switches on core 0) /var/lib/openstack/lib/python3.12/site-packages/pycadf/identifier.py:70: UserWarning: Invalid uuid: neutron. To ensure interoperability, identifiers should be a valid uuid. warnings.warn(('Invalid uuid: %s. To ensure interoperability, '
2026-07-08 06:26:18.616 7 INFO neutron.db.ovn_revision_numbers_db [None req-0edbedad-7971-4723-a3e1-74e7ef86b076 - - - - - -] Successfully bumped revision number for resource d2e39428-4d9c-4f07-9bda-5be765f5dc2d (type: router_ports) to 2
2026-07-08 06:26:18.618 7 INFO neutron.plugins.ml2.drivers.ovn.mech_driver.mech_driver [None req-0edbedad-7971-4723-a3e1-74e7ef86b076 - - - - - -] OVN reports status down for port: 3df56120-482b-48d3-b831-8984a11e27b6
2026-07-08 06:26:18.637 7 INFO neutron.plugins.ml2.drivers.ovn.mech_driver.mech_driver [None req-0edbedad-7971-4723-a3e1-74e7ef86b076 - - - - - -] OVN reports status down for port: 6ce721bd-4dbb-49a1-944e-5e60cc41be08
2026-07-08 06:26:18.730 7 INFO neutron.plugins.ml2.drivers.ovn.mech_driver.mech_driver [None req-0edbedad-7971-4723-a3e1-74e7ef86b076 - - - - - -] OVN reports status down for port: 03d97852-1071-4b24-9ffd-b42383dbd3d4
2026-07-08 06:26:18.853 8 INFO neutron_taas.services.taas.taas_plugin [None req-69d7dd47-32ff-4b22-bccd-57027c23bdd7 fad8bb61ae5c463da4dd97cf4569f2fc 7646883d361a45dea8ce4bf71ddd210b - - default default] TaaS: Handle Delete Port: d2e39428-4d9c-4f07-9bda-5be765f5dc2d
2026-07-08 06:26:18.856 8 INFO neutron_taas.services.taas.tap_mirror_plugin [None req-69d7dd47-32ff-4b22-bccd-57027c23bdd7 fad8bb61ae5c463da4dd97cf4569f2fc 7646883d361a45dea8ce4bf71ddd210b - - default default] Tap Mirror: Handle Delete Port: d2e39428-4d9c-4f07-9bda-5be765f5dc2d
2026-07-08 06:26:18.867 7 WARNING neutron.scheduler.dhcp_agent_scheduler [None req-9874ba3e-32bb-444d-950e-4579d6705827 bcd909989c824792af03485c424fefda 11465ee54bd944bb83b71902732770e0 - - default default] No more DHCP agents
2026-07-08 06:26:18.869 7 WARNING neutron.api.rpc.agentnotifiers.dhcp_rpc_agent_api [None req-9874ba3e-32bb-444d-950e-4579d6705827 bcd909989c824792af03485c424fefda 11465ee54bd944bb83b71902732770e0 - - default default] Unable to schedule network c4396abe-7afc-45f9-b2c2-7b427c196685: no agents available; will retry on subsequent port and subnet creation events. [pid: 8|app: 0|req: 1139/2163] 10.0.0.175 () {34 vars in 788 bytes} [Wed Jul 8 06:26:18 2026] PUT /v2.0/routers/c4972442-bd46-4e81-8fb1-59558ecbe0ce/remove_router_interface => generated 310 bytes in 880 msecs (HTTP/1.1 200) 4 headers in 157 bytes (1 switches on core 0) /var/lib/openstack/lib/python3.12/site-packages/pycadf/identifier.py:70: UserWarning: Invalid uuid: neutron. To ensure interoperability, identifiers should be a valid uuid. warnings.warn(('Invalid uuid: %s. To ensure interoperability, '
2026-07-08 06:26:19.298 7 INFO neutron.db.ovn_revision_numbers_db [None req-9874ba3e-32bb-444d-950e-4579d6705827 bcd909989c824792af03485c424fefda 11465ee54bd944bb83b71902732770e0 - - default default] Successfully bumped revision number for resource f557ab9d-fb81-4148-b7c7-6d465c09997f (type: ports) to 2
2026-07-08 06:26:19.333 7 INFO neutron.db.ovn_revision_numbers_db [None req-9874ba3e-32bb-444d-950e-4579d6705827 bcd909989c824792af03485c424fefda 11465ee54bd944bb83b71902732770e0 - - default default] Successfully bumped revision number for resource 3515a793-ce2f-4959-8903-af2f188f9932 (type: subnets) to 0 [pid: 7|app: 0|req: 1025/2164] 10.0.0.175 () {34 vars in 668 bytes} [Wed Jul 8 06:26:18 2026] POST /v2.0/subnets => generated 657 bytes in 745 msecs (HTTP/1.1 201) 4 headers in 162 bytes (1 switches on core 0) [pid: 8|app: 0|req: 1140/2165] 10.0.0.175 () {34 vars in 665 bytes} [Wed Jul 8 06:26:19 2026] POST /v2.0/trunks => generated 409 bytes in 243 msecs (HTTP/1.1 201) 4 headers in 162 bytes (1 switches on core 0)
2026-07-08 06:26:19.649 7 INFO neutron_taas.services.taas.taas_plugin [None req-d555d82d-0d96-4658-beda-b65632c9f350 fad8bb61ae5c463da4dd97cf4569f2fc 7646883d361a45dea8ce4bf71ddd210b - - default default] TaaS: Handle Delete Port: 53941247-37db-4d41-b14a-8c5625475271
2026-07-08 06:26:19.654 7 INFO neutron_taas.services.taas.tap_mirror_plugin [None req-d555d82d-0d96-4658-beda-b65632c9f350 fad8bb61ae5c463da4dd97cf4569f2fc 7646883d361a45dea8ce4bf71ddd210b - - default default] Tap Mirror: Handle Delete Port: 53941247-37db-4d41-b14a-8c5625475271 [pid: 7|app: 0|req: 1026/2166] 10.0.0.175 () {32 vars in 723 bytes} [Wed Jul 8 06:26:19 2026] DELETE /v2.0/routers/c4972442-bd46-4e81-8fb1-59558ecbe0ce => generated 0 bytes in 640 msecs (HTTP/1.1 204) 2 headers in 112 bytes (1 switches on core 0)
2026-07-08 06:26:20.069 7 INFO neutron.db.segments_db [None req-451a3b41-d373-469e-b17e-944681325571 46a59dc8a61d4cf1aa172ee0533f9f92 001b3ff4024d49deb5d84a0eeaf7295d - - default default] Added segment c90383aa-09cb-4972-9b9d-6c02060f155b of type geneve for network e24b8c52-cc31-4cef-8f7c-d218fd0f06ea
2026-07-08 06:26:20.101 8 WARNING neutron.scheduler.dhcp_agent_scheduler [None req-1ab912cd-7b81-4ac4-a710-a97acaed389a bcd909989c824792af03485c424fefda 11465ee54bd944bb83b71902732770e0 - - default default] No more DHCP agents
2026-07-08 06:26:20.103 8 WARNING neutron.api.rpc.agentnotifiers.dhcp_rpc_agent_api [None req-1ab912cd-7b81-4ac4-a710-a97acaed389a bcd909989c824792af03485c424fefda 11465ee54bd944bb83b71902732770e0 - - default default] Unable to schedule network c4396abe-7afc-45f9-b2c2-7b427c196685: no agents available; will retry on subsequent port and subnet creation events.
2026-07-08 06:26:20.172 7 INFO neutron.db.ovn_revision_numbers_db [None req-451a3b41-d373-469e-b17e-944681325571 46a59dc8a61d4cf1aa172ee0533f9f92 001b3ff4024d49deb5d84a0eeaf7295d - - default default] Successfully bumped revision number for resource e24b8c52-cc31-4cef-8f7c-d218fd0f06ea (type: networks) to 1
2026-07-08 06:26:20.247 8 INFO neutron.db.ovn_revision_numbers_db [None req-1ab912cd-7b81-4ac4-a710-a97acaed389a bcd909989c824792af03485c424fefda 11465ee54bd944bb83b71902732770e0 - - default default] Successfully bumped revision number for resource 3ea4bcd6-43fc-4b43-bfae-c5290dad6838 (type: ports) to 1
2026-07-08 06:26:20.263 7 INFO neutron.plugins.ml2.drivers.ovn.mech_driver.mech_driver [None req-0edbedad-7971-4723-a3e1-74e7ef86b076 - - - - - -] OVN reports status down for port: 3ea4bcd6-43fc-4b43-bfae-c5290dad6838
2026-07-08 06:26:20.406 7 WARNING neutron.scheduler.dhcp_agent_scheduler [None req-451a3b41-d373-469e-b17e-944681325571 46a59dc8a61d4cf1aa172ee0533f9f92 001b3ff4024d49deb5d84a0eeaf7295d - - default default] No more DHCP agents
2026-07-08 06:26:20.407 7 WARNING neutron.api.rpc.agentnotifiers.dhcp_rpc_agent_api [None req-451a3b41-d373-469e-b17e-944681325571 46a59dc8a61d4cf1aa172ee0533f9f92 001b3ff4024d49deb5d84a0eeaf7295d - - default default] Unable to schedule network e24b8c52-cc31-4cef-8f7c-d218fd0f06ea: no agents available; will retry on subsequent port and subnet creation events.
2026-07-08 06:26:20.462 7 INFO neutron.plugins.ml2.drivers.ovn.mech_driver.mech_driver [None req-0edbedad-7971-4723-a3e1-74e7ef86b076 - - - - - -] OVN reports status down for port: 992f0c6b-c729-4832-9cef-44d39025281e
2026-07-08 06:26:20.513 7 INFO neutron.db.ovn_revision_numbers_db [None req-451a3b41-d373-469e-b17e-944681325571 46a59dc8a61d4cf1aa172ee0533f9f92 001b3ff4024d49deb5d84a0eeaf7295d - - default default] Successfully bumped revision number for resource 992f0c6b-c729-4832-9cef-44d39025281e (type: ports) to 1 [pid: 7|app: 0|req: 1027/2167] 10.0.0.175 () {34 vars in 669 bytes} [Wed Jul 8 06:26:19 2026] POST /v2.0/networks => generated 670 bytes in 559 msecs (HTTP/1.1 201) 4 headers in 162 bytes (1 switches on core 0) [pid: 7|app: 0|req: 1028/2168] 10.0.0.175 () {32 vars in 723 bytes} [Wed Jul 8 06:26:20 2026] DELETE /v2.0/subnets/3d3a0f5f-b427-4b8f-b151-f9ef28d74dbd => generated 0 bytes in 172 msecs (HTTP/1.1 204) 3 headers in 131 bytes (1 switches on core 0)
2026-07-08 06:26:20.943 7 INFO neutron.plugins.ml2.drivers.ovn.mech_driver.mech_driver [None req-0edbedad-7971-4723-a3e1-74e7ef86b076 - - - - - -] OVN reports status up for port: 3ea4bcd6-43fc-4b43-bfae-c5290dad6838
2026-07-08 06:26:20.968 7 INFO neutron.plugins.ml2.plugin [None req-0edbedad-7971-4723-a3e1-74e7ef86b076 - - - - - -] Attempt 1 to provision port 3ea4bcd6-43fc-4b43-bfae-c5290dad6838
2026-07-08 06:26:20.999 8 WARNING neutron.scheduler.dhcp_agent_scheduler [None req-1ab912cd-7b81-4ac4-a710-a97acaed389a bcd909989c824792af03485c424fefda 11465ee54bd944bb83b71902732770e0 - - default default] No more DHCP agents
2026-07-08 06:26:21.002 8 WARNING neutron.api.rpc.agentnotifiers.dhcp_rpc_agent_api [None req-1ab912cd-7b81-4ac4-a710-a97acaed389a bcd909989c824792af03485c424fefda 11465ee54bd944bb83b71902732770e0 - - default default] Unable to schedule network c4396abe-7afc-45f9-b2c2-7b427c196685: no agents available; will retry on subsequent port and subnet creation events.
2026-07-08 06:26:21.002 7 WARNING neutron.scheduler.dhcp_agent_scheduler [None req-62fb57e8-1357-410e-b730-61a863b1a45d 46a59dc8a61d4cf1aa172ee0533f9f92 001b3ff4024d49deb5d84a0eeaf7295d - - default default] No more DHCP agents
2026-07-08 06:26:21.004 7 WARNING neutron.api.rpc.agentnotifiers.dhcp_rpc_agent_api [None req-62fb57e8-1357-410e-b730-61a863b1a45d 46a59dc8a61d4cf1aa172ee0533f9f92 001b3ff4024d49deb5d84a0eeaf7295d - - default default] Unable to schedule network e24b8c52-cc31-4cef-8f7c-d218fd0f06ea: no agents available; will retry on subsequent port and subnet creation events.
2026-07-08 06:26:21.172 7 INFO neutron.db.ovn_revision_numbers_db [None req-62fb57e8-1357-410e-b730-61a863b1a45d 46a59dc8a61d4cf1aa172ee0533f9f92 001b3ff4024d49deb5d84a0eeaf7295d - - default default] Successfully bumped revision number for resource 26288c66-1926-4074-815a-708519bac047 (type: ports) to 1 [pid: 7|app: 0|req: 1029/2169] 10.0.0.175 () {34 vars in 663 bytes} [Wed Jul 8 06:26:20 2026] POST /v2.0/ports => generated 743 bytes in 497 msecs (HTTP/1.1 201) 4 headers in 162 bytes (1 switches on core 0) /var/lib/openstack/lib/python3.12/site-packages/pycadf/identifier.py:70: UserWarning: Invalid uuid: neutron. To ensure interoperability, identifiers should be a valid uuid. warnings.warn(('Invalid uuid: %s. To ensure interoperability, '
2026-07-08 06:26:21.262 8 INFO neutron.db.ovn_revision_numbers_db [None req-1ab912cd-7b81-4ac4-a710-a97acaed389a bcd909989c824792af03485c424fefda 11465ee54bd944bb83b71902732770e0 - - default default] Successfully bumped revision number for resource 3ea4bcd6-43fc-4b43-bfae-c5290dad6838 (type: router_ports) to 1 [pid: 8|app: 0|req: 1141/2170] 10.0.0.175 () {34 vars in 782 bytes} [Wed Jul 8 06:26:19 2026] PUT /v2.0/routers/927ec037-c802-4ec1-a7ec-4a0f54903c20/add_router_interface => generated 310 bytes in 1731 msecs (HTTP/1.1 200) 4 headers in 157 bytes (1 switches on core 0) [pid: 8|app: 0|req: 1142/2171] 10.0.0.175 () {34 vars in 665 bytes} [Wed Jul 8 06:26:21 2026] POST /v2.0/trunks => generated 409 bytes in 155 msecs (HTTP/1.1 201) 4 headers in 162 bytes (1 switches on core 0) [pid: 8|app: 0|req: 1143/2172] 10.0.0.175 () {32 vars in 648 bytes} [Wed Jul 8 06:26:21 2026] GET /v2.0/networks => generated 5300 bytes in 54 msecs (HTTP/1.1 200) 4 headers in 158 bytes (1 switches on core 0)
2026-07-08 06:26:21.547 7 INFO neutron_taas.services.taas.taas_plugin [None req-5fe92fce-8728-4157-b40d-dd6a83000a8f fad8bb61ae5c463da4dd97cf4569f2fc 7646883d361a45dea8ce4bf71ddd210b - - default default] TaaS: Handle Delete Port: 88e94b46-f4ec-43f6-800e-f7370986379e
2026-07-08 06:26:21.554 8 INFO neutron.db.segments_db [None req-608d661a-e452-4c43-8aed-7573c7c2ec0e 46a59dc8a61d4cf1aa172ee0533f9f92 001b3ff4024d49deb5d84a0eeaf7295d - - default default] Added segment fd0db68a-6caa-4cb7-aebf-847bc3e1cdff of type geneve for network 765bed3f-cdb5-4137-a733-4037cdae4d08
2026-07-08 06:26:21.557 7 INFO neutron_taas.services.taas.tap_mirror_plugin [None req-5fe92fce-8728-4157-b40d-dd6a83000a8f fad8bb61ae5c463da4dd97cf4569f2fc 7646883d361a45dea8ce4bf71ddd210b - - default default] Tap Mirror: Handle Delete Port: 88e94b46-f4ec-43f6-800e-f7370986379e
2026-07-08 06:26:21.691 8 INFO neutron.db.ovn_revision_numbers_db [None req-608d661a-e452-4c43-8aed-7573c7c2ec0e 46a59dc8a61d4cf1aa172ee0533f9f92 001b3ff4024d49deb5d84a0eeaf7295d - - default default] Successfully bumped revision number for resource 765bed3f-cdb5-4137-a733-4037cdae4d08 (type: networks) to 1
2026-07-08 06:26:21.779 7 INFO neutron.db.ovn_revision_numbers_db [None req-0edbedad-7971-4723-a3e1-74e7ef86b076 - - - - - -] Successfully bumped revision number for resource 3ea4bcd6-43fc-4b43-bfae-c5290dad6838 (type: ports) to 2
2026-07-08 06:26:21.847 8 WARNING neutron.scheduler.dhcp_agent_scheduler [None req-608d661a-e452-4c43-8aed-7573c7c2ec0e 46a59dc8a61d4cf1aa172ee0533f9f92 001b3ff4024d49deb5d84a0eeaf7295d - - default default] No more DHCP agents
2026-07-08 06:26:21.848 8 WARNING neutron.api.rpc.agentnotifiers.dhcp_rpc_agent_api [None req-608d661a-e452-4c43-8aed-7573c7c2ec0e 46a59dc8a61d4cf1aa172ee0533f9f92 001b3ff4024d49deb5d84a0eeaf7295d - - default default] Unable to schedule network 765bed3f-cdb5-4137-a733-4037cdae4d08: no agents available; will retry on subsequent port and subnet creation events.
2026-07-08 06:26:21.892 8 INFO neutron.plugins.ml2.drivers.ovn.mech_driver.mech_driver [None req-b49a299a-4eda-4226-90e6-003328e8f834 - - - - - -] OVN reports status down for port: b4817058-5227-4de2-9379-574a54ecf0c0
2026-07-08 06:26:21.941 8 INFO neutron.db.ovn_revision_numbers_db [None req-608d661a-e452-4c43-8aed-7573c7c2ec0e 46a59dc8a61d4cf1aa172ee0533f9f92 001b3ff4024d49deb5d84a0eeaf7295d - - default default] Successfully bumped revision number for resource b4817058-5227-4de2-9379-574a54ecf0c0 (type: ports) to 1
2026-07-08 06:26:21.945 7 INFO neutron.services.segments.plugin [-] Segment 01d11613-d16a-40be-8be3-e1c5bd51cfb2 resource provider aggregate not found
2026-07-08 06:26:21.945 7 INFO neutron.services.segments.plugin [-] Segment 01d11613-d16a-40be-8be3-e1c5bd51cfb2 resource provider aggregate not found
2026-07-08 06:26:21.969 7 INFO neutron.services.segments.plugin [-] Client error retrieving segment 01d11613-d16a-40be-8be3-e1c5bd51cfb2 resource provider; error: Placement Client Error (4xx): {"errors": [{"status": 404, "title": "Not Found", "detail": "The resource could not be found.\n\n No resource provider with uuid 01d11613-d16a-40be-8be3-e1c5bd51cfb2 found for delete ", "request_id": "req-38b18eb4-080e-4ce2-8ff2-07e246c672cd"}]}
2026-07-08 06:26:21.972 7 INFO neutron.services.segments.plugin [-] Client error retrieving segment 01d11613-d16a-40be-8be3-e1c5bd51cfb2 resource provider; error: Placement Client Error (4xx): {"errors": [{"status": 404, "title": "Not Found", "detail": "The resource could not be found.\n\n No resource provider with uuid 01d11613-d16a-40be-8be3-e1c5bd51cfb2 found for delete ", "request_id": "req-f48fddfb-1009-477b-8e06-a8ca1071f20d"}]} [pid: 8|app: 0|req: 1144/2173] 10.0.0.175 () {34 vars in 669 bytes} [Wed Jul 8 06:26:21 2026] POST /v2.0/networks => generated 670 bytes in 499 msecs (HTTP/1.1 201) 4 headers in 162 bytes (1 switches on core 0) [pid: 7|app: 0|req: 1030/2174] 10.0.0.175 () {32 vars in 725 bytes} [Wed Jul 8 06:26:21 2026] DELETE /v2.0/networks/aa71f91b-710f-4508-973d-8f6b6a7f5035 => generated 0 bytes in 788 msecs (HTTP/1.1 204) 3 headers in 131 bytes (1 switches on core 0) [pid: 8|app: 0|req: 1145/2175] 10.0.0.175 () {32 vars in 646 bytes} [Wed Jul 8 06:26:21 2026] GET /v2.0/subnets => generated 1973 bytes in 48 msecs (HTTP/1.1 200) 4 headers in 158 bytes (1 switches on core 0) [pid: 8|app: 0|req: 1146/2176] 10.0.0.175 () {32 vars in 646 bytes} [Wed Jul 8 06:26:22 2026] GET /v2.0/routers => generated 997 bytes in 67 msecs (HTTP/1.1 200) 4 headers in 157 bytes (1 switches on core 0)
2026-07-08 06:26:22.241 7 WARNING neutron.scheduler.dhcp_agent_scheduler [None req-295b1a05-8197-4004-8bfa-46a2cae703dd 46a59dc8a61d4cf1aa172ee0533f9f92 001b3ff4024d49deb5d84a0eeaf7295d - - default default] No more DHCP agents
2026-07-08 06:26:22.245 7 WARNING neutron.api.rpc.agentnotifiers.dhcp_rpc_agent_api [None req-295b1a05-8197-4004-8bfa-46a2cae703dd 46a59dc8a61d4cf1aa172ee0533f9f92 001b3ff4024d49deb5d84a0eeaf7295d - - default default] Unable to schedule network 765bed3f-cdb5-4137-a733-4037cdae4d08: no agents available; will retry on subsequent port and subnet creation events.
2026-07-08 06:26:22.265 8 INFO neutron.db.ovn_revision_numbers_db [None req-57523078-ce2c-4955-99d2-04b5f7233627 bcd909989c824792af03485c424fefda 11465ee54bd944bb83b71902732770e0 - - default default] Successfully bumped revision number for resource 4876a415-f553-419e-ae44-5e6d8a08d827 (type: security_groups) to 1
2026-07-08 06:26:22.277 8 INFO neutron.db.ovn_revision_numbers_db [None req-57523078-ce2c-4955-99d2-04b5f7233627 bcd909989c824792af03485c424fefda 11465ee54bd944bb83b71902732770e0 - - default default] Successfully bumped revision number for resource 1f958550-82f5-4a7a-b2c3-75977b932315 (type: security_group_rules) to 0
2026-07-08 06:26:22.303 8 INFO neutron.db.ovn_revision_numbers_db [None req-57523078-ce2c-4955-99d2-04b5f7233627 bcd909989c824792af03485c424fefda 11465ee54bd944bb83b71902732770e0 - - default default] Successfully bumped revision number for resource 1fdcfdbc-ef46-496c-b480-215e60048c27 (type: security_group_rules) to 0 [pid: 8|app: 0|req: 1147/2177] 10.0.0.175 () {34 vars in 684 bytes} [Wed Jul 8 06:26:22 2026] POST /v2.0/security-groups => generated 1673 bytes in 196 msecs (HTTP/1.1 201) 4 headers in 163 bytes (1 switches on core 0)
2026-07-08 06:26:22.353 7 INFO neutron.db.ovn_revision_numbers_db [None req-295b1a05-8197-4004-8bfa-46a2cae703dd 46a59dc8a61d4cf1aa172ee0533f9f92 001b3ff4024d49deb5d84a0eeaf7295d - - default default] Successfully bumped revision number for resource 3edd020e-d844-4dd1-82d2-ba227a312f83 (type: ports) to 1 [pid: 7|app: 0|req: 1031/2178] 10.0.0.175 () {34 vars in 663 bytes} [Wed Jul 8 06:26:22 2026] POST /v2.0/ports => generated 743 bytes in 366 msecs (HTTP/1.1 201) 4 headers in 162 bytes (1 switches on core 0) /var/lib/openstack/lib/python3.12/site-packages/pycadf/identifier.py:70: UserWarning: Invalid uuid: neutron. To ensure interoperability, identifiers should be a valid uuid. warnings.warn(('Invalid uuid: %s. To ensure interoperability, '
2026-07-08 06:26:22.463 8 INFO neutron.db.ovn_revision_numbers_db [None req-b08fbf41-c034-4af5-ad23-625ae378c04e bcd909989c824792af03485c424fefda 11465ee54bd944bb83b71902732770e0 - - default default] Successfully bumped revision number for resource a6379a38-8dec-4b83-a616-43528af70f39 (type: security_group_rules) to 0 [pid: 8|app: 0|req: 1148/2179] 10.0.0.175 () {34 vars in 694 bytes} [Wed Jul 8 06:26:22 2026] POST /v2.0/security-group-rules => generated 597 bytes in 142 msecs (HTTP/1.1 201) 4 headers in 162 bytes (1 switches on core 0) [pid: 7|app: 0|req: 1032/2180] 10.0.0.175 () {34 vars in 665 bytes} [Wed Jul 8 06:26:22 2026] POST /v2.0/trunks => generated 409 bytes in 251 msecs (HTTP/1.1 201) 4 headers in 162 bytes (1 switches on core 0)
2026-07-08 06:26:22.641 8 INFO neutron.db.ovn_revision_numbers_db [None req-b62afd97-305b-466e-846f-373804d00206 bcd909989c824792af03485c424fefda 11465ee54bd944bb83b71902732770e0 - - default default] Successfully bumped revision number for resource 8706b5e4-7310-4731-bd3d-3eb7a64123c8 (type: security_group_rules) to 0 [pid: 8|app: 0|req: 1149/2181] 10.0.0.175 () {34 vars in 694 bytes} [Wed Jul 8 06:26:22 2026] POST /v2.0/security-group-rules => generated 596 bytes in 186 msecs (HTTP/1.1 201) 4 headers in 162 bytes (1 switches on core 0)
2026-07-08 06:26:22.761 7 INFO neutron.db.segments_db [None req-c4e0626e-dfc2-4eca-9c58-8696739d75ed 46a59dc8a61d4cf1aa172ee0533f9f92 001b3ff4024d49deb5d84a0eeaf7295d - - default default] Added segment 061416aa-31ca-4599-82f1-06cc9e72b070 of type geneve for network 68348163-fbba-456c-846c-1354d16e215c
2026-07-08 06:26:22.839 8 WARNING neutron.db.securitygroups_db [None req-2e7c1fe3-d764-4f12-82ac-c7e356d6d02f 7284e562e19a4841a271e3457a2e9ff3 6511e556384d473b8e6818b7dca3217c - - default default] project_id key not found in filters, using tenant_id instead. This support has been deprecated and will be removed in a future release. [pid: 8|app: 0|req: 1150/2182] 10.0.0.175 () {32 vars in 773 bytes} [Wed Jul 8 06:26:22 2026] GET /v2.0/security-groups?tenant_id=7646883d361a45dea8ce4bf71ddd210b&name=default => generated 2925 bytes in 175 msecs (HTTP/1.1 200) 4 headers in 158 bytes (1 switches on core 0)
2026-07-08 06:26:22.886 7 INFO neutron.db.ovn_revision_numbers_db [None req-c4e0626e-dfc2-4eca-9c58-8696739d75ed 46a59dc8a61d4cf1aa172ee0533f9f92 001b3ff4024d49deb5d84a0eeaf7295d - - default default] Successfully bumped revision number for resource 68348163-fbba-456c-846c-1354d16e215c (type: networks) to 1
2026-07-08 06:26:22.983 8 INFO neutron.db.ovn_revision_numbers_db [None req-81662228-aa16-484d-843a-762c139a2b1d bcd909989c824792af03485c424fefda 11465ee54bd944bb83b71902732770e0 - - default default] Successfully bumped revision number for resource 6b7f3864-94ab-4933-9a14-35032c23dd1f (type: security_group_rules) to 0 [pid: 8|app: 0|req: 1151/2183] 10.0.0.175 () {34 vars in 694 bytes} [Wed Jul 8 06:26:22 2026] POST /v2.0/security-group-rules => generated 602 bytes in 145 msecs (HTTP/1.1 201) 4 headers in 162 bytes (1 switches on core 0)
2026-07-08 06:26:23.038 7 WARNING neutron.scheduler.dhcp_agent_scheduler [None req-c4e0626e-dfc2-4eca-9c58-8696739d75ed 46a59dc8a61d4cf1aa172ee0533f9f92 001b3ff4024d49deb5d84a0eeaf7295d - - default default] No more DHCP agents
2026-07-08 06:26:23.040 7 WARNING neutron.api.rpc.agentnotifiers.dhcp_rpc_agent_api [None req-c4e0626e-dfc2-4eca-9c58-8696739d75ed 46a59dc8a61d4cf1aa172ee0533f9f92 001b3ff4024d49deb5d84a0eeaf7295d - - default default] Unable to schedule network 68348163-fbba-456c-846c-1354d16e215c: no agents available; will retry on subsequent port and subnet creation events.
2026-07-08 06:26:23.106 8 INFO neutron.plugins.ml2.drivers.ovn.mech_driver.mech_driver [None req-b49a299a-4eda-4226-90e6-003328e8f834 - - - - - -] OVN reports status down for port: 23ccac44-62c0-4e3b-b16c-1b452233f10b
2026-07-08 06:26:23.122 7 INFO neutron.db.ovn_revision_numbers_db [None req-c4e0626e-dfc2-4eca-9c58-8696739d75ed 46a59dc8a61d4cf1aa172ee0533f9f92 001b3ff4024d49deb5d84a0eeaf7295d - - default default] Successfully bumped revision number for resource 23ccac44-62c0-4e3b-b16c-1b452233f10b (type: ports) to 1 [pid: 7|app: 0|req: 1033/2184] 10.0.0.175 () {34 vars in 669 bytes} [Wed Jul 8 06:26:22 2026] POST /v2.0/networks => generated 669 bytes in 513 msecs (HTTP/1.1 201) 4 headers in 162 bytes (1 switches on core 0) [pid: 8|app: 0|req: 1152/2185] 10.0.0.175 () {32 vars in 739 bytes} [Wed Jul 8 06:26:23 2026] DELETE /v2.0/security-groups/fa32d41f-c50e-4b6b-bd98-89603ba68599 => generated 0 bytes in 238 msecs (HTTP/1.1 204) 2 headers in 112 bytes (1 switches on core 0)
2026-07-08 06:26:23.297 7 INFO neutron.db.ovn_revision_numbers_db [None req-06d0881f-bb1e-4982-9344-44e7280106c2 bcd909989c824792af03485c424fefda 11465ee54bd944bb83b71902732770e0 - - default default] Successfully bumped revision number for resource 081c07c8-c945-49a6-b4f3-7f95943c3940 (type: security_group_rules) to 0 [pid: 7|app: 0|req: 1034/2186] 10.0.0.175 () {34 vars in 694 bytes} [Wed Jul 8 06:26:23 2026] POST /v2.0/security-group-rules => generated 601 bytes in 173 msecs (HTTP/1.1 201) 4 headers in 162 bytes (1 switches on core 0)
2026-07-08 06:26:23.360 7 INFO neutron.db.securitygroups_db [None req-1430ff5f-7e44-495c-ac50-0d63484a4484 bcd909989c824792af03485c424fefda 11465ee54bd944bb83b71902732770e0 - - default default] Project 11465ee54bd944bb83b71902732770e0 added a security group rule with legacy IPv6 ICMP protocol name icmp, ipv6-icmp should be used instead. It was automatically converted.
2026-07-08 06:26:23.433 7 INFO neutron.db.ovn_revision_numbers_db [None req-1430ff5f-7e44-495c-ac50-0d63484a4484 bcd909989c824792af03485c424fefda 11465ee54bd944bb83b71902732770e0 - - default default] Successfully bumped revision number for resource dc0f6f62-991f-4c32-98f8-8bfb466dc8c0 (type: security_group_rules) to 0 [pid: 7|app: 0|req: 1035/2187] 10.0.0.175 () {34 vars in 694 bytes} [Wed Jul 8 06:26:23 2026] POST /v2.0/security-group-rules => generated 607 bytes in 136 msecs (HTTP/1.1 201) 4 headers in 162 bytes (1 switches on core 0)
2026-07-08 06:26:23.467 7 WARNING neutron.db.securitygroups_db [None req-f4e80210-0cda-4e1d-8ac9-5bbd1321740a 7284e562e19a4841a271e3457a2e9ff3 6511e556384d473b8e6818b7dca3217c - - default default] project_id key not found in filters, using tenant_id instead. This support has been deprecated and will be removed in a future release.
2026-07-08 06:26:23.500 8 WARNING neutron.scheduler.dhcp_agent_scheduler [None req-0510d73e-40f4-4e18-b211-06d87fabe5e4 46a59dc8a61d4cf1aa172ee0533f9f92 001b3ff4024d49deb5d84a0eeaf7295d - - default default] No more DHCP agents
2026-07-08 06:26:23.501 8 WARNING neutron.api.rpc.agentnotifiers.dhcp_rpc_agent_api [None req-0510d73e-40f4-4e18-b211-06d87fabe5e4 46a59dc8a61d4cf1aa172ee0533f9f92 001b3ff4024d49deb5d84a0eeaf7295d - - default default] Unable to schedule network 68348163-fbba-456c-846c-1354d16e215c: no agents available; will retry on subsequent port and subnet creation events.
2026-07-08 06:26:23.579 8 INFO neutron.db.ovn_revision_numbers_db [None req-0510d73e-40f4-4e18-b211-06d87fabe5e4 46a59dc8a61d4cf1aa172ee0533f9f92 001b3ff4024d49deb5d84a0eeaf7295d - - default default] Successfully bumped revision number for resource c0e14d4f-6e11-4aae-a8b8-c359e8291fdc (type: ports) to 1 [pid: 8|app: 0|req: 1153/2188] 10.0.0.175 () {34 vars in 663 bytes} [Wed Jul 8 06:26:23 2026] POST /v2.0/ports => generated 743 bytes in 358 msecs (HTTP/1.1 201) 4 headers in 162 bytes (1 switches on core 0) /var/lib/openstack/lib/python3.12/site-packages/pycadf/identifier.py:70: UserWarning: Invalid uuid: neutron. To ensure interoperability, identifiers should be a valid uuid. warnings.warn(('Invalid uuid: %s. To ensure interoperability, '
2026-07-08 06:26:23.619 7 INFO neutron.db.ovn_revision_numbers_db [None req-f4e80210-0cda-4e1d-8ac9-5bbd1321740a 7284e562e19a4841a271e3457a2e9ff3 6511e556384d473b8e6818b7dca3217c - - default default] Successfully bumped revision number for resource 19fad515-4281-46e5-9a37-ce579792d67e (type: security_groups) to 1
2026-07-08 06:26:23.633 7 INFO neutron.db.ovn_revision_numbers_db [None req-f4e80210-0cda-4e1d-8ac9-5bbd1321740a 7284e562e19a4841a271e3457a2e9ff3 6511e556384d473b8e6818b7dca3217c - - default default] Successfully bumped revision number for resource 2f1b5157-8f78-47e8-9411-9dbcaa417803 (type: security_group_rules) to 0
2026-07-08 06:26:23.647 7 INFO neutron.db.ovn_revision_numbers_db [None req-f4e80210-0cda-4e1d-8ac9-5bbd1321740a 7284e562e19a4841a271e3457a2e9ff3 6511e556384d473b8e6818b7dca3217c - - default default] Successfully bumped revision number for resource 3d5dcc3e-3cba-4f35-8c99-729de981a0fd (type: security_group_rules) to 0
2026-07-08 06:26:23.655 8 INFO neutron.db.securitygroups_db [None req-bfdf013d-34e5-45cc-99c1-7092b016a8a0 bcd909989c824792af03485c424fefda 11465ee54bd944bb83b71902732770e0 - - default default] Project 11465ee54bd944bb83b71902732770e0 added a security group rule with legacy IPv6 ICMP protocol name icmp, ipv6-icmp should be used instead. It was automatically converted.
2026-07-08 06:26:23.659 7 INFO neutron.db.ovn_revision_numbers_db [None req-f4e80210-0cda-4e1d-8ac9-5bbd1321740a 7284e562e19a4841a271e3457a2e9ff3 6511e556384d473b8e6818b7dca3217c - - default default] Successfully bumped revision number for resource 983dce76-ab8c-4369-b738-e485bb30961c (type: security_group_rules) to 0
2026-07-08 06:26:23.673 7 INFO neutron.db.ovn_revision_numbers_db [None req-f4e80210-0cda-4e1d-8ac9-5bbd1321740a 7284e562e19a4841a271e3457a2e9ff3 6511e556384d473b8e6818b7dca3217c - - default default] Successfully bumped revision number for resource bdfb7849-cce1-4fcf-948d-298b8beab4e3 (type: security_group_rules) to 0 [pid: 7|app: 0|req: 1036/2189] 10.0.0.175 () {32 vars in 773 bytes} [Wed Jul 8 06:26:23 2026] GET /v2.0/security-groups?tenant_id=bdf20ec32b014b8e9afe0fd6bdece483&name=default => generated 2925 bytes in 247 msecs (HTTP/1.1 200) 4 headers in 158 bytes (1 switches on core 0)
2026-07-08 06:26:23.731 8 INFO neutron.db.ovn_revision_numbers_db [None req-bfdf013d-34e5-45cc-99c1-7092b016a8a0 bcd909989c824792af03485c424fefda 11465ee54bd944bb83b71902732770e0 - - default default] Successfully bumped revision number for resource 94daaca5-65f4-4637-bfe8-c97e4c16a75f (type: security_group_rules) to 0 [pid: 8|app: 0|req: 1154/2190] 10.0.0.175 () {34 vars in 694 bytes} [Wed Jul 8 06:26:23 2026] POST /v2.0/security-group-rules => generated 606 bytes in 147 msecs (HTTP/1.1 201) 4 headers in 162 bytes (1 switches on core 0) [pid: 7|app: 0|req: 1037/2191] 10.0.0.175 () {34 vars in 665 bytes} [Wed Jul 8 06:26:23 2026] POST /v2.0/trunks => generated 409 bytes in 186 msecs (HTTP/1.1 201) 4 headers in 162 bytes (1 switches on core 0) [pid: 8|app: 0|req: 1155/2192] 10.0.0.175 () {32 vars in 739 bytes} [Wed Jul 8 06:26:23 2026] DELETE /v2.0/security-groups/19fad515-4281-46e5-9a37-ce579792d67e => generated 0 bytes in 169 msecs (HTTP/1.1 204) 2 headers in 112 bytes (1 switches on core 0)
2026-07-08 06:26:23.986 7 INFO neutron.db.segments_db [None req-af979725-7c46-4342-8c03-d763db55ee25 46a59dc8a61d4cf1aa172ee0533f9f92 001b3ff4024d49deb5d84a0eeaf7295d - - default default] Added segment cd97eda9-bf99-4efc-a270-e1e252b5c475 of type geneve for network 98e60c20-a3f7-4508-8bcf-91ab95c7e137
2026-07-08 06:26:24.105 7 INFO neutron.db.ovn_revision_numbers_db [None req-af979725-7c46-4342-8c03-d763db55ee25 46a59dc8a61d4cf1aa172ee0533f9f92 001b3ff4024d49deb5d84a0eeaf7295d - - default default] Successfully bumped revision number for resource 98e60c20-a3f7-4508-8bcf-91ab95c7e137 (type: networks) to 1
2026-07-08 06:26:24.311 7 WARNING neutron.scheduler.dhcp_agent_scheduler [None req-af979725-7c46-4342-8c03-d763db55ee25 46a59dc8a61d4cf1aa172ee0533f9f92 001b3ff4024d49deb5d84a0eeaf7295d - - default default] No more DHCP agents
2026-07-08 06:26:24.312 7 WARNING neutron.api.rpc.agentnotifiers.dhcp_rpc_agent_api [None req-af979725-7c46-4342-8c03-d763db55ee25 46a59dc8a61d4cf1aa172ee0533f9f92 001b3ff4024d49deb5d84a0eeaf7295d - - default default] Unable to schedule network 98e60c20-a3f7-4508-8bcf-91ab95c7e137: no agents available; will retry on subsequent port and subnet creation events.
2026-07-08 06:26:24.407 7 INFO neutron.db.ovn_revision_numbers_db [None req-af979725-7c46-4342-8c03-d763db55ee25 46a59dc8a61d4cf1aa172ee0533f9f92 001b3ff4024d49deb5d84a0eeaf7295d - - default default] Successfully bumped revision number for resource c5e243a3-b243-4aa2-abd3-b068af7482bb (type: ports) to 1 [pid: 8|app: 0|req: 1156/2193] 10.0.0.175 () {32 vars in 648 bytes} [Wed Jul 8 06:26:24 2026] GET /v2.0/networks => generated 1374 bytes in 289 msecs (HTTP/1.1 200) 4 headers in 158 bytes (1 switches on core 0) [pid: 7|app: 0|req: 1038/2194] 10.0.0.175 () {34 vars in 669 bytes} [Wed Jul 8 06:26:23 2026] POST /v2.0/networks => generated 669 bytes in 530 msecs (HTTP/1.1 201) 4 headers in 162 bytes (1 switches on core 0)
2026-07-08 06:26:24.523 7 WARNING neutron.db.securitygroups_db [req-19e5afd7-f10f-4ae9-bf7a-3b81a04e63e7 req-d24bc4ab-cff1-4670-9a86-8de4e9ae3c5c bcd909989c824792af03485c424fefda 11465ee54bd944bb83b71902732770e0 - - default default] project_id key not found in filters, using tenant_id instead. This support has been deprecated and will be removed in a future release. [pid: 7|app: 0|req: 1039/2195] 10.0.0.141 () {34 vars in 1097 bytes} [Wed Jul 8 06:26:24 2026] GET /v2.0/security-groups?name=tempest-secgroup-smoke-868033442&fields=id&tenant_id=11465ee54bd944bb83b71902732770e0 => generated 69 bytes in 48 msecs (HTTP/1.1 200) 4 headers in 156 bytes (1 switches on core 0) [pid: 7|app: 0|req: 1040/2196] 10.0.0.141 () {34 vars in 981 bytes} [Wed Jul 8 06:26:24 2026] GET /v2.0/networks?id=c4396abe-7afc-45f9-b2c2-7b427c196685 => generated 699 bytes in 74 msecs (HTTP/1.1 200) 4 headers in 157 bytes (1 switches on core 0) [pid: 7|app: 0|req: 1041/2197] 10.0.0.141 () {34 vars in 964 bytes} [Wed Jul 8 06:26:24 2026] GET /v2.0/quotas/11465ee54bd944bb83b71902732770e0 => generated 312 bytes in 13 msecs (HTTP/1.1 200) 4 headers in 157 bytes (1 switches on core 0)
2026-07-08 06:26:24.707 8 WARNING neutron.scheduler.dhcp_agent_scheduler [None req-0cc2f1ae-5f08-44b1-bdbf-7887fb2631b7 46a59dc8a61d4cf1aa172ee0533f9f92 001b3ff4024d49deb5d84a0eeaf7295d - - default default] No more DHCP agents
2026-07-08 06:26:24.709 8 WARNING neutron.api.rpc.agentnotifiers.dhcp_rpc_agent_api [None req-0cc2f1ae-5f08-44b1-bdbf-7887fb2631b7 46a59dc8a61d4cf1aa172ee0533f9f92 001b3ff4024d49deb5d84a0eeaf7295d - - default default] Unable to schedule network 98e60c20-a3f7-4508-8bcf-91ab95c7e137: no agents available; will retry on subsequent port and subnet creation events.
2026-07-08 06:26:24.763 8 INFO neutron.plugins.ml2.drivers.ovn.mech_driver.mech_driver [None req-b49a299a-4eda-4226-90e6-003328e8f834 - - - - - -] OVN reports status down for port: 557d5d16-c526-451c-b4f1-d03c496a0cfb
2026-07-08 06:26:24.818 8 INFO neutron.db.ovn_revision_numbers_db [None req-0cc2f1ae-5f08-44b1-bdbf-7887fb2631b7 46a59dc8a61d4cf1aa172ee0533f9f92 001b3ff4024d49deb5d84a0eeaf7295d - - default default] Successfully bumped revision number for resource 557d5d16-c526-451c-b4f1-d03c496a0cfb (type: ports) to 1 [pid: 7|app: 0|req: 1042/2198] 10.0.0.141 () {34 vars in 1001 bytes} [Wed Jul 8 06:26:24 2026] GET /v2.0/ports?tenant_id=11465ee54bd944bb83b71902732770e0&fields=id => generated 103 bytes in 147 msecs (HTTP/1.1 200) 4 headers in 157 bytes (1 switches on core 0) [pid: 8|app: 0|req: 1157/2199] 10.0.0.175 () {34 vars in 663 bytes} [Wed Jul 8 06:26:24 2026] POST /v2.0/ports => generated 743 bytes in 421 msecs (HTTP/1.1 201) 4 headers in 162 bytes (1 switches on core 0) /var/lib/openstack/lib/python3.12/site-packages/pycadf/identifier.py:70: UserWarning: Invalid uuid: neutron. To ensure interoperability, identifiers should be a valid uuid. warnings.warn(('Invalid uuid: %s. To ensure interoperability, ' [pid: 7|app: 0|req: 1043/2200] 10.0.0.141 () {34 vars in 1007 bytes} [Wed Jul 8 06:26:24 2026] GET /v2.0/networks/c4396abe-7afc-45f9-b2c2-7b427c196685?fields=segments => generated 14 bytes in 45 msecs (HTTP/1.1 200) 4 headers in 156 bytes (1 switches on core 0) [pid: 7|app: 0|req: 1044/2201] 10.0.0.141 () {34 vars in 1107 bytes} [Wed Jul 8 06:26:24 2026] GET /v2.0/networks/c4396abe-7afc-45f9-b2c2-7b427c196685?fields=provider%3Aphysical_network&fields=provider%3Anetwork_type => generated 79 bytes in 41 msecs (HTTP/1.1 200) 4 headers in 156 bytes (1 switches on core 0) [pid: 8|app: 0|req: 1158/2202] 10.0.0.175 () {34 vars in 665 bytes} [Wed Jul 8 06:26:24 2026] POST /v2.0/trunks => generated 409 bytes in 191 msecs (HTTP/1.1 201) 4 headers in 162 bytes (1 switches on core 0) [pid: 8|app: 0|req: 1159/2203] 10.0.0.141 () {34 vars in 1069 bytes} [Wed Jul 8 06:26:25 2026] GET /v2.0/ports?fields=security_groups&fields=device_id&device_id=e7ccf936-75dc-471c-bffd-e9ded84e0a2f => generated 12 bytes in 26 msecs (HTTP/1.1 200) 4 headers in 156 bytes (1 switches on core 0)
2026-07-08 06:26:25.091 8 WARNING tagging [None req-74dc8284-0bb7-4420-8737-486dbe0d4dc1 46a59dc8a61d4cf1aa172ee0533f9f92 001b3ff4024d49deb5d84a0eeaf7295d - - default default] project_id key not found in request, using tenant_id instead. This support has been deprecated and will be removed in a future release. [pid: 8|app: 0|req: 1160/2204] 10.0.0.175 () {34 vars in 748 bytes} [Wed Jul 8 06:26:25 2026] PUT /v2.0/trunks/19840d9b-83f2-4b1c-8eee-d7c7891b98e6/tags => generated 17 bytes in 43 msecs (HTTP/1.1 200) 4 headers in 156 bytes (1 switches on core 0) [pid: 7|app: 0|req: 1045/2205] 10.0.0.58 () {28 vars in 577 bytes} [Wed Jul 8 06:26:24 2026] GET /v2.0/ports => generated 17536 bytes in 172 msecs (HTTP/1.1 200) 4 headers in 159 bytes (1 switches on core 0)
2026-07-08 06:26:25.146 8 WARNING tagging [None req-e2e78030-2b77-403b-990d-f3344437805d 46a59dc8a61d4cf1aa172ee0533f9f92 001b3ff4024d49deb5d84a0eeaf7295d - - default default] project_id key not found in request, using tenant_id instead. This support has been deprecated and will be removed in a future release. [pid: 7|app: 0|req: 1046/2206] 10.0.0.58 () {28 vars in 589 bytes} [Wed Jul 8 06:26:25 2026] GET /v2.0/floatingips => generated 19 bytes in 23 msecs (HTTP/1.1 200) 4 headers in 156 bytes (1 switches on core 0) [pid: 8|app: 0|req: 1161/2207] 10.0.0.175 () {34 vars in 748 bytes} [Wed Jul 8 06:26:25 2026] PUT /v2.0/trunks/24e49d55-b33a-4582-9ae5-33a4fd6b6ef2/tags => generated 25 bytes in 39 msecs (HTTP/1.1 200) 4 headers in 156 bytes (1 switches on core 0)
2026-07-08 06:26:25.194 8 WARNING tagging [None req-6bd8177d-dcd6-4b2b-a183-56ef0ed378ac 46a59dc8a61d4cf1aa172ee0533f9f92 001b3ff4024d49deb5d84a0eeaf7295d - - default default] project_id key not found in request, using tenant_id instead. This support has been deprecated and will be removed in a future release. [pid: 8|app: 0|req: 1162/2208] 10.0.0.175 () {34 vars in 748 bytes} [Wed Jul 8 06:26:25 2026] PUT /v2.0/trunks/b49b2d28-294b-4070-8cf4-506fdefe55b3/tags => generated 34 bytes in 34 msecs (HTTP/1.1 200) 4 headers in 156 bytes (1 switches on core 0)
