2026-07-09 17:59:40.831 10 INFO neutron.db.ovn_revision_numbers_db [None req-7ac502ab-334e-44f7-a171-a7465d154e3c 1ed86f8db5e74b91800e75cedb808be8 fa43a32a7de84e4eadf9c5ec0a428222 - - default default] Successfully bumped revision number for resource af859ac7-849c-4971-ab1f-e5c61ab58771 (type: networks) to 1
2026-07-09 17:59:40.893 9 INFO neutron.db.ovn_revision_numbers_db [None req-441a2031-e070-4613-ac82-3270f88ab06e 3d0a4e806cef49efac1dd0c018aaa51c df982a7d6cb34491a2a24edfc2ec3610 - - default default] Successfully bumped revision number for resource d9141e2f-0a1b-4bc9-806a-059878918fef (type: routers) to 2
2026-07-09 17:59:40.915 9 INFO neutron.api.wsgi [None req-441a2031-e070-4613-ac82-3270f88ab06e 3d0a4e806cef49efac1dd0c018aaa51c df982a7d6cb34491a2a24edfc2ec3610 - - default default] 10.0.0.51 "POST /v2.0/routers HTTP/1.1" status: 201 len: 1165 time: 1.4519050
2026-07-09 17:59:40.948 10 INFO neutron.api.wsgi [req-78942ca4-35e2-4ad4-88f1-71583dd592a2 req-f95310cc-dd5f-4835-9f01-4788537d6483 c909cb98a1d34eaaa1706e3415a7f204 696e4cf8f0e04c5fb56912def173bca8 - - default default] 10.0.0.153 "GET /v2.0/ports?device_id=684fb321-0bbe-4628-a5cc-779db541cccb HTTP/1.1" status: 200 len: 1170 time: 0.0540872
2026-07-09 17:59:40.991 10 INFO neutron.api.wsgi [req-78942ca4-35e2-4ad4-88f1-71583dd592a2 req-3db07ceb-5e8b-4f39-b2fb-6d65718fb1ec c909cb98a1d34eaaa1706e3415a7f204 696e4cf8f0e04c5fb56912def173bca8 - - default default] 10.0.0.153 "GET /v2.0/security-groups?id=d7da7add-fd61-4eb4-9402-776b21c68e89&fields=id&fields=name HTTP/1.1" status: 200 len: 313 time: 0.0376430
2026-07-09 17:59:41.034 10 WARNING neutron.scheduler.dhcp_agent_scheduler [None req-7ac502ab-334e-44f7-a171-a7465d154e3c 1ed86f8db5e74b91800e75cedb808be8 fa43a32a7de84e4eadf9c5ec0a428222 - - default default] No more DHCP agents
2026-07-09 17:59:41.035 10 WARNING neutron.api.rpc.agentnotifiers.dhcp_rpc_agent_api [None req-7ac502ab-334e-44f7-a171-a7465d154e3c 1ed86f8db5e74b91800e75cedb808be8 fa43a32a7de84e4eadf9c5ec0a428222 - - default default] Unable to schedule network af859ac7-849c-4971-ab1f-e5c61ab58771: no agents available; will retry on subsequent port and subnet creation events.
2026-07-09 17:59:41.114 10 INFO neutron.db.ovn_revision_numbers_db [None req-7ac502ab-334e-44f7-a171-a7465d154e3c 1ed86f8db5e74b91800e75cedb808be8 fa43a32a7de84e4eadf9c5ec0a428222 - - default default] Successfully bumped revision number for resource ef490159-fd65-47df-9a69-f5f8cf6868d0 (type: ports) to 1
2026-07-09 17:59:41.145 10 INFO neutron.api.wsgi [None req-7ac502ab-334e-44f7-a171-a7465d154e3c 1ed86f8db5e74b91800e75cedb808be8 fa43a32a7de84e4eadf9c5ec0a428222 - - default default] 10.0.0.51 "POST /v2.0/networks HTTP/1.1" status: 201 len: 831 time: 0.5251908
2026-07-09 17:59:41.154 10 WARNING neutron_lib.context [None req-efc0b02d-f8b0-442b-8a89-29b3aab674c2 1ed86f8db5e74b91800e75cedb808be8 fa43a32a7de84e4eadf9c5ec0a428222 - - default default] Method 'is_advsvc' is deprecated since 2023.2 release (neutron-lib 3.8.0) and will be removed once support for the old RBAC API policies will be removed from Neutron. Please use method 'is_service_role' instead.
2026-07-09 17:59:41.349 10 WARNING neutron.scheduler.dhcp_agent_scheduler [None req-efc0b02d-f8b0-442b-8a89-29b3aab674c2 1ed86f8db5e74b91800e75cedb808be8 fa43a32a7de84e4eadf9c5ec0a428222 - - default default] No more DHCP agents
2026-07-09 17:59:41.350 10 WARNING neutron.api.rpc.agentnotifiers.dhcp_rpc_agent_api [None req-efc0b02d-f8b0-442b-8a89-29b3aab674c2 1ed86f8db5e74b91800e75cedb808be8 fa43a32a7de84e4eadf9c5ec0a428222 - - default default] Unable to schedule network af859ac7-849c-4971-ab1f-e5c61ab58771: no agents available; will retry on subsequent port and subnet creation events.
2026-07-09 17:59:41.374 9 INFO neutron.db.ovn_revision_numbers_db [None req-d5db2e37-9eaa-402c-bbda-1f3af43ba0ac - - - - - -] Successfully bumped revision number for resource 0e7b75ed-967f-4a57-8266-f20bde5a038b (type: ports) to 1
2026-07-09 17:59:41.514 9 WARNING neutron.scheduler.dhcp_agent_scheduler [None req-e35a5e53-78d2-484f-a65e-82fa6195ef24 3d0a4e806cef49efac1dd0c018aaa51c df982a7d6cb34491a2a24edfc2ec3610 - - default default] No more DHCP agents
2026-07-09 17:59:41.518 9 WARNING neutron.api.rpc.agentnotifiers.dhcp_rpc_agent_api [None req-e35a5e53-78d2-484f-a65e-82fa6195ef24 3d0a4e806cef49efac1dd0c018aaa51c df982a7d6cb34491a2a24edfc2ec3610 - - default default] Unable to schedule network 8992eac5-1929-40b5-b583-5161fed5361d: no agents available; will retry on subsequent port and subnet creation events.
2026-07-09 17:59:41.729 9 INFO neutron.db.ovn_revision_numbers_db [None req-e35a5e53-78d2-484f-a65e-82fa6195ef24 3d0a4e806cef49efac1dd0c018aaa51c df982a7d6cb34491a2a24edfc2ec3610 - - default default] Successfully bumped revision number for resource 410de2d4-8705-4e67-bf1c-838021c9b9c4 (type: ports) to 1
2026-07-09 17:59:41.931 9 INFO neutron.db.ovn_revision_numbers_db [None req-d5db2e37-9eaa-402c-bbda-1f3af43ba0ac - - - - - -] Successfully bumped revision number for resource 0e7b75ed-967f-4a57-8266-f20bde5a038b (type: ports) to 4
2026-07-09 17:59:41.953 10 INFO neutron.db.ovn_revision_numbers_db [None req-b3741969-4806-458f-85e6-27ee2e40d10b - - - - - -] Successfully bumped revision number for resource ef490159-fd65-47df-9a69-f5f8cf6868d0 (type: ports) to 2
2026-07-09 17:59:41.990 10 INFO neutron.db.ovn_revision_numbers_db [None req-b3741969-4806-458f-85e6-27ee2e40d10b - - - - - -] Successfully bumped revision number for resource cbcd0b5b-eb43-4f0c-a21d-637b5497c55c (type: subnets) to 0
2026-07-09 17:59:42.007 10 INFO neutron.api.wsgi [None req-efc0b02d-f8b0-442b-8a89-29b3aab674c2 1ed86f8db5e74b91800e75cedb808be8 fa43a32a7de84e4eadf9c5ec0a428222 - - default default] 10.0.0.51 "POST /v2.0/subnets HTTP/1.1" status: 201 len: 828 time: 0.8573251
2026-07-09 17:59:42.018 10 WARNING neutron_lib.context [None req-d5571aa1-d493-4642-9363-e7c58dc540f1 1ed86f8db5e74b91800e75cedb808be8 fa43a32a7de84e4eadf9c5ec0a428222 - - default default] Method 'is_advsvc' is deprecated since 2023.2 release (neutron-lib 3.8.0) and will be removed once support for the old RBAC API policies will be removed from Neutron. Please use method 'is_service_role' instead.
2026-07-09 17:59:42.036 9 INFO neutron.api.wsgi [-] 10.0.0.235 "GET / HTTP/1.1" status: 200 len: 247 time: 0.0013280
2026-07-09 17:59:42.037 9 INFO neutron.api.wsgi [-] 10.0.0.235 "GET / HTTP/1.1" status: 200 len: 247 time: 0.0008888
2026-07-09 17:59:42.122 10 INFO neutron.api.wsgi [req-51a55e5f-a8b5-47df-ae12-b8f9383bab3f req-3158d47a-5ad7-4f18-83b5-f7ed5f1be8bf c909cb98a1d34eaaa1706e3415a7f204 696e4cf8f0e04c5fb56912def173bca8 - - default default] 10.0.0.153 "GET /v2.0/ports?device_id=684fb321-0bbe-4628-a5cc-779db541cccb HTTP/1.1" status: 200 len: 1170 time: 0.0424540
2026-07-09 17:59:42.150 10 INFO neutron.db.segments_db [None req-d5571aa1-d493-4642-9363-e7c58dc540f1 1ed86f8db5e74b91800e75cedb808be8 fa43a32a7de84e4eadf9c5ec0a428222 - - default default] Added segment 23e7572e-0fdf-41ba-ade3-24efff59aeae of type geneve for network dea40a29-eff3-4ae7-a6f4-ed56a0d88638
2026-07-09 17:59:42.183 10 INFO neutron.api.wsgi [req-51a55e5f-a8b5-47df-ae12-b8f9383bab3f req-c8c7f540-e880-4969-b05d-5a310a1be6c3 c909cb98a1d34eaaa1706e3415a7f204 696e4cf8f0e04c5fb56912def173bca8 - - default default] 10.0.0.153 "GET /v2.0/security-groups?id=d7da7add-fd61-4eb4-9402-776b21c68e89&fields=id&fields=name HTTP/1.1" status: 200 len: 313 time: 0.0564055
2026-07-09 17:59:42.293 10 INFO neutron.db.ovn_revision_numbers_db [None req-d5571aa1-d493-4642-9363-e7c58dc540f1 1ed86f8db5e74b91800e75cedb808be8 fa43a32a7de84e4eadf9c5ec0a428222 - - default default] Successfully bumped revision number for resource dea40a29-eff3-4ae7-a6f4-ed56a0d88638 (type: networks) to 1
2026-07-09 17:59:42.309 10 INFO neutron.notifiers.nova [-] Nova event matching ['req-fcc085d7-add6-4640-8670-822cef42eba5'] response: {'server_uuid': '684fb321-0bbe-4628-a5cc-779db541cccb', 'name': 'network-vif-plugged', 'status': 'completed', 'tag': '1fd1b17d-3882-4ca8-b862-cdb3b3c5745a', 'code': 200}
2026-07-09 17:59:42.343 9 INFO neutron.db.ovn_revision_numbers_db [None req-d5db2e37-9eaa-402c-bbda-1f3af43ba0ac - - - - - -] Successfully bumped revision number for resource 0e7b75ed-967f-4a57-8266-f20bde5a038b (type: ports) to 5
2026-07-09 17:59:42.503 10 WARNING neutron.scheduler.dhcp_agent_scheduler [None req-d5571aa1-d493-4642-9363-e7c58dc540f1 1ed86f8db5e74b91800e75cedb808be8 fa43a32a7de84e4eadf9c5ec0a428222 - - default default] No more DHCP agents
2026-07-09 17:59:42.505 10 WARNING neutron.api.rpc.agentnotifiers.dhcp_rpc_agent_api [None req-d5571aa1-d493-4642-9363-e7c58dc540f1 1ed86f8db5e74b91800e75cedb808be8 fa43a32a7de84e4eadf9c5ec0a428222 - - default default] Unable to schedule network dea40a29-eff3-4ae7-a6f4-ed56a0d88638: no agents available; will retry on subsequent port and subnet creation events.
2026-07-09 17:59:42.521 9 INFO neutron.db.ovn_revision_numbers_db [None req-e35a5e53-78d2-484f-a65e-82fa6195ef24 3d0a4e806cef49efac1dd0c018aaa51c df982a7d6cb34491a2a24edfc2ec3610 - - default default] Successfully bumped revision number for resource 410de2d4-8705-4e67-bf1c-838021c9b9c4 (type: ports) to 1
2026-07-09 17:59:42.571 10 INFO neutron.db.ovn_revision_numbers_db [None req-d5571aa1-d493-4642-9363-e7c58dc540f1 1ed86f8db5e74b91800e75cedb808be8 fa43a32a7de84e4eadf9c5ec0a428222 - - default default] Successfully bumped revision number for resource f60419bd-1aac-481a-b6b0-38c052bea9e4 (type: ports) to 1
2026-07-09 17:59:42.572 9 WARNING neutron.scheduler.dhcp_agent_scheduler [None req-e35a5e53-78d2-484f-a65e-82fa6195ef24 3d0a4e806cef49efac1dd0c018aaa51c df982a7d6cb34491a2a24edfc2ec3610 - - default default] No more DHCP agents
2026-07-09 17:59:42.573 9 WARNING neutron.api.rpc.agentnotifiers.dhcp_rpc_agent_api [None req-e35a5e53-78d2-484f-a65e-82fa6195ef24 3d0a4e806cef49efac1dd0c018aaa51c df982a7d6cb34491a2a24edfc2ec3610 - - default default] Unable to schedule network 8992eac5-1929-40b5-b583-5161fed5361d: no agents available; will retry on subsequent port and subnet creation events.
2026-07-09 17:59:42.593 10 INFO neutron.api.wsgi [None req-d5571aa1-d493-4642-9363-e7c58dc540f1 1ed86f8db5e74b91800e75cedb808be8 fa43a32a7de84e4eadf9c5ec0a428222 - - default default] 10.0.0.51 "POST /v2.0/networks HTTP/1.1" status: 201 len: 830 time: 0.5787032
2026-07-09 17:59:42.603 10 WARNING neutron_lib.context [None req-d3ae5450-094b-4509-907f-8a550565faf4 1ed86f8db5e74b91800e75cedb808be8 fa43a32a7de84e4eadf9c5ec0a428222 - - default default] Method 'is_advsvc' is deprecated since 2023.2 release (neutron-lib 3.8.0) and will be removed once support for the old RBAC API policies will be removed from Neutron. Please use method 'is_service_role' instead.
2026-07-09 17:59:42.756 10 WARNING neutron.scheduler.dhcp_agent_scheduler [None req-d3ae5450-094b-4509-907f-8a550565faf4 1ed86f8db5e74b91800e75cedb808be8 fa43a32a7de84e4eadf9c5ec0a428222 - - default default] No more DHCP agents
2026-07-09 17:59:42.757 10 WARNING neutron.api.rpc.agentnotifiers.dhcp_rpc_agent_api [None req-d3ae5450-094b-4509-907f-8a550565faf4 1ed86f8db5e74b91800e75cedb808be8 fa43a32a7de84e4eadf9c5ec0a428222 - - default default] Unable to schedule network dea40a29-eff3-4ae7-a6f4-ed56a0d88638: no agents available; will retry on subsequent port and subnet creation events.
2026-07-09 17:59:43.014 9 INFO neutron.db.ovn_revision_numbers_db [None req-cf0fe04a-ae69-45cb-ba9d-db9c13e3aa96 3d0a4e806cef49efac1dd0c018aaa51c df982a7d6cb34491a2a24edfc2ec3610 - - default default] Successfully bumped revision number for resource e0267741-5eaf-4d8d-9ad1-cedd69b53f38 (type: security_groups) to 1
2026-07-09 17:59:43.031 9 INFO neutron.db.ovn_revision_numbers_db [None req-cf0fe04a-ae69-45cb-ba9d-db9c13e3aa96 3d0a4e806cef49efac1dd0c018aaa51c df982a7d6cb34491a2a24edfc2ec3610 - - default default] Successfully bumped revision number for resource 5dbd6904-d4e7-497c-bc21-2e7990ac4f31 (type: security_group_rules) to 0
2026-07-09 17:59:43.055 9 INFO neutron.db.ovn_revision_numbers_db [None req-cf0fe04a-ae69-45cb-ba9d-db9c13e3aa96 3d0a4e806cef49efac1dd0c018aaa51c df982a7d6cb34491a2a24edfc2ec3610 - - default default] Successfully bumped revision number for resource 64bfa5be-f10f-4b8a-9b79-b598cad6459d (type: security_group_rules) to 0
2026-07-09 17:59:43.068 9 INFO neutron.db.ovn_revision_numbers_db [None req-cf0fe04a-ae69-45cb-ba9d-db9c13e3aa96 3d0a4e806cef49efac1dd0c018aaa51c df982a7d6cb34491a2a24edfc2ec3610 - - default default] Successfully bumped revision number for resource 691d3c4a-d0ca-4c18-9be9-912e380d6e7a (type: security_group_rules) to 0
2026-07-09 17:59:43.084 9 INFO neutron.db.ovn_revision_numbers_db [None req-cf0fe04a-ae69-45cb-ba9d-db9c13e3aa96 3d0a4e806cef49efac1dd0c018aaa51c df982a7d6cb34491a2a24edfc2ec3610 - - default default] Successfully bumped revision number for resource 7ffc8164-401f-4e5b-a140-1e32dc5b76f8 (type: security_group_rules) to 0
2026-07-09 17:59:43.118 9 INFO neutron.db.ovn_revision_numbers_db [None req-e35a5e53-78d2-484f-a65e-82fa6195ef24 3d0a4e806cef49efac1dd0c018aaa51c df982a7d6cb34491a2a24edfc2ec3610 - - default default] Successfully bumped revision number for resource 410de2d4-8705-4e67-bf1c-838021c9b9c4 (type: router_ports) to 1
2026-07-09 17:59:43.122 9 INFO neutron.api.wsgi [None req-e35a5e53-78d2-484f-a65e-82fa6195ef24 3d0a4e806cef49efac1dd0c018aaa51c df982a7d6cb34491a2a24edfc2ec3610 - - default default] 10.0.0.51 "PUT /v2.0/routers/d9141e2f-0a1b-4bc9-806a-059878918fef/add_router_interface HTTP/1.1" status: 200 len: 503 time: 2.2022350
2026-07-09 17:59:43.125 9 INFO neutron.api.wsgi [None req-cf0fe04a-ae69-45cb-ba9d-db9c13e3aa96 3d0a4e806cef49efac1dd0c018aaa51c df982a7d6cb34491a2a24edfc2ec3610 - - default default] 10.0.0.51 "GET /v2.0/security-groups?tenant_id=1b3d3c00df2f4d6eaba1a43c4b23718e&name=default HTTP/1.1" status: 200 len: 3120 time: 0.4454460
2026-07-09 17:59:43.217 10 INFO neutron.db.ovn_revision_numbers_db [None req-874d2188-5a9a-4f5b-8757-a9581bc75ec3 - - - - - -] Successfully bumped revision number for resource f60419bd-1aac-481a-b6b0-38c052bea9e4 (type: ports) to 2
2026-07-09 17:59:43.250 10 INFO neutron.db.ovn_revision_numbers_db [None req-874d2188-5a9a-4f5b-8757-a9581bc75ec3 - - - - - -] Successfully bumped revision number for resource 509fb901-8d72-4734-8851-2adf72b98f27 (type: subnets) to 0
2026-07-09 17:59:43.264 10 INFO neutron.api.wsgi [None req-d3ae5450-094b-4509-907f-8a550565faf4 1ed86f8db5e74b91800e75cedb808be8 fa43a32a7de84e4eadf9c5ec0a428222 - - default default] 10.0.0.51 "POST /v2.0/subnets HTTP/1.1" status: 201 len: 828 time: 0.6667256
2026-07-09 17:59:43.273 9 WARNING neutron_lib.context [None req-09e2b478-4bdc-4f6a-87bc-94564458dec5 1ed86f8db5e74b91800e75cedb808be8 fa43a32a7de84e4eadf9c5ec0a428222 - - default default] Method 'is_advsvc' is deprecated since 2023.2 release (neutron-lib 3.8.0) and will be removed once support for the old RBAC API policies will be removed from Neutron. Please use method 'is_service_role' instead.
2026-07-09 17:59:43.331 10 INFO neutron.plugins.ml2.drivers.ovn.mech_driver.mech_driver [None req-7dae7a72-453a-44eb-8ad8-5b5cf87c9b08 - - - - - -] OVN reports status up for port: 410de2d4-8705-4e67-bf1c-838021c9b9c4
2026-07-09 17:59:43.338 10 INFO neutron.api.wsgi [req-e27deb78-cb90-486e-951a-422e19f3c155 req-6af91afa-af2c-493b-a1d9-73eab803069c c909cb98a1d34eaaa1706e3415a7f204 696e4cf8f0e04c5fb56912def173bca8 - - default default] 10.0.0.153 "GET /v2.0/ports?device_id=684fb321-0bbe-4628-a5cc-779db541cccb HTTP/1.1" status: 200 len: 1170 time: 0.0739799
2026-07-09 17:59:43.340 10 INFO neutron.plugins.ml2.plugin [None req-7dae7a72-453a-44eb-8ad8-5b5cf87c9b08 - - - - - -] Attempt 1 to provision port 410de2d4-8705-4e67-bf1c-838021c9b9c4
2026-07-09 17:59:43.388 9 INFO neutron.db.segments_db [None req-09e2b478-4bdc-4f6a-87bc-94564458dec5 1ed86f8db5e74b91800e75cedb808be8 fa43a32a7de84e4eadf9c5ec0a428222 - - default default] Added segment e1f96580-5195-43ee-ab94-286a8d4fc97a of type geneve for network e1ac456f-9c8b-4fe8-904c-974c86216ff5
2026-07-09 17:59:43.393 10 INFO neutron.api.wsgi [req-e27deb78-cb90-486e-951a-422e19f3c155 req-0880ae4b-9466-4621-ae6d-158ef7429080 c909cb98a1d34eaaa1706e3415a7f204 696e4cf8f0e04c5fb56912def173bca8 - - default default] 10.0.0.153 "GET /v2.0/security-groups?id=d7da7add-fd61-4eb4-9402-776b21c68e89&fields=id&fields=name HTTP/1.1" status: 200 len: 313 time: 0.0472109
2026-07-09 17:59:43.412 9 INFO neutron.api.wsgi [None req-c7c6502c-25e9-4185-8c40-45a99abfa429 3d0a4e806cef49efac1dd0c018aaa51c df982a7d6cb34491a2a24edfc2ec3610 - - default default] 10.0.0.51 "DELETE /v2.0/security-groups/e0267741-5eaf-4d8d-9ad1-cedd69b53f38 HTTP/1.1" status: 204 len: 168 time: 0.2811835
2026-07-09 17:59:43.555 9 INFO neutron.api.wsgi [req-d9529c75-8da8-43f7-a0ce-c3d9c7df81f2 req-9af8db34-ba60-4992-92bc-6ddcfe065657 c909cb98a1d34eaaa1706e3415a7f204 696e4cf8f0e04c5fb56912def173bca8 - - default default] 10.0.0.153 "GET /v2.0/ports?device_id=684fb321-0bbe-4628-a5cc-779db541cccb HTTP/1.1" status: 200 len: 1170 time: 0.1020541
2026-07-09 17:59:43.570 9 INFO neutron.db.ovn_revision_numbers_db [None req-09e2b478-4bdc-4f6a-87bc-94564458dec5 1ed86f8db5e74b91800e75cedb808be8 fa43a32a7de84e4eadf9c5ec0a428222 - - default default] Successfully bumped revision number for resource e1ac456f-9c8b-4fe8-904c-974c86216ff5 (type: networks) to 1
2026-07-09 17:59:43.603 9 INFO neutron.api.wsgi [req-d9529c75-8da8-43f7-a0ce-c3d9c7df81f2 req-832d7737-4a00-48c9-ab98-e2f5fb6c5359 c909cb98a1d34eaaa1706e3415a7f204 696e4cf8f0e04c5fb56912def173bca8 - - default default] 10.0.0.153 "GET /v2.0/security-groups?id=d7da7add-fd61-4eb4-9402-776b21c68e89&fields=id&fields=name HTTP/1.1" status: 200 len: 313 time: 0.0440271
2026-07-09 17:59:43.670 10 INFO neutron.api.wsgi [None req-1129b3d9-e277-40ef-86a7-89aae8accec8 08a8288e663c42d0988371312c639bd5 f42633e888884ab5b240a322a3917e2e - - default default] 10.0.0.51 "GET /v2.0/ports?device_id=684fb321-0bbe-4628-a5cc-779db541cccb HTTP/1.1" status: 200 len: 1404 time: 0.0373325
2026-07-09 17:59:43.679 10 WARNING neutron_lib.context [None req-e708277b-7ea5-46c2-a8c7-fb35cf27dba4 c909cb98a1d34eaaa1706e3415a7f204 696e4cf8f0e04c5fb56912def173bca8 - - default default] Method 'is_advsvc' is deprecated since 2023.2 release (neutron-lib 3.8.0) and will be removed once support for the old RBAC API policies will be removed from Neutron. Please use method 'is_service_role' instead.
2026-07-09 17:59:43.732 9 WARNING neutron.scheduler.dhcp_agent_scheduler [None req-09e2b478-4bdc-4f6a-87bc-94564458dec5 1ed86f8db5e74b91800e75cedb808be8 fa43a32a7de84e4eadf9c5ec0a428222 - - default default] No more DHCP agents
2026-07-09 17:59:43.733 9 WARNING neutron.api.rpc.agentnotifiers.dhcp_rpc_agent_api [None req-09e2b478-4bdc-4f6a-87bc-94564458dec5 1ed86f8db5e74b91800e75cedb808be8 fa43a32a7de84e4eadf9c5ec0a428222 - - default default] Unable to schedule network e1ac456f-9c8b-4fe8-904c-974c86216ff5: no agents available; will retry on subsequent port and subnet creation events.
2026-07-09 17:59:43.793 9 INFO neutron.db.ovn_revision_numbers_db [None req-09e2b478-4bdc-4f6a-87bc-94564458dec5 1ed86f8db5e74b91800e75cedb808be8 fa43a32a7de84e4eadf9c5ec0a428222 - - default default] Successfully bumped revision number for resource 10e79839-6067-4037-921b-0a34d0a2de12 (type: ports) to 1
2026-07-09 17:59:43.804 10 INFO neutron.db.ovn_revision_numbers_db [None req-7dae7a72-453a-44eb-8ad8-5b5cf87c9b08 - - - - - -] Successfully bumped revision number for resource 410de2d4-8705-4e67-bf1c-838021c9b9c4 (type: ports) to 2
2026-07-09 17:59:43.814 9 INFO neutron.api.wsgi [None req-09e2b478-4bdc-4f6a-87bc-94564458dec5 1ed86f8db5e74b91800e75cedb808be8 fa43a32a7de84e4eadf9c5ec0a428222 - - default default] 10.0.0.51 "POST /v2.0/networks HTTP/1.1" status: 201 len: 829 time: 0.5458143
2026-07-09 17:59:43.822 9 WARNING neutron_lib.context [None req-38fdef74-3ad9-4146-9a05-599e860ab1c8 1ed86f8db5e74b91800e75cedb808be8 fa43a32a7de84e4eadf9c5ec0a428222 - - default default] Method 'is_advsvc' is deprecated since 2023.2 release (neutron-lib 3.8.0) and will be removed once support for the old RBAC API policies will be removed from Neutron. Please use method 'is_service_role' instead.
2026-07-09 17:59:43.946 10 WARNING neutron.scheduler.dhcp_agent_scheduler [None req-e708277b-7ea5-46c2-a8c7-fb35cf27dba4 c909cb98a1d34eaaa1706e3415a7f204 696e4cf8f0e04c5fb56912def173bca8 - - default default] No more DHCP agents
2026-07-09 17:59:43.948 10 WARNING neutron.api.rpc.agentnotifiers.dhcp_rpc_agent_api [None req-e708277b-7ea5-46c2-a8c7-fb35cf27dba4 c909cb98a1d34eaaa1706e3415a7f204 696e4cf8f0e04c5fb56912def173bca8 - - default default] Unable to schedule network ad974466-6262-4451-9616-770d1f91a679: no agents available; will retry on subsequent port and subnet creation events.
2026-07-09 17:59:43.985 9 WARNING neutron.scheduler.dhcp_agent_scheduler [None req-38fdef74-3ad9-4146-9a05-599e860ab1c8 1ed86f8db5e74b91800e75cedb808be8 fa43a32a7de84e4eadf9c5ec0a428222 - - default default] No more DHCP agents
2026-07-09 17:59:43.986 9 WARNING neutron.api.rpc.agentnotifiers.dhcp_rpc_agent_api [None req-38fdef74-3ad9-4146-9a05-599e860ab1c8 1ed86f8db5e74b91800e75cedb808be8 fa43a32a7de84e4eadf9c5ec0a428222 - - default default] Unable to schedule network e1ac456f-9c8b-4fe8-904c-974c86216ff5: no agents available; will retry on subsequent port and subnet creation events.
2026-07-09 17:59:44.389 9 INFO neutron.db.ovn_revision_numbers_db [None req-6c88738c-0986-4999-bd66-61e0edf4a206 - - - - - -] Successfully bumped revision number for resource 10e79839-6067-4037-921b-0a34d0a2de12 (type: ports) to 2
2026-07-09 17:59:44.412 9 INFO neutron.db.ovn_revision_numbers_db [None req-6c88738c-0986-4999-bd66-61e0edf4a206 - - - - - -] Successfully bumped revision number for resource c9bbc750-df91-4d25-9639-fc38de93ec0e (type: subnets) to 0
2026-07-09 17:59:44.439 9 INFO neutron.api.wsgi [None req-38fdef74-3ad9-4146-9a05-599e860ab1c8 1ed86f8db5e74b91800e75cedb808be8 fa43a32a7de84e4eadf9c5ec0a428222 - - default default] 10.0.0.51 "POST /v2.0/subnets HTTP/1.1" status: 201 len: 828 time: 0.6207354
2026-07-09 17:59:44.450 9 WARNING neutron_lib.context [None req-57a5faef-1bd8-4da4-bffc-f45db1e72fe3 1ed86f8db5e74b91800e75cedb808be8 fa43a32a7de84e4eadf9c5ec0a428222 - - default default] Method 'is_advsvc' is deprecated since 2023.2 release (neutron-lib 3.8.0) and will be removed once support for the old RBAC API policies will be removed from Neutron. Please use method 'is_service_role' instead.
2026-07-09 17:59:44.563 9 INFO neutron.db.segments_db [None req-57a5faef-1bd8-4da4-bffc-f45db1e72fe3 1ed86f8db5e74b91800e75cedb808be8 fa43a32a7de84e4eadf9c5ec0a428222 - - default default] Added segment 7fd52eb9-d31c-4a59-b476-f8ea236394b7 of type geneve for network bdadee03-acc5-464b-a73f-c6a06561f5fa
2026-07-09 17:59:44.569 10 INFO neutron.db.ovn_revision_numbers_db [None req-e708277b-7ea5-46c2-a8c7-fb35cf27dba4 c909cb98a1d34eaaa1706e3415a7f204 696e4cf8f0e04c5fb56912def173bca8 - - default default] Successfully bumped revision number for resource 90dccfa9-7a5a-46f1-8dd1-c327011c8d07 (type: floatingips) to -1
2026-07-09 17:59:44.665 10 INFO neutron.db.ovn_revision_numbers_db [None req-e708277b-7ea5-46c2-a8c7-fb35cf27dba4 c909cb98a1d34eaaa1706e3415a7f204 696e4cf8f0e04c5fb56912def173bca8 - - default default] Successfully bumped revision number for resource 90dccfa9-7a5a-46f1-8dd1-c327011c8d07 (type: floatingips) to 1
2026-07-09 17:59:44.665 9 INFO neutron.db.ovn_revision_numbers_db [None req-57a5faef-1bd8-4da4-bffc-f45db1e72fe3 1ed86f8db5e74b91800e75cedb808be8 fa43a32a7de84e4eadf9c5ec0a428222 - - default default] Successfully bumped revision number for resource bdadee03-acc5-464b-a73f-c6a06561f5fa (type: networks) to 1
2026-07-09 17:59:44.665 10 INFO neutron.db.l3_db [None req-e708277b-7ea5-46c2-a8c7-fb35cf27dba4 c909cb98a1d34eaaa1706e3415a7f204 696e4cf8f0e04c5fb56912def173bca8 - - default default] Floating IP 90dccfa9-7a5a-46f1-8dd1-c327011c8d07 associated. External IP: 10.96.250.212, port: 1fd1b17d-3882-4ca8-b862-cdb3b3c5745a.
2026-07-09 17:59:44.702 10 INFO neutron.api.wsgi [None req-e708277b-7ea5-46c2-a8c7-fb35cf27dba4 c909cb98a1d34eaaa1706e3415a7f204 696e4cf8f0e04c5fb56912def173bca8 - - default default] 10.0.0.51 "POST /v2.0/floatingips HTTP/1.1" status: 201 len: 1054 time: 1.0258150
2026-07-09 17:59:44.742 10 INFO neutron.notifiers.nova [-] Nova event matching ['req-0f32e336-d7ae-4ba0-90b5-fdfe9795750a'] response: {'name': 'network-changed', 'server_uuid': '684fb321-0bbe-4628-a5cc-779db541cccb', 'tag': '1fd1b17d-3882-4ca8-b862-cdb3b3c5745a', 'status': 'completed', 'code': 200}
2026-07-09 17:59:44.752 10 INFO neutron.api.wsgi [None req-c2858a8b-675c-43cb-90ec-cbb6ca64e30f c909cb98a1d34eaaa1706e3415a7f204 696e4cf8f0e04c5fb56912def173bca8 - - default default] 10.0.0.51 "GET /v2.0/floatingips/90dccfa9-7a5a-46f1-8dd1-c327011c8d07 HTTP/1.1" status: 200 len: 1051 time: 0.0409803
2026-07-09 17:59:44.823 9 WARNING neutron.scheduler.dhcp_agent_scheduler [None req-57a5faef-1bd8-4da4-bffc-f45db1e72fe3 1ed86f8db5e74b91800e75cedb808be8 fa43a32a7de84e4eadf9c5ec0a428222 - - default default] No more DHCP agents
2026-07-09 17:59:44.824 9 WARNING neutron.api.rpc.agentnotifiers.dhcp_rpc_agent_api [None req-57a5faef-1bd8-4da4-bffc-f45db1e72fe3 1ed86f8db5e74b91800e75cedb808be8 fa43a32a7de84e4eadf9c5ec0a428222 - - default default] Unable to schedule network bdadee03-acc5-464b-a73f-c6a06561f5fa: no agents available; will retry on subsequent port and subnet creation events.
2026-07-09 17:59:44.888 9 INFO neutron.db.ovn_revision_numbers_db [None req-57a5faef-1bd8-4da4-bffc-f45db1e72fe3 1ed86f8db5e74b91800e75cedb808be8 fa43a32a7de84e4eadf9c5ec0a428222 - - default default] Successfully bumped revision number for resource 4fc4a5f6-68ff-4f24-b98f-cddfa94a52a1 (type: ports) to 1
2026-07-09 17:59:44.911 9 INFO neutron.api.wsgi [None req-57a5faef-1bd8-4da4-bffc-f45db1e72fe3 1ed86f8db5e74b91800e75cedb808be8 fa43a32a7de84e4eadf9c5ec0a428222 - - default default] 10.0.0.51 "POST /v2.0/networks HTTP/1.1" status: 201 len: 831 time: 0.4667385 /var/lib/openstack/lib/python3.12/site-packages/pycadf/identifier.py:71: UserWarning: Invalid uuid: neutron. To ensure interoperability, identifiers should be a valid uuid. warnings.warn(('Invalid uuid: %s. To ensure interoperability, '
2026-07-09 17:59:44.922 9 WARNING neutron_lib.context [None req-f5e0e2ad-3d70-452c-84be-d1d965dab615 1ed86f8db5e74b91800e75cedb808be8 fa43a32a7de84e4eadf9c5ec0a428222 - - default default] Method 'is_advsvc' is deprecated since 2023.2 release (neutron-lib 3.8.0) and will be removed once support for the old RBAC API policies will be removed from Neutron. Please use method 'is_service_role' instead.
2026-07-09 17:59:45.103 9 WARNING neutron.scheduler.dhcp_agent_scheduler [None req-f5e0e2ad-3d70-452c-84be-d1d965dab615 1ed86f8db5e74b91800e75cedb808be8 fa43a32a7de84e4eadf9c5ec0a428222 - - default default] No more DHCP agents
2026-07-09 17:59:45.104 9 WARNING neutron.api.rpc.agentnotifiers.dhcp_rpc_agent_api [None req-f5e0e2ad-3d70-452c-84be-d1d965dab615 1ed86f8db5e74b91800e75cedb808be8 fa43a32a7de84e4eadf9c5ec0a428222 - - default default] Unable to schedule network bdadee03-acc5-464b-a73f-c6a06561f5fa: no agents available; will retry on subsequent port and subnet creation events.
2026-07-09 17:59:45.286 10 INFO neutron.api.wsgi [req-01e4cb9f-19b1-4fb6-a4f3-d01ca0e59f92 req-c42fc5f2-9971-4afd-9ee5-80bb31640aba 222cd1e9578443fdae09d6f4ffb0dd42 cd3cc71ffae94598b89e9d21d8b4c5b7 - - 98e1159022044bc0a3d9ba4ffbefa336 98e1159022044bc0a3d9ba4ffbefa336] 199.19.213.95 "GET /v2.0/ports?tenant_id=696e4cf8f0e04c5fb56912def173bca8&device_id=684fb321-0bbe-4628-a5cc-779db541cccb HTTP/1.1" status: 200 len: 1409 time: 0.0332515
2026-07-09 17:59:45.331 10 INFO neutron.api.wsgi [req-01e4cb9f-19b1-4fb6-a4f3-d01ca0e59f92 req-4ac53b67-a170-4269-9fe1-ffcc6be256a1 222cd1e9578443fdae09d6f4ffb0dd42 cd3cc71ffae94598b89e9d21d8b4c5b7 - - 98e1159022044bc0a3d9ba4ffbefa336 98e1159022044bc0a3d9ba4ffbefa336] 199.19.213.95 "GET /v2.0/networks?id=66d9e03a-954a-4e78-adc6-236bd4589bc8 HTTP/1.1" status: 200 len: 959 time: 0.0392375
2026-07-09 17:59:45.373 10 INFO neutron.api.wsgi [req-01e4cb9f-19b1-4fb6-a4f3-d01ca0e59f92 req-15f3297b-7245-48e2-89bc-5f562a17c7f3 222cd1e9578443fdae09d6f4ffb0dd42 cd3cc71ffae94598b89e9d21d8b4c5b7 - - 98e1159022044bc0a3d9ba4ffbefa336 98e1159022044bc0a3d9ba4ffbefa336] 199.19.213.95 "GET /v2.0/floatingips?fixed_ip_address=10.100.0.3&port_id=1fd1b17d-3882-4ca8-b862-cdb3b3c5745a HTTP/1.1" status: 200 len: 1059 time: 0.0362923
2026-07-09 17:59:45.405 10 INFO neutron.api.wsgi [req-01e4cb9f-19b1-4fb6-a4f3-d01ca0e59f92 req-b95b02dc-09f2-4532-9871-43186cc61657 222cd1e9578443fdae09d6f4ffb0dd42 cd3cc71ffae94598b89e9d21d8b4c5b7 - - 98e1159022044bc0a3d9ba4ffbefa336 98e1159022044bc0a3d9ba4ffbefa336] 199.19.213.95 "GET /v2.0/subnets?id=b0242c2a-4c9b-4d2b-8765-c923d720cfe9 HTTP/1.1" status: 200 len: 877 time: 0.0276847
2026-07-09 17:59:45.427 10 INFO neutron.api.wsgi [req-01e4cb9f-19b1-4fb6-a4f3-d01ca0e59f92 req-acbc9bc3-db2f-43cb-a9b1-90f416fb4096 222cd1e9578443fdae09d6f4ffb0dd42 cd3cc71ffae94598b89e9d21d8b4c5b7 - - 98e1159022044bc0a3d9ba4ffbefa336 98e1159022044bc0a3d9ba4ffbefa336] 199.19.213.95 "GET /v2.0/ports?network_id=66d9e03a-954a-4e78-adc6-236bd4589bc8&device_owner=network%3Adhcp HTTP/1.1" status: 200 len: 210 time: 0.0154033
2026-07-09 17:59:45.491 10 INFO neutron.api.wsgi [req-01e4cb9f-19b1-4fb6-a4f3-d01ca0e59f92 req-2e6a3fb3-b380-4897-b6fa-10561ba0692b 222cd1e9578443fdae09d6f4ffb0dd42 cd3cc71ffae94598b89e9d21d8b4c5b7 - - 98e1159022044bc0a3d9ba4ffbefa336 98e1159022044bc0a3d9ba4ffbefa336] 199.19.213.95 "GET /v2.0/networks/66d9e03a-954a-4e78-adc6-236bd4589bc8?fields=segments HTTP/1.1" status: 200 len: 212 time: 0.0588520
2026-07-09 17:59:45.552 10 INFO neutron.api.wsgi [req-01e4cb9f-19b1-4fb6-a4f3-d01ca0e59f92 req-796f953d-4365-4e48-8529-0d0a9ed499cd 222cd1e9578443fdae09d6f4ffb0dd42 cd3cc71ffae94598b89e9d21d8b4c5b7 - - 98e1159022044bc0a3d9ba4ffbefa336 98e1159022044bc0a3d9ba4ffbefa336] 199.19.213.95 "GET /v2.0/networks/66d9e03a-954a-4e78-adc6-236bd4589bc8?fields=provider%3Aphysical_network&fields=provider%3Anetwork_type HTTP/1.1" status: 200 len: 277 time: 0.0566006
2026-07-09 17:59:45.599 9 INFO neutron.api.wsgi [req-6fc00b45-77d9-48cf-94b3-98301271e07e req-92da14f8-89f7-4fe9-bff3-19deb7c3077f c58f5918d8984685b381a7101935e135 152be2389e024c9097603d087f0a3de1 - - default default] 10.0.0.153 "GET /v2.0/networks?id=8992eac5-1929-40b5-b583-5161fed5361d HTTP/1.1" status: 200 len: 872 time: 0.0614841
2026-07-09 17:59:45.600 9 INFO neutron.db.ovn_revision_numbers_db [None req-a92b6db9-bec6-4979-8158-126ab319cc22 - - - - - -] Successfully bumped revision number for resource 4fc4a5f6-68ff-4f24-b98f-cddfa94a52a1 (type: ports) to 2
2026-07-09 17:59:45.615 9 INFO neutron.api.wsgi [req-6fc00b45-77d9-48cf-94b3-98301271e07e req-e787c9b3-9284-4eaa-8743-e9b9b372be48 c58f5918d8984685b381a7101935e135 152be2389e024c9097603d087f0a3de1 - - default default] 10.0.0.153 "GET /v2.0/quotas/152be2389e024c9097603d087f0a3de1 HTTP/1.1" status: 200 len: 491 time: 0.0119696
2026-07-09 17:59:45.644 9 INFO neutron.db.ovn_revision_numbers_db [None req-a92b6db9-bec6-4979-8158-126ab319cc22 - - - - - -] Successfully bumped revision number for resource 93d0b522-2589-49b8-b39f-dfd844fc755f (type: subnets) to 0
2026-07-09 17:59:45.657 9 INFO neutron.api.wsgi [None req-f5e0e2ad-3d70-452c-84be-d1d965dab615 1ed86f8db5e74b91800e75cedb808be8 fa43a32a7de84e4eadf9c5ec0a428222 - - default default] 10.0.0.51 "POST /v2.0/subnets HTTP/1.1" status: 201 len: 828 time: 0.7399979
2026-07-09 17:59:45.711 9 INFO neutron.api.wsgi [req-6fc00b45-77d9-48cf-94b3-98301271e07e req-a361c3cb-36a9-432b-9921-f0d87f699e99 c58f5918d8984685b381a7101935e135 152be2389e024c9097603d087f0a3de1 - - default default] 10.0.0.153 "GET /v2.0/ports?tenant_id=152be2389e024c9097603d087f0a3de1&fields=id HTTP/1.1" status: 200 len: 302 time: 0.0857058
2026-07-09 17:59:45.713 9 INFO neutron.api.wsgi [None req-aae9481d-7ec8-4243-add5-9fead17fca33 1ed86f8db5e74b91800e75cedb808be8 fa43a32a7de84e4eadf9c5ec0a428222 - - default default] 10.0.0.51 "PUT /v2.0/subnets/d19a5dea-54bb-4fda-9c4a-4d999a6dc68f/tags HTTP/1.1" status: 200 len: 210 time: 0.0505962
2026-07-09 17:59:45.768 9 INFO neutron.api.wsgi [None req-64a2673c-2c43-4fd6-8652-d425bc942615 1ed86f8db5e74b91800e75cedb808be8 fa43a32a7de84e4eadf9c5ec0a428222 - - default default] 10.0.0.51 "PUT /v2.0/subnets/cbcd0b5b-eb43-4f0c-a21d-637b5497c55c/tags HTTP/1.1" status: 200 len: 218 time: 0.0479584
2026-07-09 17:59:45.780 9 INFO neutron.api.wsgi [req-6fc00b45-77d9-48cf-94b3-98301271e07e req-f17ad687-eeef-4d93-9597-ddd415f6b4ce 222cd1e9578443fdae09d6f4ffb0dd42 cd3cc71ffae94598b89e9d21d8b4c5b7 - - 98e1159022044bc0a3d9ba4ffbefa336 98e1159022044bc0a3d9ba4ffbefa336] 10.0.0.153 "GET /v2.0/networks/8992eac5-1929-40b5-b583-5161fed5361d?fields=segments HTTP/1.1" status: 200 len: 212 time: 0.0589125
2026-07-09 17:59:45.820 10 INFO neutron.api.wsgi [None req-22322388-d5bb-44d6-9afc-cbf0e9d5e6a2 1ed86f8db5e74b91800e75cedb808be8 fa43a32a7de84e4eadf9c5ec0a428222 - - default default] 10.0.0.51 "PUT /v2.0/subnets/509fb901-8d72-4734-8851-2adf72b98f27/tags HTTP/1.1" status: 200 len: 227 time: 0.0479341
2026-07-09 17:59:45.828 9 INFO neutron.api.wsgi [req-6fc00b45-77d9-48cf-94b3-98301271e07e req-9b94eea6-e206-4b51-98ce-6592d0a526dc 222cd1e9578443fdae09d6f4ffb0dd42 cd3cc71ffae94598b89e9d21d8b4c5b7 - - 98e1159022044bc0a3d9ba4ffbefa336 98e1159022044bc0a3d9ba4ffbefa336] 10.0.0.153 "GET /v2.0/networks/8992eac5-1929-40b5-b583-5161fed5361d?fields=provider%3Aphysical_network&fields=provider%3Anetwork_type HTTP/1.1" status: 200 len: 277 time: 0.0414488
2026-07-09 17:59:45.871 10 INFO neutron.api.wsgi [None req-f134d71d-5004-418a-8fa6-5fe2f3ef2ee9 1ed86f8db5e74b91800e75cedb808be8 fa43a32a7de84e4eadf9c5ec0a428222 - - default default] 10.0.0.51 "PUT /v2.0/subnets/c9bbc750-df91-4d25-9639-fc38de93ec0e/tags HTTP/1.1" status: 200 len: 212 time: 0.0451412
2026-07-09 17:59:45.913 9 INFO neutron.api.wsgi [None req-73deb269-7137-4985-98f6-d13a79e0261a 1ed86f8db5e74b91800e75cedb808be8 fa43a32a7de84e4eadf9c5ec0a428222 - - default default] 10.0.0.51 "GET /v2.0/subnets?tags=red HTTP/1.1" status: 200 len: 2099 time: 0.0370879
2026-07-09 17:59:45.955 9 INFO neutron.api.wsgi [None req-46fc21de-d376-494b-b0f5-94217fcb7bf8 1ed86f8db5e74b91800e75cedb808be8 fa43a32a7de84e4eadf9c5ec0a428222 - - default default] 10.0.0.51 "GET /v2.0/subnets?tags=red%2Cblue HTTP/1.1" status: 200 len: 1478 time: 0.0358665
2026-07-09 17:59:45.959 10 INFO neutron.api.wsgi [req-d3266d58-9032-4f39-a3a2-35d27d73489a req-1158a770-4e2c-458b-a012-c93283c7c244 c58f5918d8984685b381a7101935e135 152be2389e024c9097603d087f0a3de1 - - default default] 10.0.0.153 "GET /v2.0/ports?device_id=f7d12cce-4635-46d8-b2f8-a0fb257c81f8 HTTP/1.1" status: 200 len: 210 time: 0.0158710
2026-07-09 17:59:45.996 10 INFO neutron.api.wsgi [None req-2d282175-5852-4feb-a544-6951c0113349 1ed86f8db5e74b91800e75cedb808be8 fa43a32a7de84e4eadf9c5ec0a428222 - - default default] 10.0.0.51 "GET /v2.0/subnets?tags-any=blue HTTP/1.1" status: 200 len: 1478 time: 0.0353332
2026-07-09 17:59:46.029 10 INFO neutron.api.wsgi [None req-c739ce99-0f9f-4904-8044-95e3d64091c3 1ed86f8db5e74b91800e75cedb808be8 fa43a32a7de84e4eadf9c5ec0a428222 - - default default] 10.0.0.51 "GET /v2.0/subnets?tags-any=red%2Cblue HTTP/1.1" status: 200 len: 2099 time: 0.0286405
2026-07-09 17:59:46.072 10 INFO neutron.api.wsgi [None req-efd68381-ab51-4f06-9761-f6d37ff5a661 1ed86f8db5e74b91800e75cedb808be8 fa43a32a7de84e4eadf9c5ec0a428222 - - default default] 10.0.0.51 "GET /v2.0/subnets?not-tags=red HTTP/1.1" status: 200 len: 2089 time: 0.0363073
2026-07-09 17:59:46.112 10 INFO neutron.api.wsgi [None req-42154781-0da5-4546-9b6c-78d81c9b1a91 1ed86f8db5e74b91800e75cedb808be8 fa43a32a7de84e4eadf9c5ec0a428222 - - default default] 10.0.0.51 "GET /v2.0/subnets?not-tags=red%2Cblue HTTP/1.1" status: 200 len: 2710 time: 0.0363591
2026-07-09 17:59:46.159 10 INFO neutron.api.wsgi [None req-6dd9de1f-7907-4be4-99ee-2d1f7379d689 1ed86f8db5e74b91800e75cedb808be8 fa43a32a7de84e4eadf9c5ec0a428222 - - default default] 10.0.0.51 "GET /v2.0/subnets?not-tags-any=blue HTTP/1.1" status: 200 len: 2710 time: 0.0428772
2026-07-09 17:59:46.195 10 INFO neutron.api.wsgi [None req-0c6eda84-5c3a-4250-b9cb-4efcca6168be 1ed86f8db5e74b91800e75cedb808be8 fa43a32a7de84e4eadf9c5ec0a428222 - - default default] 10.0.0.51 "GET /v2.0/subnets?not-tags-any=red%2Cblue HTTP/1.1" status: 200 len: 2089 time: 0.0307195
2026-07-09 17:59:46.342 10 INFO neutron.api.wsgi [None req-16c1b84e-4944-4313-9820-587b3beca9d6 1ed86f8db5e74b91800e75cedb808be8 fa43a32a7de84e4eadf9c5ec0a428222 - - default default] 10.0.0.51 "DELETE /v2.0/subnets/d19a5dea-54bb-4fda-9c4a-4d999a6dc68f HTTP/1.1" status: 204 len: 168 time: 0.1414199
2026-07-09 17:59:46.515 10 INFO neutron.api.wsgi [None req-33a60c7f-db82-49c4-ae25-13de3377ecfd 1ed86f8db5e74b91800e75cedb808be8 fa43a32a7de84e4eadf9c5ec0a428222 - - default default] 10.0.0.51 "DELETE /v2.0/subnets/cbcd0b5b-eb43-4f0c-a21d-637b5497c55c HTTP/1.1" status: 204 len: 168 time: 0.1674750
2026-07-09 17:59:46.672 10 INFO neutron.api.wsgi [None req-769449b9-c6a6-4363-a355-d510278dbac6 1ed86f8db5e74b91800e75cedb808be8 fa43a32a7de84e4eadf9c5ec0a428222 - - default default] 10.0.0.51 "DELETE /v2.0/subnets/509fb901-8d72-4734-8851-2adf72b98f27 HTTP/1.1" status: 204 len: 168 time: 0.1527207
2026-07-09 17:59:46.838 10 INFO neutron.api.wsgi [None req-d6fbeecd-2f47-4c90-aeee-ac0e593d3cd2 1ed86f8db5e74b91800e75cedb808be8 fa43a32a7de84e4eadf9c5ec0a428222 - - default default] 10.0.0.51 "DELETE /v2.0/subnets/c9bbc750-df91-4d25-9639-fc38de93ec0e HTTP/1.1" status: 204 len: 168 time: 0.1598074
2026-07-09 17:59:47.000 10 INFO neutron.api.wsgi [None req-45734911-2ef9-4381-abe5-a42c70c00ad2 1ed86f8db5e74b91800e75cedb808be8 fa43a32a7de84e4eadf9c5ec0a428222 - - default default] 10.0.0.51 "DELETE /v2.0/subnets/93d0b522-2589-49b8-b39f-dfd844fc755f HTTP/1.1" status: 204 len: 168 time: 0.1570454
2026-07-09 17:59:47.294 9 INFO neutron.api.wsgi [req-952e23f4-88e2-4851-853f-9bb132b530fd req-33c92a9f-c322-4ce9-836a-c8068c4df7c7 c58f5918d8984685b381a7101935e135 152be2389e024c9097603d087f0a3de1 - - default default] 10.0.0.153 "GET /v2.0/ports?device_id=f7d12cce-4635-46d8-b2f8-a0fb257c81f8 HTTP/1.1" status: 200 len: 210 time: 0.2697651
2026-07-09 17:59:47.312 10 INFO neutron.services.segments.plugin [-] Segment 40901451-98cc-4827-93b1-714335265d5b resource provider aggregate not found
2026-07-09 17:59:47.317 10 INFO neutron.services.segments.plugin [-] Segment 40901451-98cc-4827-93b1-714335265d5b resource provider aggregate not found
2026-07-09 17:59:47.330 10 INFO neutron.services.segments.plugin [-] Segment 40901451-98cc-4827-93b1-714335265d5b resource provider not found; error: Placement Client Error (4xx): {"errors": [{"status": 404, "title": "Not Found", "detail": "The resource could not be found.\n\n No resource provider with uuid 40901451-98cc-4827-93b1-714335265d5b found for delete ", "request_id": "req-3e416b0e-3896-4775-a86b-9b388715c427"}]}
2026-07-09 17:59:47.331 10 INFO neutron.services.segments.plugin [-] Segment 40901451-98cc-4827-93b1-714335265d5b resource provider not found; error: Placement Client Error (4xx): {"errors": [{"status": 404, "title": "Not Found", "detail": "The resource could not be found.\n\n No resource provider with uuid 40901451-98cc-4827-93b1-714335265d5b found for delete ", "request_id": "req-ab04ba47-b384-4e82-9046-e4bf59fdf015"}]}
2026-07-09 17:59:47.346 10 INFO neutron.api.wsgi [None req-90fe6d83-aa47-40bf-a005-6abf19aa79b8 1ed86f8db5e74b91800e75cedb808be8 fa43a32a7de84e4eadf9c5ec0a428222 - - default default] 10.0.0.51 "DELETE /v2.0/networks/4dc237c6-7383-4489-9a05-0b247c3ea3cf HTTP/1.1" status: 204 len: 168 time: 0.3428724
2026-07-09 17:59:47.653 9 INFO neutron.services.segments.plugin [-] Segment b6934ae6-2822-489b-b648-44c8f5683438 resource provider aggregate not found
2026-07-09 17:59:47.659 9 INFO neutron.services.segments.plugin [-] Segment b6934ae6-2822-489b-b648-44c8f5683438 resource provider aggregate not found
2026-07-09 17:59:47.667 9 INFO neutron.services.segments.plugin [-] Segment b6934ae6-2822-489b-b648-44c8f5683438 resource provider not found; error: Placement Client Error (4xx): {"errors": [{"status": 404, "title": "Not Found", "detail": "The resource could not be found.\n\n No resource provider with uuid b6934ae6-2822-489b-b648-44c8f5683438 found for delete ", "request_id": "req-0b09ff72-ce21-40df-9ee6-b46f029439ea"}]}
2026-07-09 17:59:47.674 9 INFO neutron.services.segments.plugin [-] Segment b6934ae6-2822-489b-b648-44c8f5683438 resource provider not found; error: Placement Client Error (4xx): {"errors": [{"status": 404, "title": "Not Found", "detail": "The resource could not be found.\n\n No resource provider with uuid b6934ae6-2822-489b-b648-44c8f5683438 found for delete ", "request_id": "req-82b9c892-4ef7-4841-8958-e36bb1626896"}]}
2026-07-09 17:59:47.683 9 INFO neutron.api.wsgi [None req-98859eb6-82ea-4ac0-ad28-01de7dff38fc 1ed86f8db5e74b91800e75cedb808be8 fa43a32a7de84e4eadf9c5ec0a428222 - - default default] 10.0.0.51 "DELETE /v2.0/networks/af859ac7-849c-4971-ab1f-e5c61ab58771 HTTP/1.1" status: 204 len: 168 time: 0.3310144
2026-07-09 17:59:47.844 10 INFO neutron.db.ovn_revision_numbers_db [None req-b0acd15b-fe6b-452d-a4db-bb217806aa44 3d0a4e806cef49efac1dd0c018aaa51c df982a7d6cb34491a2a24edfc2ec3610 - - default default] Successfully bumped revision number for resource 9a20a585-fcbd-4d91-ab06-46a0b546ee0c (type: security_groups) to 1
2026-07-09 17:59:47.858 10 INFO neutron.db.ovn_revision_numbers_db [None req-b0acd15b-fe6b-452d-a4db-bb217806aa44 3d0a4e806cef49efac1dd0c018aaa51c df982a7d6cb34491a2a24edfc2ec3610 - - default default] Successfully bumped revision number for resource 07c8263a-1ff7-4808-b30f-ab99a933fbdb (type: security_group_rules) to 0
2026-07-09 17:59:47.871 10 INFO neutron.db.ovn_revision_numbers_db [None req-b0acd15b-fe6b-452d-a4db-bb217806aa44 3d0a4e806cef49efac1dd0c018aaa51c df982a7d6cb34491a2a24edfc2ec3610 - - default default] Successfully bumped revision number for resource 47012941-4eb8-4499-a3ce-1086c0b336de (type: security_group_rules) to 0
2026-07-09 17:59:47.884 10 INFO neutron.db.ovn_revision_numbers_db [None req-b0acd15b-fe6b-452d-a4db-bb217806aa44 3d0a4e806cef49efac1dd0c018aaa51c df982a7d6cb34491a2a24edfc2ec3610 - - default default] Successfully bumped revision number for resource a05de1f0-8f7e-43ac-a434-3bf4868932a3 (type: security_group_rules) to 0
2026-07-09 17:59:47.899 10 INFO neutron.db.ovn_revision_numbers_db [None req-b0acd15b-fe6b-452d-a4db-bb217806aa44 3d0a4e806cef49efac1dd0c018aaa51c df982a7d6cb34491a2a24edfc2ec3610 - - default default] Successfully bumped revision number for resource a61821bb-f8dc-485c-8136-9ba4305fcd22 (type: security_group_rules) to 0
2026-07-09 17:59:47.931 10 INFO neutron.api.wsgi [None req-b0acd15b-fe6b-452d-a4db-bb217806aa44 3d0a4e806cef49efac1dd0c018aaa51c df982a7d6cb34491a2a24edfc2ec3610 - - default default] 10.0.0.51 "GET /v2.0/security-groups?tenant_id=c642684f597e45178c88bbe49f5b6556&name=default HTTP/1.1" status: 200 len: 3120 time: 0.3497036
2026-07-09 17:59:47.973 9 INFO neutron.api.wsgi [None req-57b9d49c-d553-4318-820a-7ef6bb37fa3e 1ed86f8db5e74b91800e75cedb808be8 fa43a32a7de84e4eadf9c5ec0a428222 - - default default] 10.0.0.51 "DELETE /v2.0/networks/dea40a29-eff3-4ae7-a6f4-ed56a0d88638 HTTP/1.1" status: 204 len: 168 time: 0.2845740
2026-07-09 17:59:48.155 10 INFO neutron.api.wsgi [None req-c524bc9a-fd1b-453b-931e-5d9765980547 3d0a4e806cef49efac1dd0c018aaa51c df982a7d6cb34491a2a24edfc2ec3610 - - default default] 10.0.0.51 "DELETE /v2.0/security-groups/9a20a585-fcbd-4d91-ab06-46a0b546ee0c HTTP/1.1" status: 204 len: 168 time: 0.2180228
2026-07-09 17:59:48.283 10 INFO neutron.api.wsgi [None req-f92bd219-fd65-45d9-8c34-982da9554b2f 1ed86f8db5e74b91800e75cedb808be8 fa43a32a7de84e4eadf9c5ec0a428222 - - default default] 10.0.0.51 "DELETE /v2.0/networks/e1ac456f-9c8b-4fe8-904c-974c86216ff5 HTTP/1.1" status: 204 len: 168 time: 0.3056922
2026-07-09 17:59:48.347 9 INFO neutron.db.ovn_revision_numbers_db [None req-e38d8f85-cdf2-4c8a-ad2a-902b0e7c5cdb 3d0a4e806cef49efac1dd0c018aaa51c df982a7d6cb34491a2a24edfc2ec3610 - - default default] Successfully bumped revision number for resource 5d80c59e-6dc7-48a8-be92-c774f134b11a (type: security_groups) to 1
2026-07-09 17:59:48.376 9 INFO neutron.db.ovn_revision_numbers_db [None req-e38d8f85-cdf2-4c8a-ad2a-902b0e7c5cdb 3d0a4e806cef49efac1dd0c018aaa51c df982a7d6cb34491a2a24edfc2ec3610 - - default default] Successfully bumped revision number for resource 5ffd4f98-2086-43a8-9ce3-1d1f03e0a2ee (type: security_group_rules) to 0
2026-07-09 17:59:48.377 10 INFO neutron.api.wsgi [req-3a9b8d1f-376d-4482-84c6-1705ecd8f3f9 req-e7da754a-dc46-40d8-a514-bbd9feb1a5bd c58f5918d8984685b381a7101935e135 152be2389e024c9097603d087f0a3de1 - - default default] 10.0.0.153 "GET /v2.0/ports?device_id=f7d12cce-4635-46d8-b2f8-a0fb257c81f8 HTTP/1.1" status: 200 len: 210 time: 0.0205877
2026-07-09 17:59:48.390 9 INFO neutron.db.ovn_revision_numbers_db [None req-e38d8f85-cdf2-4c8a-ad2a-902b0e7c5cdb 3d0a4e806cef49efac1dd0c018aaa51c df982a7d6cb34491a2a24edfc2ec3610 - - default default] Successfully bumped revision number for resource 6b0670df-cc3b-4bf6-9cb7-b0381b354ee6 (type: security_group_rules) to 0
2026-07-09 17:59:48.402 9 INFO neutron.db.ovn_revision_numbers_db [None req-e38d8f85-cdf2-4c8a-ad2a-902b0e7c5cdb 3d0a4e806cef49efac1dd0c018aaa51c df982a7d6cb34491a2a24edfc2ec3610 - - default default] Successfully bumped revision number for resource aeecaef8-bb3b-4591-ae96-5733b03da4a7 (type: security_group_rules) to 0
2026-07-09 17:59:48.414 9 INFO neutron.db.ovn_revision_numbers_db [None req-e38d8f85-cdf2-4c8a-ad2a-902b0e7c5cdb 3d0a4e806cef49efac1dd0c018aaa51c df982a7d6cb34491a2a24edfc2ec3610 - - default default] Successfully bumped revision number for resource ca75885b-689d-408b-8159-9b978d357b62 (type: security_group_rules) to 0
2026-07-09 17:59:48.463 9 INFO neutron.api.wsgi [None req-e38d8f85-cdf2-4c8a-ad2a-902b0e7c5cdb 3d0a4e806cef49efac1dd0c018aaa51c df982a7d6cb34491a2a24edfc2ec3610 - - default default] 10.0.0.51 "GET /v2.0/security-groups?tenant_id=1282c5e69c2c4942988583db8fb14e44&name=default HTTP/1.1" status: 200 len: 3120 time: 0.2315366
2026-07-09 17:59:48.605 10 INFO neutron.api.wsgi [None req-9395915f-7e9e-4f99-9d3e-cadbe21021b3 1ed86f8db5e74b91800e75cedb808be8 fa43a32a7de84e4eadf9c5ec0a428222 - - default default] 10.0.0.51 "DELETE /v2.0/networks/bdadee03-acc5-464b-a73f-c6a06561f5fa HTTP/1.1" status: 204 len: 168 time: 0.3162959
2026-07-09 17:59:48.687 9 INFO neutron.api.wsgi [None req-68d0611f-8720-4821-a7ab-d5d30066bd3c 3d0a4e806cef49efac1dd0c018aaa51c df982a7d6cb34491a2a24edfc2ec3610 - - default default] 10.0.0.51 "DELETE /v2.0/security-groups/5d80c59e-6dc7-48a8-be92-c774f134b11a HTTP/1.1" status: 204 len: 168 time: 0.2188327
2026-07-09 17:59:49.351 10 INFO neutron.services.segments.plugin [-] Segment e1f96580-5195-43ee-ab94-286a8d4fc97a resource provider aggregate not found
2026-07-09 17:59:49.356 10 INFO neutron.services.segments.plugin [-] Segment e1f96580-5195-43ee-ab94-286a8d4fc97a resource provider aggregate not found
2026-07-09 17:59:49.363 10 INFO neutron.services.segments.plugin [-] Segment e1f96580-5195-43ee-ab94-286a8d4fc97a resource provider not found; error: Placement Client Error (4xx): {"errors": [{"status": 404, "title": "Not Found", "detail": "The resource could not be found.\n\n No resource provider with uuid e1f96580-5195-43ee-ab94-286a8d4fc97a found for delete ", "request_id": "req-e17f5983-32df-43a1-91cb-3ef04bd3117f"}]}
2026-07-09 17:59:49.373 10 INFO neutron.services.segments.plugin [-] Segment 7fd52eb9-d31c-4a59-b476-f8ea236394b7 resource provider aggregate not found
2026-07-09 17:59:49.377 10 INFO neutron.services.segments.plugin [-] Segment e1f96580-5195-43ee-ab94-286a8d4fc97a resource provider not found; error: Placement Client Error (4xx): {"errors": [{"status": 404, "title": "Not Found", "detail": "The resource could not be found.\n\n No resource provider with uuid e1f96580-5195-43ee-ab94-286a8d4fc97a found for delete ", "request_id": "req-2de73e18-a758-48df-8694-1e0168de01d6"}]}
2026-07-09 17:59:49.393 10 INFO neutron.services.segments.plugin [-] Segment 7fd52eb9-d31c-4a59-b476-f8ea236394b7 resource provider not found; error: Placement Client Error (4xx): {"errors": [{"status": 404, "title": "Not Found", "detail": "The resource could not be found.\n\n No resource provider with uuid 7fd52eb9-d31c-4a59-b476-f8ea236394b7 found for delete ", "request_id": "req-d6d53528-d669-4783-a16e-3ec0fbbfa158"}]}
2026-07-09 17:59:49.394 10 INFO neutron.services.segments.plugin [-] Segment 7fd52eb9-d31c-4a59-b476-f8ea236394b7 resource provider aggregate not found
2026-07-09 17:59:49.405 10 INFO neutron.services.segments.plugin [-] Segment 7fd52eb9-d31c-4a59-b476-f8ea236394b7 resource provider not found; error: Placement Client Error (4xx): {"errors": [{"status": 404, "title": "Not Found", "detail": "The resource could not be found.\n\n No resource provider with uuid 7fd52eb9-d31c-4a59-b476-f8ea236394b7 found for delete ", "request_id": "req-63186131-f643-4799-9799-013b6a8be9e7"}]}
2026-07-09 17:59:49.456 10 INFO neutron.api.wsgi [None req-0f541456-cb88-461e-926e-03593e9d7747 3d0a4e806cef49efac1dd0c018aaa51c df982a7d6cb34491a2a24edfc2ec3610 - - default default] 10.0.0.51 "GET /v2.0/security-groups?tenant_id=fa43a32a7de84e4eadf9c5ec0a428222&name=default HTTP/1.1" status: 200 len: 3120 time: 0.1340392
