2026-07-09 17:59:07.581 10 INFO neutron.db.ovn_revision_numbers_db [None req-544f2355-e0d5-42b9-9224-a382a3ceca0b - - - - - -] Successfully bumped revision number for resource f33ad2e7-1f58-4b0d-a153-60b877ffee8d (type: ports) to 2
2026-07-09 17:59:07.635 10 INFO neutron.db.ovn_revision_numbers_db [None req-544f2355-e0d5-42b9-9224-a382a3ceca0b - - - - - -] Successfully bumped revision number for resource 44faea73-97ef-4872-8ce8-0ad09fc67983 (type: subnets) to 0
2026-07-09 17:59:07.652 10 INFO neutron.api.wsgi [None req-f19641d7-c569-4ecf-86cc-41fa2517510e 6be4f32adf2b48f3ac44fd2c7fb812c2 2a934b936f824643a5f37096048bc5e0 - - default default] 10.0.0.51 "POST /v2.0/subnets HTTP/1.1" status: 201 len: 825 time: 0.7602866
2026-07-09 17:59:07.661 10 WARNING neutron_lib.context [None req-a01bdcad-dd80-46aa-b1f6-c91e8cca983b 6be4f32adf2b48f3ac44fd2c7fb812c2 2a934b936f824643a5f37096048bc5e0 - - default default] Method 'is_advsvc' is deprecated since 2023.2 release (neutron-lib 3.8.0) and will be removed once support for the old RBAC API policies will be removed from Neutron. Please use method 'is_service_role' instead.
2026-07-09 17:59:07.827 10 WARNING neutron.scheduler.dhcp_agent_scheduler [None req-a01bdcad-dd80-46aa-b1f6-c91e8cca983b 6be4f32adf2b48f3ac44fd2c7fb812c2 2a934b936f824643a5f37096048bc5e0 - - default default] No more DHCP agents
2026-07-09 17:59:07.828 10 WARNING neutron.api.rpc.agentnotifiers.dhcp_rpc_agent_api [None req-a01bdcad-dd80-46aa-b1f6-c91e8cca983b 6be4f32adf2b48f3ac44fd2c7fb812c2 2a934b936f824643a5f37096048bc5e0 - - default default] Unable to schedule network 4ddcd1bf-31b3-4884-aa7f-2652bc1a502f: no agents available; will retry on subsequent port and subnet creation events.
2026-07-09 17:59:08.180 10 INFO neutron.db.ovn_revision_numbers_db [None req-8a1020f8-7c2a-4ccc-989e-cc915c08ba6d - - - - - -] Successfully bumped revision number for resource 530e42f0-e202-46bd-a254-22bd2583d320 (type: ports) to 2
2026-07-09 17:59:08.208 10 INFO neutron.db.ovn_revision_numbers_db [None req-8a1020f8-7c2a-4ccc-989e-cc915c08ba6d - - - - - -] Successfully bumped revision number for resource 3f63946a-a0c8-4716-b479-d9ffcd08abb9 (type: subnets) to 0
2026-07-09 17:59:08.222 10 INFO neutron.api.wsgi [None req-a01bdcad-dd80-46aa-b1f6-c91e8cca983b 6be4f32adf2b48f3ac44fd2c7fb812c2 2a934b936f824643a5f37096048bc5e0 - - default default] 10.0.0.51 "POST /v2.0/subnets HTTP/1.1" status: 201 len: 825 time: 0.5651944
2026-07-09 17:59:08.230 10 WARNING neutron_lib.context [None req-780b7e69-e7a3-4116-8d1c-a712aa614f36 6be4f32adf2b48f3ac44fd2c7fb812c2 2a934b936f824643a5f37096048bc5e0 - - default default] Method 'is_advsvc' is deprecated since 2023.2 release (neutron-lib 3.8.0) and will be removed once support for the old RBAC API policies will be removed from Neutron. Please use method 'is_service_role' instead.
2026-07-09 17:59:08.321 10 INFO neutron.db.ovn_revision_numbers_db [None req-780b7e69-e7a3-4116-8d1c-a712aa614f36 6be4f32adf2b48f3ac44fd2c7fb812c2 2a934b936f824643a5f37096048bc5e0 - - default default] Successfully bumped revision number for resource 90c3fda3-1c28-47b7-b969-28669f5497bb (type: routers) to 1
2026-07-09 17:59:08.337 10 INFO neutron.api.wsgi [None req-780b7e69-e7a3-4116-8d1c-a712aa614f36 6be4f32adf2b48f3ac44fd2c7fb812c2 2a934b936f824643a5f37096048bc5e0 - - default default] 10.0.0.51 "POST /v2.0/routers HTTP/1.1" status: 201 len: 802 time: 0.1105230
2026-07-09 17:59:08.441 10 INFO neutron.plugins.ml2.drivers.ovn.mech_driver.mech_driver [None req-bf8e5863-cbba-4a3a-90b4-db34bab96230 - - - - - -] OVN reports status down for port: 6e2ce386-dcee-4833-af09-594084faa94e
2026-07-09 17:59:08.450 10 INFO neutron.api.wsgi [req-97e714b3-2c89-4616-8e84-ff2e6eb5ac96 req-70c50830-dca2-4e0f-92f2-2c2add1defc1 0741a2ed56674886a5e8fcb76765dbae 057de55725cf4b129cf73beec8f45a42 - - default default] 10.0.0.153 "GET /v2.0/ports?device_id=e2588748-a9c1-4635-9076-b13a7656360f HTTP/1.1" status: 200 len: 1170 time: 0.0670304
2026-07-09 17:59:08.528 10 INFO neutron.api.wsgi [req-97e714b3-2c89-4616-8e84-ff2e6eb5ac96 req-fafaa876-e12b-4d40-afdd-f0c860efbe6c 0741a2ed56674886a5e8fcb76765dbae 057de55725cf4b129cf73beec8f45a42 - - default default] 10.0.0.153 "GET /v2.0/security-groups?id=d3abaa99-c23e-4bb7-b07c-85bf37431290&fields=id&fields=name HTTP/1.1" status: 200 len: 312 time: 0.0701725
2026-07-09 17:59:08.651 10 INFO neutron.notifiers.nova [-] Nova event matching ['req-eb5abcec-a54a-4728-826c-3e4d5724ba8f'] response: {'server_uuid': 'e2588748-a9c1-4635-9076-b13a7656360f', 'name': 'network-vif-unplugged', 'status': 'completed', 'tag': '6e2ce386-dcee-4833-af09-594084faa94e', 'code': 200}
2026-07-09 17:59:08.818 10 WARNING neutron.scheduler.dhcp_agent_scheduler [None req-7e0a7e81-7ff3-4557-bc8b-786a6a4e59cd 6be4f32adf2b48f3ac44fd2c7fb812c2 2a934b936f824643a5f37096048bc5e0 - - default default] No more DHCP agents
2026-07-09 17:59:08.820 10 WARNING neutron.api.rpc.agentnotifiers.dhcp_rpc_agent_api [None req-7e0a7e81-7ff3-4557-bc8b-786a6a4e59cd 6be4f32adf2b48f3ac44fd2c7fb812c2 2a934b936f824643a5f37096048bc5e0 - - default default] Unable to schedule network febb0cde-b21e-4e6a-9cc0-0d2e1d629340: no agents available; will retry on subsequent port and subnet creation events.
2026-07-09 17:59:08.831 10 INFO neutron.db.ovn_revision_numbers_db [None req-bf8e5863-cbba-4a3a-90b4-db34bab96230 - - - - - -] Successfully bumped revision number for resource 6e2ce386-dcee-4833-af09-594084faa94e (type: ports) to 6
2026-07-09 17:59:08.936 10 INFO neutron.db.ovn_revision_numbers_db [None req-7e0a7e81-7ff3-4557-bc8b-786a6a4e59cd 6be4f32adf2b48f3ac44fd2c7fb812c2 2a934b936f824643a5f37096048bc5e0 - - default default] Successfully bumped revision number for resource 54d9fcf1-234c-40f0-be60-dadf0e95ad76 (type: ports) to 1
2026-07-09 17:59:09.364 9 INFO neutron.plugins.ml2.drivers.ovn.mech_driver.mech_driver [None req-1b75c26c-6900-4e89-8119-9c28cb9685e9 - - - - - -] OVN reports status up for port: 54d9fcf1-234c-40f0-be60-dadf0e95ad76
2026-07-09 17:59:09.372 9 INFO neutron.plugins.ml2.plugin [None req-1b75c26c-6900-4e89-8119-9c28cb9685e9 - - - - - -] Attempt 1 to provision port 54d9fcf1-234c-40f0-be60-dadf0e95ad76
2026-07-09 17:59:09.381 10 INFO neutron.db.ovn_revision_numbers_db [None req-7e0a7e81-7ff3-4557-bc8b-786a6a4e59cd 6be4f32adf2b48f3ac44fd2c7fb812c2 2a934b936f824643a5f37096048bc5e0 - - default default] Successfully bumped revision number for resource 54d9fcf1-234c-40f0-be60-dadf0e95ad76 (type: ports) to 1
2026-07-09 17:59:09.431 10 WARNING neutron.scheduler.dhcp_agent_scheduler [None req-7e0a7e81-7ff3-4557-bc8b-786a6a4e59cd 6be4f32adf2b48f3ac44fd2c7fb812c2 2a934b936f824643a5f37096048bc5e0 - - default default] No more DHCP agents
2026-07-09 17:59:09.432 10 WARNING neutron.api.rpc.agentnotifiers.dhcp_rpc_agent_api [None req-7e0a7e81-7ff3-4557-bc8b-786a6a4e59cd 6be4f32adf2b48f3ac44fd2c7fb812c2 2a934b936f824643a5f37096048bc5e0 - - default default] Unable to schedule network febb0cde-b21e-4e6a-9cc0-0d2e1d629340: no agents available; will retry on subsequent port and subnet creation events. /var/lib/openstack/lib/python3.12/site-packages/pycadf/identifier.py:71: UserWarning: Invalid uuid: neutron. To ensure interoperability, identifiers should be a valid uuid. warnings.warn(('Invalid uuid: %s. To ensure interoperability, '
2026-07-09 17:59:09.611 10 INFO neutron.db.ovn_revision_numbers_db [None req-7e0a7e81-7ff3-4557-bc8b-786a6a4e59cd 6be4f32adf2b48f3ac44fd2c7fb812c2 2a934b936f824643a5f37096048bc5e0 - - default default] Successfully bumped revision number for resource 54d9fcf1-234c-40f0-be60-dadf0e95ad76 (type: router_ports) to 1
2026-07-09 17:59:09.615 10 INFO neutron.api.wsgi [None req-7e0a7e81-7ff3-4557-bc8b-786a6a4e59cd 6be4f32adf2b48f3ac44fd2c7fb812c2 2a934b936f824643a5f37096048bc5e0 - - default default] 10.0.0.51 "PUT /v2.0/routers/90c3fda3-1c28-47b7-b969-28669f5497bb/add_router_interface HTTP/1.1" status: 200 len: 503 time: 1.2722120
2026-07-09 17:59:09.662 10 WARNING neutron_lib.context [None req-4386931a-cae7-4301-b250-7f1c32e2ca2b 1007e13430d7410bb387ca9b2c670745 5c1df033882949f2ac748704bb1adbc8 - - default default] Method 'is_advsvc' is deprecated since 2023.2 release (neutron-lib 3.8.0) and will be removed once support for the old RBAC API policies will be removed from Neutron. Please use method 'is_service_role' instead.
2026-07-09 17:59:09.692 10 INFO neutron.api.wsgi [req-28c0fd61-e220-43cd-8a87-088d83dd4343 req-40d2bb0f-46bf-43d7-95df-0f11a5c0b35f 0741a2ed56674886a5e8fcb76765dbae 057de55725cf4b129cf73beec8f45a42 - - default default] 10.0.0.153 "GET /v2.0/ports?device_id=e2588748-a9c1-4635-9076-b13a7656360f HTTP/1.1" status: 200 len: 1168 time: 0.0892649
2026-07-09 17:59:09.699 9 INFO neutron.api.wsgi [None req-00ec2a21-48ec-4462-902b-546bca0ff5c8 6be4f32adf2b48f3ac44fd2c7fb812c2 2a934b936f824643a5f37096048bc5e0 - - default default] 10.0.0.51 "GET /v2.0/ports/54d9fcf1-234c-40f0-be60-dadf0e95ad76 HTTP/1.1" status: 200 len: 1137 time: 0.0795417
2026-07-09 17:59:09.772 9 INFO neutron.db.ovn_revision_numbers_db [None req-1b75c26c-6900-4e89-8119-9c28cb9685e9 - - - - - -] Successfully bumped revision number for resource 54d9fcf1-234c-40f0-be60-dadf0e95ad76 (type: ports) to 2
2026-07-09 17:59:09.782 10 INFO neutron.api.wsgi [req-28c0fd61-e220-43cd-8a87-088d83dd4343 req-c723afef-d735-4033-a186-c66525410875 0741a2ed56674886a5e8fcb76765dbae 057de55725cf4b129cf73beec8f45a42 - - default default] 10.0.0.153 "GET /v2.0/security-groups?id=d3abaa99-c23e-4bb7-b07c-85bf37431290&fields=id&fields=name HTTP/1.1" status: 200 len: 312 time: 0.0808327
2026-07-09 17:59:09.870 10 INFO neutron.db.ovn_revision_numbers_db [None req-45ad4766-6f1f-49bf-811d-2517220adec2 3d0a4e806cef49efac1dd0c018aaa51c df982a7d6cb34491a2a24edfc2ec3610 - - default default] Successfully bumped revision number for resource a10b9b8a-9cdb-4af8-a207-d64504071915 (type: security_groups) to 1
2026-07-09 17:59:09.893 10 INFO neutron.db.ovn_revision_numbers_db [None req-45ad4766-6f1f-49bf-811d-2517220adec2 3d0a4e806cef49efac1dd0c018aaa51c df982a7d6cb34491a2a24edfc2ec3610 - - default default] Successfully bumped revision number for resource 89d7b04c-4205-47dc-8500-bbcc9859f65e (type: security_group_rules) to 0
2026-07-09 17:59:09.917 10 INFO neutron.db.ovn_revision_numbers_db [None req-45ad4766-6f1f-49bf-811d-2517220adec2 3d0a4e806cef49efac1dd0c018aaa51c df982a7d6cb34491a2a24edfc2ec3610 - - default default] Successfully bumped revision number for resource c7de2a59-edd3-4c44-bf03-38b894a4048f (type: security_group_rules) to 0
2026-07-09 17:59:09.948 10 INFO neutron.db.ovn_revision_numbers_db [None req-45ad4766-6f1f-49bf-811d-2517220adec2 3d0a4e806cef49efac1dd0c018aaa51c df982a7d6cb34491a2a24edfc2ec3610 - - default default] Successfully bumped revision number for resource eb2c31b9-d707-4777-be1f-92b916db9b9a (type: security_group_rules) to 0
2026-07-09 17:59:09.970 10 INFO neutron.db.ovn_revision_numbers_db [None req-45ad4766-6f1f-49bf-811d-2517220adec2 3d0a4e806cef49efac1dd0c018aaa51c df982a7d6cb34491a2a24edfc2ec3610 - - default default] Successfully bumped revision number for resource f16aab42-15c5-4343-b22a-cb302798ecfe (type: security_group_rules) to 0
2026-07-09 17:59:10.028 10 INFO neutron.api.wsgi [None req-45ad4766-6f1f-49bf-811d-2517220adec2 3d0a4e806cef49efac1dd0c018aaa51c df982a7d6cb34491a2a24edfc2ec3610 - - default default] 10.0.0.51 "GET /v2.0/security-groups?tenant_id=1ddeb7e0c40b42faaf3edfaf42ec77df&name=default HTTP/1.1" status: 200 len: 3120 time: 0.3959644
2026-07-09 17:59:10.033 10 WARNING neutron.scheduler.dhcp_agent_scheduler [None req-4386931a-cae7-4301-b250-7f1c32e2ca2b 1007e13430d7410bb387ca9b2c670745 5c1df033882949f2ac748704bb1adbc8 - - default default] No more DHCP agents
2026-07-09 17:59:10.035 10 WARNING neutron.api.rpc.agentnotifiers.dhcp_rpc_agent_api [None req-4386931a-cae7-4301-b250-7f1c32e2ca2b 1007e13430d7410bb387ca9b2c670745 5c1df033882949f2ac748704bb1adbc8 - - default default] Unable to schedule network ad974466-6262-4451-9616-770d1f91a679: no agents available; will retry on subsequent port and subnet creation events.
2026-07-09 17:59:10.226 10 WARNING neutron.scheduler.dhcp_agent_scheduler [None req-d6a7b692-21db-4716-80f0-d83c346b92a8 6be4f32adf2b48f3ac44fd2c7fb812c2 2a934b936f824643a5f37096048bc5e0 - - default default] No more DHCP agents
2026-07-09 17:59:10.229 10 WARNING neutron.api.rpc.agentnotifiers.dhcp_rpc_agent_api [None req-d6a7b692-21db-4716-80f0-d83c346b92a8 6be4f32adf2b48f3ac44fd2c7fb812c2 2a934b936f824643a5f37096048bc5e0 - - default default] Unable to schedule network 4ddcd1bf-31b3-4884-aa7f-2652bc1a502f: no agents available; will retry on subsequent port and subnet creation events.
2026-07-09 17:59:10.232 9 INFO neutron.api.wsgi [None req-d4ef1e21-2a22-4b42-a05c-a74e269c676a 3d0a4e806cef49efac1dd0c018aaa51c df982a7d6cb34491a2a24edfc2ec3610 - - default default] 10.0.0.51 "DELETE /v2.0/security-groups/a10b9b8a-9cdb-4af8-a207-d64504071915 HTTP/1.1" status: 204 len: 168 time: 0.1974189
2026-07-09 17:59:10.362 10 INFO neutron.api.wsgi [None req-4386931a-cae7-4301-b250-7f1c32e2ca2b 1007e13430d7410bb387ca9b2c670745 5c1df033882949f2ac748704bb1adbc8 - - default default] 10.0.0.51 "POST /v2.0/floatingips HTTP/1.1" status: 201 len: 751 time: 0.8709307
2026-07-09 17:59:10.370 10 INFO neutron.db.ovn_revision_numbers_db [None req-d6a7b692-21db-4716-80f0-d83c346b92a8 6be4f32adf2b48f3ac44fd2c7fb812c2 2a934b936f824643a5f37096048bc5e0 - - default default] Successfully bumped revision number for resource b11d97c6-6310-479f-8f6f-ec6caaeae59b (type: ports) to 1
2026-07-09 17:59:10.374 9 WARNING neutron_lib.context [None req-0a6b96b0-43d0-4784-9573-1a69f4eeba21 1007e13430d7410bb387ca9b2c670745 5c1df033882949f2ac748704bb1adbc8 - - default default] Method 'is_advsvc' is deprecated since 2023.2 release (neutron-lib 3.8.0) and will be removed once support for the old RBAC API policies will be removed from Neutron. Please use method 'is_service_role' instead.
2026-07-09 17:59:10.607 9 WARNING neutron.scheduler.dhcp_agent_scheduler [None req-0a6b96b0-43d0-4784-9573-1a69f4eeba21 1007e13430d7410bb387ca9b2c670745 5c1df033882949f2ac748704bb1adbc8 - - default default] No more DHCP agents
2026-07-09 17:59:10.608 9 WARNING neutron.api.rpc.agentnotifiers.dhcp_rpc_agent_api [None req-0a6b96b0-43d0-4784-9573-1a69f4eeba21 1007e13430d7410bb387ca9b2c670745 5c1df033882949f2ac748704bb1adbc8 - - default default] Unable to schedule network ad974466-6262-4451-9616-770d1f91a679: no agents available; will retry on subsequent port and subnet creation events.
2026-07-09 17:59:10.691 10 INFO neutron.notifiers.nova [-] Nova event matching ['req-9f27683d-a491-4b54-b9e2-2816e84e4a18'] response: {'server_uuid': 'e2588748-a9c1-4635-9076-b13a7656360f', 'name': 'network-vif-unplugged', 'status': 'completed', 'tag': '6e2ce386-dcee-4833-af09-594084faa94e', 'code': 200}
2026-07-09 17:59:10.893 9 INFO neutron.api.wsgi [None req-0a6b96b0-43d0-4784-9573-1a69f4eeba21 1007e13430d7410bb387ca9b2c670745 5c1df033882949f2ac748704bb1adbc8 - - default default] 10.0.0.51 "POST /v2.0/floatingips HTTP/1.1" status: 201 len: 751 time: 0.5248828
2026-07-09 17:59:10.895 10 INFO neutron.api.wsgi [req-6d336a24-ee6f-4fd4-9b65-25dccccb8e4a req-504ba3c8-6632-4752-9b47-fa6b1194b659 0741a2ed56674886a5e8fcb76765dbae 057de55725cf4b129cf73beec8f45a42 - - default default] 10.0.0.153 "GET /v2.0/ports?device_id=e2588748-a9c1-4635-9076-b13a7656360f HTTP/1.1" status: 200 len: 1168 time: 0.0364223
2026-07-09 17:59:10.904 9 WARNING neutron_lib.context [None req-00dd6dc7-8899-4288-8744-3c5bb217dc89 1007e13430d7410bb387ca9b2c670745 5c1df033882949f2ac748704bb1adbc8 - - default default] Method 'is_advsvc' is deprecated since 2023.2 release (neutron-lib 3.8.0) and will be removed once support for the old RBAC API policies will be removed from Neutron. Please use method 'is_service_role' instead.
2026-07-09 17:59:10.941 10 INFO neutron.api.wsgi [req-6d336a24-ee6f-4fd4-9b65-25dccccb8e4a req-b3a8deb7-0646-4b41-8bd5-93fc004ab52d 0741a2ed56674886a5e8fcb76765dbae 057de55725cf4b129cf73beec8f45a42 - - default default] 10.0.0.153 "GET /v2.0/security-groups?id=d3abaa99-c23e-4bb7-b07c-85bf37431290&fields=id&fields=name HTTP/1.1" status: 200 len: 312 time: 0.0408661
2026-07-09 17:59:10.969 10 INFO neutron.plugins.ml2.drivers.ovn.mech_driver.mech_driver [None req-e743a93d-74ff-4731-8b32-56013ac39fb7 - - - - - -] OVN reports status up for port: b11d97c6-6310-479f-8f6f-ec6caaeae59b
2026-07-09 17:59:10.980 10 INFO neutron.plugins.ml2.plugin [None req-e743a93d-74ff-4731-8b32-56013ac39fb7 - - - - - -] Attempt 1 to provision port b11d97c6-6310-479f-8f6f-ec6caaeae59b
2026-07-09 17:59:10.997 10 INFO neutron.db.ovn_revision_numbers_db [None req-d6a7b692-21db-4716-80f0-d83c346b92a8 6be4f32adf2b48f3ac44fd2c7fb812c2 2a934b936f824643a5f37096048bc5e0 - - default default] Successfully bumped revision number for resource b11d97c6-6310-479f-8f6f-ec6caaeae59b (type: ports) to 1
2026-07-09 17:59:11.055 10 WARNING neutron.scheduler.dhcp_agent_scheduler [None req-d6a7b692-21db-4716-80f0-d83c346b92a8 6be4f32adf2b48f3ac44fd2c7fb812c2 2a934b936f824643a5f37096048bc5e0 - - default default] No more DHCP agents
2026-07-09 17:59:11.055 10 WARNING neutron.api.rpc.agentnotifiers.dhcp_rpc_agent_api [None req-d6a7b692-21db-4716-80f0-d83c346b92a8 6be4f32adf2b48f3ac44fd2c7fb812c2 2a934b936f824643a5f37096048bc5e0 - - default default] Unable to schedule network 4ddcd1bf-31b3-4884-aa7f-2652bc1a502f: no agents available; will retry on subsequent port and subnet creation events.
2026-07-09 17:59:11.129 9 WARNING neutron.scheduler.dhcp_agent_scheduler [None req-00dd6dc7-8899-4288-8744-3c5bb217dc89 1007e13430d7410bb387ca9b2c670745 5c1df033882949f2ac748704bb1adbc8 - - default default] No more DHCP agents
2026-07-09 17:59:11.130 9 WARNING neutron.api.rpc.agentnotifiers.dhcp_rpc_agent_api [None req-00dd6dc7-8899-4288-8744-3c5bb217dc89 1007e13430d7410bb387ca9b2c670745 5c1df033882949f2ac748704bb1adbc8 - - default default] Unable to schedule network ad974466-6262-4451-9616-770d1f91a679: no agents available; will retry on subsequent port and subnet creation events.
2026-07-09 17:59:11.314 10 INFO neutron.db.ovn_revision_numbers_db [None req-d6a7b692-21db-4716-80f0-d83c346b92a8 6be4f32adf2b48f3ac44fd2c7fb812c2 2a934b936f824643a5f37096048bc5e0 - - default default] Successfully bumped revision number for resource b11d97c6-6310-479f-8f6f-ec6caaeae59b (type: router_ports) to 1
2026-07-09 17:59:11.318 10 INFO neutron.api.wsgi [None req-d6a7b692-21db-4716-80f0-d83c346b92a8 6be4f32adf2b48f3ac44fd2c7fb812c2 2a934b936f824643a5f37096048bc5e0 - - default default] 10.0.0.51 "PUT /v2.0/routers/90c3fda3-1c28-47b7-b969-28669f5497bb/add_router_interface HTTP/1.1" status: 200 len: 503 time: 1.6097033
2026-07-09 17:59:11.393 9 INFO neutron.api.wsgi [None req-e930f807-d1cd-425b-ac0e-9b34b2d306a8 6be4f32adf2b48f3ac44fd2c7fb812c2 2a934b936f824643a5f37096048bc5e0 - - default default] 10.0.0.51 "GET /v2.0/ports/b11d97c6-6310-479f-8f6f-ec6caaeae59b HTTP/1.1" status: 200 len: 1137 time: 0.0683563
2026-07-09 17:59:11.393 10 INFO neutron.db.ovn_revision_numbers_db [None req-e743a93d-74ff-4731-8b32-56013ac39fb7 - - - - - -] Successfully bumped revision number for resource b11d97c6-6310-479f-8f6f-ec6caaeae59b (type: ports) to 2
2026-07-09 17:59:11.423 9 INFO neutron.api.wsgi [None req-00dd6dc7-8899-4288-8744-3c5bb217dc89 1007e13430d7410bb387ca9b2c670745 5c1df033882949f2ac748704bb1adbc8 - - default default] 10.0.0.51 "POST /v2.0/floatingips HTTP/1.1" status: 201 len: 751 time: 0.5232687
2026-07-09 17:59:11.432 9 INFO neutron.api.wsgi [None req-3f1dc7bb-ab7b-4736-8613-fff0e0edf7d2 6be4f32adf2b48f3ac44fd2c7fb812c2 2a934b936f824643a5f37096048bc5e0 - - default default] 10.0.0.51 "GET /v2.0/ports/b11d97c6-6310-479f-8f6f-ec6caaeae59b HTTP/1.1" status: 200 len: 1137 time: 0.0328779
2026-07-09 17:59:11.441 10 WARNING neutron_lib.context [None req-0d9f7c66-4c69-403f-9708-54a26dc3144c 1007e13430d7410bb387ca9b2c670745 5c1df033882949f2ac748704bb1adbc8 - - default default] Method 'is_advsvc' is deprecated since 2023.2 release (neutron-lib 3.8.0) and will be removed once support for the old RBAC API policies will be removed from Neutron. Please use method 'is_service_role' instead.
2026-07-09 17:59:11.767 10 WARNING neutron.scheduler.dhcp_agent_scheduler [None req-0d9f7c66-4c69-403f-9708-54a26dc3144c 1007e13430d7410bb387ca9b2c670745 5c1df033882949f2ac748704bb1adbc8 - - default default] No more DHCP agents
2026-07-09 17:59:11.768 10 WARNING neutron.api.rpc.agentnotifiers.dhcp_rpc_agent_api [None req-0d9f7c66-4c69-403f-9708-54a26dc3144c 1007e13430d7410bb387ca9b2c670745 5c1df033882949f2ac748704bb1adbc8 - - default default] Unable to schedule network ad974466-6262-4451-9616-770d1f91a679: no agents available; will retry on subsequent port and subnet creation events.
2026-07-09 17:59:12.037 9 INFO neutron.api.wsgi [-] 10.0.0.235 "GET / HTTP/1.1" status: 200 len: 247 time: 0.0012069
2026-07-09 17:59:12.038 9 INFO neutron.api.wsgi [-] 10.0.0.235 "GET / HTTP/1.1" status: 200 len: 247 time: 0.0010715
2026-07-09 17:59:12.068 10 INFO neutron.api.wsgi [None req-0d9f7c66-4c69-403f-9708-54a26dc3144c 1007e13430d7410bb387ca9b2c670745 5c1df033882949f2ac748704bb1adbc8 - - default default] 10.0.0.51 "POST /v2.0/floatingips HTTP/1.1" status: 201 len: 751 time: 0.6360943
2026-07-09 17:59:12.085 10 WARNING neutron_lib.context [None req-a18ed8f0-2f30-4e2d-a6de-af781938002f 1007e13430d7410bb387ca9b2c670745 5c1df033882949f2ac748704bb1adbc8 - - default default] Method 'is_advsvc' is deprecated since 2023.2 release (neutron-lib 3.8.0) and will be removed once support for the old RBAC API policies will be removed from Neutron. Please use method 'is_service_role' instead.
2026-07-09 17:59:12.147 9 INFO neutron.api.wsgi [None req-a1c3335d-ea07-45bf-97c7-2d113635320c 6be4f32adf2b48f3ac44fd2c7fb812c2 2a934b936f824643a5f37096048bc5e0 - - default default] 10.0.0.51 "PUT /v2.0/routers/90c3fda3-1c28-47b7-b969-28669f5497bb/remove_router_interface HTTP/1.1" status: 200 len: 503 time: 0.7083902 /var/lib/openstack/lib/python3.12/site-packages/pycadf/identifier.py:71: UserWarning: Invalid uuid: neutron. To ensure interoperability, identifiers should be a valid uuid. warnings.warn(('Invalid uuid: %s. To ensure interoperability, '
2026-07-09 17:59:12.172 9 INFO neutron.api.wsgi [req-b0cbcbca-3048-4ccd-98d6-34153d349413 req-fc69952e-b065-493d-a18b-9002ddc473cd 0741a2ed56674886a5e8fcb76765dbae 057de55725cf4b129cf73beec8f45a42 - - default default] 10.0.0.153 "GET /v2.0/ports?device_id=e2588748-a9c1-4635-9076-b13a7656360f HTTP/1.1" status: 200 len: 1168 time: 0.1390316
2026-07-09 17:59:12.192 9 INFO neutron.api.wsgi [None req-3e01221c-12ba-4037-83f9-e61a2c388f60 6be4f32adf2b48f3ac44fd2c7fb812c2 2a934b936f824643a5f37096048bc5e0 - - default default] 10.0.0.51 "GET /v2.0/ports/54d9fcf1-234c-40f0-be60-dadf0e95ad76 HTTP/1.1" status: 200 len: 1137 time: 0.0398765
2026-07-09 17:59:12.231 9 INFO neutron.api.wsgi [req-b0cbcbca-3048-4ccd-98d6-34153d349413 req-d4aca698-bfe9-4b5a-a4a3-d6369bbe5f37 0741a2ed56674886a5e8fcb76765dbae 057de55725cf4b129cf73beec8f45a42 - - default default] 10.0.0.153 "GET /v2.0/security-groups?id=d3abaa99-c23e-4bb7-b07c-85bf37431290&fields=id&fields=name HTTP/1.1" status: 200 len: 312 time: 0.0516984
2026-07-09 17:59:12.328 10 WARNING neutron.scheduler.dhcp_agent_scheduler [None req-a18ed8f0-2f30-4e2d-a6de-af781938002f 1007e13430d7410bb387ca9b2c670745 5c1df033882949f2ac748704bb1adbc8 - - default default] No more DHCP agents
2026-07-09 17:59:12.331 10 WARNING neutron.api.rpc.agentnotifiers.dhcp_rpc_agent_api [None req-a18ed8f0-2f30-4e2d-a6de-af781938002f 1007e13430d7410bb387ca9b2c670745 5c1df033882949f2ac748704bb1adbc8 - - default default] Unable to schedule network ad974466-6262-4451-9616-770d1f91a679: no agents available; will retry on subsequent port and subnet creation events.
2026-07-09 17:59:12.642 10 INFO neutron.api.wsgi [None req-a18ed8f0-2f30-4e2d-a6de-af781938002f 1007e13430d7410bb387ca9b2c670745 5c1df033882949f2ac748704bb1adbc8 - - default default] 10.0.0.51 "POST /v2.0/floatingips HTTP/1.1" status: 201 len: 751 time: 0.5614867
2026-07-09 17:59:12.714 9 INFO neutron.api.wsgi [None req-96dd581d-99c2-46dd-a536-f212ce2d04fe 1007e13430d7410bb387ca9b2c670745 5c1df033882949f2ac748704bb1adbc8 - - default default] 10.0.0.51 "PUT /v2.0/floatingips/69a6ea67-2059-43d4-889c-040356da543b/tags HTTP/1.1" status: 200 len: 210 time: 0.0666363
2026-07-09 17:59:12.762 9 INFO neutron.api.wsgi [None req-18bb11db-5a64-4fcd-a2ff-0c743719ece0 1007e13430d7410bb387ca9b2c670745 5c1df033882949f2ac748704bb1adbc8 - - default default] 10.0.0.51 "PUT /v2.0/floatingips/87102c6d-be3d-4048-b724-4d6233689fa5/tags HTTP/1.1" status: 200 len: 218 time: 0.0420659
2026-07-09 17:59:12.827 10 INFO neutron.api.wsgi [None req-035bdfdd-979c-4677-8d4b-9e543d6e845b 1007e13430d7410bb387ca9b2c670745 5c1df033882949f2ac748704bb1adbc8 - - default default] 10.0.0.51 "PUT /v2.0/floatingips/c012602d-9e58-411e-a351-a97a3912368a/tags HTTP/1.1" status: 200 len: 227 time: 0.0599957
2026-07-09 17:59:12.864 9 INFO neutron.api.wsgi [None req-0ff081ae-867d-454f-826a-6e479d49b3ce 6be4f32adf2b48f3ac44fd2c7fb812c2 2a934b936f824643a5f37096048bc5e0 - - default default] 10.0.0.51 "PUT /v2.0/routers/90c3fda3-1c28-47b7-b969-28669f5497bb/remove_router_interface HTTP/1.1" status: 200 len: 503 time: 0.6659045
2026-07-09 17:59:12.865 10 INFO neutron.api.wsgi [None req-ead7a41a-5ca8-44d8-942a-0f1ebe116d38 1007e13430d7410bb387ca9b2c670745 5c1df033882949f2ac748704bb1adbc8 - - default default] 10.0.0.51 "PUT /v2.0/floatingips/204b5e29-1900-4c6d-a421-3feede0db4d1/tags HTTP/1.1" status: 200 len: 212 time: 0.0334694 /var/lib/openstack/lib/python3.12/site-packages/pycadf/identifier.py:71: UserWarning: Invalid uuid: neutron. To ensure interoperability, identifiers should be a valid uuid. warnings.warn(('Invalid uuid: %s. To ensure interoperability, '
2026-07-09 17:59:12.913 9 INFO neutron.api.wsgi [None req-9102500f-de6b-47b5-b921-1b48a64fcb82 6be4f32adf2b48f3ac44fd2c7fb812c2 2a934b936f824643a5f37096048bc5e0 - - default default] 10.0.0.51 "GET /v2.0/ports?device_id=90c3fda3-1c28-47b7-b969-28669f5497bb HTTP/1.1" status: 200 len: 205 time: 0.0419540
2026-07-09 17:59:12.927 9 INFO neutron.api.wsgi [None req-bad62511-a2af-458b-b1ff-46bdfcb789c3 1007e13430d7410bb387ca9b2c670745 5c1df033882949f2ac748704bb1adbc8 - - default default] 10.0.0.51 "GET /v2.0/floatingips?tags=red HTTP/1.1" status: 200 len: 1866 time: 0.0567575
2026-07-09 17:59:13.092 9 INFO neutron.api.wsgi [None req-03c09049-c3eb-4bfb-8d8e-f5ce3de039ac 6be4f32adf2b48f3ac44fd2c7fb812c2 2a934b936f824643a5f37096048bc5e0 - - default default] 10.0.0.51 "DELETE /v2.0/routers/90c3fda3-1c28-47b7-b969-28669f5497bb HTTP/1.1" status: 204 len: 168 time: 0.1725359
2026-07-09 17:59:13.213 10 INFO neutron.api.wsgi [None req-122eb58e-c0d4-4b73-a1d7-4519715496f4 1007e13430d7410bb387ca9b2c670745 5c1df033882949f2ac748704bb1adbc8 - - default default] 10.0.0.51 "GET /v2.0/floatingips?tags=red%2Cblue HTTP/1.1" status: 200 len: 1323 time: 0.2812955
2026-07-09 17:59:13.254 9 INFO neutron.api.wsgi [None req-b4003a88-911f-420f-88ed-c5a2954996ad 1007e13430d7410bb387ca9b2c670745 5c1df033882949f2ac748704bb1adbc8 - - default default] 10.0.0.51 "GET /v2.0/floatingips?tags-any=blue HTTP/1.1" status: 200 len: 1323 time: 0.0366292
2026-07-09 17:59:13.521 9 INFO neutron.api.wsgi [None req-1ed5e71f-e9f1-41bc-9cb8-1e15c6df09aa 72763e8a515a45ec9f3e39f2c594d8da cc4c9c5147ae41b09dd13a1515b7b550 - - default default] 10.0.0.8 "GET /v2.0/extensions HTTP/1.1" status: 200 len: 19298 time: 0.3340733
2026-07-09 17:59:13.532 9 INFO neutron.api.wsgi [None req-a28fabe1-9165-4bf8-b041-037e62685179 1007e13430d7410bb387ca9b2c670745 5c1df033882949f2ac748704bb1adbc8 - - default default] 10.0.0.51 "GET /v2.0/floatingips?tags-any=red%2Cblue HTTP/1.1" status: 200 len: 1866 time: 0.2741325
2026-07-09 17:59:13.553 9 INFO neutron.api.wsgi [req-eeb67aa7-4002-4fde-98f8-7b381650e5b8 req-3b187b64-7341-42a2-9811-ff39e938753b 0741a2ed56674886a5e8fcb76765dbae 057de55725cf4b129cf73beec8f45a42 - - default default] 10.0.0.153 "GET /v2.0/ports?device_id=e2588748-a9c1-4635-9076-b13a7656360f HTTP/1.1" status: 200 len: 1168 time: 0.0385497
2026-07-09 17:59:13.582 10 INFO neutron.api.wsgi [None req-5bbeb777-09ea-4c25-8812-999d2a16cbe4 1007e13430d7410bb387ca9b2c670745 5c1df033882949f2ac748704bb1adbc8 - - default default] 10.0.0.51 "GET /v2.0/floatingips?not-tags=red HTTP/1.1" status: 200 len: 1295 time: 0.0429499
2026-07-09 17:59:13.584 9 INFO neutron.api.wsgi [None req-d82f60a2-2da1-4a06-9603-0d9618e2a31f 6be4f32adf2b48f3ac44fd2c7fb812c2 2a934b936f824643a5f37096048bc5e0 - - default default] 10.0.0.51 "DELETE /v2.0/subnets/3f63946a-a0c8-4716-b479-d9ffcd08abb9 HTTP/1.1" status: 204 len: 168 time: 0.4868557
2026-07-09 17:59:13.611 9 INFO neutron.api.wsgi [req-eeb67aa7-4002-4fde-98f8-7b381650e5b8 req-d1e9ed72-cbfe-4321-9d7b-acfb8e73c20c 0741a2ed56674886a5e8fcb76765dbae 057de55725cf4b129cf73beec8f45a42 - - default default] 10.0.0.153 "GET /v2.0/security-groups?id=d3abaa99-c23e-4bb7-b07c-85bf37431290&fields=id&fields=name HTTP/1.1" status: 200 len: 312 time: 0.0496550
2026-07-09 17:59:13.624 9 INFO neutron.api.wsgi [None req-b6afa6e0-7662-4e10-b61f-4eb7c606e9e8 1007e13430d7410bb387ca9b2c670745 5c1df033882949f2ac748704bb1adbc8 - - default default] 10.0.0.51 "GET /v2.0/floatingips?not-tags=red%2Cblue HTTP/1.1" status: 200 len: 1838 time: 0.0353127
2026-07-09 17:59:13.666 9 INFO neutron.api.wsgi [None req-0d21122b-1a44-48af-b414-06b88231e38b 1007e13430d7410bb387ca9b2c670745 5c1df033882949f2ac748704bb1adbc8 - - default default] 10.0.0.51 "GET /v2.0/floatingips?not-tags-any=blue HTTP/1.1" status: 200 len: 1838 time: 0.0382061
2026-07-09 17:59:13.693 9 INFO neutron.api.wsgi [None req-2c583184-9ec9-441f-b5ea-419240a6cc72 1007e13430d7410bb387ca9b2c670745 5c1df033882949f2ac748704bb1adbc8 - - default default] 10.0.0.51 "GET /v2.0/floatingips?not-tags-any=red%2Cblue HTTP/1.1" status: 200 len: 1295 time: 0.0216715
2026-07-09 17:59:13.695 10 INFO neutron.api.wsgi [None req-a799c2be-0f2c-40e6-af02-d3cc3dffd7b3 72763e8a515a45ec9f3e39f2c594d8da cc4c9c5147ae41b09dd13a1515b7b550 - - default default] 10.0.0.8 "GET /v2.0/quotas/cc4c9c5147ae41b09dd13a1515b7b550/details HTTP/1.1" status: 200 len: 1046 time: 0.1491299
2026-07-09 17:59:13.741 10 INFO neutron.api.wsgi [None req-b77621c7-f279-48dd-a2d3-0a09fb1af0e0 6be4f32adf2b48f3ac44fd2c7fb812c2 2a934b936f824643a5f37096048bc5e0 - - default default] 10.0.0.51 "DELETE /v2.0/subnets/44faea73-97ef-4872-8ce8-0ad09fc67983 HTTP/1.1" status: 204 len: 168 time: 0.1517501
2026-07-09 17:59:13.975 9 INFO neutron.api.wsgi [None req-e9960534-98d6-4637-b38f-7fca28fe91c1 1007e13430d7410bb387ca9b2c670745 5c1df033882949f2ac748704bb1adbc8 - - default default] 10.0.0.51 "DELETE /v2.0/floatingips/69a6ea67-2059-43d4-889c-040356da543b HTTP/1.1" status: 204 len: 168 time: 0.2758496
2026-07-09 17:59:14.042 10 INFO neutron.services.segments.plugin [-] Segment c8758a19-ddb5-49a7-9938-c86941ac57ae resource provider aggregate not found
2026-07-09 17:59:14.046 10 INFO neutron.services.segments.plugin [-] Segment c8758a19-ddb5-49a7-9938-c86941ac57ae resource provider aggregate not found
2026-07-09 17:59:14.057 10 INFO neutron.services.segments.plugin [-] Segment c8758a19-ddb5-49a7-9938-c86941ac57ae resource provider not found; error: Placement Client Error (4xx): {"errors": [{"status": 404, "title": "Not Found", "detail": "The resource could not be found.\n\n No resource provider with uuid c8758a19-ddb5-49a7-9938-c86941ac57ae found for delete ", "request_id": "req-0406dc9d-6af8-47c2-b495-071cbf7f0ffe"}]}
2026-07-09 17:59:14.058 10 INFO neutron.services.segments.plugin [-] Segment c8758a19-ddb5-49a7-9938-c86941ac57ae resource provider not found; error: Placement Client Error (4xx): {"errors": [{"status": 404, "title": "Not Found", "detail": "The resource could not be found.\n\n No resource provider with uuid c8758a19-ddb5-49a7-9938-c86941ac57ae found for delete ", "request_id": "req-0cf906de-525b-4f6f-b9e2-c8b39a833eae"}]}
2026-07-09 17:59:14.068 10 INFO neutron.api.wsgi [None req-36cc0f78-e0c9-4f9b-a684-64151de50341 6be4f32adf2b48f3ac44fd2c7fb812c2 2a934b936f824643a5f37096048bc5e0 - - default default] 10.0.0.51 "DELETE /v2.0/networks/4ddcd1bf-31b3-4884-aa7f-2652bc1a502f HTTP/1.1" status: 204 len: 168 time: 0.3213184
2026-07-09 17:59:14.222 9 INFO neutron.api.wsgi [None req-32f107e6-9fe4-498b-addc-8d4d9652d662 1007e13430d7410bb387ca9b2c670745 5c1df033882949f2ac748704bb1adbc8 - - default default] 10.0.0.51 "DELETE /v2.0/floatingips/87102c6d-be3d-4048-b724-4d6233689fa5 HTTP/1.1" status: 204 len: 168 time: 0.2420743
2026-07-09 17:59:14.359 10 INFO neutron.api.wsgi [None req-98ad0bce-f645-4fe8-b9ba-4084558e1d2e 6be4f32adf2b48f3ac44fd2c7fb812c2 2a934b936f824643a5f37096048bc5e0 - - default default] 10.0.0.51 "DELETE /v2.0/networks/febb0cde-b21e-4e6a-9cc0-0d2e1d629340 HTTP/1.1" status: 204 len: 168 time: 0.2868159
2026-07-09 17:59:14.370 10 WARNING neutron_lib.context [None req-89a3b4f6-c95c-4fc0-8899-aa16242c17db 6be4f32adf2b48f3ac44fd2c7fb812c2 2a934b936f824643a5f37096048bc5e0 - - default default] Method 'is_advsvc' is deprecated since 2023.2 release (neutron-lib 3.8.0) and will be removed once support for the old RBAC API policies will be removed from Neutron. Please use method 'is_service_role' instead.
2026-07-09 17:59:14.462 10 INFO neutron.db.segments_db [None req-89a3b4f6-c95c-4fc0-8899-aa16242c17db 6be4f32adf2b48f3ac44fd2c7fb812c2 2a934b936f824643a5f37096048bc5e0 - - default default] Added segment 8ee0cf27-e77a-44f4-9154-cd4015b7cd84 of type geneve for network e5db2eba-6bf6-452e-a875-43fbe95a4573
2026-07-09 17:59:14.521 9 WARNING neutron.plugins.ml2.drivers.ovn.mech_driver.ovsdb.ovn_client [None req-5341e3b3-0cc4-4822-985e-b60194c92419 - - - - - -] No port found with ID 54d9fcf1-234c-40f0-be60-dadf0e95ad76: RuntimeError: No port found with ID 54d9fcf1-234c-40f0-be60-dadf0e95ad76
2026-07-09 17:59:14.554 9 INFO neutron.api.wsgi [None req-d5141898-8784-4182-b96b-11c0a21d6527 1007e13430d7410bb387ca9b2c670745 5c1df033882949f2ac748704bb1adbc8 - - default default] 10.0.0.51 "DELETE /v2.0/floatingips/c012602d-9e58-411e-a351-a97a3912368a HTTP/1.1" status: 204 len: 168 time: 0.3258934
2026-07-09 17:59:14.603 10 INFO neutron.db.ovn_revision_numbers_db [None req-89a3b4f6-c95c-4fc0-8899-aa16242c17db 6be4f32adf2b48f3ac44fd2c7fb812c2 2a934b936f824643a5f37096048bc5e0 - - default default] Successfully bumped revision number for resource e5db2eba-6bf6-452e-a875-43fbe95a4573 (type: networks) to 1
2026-07-09 17:59:14.773 10 WARNING neutron.scheduler.dhcp_agent_scheduler [None req-89a3b4f6-c95c-4fc0-8899-aa16242c17db 6be4f32adf2b48f3ac44fd2c7fb812c2 2a934b936f824643a5f37096048bc5e0 - - default default] No more DHCP agents
2026-07-09 17:59:14.774 10 WARNING neutron.api.rpc.agentnotifiers.dhcp_rpc_agent_api [None req-89a3b4f6-c95c-4fc0-8899-aa16242c17db 6be4f32adf2b48f3ac44fd2c7fb812c2 2a934b936f824643a5f37096048bc5e0 - - default default] Unable to schedule network e5db2eba-6bf6-452e-a875-43fbe95a4573: no agents available; will retry on subsequent port and subnet creation events.
2026-07-09 17:59:14.838 10 INFO neutron.db.ovn_revision_numbers_db [None req-89a3b4f6-c95c-4fc0-8899-aa16242c17db 6be4f32adf2b48f3ac44fd2c7fb812c2 2a934b936f824643a5f37096048bc5e0 - - default default] Successfully bumped revision number for resource 548c6756-fc16-4954-ae9e-2fc734305e8b (type: ports) to 1
2026-07-09 17:59:14.865 10 INFO neutron.api.wsgi [None req-89a3b4f6-c95c-4fc0-8899-aa16242c17db 6be4f32adf2b48f3ac44fd2c7fb812c2 2a934b936f824643a5f37096048bc5e0 - - default default] 10.0.0.51 "POST /v2.0/networks HTTP/1.1" status: 201 len: 828 time: 0.4985659
2026-07-09 17:59:14.876 9 WARNING neutron_lib.context [None req-4c1141ac-2724-4ce5-b4a2-21409d5b743a 6be4f32adf2b48f3ac44fd2c7fb812c2 2a934b936f824643a5f37096048bc5e0 - - default default] Method 'is_advsvc' is deprecated since 2023.2 release (neutron-lib 3.8.0) and will be removed once support for the old RBAC API policies will be removed from Neutron. Please use method 'is_service_role' instead.
2026-07-09 17:59:14.882 10 INFO neutron.api.wsgi [None req-9de04a68-448e-4382-82a1-b96b29c54022 1007e13430d7410bb387ca9b2c670745 5c1df033882949f2ac748704bb1adbc8 - - default default] 10.0.0.51 "DELETE /v2.0/floatingips/204b5e29-1900-4c6d-a421-3feede0db4d1 HTTP/1.1" status: 204 len: 168 time: 0.3225324
2026-07-09 17:59:15.057 9 WARNING neutron.scheduler.dhcp_agent_scheduler [None req-4c1141ac-2724-4ce5-b4a2-21409d5b743a 6be4f32adf2b48f3ac44fd2c7fb812c2 2a934b936f824643a5f37096048bc5e0 - - default default] No more DHCP agents
2026-07-09 17:59:15.063 9 WARNING neutron.api.rpc.agentnotifiers.dhcp_rpc_agent_api [None req-4c1141ac-2724-4ce5-b4a2-21409d5b743a 6be4f32adf2b48f3ac44fd2c7fb812c2 2a934b936f824643a5f37096048bc5e0 - - default default] Unable to schedule network e5db2eba-6bf6-452e-a875-43fbe95a4573: no agents available; will retry on subsequent port and subnet creation events.
2026-07-09 17:59:15.142 10 INFO neutron.api.wsgi [None req-a26d3319-11bc-41f4-a11a-29350420184d 1007e13430d7410bb387ca9b2c670745 5c1df033882949f2ac748704bb1adbc8 - - default default] 10.0.0.51 "DELETE /v2.0/floatingips/60a9ba74-108c-46a2-b97b-837557cccec7 HTTP/1.1" status: 204 len: 168 time: 0.2553151
2026-07-09 17:59:15.481 9 INFO neutron.db.ovn_revision_numbers_db [None req-30fb3c60-d3d0-43fe-a1d8-d06217fe5a85 - - - - - -] Successfully bumped revision number for resource 548c6756-fc16-4954-ae9e-2fc734305e8b (type: ports) to 2
2026-07-09 17:59:15.529 9 INFO neutron.db.ovn_revision_numbers_db [None req-30fb3c60-d3d0-43fe-a1d8-d06217fe5a85 - - - - - -] Successfully bumped revision number for resource 6751e4d2-43e4-4f94-936d-8b5e41b88623 (type: subnets) to 0
2026-07-09 17:59:15.544 9 INFO neutron.api.wsgi [None req-4c1141ac-2724-4ce5-b4a2-21409d5b743a 6be4f32adf2b48f3ac44fd2c7fb812c2 2a934b936f824643a5f37096048bc5e0 - - default default] 10.0.0.51 "POST /v2.0/subnets HTTP/1.1" status: 201 len: 825 time: 0.6734746
2026-07-09 17:59:15.554 9 WARNING neutron_lib.context [None req-9a417586-b50d-4769-ad21-9d3c7639982e 6be4f32adf2b48f3ac44fd2c7fb812c2 2a934b936f824643a5f37096048bc5e0 - - default default] Method 'is_advsvc' is deprecated since 2023.2 release (neutron-lib 3.8.0) and will be removed once support for the old RBAC API policies will be removed from Neutron. Please use method 'is_service_role' instead.
2026-07-09 17:59:15.682 9 INFO neutron.db.ovn_revision_numbers_db [None req-9a417586-b50d-4769-ad21-9d3c7639982e 6be4f32adf2b48f3ac44fd2c7fb812c2 2a934b936f824643a5f37096048bc5e0 - - default default] Successfully bumped revision number for resource 1b221daf-a983-4cda-8eed-df40b388bb1f (type: routers) to 1
2026-07-09 17:59:15.697 9 INFO neutron.api.wsgi [None req-9a417586-b50d-4769-ad21-9d3c7639982e 6be4f32adf2b48f3ac44fd2c7fb812c2 2a934b936f824643a5f37096048bc5e0 - - default default] 10.0.0.51 "POST /v2.0/routers HTTP/1.1" status: 201 len: 801 time: 0.1473036
2026-07-09 17:59:15.715 9 WARNING neutron_lib.context [None req-9c0d470f-3836-4bde-b6e5-c20291b4ed26 6be4f32adf2b48f3ac44fd2c7fb812c2 2a934b936f824643a5f37096048bc5e0 - - default default] Method 'is_advsvc' is deprecated since 2023.2 release (neutron-lib 3.8.0) and will be removed once support for the old RBAC API policies will be removed from Neutron. Please use method 'is_service_role' instead.
2026-07-09 17:59:16.008 9 WARNING neutron.scheduler.dhcp_agent_scheduler [None req-9c0d470f-3836-4bde-b6e5-c20291b4ed26 6be4f32adf2b48f3ac44fd2c7fb812c2 2a934b936f824643a5f37096048bc5e0 - - default default] No more DHCP agents
2026-07-09 17:59:16.009 9 WARNING neutron.api.rpc.agentnotifiers.dhcp_rpc_agent_api [None req-9c0d470f-3836-4bde-b6e5-c20291b4ed26 6be4f32adf2b48f3ac44fd2c7fb812c2 2a934b936f824643a5f37096048bc5e0 - - default default] Unable to schedule network e5db2eba-6bf6-452e-a875-43fbe95a4573: no agents available; will retry on subsequent port and subnet creation events. /var/lib/openstack/lib/python3.12/site-packages/pycadf/identifier.py:71: UserWarning: Invalid uuid: neutron. To ensure interoperability, identifiers should be a valid uuid. warnings.warn(('Invalid uuid: %s. To ensure interoperability, '
2026-07-09 17:59:16.046 9 INFO neutron.api.wsgi [None req-276399d3-054a-4ef3-9a06-b04bfaa1d340 72763e8a515a45ec9f3e39f2c594d8da cc4c9c5147ae41b09dd13a1515b7b550 - - default default] 10.0.0.8 "GET /v2.0/extensions HTTP/1.1" status: 200 len: 19298 time: 0.0058591
2026-07-09 17:59:16.079 10 INFO neutron.services.segments.plugin [-] Segment c1301a44-5d5e-436b-af52-78f389e6cf73 resource provider aggregate not found
2026-07-09 17:59:16.084 10 INFO neutron.services.segments.plugin [-] Segment c1301a44-5d5e-436b-af52-78f389e6cf73 resource provider aggregate not found
2026-07-09 17:59:16.090 10 INFO neutron.services.segments.plugin [-] Segment c1301a44-5d5e-436b-af52-78f389e6cf73 resource provider not found; error: Placement Client Error (4xx): {"errors": [{"status": 404, "title": "Not Found", "detail": "The resource could not be found.\n\n No resource provider with uuid c1301a44-5d5e-436b-af52-78f389e6cf73 found for delete ", "request_id": "req-01d90b8b-a87b-4a1f-a15c-fb95fbe3b198"}]}
2026-07-09 17:59:16.098 10 INFO neutron.services.segments.plugin [-] Segment c1301a44-5d5e-436b-af52-78f389e6cf73 resource provider not found; error: Placement Client Error (4xx): {"errors": [{"status": 404, "title": "Not Found", "detail": "The resource could not be found.\n\n No resource provider with uuid c1301a44-5d5e-436b-af52-78f389e6cf73 found for delete ", "request_id": "req-02e114e3-f3c5-4e69-849c-f40377cd90cc"}]}
2026-07-09 17:59:16.153 9 INFO neutron.db.ovn_revision_numbers_db [None req-9c0d470f-3836-4bde-b6e5-c20291b4ed26 6be4f32adf2b48f3ac44fd2c7fb812c2 2a934b936f824643a5f37096048bc5e0 - - default default] Successfully bumped revision number for resource ed697d35-299f-4afe-a7d2-08e90d174c3a (type: ports) to 1
2026-07-09 17:59:16.159 10 INFO neutron.api.wsgi [None req-3e64358b-aeed-434c-9c8d-fbe3511608e8 72763e8a515a45ec9f3e39f2c594d8da cc4c9c5147ae41b09dd13a1515b7b550 - - default default] 10.0.0.8 "GET /v2.0/quotas/cc4c9c5147ae41b09dd13a1515b7b550/details HTTP/1.1" status: 200 len: 1046 time: 0.1010501
2026-07-09 17:59:16.179 9 INFO neutron.api.wsgi [None req-9c0d470f-3836-4bde-b6e5-c20291b4ed26 6be4f32adf2b48f3ac44fd2c7fb812c2 2a934b936f824643a5f37096048bc5e0 - - default default] 10.0.0.51 "POST /v2.0/ports HTTP/1.1" status: 201 len: 1150 time: 0.4677098
2026-07-09 17:59:16.254 10 INFO neutron.db.ovn_revision_numbers_db [None req-5b4d674d-4af1-4c0c-ab42-92a3add37d60 3d0a4e806cef49efac1dd0c018aaa51c df982a7d6cb34491a2a24edfc2ec3610 - - default default] Successfully bumped revision number for resource fd8c161d-d374-45b2-8f72-baadc50e224f (type: security_groups) to 1
2026-07-09 17:59:16.268 10 INFO neutron.db.ovn_revision_numbers_db [None req-5b4d674d-4af1-4c0c-ab42-92a3add37d60 3d0a4e806cef49efac1dd0c018aaa51c df982a7d6cb34491a2a24edfc2ec3610 - - default default] Successfully bumped revision number for resource 07109484-4651-45ee-8bc7-94793a4583ef (type: security_group_rules) to 0
2026-07-09 17:59:16.280 10 INFO neutron.db.ovn_revision_numbers_db [None req-5b4d674d-4af1-4c0c-ab42-92a3add37d60 3d0a4e806cef49efac1dd0c018aaa51c df982a7d6cb34491a2a24edfc2ec3610 - - default default] Successfully bumped revision number for resource a19b0d6f-0019-4cdb-abbc-e3716172e713 (type: security_group_rules) to 0
2026-07-09 17:59:16.296 10 INFO neutron.db.ovn_revision_numbers_db [None req-5b4d674d-4af1-4c0c-ab42-92a3add37d60 3d0a4e806cef49efac1dd0c018aaa51c df982a7d6cb34491a2a24edfc2ec3610 - - default default] Successfully bumped revision number for resource a4f03407-1c8d-413b-857a-b182dfa4db7e (type: security_group_rules) to 0
2026-07-09 17:59:16.297 10 WARNING neutron.plugins.ml2.drivers.ovn.mech_driver.ovsdb.ovn_client [None req-5f592c44-f9ef-4a3d-9209-0ce9e669f6e9 - - - - - -] No port found with ID b11d97c6-6310-479f-8f6f-ec6caaeae59b: RuntimeError: No port found with ID b11d97c6-6310-479f-8f6f-ec6caaeae59b
2026-07-09 17:59:16.313 10 INFO neutron.plugins.ml2.drivers.ovn.mech_driver.mech_driver [None req-5f592c44-f9ef-4a3d-9209-0ce9e669f6e9 - - - - - -] OVN reports status up for port: 6e2ce386-dcee-4833-af09-594084faa94e
2026-07-09 17:59:16.318 10 INFO neutron.db.ovn_revision_numbers_db [None req-5b4d674d-4af1-4c0c-ab42-92a3add37d60 3d0a4e806cef49efac1dd0c018aaa51c df982a7d6cb34491a2a24edfc2ec3610 - - default default] Successfully bumped revision number for resource a977d32a-191c-47a9-997f-2473b778be2f (type: security_group_rules) to 0
2026-07-09 17:59:16.324 10 INFO neutron.plugins.ml2.plugin [None req-5f592c44-f9ef-4a3d-9209-0ce9e669f6e9 - - - - - -] Attempt 1 to provision port 6e2ce386-dcee-4833-af09-594084faa94e
2026-07-09 17:59:16.364 10 INFO neutron.api.wsgi [None req-5b4d674d-4af1-4c0c-ab42-92a3add37d60 3d0a4e806cef49efac1dd0c018aaa51c df982a7d6cb34491a2a24edfc2ec3610 - - default default] 10.0.0.51 "GET /v2.0/security-groups?tenant_id=267b6e9d886b4c7bb29bda0ef9a81e7e&name=default HTTP/1.1" status: 200 len: 3120 time: 0.3277295
2026-07-09 17:59:16.484 10 INFO neutron.notifiers.nova [-] Nova event matching ['req-c32909d9-16bb-4c14-a5f5-521053df08ce'] response: {'server_uuid': 'e2588748-a9c1-4635-9076-b13a7656360f', 'name': 'network-vif-plugged', 'status': 'completed', 'tag': '6e2ce386-dcee-4833-af09-594084faa94e', 'code': 200}
2026-07-09 17:59:16.612 10 INFO neutron.db.ovn_revision_numbers_db [None req-5f592c44-f9ef-4a3d-9209-0ce9e669f6e9 - - - - - -] Successfully bumped revision number for resource 6e2ce386-dcee-4833-af09-594084faa94e (type: ports) to 7
2026-07-09 17:59:16.615 10 INFO neutron.api.wsgi [None req-06e67922-cc76-495e-a015-48a6ae9f6233 3d0a4e806cef49efac1dd0c018aaa51c df982a7d6cb34491a2a24edfc2ec3610 - - default default] 10.0.0.51 "DELETE /v2.0/security-groups/fd8c161d-d374-45b2-8f72-baadc50e224f HTTP/1.1" status: 204 len: 168 time: 0.2463419
2026-07-09 17:59:16.621 9 INFO neutron.plugins.ml2.drivers.ovn.mech_driver.mech_driver [None req-5341e3b3-0cc4-4822-985e-b60194c92419 - - - - - -] OVN reports status up for port: ed697d35-299f-4afe-a7d2-08e90d174c3a
2026-07-09 17:59:16.634 9 INFO neutron.plugins.ml2.plugin [None req-5341e3b3-0cc4-4822-985e-b60194c92419 - - - - - -] Attempt 1 to provision port ed697d35-299f-4afe-a7d2-08e90d174c3a
2026-07-09 17:59:16.651 9 INFO neutron.db.ovn_revision_numbers_db [None req-a9941147-1e08-4cce-8887-4955921d250d 6be4f32adf2b48f3ac44fd2c7fb812c2 2a934b936f824643a5f37096048bc5e0 - - default default] Successfully bumped revision number for resource ed697d35-299f-4afe-a7d2-08e90d174c3a (type: ports) to 2 /var/lib/openstack/lib/python3.12/site-packages/pycadf/identifier.py:71: UserWarning: Invalid uuid: neutron. To ensure interoperability, identifiers should be a valid uuid. warnings.warn(('Invalid uuid: %s. To ensure interoperability, '
2026-07-09 17:59:16.817 10 INFO neutron.db.ovn_revision_numbers_db [None req-fb6aa337-c577-4dfa-b965-e14286c7fce4 3d0a4e806cef49efac1dd0c018aaa51c df982a7d6cb34491a2a24edfc2ec3610 - - default default] Successfully bumped revision number for resource 9584911b-c9ff-4d77-8ddc-8ac994a034c3 (type: security_groups) to 1
2026-07-09 17:59:16.831 10 INFO neutron.db.ovn_revision_numbers_db [None req-fb6aa337-c577-4dfa-b965-e14286c7fce4 3d0a4e806cef49efac1dd0c018aaa51c df982a7d6cb34491a2a24edfc2ec3610 - - default default] Successfully bumped revision number for resource 9f3eccf9-be34-449a-9237-5a885263868c (type: security_group_rules) to 0
2026-07-09 17:59:16.843 10 INFO neutron.db.ovn_revision_numbers_db [None req-fb6aa337-c577-4dfa-b965-e14286c7fce4 3d0a4e806cef49efac1dd0c018aaa51c df982a7d6cb34491a2a24edfc2ec3610 - - default default] Successfully bumped revision number for resource b59267a4-8e7f-4549-8310-e7e87a1b62df (type: security_group_rules) to 0
2026-07-09 17:59:16.857 10 INFO neutron.db.ovn_revision_numbers_db [None req-fb6aa337-c577-4dfa-b965-e14286c7fce4 3d0a4e806cef49efac1dd0c018aaa51c df982a7d6cb34491a2a24edfc2ec3610 - - default default] Successfully bumped revision number for resource d5bdcd40-c486-4fb0-a493-d39a310be1dc (type: security_group_rules) to 0
2026-07-09 17:59:16.869 10 INFO neutron.db.ovn_revision_numbers_db [None req-fb6aa337-c577-4dfa-b965-e14286c7fce4 3d0a4e806cef49efac1dd0c018aaa51c df982a7d6cb34491a2a24edfc2ec3610 - - default default] Successfully bumped revision number for resource fe8af8d5-5097-4be9-b10f-75ff686457d0 (type: security_group_rules) to 0
2026-07-09 17:59:16.906 10 INFO neutron.api.wsgi [None req-fb6aa337-c577-4dfa-b965-e14286c7fce4 3d0a4e806cef49efac1dd0c018aaa51c df982a7d6cb34491a2a24edfc2ec3610 - - default default] 10.0.0.51 "GET /v2.0/security-groups?tenant_id=5c1df033882949f2ac748704bb1adbc8&name=default HTTP/1.1" status: 200 len: 3120 time: 0.2036853
2026-07-09 17:59:17.060 9 INFO neutron.db.ovn_revision_numbers_db [None req-5341e3b3-0cc4-4822-985e-b60194c92419 - - - - - -] Successfully bumped revision number for resource ed697d35-299f-4afe-a7d2-08e90d174c3a (type: ports) to 3
2026-07-09 17:59:17.092 10 INFO neutron.api.wsgi [None req-ad9335a8-4850-40ae-bb52-e89ef9b3afa6 3d0a4e806cef49efac1dd0c018aaa51c df982a7d6cb34491a2a24edfc2ec3610 - - default default] 10.0.0.51 "DELETE /v2.0/security-groups/9584911b-c9ff-4d77-8ddc-8ac994a034c3 HTTP/1.1" status: 204 len: 168 time: 0.1808975
2026-07-09 17:59:17.235 9 INFO neutron.db.ovn_revision_numbers_db [None req-a9941147-1e08-4cce-8887-4955921d250d 6be4f32adf2b48f3ac44fd2c7fb812c2 2a934b936f824643a5f37096048bc5e0 - - default default] Successfully bumped revision number for resource ed697d35-299f-4afe-a7d2-08e90d174c3a (type: ports) to 3
2026-07-09 17:59:17.277 9 WARNING neutron.scheduler.dhcp_agent_scheduler [None req-a9941147-1e08-4cce-8887-4955921d250d 6be4f32adf2b48f3ac44fd2c7fb812c2 2a934b936f824643a5f37096048bc5e0 - - default default] No more DHCP agents
