2026-07-09 18:00:42.830 10 INFO neutron.api.wsgi [None req-4225234e-61e9-4fee-bfcf-b09645c46e14 9de0821831794f88af6f0a08390733c4 5567e98d1772477e856c3d8b4d8ed2c1 - - default default] 10.0.0.51 "DELETE /v2.0/networks/39920631-c068-4eb9-99c4-f847e1805a45 HTTP/1.1" status: 404 len: 339 time: 0.0115144
2026-07-09 18:00:42.842 9 INFO neutron.api.wsgi [req-49c820b8-90dc-4678-adee-356daf5dae96 req-6c50b2f3-1627-4eec-b03c-5af6a4da4215 dceb1aff0f84414791e5544351ab2b87 e209a62b94834fb0a2ba7f7b8568eded - - default default] 10.0.0.153 "GET /v2.0/security-groups?name=tempest-lb_member_SG-243841684&fields=id&tenant_id=e209a62b94834fb0a2ba7f7b8568eded HTTP/1.1" status: 200 len: 267 time: 0.0363123
2026-07-09 18:00:42.853 9 INFO neutron.api.wsgi [None req-9535d086-d120-48ec-a207-9ab999e6d1db 91e1a8ae7a0245bba5cf928292065aff 23416d24eca343dcbfcda28fe5cbef07 - - default default] 10.0.0.51 "POST /v2.0/qos/policies HTTP/1.1" status: 201 len: 558 time: 0.0540311
2026-07-09 18:00:42.900 9 INFO neutron.api.wsgi [req-49c820b8-90dc-4678-adee-356daf5dae96 req-c9c0c759-6469-406b-b552-b514ee37f11c dceb1aff0f84414791e5544351ab2b87 e209a62b94834fb0a2ba7f7b8568eded - - default default] 10.0.0.153 "GET /v2.0/networks?id=7f471104-c679-49c3-bc5a-e7df1f39d2ed HTTP/1.1" status: 200 len: 903 time: 0.0515568
2026-07-09 18:00:42.911 10 INFO neutron.api.wsgi [None req-60883a4e-e27c-44c3-8c3f-232c92987b36 91e1a8ae7a0245bba5cf928292065aff 23416d24eca343dcbfcda28fe5cbef07 - - default default] 10.0.0.51 "POST /v2.0/qos/policies HTTP/1.1" status: 201 len: 558 time: 0.0519137
2026-07-09 18:00:42.919 9 INFO neutron.api.wsgi [req-49c820b8-90dc-4678-adee-356daf5dae96 req-8569d743-74e8-4d6c-b7cf-03389f4ea461 dceb1aff0f84414791e5544351ab2b87 e209a62b94834fb0a2ba7f7b8568eded - - default default] 10.0.0.153 "GET /v2.0/quotas/e209a62b94834fb0a2ba7f7b8568eded HTTP/1.1" status: 200 len: 491 time: 0.0115807
2026-07-09 18:00:42.955 10 INFO neutron.api.wsgi [None req-25d2fbb5-3ebb-4a16-9065-a4854e372bcc 91e1a8ae7a0245bba5cf928292065aff 23416d24eca343dcbfcda28fe5cbef07 - - default default] 10.0.0.51 "POST /v2.0/qos/policies HTTP/1.1" status: 201 len: 558 time: 0.0394688
2026-07-09 18:00:43.008 10 INFO neutron.api.wsgi [None req-b2c72383-b004-4713-9472-85f7f591b4c7 91e1a8ae7a0245bba5cf928292065aff 23416d24eca343dcbfcda28fe5cbef07 - - default default] 10.0.0.51 "POST /v2.0/qos/policies HTTP/1.1" status: 201 len: 558 time: 0.0482497
2026-07-09 18:00:43.041 10 INFO neutron.api.wsgi [None req-f6f9a8a1-95d6-43de-ad01-97b4a16717f8 91e1a8ae7a0245bba5cf928292065aff 23416d24eca343dcbfcda28fe5cbef07 - - default default] 10.0.0.51 "PUT /v2.0/policies/11bba0f3-9d49-40ea-93d3-f1aea7ab0b83/tags HTTP/1.1" status: 200 len: 210 time: 0.0285859
2026-07-09 18:00:43.049 9 INFO neutron.api.wsgi [None req-544d845a-ffef-4eb4-9c25-da3db11e9078 9de0821831794f88af6f0a08390733c4 5567e98d1772477e856c3d8b4d8ed2c1 - - default default] 10.0.0.51 "DELETE /v2.0/subnets/be29a395-76e8-49e7-a02e-9a26d268e97b HTTP/1.1" status: 204 len: 168 time: 0.2139294
2026-07-09 18:00:43.057 9 INFO neutron.api.wsgi [req-49c820b8-90dc-4678-adee-356daf5dae96 req-ba2b0ad6-5437-4d80-9b6b-93f9f9a6390c dceb1aff0f84414791e5544351ab2b87 e209a62b94834fb0a2ba7f7b8568eded - - default default] 10.0.0.153 "GET /v2.0/ports?tenant_id=e209a62b94834fb0a2ba7f7b8568eded&fields=id HTTP/1.1" status: 200 len: 532 time: 0.1324620
2026-07-09 18:00:43.089 10 INFO neutron.api.wsgi [None req-47ad012d-d0ae-4ce0-a2ca-5b389a6c71d7 91e1a8ae7a0245bba5cf928292065aff 23416d24eca343dcbfcda28fe5cbef07 - - default default] 10.0.0.51 "PUT /v2.0/policies/cf8609cd-4c52-4614-986c-2c93c00d2c1f/tags HTTP/1.1" status: 200 len: 218 time: 0.0416040
2026-07-09 18:00:43.126 9 INFO neutron.api.wsgi [None req-c3fe4045-eb5e-47c4-b17e-20d3311e592a 91e1a8ae7a0245bba5cf928292065aff 23416d24eca343dcbfcda28fe5cbef07 - - default default] 10.0.0.51 "PUT /v2.0/policies/19070d40-b769-4c4f-b4ca-e08fb3ace1cc/tags HTTP/1.1" status: 200 len: 227 time: 0.0319757
2026-07-09 18:00:43.129 9 INFO neutron.api.wsgi [req-49c820b8-90dc-4678-adee-356daf5dae96 req-268cea2c-1edd-4e09-bc16-2d8ce5e57432 222cd1e9578443fdae09d6f4ffb0dd42 cd3cc71ffae94598b89e9d21d8b4c5b7 - - 98e1159022044bc0a3d9ba4ffbefa336 98e1159022044bc0a3d9ba4ffbefa336] 10.0.0.153 "GET /v2.0/networks/7f471104-c679-49c3-bc5a-e7df1f39d2ed?fields=segments HTTP/1.1" status: 200 len: 212 time: 0.0581448
2026-07-09 18:00:43.169 10 INFO neutron.api.wsgi [None req-83fce66e-fbf2-4f19-b045-17f71d987981 91e1a8ae7a0245bba5cf928292065aff 23416d24eca343dcbfcda28fe5cbef07 - - default default] 10.0.0.51 "PUT /v2.0/policies/578d568d-afa9-40a5-80dc-872469f2a5e0/tags HTTP/1.1" status: 200 len: 212 time: 0.0356557
2026-07-09 18:00:43.175 9 INFO neutron.api.wsgi [req-49c820b8-90dc-4678-adee-356daf5dae96 req-2824f221-692b-45bb-a304-feed0a1d5d3d 222cd1e9578443fdae09d6f4ffb0dd42 cd3cc71ffae94598b89e9d21d8b4c5b7 - - 98e1159022044bc0a3d9ba4ffbefa336 98e1159022044bc0a3d9ba4ffbefa336] 10.0.0.153 "GET /v2.0/networks/7f471104-c679-49c3-bc5a-e7df1f39d2ed?fields=provider%3Aphysical_network&fields=provider%3Anetwork_type HTTP/1.1" status: 200 len: 277 time: 0.0369880
2026-07-09 18:00:43.328 10 INFO neutron.api.wsgi [req-f4bec38e-56fa-41a1-b10c-1d4abacee38a req-e123691d-3360-4643-b081-ac6977a04370 dceb1aff0f84414791e5544351ab2b87 e209a62b94834fb0a2ba7f7b8568eded - - default default] 10.0.0.153 "GET /v2.0/ports?device_id=ac0c3cb2-be1f-42f0-a112-475ca92db1b3 HTTP/1.1" status: 200 len: 210 time: 0.0306199
2026-07-09 18:00:43.346 10 INFO neutron.api.wsgi [req-d40bf2b8-b018-4f7e-ae35-165e0d8a4e0b req-09e32c4f-f2bc-49c2-83ed-b505663b5ddd 222cd1e9578443fdae09d6f4ffb0dd42 cd3cc71ffae94598b89e9d21d8b4c5b7 - - 98e1159022044bc0a3d9ba4ffbefa336 98e1159022044bc0a3d9ba4ffbefa336] 199.19.213.95 "GET /v2.0/ports?tenant_id=e209a62b94834fb0a2ba7f7b8568eded&device_id=042f43e3-1f4d-4099-bb52-fd2170a5cf41 HTTP/1.1" status: 200 len: 1630 time: 0.0736797
2026-07-09 18:00:43.436 10 INFO neutron.api.wsgi [req-d40bf2b8-b018-4f7e-ae35-165e0d8a4e0b req-d92404f5-d7fa-4b8f-a5f2-790e56f25bf4 222cd1e9578443fdae09d6f4ffb0dd42 cd3cc71ffae94598b89e9d21d8b4c5b7 - - 98e1159022044bc0a3d9ba4ffbefa336 98e1159022044bc0a3d9ba4ffbefa336] 199.19.213.95 "GET /v2.0/networks?id=bdbefae4-ea83-40db-9883-bad6be944377 HTTP/1.1" status: 200 len: 1002 time: 0.0860441
2026-07-09 18:00:43.494 10 INFO neutron.api.wsgi [req-d40bf2b8-b018-4f7e-ae35-165e0d8a4e0b req-c0046130-b686-40bf-9877-607f1d874c92 222cd1e9578443fdae09d6f4ffb0dd42 cd3cc71ffae94598b89e9d21d8b4c5b7 - - 98e1159022044bc0a3d9ba4ffbefa336 98e1159022044bc0a3d9ba4ffbefa336] 199.19.213.95 "GET /v2.0/floatingips?fixed_ip_address=10.2.1.3&port_id=3dfa1c3d-f33c-4f9c-a418-f1c8773a8413 HTTP/1.1" status: 200 len: 1057 time: 0.0531638
2026-07-09 18:00:43.528 10 INFO neutron.api.wsgi [req-d40bf2b8-b018-4f7e-ae35-165e0d8a4e0b req-4783b824-d479-4b50-83d0-b1c418fbec3f 222cd1e9578443fdae09d6f4ffb0dd42 cd3cc71ffae94598b89e9d21d8b4c5b7 - - 98e1159022044bc0a3d9ba4ffbefa336 98e1159022044bc0a3d9ba4ffbefa336] 199.19.213.95 "GET /v2.0/floatingips?fixed_ip_address=fd7b%3Af9f7%3Afff%3A4eca%3A%3A3c2&port_id=3dfa1c3d-f33c-4f9c-a418-f1c8773a8413 HTTP/1.1" status: 200 len: 217 time: 0.0232434
2026-07-09 18:00:43.564 10 INFO neutron.api.wsgi [req-d40bf2b8-b018-4f7e-ae35-165e0d8a4e0b req-38546198-9c30-40f3-bf9e-b66ebdbc927c 222cd1e9578443fdae09d6f4ffb0dd42 cd3cc71ffae94598b89e9d21d8b4c5b7 - - 98e1159022044bc0a3d9ba4ffbefa336 98e1159022044bc0a3d9ba4ffbefa336] 199.19.213.95 "GET /v2.0/subnets?id=993cf700-4361-4539-98ba-7effcfa7342a&id=833d16a1-9c0a-4eb0-a319-9c8e42a67369 HTTP/1.1" status: 200 len: 1610 time: 0.0295041
2026-07-09 18:00:43.578 10 INFO neutron.api.wsgi [None req-0a369d9c-7637-4b45-a380-72b961d9107b 9de0821831794f88af6f0a08390733c4 5567e98d1772477e856c3d8b4d8ed2c1 - - default default] 10.0.0.51 "DELETE /v2.0/networks/402f4d3c-e603-4480-b22d-31166bf8bb24 HTTP/1.1" status: 204 len: 168 time: 0.5229521
2026-07-09 18:00:43.593 10 INFO neutron.api.wsgi [req-d40bf2b8-b018-4f7e-ae35-165e0d8a4e0b req-76fc1a4a-dc63-4adf-a09c-61f10d7faf30 222cd1e9578443fdae09d6f4ffb0dd42 cd3cc71ffae94598b89e9d21d8b4c5b7 - - 98e1159022044bc0a3d9ba4ffbefa336 98e1159022044bc0a3d9ba4ffbefa336] 199.19.213.95 "GET /v2.0/ports?network_id=bdbefae4-ea83-40db-9883-bad6be944377&device_owner=network%3Adhcp HTTP/1.1" status: 200 len: 210 time: 0.0224776
2026-07-09 18:00:43.617 10 INFO neutron.api.wsgi [req-d40bf2b8-b018-4f7e-ae35-165e0d8a4e0b req-fb1ef592-c022-4825-a4c6-50701da58f22 222cd1e9578443fdae09d6f4ffb0dd42 cd3cc71ffae94598b89e9d21d8b4c5b7 - - 98e1159022044bc0a3d9ba4ffbefa336 98e1159022044bc0a3d9ba4ffbefa336] 199.19.213.95 "GET /v2.0/ports?network_id=bdbefae4-ea83-40db-9883-bad6be944377&device_owner=network%3Adhcp HTTP/1.1" status: 200 len: 210 time: 0.0182154
2026-07-09 18:00:43.664 10 INFO neutron.api.wsgi [req-d40bf2b8-b018-4f7e-ae35-165e0d8a4e0b req-b054a392-b5a5-4b06-b4ff-f6837ca3ef1a 222cd1e9578443fdae09d6f4ffb0dd42 cd3cc71ffae94598b89e9d21d8b4c5b7 - - 98e1159022044bc0a3d9ba4ffbefa336 98e1159022044bc0a3d9ba4ffbefa336] 199.19.213.95 "GET /v2.0/networks/bdbefae4-ea83-40db-9883-bad6be944377?fields=segments HTTP/1.1" status: 200 len: 212 time: 0.0421045
2026-07-09 18:00:43.720 10 INFO neutron.api.wsgi [req-d40bf2b8-b018-4f7e-ae35-165e0d8a4e0b req-868ec90a-80a9-42b6-80c1-0488261144c0 222cd1e9578443fdae09d6f4ffb0dd42 cd3cc71ffae94598b89e9d21d8b4c5b7 - - 98e1159022044bc0a3d9ba4ffbefa336 98e1159022044bc0a3d9ba4ffbefa336] 199.19.213.95 "GET /v2.0/networks/bdbefae4-ea83-40db-9883-bad6be944377?fields=provider%3Aphysical_network&fields=provider%3Anetwork_type HTTP/1.1" status: 200 len: 277 time: 0.0502179
2026-07-09 18:00:43.846 9 INFO neutron.api.wsgi [None req-2d7d3cfc-7365-480a-aaa6-06aa02014baa d7e3403ce4d5436cbb9bba6676d11a74 a4f5fb6021044465be7bed6eae678a01 - - default default] 10.0.0.51 "GET /v2.0/qos/policies?tags=red HTTP/1.1" status: 200 len: 1296 time: 0.2941124
2026-07-09 18:00:43.904 9 INFO neutron.api.wsgi [None req-dec0c64f-b237-4dae-86e6-0b634825d6fd d7e3403ce4d5436cbb9bba6676d11a74 a4f5fb6021044465be7bed6eae678a01 - - default default] 10.0.0.51 "GET /v2.0/qos/policies?tags=red%2Cblue HTTP/1.1" status: 200 len: 941 time: 0.0517886
2026-07-09 18:00:43.957 9 INFO neutron.api.wsgi [None req-27cafbcd-bea4-4fce-bb43-ab4be21ebebf d7e3403ce4d5436cbb9bba6676d11a74 a4f5fb6021044465be7bed6eae678a01 - - default default] 10.0.0.51 "GET /v2.0/qos/policies?tags-any=blue HTTP/1.1" status: 200 len: 941 time: 0.0463951
2026-07-09 18:00:44.029 9 INFO neutron.api.wsgi [None req-6bb011a0-e392-4c1d-979b-c195385642a1 d7e3403ce4d5436cbb9bba6676d11a74 a4f5fb6021044465be7bed6eae678a01 - - default default] 10.0.0.51 "GET /v2.0/qos/policies?tags-any=red%2Cblue HTTP/1.1" status: 200 len: 1296 time: 0.0663381
2026-07-09 18:00:44.088 9 INFO neutron.api.wsgi [None req-42c75809-4dd1-466f-bf9d-56442cd3f4da d7e3403ce4d5436cbb9bba6676d11a74 a4f5fb6021044465be7bed6eae678a01 - - default default] 10.0.0.51 "GET /v2.0/qos/policies?not-tags=red HTTP/1.1" status: 200 len: 913 time: 0.0532384
2026-07-09 18:00:44.161 10 INFO neutron.api.wsgi [None req-69bebc53-5f66-46ad-8a0e-ab56da1fc10e 3d0a4e806cef49efac1dd0c018aaa51c df982a7d6cb34491a2a24edfc2ec3610 - - default default] 10.0.0.51 "GET /v2.0/security-groups?tenant_id=5567e98d1772477e856c3d8b4d8ed2c1&name=default HTTP/1.1" status: 200 len: 3120 time: 0.1026509
2026-07-09 18:00:44.231 10 INFO neutron.api.wsgi [None req-c3b5a6fc-4002-4cb1-9a9e-4eb95ea57c53 d7e3403ce4d5436cbb9bba6676d11a74 a4f5fb6021044465be7bed6eae678a01 - - default default] 10.0.0.51 "GET /v2.0/qos/policies?not-tags=red%2Cblue HTTP/1.1" status: 200 len: 1268 time: 0.1383548
2026-07-09 18:00:44.291 10 INFO neutron.db.ovn_revision_numbers_db [None req-87d878a7-f256-45e9-bff0-bfe7c938113f 3d0a4e806cef49efac1dd0c018aaa51c df982a7d6cb34491a2a24edfc2ec3610 - - default default] Successfully bumped revision number for resource 1a6d1dbb-1a2a-4713-8a4b-737a9a7254ec (type: security_groups) to 1
2026-07-09 18:00:44.309 10 INFO neutron.db.ovn_revision_numbers_db [None req-87d878a7-f256-45e9-bff0-bfe7c938113f 3d0a4e806cef49efac1dd0c018aaa51c df982a7d6cb34491a2a24edfc2ec3610 - - default default] Successfully bumped revision number for resource 1cdba2e8-170e-4ce5-bd86-c9fc5be432b9 (type: security_group_rules) to 0
2026-07-09 18:00:44.326 10 INFO neutron.db.ovn_revision_numbers_db [None req-87d878a7-f256-45e9-bff0-bfe7c938113f 3d0a4e806cef49efac1dd0c018aaa51c df982a7d6cb34491a2a24edfc2ec3610 - - default default] Successfully bumped revision number for resource 4b3095ac-98fe-4a54-a2d1-bd99e55ac02b (type: security_group_rules) to 0
2026-07-09 18:00:44.330 9 INFO neutron.api.wsgi [None req-15f83019-ef67-416a-8028-5bfeee3039b4 d7e3403ce4d5436cbb9bba6676d11a74 a4f5fb6021044465be7bed6eae678a01 - - default default] 10.0.0.51 "GET /v2.0/qos/policies?not-tags-any=blue HTTP/1.1" status: 200 len: 1268 time: 0.0935752
2026-07-09 18:00:44.349 10 INFO neutron.db.ovn_revision_numbers_db [None req-87d878a7-f256-45e9-bff0-bfe7c938113f 3d0a4e806cef49efac1dd0c018aaa51c df982a7d6cb34491a2a24edfc2ec3610 - - default default] Successfully bumped revision number for resource 6b0805dc-0044-4f2b-8665-bf592fefb4bc (type: security_group_rules) to 0
2026-07-09 18:00:44.370 10 INFO neutron.db.ovn_revision_numbers_db [None req-87d878a7-f256-45e9-bff0-bfe7c938113f 3d0a4e806cef49efac1dd0c018aaa51c df982a7d6cb34491a2a24edfc2ec3610 - - default default] Successfully bumped revision number for resource a5d0721c-a4f3-4e1a-8e97-935755f2bd33 (type: security_group_rules) to 0
2026-07-09 18:00:44.382 9 INFO neutron.api.wsgi [None req-8ab608e3-734d-4eea-b00b-3f8d460dd5a8 d7e3403ce4d5436cbb9bba6676d11a74 a4f5fb6021044465be7bed6eae678a01 - - default default] 10.0.0.51 "GET /v2.0/qos/policies?not-tags-any=red%2Cblue HTTP/1.1" status: 200 len: 913 time: 0.0451922
2026-07-09 18:00:44.418 10 INFO neutron.services.segments.plugin [-] Segment 610eebde-3a2d-48a6-97a1-32ac1bc15d4d resource provider aggregate not found
2026-07-09 18:00:44.444 10 INFO neutron.services.segments.plugin [-] Segment 610eebde-3a2d-48a6-97a1-32ac1bc15d4d resource provider not found; error: Placement Client Error (4xx): {"errors": [{"status": 404, "title": "Not Found", "detail": "The resource could not be found.\n\n No resource provider with uuid 610eebde-3a2d-48a6-97a1-32ac1bc15d4d found for delete ", "request_id": "req-4898111a-96c6-4fd0-a6dc-3fbc22e8bf51"}]}
2026-07-09 18:00:44.447 10 INFO neutron.services.segments.plugin [-] Segment 610eebde-3a2d-48a6-97a1-32ac1bc15d4d resource provider aggregate not found
2026-07-09 18:00:44.463 10 INFO neutron.db.segments_db [None req-87d878a7-f256-45e9-bff0-bfe7c938113f 3d0a4e806cef49efac1dd0c018aaa51c df982a7d6cb34491a2a24edfc2ec3610 - - default default] Added segment a24c3319-654c-4221-8e81-ed306aa0b9a1 of type geneve for network c480e02c-f522-4d86-a2e5-7fef3d485c77
2026-07-09 18:00:44.464 9 INFO neutron.api.wsgi [None req-e32bb791-1e38-4cc5-b2f0-4412cb84ec88 91e1a8ae7a0245bba5cf928292065aff 23416d24eca343dcbfcda28fe5cbef07 - - default default] 10.0.0.51 "DELETE /v2.0/qos/policies/11bba0f3-9d49-40ea-93d3-f1aea7ab0b83 HTTP/1.1" status: 204 len: 168 time: 0.0734129
2026-07-09 18:00:44.471 10 INFO neutron.services.segments.plugin [-] Segment 610eebde-3a2d-48a6-97a1-32ac1bc15d4d resource provider not found; error: Placement Client Error (4xx): {"errors": [{"status": 404, "title": "Not Found", "detail": "The resource could not be found.\n\n No resource provider with uuid 610eebde-3a2d-48a6-97a1-32ac1bc15d4d found for delete ", "request_id": "req-15297d81-bd01-43bd-a0e5-e34314fb19a5"}]}
2026-07-09 18:00:44.479 10 INFO neutron.api.wsgi [None req-ca2b5b47-3525-48f3-921a-4fa3dcc91811 3d0a4e806cef49efac1dd0c018aaa51c df982a7d6cb34491a2a24edfc2ec3610 - - default default] 10.0.0.51 "DELETE /v2.0/security-groups/cd5af738-e452-4a6d-99ff-2229f47175d3 HTTP/1.1" status: 204 len: 168 time: 0.3131454
2026-07-09 18:00:44.549 9 INFO neutron.api.wsgi [None req-82e2380f-399a-466c-b807-65a408063161 91e1a8ae7a0245bba5cf928292065aff 23416d24eca343dcbfcda28fe5cbef07 - - default default] 10.0.0.51 "DELETE /v2.0/qos/policies/cf8609cd-4c52-4614-986c-2c93c00d2c1f HTTP/1.1" status: 204 len: 168 time: 0.0786440
2026-07-09 18:00:44.647 10 INFO neutron.api.wsgi [None req-12b8daf1-d46a-4795-adcb-fac09f2a1273 91e1a8ae7a0245bba5cf928292065aff 23416d24eca343dcbfcda28fe5cbef07 - - default default] 10.0.0.51 "DELETE /v2.0/qos/policies/19070d40-b769-4c4f-b4ca-e08fb3ace1cc HTTP/1.1" status: 204 len: 168 time: 0.0920942
2026-07-09 18:00:44.659 10 INFO neutron.db.ovn_revision_numbers_db [None req-87d878a7-f256-45e9-bff0-bfe7c938113f 3d0a4e806cef49efac1dd0c018aaa51c df982a7d6cb34491a2a24edfc2ec3610 - - default default] Successfully bumped revision number for resource c480e02c-f522-4d86-a2e5-7fef3d485c77 (type: networks) to 1
2026-07-09 18:00:44.723 10 INFO neutron.api.wsgi [None req-75a45079-7ab4-45a1-a5cf-0e125754398c 91e1a8ae7a0245bba5cf928292065aff 23416d24eca343dcbfcda28fe5cbef07 - - default default] 10.0.0.51 "DELETE /v2.0/qos/policies/578d568d-afa9-40a5-80dc-872469f2a5e0 HTTP/1.1" status: 204 len: 168 time: 0.0700419
2026-07-09 18:00:44.796 10 INFO neutron.api.wsgi [None req-19684363-e10c-4ad4-83bd-00e877d47e28 91e1a8ae7a0245bba5cf928292065aff 23416d24eca343dcbfcda28fe5cbef07 - - default default] 10.0.0.51 "DELETE /v2.0/qos/policies/802612cc-3f03-4059-8983-ed5953e23f3e HTTP/1.1" status: 204 len: 168 time: 0.0651271
2026-07-09 18:00:44.830 10 WARNING neutron.scheduler.dhcp_agent_scheduler [None req-87d878a7-f256-45e9-bff0-bfe7c938113f 3d0a4e806cef49efac1dd0c018aaa51c df982a7d6cb34491a2a24edfc2ec3610 - - default default] No more DHCP agents
2026-07-09 18:00:44.832 10 WARNING neutron.api.rpc.agentnotifiers.dhcp_rpc_agent_api [None req-87d878a7-f256-45e9-bff0-bfe7c938113f 3d0a4e806cef49efac1dd0c018aaa51c df982a7d6cb34491a2a24edfc2ec3610 - - default default] Unable to schedule network c480e02c-f522-4d86-a2e5-7fef3d485c77: no agents available; will retry on subsequent port and subnet creation events.
2026-07-09 18:00:44.903 10 INFO neutron.db.ovn_revision_numbers_db [None req-87d878a7-f256-45e9-bff0-bfe7c938113f 3d0a4e806cef49efac1dd0c018aaa51c df982a7d6cb34491a2a24edfc2ec3610 - - default default] Successfully bumped revision number for resource 39712f65-9754-4dc1-a2bf-6c9c49853761 (type: ports) to 1
2026-07-09 18:00:44.929 10 INFO neutron.api.wsgi [None req-87d878a7-f256-45e9-bff0-bfe7c938113f 3d0a4e806cef49efac1dd0c018aaa51c df982a7d6cb34491a2a24edfc2ec3610 - - default default] 10.0.0.51 "POST /v2.0/networks HTTP/1.1" status: 201 len: 943 time: 0.9594209
2026-07-09 18:00:45.075 9 WARNING neutron.scheduler.dhcp_agent_scheduler [None req-2e44e7bc-f5ef-44ac-96b7-eb5f2e38d9d0 3d0a4e806cef49efac1dd0c018aaa51c df982a7d6cb34491a2a24edfc2ec3610 - - default default] No more DHCP agents
2026-07-09 18:00:45.076 9 WARNING neutron.api.rpc.agentnotifiers.dhcp_rpc_agent_api [None req-2e44e7bc-f5ef-44ac-96b7-eb5f2e38d9d0 3d0a4e806cef49efac1dd0c018aaa51c df982a7d6cb34491a2a24edfc2ec3610 - - default default] Unable to schedule network c480e02c-f522-4d86-a2e5-7fef3d485c77: no agents available; will retry on subsequent port and subnet creation events.
2026-07-09 18:00:45.479 9 INFO neutron.db.ovn_revision_numbers_db [None req-2dc7ff9d-db4c-4432-8347-9d48425801aa - - - - - -] Successfully bumped revision number for resource 39712f65-9754-4dc1-a2bf-6c9c49853761 (type: ports) to 2
2026-07-09 18:00:45.516 9 INFO neutron.db.ovn_revision_numbers_db [None req-2dc7ff9d-db4c-4432-8347-9d48425801aa - - - - - -] Successfully bumped revision number for resource 107eedf2-149d-4a9a-bb8b-f90172390384 (type: subnets) to 0
2026-07-09 18:00:45.534 9 INFO neutron.api.wsgi [None req-2e44e7bc-f5ef-44ac-96b7-eb5f2e38d9d0 3d0a4e806cef49efac1dd0c018aaa51c df982a7d6cb34491a2a24edfc2ec3610 - - default default] 10.0.0.51 "POST /v2.0/subnets HTTP/1.1" status: 201 len: 887 time: 0.6000659
2026-07-09 18:00:45.888 10 INFO neutron.db.ovn_revision_numbers_db [None req-99d73ce2-33bc-4039-afaf-a9a2f55d2070 3d0a4e806cef49efac1dd0c018aaa51c df982a7d6cb34491a2a24edfc2ec3610 - - default default] Successfully bumped revision number for resource 32c2ed77-cc83-4062-9252-fe307b9f850e (type: security_groups) to 1
2026-07-09 18:00:45.900 10 INFO neutron.db.ovn_revision_numbers_db [None req-99d73ce2-33bc-4039-afaf-a9a2f55d2070 3d0a4e806cef49efac1dd0c018aaa51c df982a7d6cb34491a2a24edfc2ec3610 - - default default] Successfully bumped revision number for resource 62d77a30-906f-4540-b46f-3ecbfff2407e (type: security_group_rules) to 0
2026-07-09 18:00:45.911 10 INFO neutron.db.ovn_revision_numbers_db [None req-99d73ce2-33bc-4039-afaf-a9a2f55d2070 3d0a4e806cef49efac1dd0c018aaa51c df982a7d6cb34491a2a24edfc2ec3610 - - default default] Successfully bumped revision number for resource 7e80ead3-6715-4bcd-bdae-70d2eca5033d (type: security_group_rules) to 0
2026-07-09 18:00:45.918 9 WARNING neutron.scheduler.dhcp_agent_scheduler [None req-8680d9d0-f375-44ec-b8e6-3377601200c8 3d0a4e806cef49efac1dd0c018aaa51c df982a7d6cb34491a2a24edfc2ec3610 - - default default] No more DHCP agents
2026-07-09 18:00:45.919 9 WARNING neutron.api.rpc.agentnotifiers.dhcp_rpc_agent_api [None req-8680d9d0-f375-44ec-b8e6-3377601200c8 3d0a4e806cef49efac1dd0c018aaa51c df982a7d6cb34491a2a24edfc2ec3610 - - default default] Unable to schedule network ad974466-6262-4451-9616-770d1f91a679: no agents available; will retry on subsequent port and subnet creation events.
2026-07-09 18:00:45.925 10 INFO neutron.db.ovn_revision_numbers_db [None req-99d73ce2-33bc-4039-afaf-a9a2f55d2070 3d0a4e806cef49efac1dd0c018aaa51c df982a7d6cb34491a2a24edfc2ec3610 - - default default] Successfully bumped revision number for resource 915afafd-53d5-4343-beed-aa9fbf89de6a (type: security_group_rules) to 0
2026-07-09 18:00:45.939 10 INFO neutron.db.ovn_revision_numbers_db [None req-99d73ce2-33bc-4039-afaf-a9a2f55d2070 3d0a4e806cef49efac1dd0c018aaa51c df982a7d6cb34491a2a24edfc2ec3610 - - default default] Successfully bumped revision number for resource c05ebeb2-979c-4cfa-a036-d8dea0778bdc (type: security_group_rules) to 0
2026-07-09 18:00:45.970 10 INFO neutron.api.wsgi [None req-99d73ce2-33bc-4039-afaf-a9a2f55d2070 3d0a4e806cef49efac1dd0c018aaa51c df982a7d6cb34491a2a24edfc2ec3610 - - default default] 10.0.0.51 "GET /v2.0/security-groups?tenant_id=a4f5fb6021044465be7bed6eae678a01&name=default HTTP/1.1" status: 200 len: 3120 time: 0.3485794
2026-07-09 18:00:46.048 9 INFO neutron.db.ovn_revision_numbers_db [None req-8680d9d0-f375-44ec-b8e6-3377601200c8 3d0a4e806cef49efac1dd0c018aaa51c df982a7d6cb34491a2a24edfc2ec3610 - - default default] Successfully bumped revision number for resource b4f5df29-1da2-47f6-a7f5-a82fb2c92cd3 (type: ports) to 1
2026-07-09 18:00:46.221 9 INFO neutron.api.wsgi [None req-0efde448-02a1-4bdf-b4f9-b7bba90a1a20 3d0a4e806cef49efac1dd0c018aaa51c df982a7d6cb34491a2a24edfc2ec3610 - - default default] 10.0.0.51 "DELETE /v2.0/security-groups/32c2ed77-cc83-4062-9252-fe307b9f850e HTTP/1.1" status: 204 len: 168 time: 0.2465880
2026-07-09 18:00:46.351 10 WARNING neutron_lib.context [None req-9297d698-73dc-49d8-9bdf-b5176b1d9f33 e96b356b5dd44e2a8271a5a00d009d43 7392e031c106497ca58a7eeb10db9780 - - default default] Method 'is_advsvc' is deprecated since 2023.2 release (neutron-lib 3.8.0) and will be removed once support for the old RBAC API policies will be removed from Neutron. Please use method 'is_service_role' instead.
2026-07-09 18:00:46.480 10 INFO neutron.db.ovn_revision_numbers_db [None req-aac2a51e-90ab-4736-ac52-ac0a6249f733 3d0a4e806cef49efac1dd0c018aaa51c df982a7d6cb34491a2a24edfc2ec3610 - - default default] Successfully bumped revision number for resource 19d7ccf3-a31b-49eb-ba81-2f4615c0cbbe (type: security_groups) to 1
2026-07-09 18:00:46.500 10 INFO neutron.db.ovn_revision_numbers_db [None req-aac2a51e-90ab-4736-ac52-ac0a6249f733 3d0a4e806cef49efac1dd0c018aaa51c df982a7d6cb34491a2a24edfc2ec3610 - - default default] Successfully bumped revision number for resource 07a930a7-fbb9-406e-86ae-b22f740a9601 (type: security_group_rules) to 0
2026-07-09 18:00:46.516 10 INFO neutron.db.ovn_revision_numbers_db [None req-9297d698-73dc-49d8-9bdf-b5176b1d9f33 e96b356b5dd44e2a8271a5a00d009d43 7392e031c106497ca58a7eeb10db9780 - - default default] Successfully bumped revision number for resource 31036600-49e8-4c8b-bb6a-4a45e9744711 (type: security_groups) to 1
2026-07-09 18:00:46.522 10 INFO neutron.db.ovn_revision_numbers_db [None req-aac2a51e-90ab-4736-ac52-ac0a6249f733 3d0a4e806cef49efac1dd0c018aaa51c df982a7d6cb34491a2a24edfc2ec3610 - - default default] Successfully bumped revision number for resource 07f22511-cf68-4417-a897-e89cc60e0443 (type: security_group_rules) to 0
2026-07-09 18:00:46.544 10 INFO neutron.db.ovn_revision_numbers_db [None req-9297d698-73dc-49d8-9bdf-b5176b1d9f33 e96b356b5dd44e2a8271a5a00d009d43 7392e031c106497ca58a7eeb10db9780 - - default default] Successfully bumped revision number for resource 1ffd67f9-66ac-4cc6-ac4b-ed22e9eaf724 (type: security_group_rules) to 0
2026-07-09 18:00:46.547 10 INFO neutron.db.ovn_revision_numbers_db [None req-aac2a51e-90ab-4736-ac52-ac0a6249f733 3d0a4e806cef49efac1dd0c018aaa51c df982a7d6cb34491a2a24edfc2ec3610 - - default default] Successfully bumped revision number for resource 8ff5fda8-2c5c-4067-98e0-6cf941def4b2 (type: security_group_rules) to 0
2026-07-09 18:00:46.557 10 INFO neutron.db.ovn_revision_numbers_db [None req-9297d698-73dc-49d8-9bdf-b5176b1d9f33 e96b356b5dd44e2a8271a5a00d009d43 7392e031c106497ca58a7eeb10db9780 - - default default] Successfully bumped revision number for resource 27981dcf-4b8a-4790-9ce8-04b97da38ad8 (type: security_group_rules) to 0
2026-07-09 18:00:46.563 10 INFO neutron.db.ovn_revision_numbers_db [None req-aac2a51e-90ab-4736-ac52-ac0a6249f733 3d0a4e806cef49efac1dd0c018aaa51c df982a7d6cb34491a2a24edfc2ec3610 - - default default] Successfully bumped revision number for resource f404f6d4-d84c-4774-a2e0-0c95c283a0bf (type: security_group_rules) to 0
2026-07-09 18:00:46.581 10 INFO neutron.db.ovn_revision_numbers_db [None req-9297d698-73dc-49d8-9bdf-b5176b1d9f33 e96b356b5dd44e2a8271a5a00d009d43 7392e031c106497ca58a7eeb10db9780 - - default default] Successfully bumped revision number for resource 285b58ec-14f2-46d5-9084-c08c1fe622e5 (type: security_group_rules) to 0
2026-07-09 18:00:46.597 10 INFO neutron.db.ovn_revision_numbers_db [None req-9297d698-73dc-49d8-9bdf-b5176b1d9f33 e96b356b5dd44e2a8271a5a00d009d43 7392e031c106497ca58a7eeb10db9780 - - default default] Successfully bumped revision number for resource dabc8d17-d61d-4d14-b4b5-9b29ef627211 (type: security_group_rules) to 0
2026-07-09 18:00:46.607 10 INFO neutron.api.wsgi [None req-aac2a51e-90ab-4736-ac52-ac0a6249f733 3d0a4e806cef49efac1dd0c018aaa51c df982a7d6cb34491a2a24edfc2ec3610 - - default default] 10.0.0.51 "GET /v2.0/security-groups?tenant_id=23416d24eca343dcbfcda28fe5cbef07&name=default HTTP/1.1" status: 200 len: 3120 time: 0.2710276
2026-07-09 18:00:46.667 10 INFO neutron.db.segments_db [None req-9297d698-73dc-49d8-9bdf-b5176b1d9f33 e96b356b5dd44e2a8271a5a00d009d43 7392e031c106497ca58a7eeb10db9780 - - default default] Added segment a1668bb7-f82a-4075-9969-44b3a10fd1f4 of type geneve for network bd1272f8-0e5c-4b69-8602-b5a9e1a3914e
2026-07-09 18:00:46.693 9 INFO neutron.plugins.ml2.drivers.ovn.mech_driver.ovsdb.commands [None req-72b6cb27-7c69-47aa-b7ed-17c611c40fab - - - - - -] Schedule LRP lrp-b4f5df29-1da2-47f6-a7f5-a82fb2c92cd3 on gateway cecb86ec-cc0e-4808-80a6-d3b4ed017120 with priority 1
2026-07-09 18:00:46.711 9 INFO neutron.plugins.ml2.drivers.ovn.mech_driver.mech_driver [None req-593144dd-520b-4cb7-b86c-33706e18c702 - - - - - -] OVN reports status up for port: b4f5df29-1da2-47f6-a7f5-a82fb2c92cd3
2026-07-09 18:00:46.717 10 INFO neutron.plugins.ml2.drivers.ovn.mech_driver.ovsdb.ovsdb_monitor [None req-d5e379fd-32a4-4443-afe0-8e91361edbfd - - - - - -] Router db206547-7ad7-4797-bf27-200e039f85fa is bound to host instance
2026-07-09 18:00:46.747 9 INFO neutron.plugins.ml2.plugin [None req-593144dd-520b-4cb7-b86c-33706e18c702 - - - - - -] Attempt 1 to provision port b4f5df29-1da2-47f6-a7f5-a82fb2c92cd3
2026-07-09 18:00:46.768 9 INFO neutron.db.ovn_revision_numbers_db [None req-8680d9d0-f375-44ec-b8e6-3377601200c8 3d0a4e806cef49efac1dd0c018aaa51c df982a7d6cb34491a2a24edfc2ec3610 - - default default] Successfully bumped revision number for resource b4f5df29-1da2-47f6-a7f5-a82fb2c92cd3 (type: router_ports) to 1
2026-07-09 18:00:46.814 10 INFO neutron.db.ovn_revision_numbers_db [None req-9297d698-73dc-49d8-9bdf-b5176b1d9f33 e96b356b5dd44e2a8271a5a00d009d43 7392e031c106497ca58a7eeb10db9780 - - default default] Successfully bumped revision number for resource bd1272f8-0e5c-4b69-8602-b5a9e1a3914e (type: networks) to 1
2026-07-09 18:00:46.864 9 INFO neutron.db.ovn_revision_numbers_db [None req-8680d9d0-f375-44ec-b8e6-3377601200c8 3d0a4e806cef49efac1dd0c018aaa51c df982a7d6cb34491a2a24edfc2ec3610 - - default default] Successfully bumped revision number for resource db206547-7ad7-4797-bf27-200e039f85fa (type: routers) to 2
2026-07-09 18:00:46.877 9 INFO neutron.api.wsgi [None req-8680d9d0-f375-44ec-b8e6-3377601200c8 3d0a4e806cef49efac1dd0c018aaa51c df982a7d6cb34491a2a24edfc2ec3610 - - default default] 10.0.0.51 "POST /v2.0/routers HTTP/1.1" status: 201 len: 1165 time: 1.3384562
2026-07-09 18:00:46.916 9 INFO neutron.api.wsgi [None req-098af2cf-c1f5-4b0d-844c-1cf97aca19da 3d0a4e806cef49efac1dd0c018aaa51c df982a7d6cb34491a2a24edfc2ec3610 - - default default] 10.0.0.51 "DELETE /v2.0/security-groups/19d7ccf3-a31b-49eb-ba81-2f4615c0cbbe HTTP/1.1" status: 204 len: 168 time: 0.3034835
2026-07-09 18:00:46.981 10 WARNING neutron.scheduler.dhcp_agent_scheduler [None req-9297d698-73dc-49d8-9bdf-b5176b1d9f33 e96b356b5dd44e2a8271a5a00d009d43 7392e031c106497ca58a7eeb10db9780 - - default default] No more DHCP agents
2026-07-09 18:00:46.983 10 WARNING neutron.api.rpc.agentnotifiers.dhcp_rpc_agent_api [None req-9297d698-73dc-49d8-9bdf-b5176b1d9f33 e96b356b5dd44e2a8271a5a00d009d43 7392e031c106497ca58a7eeb10db9780 - - default default] Unable to schedule network bd1272f8-0e5c-4b69-8602-b5a9e1a3914e: no agents available; will retry on subsequent port and subnet creation events.
2026-07-09 18:00:47.042 10 INFO neutron.db.ovn_revision_numbers_db [None req-9297d698-73dc-49d8-9bdf-b5176b1d9f33 e96b356b5dd44e2a8271a5a00d009d43 7392e031c106497ca58a7eeb10db9780 - - default default] Successfully bumped revision number for resource 57aa6d3c-5f68-4c33-8733-d33b424839ee (type: ports) to 1
2026-07-09 18:00:47.065 10 INFO neutron.api.wsgi [None req-9297d698-73dc-49d8-9bdf-b5176b1d9f33 e96b356b5dd44e2a8271a5a00d009d43 7392e031c106497ca58a7eeb10db9780 - - default default] 10.0.0.51 "POST /v2.0/networks HTTP/1.1" status: 201 len: 833 time: 0.7991474
2026-07-09 18:00:47.077 9 WARNING neutron_lib.context [None req-52e8c148-536f-4c71-8e6b-5fcd9f9707c3 e96b356b5dd44e2a8271a5a00d009d43 7392e031c106497ca58a7eeb10db9780 - - default default] Method 'is_advsvc' is deprecated since 2023.2 release (neutron-lib 3.8.0) and will be removed once support for the old RBAC API policies will be removed from Neutron. Please use method 'is_service_role' instead.
2026-07-09 18:00:47.174 10 INFO neutron.db.ovn_revision_numbers_db [None req-b43d4bea-9065-4af7-903a-4a7791a737be - - - - - -] Successfully bumped revision number for resource b4f5df29-1da2-47f6-a7f5-a82fb2c92cd3 (type: ports) to 1
2026-07-09 18:00:47.174 9 INFO neutron.db.segments_db [None req-52e8c148-536f-4c71-8e6b-5fcd9f9707c3 e96b356b5dd44e2a8271a5a00d009d43 7392e031c106497ca58a7eeb10db9780 - - default default] Added segment e6769f93-3c78-41b8-8c6d-604961c1035d of type geneve for network 7f6adf00-8239-456b-b426-ce20999b3b17
2026-07-09 18:00:47.187 10 INFO neutron.db.ovn_revision_numbers_db [None req-0e56aec4-bf57-4a0d-a1bb-2e7209c9a4cf 3d0a4e806cef49efac1dd0c018aaa51c df982a7d6cb34491a2a24edfc2ec3610 - - default default] Successfully bumped revision number for resource c1b38617-5064-45fe-9800-419b4574160a (type: security_groups) to 1
2026-07-09 18:00:47.211 10 INFO neutron.db.ovn_revision_numbers_db [None req-0e56aec4-bf57-4a0d-a1bb-2e7209c9a4cf 3d0a4e806cef49efac1dd0c018aaa51c df982a7d6cb34491a2a24edfc2ec3610 - - default default] Successfully bumped revision number for resource 3609d24d-7d28-4ba4-b0c7-2b81080117da (type: security_group_rules) to 0
2026-07-09 18:00:47.225 10 INFO neutron.db.ovn_revision_numbers_db [None req-0e56aec4-bf57-4a0d-a1bb-2e7209c9a4cf 3d0a4e806cef49efac1dd0c018aaa51c df982a7d6cb34491a2a24edfc2ec3610 - - default default] Successfully bumped revision number for resource 6c52d9a2-2d03-47c5-a5ad-3c03cd02e37f (type: security_group_rules) to 0
2026-07-09 18:00:47.245 10 INFO neutron.db.ovn_revision_numbers_db [None req-0e56aec4-bf57-4a0d-a1bb-2e7209c9a4cf 3d0a4e806cef49efac1dd0c018aaa51c df982a7d6cb34491a2a24edfc2ec3610 - - default default] Successfully bumped revision number for resource be1bd15f-a647-4035-84cd-55608d424c58 (type: security_group_rules) to 0
2026-07-09 18:00:47.265 10 INFO neutron.db.ovn_revision_numbers_db [None req-0e56aec4-bf57-4a0d-a1bb-2e7209c9a4cf 3d0a4e806cef49efac1dd0c018aaa51c df982a7d6cb34491a2a24edfc2ec3610 - - default default] Successfully bumped revision number for resource eb6b551b-8e33-4ef7-80be-1140a76d49a8 (type: security_group_rules) to 0
2026-07-09 18:00:47.308 10 INFO neutron.api.wsgi [None req-0e56aec4-bf57-4a0d-a1bb-2e7209c9a4cf 3d0a4e806cef49efac1dd0c018aaa51c df982a7d6cb34491a2a24edfc2ec3610 - - default default] 10.0.0.51 "GET /v2.0/security-groups?tenant_id=bd00ecd01fca40fc8c36d20e4ba48e73&name=default HTTP/1.1" status: 200 len: 3120 time: 0.2367878
2026-07-09 18:00:47.343 9 INFO neutron.api.wsgi [req-089e0bb2-9e9a-4c49-8cc0-4fb173456e70 req-ad4f13bc-a48c-4abe-8317-d1d349e1f41c 222cd1e9578443fdae09d6f4ffb0dd42 cd3cc71ffae94598b89e9d21d8b4c5b7 - - 98e1159022044bc0a3d9ba4ffbefa336 98e1159022044bc0a3d9ba4ffbefa336] 10.0.0.113 "GET /v2.0/ports?device_id=042f43e3-1f4d-4099-bb52-fd2170a5cf41 HTTP/1.1" status: 200 len: 1630 time: 0.0424385
2026-07-09 18:00:47.344 9 INFO neutron.db.ovn_revision_numbers_db [None req-52e8c148-536f-4c71-8e6b-5fcd9f9707c3 e96b356b5dd44e2a8271a5a00d009d43 7392e031c106497ca58a7eeb10db9780 - - default default] Successfully bumped revision number for resource 7f6adf00-8239-456b-b426-ce20999b3b17 (type: networks) to 1
2026-07-09 18:00:47.369 9 WARNING neutron.scheduler.dhcp_agent_scheduler [None req-9f60bd0f-5381-41e9-9d07-af0569b81b6d 3d0a4e806cef49efac1dd0c018aaa51c df982a7d6cb34491a2a24edfc2ec3610 - - default default] No more DHCP agents
2026-07-09 18:00:47.373 9 WARNING neutron.api.rpc.agentnotifiers.dhcp_rpc_agent_api [None req-9f60bd0f-5381-41e9-9d07-af0569b81b6d 3d0a4e806cef49efac1dd0c018aaa51c df982a7d6cb34491a2a24edfc2ec3610 - - default default] Unable to schedule network c480e02c-f522-4d86-a2e5-7fef3d485c77: no agents available; will retry on subsequent port and subnet creation events.
2026-07-09 18:00:47.398 9 INFO neutron.api.wsgi [req-089e0bb2-9e9a-4c49-8cc0-4fb173456e70 req-6bd00274-d33d-4881-b131-8431cfd68d40 222cd1e9578443fdae09d6f4ffb0dd42 cd3cc71ffae94598b89e9d21d8b4c5b7 - - 98e1159022044bc0a3d9ba4ffbefa336 98e1159022044bc0a3d9ba4ffbefa336] 10.0.0.113 "GET /v2.0/security-groups?id=6e5a3ff4-fa6d-4b8a-84ee-3eb6a3ca84ee&fields=id&fields=name HTTP/1.1" status: 200 len: 310 time: 0.0454652
2026-07-09 18:00:47.573 10 INFO neutron.db.ovn_revision_numbers_db [None req-b43d4bea-9065-4af7-903a-4a7791a737be - - - - - -] Successfully bumped revision number for resource b4f5df29-1da2-47f6-a7f5-a82fb2c92cd3 (type: ports) to 4
2026-07-09 18:00:47.579 9 INFO neutron.db.ovn_revision_numbers_db [None req-9f60bd0f-5381-41e9-9d07-af0569b81b6d 3d0a4e806cef49efac1dd0c018aaa51c df982a7d6cb34491a2a24edfc2ec3610 - - default default] Successfully bumped revision number for resource c999e751-86b7-4cd2-bb1a-592b6d36cbe2 (type: ports) to 1
2026-07-09 18:00:47.582 9 WARNING neutron.scheduler.dhcp_agent_scheduler [None req-52e8c148-536f-4c71-8e6b-5fcd9f9707c3 e96b356b5dd44e2a8271a5a00d009d43 7392e031c106497ca58a7eeb10db9780 - - default default] No more DHCP agents
2026-07-09 18:00:47.584 9 WARNING neutron.api.rpc.agentnotifiers.dhcp_rpc_agent_api [None req-52e8c148-536f-4c71-8e6b-5fcd9f9707c3 e96b356b5dd44e2a8271a5a00d009d43 7392e031c106497ca58a7eeb10db9780 - - default default] Unable to schedule network 7f6adf00-8239-456b-b426-ce20999b3b17: no agents available; will retry on subsequent port and subnet creation events.
2026-07-09 18:00:47.600 10 INFO neutron.api.wsgi [None req-85a2deb7-d87f-4b1e-bdb1-28ad3fc5a112 3d0a4e806cef49efac1dd0c018aaa51c df982a7d6cb34491a2a24edfc2ec3610 - - default default] 10.0.0.51 "DELETE /v2.0/security-groups/c1b38617-5064-45fe-9800-419b4574160a HTTP/1.1" status: 204 len: 168 time: 0.2867401
2026-07-09 18:00:47.648 10 INFO neutron.api.wsgi [req-49c820b8-90dc-4678-adee-356daf5dae96 req-242f2c3f-f32b-4015-9b86-06ccbeef5f31 dceb1aff0f84414791e5544351ab2b87 e209a62b94834fb0a2ba7f7b8568eded - - default default] 199.19.213.95 "GET /v2.0/networks?id=7f471104-c679-49c3-bc5a-e7df1f39d2ed HTTP/1.1" status: 200 len: 903 time: 0.0679054
2026-07-09 18:00:47.674 9 INFO neutron.db.ovn_revision_numbers_db [None req-52e8c148-536f-4c71-8e6b-5fcd9f9707c3 e96b356b5dd44e2a8271a5a00d009d43 7392e031c106497ca58a7eeb10db9780 - - default default] Successfully bumped revision number for resource 1adc0ca3-647a-4980-9215-b4a6dafde780 (type: ports) to 1
2026-07-09 18:00:47.710 10 INFO neutron.api.wsgi [req-49c820b8-90dc-4678-adee-356daf5dae96 req-66f06576-6da1-49dd-9116-bf4489569584 dceb1aff0f84414791e5544351ab2b87 e209a62b94834fb0a2ba7f7b8568eded - - default default] 199.19.213.95 "GET /v2.0/security-groups?fields=id&fields=name&tenant_id=e209a62b94834fb0a2ba7f7b8568eded HTTP/1.1" status: 200 len: 377 time: 0.0501904
2026-07-09 18:00:47.716 9 INFO neutron.api.wsgi [None req-52e8c148-536f-4c71-8e6b-5fcd9f9707c3 e96b356b5dd44e2a8271a5a00d009d43 7392e031c106497ca58a7eeb10db9780 - - default default] 10.0.0.51 "POST /v2.0/networks HTTP/1.1" status: 201 len: 832 time: 0.6441255
2026-07-09 18:00:47.725 10 WARNING neutron_lib.context [req-49c820b8-90dc-4678-adee-356daf5dae96 req-fe15328d-20e6-4634-992d-b8630e1a9ea1 dceb1aff0f84414791e5544351ab2b87 e209a62b94834fb0a2ba7f7b8568eded - - default default] Method 'is_advsvc' is deprecated since 2023.2 release (neutron-lib 3.8.0) and will be removed once support for the old RBAC API policies will be removed from Neutron. Please use method 'is_service_role' instead.
2026-07-09 18:00:47.727 9 WARNING neutron_lib.context [None req-abee7f46-9ae6-436c-9a1c-6aa07de48c2c e96b356b5dd44e2a8271a5a00d009d43 7392e031c106497ca58a7eeb10db9780 - - default default] Method 'is_advsvc' is deprecated since 2023.2 release (neutron-lib 3.8.0) and will be removed once support for the old RBAC API policies will be removed from Neutron. Please use method 'is_service_role' instead.
2026-07-09 18:00:47.942 10 INFO neutron.db.ovn_revision_numbers_db [None req-b43d4bea-9065-4af7-903a-4a7791a737be - - - - - -] Successfully bumped revision number for resource b4f5df29-1da2-47f6-a7f5-a82fb2c92cd3 (type: ports) to 5
2026-07-09 18:00:47.961 9 WARNING neutron.scheduler.dhcp_agent_scheduler [None req-abee7f46-9ae6-436c-9a1c-6aa07de48c2c e96b356b5dd44e2a8271a5a00d009d43 7392e031c106497ca58a7eeb10db9780 - - default default] No more DHCP agents
2026-07-09 18:00:47.963 9 WARNING neutron.api.rpc.agentnotifiers.dhcp_rpc_agent_api [None req-abee7f46-9ae6-436c-9a1c-6aa07de48c2c e96b356b5dd44e2a8271a5a00d009d43 7392e031c106497ca58a7eeb10db9780 - - default default] Unable to schedule network bd1272f8-0e5c-4b69-8602-b5a9e1a3914e: no agents available; will retry on subsequent port and subnet creation events.
2026-07-09 18:00:47.993 9 INFO neutron.db.ovn_revision_numbers_db [None req-abee7f46-9ae6-436c-9a1c-6aa07de48c2c e96b356b5dd44e2a8271a5a00d009d43 7392e031c106497ca58a7eeb10db9780 - - default default] Successfully bumped revision number for resource 7c2b857f-73a2-4803-9846-6fb88088c238 (type: subnets) to 0
2026-07-09 18:00:48.010 9 INFO neutron.api.wsgi [None req-abee7f46-9ae6-436c-9a1c-6aa07de48c2c e96b356b5dd44e2a8271a5a00d009d43 7392e031c106497ca58a7eeb10db9780 - - default default] 10.0.0.51 "POST /v2.0/subnets HTTP/1.1" status: 201 len: 845 time: 0.2879851
2026-07-09 18:00:48.026 9 WARNING neutron_lib.context [None req-7074ff8c-5a96-4219-b5f7-6f38aeb7a792 e96b356b5dd44e2a8271a5a00d009d43 7392e031c106497ca58a7eeb10db9780 - - default default] Method 'is_advsvc' is deprecated since 2023.2 release (neutron-lib 3.8.0) and will be removed once support for the old RBAC API policies will be removed from Neutron. Please use method 'is_service_role' instead.
2026-07-09 18:00:48.074 10 WARNING neutron.scheduler.dhcp_agent_scheduler [req-49c820b8-90dc-4678-adee-356daf5dae96 req-fe15328d-20e6-4634-992d-b8630e1a9ea1 dceb1aff0f84414791e5544351ab2b87 e209a62b94834fb0a2ba7f7b8568eded - - default default] No more DHCP agents
2026-07-09 18:00:48.076 10 WARNING neutron.api.rpc.agentnotifiers.dhcp_rpc_agent_api [req-49c820b8-90dc-4678-adee-356daf5dae96 req-fe15328d-20e6-4634-992d-b8630e1a9ea1 dceb1aff0f84414791e5544351ab2b87 e209a62b94834fb0a2ba7f7b8568eded - - default default] Unable to schedule network 7f471104-c679-49c3-bc5a-e7df1f39d2ed: no agents available; will retry on subsequent port and subnet creation events.
2026-07-09 18:00:48.196 10 INFO neutron.db.ovn_revision_numbers_db [req-49c820b8-90dc-4678-adee-356daf5dae96 req-fe15328d-20e6-4634-992d-b8630e1a9ea1 dceb1aff0f84414791e5544351ab2b87 e209a62b94834fb0a2ba7f7b8568eded - - default default] Successfully bumped revision number for resource 442bb4ef-cc24-4ff9-9dfc-fd26afad9fe8 (type: ports) to 1
2026-07-09 18:00:48.212 9 INFO neutron.db.ovn_revision_numbers_db [None req-9f60bd0f-5381-41e9-9d07-af0569b81b6d 3d0a4e806cef49efac1dd0c018aaa51c df982a7d6cb34491a2a24edfc2ec3610 - - default default] Successfully bumped revision number for resource c999e751-86b7-4cd2-bb1a-592b6d36cbe2 (type: ports) to 1
2026-07-09 18:00:48.222 10 INFO neutron.api.wsgi [req-49c820b8-90dc-4678-adee-356daf5dae96 req-fe15328d-20e6-4634-992d-b8630e1a9ea1 dceb1aff0f84414791e5544351ab2b87 e209a62b94834fb0a2ba7f7b8568eded - - default default] 199.19.213.95 "POST /v2.0/ports HTTP/1.1" status: 201 len: 1388 time: 0.5074737 /var/lib/openstack/lib/python3.12/site-packages/pycadf/identifier.py:71: UserWarning: Invalid uuid: neutron. To ensure interoperability, identifiers should be a valid uuid. warnings.warn(('Invalid uuid: %s. To ensure interoperability, '
2026-07-09 18:00:48.249 9 WARNING neutron.scheduler.dhcp_agent_scheduler [None req-7074ff8c-5a96-4219-b5f7-6f38aeb7a792 e96b356b5dd44e2a8271a5a00d009d43 7392e031c106497ca58a7eeb10db9780 - - default default] No more DHCP agents
2026-07-09 18:00:48.250 9 WARNING neutron.api.rpc.agentnotifiers.dhcp_rpc_agent_api [None req-7074ff8c-5a96-4219-b5f7-6f38aeb7a792 e96b356b5dd44e2a8271a5a00d009d43 7392e031c106497ca58a7eeb10db9780 - - default default] Unable to schedule network 7f6adf00-8239-456b-b426-ce20999b3b17: no agents available; will retry on subsequent port and subnet creation events.
2026-07-09 18:00:48.272 9 WARNING neutron.scheduler.dhcp_agent_scheduler [None req-9f60bd0f-5381-41e9-9d07-af0569b81b6d 3d0a4e806cef49efac1dd0c018aaa51c df982a7d6cb34491a2a24edfc2ec3610 - - default default] No more DHCP agents
2026-07-09 18:00:48.273 9 WARNING neutron.api.rpc.agentnotifiers.dhcp_rpc_agent_api [None req-9f60bd0f-5381-41e9-9d07-af0569b81b6d 3d0a4e806cef49efac1dd0c018aaa51c df982a7d6cb34491a2a24edfc2ec3610 - - default default] Unable to schedule network c480e02c-f522-4d86-a2e5-7fef3d485c77: no agents available; will retry on subsequent port and subnet creation events.
2026-07-09 18:00:48.283 9 INFO neutron.db.ovn_revision_numbers_db [None req-7074ff8c-5a96-4219-b5f7-6f38aeb7a792 e96b356b5dd44e2a8271a5a00d009d43 7392e031c106497ca58a7eeb10db9780 - - default default] Successfully bumped revision number for resource 85efb10b-21e0-4db6-946b-9239b1aa597e (type: subnets) to 0
2026-07-09 18:00:48.299 9 INFO neutron.api.wsgi [None req-7074ff8c-5a96-4219-b5f7-6f38aeb7a792 e96b356b5dd44e2a8271a5a00d009d43 7392e031c106497ca58a7eeb10db9780 - - default default] 10.0.0.51 "POST /v2.0/subnets HTTP/1.1" status: 201 len: 854 time: 0.2778745
2026-07-09 18:00:48.318 9 WARNING neutron_lib.context [None req-4b305a47-48e1-49cb-8a6d-1d76db86bf1b e96b356b5dd44e2a8271a5a00d009d43 7392e031c106497ca58a7eeb10db9780 - - default default] Method 'is_advsvc' is deprecated since 2023.2 release (neutron-lib 3.8.0) and will be removed once support for the old RBAC API policies will be removed from Neutron. Please use method 'is_service_role' instead.
2026-07-09 18:00:48.457 9 INFO neutron.db.ovn_revision_numbers_db [None req-4b305a47-48e1-49cb-8a6d-1d76db86bf1b e96b356b5dd44e2a8271a5a00d009d43 7392e031c106497ca58a7eeb10db9780 - - default default] Successfully bumped revision number for resource ce98f570-b2fc-4ac3-b8f3-d417dbc93490 (type: routers) to 1
2026-07-09 18:00:48.484 9 INFO neutron.api.wsgi [None req-4b305a47-48e1-49cb-8a6d-1d76db86bf1b e96b356b5dd44e2a8271a5a00d009d43 7392e031c106497ca58a7eeb10db9780 - - default default] 10.0.0.51 "POST /v2.0/routers HTTP/1.1" status: 201 len: 806 time: 0.1808772 /var/lib/openstack/lib/python3.12/site-packages/pycadf/identifier.py:71: UserWarning: Invalid uuid: neutron. To ensure interoperability, identifiers should be a valid uuid. warnings.warn(('Invalid uuid: %s. To ensure interoperability, '
2026-07-09 18:00:48.539 9 INFO neutron.api.wsgi [req-8564e8a8-ab4c-49a9-9ab5-d10f7e5e5471 req-c13b78e6-c6f1-4b7a-94a4-3dd5f6d9b97d dceb1aff0f84414791e5544351ab2b87 e209a62b94834fb0a2ba7f7b8568eded - - default default] 10.0.0.153 "GET /v2.0/ports?device_id=ac0c3cb2-be1f-42f0-a112-475ca92db1b3 HTTP/1.1" status: 200 len: 1386 time: 0.1300800
2026-07-09 18:00:48.587 9 INFO neutron.api.wsgi [req-8564e8a8-ab4c-49a9-9ab5-d10f7e5e5471 req-f97c6b71-a19f-41ec-9aa8-317699d3730d dceb1aff0f84414791e5544351ab2b87 e209a62b94834fb0a2ba7f7b8568eded - - default default] 10.0.0.153 "GET /v2.0/security-groups?id=6e5a3ff4-fa6d-4b8a-84ee-3eb6a3ca84ee&fields=id&fields=name HTTP/1.1" status: 200 len: 310 time: 0.0398118
2026-07-09 18:00:48.718 10 INFO neutron.db.ovn_revision_numbers_db [req-49c820b8-90dc-4678-adee-356daf5dae96 req-1e8d3b9d-4768-439f-9514-30b73f171cd8 222cd1e9578443fdae09d6f4ffb0dd42 cd3cc71ffae94598b89e9d21d8b4c5b7 - - 98e1159022044bc0a3d9ba4ffbefa336 98e1159022044bc0a3d9ba4ffbefa336] Successfully bumped revision number for resource 442bb4ef-cc24-4ff9-9dfc-fd26afad9fe8 (type: ports) to 2
2026-07-09 18:00:48.913 10 WARNING neutron.scheduler.dhcp_agent_scheduler [None req-82c1375b-3946-4379-90e5-3a9df3e37c6a e96b356b5dd44e2a8271a5a00d009d43 7392e031c106497ca58a7eeb10db9780 - - default default] No more DHCP agents
2026-07-09 18:00:48.916 10 WARNING neutron.api.rpc.agentnotifiers.dhcp_rpc_agent_api [None req-82c1375b-3946-4379-90e5-3a9df3e37c6a e96b356b5dd44e2a8271a5a00d009d43 7392e031c106497ca58a7eeb10db9780 - - default default] Unable to schedule network bd1272f8-0e5c-4b69-8602-b5a9e1a3914e: no agents available; will retry on subsequent port and subnet creation events.
2026-07-09 18:00:48.957 9 INFO neutron.db.ovn_revision_numbers_db [None req-9f60bd0f-5381-41e9-9d07-af0569b81b6d 3d0a4e806cef49efac1dd0c018aaa51c df982a7d6cb34491a2a24edfc2ec3610 - - default default] Successfully bumped revision number for resource c999e751-86b7-4cd2-bb1a-592b6d36cbe2 (type: router_ports) to 1
2026-07-09 18:00:48.962 9 INFO neutron.api.wsgi [None req-9f60bd0f-5381-41e9-9d07-af0569b81b6d 3d0a4e806cef49efac1dd0c018aaa51c df982a7d6cb34491a2a24edfc2ec3610 - - default default] 10.0.0.51 "PUT /v2.0/routers/db206547-7ad7-4797-bf27-200e039f85fa/add_router_interface HTTP/1.1" status: 200 len: 503 time: 2.0806580
2026-07-09 18:00:48.973 10 INFO neutron.db.ovn_revision_numbers_db [req-49c820b8-90dc-4678-adee-356daf5dae96 req-1e8d3b9d-4768-439f-9514-30b73f171cd8 222cd1e9578443fdae09d6f4ffb0dd42 cd3cc71ffae94598b89e9d21d8b4c5b7 - - 98e1159022044bc0a3d9ba4ffbefa336 98e1159022044bc0a3d9ba4ffbefa336] Successfully bumped revision number for resource 442bb4ef-cc24-4ff9-9dfc-fd26afad9fe8 (type: ports) to 4
2026-07-09 18:00:49.006 10 INFO neutron.api.wsgi [req-49c820b8-90dc-4678-adee-356daf5dae96 req-1e8d3b9d-4768-439f-9514-30b73f171cd8 222cd1e9578443fdae09d6f4ffb0dd42 cd3cc71ffae94598b89e9d21d8b4c5b7 - - 98e1159022044bc0a3d9ba4ffbefa336 98e1159022044bc0a3d9ba4ffbefa336] 199.19.213.95 "PUT /v2.0/ports/442bb4ef-cc24-4ff9-9dfc-fd26afad9fe8 HTTP/1.1" status: 200 len: 1633 time: 0.7775872
2026-07-09 18:00:49.020 10 INFO neutron.db.ovn_revision_numbers_db [None req-82c1375b-3946-4379-90e5-3a9df3e37c6a e96b356b5dd44e2a8271a5a00d009d43 7392e031c106497ca58a7eeb10db9780 - - default default] Successfully bumped revision number for resource 6aaecb60-a3b1-4318-8a68-cdbf9b66191e (type: ports) to 1
2026-07-09 18:00:49.044 10 INFO neutron.notifiers.nova [-] Nova event matching ['req-74e1c43a-ef1d-491e-a62a-4d024d7785a2'] response: {'name': 'network-changed', 'server_uuid': 'ac0c3cb2-be1f-42f0-a112-475ca92db1b3', 'tag': '442bb4ef-cc24-4ff9-9dfc-fd26afad9fe8', 'status': 'completed', 'code': 200}
2026-07-09 18:00:49.238 9 INFO neutron.plugins.ml2.drivers.ovn.mech_driver.mech_driver [None req-593144dd-520b-4cb7-b86c-33706e18c702 - - - - - -] OVN reports status up for port: c999e751-86b7-4cd2-bb1a-592b6d36cbe2
2026-07-09 18:00:49.244 9 INFO neutron.plugins.ml2.plugin [None req-593144dd-520b-4cb7-b86c-33706e18c702 - - - - - -] Attempt 1 to provision port c999e751-86b7-4cd2-bb1a-592b6d36cbe2
2026-07-09 18:00:49.486 10 INFO neutron.db.ovn_revision_numbers_db [None req-82c1375b-3946-4379-90e5-3a9df3e37c6a e96b356b5dd44e2a8271a5a00d009d43 7392e031c106497ca58a7eeb10db9780 - - default default] Successfully bumped revision number for resource 6aaecb60-a3b1-4318-8a68-cdbf9b66191e (type: ports) to 1
