2026-07-09 17:59:49.464 9 INFO neutron.api.wsgi [req-63e9290a-2cd2-4237-81de-b457c8f7ecfc req-5da438b4-1f13-48f3-833e-e21b233b2dbc c58f5918d8984685b381a7101935e135 152be2389e024c9097603d087f0a3de1 - - default default] 10.0.0.153 "GET /v2.0/ports?device_id=f7d12cce-4635-46d8-b2f8-a0fb257c81f8 HTTP/1.1" status: 200 len: 210 time: 0.0224946
2026-07-09 17:59:49.679 10 INFO neutron.api.wsgi [None req-6127c074-e3b6-44e1-b19b-15d76bb57647 3d0a4e806cef49efac1dd0c018aaa51c df982a7d6cb34491a2a24edfc2ec3610 - - default default] 10.0.0.51 "DELETE /v2.0/security-groups/80af34a8-066a-41f2-8e96-90e4ca047e97 HTTP/1.1" status: 204 len: 168 time: 0.2161331
2026-07-09 17:59:49.686 9 INFO neutron.services.segments.plugin [-] Segment 23e7572e-0fdf-41ba-ade3-24efff59aeae resource provider aggregate not found
2026-07-09 17:59:49.690 9 INFO neutron.services.segments.plugin [-] Segment 23e7572e-0fdf-41ba-ade3-24efff59aeae resource provider aggregate not found
2026-07-09 17:59:49.701 9 INFO neutron.services.segments.plugin [-] Segment 23e7572e-0fdf-41ba-ade3-24efff59aeae resource provider not found; error: Placement Client Error (4xx): {"errors": [{"status": 404, "title": "Not Found", "detail": "The resource could not be found.\n\n No resource provider with uuid 23e7572e-0fdf-41ba-ade3-24efff59aeae found for delete ", "request_id": "req-203ff845-fe10-4c44-b3c9-0f066a8dde06"}]}
2026-07-09 17:59:49.710 9 INFO neutron.services.segments.plugin [-] Segment 23e7572e-0fdf-41ba-ade3-24efff59aeae resource provider not found; error: Placement Client Error (4xx): {"errors": [{"status": 404, "title": "Not Found", "detail": "The resource could not be found.\n\n No resource provider with uuid 23e7572e-0fdf-41ba-ade3-24efff59aeae found for delete ", "request_id": "req-fbaee6a9-48ca-42a5-aa0a-4353f889b240"}]}
2026-07-09 17:59:49.773 10 WARNING neutron.plugins.ml2.drivers.ovn.mech_driver.ovsdb.ovn_client [None req-9df558dd-f0ce-4385-97e6-9add2c1a290e - - - - - -] No hosting information found for port 410de2d4-8705-4e67-bf1c-838021c9b9c4: RuntimeError: No hosting information found for port 410de2d4-8705-4e67-bf1c-838021c9b9c4
2026-07-09 17:59:49.835 10 INFO neutron.db.ovn_revision_numbers_db [None req-9df558dd-f0ce-4385-97e6-9add2c1a290e - - - - - -] Successfully bumped revision number for resource 410de2d4-8705-4e67-bf1c-838021c9b9c4 (type: router_ports) to 2
2026-07-09 17:59:49.895 9 INFO neutron.db.ovn_revision_numbers_db [None req-632a5898-1df0-45a2-8da1-3c41a8e2c827 3d0a4e806cef49efac1dd0c018aaa51c df982a7d6cb34491a2a24edfc2ec3610 - - default default] Successfully bumped revision number for resource 4f513318-cd85-4044-8a09-956b621829f7 (type: security_groups) to 1
2026-07-09 17:59:49.907 9 INFO neutron.db.ovn_revision_numbers_db [None req-632a5898-1df0-45a2-8da1-3c41a8e2c827 3d0a4e806cef49efac1dd0c018aaa51c df982a7d6cb34491a2a24edfc2ec3610 - - default default] Successfully bumped revision number for resource 034ebd87-00c4-4501-8661-250f046f1e59 (type: security_group_rules) to 0
2026-07-09 17:59:49.921 9 INFO neutron.db.ovn_revision_numbers_db [None req-632a5898-1df0-45a2-8da1-3c41a8e2c827 3d0a4e806cef49efac1dd0c018aaa51c df982a7d6cb34491a2a24edfc2ec3610 - - default default] Successfully bumped revision number for resource 4b30b60d-ef5f-4495-9db0-c121297b32d8 (type: security_group_rules) to 0
2026-07-09 17:59:49.934 9 INFO neutron.db.ovn_revision_numbers_db [None req-632a5898-1df0-45a2-8da1-3c41a8e2c827 3d0a4e806cef49efac1dd0c018aaa51c df982a7d6cb34491a2a24edfc2ec3610 - - default default] Successfully bumped revision number for resource 4df2cb57-d762-4d99-b2c8-4c0026aaa724 (type: security_group_rules) to 0
2026-07-09 17:59:49.948 9 INFO neutron.db.ovn_revision_numbers_db [None req-632a5898-1df0-45a2-8da1-3c41a8e2c827 3d0a4e806cef49efac1dd0c018aaa51c df982a7d6cb34491a2a24edfc2ec3610 - - default default] Successfully bumped revision number for resource 5a55cbd6-9f8f-45f9-a041-ec633a7389c3 (type: security_group_rules) to 0
2026-07-09 17:59:49.990 9 INFO neutron.api.wsgi [None req-632a5898-1df0-45a2-8da1-3c41a8e2c827 3d0a4e806cef49efac1dd0c018aaa51c df982a7d6cb34491a2a24edfc2ec3610 - - default default] 10.0.0.51 "GET /v2.0/security-groups?tenant_id=6466710be5ca4442b25b8ccc3a32885d&name=default HTTP/1.1" status: 200 len: 3120 time: 0.2113314
2026-07-09 17:59:50.211 9 INFO neutron.api.wsgi [None req-c326fc90-a0ee-4102-8a2c-7782dc4d42fb 3d0a4e806cef49efac1dd0c018aaa51c df982a7d6cb34491a2a24edfc2ec3610 - - default default] 10.0.0.51 "DELETE /v2.0/security-groups/4f513318-cd85-4044-8a09-956b621829f7 HTTP/1.1" status: 204 len: 168 time: 0.2153416
2026-07-09 17:59:50.245 10 INFO neutron.api.wsgi [req-6fc00b45-77d9-48cf-94b3-98301271e07e req-72090803-1867-4dd2-b044-226c4309cc55 c58f5918d8984685b381a7101935e135 152be2389e024c9097603d087f0a3de1 - - default default] 199.19.213.95 "GET /v2.0/networks?id=8992eac5-1929-40b5-b583-5161fed5361d HTTP/1.1" status: 200 len: 872 time: 0.0340428
2026-07-09 17:59:50.252 10 WARNING neutron_lib.context [req-6fc00b45-77d9-48cf-94b3-98301271e07e req-a17cf02c-86f4-4dae-9742-93cc064a1262 c58f5918d8984685b381a7101935e135 152be2389e024c9097603d087f0a3de1 - - default default] Method 'is_advsvc' is deprecated since 2023.2 release (neutron-lib 3.8.0) and will be removed once support for the old RBAC API policies will be removed from Neutron. Please use method 'is_service_role' instead.
2026-07-09 17:59:50.520 10 INFO neutron.db.ovn_revision_numbers_db [None req-536455dc-81f3-4b33-a2ee-a682bd3b5fad 3d0a4e806cef49efac1dd0c018aaa51c df982a7d6cb34491a2a24edfc2ec3610 - - default default] Successfully bumped revision number for resource 45403e03-b192-4646-8fb8-1d4fc0ba0fdf (type: security_groups) to 1 /var/lib/openstack/lib/python3.12/site-packages/pycadf/identifier.py:71: UserWarning: Invalid uuid: neutron. To ensure interoperability, identifiers should be a valid uuid. warnings.warn(('Invalid uuid: %s. To ensure interoperability, '
2026-07-09 17:59:50.551 10 INFO neutron.api.wsgi [req-f130c116-437d-4164-a3bb-3114ebe9d882 req-6d323671-f399-4e87-a16d-9c374c6245eb c58f5918d8984685b381a7101935e135 152be2389e024c9097603d087f0a3de1 - - default default] 10.0.0.153 "GET /v2.0/ports?device_id=f7d12cce-4635-46d8-b2f8-a0fb257c81f8 HTTP/1.1" status: 200 len: 210 time: 0.0275676
2026-07-09 17:59:50.559 10 INFO neutron.db.ovn_revision_numbers_db [None req-536455dc-81f3-4b33-a2ee-a682bd3b5fad 3d0a4e806cef49efac1dd0c018aaa51c df982a7d6cb34491a2a24edfc2ec3610 - - default default] Successfully bumped revision number for resource 2dd46a7b-bea8-4bdc-a204-bf1725173015 (type: security_group_rules) to 0
2026-07-09 17:59:50.583 10 INFO neutron.db.ovn_revision_numbers_db [None req-536455dc-81f3-4b33-a2ee-a682bd3b5fad 3d0a4e806cef49efac1dd0c018aaa51c df982a7d6cb34491a2a24edfc2ec3610 - - default default] Successfully bumped revision number for resource 36b97a94-4408-4a61-bdc3-8face7568e0b (type: security_group_rules) to 0
2026-07-09 17:59:50.603 10 INFO neutron.db.ovn_revision_numbers_db [None req-536455dc-81f3-4b33-a2ee-a682bd3b5fad 3d0a4e806cef49efac1dd0c018aaa51c df982a7d6cb34491a2a24edfc2ec3610 - - default default] Successfully bumped revision number for resource 3cf65e49-8b7d-44ec-8306-71e1389ae61a (type: security_group_rules) to 0
2026-07-09 17:59:50.604 10 WARNING neutron.scheduler.dhcp_agent_scheduler [req-6fc00b45-77d9-48cf-94b3-98301271e07e req-a17cf02c-86f4-4dae-9742-93cc064a1262 c58f5918d8984685b381a7101935e135 152be2389e024c9097603d087f0a3de1 - - default default] No more DHCP agents
2026-07-09 17:59:50.606 10 WARNING neutron.api.rpc.agentnotifiers.dhcp_rpc_agent_api [req-6fc00b45-77d9-48cf-94b3-98301271e07e req-a17cf02c-86f4-4dae-9742-93cc064a1262 c58f5918d8984685b381a7101935e135 152be2389e024c9097603d087f0a3de1 - - default default] Unable to schedule network 8992eac5-1929-40b5-b583-5161fed5361d: no agents available; will retry on subsequent port and subnet creation events.
2026-07-09 17:59:50.623 10 INFO neutron.db.ovn_revision_numbers_db [None req-536455dc-81f3-4b33-a2ee-a682bd3b5fad 3d0a4e806cef49efac1dd0c018aaa51c df982a7d6cb34491a2a24edfc2ec3610 - - default default] Successfully bumped revision number for resource 63ba1771-8832-491e-ae8a-2e13bfddc265 (type: security_group_rules) to 0
2026-07-09 17:59:50.664 10 INFO neutron.api.wsgi [None req-536455dc-81f3-4b33-a2ee-a682bd3b5fad 3d0a4e806cef49efac1dd0c018aaa51c df982a7d6cb34491a2a24edfc2ec3610 - - default default] 10.0.0.51 "GET /v2.0/security-groups?tenant_id=1e78ebf959654e219b4642f04fb6bd3f&name=default HTTP/1.1" status: 200 len: 3120 time: 0.3121552 /var/lib/openstack/lib/python3.12/site-packages/pycadf/identifier.py:71: UserWarning: Invalid uuid: neutron. To ensure interoperability, identifiers should be a valid uuid. warnings.warn(('Invalid uuid: %s. To ensure interoperability, '
2026-07-09 17:59:50.755 10 INFO neutron.db.ovn_revision_numbers_db [req-6fc00b45-77d9-48cf-94b3-98301271e07e req-a17cf02c-86f4-4dae-9742-93cc064a1262 c58f5918d8984685b381a7101935e135 152be2389e024c9097603d087f0a3de1 - - default default] Successfully bumped revision number for resource 6249deb5-1ac5-4666-b8f5-cc404a5b34df (type: ports) to 1
2026-07-09 17:59:50.778 10 INFO neutron.api.wsgi [req-6fc00b45-77d9-48cf-94b3-98301271e07e req-a17cf02c-86f4-4dae-9742-93cc064a1262 c58f5918d8984685b381a7101935e135 152be2389e024c9097603d087f0a3de1 - - default default] 199.19.213.95 "POST /v2.0/ports HTTP/1.1" status: 201 len: 1158 time: 0.5298195
2026-07-09 17:59:50.939 10 INFO neutron.api.wsgi [None req-de90581e-de26-4bab-864a-764c3c996b0b 3d0a4e806cef49efac1dd0c018aaa51c df982a7d6cb34491a2a24edfc2ec3610 - - default default] 10.0.0.51 "DELETE /v2.0/security-groups/45403e03-b192-4646-8fb8-1d4fc0ba0fdf HTTP/1.1" status: 204 len: 168 time: 0.2692080
2026-07-09 17:59:51.142 10 INFO neutron.db.ovn_revision_numbers_db [req-6fc00b45-77d9-48cf-94b3-98301271e07e req-b083f610-9ce8-414b-bdca-7ef477f5841d 222cd1e9578443fdae09d6f4ffb0dd42 cd3cc71ffae94598b89e9d21d8b4c5b7 - - 98e1159022044bc0a3d9ba4ffbefa336 98e1159022044bc0a3d9ba4ffbefa336] Successfully bumped revision number for resource 6249deb5-1ac5-4666-b8f5-cc404a5b34df (type: ports) to 2
2026-07-09 17:59:51.683 9 INFO neutron.api.wsgi [req-253d6763-6071-4942-9933-e4a0b57fdf8c req-ff2291c5-1049-4082-99f0-27c31fb1aa63 c58f5918d8984685b381a7101935e135 152be2389e024c9097603d087f0a3de1 - - default default] 10.0.0.153 "GET /v2.0/ports?device_id=f7d12cce-4635-46d8-b2f8-a0fb257c81f8 HTTP/1.1" status: 200 len: 1168 time: 0.0773997
2026-07-09 17:59:51.693 10 INFO neutron.db.ovn_revision_numbers_db [req-6fc00b45-77d9-48cf-94b3-98301271e07e req-b083f610-9ce8-414b-bdca-7ef477f5841d 222cd1e9578443fdae09d6f4ffb0dd42 cd3cc71ffae94598b89e9d21d8b4c5b7 - - 98e1159022044bc0a3d9ba4ffbefa336 98e1159022044bc0a3d9ba4ffbefa336] Successfully bumped revision number for resource 6249deb5-1ac5-4666-b8f5-cc404a5b34df (type: ports) to 4
2026-07-09 17:59:51.712 10 INFO neutron.api.wsgi [req-6fc00b45-77d9-48cf-94b3-98301271e07e req-b083f610-9ce8-414b-bdca-7ef477f5841d 222cd1e9578443fdae09d6f4ffb0dd42 cd3cc71ffae94598b89e9d21d8b4c5b7 - - 98e1159022044bc0a3d9ba4ffbefa336 98e1159022044bc0a3d9ba4ffbefa336] 199.19.213.95 "PUT /v2.0/ports/6249deb5-1ac5-4666-b8f5-cc404a5b34df HTTP/1.1" status: 200 len: 1404 time: 0.9250259
2026-07-09 17:59:51.719 9 INFO neutron.api.wsgi [req-253d6763-6071-4942-9933-e4a0b57fdf8c req-7a720f6e-9997-4ec4-ba03-c821c5ca92e3 c58f5918d8984685b381a7101935e135 152be2389e024c9097603d087f0a3de1 - - default default] 10.0.0.153 "GET /v2.0/security-groups?id=33b057a2-71fb-4483-9ca9-d3fabb4cd22c&fields=id&fields=name HTTP/1.1" status: 200 len: 286 time: 0.0295889
2026-07-09 17:59:51.760 10 INFO neutron.notifiers.nova [-] Nova event matching ['req-abe544e9-0f0a-4164-9c52-d6c888c3f163'] response: {'name': 'network-changed', 'server_uuid': 'f7d12cce-4635-46d8-b2f8-a0fb257c81f8', 'tag': '6249deb5-1ac5-4666-b8f5-cc404a5b34df', 'status': 'completed', 'code': 200} /var/lib/openstack/lib/python3.12/site-packages/pycadf/identifier.py:71: UserWarning: Invalid uuid: neutron. To ensure interoperability, identifiers should be a valid uuid. warnings.warn(('Invalid uuid: %s. To ensure interoperability, '
2026-07-09 17:59:52.307 10 INFO neutron.api.wsgi [req-99f9dbb8-f960-44b3-8acc-3ce2d4927b08 req-78d763c4-6ffe-4fbc-aa7c-919d9192fca2 222cd1e9578443fdae09d6f4ffb0dd42 cd3cc71ffae94598b89e9d21d8b4c5b7 - - 98e1159022044bc0a3d9ba4ffbefa336 98e1159022044bc0a3d9ba4ffbefa336] 199.19.213.95 "GET /v2.0/ports?tenant_id=152be2389e024c9097603d087f0a3de1&device_id=f7d12cce-4635-46d8-b2f8-a0fb257c81f8 HTTP/1.1" status: 200 len: 1407 time: 0.0338538
2026-07-09 17:59:52.372 10 INFO neutron.api.wsgi [req-99f9dbb8-f960-44b3-8acc-3ce2d4927b08 req-141bbe23-c465-45a6-8e82-039784998467 222cd1e9578443fdae09d6f4ffb0dd42 cd3cc71ffae94598b89e9d21d8b4c5b7 - - 98e1159022044bc0a3d9ba4ffbefa336 98e1159022044bc0a3d9ba4ffbefa336] 199.19.213.95 "GET /v2.0/networks?tenant_id=152be2389e024c9097603d087f0a3de1&shared=False HTTP/1.1" status: 200 len: 971 time: 0.0425854
2026-07-09 17:59:52.419 10 INFO neutron.api.wsgi [req-99f9dbb8-f960-44b3-8acc-3ce2d4927b08 req-fce4739b-9ead-457b-8872-753523f827b9 222cd1e9578443fdae09d6f4ffb0dd42 cd3cc71ffae94598b89e9d21d8b4c5b7 - - 98e1159022044bc0a3d9ba4ffbefa336 98e1159022044bc0a3d9ba4ffbefa336] 199.19.213.95 "GET /v2.0/networks?shared=True HTTP/1.1" status: 200 len: 952 time: 0.0407147
2026-07-09 17:59:52.833 9 INFO neutron.api.wsgi [req-7ef6349f-5864-4da9-ac0d-9b9298e338b5 req-48123006-b181-44c9-9fef-2e3345ec8db1 c58f5918d8984685b381a7101935e135 152be2389e024c9097603d087f0a3de1 - - default default] 10.0.0.153 "GET /v2.0/ports?device_id=f7d12cce-4635-46d8-b2f8-a0fb257c81f8 HTTP/1.1" status: 200 len: 1168 time: 0.0361791
2026-07-09 17:59:52.879 9 INFO neutron.api.wsgi [req-7ef6349f-5864-4da9-ac0d-9b9298e338b5 req-ef82dc76-7d0d-4ac4-8684-257009f0c39e c58f5918d8984685b381a7101935e135 152be2389e024c9097603d087f0a3de1 - - default default] 10.0.0.153 "GET /v2.0/security-groups?id=33b057a2-71fb-4483-9ca9-d3fabb4cd22c&fields=id&fields=name HTTP/1.1" status: 200 len: 286 time: 0.0371897
2026-07-09 17:59:53.494 10 INFO neutron.api.wsgi [req-6fc00b45-77d9-48cf-94b3-98301271e07e req-3c7147a6-e385-4d26-bca7-9e5a8b0f3f66 222cd1e9578443fdae09d6f4ffb0dd42 cd3cc71ffae94598b89e9d21d8b4c5b7 - - 98e1159022044bc0a3d9ba4ffbefa336 98e1159022044bc0a3d9ba4ffbefa336] 199.19.213.95 "GET /v2.0/ports?tenant_id=152be2389e024c9097603d087f0a3de1&device_id=f7d12cce-4635-46d8-b2f8-a0fb257c81f8 HTTP/1.1" status: 200 len: 1407 time: 0.0386963
2026-07-09 17:59:53.523 10 INFO neutron.api.wsgi [req-6fc00b45-77d9-48cf-94b3-98301271e07e req-843889c0-330f-485a-addc-fc91e540075f 222cd1e9578443fdae09d6f4ffb0dd42 cd3cc71ffae94598b89e9d21d8b4c5b7 - - 98e1159022044bc0a3d9ba4ffbefa336 98e1159022044bc0a3d9ba4ffbefa336] 199.19.213.95 "GET /v2.0/floatingips?fixed_ip_address=10.100.0.5&port_id=6249deb5-1ac5-4666-b8f5-cc404a5b34df HTTP/1.1" status: 200 len: 217 time: 0.0237954
2026-07-09 17:59:53.558 10 INFO neutron.api.wsgi [req-6fc00b45-77d9-48cf-94b3-98301271e07e req-5ae197ab-c5b4-4ff0-97c6-ce009df25902 222cd1e9578443fdae09d6f4ffb0dd42 cd3cc71ffae94598b89e9d21d8b4c5b7 - - 98e1159022044bc0a3d9ba4ffbefa336 98e1159022044bc0a3d9ba4ffbefa336] 199.19.213.95 "GET /v2.0/subnets?id=03b3fce1-4ea2-4ca1-9050-fcee7808246c HTTP/1.1" status: 200 len: 890 time: 0.0293946
2026-07-09 17:59:53.563 9 INFO neutron.api.wsgi [req-ec3f1d5a-2358-49ed-9194-dd65c8f2f8da req-725e7a4f-c83e-498e-bddd-8b020b6b74f7 222cd1e9578443fdae09d6f4ffb0dd42 cd3cc71ffae94598b89e9d21d8b4c5b7 - - 98e1159022044bc0a3d9ba4ffbefa336 98e1159022044bc0a3d9ba4ffbefa336] 10.0.0.113 "GET /v2.0/ports?device_id=684fb321-0bbe-4628-a5cc-779db541cccb HTTP/1.1" status: 200 len: 1409 time: 0.0294724
2026-07-09 17:59:53.578 10 INFO neutron.api.wsgi [req-6fc00b45-77d9-48cf-94b3-98301271e07e req-b97fcdc7-1dbb-4e1b-96a7-4407424abc1b 222cd1e9578443fdae09d6f4ffb0dd42 cd3cc71ffae94598b89e9d21d8b4c5b7 - - 98e1159022044bc0a3d9ba4ffbefa336 98e1159022044bc0a3d9ba4ffbefa336] 199.19.213.95 "GET /v2.0/ports?network_id=8992eac5-1929-40b5-b583-5161fed5361d&device_owner=network%3Adhcp HTTP/1.1" status: 200 len: 210 time: 0.0153983
2026-07-09 17:59:53.596 9 INFO neutron.api.wsgi [req-ec3f1d5a-2358-49ed-9194-dd65c8f2f8da req-937ed81c-3080-4341-899e-3e554592029b 222cd1e9578443fdae09d6f4ffb0dd42 cd3cc71ffae94598b89e9d21d8b4c5b7 - - 98e1159022044bc0a3d9ba4ffbefa336 98e1159022044bc0a3d9ba4ffbefa336] 10.0.0.113 "GET /v2.0/security-groups?id=d7da7add-fd61-4eb4-9402-776b21c68e89&fields=id&fields=name HTTP/1.1" status: 200 len: 313 time: 0.0280931
2026-07-09 17:59:53.635 10 INFO neutron.api.wsgi [req-6fc00b45-77d9-48cf-94b3-98301271e07e req-eb876b1e-9ac0-42f9-951d-9cbd247202e7 222cd1e9578443fdae09d6f4ffb0dd42 cd3cc71ffae94598b89e9d21d8b4c5b7 - - 98e1159022044bc0a3d9ba4ffbefa336 98e1159022044bc0a3d9ba4ffbefa336] 199.19.213.95 "GET /v2.0/networks/8992eac5-1929-40b5-b583-5161fed5361d?fields=segments HTTP/1.1" status: 200 len: 212 time: 0.0496449
2026-07-09 17:59:53.682 10 INFO neutron.api.wsgi [req-6fc00b45-77d9-48cf-94b3-98301271e07e req-e309d1e6-322b-4fde-93e6-f614ef1a1b80 222cd1e9578443fdae09d6f4ffb0dd42 cd3cc71ffae94598b89e9d21d8b4c5b7 - - 98e1159022044bc0a3d9ba4ffbefa336 98e1159022044bc0a3d9ba4ffbefa336] 199.19.213.95 "GET /v2.0/networks/8992eac5-1929-40b5-b583-5161fed5361d?fields=provider%3Aphysical_network&fields=provider%3Anetwork_type HTTP/1.1" status: 200 len: 277 time: 0.0442929
2026-07-09 17:59:53.967 9 INFO neutron.api.wsgi [req-607e7a80-d2e6-416a-9e92-88586924a1a5 req-2fad929e-5a5c-4368-ac2e-f52aa3e26116 c58f5918d8984685b381a7101935e135 152be2389e024c9097603d087f0a3de1 - - default default] 10.0.0.153 "GET /v2.0/ports?device_id=f7d12cce-4635-46d8-b2f8-a0fb257c81f8 HTTP/1.1" status: 200 len: 1168 time: 0.0295320
2026-07-09 17:59:54.000 9 INFO neutron.api.wsgi [req-607e7a80-d2e6-416a-9e92-88586924a1a5 req-4346db1b-49c8-48b4-aa4c-2fa98cb9694c c58f5918d8984685b381a7101935e135 152be2389e024c9097603d087f0a3de1 - - default default] 10.0.0.153 "GET /v2.0/security-groups?id=33b057a2-71fb-4483-9ca9-d3fabb4cd22c&fields=id&fields=name HTTP/1.1" status: 200 len: 286 time: 0.0262058
2026-07-09 17:59:54.224 9 INFO neutron.db.ovn_revision_numbers_db [None req-8d40ab59-0ec6-4b48-9e4c-131791c514ce 3d0a4e806cef49efac1dd0c018aaa51c df982a7d6cb34491a2a24edfc2ec3610 - - default default] Successfully bumped revision number for resource 93969937-3690-4b96-b316-54c10a7f69d6 (type: security_groups) to 1
2026-07-09 17:59:54.236 9 INFO neutron.db.ovn_revision_numbers_db [None req-8d40ab59-0ec6-4b48-9e4c-131791c514ce 3d0a4e806cef49efac1dd0c018aaa51c df982a7d6cb34491a2a24edfc2ec3610 - - default default] Successfully bumped revision number for resource 0ab1cdef-429e-47f9-b642-748e119e857b (type: security_group_rules) to 0
2026-07-09 17:59:54.248 9 INFO neutron.db.ovn_revision_numbers_db [None req-8d40ab59-0ec6-4b48-9e4c-131791c514ce 3d0a4e806cef49efac1dd0c018aaa51c df982a7d6cb34491a2a24edfc2ec3610 - - default default] Successfully bumped revision number for resource 675c4d8a-876b-4a7f-a7f6-4b3df1f02546 (type: security_group_rules) to 0
2026-07-09 17:59:54.261 9 INFO neutron.db.ovn_revision_numbers_db [None req-8d40ab59-0ec6-4b48-9e4c-131791c514ce 3d0a4e806cef49efac1dd0c018aaa51c df982a7d6cb34491a2a24edfc2ec3610 - - default default] Successfully bumped revision number for resource 90191bfc-0027-4d4b-94f7-d0c4c473a8bc (type: security_group_rules) to 0
2026-07-09 17:59:54.274 9 INFO neutron.db.ovn_revision_numbers_db [None req-8d40ab59-0ec6-4b48-9e4c-131791c514ce 3d0a4e806cef49efac1dd0c018aaa51c df982a7d6cb34491a2a24edfc2ec3610 - - default default] Successfully bumped revision number for resource bf744e55-9cc2-45d3-b0d6-a452cd506351 (type: security_group_rules) to 0
2026-07-09 17:59:54.304 9 INFO neutron.api.wsgi [None req-8d40ab59-0ec6-4b48-9e4c-131791c514ce 3d0a4e806cef49efac1dd0c018aaa51c df982a7d6cb34491a2a24edfc2ec3610 - - default default] 10.0.0.51 "GET /v2.0/security-groups?tenant_id=d00313c3aa954db1977624a102e858f4&name=default HTTP/1.1" status: 200 len: 3120 time: 0.4217904
2026-07-09 17:59:54.527 9 INFO neutron.api.wsgi [None req-b71787ee-04c1-4cfe-93b5-f63f778c6601 3d0a4e806cef49efac1dd0c018aaa51c df982a7d6cb34491a2a24edfc2ec3610 - - default default] 10.0.0.51 "DELETE /v2.0/security-groups/93969937-3690-4b96-b316-54c10a7f69d6 HTTP/1.1" status: 204 len: 168 time: 0.2164841
2026-07-09 17:59:54.742 9 INFO neutron.db.ovn_revision_numbers_db [None req-ea5c3d17-835c-47cb-808b-1a69f1e0ee21 3d0a4e806cef49efac1dd0c018aaa51c df982a7d6cb34491a2a24edfc2ec3610 - - default default] Successfully bumped revision number for resource 539b51b2-4d82-41ce-b7b5-2dea4e00964f (type: security_groups) to 1
2026-07-09 17:59:54.757 9 INFO neutron.db.ovn_revision_numbers_db [None req-ea5c3d17-835c-47cb-808b-1a69f1e0ee21 3d0a4e806cef49efac1dd0c018aaa51c df982a7d6cb34491a2a24edfc2ec3610 - - default default] Successfully bumped revision number for resource 254f7f03-d901-40b7-90eb-6c978c58f515 (type: security_group_rules) to 0
2026-07-09 17:59:54.770 9 INFO neutron.db.ovn_revision_numbers_db [None req-ea5c3d17-835c-47cb-808b-1a69f1e0ee21 3d0a4e806cef49efac1dd0c018aaa51c df982a7d6cb34491a2a24edfc2ec3610 - - default default] Successfully bumped revision number for resource 3a9e901c-0323-4c66-ae8e-34afa313d8a3 (type: security_group_rules) to 0
2026-07-09 17:59:54.780 10 WARNING neutron_lib.context [None req-fdb3c119-cbe5-42f7-bf95-fc63d6525f4d 377fd802361c46849782604a169f2274 c1d4a57e9e8c483e9339211f28c14b72 - - default default] Method 'is_advsvc' is deprecated since 2023.2 release (neutron-lib 3.8.0) and will be removed once support for the old RBAC API policies will be removed from Neutron. Please use method 'is_service_role' instead.
2026-07-09 17:59:54.784 9 INFO neutron.db.ovn_revision_numbers_db [None req-ea5c3d17-835c-47cb-808b-1a69f1e0ee21 3d0a4e806cef49efac1dd0c018aaa51c df982a7d6cb34491a2a24edfc2ec3610 - - default default] Successfully bumped revision number for resource 7d9ae85f-3ac8-400f-b4aa-537dbafff498 (type: security_group_rules) to 0
2026-07-09 17:59:54.797 9 INFO neutron.db.ovn_revision_numbers_db [None req-ea5c3d17-835c-47cb-808b-1a69f1e0ee21 3d0a4e806cef49efac1dd0c018aaa51c df982a7d6cb34491a2a24edfc2ec3610 - - default default] Successfully bumped revision number for resource dddc6ecb-f5f4-437c-a725-bc0d64bd331a (type: security_group_rules) to 0
2026-07-09 17:59:54.829 9 INFO neutron.api.wsgi [None req-ea5c3d17-835c-47cb-808b-1a69f1e0ee21 3d0a4e806cef49efac1dd0c018aaa51c df982a7d6cb34491a2a24edfc2ec3610 - - default default] 10.0.0.51 "GET /v2.0/security-groups?tenant_id=c4c7292d87604d2399a956369df459b7&name=default HTTP/1.1" status: 200 len: 3120 time: 0.2074425
2026-07-09 17:59:54.909 10 INFO neutron.db.ovn_revision_numbers_db [None req-fdb3c119-cbe5-42f7-bf95-fc63d6525f4d 377fd802361c46849782604a169f2274 c1d4a57e9e8c483e9339211f28c14b72 - - default default] Successfully bumped revision number for resource e467674a-02c7-4f59-94b5-a169879047ac (type: security_groups) to 1
2026-07-09 17:59:54.923 10 INFO neutron.db.ovn_revision_numbers_db [None req-fdb3c119-cbe5-42f7-bf95-fc63d6525f4d 377fd802361c46849782604a169f2274 c1d4a57e9e8c483e9339211f28c14b72 - - default default] Successfully bumped revision number for resource 0a85dad5-a518-4abf-8110-20cec0b8dea1 (type: security_group_rules) to 0
2026-07-09 17:59:54.936 10 INFO neutron.db.ovn_revision_numbers_db [None req-fdb3c119-cbe5-42f7-bf95-fc63d6525f4d 377fd802361c46849782604a169f2274 c1d4a57e9e8c483e9339211f28c14b72 - - default default] Successfully bumped revision number for resource 7e456d1e-de78-47a0-ba3f-1e2a0e795829 (type: security_group_rules) to 0
2026-07-09 17:59:54.949 10 INFO neutron.db.ovn_revision_numbers_db [None req-fdb3c119-cbe5-42f7-bf95-fc63d6525f4d 377fd802361c46849782604a169f2274 c1d4a57e9e8c483e9339211f28c14b72 - - default default] Successfully bumped revision number for resource 9f6bd062-0b77-4916-8c6c-7f2969e3b589 (type: security_group_rules) to 0
2026-07-09 17:59:54.967 10 INFO neutron.db.ovn_revision_numbers_db [None req-fdb3c119-cbe5-42f7-bf95-fc63d6525f4d 377fd802361c46849782604a169f2274 c1d4a57e9e8c483e9339211f28c14b72 - - default default] Successfully bumped revision number for resource fe3516e3-6d6e-4b17-8f74-b9d3dc89a1ae (type: security_group_rules) to 0
2026-07-09 17:59:55.040 10 INFO neutron.db.segments_db [None req-fdb3c119-cbe5-42f7-bf95-fc63d6525f4d 377fd802361c46849782604a169f2274 c1d4a57e9e8c483e9339211f28c14b72 - - default default] Added segment 44799130-6bf1-4ee9-9943-20fdac71d7b1 of type geneve for network bccac6e0-e81d-4cc8-967a-b87dc847a548
2026-07-09 17:59:55.057 9 INFO neutron.api.wsgi [None req-d6a66b63-12ca-418a-9ebe-cb29c47a9f19 3d0a4e806cef49efac1dd0c018aaa51c df982a7d6cb34491a2a24edfc2ec3610 - - default default] 10.0.0.51 "DELETE /v2.0/security-groups/539b51b2-4d82-41ce-b7b5-2dea4e00964f HTTP/1.1" status: 204 len: 168 time: 0.2198243
2026-07-09 17:59:55.160 10 INFO neutron.api.wsgi [req-47b6cb03-f918-4799-81a8-e847f1bbac92 req-87a7d147-c5e5-4d6e-9581-398d8ba00fc2 c58f5918d8984685b381a7101935e135 152be2389e024c9097603d087f0a3de1 - - default default] 10.0.0.153 "GET /v2.0/ports?device_id=f7d12cce-4635-46d8-b2f8-a0fb257c81f8 HTTP/1.1" status: 200 len: 1168 time: 0.0846422
2026-07-09 17:59:55.173 10 INFO neutron.db.ovn_revision_numbers_db [None req-fdb3c119-cbe5-42f7-bf95-fc63d6525f4d 377fd802361c46849782604a169f2274 c1d4a57e9e8c483e9339211f28c14b72 - - default default] Successfully bumped revision number for resource bccac6e0-e81d-4cc8-967a-b87dc847a548 (type: networks) to 1
2026-07-09 17:59:55.215 10 INFO neutron.api.wsgi [req-47b6cb03-f918-4799-81a8-e847f1bbac92 req-db1870dc-739e-4ea5-98ea-569e488d0ecd c58f5918d8984685b381a7101935e135 152be2389e024c9097603d087f0a3de1 - - default default] 10.0.0.153 "GET /v2.0/security-groups?id=33b057a2-71fb-4483-9ca9-d3fabb4cd22c&fields=id&fields=name HTTP/1.1" status: 200 len: 286 time: 0.0475597
2026-07-09 17:59:55.352 10 WARNING neutron.scheduler.dhcp_agent_scheduler [None req-fdb3c119-cbe5-42f7-bf95-fc63d6525f4d 377fd802361c46849782604a169f2274 c1d4a57e9e8c483e9339211f28c14b72 - - default default] No more DHCP agents
2026-07-09 17:59:55.353 10 WARNING neutron.api.rpc.agentnotifiers.dhcp_rpc_agent_api [None req-fdb3c119-cbe5-42f7-bf95-fc63d6525f4d 377fd802361c46849782604a169f2274 c1d4a57e9e8c483e9339211f28c14b72 - - default default] Unable to schedule network bccac6e0-e81d-4cc8-967a-b87dc847a548: no agents available; will retry on subsequent port and subnet creation events.
2026-07-09 17:59:55.425 10 INFO neutron.db.ovn_revision_numbers_db [None req-fdb3c119-cbe5-42f7-bf95-fc63d6525f4d 377fd802361c46849782604a169f2274 c1d4a57e9e8c483e9339211f28c14b72 - - default default] Successfully bumped revision number for resource 201592d6-5e05-4491-ba17-7dfadb2b2995 (type: ports) to 1
2026-07-09 17:59:55.455 10 INFO neutron.api.wsgi [None req-fdb3c119-cbe5-42f7-bf95-fc63d6525f4d 377fd802361c46849782604a169f2274 c1d4a57e9e8c483e9339211f28c14b72 - - default default] 10.0.0.51 "POST /v2.0/networks HTTP/1.1" status: 201 len: 831 time: 0.7919183
2026-07-09 17:59:55.520 9 INFO neutron.api.wsgi [None req-e0449048-5e6a-44b7-bca3-a1acb6c5eef8 377fd802361c46849782604a169f2274 c1d4a57e9e8c483e9339211f28c14b72 - - default default] 10.0.0.51 "PUT /v2.0/networks/bccac6e0-e81d-4cc8-967a-b87dc847a548/tags HTTP/1.1" status: 200 len: 218 time: 0.0567429
2026-07-09 17:59:55.562 9 INFO neutron.api.wsgi [None req-d9cfd5c1-367e-42cc-84db-237f9dd5a164 377fd802361c46849782604a169f2274 c1d4a57e9e8c483e9339211f28c14b72 - - default default] 10.0.0.51 "GET /v2.0/networks/bccac6e0-e81d-4cc8-967a-b87dc847a548/tags HTTP/1.1" status: 200 len: 218 time: 0.0358257
2026-07-09 17:59:55.605 9 INFO neutron.api.wsgi [None req-a23c6ff7-5a21-44dc-96ba-c8e796b73e91 377fd802361c46849782604a169f2274 c1d4a57e9e8c483e9339211f28c14b72 - - default default] 10.0.0.51 "PUT /v2.0/networks/bccac6e0-e81d-4cc8-967a-b87dc847a548/tags/green HTTP/1.1" status: 201 len: 201 time: 0.0358953
2026-07-09 17:59:55.638 9 INFO neutron.api.wsgi [None req-3c0dd79f-3901-4d9a-ba21-5d3564ef1442 377fd802361c46849782604a169f2274 c1d4a57e9e8c483e9339211f28c14b72 - - default default] 10.0.0.51 "GET /v2.0/networks/bccac6e0-e81d-4cc8-967a-b87dc847a548/tags HTTP/1.1" status: 200 len: 227 time: 0.0276783
2026-07-09 17:59:55.685 9 INFO neutron.api.wsgi [None req-780a3312-b7ea-4ce7-b9e7-d74ae64ecd7e 377fd802361c46849782604a169f2274 c1d4a57e9e8c483e9339211f28c14b72 - - default default] 10.0.0.51 "PUT /v2.0/networks/bccac6e0-e81d-4cc8-967a-b87dc847a548/tags/red HTTP/1.1" status: 201 len: 201 time: 0.0373783
2026-07-09 17:59:55.720 9 INFO neutron.api.wsgi [None req-85dd6c76-9535-48f7-b153-80f71582a270 377fd802361c46849782604a169f2274 c1d4a57e9e8c483e9339211f28c14b72 - - default default] 10.0.0.51 "GET /v2.0/networks/bccac6e0-e81d-4cc8-967a-b87dc847a548/tags HTTP/1.1" status: 200 len: 227 time: 0.0252070
2026-07-09 17:59:55.773 9 INFO neutron.api.wsgi [None req-146fcb4d-a88d-461b-9f03-ba3c455f270a 377fd802361c46849782604a169f2274 c1d4a57e9e8c483e9339211f28c14b72 - - default default] 10.0.0.51 "PUT /v2.0/networks/bccac6e0-e81d-4cc8-967a-b87dc847a548/tags/black.or.white HTTP/1.1" status: 201 len: 201 time: 0.0411570
2026-07-09 17:59:55.816 9 INFO neutron.api.wsgi [None req-fbcaf37d-aef3-4790-a466-972c4bc91f94 377fd802361c46849782604a169f2274 c1d4a57e9e8c483e9339211f28c14b72 - - default default] 10.0.0.51 "GET /v2.0/networks/bccac6e0-e81d-4cc8-967a-b87dc847a548/tags HTTP/1.1" status: 200 len: 245 time: 0.0299506
2026-07-09 17:59:55.823 9 INFO neutron.plugins.ml2.drivers.ovn.mech_driver.mech_driver [None req-017c68d3-6cb4-4f83-a85d-fb71450755d4 - - - - - -] OVN reports status up for port: 6249deb5-1ac5-4666-b8f5-cc404a5b34df
2026-07-09 17:59:55.843 9 INFO neutron.plugins.ml2.plugin [None req-017c68d3-6cb4-4f83-a85d-fb71450755d4 - - - - - -] Attempt 1 to provision port 6249deb5-1ac5-4666-b8f5-cc404a5b34df
2026-07-09 17:59:55.899 9 INFO neutron.api.wsgi [None req-c339287d-d9ae-49ae-b6ff-e2e855c04718 377fd802361c46849782604a169f2274 c1d4a57e9e8c483e9339211f28c14b72 - - default default] 10.0.0.51 "PUT /v2.0/networks/bccac6e0-e81d-4cc8-967a-b87dc847a548/tags HTTP/1.1" status: 200 len: 230 time: 0.0674212
2026-07-09 17:59:55.949 10 INFO neutron.api.wsgi [None req-388803b3-6aa1-4ae5-9373-49a57e77de13 377fd802361c46849782604a169f2274 c1d4a57e9e8c483e9339211f28c14b72 - - default default] 10.0.0.51 "GET /v2.0/networks/bccac6e0-e81d-4cc8-967a-b87dc847a548/tags HTTP/1.1" status: 200 len: 230 time: 0.0442464
2026-07-09 17:59:55.984 10 INFO neutron.api.wsgi [None req-3b1edebf-282f-4049-bbe4-c45f94ee150d 377fd802361c46849782604a169f2274 c1d4a57e9e8c483e9339211f28c14b72 - - default default] 10.0.0.51 "GET /v2.0/networks/bccac6e0-e81d-4cc8-967a-b87dc847a548/tags/red HTTP/1.1" status: 204 len: 168 time: 0.0282621
2026-07-09 17:59:56.017 9 INFO neutron.api.wsgi [None req-4f4806e8-9c76-445f-96a4-5b82231eaa0e 08a8288e663c42d0988371312c639bd5 f42633e888884ab5b240a322a3917e2e - - default default] 10.0.0.51 "GET /v2.0/ports?project_id=696e4cf8f0e04c5fb56912def173bca8&network_id=66d9e03a-954a-4e78-adc6-236bd4589bc8 HTTP/1.1" status: 200 len: 3510 time: 0.0817480
2026-07-09 17:59:56.031 10 INFO neutron.api.v2.resource [None req-7281ed5a-f312-4638-aef5-1bf180f0f4ef 377fd802361c46849782604a169f2274 c1d4a57e9e8c483e9339211f28c14b72 - - default default] show failed (client error): The resource could not be found.
2026-07-09 17:59:56.032 10 INFO neutron.api.wsgi [None req-7281ed5a-f312-4638-aef5-1bf180f0f4ef 377fd802361c46849782604a169f2274 c1d4a57e9e8c483e9339211f28c14b72 - - default default] 10.0.0.51 "GET /v2.0/networks/bccac6e0-e81d-4cc8-967a-b87dc847a548/tags/green HTTP/1.1" status: 404 len: 299 time: 0.0431535
2026-07-09 17:59:56.058 9 INFO neutron.notifiers.nova [-] Nova event matching ['req-819453ff-d8e3-4ad0-84f0-17cdb3101773'] response: {'server_uuid': 'f7d12cce-4635-46d8-b2f8-a0fb257c81f8', 'name': 'network-vif-plugged', 'status': 'completed', 'tag': '6249deb5-1ac5-4666-b8f5-cc404a5b34df', 'code': 200}
2026-07-09 17:59:56.082 10 INFO neutron.api.wsgi [None req-abe6481d-0ef1-4c74-8dcf-8d72688e4e9a 377fd802361c46849782604a169f2274 c1d4a57e9e8c483e9339211f28c14b72 - - default default] 10.0.0.51 "DELETE /v2.0/networks/bccac6e0-e81d-4cc8-967a-b87dc847a548/tags/red HTTP/1.1" status: 204 len: 168 time: 0.0405879
2026-07-09 17:59:56.121 9 INFO neutron.api.wsgi [None req-a20d2a87-64e3-4a64-b079-105ff5d25818 377fd802361c46849782604a169f2274 c1d4a57e9e8c483e9339211f28c14b72 - - default default] 10.0.0.51 "GET /v2.0/networks/bccac6e0-e81d-4cc8-967a-b87dc847a548/tags HTTP/1.1" status: 200 len: 223 time: 0.0345380
2026-07-09 17:59:56.165 9 INFO neutron.db.ovn_revision_numbers_db [None req-017c68d3-6cb4-4f83-a85d-fb71450755d4 - - - - - -] Successfully bumped revision number for resource 6249deb5-1ac5-4666-b8f5-cc404a5b34df (type: ports) to 5
2026-07-09 17:59:56.177 9 INFO neutron.api.v2.resource [None req-38843011-cb82-4378-b22d-93817d810d88 377fd802361c46849782604a169f2274 c1d4a57e9e8c483e9339211f28c14b72 - - default default] delete failed (client error): The resource could not be found.
2026-07-09 17:59:56.178 9 INFO neutron.api.wsgi [None req-38843011-cb82-4378-b22d-93817d810d88 377fd802361c46849782604a169f2274 c1d4a57e9e8c483e9339211f28c14b72 - - default default] 10.0.0.51 "DELETE /v2.0/networks/bccac6e0-e81d-4cc8-967a-b87dc847a548/tags/green HTTP/1.1" status: 404 len: 299 time: 0.0504732
2026-07-09 17:59:56.235 10 INFO neutron.api.wsgi [None req-e729d942-179d-4df4-9a82-f2b893630029 377fd802361c46849782604a169f2274 c1d4a57e9e8c483e9339211f28c14b72 - - default default] 10.0.0.51 "DELETE /v2.0/networks/bccac6e0-e81d-4cc8-967a-b87dc847a548/tags HTTP/1.1" status: 204 len: 168 time: 0.0508654
2026-07-09 17:59:56.267 10 INFO neutron.api.wsgi [None req-bd65dbfe-7da9-48d5-a8a1-69f4b8c32730 377fd802361c46849782604a169f2274 c1d4a57e9e8c483e9339211f28c14b72 - - default default] 10.0.0.51 "GET /v2.0/networks/bccac6e0-e81d-4cc8-967a-b87dc847a548/tags HTTP/1.1" status: 200 len: 205 time: 0.0256751 /var/lib/openstack/lib/python3.12/site-packages/pycadf/identifier.py:71: UserWarning: Invalid uuid: neutron. To ensure interoperability, identifiers should be a valid uuid. warnings.warn(('Invalid uuid: %s. To ensure interoperability, '
2026-07-09 17:59:56.331 10 INFO neutron.api.wsgi [req-1a77da48-1078-439a-920a-2d54545932c9 req-b0169fa9-d3f1-4149-a861-ad6d2f4d2429 c58f5918d8984685b381a7101935e135 152be2389e024c9097603d087f0a3de1 - - default default] 10.0.0.153 "GET /v2.0/ports?device_id=f7d12cce-4635-46d8-b2f8-a0fb257c81f8 HTTP/1.1" status: 200 len: 1170 time: 0.0359268
2026-07-09 17:59:56.366 10 INFO neutron.api.wsgi [req-1a77da48-1078-439a-920a-2d54545932c9 req-a7b3bf3a-59a3-4c25-88f8-671faa21690f c58f5918d8984685b381a7101935e135 152be2389e024c9097603d087f0a3de1 - - default default] 10.0.0.153 "GET /v2.0/security-groups?id=33b057a2-71fb-4483-9ca9-d3fabb4cd22c&fields=id&fields=name HTTP/1.1" status: 200 len: 286 time: 0.0293756
2026-07-09 17:59:56.424 10 INFO neutron.api.wsgi [None req-00a19b01-8a41-4748-8ccb-c512325701de 08a8288e663c42d0988371312c639bd5 f42633e888884ab5b240a322a3917e2e - - default default] 10.0.0.51 "GET /v2.0/subnets?network_id=ad974466-6262-4451-9616-770d1f91a679 HTTP/1.1" status: 200 len: 861 time: 0.0285366
2026-07-09 17:59:56.650 9 INFO neutron.services.segments.plugin [-] Segment 44799130-6bf1-4ee9-9943-20fdac71d7b1 resource provider aggregate not found
2026-07-09 17:59:56.653 9 INFO neutron.services.segments.plugin [-] Segment 44799130-6bf1-4ee9-9943-20fdac71d7b1 resource provider aggregate not found
2026-07-09 17:59:56.666 9 INFO neutron.services.segments.plugin [-] Segment 44799130-6bf1-4ee9-9943-20fdac71d7b1 resource provider not found; error: Placement Client Error (4xx): {"errors": [{"status": 404, "title": "Not Found", "detail": "The resource could not be found.\n\n No resource provider with uuid 44799130-6bf1-4ee9-9943-20fdac71d7b1 found for delete ", "request_id": "req-bd7a0e6a-acc1-4234-8da8-41e8ac5754f1"}]}
2026-07-09 17:59:56.670 9 INFO neutron.services.segments.plugin [-] Segment 44799130-6bf1-4ee9-9943-20fdac71d7b1 resource provider not found; error: Placement Client Error (4xx): {"errors": [{"status": 404, "title": "Not Found", "detail": "The resource could not be found.\n\n No resource provider with uuid 44799130-6bf1-4ee9-9943-20fdac71d7b1 found for delete ", "request_id": "req-36277e3c-a309-4e66-8e21-9f4a8849c3aa"}]}
2026-07-09 17:59:56.688 9 INFO neutron.api.wsgi [None req-310ab832-9215-45f3-94a5-caa685e0da4d 377fd802361c46849782604a169f2274 c1d4a57e9e8c483e9339211f28c14b72 - - default default] 10.0.0.51 "DELETE /v2.0/networks/bccac6e0-e81d-4cc8-967a-b87dc847a548 HTTP/1.1" status: 204 len: 168 time: 0.3922477
2026-07-09 17:59:56.771 10 INFO neutron.db.ovn_revision_numbers_db [None req-1139fccd-f1f1-44ac-88d1-2fad1aac22c6 c909cb98a1d34eaaa1706e3415a7f204 696e4cf8f0e04c5fb56912def173bca8 - - default default] Successfully bumped revision number for resource 90dccfa9-7a5a-46f1-8dd1-c327011c8d07 (type: floatingips) to 2
2026-07-09 17:59:56.820 10 INFO neutron.db.l3_db [None req-1139fccd-f1f1-44ac-88d1-2fad1aac22c6 c909cb98a1d34eaaa1706e3415a7f204 696e4cf8f0e04c5fb56912def173bca8 - - default default] Floating IP 90dccfa9-7a5a-46f1-8dd1-c327011c8d07 disassociated. External IP: 10.96.250.212, port: 1fd1b17d-3882-4ca8-b862-cdb3b3c5745a.
2026-07-09 17:59:56.847 10 INFO neutron.api.wsgi [None req-1139fccd-f1f1-44ac-88d1-2fad1aac22c6 c909cb98a1d34eaaa1706e3415a7f204 696e4cf8f0e04c5fb56912def173bca8 - - default default] 10.0.0.51 "PUT /v2.0/floatingips/90dccfa9-7a5a-46f1-8dd1-c327011c8d07 HTTP/1.1" status: 200 len: 748 time: 0.2420757 /var/lib/openstack/lib/python3.12/site-packages/pycadf/identifier.py:71: UserWarning: Invalid uuid: neutron. To ensure interoperability, identifiers should be a valid uuid. warnings.warn(('Invalid uuid: %s. To ensure interoperability, '
2026-07-09 17:59:56.879 10 INFO neutron.notifiers.nova [-] Nova event matching ['req-102a4830-71d8-4b53-add7-489fa2ea9ed1'] response: {'name': 'network-changed', 'server_uuid': '684fb321-0bbe-4628-a5cc-779db541cccb', 'tag': '1fd1b17d-3882-4ca8-b862-cdb3b3c5745a', 'status': 'completed', 'code': 200}
2026-07-09 17:59:56.886 9 INFO neutron.api.wsgi [None req-3345b5e3-628c-43db-b1b1-be4ba375cdab c909cb98a1d34eaaa1706e3415a7f204 696e4cf8f0e04c5fb56912def173bca8 - - default default] 10.0.0.51 "GET /v2.0/floatingips/90dccfa9-7a5a-46f1-8dd1-c327011c8d07 HTTP/1.1" status: 200 len: 746 time: 0.0286505
2026-07-09 17:59:57.036 10 INFO neutron.api.wsgi [-] 10.0.0.235 "GET / HTTP/1.1" status: 200 len: 247 time: 0.0018256
2026-07-09 17:59:57.042 9 INFO neutron.api.wsgi [-] 10.0.0.235 "GET / HTTP/1.1" status: 200 len: 247 time: 0.0072970
2026-07-09 17:59:57.466 10 INFO neutron.api.wsgi [req-4d26ce33-8651-4381-a4eb-9228045c3904 req-2c5215dd-8e4e-446e-849a-51533a1e1051 222cd1e9578443fdae09d6f4ffb0dd42 cd3cc71ffae94598b89e9d21d8b4c5b7 - - 98e1159022044bc0a3d9ba4ffbefa336 98e1159022044bc0a3d9ba4ffbefa336] 199.19.213.95 "GET /v2.0/ports?tenant_id=696e4cf8f0e04c5fb56912def173bca8&device_id=684fb321-0bbe-4628-a5cc-779db541cccb HTTP/1.1" status: 200 len: 1409 time: 0.0795465
2026-07-09 17:59:57.490 10 INFO neutron.api.wsgi [req-21d60f60-4099-4be7-b69e-e11045cc7cee req-5a2efbe7-debe-4ed3-9a6e-e277ed34a28d c58f5918d8984685b381a7101935e135 152be2389e024c9097603d087f0a3de1 - - default default] 10.0.0.153 "GET /v2.0/ports?device_id=f7d12cce-4635-46d8-b2f8-a0fb257c81f8 HTTP/1.1" status: 200 len: 1170 time: 0.0586617
2026-07-09 17:59:57.543 10 INFO neutron.api.wsgi [req-21d60f60-4099-4be7-b69e-e11045cc7cee req-73e0b7b4-f0c4-4c0b-8d77-561f7b0f71e4 c58f5918d8984685b381a7101935e135 152be2389e024c9097603d087f0a3de1 - - default default] 10.0.0.153 "GET /v2.0/security-groups?id=33b057a2-71fb-4483-9ca9-d3fabb4cd22c&fields=id&fields=name HTTP/1.1" status: 200 len: 286 time: 0.0468366
2026-07-09 17:59:57.550 10 INFO neutron.api.wsgi [req-4d26ce33-8651-4381-a4eb-9228045c3904 req-97c2ca48-df08-4ce9-bc8e-bb788895b747 222cd1e9578443fdae09d6f4ffb0dd42 cd3cc71ffae94598b89e9d21d8b4c5b7 - - 98e1159022044bc0a3d9ba4ffbefa336 98e1159022044bc0a3d9ba4ffbefa336] 199.19.213.95 "GET /v2.0/networks?id=66d9e03a-954a-4e78-adc6-236bd4589bc8 HTTP/1.1" status: 200 len: 959 time: 0.0736012
2026-07-09 17:59:57.579 10 INFO neutron.api.wsgi [req-4d26ce33-8651-4381-a4eb-9228045c3904 req-df7a6864-dc4c-4605-ae50-1e416383676c 222cd1e9578443fdae09d6f4ffb0dd42 cd3cc71ffae94598b89e9d21d8b4c5b7 - - 98e1159022044bc0a3d9ba4ffbefa336 98e1159022044bc0a3d9ba4ffbefa336] 199.19.213.95 "GET /v2.0/floatingips?fixed_ip_address=10.100.0.3&port_id=1fd1b17d-3882-4ca8-b862-cdb3b3c5745a HTTP/1.1" status: 200 len: 217 time: 0.0181623
2026-07-09 17:59:57.605 10 INFO neutron.api.wsgi [req-4d26ce33-8651-4381-a4eb-9228045c3904 req-4336dfd6-4142-41fa-a4e1-9f6e94def949 222cd1e9578443fdae09d6f4ffb0dd42 cd3cc71ffae94598b89e9d21d8b4c5b7 - - 98e1159022044bc0a3d9ba4ffbefa336 98e1159022044bc0a3d9ba4ffbefa336] 199.19.213.95 "GET /v2.0/subnets?id=b0242c2a-4c9b-4d2b-8765-c923d720cfe9 HTTP/1.1" status: 200 len: 877 time: 0.0219440
2026-07-09 17:59:57.629 10 INFO neutron.api.wsgi [req-4d26ce33-8651-4381-a4eb-9228045c3904 req-0c9377a2-9038-4424-920d-6d8788d226fd 222cd1e9578443fdae09d6f4ffb0dd42 cd3cc71ffae94598b89e9d21d8b4c5b7 - - 98e1159022044bc0a3d9ba4ffbefa336 98e1159022044bc0a3d9ba4ffbefa336] 199.19.213.95 "GET /v2.0/ports?network_id=66d9e03a-954a-4e78-adc6-236bd4589bc8&device_owner=network%3Adhcp HTTP/1.1" status: 200 len: 210 time: 0.0169518
2026-07-09 17:59:57.684 10 INFO neutron.api.wsgi [None req-7a52a9a2-931e-437a-b15d-d040f4324005 3d0a4e806cef49efac1dd0c018aaa51c df982a7d6cb34491a2a24edfc2ec3610 - - default default] 10.0.0.51 "GET /v2.0/security-groups?tenant_id=c1d4a57e9e8c483e9339211f28c14b72&name=default HTTP/1.1" status: 200 len: 3120 time: 0.2690625
2026-07-09 17:59:57.686 10 INFO neutron.api.wsgi [req-4d26ce33-8651-4381-a4eb-9228045c3904 req-370254f4-d7b7-47a5-b20c-61a799c890f2 222cd1e9578443fdae09d6f4ffb0dd42 cd3cc71ffae94598b89e9d21d8b4c5b7 - - 98e1159022044bc0a3d9ba4ffbefa336 98e1159022044bc0a3d9ba4ffbefa336] 199.19.213.95 "GET /v2.0/networks/66d9e03a-954a-4e78-adc6-236bd4589bc8?fields=segments HTTP/1.1" status: 200 len: 212 time: 0.0525351
2026-07-09 17:59:57.744 10 INFO neutron.api.wsgi [req-4d26ce33-8651-4381-a4eb-9228045c3904 req-7288795c-3b91-4c37-995b-ae60724cc323 222cd1e9578443fdae09d6f4ffb0dd42 cd3cc71ffae94598b89e9d21d8b4c5b7 - - 98e1159022044bc0a3d9ba4ffbefa336 98e1159022044bc0a3d9ba4ffbefa336] 199.19.213.95 "GET /v2.0/networks/66d9e03a-954a-4e78-adc6-236bd4589bc8?fields=provider%3Aphysical_network&fields=provider%3Anetwork_type HTTP/1.1" status: 200 len: 277 time: 0.0505230
2026-07-09 17:59:57.883 10 INFO neutron.api.wsgi [None req-7a89d074-18ab-4c5b-af00-21231487e9f2 3d0a4e806cef49efac1dd0c018aaa51c df982a7d6cb34491a2a24edfc2ec3610 - - default default] 10.0.0.51 "DELETE /v2.0/security-groups/e467674a-02c7-4f59-94b5-a169879047ac HTTP/1.1" status: 204 len: 168 time: 0.1933353
2026-07-09 17:59:57.959 10 WARNING neutron_lib.context [None req-a2e9636e-f927-47bc-9cd7-f2c087bed814 c909cb98a1d34eaaa1706e3415a7f204 696e4cf8f0e04c5fb56912def173bca8 - - default default] Method 'is_advsvc' is deprecated since 2023.2 release (neutron-lib 3.8.0) and will be removed once support for the old RBAC API policies will be removed from Neutron. Please use method 'is_service_role' instead.
2026-07-09 17:59:58.075 10 INFO neutron.db.ovn_revision_numbers_db [None req-a2e9636e-f927-47bc-9cd7-f2c087bed814 c909cb98a1d34eaaa1706e3415a7f204 696e4cf8f0e04c5fb56912def173bca8 - - default default] Successfully bumped revision number for resource ee936b8e-f83f-4316-83ec-4b25cef9c55b (type: security_groups) to 1
2026-07-09 17:59:58.093 9 INFO neutron.notifiers.nova [-] Nova event matching ['req-d5db6cf5-f044-426a-984b-791a7956c5c8'] response: {'server_uuid': 'f7d12cce-4635-46d8-b2f8-a0fb257c81f8', 'name': 'network-vif-plugged', 'status': 'completed', 'tag': '6249deb5-1ac5-4666-b8f5-cc404a5b34df', 'code': 200}
2026-07-09 17:59:58.100 10 INFO neutron.db.ovn_revision_numbers_db [None req-a2e9636e-f927-47bc-9cd7-f2c087bed814 c909cb98a1d34eaaa1706e3415a7f204 696e4cf8f0e04c5fb56912def173bca8 - - default default] Successfully bumped revision number for resource 3b4fed13-7732-4d2f-8cdd-3a6f65da83b4 (type: security_group_rules) to 0
2026-07-09 17:59:58.118 10 INFO neutron.db.ovn_revision_numbers_db [None req-a2e9636e-f927-47bc-9cd7-f2c087bed814 c909cb98a1d34eaaa1706e3415a7f204 696e4cf8f0e04c5fb56912def173bca8 - - default default] Successfully bumped revision number for resource 71a377f7-c2c7-40b1-b33a-48546c7883b8 (type: security_group_rules) to 0
2026-07-09 17:59:58.163 10 INFO neutron.api.wsgi [None req-a2e9636e-f927-47bc-9cd7-f2c087bed814 c909cb98a1d34eaaa1706e3415a7f204 696e4cf8f0e04c5fb56912def173bca8 - - default default] 10.0.0.51 "POST /v2.0/security-groups HTTP/1.1" status: 201 len: 1875 time: 0.2100098
2026-07-09 17:59:58.176 9 WARNING neutron_lib.context [None req-9edcb4e5-f7d1-4b25-b43a-052718c515c7 c909cb98a1d34eaaa1706e3415a7f204 696e4cf8f0e04c5fb56912def173bca8 - - default default] Method 'is_advsvc' is deprecated since 2023.2 release (neutron-lib 3.8.0) and will be removed once support for the old RBAC API policies will be removed from Neutron. Please use method 'is_service_role' instead.
2026-07-09 17:59:58.181 10 INFO neutron.db.ovn_revision_numbers_db [None req-a89ab4c5-bd1f-45ed-a98f-c3d8ce6e997b 3d0a4e806cef49efac1dd0c018aaa51c df982a7d6cb34491a2a24edfc2ec3610 - - default default] Successfully bumped revision number for resource 400bcda3-cad6-4fe3-943b-774ecff791e2 (type: security_groups) to 1
2026-07-09 17:59:58.194 10 INFO neutron.db.ovn_revision_numbers_db [None req-a89ab4c5-bd1f-45ed-a98f-c3d8ce6e997b 3d0a4e806cef49efac1dd0c018aaa51c df982a7d6cb34491a2a24edfc2ec3610 - - default default] Successfully bumped revision number for resource 3b0d2e0b-98e3-465e-9826-ae332c1fad40 (type: security_group_rules) to 0
2026-07-09 17:59:58.222 10 INFO neutron.db.ovn_revision_numbers_db [None req-a89ab4c5-bd1f-45ed-a98f-c3d8ce6e997b 3d0a4e806cef49efac1dd0c018aaa51c df982a7d6cb34491a2a24edfc2ec3610 - - default default] Successfully bumped revision number for resource 48a924f9-01d3-4465-aebf-7b8fee8559d1 (type: security_group_rules) to 0
2026-07-09 17:59:58.237 10 INFO neutron.db.ovn_revision_numbers_db [None req-a89ab4c5-bd1f-45ed-a98f-c3d8ce6e997b 3d0a4e806cef49efac1dd0c018aaa51c df982a7d6cb34491a2a24edfc2ec3610 - - default default] Successfully bumped revision number for resource 5b0a0275-3fb7-47d2-992d-91410db3e2e8 (type: security_group_rules) to 0
2026-07-09 17:59:58.252 10 INFO neutron.db.ovn_revision_numbers_db [None req-a89ab4c5-bd1f-45ed-a98f-c3d8ce6e997b 3d0a4e806cef49efac1dd0c018aaa51c df982a7d6cb34491a2a24edfc2ec3610 - - default default] Successfully bumped revision number for resource ea021ee1-6acb-4e2d-94dc-394d6f2a09ae (type: security_group_rules) to 0
2026-07-09 17:59:58.287 10 INFO neutron.api.wsgi [None req-a89ab4c5-bd1f-45ed-a98f-c3d8ce6e997b 3d0a4e806cef49efac1dd0c018aaa51c df982a7d6cb34491a2a24edfc2ec3610 - - default default] 10.0.0.51 "GET /v2.0/security-groups?tenant_id=4d5b52cc1aca42b88294c23e293b314c&name=default HTTP/1.1" status: 200 len: 3120 time: 0.2385306
2026-07-09 17:59:58.352 9 INFO neutron.db.ovn_revision_numbers_db [None req-9edcb4e5-f7d1-4b25-b43a-052718c515c7 c909cb98a1d34eaaa1706e3415a7f204 696e4cf8f0e04c5fb56912def173bca8 - - default default] Successfully bumped revision number for resource 329663b3-14c4-4f94-ab8a-5b65a69cead8 (type: security_group_rules) to 0
2026-07-09 17:59:58.389 9 INFO neutron.api.wsgi [None req-9edcb4e5-f7d1-4b25-b43a-052718c515c7 c909cb98a1d34eaaa1706e3415a7f204 696e4cf8f0e04c5fb56912def173bca8 - - default default] 10.0.0.51 "POST /v2.0/security-group-rules HTTP/1.1" status: 201 len: 796 time: 0.2176764
2026-07-09 17:59:58.403 9 WARNING neutron_lib.context [None req-15772e9a-6996-4b8f-a548-a8405c89fd34 c909cb98a1d34eaaa1706e3415a7f204 696e4cf8f0e04c5fb56912def173bca8 - - default default] Method 'is_advsvc' is deprecated since 2023.2 release (neutron-lib 3.8.0) and will be removed once support for the old RBAC API policies will be removed from Neutron. Please use method 'is_service_role' instead.
2026-07-09 17:59:58.533 10 INFO neutron.api.wsgi [req-6f48bd23-c8b7-4280-b712-1464ee2fca09 req-c1062f6d-b46f-496c-9591-17c9c6aa6add 222cd1e9578443fdae09d6f4ffb0dd42 cd3cc71ffae94598b89e9d21d8b4c5b7 - - 98e1159022044bc0a3d9ba4ffbefa336 98e1159022044bc0a3d9ba4ffbefa336] 199.19.213.95 "GET /v2.0/ports?device_id=684fb321-0bbe-4628-a5cc-779db541cccb&fields=binding%3Ahost_id&fields=binding%3Avif_type HTTP/1.1" status: 200 len: 265 time: 0.0349622
2026-07-09 17:59:58.564 9 INFO neutron.api.wsgi [None req-86183747-cc0b-4fd3-acea-8798a6f0ae75 3d0a4e806cef49efac1dd0c018aaa51c df982a7d6cb34491a2a24edfc2ec3610 - - default default] 10.0.0.51 "DELETE /v2.0/security-groups/400bcda3-cad6-4fe3-943b-774ecff791e2 HTTP/1.1" status: 204 len: 168 time: 0.2728086
2026-07-09 17:59:58.565 9 INFO neutron.db.ovn_revision_numbers_db [None req-15772e9a-6996-4b8f-a548-a8405c89fd34 c909cb98a1d34eaaa1706e3415a7f204 696e4cf8f0e04c5fb56912def173bca8 - - default default] Successfully bumped revision number for resource 41915643-96f1-4d6d-bbd8-048740caae3a (type: security_group_rules) to 0
2026-07-09 17:59:58.601 9 INFO neutron.api.wsgi [None req-15772e9a-6996-4b8f-a548-a8405c89fd34 c909cb98a1d34eaaa1706e3415a7f204 696e4cf8f0e04c5fb56912def173bca8 - - default default] 10.0.0.51 "POST /v2.0/security-group-rules HTTP/1.1" status: 201 len: 795 time: 0.2030873
2026-07-09 17:59:58.611 9 WARNING neutron_lib.context [None req-35df2086-7a91-4e21-938b-40310463286a c909cb98a1d34eaaa1706e3415a7f204 696e4cf8f0e04c5fb56912def173bca8 - - default default] Method 'is_advsvc' is deprecated since 2023.2 release (neutron-lib 3.8.0) and will be removed once support for the old RBAC API policies will be removed from Neutron. Please use method 'is_service_role' instead.
