2026-07-09 17:57:42.378 9 INFO neutron.db.ovn_revision_numbers_db [None req-a553388c-0e35-44f0-92c9-5f36e9c5981e 3d0a4e806cef49efac1dd0c018aaa51c df982a7d6cb34491a2a24edfc2ec3610 - - default default] Successfully bumped revision number for resource 7bfce9bc-29e4-4756-bd02-aa2c6fbe364b (type: ports) to 1
2026-07-09 17:57:42.430 9 WARNING neutron.scheduler.dhcp_agent_scheduler [None req-a553388c-0e35-44f0-92c9-5f36e9c5981e 3d0a4e806cef49efac1dd0c018aaa51c df982a7d6cb34491a2a24edfc2ec3610 - - default default] No more DHCP agents
2026-07-09 17:57:42.432 9 WARNING neutron.api.rpc.agentnotifiers.dhcp_rpc_agent_api [None req-a553388c-0e35-44f0-92c9-5f36e9c5981e 3d0a4e806cef49efac1dd0c018aaa51c df982a7d6cb34491a2a24edfc2ec3610 - - default default] Unable to schedule network 061a0325-1eff-4ad3-bb74-cbb978f36c59: no agents available; will retry on subsequent port and subnet creation events.
2026-07-09 17:57:42.523 10 INFO neutron.api.wsgi [req-186d38a2-376a-4698-a539-2389a3c21e78 req-8332183d-e47a-4d36-b778-b7f341e02519 222cd1e9578443fdae09d6f4ffb0dd42 cd3cc71ffae94598b89e9d21d8b4c5b7 - - 98e1159022044bc0a3d9ba4ffbefa336 98e1159022044bc0a3d9ba4ffbefa336] 199.19.213.95 "GET /v2.0/ports?tenant_id=c7d966e4ef554a3bbe97f196c891682e&device_id=dfc2d0c3-980a-4a25-b232-24b414cf9b35 HTTP/1.1" status: 200 len: 1407 time: 0.1867232
2026-07-09 17:57:42.545 10 INFO neutron.api.wsgi [req-186d38a2-376a-4698-a539-2389a3c21e78 req-4c7e8e30-26f4-49cd-8334-8721fa247c15 222cd1e9578443fdae09d6f4ffb0dd42 cd3cc71ffae94598b89e9d21d8b4c5b7 - - 98e1159022044bc0a3d9ba4ffbefa336 98e1159022044bc0a3d9ba4ffbefa336] 199.19.213.95 "GET /v2.0/floatingips?fixed_ip_address=10.100.0.9&port_id=cb409b50-7020-4d7e-b590-b23a62879844 HTTP/1.1" status: 200 len: 217 time: 0.0172760
2026-07-09 17:57:42.582 10 INFO neutron.api.wsgi [req-186d38a2-376a-4698-a539-2389a3c21e78 req-4a09ef33-58ba-45c7-8b84-22ee358d8834 222cd1e9578443fdae09d6f4ffb0dd42 cd3cc71ffae94598b89e9d21d8b4c5b7 - - 98e1159022044bc0a3d9ba4ffbefa336 98e1159022044bc0a3d9ba4ffbefa336] 199.19.213.95 "GET /v2.0/subnets?id=8d76c9f3-0e41-488a-a3d4-a7fe10cb848f HTTP/1.1" status: 200 len: 897 time: 0.0326636
2026-07-09 17:57:42.605 10 INFO neutron.api.wsgi [req-186d38a2-376a-4698-a539-2389a3c21e78 req-28eecb14-0bb6-4735-bedc-35ab490ebbe0 222cd1e9578443fdae09d6f4ffb0dd42 cd3cc71ffae94598b89e9d21d8b4c5b7 - - 98e1159022044bc0a3d9ba4ffbefa336 98e1159022044bc0a3d9ba4ffbefa336] 199.19.213.95 "GET /v2.0/ports?network_id=9e53c33b-f5af-4b18-9a03-c6f680b1592f&device_owner=network%3Adhcp HTTP/1.1" status: 200 len: 210 time: 0.0175297
2026-07-09 17:57:42.661 10 INFO neutron.api.wsgi [req-186d38a2-376a-4698-a539-2389a3c21e78 req-7ff4090d-984a-42d0-9b2d-bbecd6877b98 222cd1e9578443fdae09d6f4ffb0dd42 cd3cc71ffae94598b89e9d21d8b4c5b7 - - 98e1159022044bc0a3d9ba4ffbefa336 98e1159022044bc0a3d9ba4ffbefa336] 199.19.213.95 "GET /v2.0/networks/9e53c33b-f5af-4b18-9a03-c6f680b1592f?fields=segments HTTP/1.1" status: 200 len: 212 time: 0.0513568
2026-07-09 17:57:42.716 10 INFO neutron.api.wsgi [req-186d38a2-376a-4698-a539-2389a3c21e78 req-320b641d-c8a9-4ba0-acf7-20e69c3cc68c 222cd1e9578443fdae09d6f4ffb0dd42 cd3cc71ffae94598b89e9d21d8b4c5b7 - - 98e1159022044bc0a3d9ba4ffbefa336 98e1159022044bc0a3d9ba4ffbefa336] 199.19.213.95 "GET /v2.0/networks/9e53c33b-f5af-4b18-9a03-c6f680b1592f?fields=provider%3Aphysical_network&fields=provider%3Anetwork_type HTTP/1.1" status: 200 len: 277 time: 0.0501361
2026-07-09 17:57:42.719 10 INFO neutron.notifiers.nova [-] Nova event matching ['req-51d32f34-a245-40a5-8fb5-dd4c70898ddb'] response: {'name': 'network-changed', 'server_uuid': 'dfc2d0c3-980a-4a25-b232-24b414cf9b35', 'tag': 'cb409b50-7020-4d7e-b590-b23a62879844', 'status': 'completed', 'code': 200}
2026-07-09 17:57:42.803 9 INFO neutron.api.wsgi [req-fa02d896-ba7b-44e9-91cb-7cf3e126f84b req-6e505ad7-775a-4f0d-a7d2-01d70d788b18 7733091d10df406f9ae06b6e65ed179a 0e7e3a7b42144929aa64b6349e0df1d7 - - default default] 10.0.0.153 "GET /v2.0/ports?device_id=5d4a4375-8d23-4f2d-ab9d-c3b6b692716f HTTP/1.1" status: 200 len: 1172 time: 0.0397046
2026-07-09 17:57:42.860 9 INFO neutron.api.wsgi [req-fa02d896-ba7b-44e9-91cb-7cf3e126f84b req-36ad5ead-9559-495e-9f7a-9971b1809fa1 7733091d10df406f9ae06b6e65ed179a 0e7e3a7b42144929aa64b6349e0df1d7 - - default default] 10.0.0.153 "GET /v2.0/security-groups?id=c7a2c2eb-071d-4717-af5f-8d6926325a0f&fields=id&fields=name HTTP/1.1" status: 200 len: 312 time: 0.0394251
2026-07-09 17:57:42.981 10 INFO neutron.api.wsgi [req-20141b78-44d6-4dae-9df1-9b2af8abe8fd req-8026ac35-a11f-4564-a983-8bf4cf8b614f 9bef8d4f8c694f6a85eaf68766a42a0a b696ec99b74244e69a0c54af27a4210a - - default default] 10.0.0.153 "GET /v2.0/ports?device_id=5a682b22-c296-445f-9529-3835dc39d197 HTTP/1.1" status: 200 len: 1172 time: 0.0441608
2026-07-09 17:57:43.016 10 INFO neutron.api.wsgi [req-20141b78-44d6-4dae-9df1-9b2af8abe8fd req-0cca8fea-a440-4120-a5e9-322850019e0c 9bef8d4f8c694f6a85eaf68766a42a0a b696ec99b74244e69a0c54af27a4210a - - default default] 10.0.0.153 "GET /v2.0/security-groups?id=ebe0169e-b2e2-4eff-a00a-a505952ce94e&fields=id&fields=name HTTP/1.1" status: 200 len: 312 time: 0.0313408
2026-07-09 17:57:43.162 9 INFO neutron.db.ovn_revision_numbers_db [None req-a553388c-0e35-44f0-92c9-5f36e9c5981e 3d0a4e806cef49efac1dd0c018aaa51c df982a7d6cb34491a2a24edfc2ec3610 - - default default] Successfully bumped revision number for resource 7bfce9bc-29e4-4756-bd02-aa2c6fbe364b (type: router_ports) to 1
2026-07-09 17:57:43.168 9 INFO neutron.api.wsgi [None req-a553388c-0e35-44f0-92c9-5f36e9c5981e 3d0a4e806cef49efac1dd0c018aaa51c df982a7d6cb34491a2a24edfc2ec3610 - - default default] 10.0.0.51 "PUT /v2.0/routers/1bac6940-a1e1-479d-b1c7-c2984b3bb603/add_router_interface HTTP/1.1" status: 200 len: 503 time: 2.0698261
2026-07-09 17:57:43.228 9 INFO neutron.api.wsgi [req-b89c2616-c82c-4962-a3b1-65cb8e2ea133 req-d28cfe81-568b-48fc-a1fb-2b662b07a219 ed311557df5e457984b412938fb7ed67 c7d966e4ef554a3bbe97f196c891682e - - default default] 10.0.0.153 "GET /v2.0/ports?device_id=dfc2d0c3-980a-4a25-b232-24b414cf9b35 HTTP/1.1" status: 200 len: 1168 time: 0.0363591
2026-07-09 17:57:43.266 9 INFO neutron.api.wsgi [req-b89c2616-c82c-4962-a3b1-65cb8e2ea133 req-1de764b2-fdc4-4098-a8fa-f24701e85be3 ed311557df5e457984b412938fb7ed67 c7d966e4ef554a3bbe97f196c891682e - - default default] 10.0.0.153 "GET /v2.0/security-groups?id=2af65ce8-3b53-4420-836a-71959d354c76&fields=id&fields=name HTTP/1.1" status: 200 len: 312 time: 0.0314960
2026-07-09 17:57:43.560 10 INFO neutron.plugins.ml2.drivers.ovn.mech_driver.mech_driver [None req-ef39b04a-c694-4d52-a029-5397f9852fb3 - - - - - -] OVN reports status up for port: 7bfce9bc-29e4-4756-bd02-aa2c6fbe364b
2026-07-09 17:57:43.566 10 INFO neutron.plugins.ml2.plugin [None req-ef39b04a-c694-4d52-a029-5397f9852fb3 - - - - - -] Attempt 1 to provision port 7bfce9bc-29e4-4756-bd02-aa2c6fbe364b
2026-07-09 17:57:43.633 10 WARNING neutron_lib.context [req-c44d74d9-88d3-403d-82c3-bbe3fce161a7 req-f822029d-c481-4ab5-b71d-12cddc3b48eb ce07b2f80c6546028f7e826b97852b2a 28da511db0fa4623b2d5841388cf318f - - default default] Method 'is_advsvc' is deprecated since 2023.2 release (neutron-lib 3.8.0) and will be removed once support for the old RBAC API policies will be removed from Neutron. Please use method 'is_service_role' instead.
2026-07-09 17:57:43.780 10 INFO neutron.db.ovn_revision_numbers_db [req-c44d74d9-88d3-403d-82c3-bbe3fce161a7 req-f822029d-c481-4ab5-b71d-12cddc3b48eb ce07b2f80c6546028f7e826b97852b2a 28da511db0fa4623b2d5841388cf318f - - default default] Successfully bumped revision number for resource c3f52470-f46e-4edd-b02a-82b55a7f0467 (type: security_groups) to 1
2026-07-09 17:57:43.796 10 INFO neutron.api.wsgi [req-1c1b9ebf-70c2-4e29-8c06-b237d0e36e2c req-bd853ce1-ffc6-44fd-ad88-ba0b4719ceb0 222cd1e9578443fdae09d6f4ffb0dd42 cd3cc71ffae94598b89e9d21d8b4c5b7 - - 98e1159022044bc0a3d9ba4ffbefa336 98e1159022044bc0a3d9ba4ffbefa336] 199.19.213.95 "GET /v2.0/ports?tenant_id=c7d966e4ef554a3bbe97f196c891682e&device_id=dfc2d0c3-980a-4a25-b232-24b414cf9b35 HTTP/1.1" status: 200 len: 1407 time: 0.0605342
2026-07-09 17:57:43.809 10 INFO neutron.db.ovn_revision_numbers_db [req-c44d74d9-88d3-403d-82c3-bbe3fce161a7 req-f822029d-c481-4ab5-b71d-12cddc3b48eb ce07b2f80c6546028f7e826b97852b2a 28da511db0fa4623b2d5841388cf318f - - default default] Successfully bumped revision number for resource 06df9183-bddb-49f8-acb8-40183a53e9f9 (type: security_group_rules) to 0
2026-07-09 17:57:43.825 10 INFO neutron.db.ovn_revision_numbers_db [req-c44d74d9-88d3-403d-82c3-bbe3fce161a7 req-f822029d-c481-4ab5-b71d-12cddc3b48eb ce07b2f80c6546028f7e826b97852b2a 28da511db0fa4623b2d5841388cf318f - - default default] Successfully bumped revision number for resource 88c47984-62a9-48e4-b97c-188561b35ed8 (type: security_group_rules) to 0
2026-07-09 17:57:43.872 10 INFO neutron.api.wsgi [req-1c1b9ebf-70c2-4e29-8c06-b237d0e36e2c req-bbdb7f5a-b0d5-438b-b655-8d65a95d7489 222cd1e9578443fdae09d6f4ffb0dd42 cd3cc71ffae94598b89e9d21d8b4c5b7 - - 98e1159022044bc0a3d9ba4ffbefa336 98e1159022044bc0a3d9ba4ffbefa336] 199.19.213.95 "GET /v2.0/networks?id=9e53c33b-f5af-4b18-9a03-c6f680b1592f HTTP/1.1" status: 200 len: 977 time: 0.0691342
2026-07-09 17:57:43.887 10 INFO neutron.api.wsgi [req-c44d74d9-88d3-403d-82c3-bbe3fce161a7 req-f822029d-c481-4ab5-b71d-12cddc3b48eb ce07b2f80c6546028f7e826b97852b2a 28da511db0fa4623b2d5841388cf318f - - default default] 10.0.0.153 "POST /v2.0/security-groups HTTP/1.1" status: 201 len: 1886 time: 0.2600176
2026-07-09 17:57:43.896 10 INFO neutron.api.wsgi [req-1c1b9ebf-70c2-4e29-8c06-b237d0e36e2c req-d1c3edc1-ebdb-487e-a573-6e230f96afe7 222cd1e9578443fdae09d6f4ffb0dd42 cd3cc71ffae94598b89e9d21d8b4c5b7 - - 98e1159022044bc0a3d9ba4ffbefa336 98e1159022044bc0a3d9ba4ffbefa336] 199.19.213.95 "GET /v2.0/floatingips?fixed_ip_address=10.100.0.9&port_id=cb409b50-7020-4d7e-b590-b23a62879844 HTTP/1.1" status: 200 len: 217 time: 0.0174518
2026-07-09 17:57:43.926 10 WARNING neutron_lib.context [req-776b9528-38d8-4281-a46a-e6c3cb021922 req-9d3e385d-8991-4bcf-99ad-55e55809cbec ce07b2f80c6546028f7e826b97852b2a 28da511db0fa4623b2d5841388cf318f - - default default] Method 'is_advsvc' is deprecated since 2023.2 release (neutron-lib 3.8.0) and will be removed once support for the old RBAC API policies will be removed from Neutron. Please use method 'is_service_role' instead.
2026-07-09 17:57:43.954 10 INFO neutron.api.wsgi [req-1c1b9ebf-70c2-4e29-8c06-b237d0e36e2c req-cc1ff3d8-91ab-4827-a9af-1c63d3195fdb 222cd1e9578443fdae09d6f4ffb0dd42 cd3cc71ffae94598b89e9d21d8b4c5b7 - - 98e1159022044bc0a3d9ba4ffbefa336 98e1159022044bc0a3d9ba4ffbefa336] 199.19.213.95 "GET /v2.0/subnets?id=8d76c9f3-0e41-488a-a3d4-a7fe10cb848f HTTP/1.1" status: 200 len: 897 time: 0.0471456
2026-07-09 17:57:43.982 10 INFO neutron.api.wsgi [req-1c1b9ebf-70c2-4e29-8c06-b237d0e36e2c req-7fbf9bf8-4abd-4d33-8f45-dfcc96660883 222cd1e9578443fdae09d6f4ffb0dd42 cd3cc71ffae94598b89e9d21d8b4c5b7 - - 98e1159022044bc0a3d9ba4ffbefa336 98e1159022044bc0a3d9ba4ffbefa336] 199.19.213.95 "GET /v2.0/ports?network_id=9e53c33b-f5af-4b18-9a03-c6f680b1592f&device_owner=network%3Adhcp HTTP/1.1" status: 200 len: 210 time: 0.0219812
2026-07-09 17:57:43.988 9 INFO neutron.api.wsgi [req-1611c0a2-9a6f-4b11-a6db-19439b8310d5 req-8a3c541c-5ec1-4430-9bab-ba36ab63aa41 7733091d10df406f9ae06b6e65ed179a 0e7e3a7b42144929aa64b6349e0df1d7 - - default default] 10.0.0.153 "GET /v2.0/ports?device_id=5d4a4375-8d23-4f2d-ab9d-c3b6b692716f HTTP/1.1" status: 200 len: 1172 time: 0.0521183
2026-07-09 17:57:44.038 9 INFO neutron.api.wsgi [req-1611c0a2-9a6f-4b11-a6db-19439b8310d5 req-257574be-1103-4dd4-ab21-fc90c58b1391 7733091d10df406f9ae06b6e65ed179a 0e7e3a7b42144929aa64b6349e0df1d7 - - default default] 10.0.0.153 "GET /v2.0/security-groups?id=c7a2c2eb-071d-4717-af5f-8d6926325a0f&fields=id&fields=name HTTP/1.1" status: 200 len: 312 time: 0.0412807
2026-07-09 17:57:44.091 10 INFO neutron.api.wsgi [req-1c1b9ebf-70c2-4e29-8c06-b237d0e36e2c req-558659dd-1b83-4d35-9b54-a44e95d3a616 222cd1e9578443fdae09d6f4ffb0dd42 cd3cc71ffae94598b89e9d21d8b4c5b7 - - 98e1159022044bc0a3d9ba4ffbefa336 98e1159022044bc0a3d9ba4ffbefa336] 199.19.213.95 "GET /v2.0/networks/9e53c33b-f5af-4b18-9a03-c6f680b1592f?fields=segments HTTP/1.1" status: 200 len: 212 time: 0.1015050
2026-07-09 17:57:44.115 10 INFO neutron.db.ovn_revision_numbers_db [None req-ef39b04a-c694-4d52-a029-5397f9852fb3 - - - - - -] Successfully bumped revision number for resource 7bfce9bc-29e4-4756-bd02-aa2c6fbe364b (type: ports) to 2
2026-07-09 17:57:44.141 10 INFO neutron.db.ovn_revision_numbers_db [req-776b9528-38d8-4281-a46a-e6c3cb021922 req-9d3e385d-8991-4bcf-99ad-55e55809cbec ce07b2f80c6546028f7e826b97852b2a 28da511db0fa4623b2d5841388cf318f - - default default] Successfully bumped revision number for resource f57ccb34-e056-4dc0-8d59-a746012060ec (type: security_groups) to 1
2026-07-09 17:57:44.149 10 INFO neutron.api.wsgi [req-1c1b9ebf-70c2-4e29-8c06-b237d0e36e2c req-6be7cd9f-5297-47f7-8ecb-4015a605e558 222cd1e9578443fdae09d6f4ffb0dd42 cd3cc71ffae94598b89e9d21d8b4c5b7 - - 98e1159022044bc0a3d9ba4ffbefa336 98e1159022044bc0a3d9ba4ffbefa336] 199.19.213.95 "GET /v2.0/networks/9e53c33b-f5af-4b18-9a03-c6f680b1592f?fields=provider%3Aphysical_network&fields=provider%3Anetwork_type HTTP/1.1" status: 200 len: 277 time: 0.0519118
2026-07-09 17:57:44.153 9 INFO neutron.api.wsgi [req-3ebdbea1-b5fa-495f-b075-8995d2a8074d req-50cc52c9-aea1-4651-99a0-00d313708bbb 9bef8d4f8c694f6a85eaf68766a42a0a b696ec99b74244e69a0c54af27a4210a - - default default] 10.0.0.153 "GET /v2.0/ports?device_id=5a682b22-c296-445f-9529-3835dc39d197 HTTP/1.1" status: 200 len: 1172 time: 0.0755105
2026-07-09 17:57:44.158 10 INFO neutron.db.ovn_revision_numbers_db [req-776b9528-38d8-4281-a46a-e6c3cb021922 req-9d3e385d-8991-4bcf-99ad-55e55809cbec ce07b2f80c6546028f7e826b97852b2a 28da511db0fa4623b2d5841388cf318f - - default default] Successfully bumped revision number for resource 54e97a39-eb0a-4943-baeb-aa75e1ef66d5 (type: security_group_rules) to 0
2026-07-09 17:57:44.174 10 INFO neutron.db.ovn_revision_numbers_db [req-776b9528-38d8-4281-a46a-e6c3cb021922 req-9d3e385d-8991-4bcf-99ad-55e55809cbec ce07b2f80c6546028f7e826b97852b2a 28da511db0fa4623b2d5841388cf318f - - default default] Successfully bumped revision number for resource 5b27d811-cd97-46a0-a7a7-747240f74c6f (type: security_group_rules) to 0
2026-07-09 17:57:44.194 9 INFO neutron.api.wsgi [req-3ebdbea1-b5fa-495f-b075-8995d2a8074d req-37dba835-0fa8-4c9f-9691-c89e5c0e8c89 9bef8d4f8c694f6a85eaf68766a42a0a b696ec99b74244e69a0c54af27a4210a - - default default] 10.0.0.153 "GET /v2.0/security-groups?id=ebe0169e-b2e2-4eff-a00a-a505952ce94e&fields=id&fields=name HTTP/1.1" status: 200 len: 312 time: 0.0315871
2026-07-09 17:57:44.211 10 INFO neutron.api.wsgi [req-776b9528-38d8-4281-a46a-e6c3cb021922 req-9d3e385d-8991-4bcf-99ad-55e55809cbec ce07b2f80c6546028f7e826b97852b2a 28da511db0fa4623b2d5841388cf318f - - default default] 10.0.0.153 "POST /v2.0/security-groups HTTP/1.1" status: 201 len: 1886 time: 0.2937849
2026-07-09 17:57:44.245 9 WARNING neutron_lib.context [req-55702154-84f6-4bb5-ab63-1e0450a2a6f0 req-55967db9-e558-442c-86bc-6364d7e2f858 ce07b2f80c6546028f7e826b97852b2a 28da511db0fa4623b2d5841388cf318f - - default default] Method 'is_advsvc' is deprecated since 2023.2 release (neutron-lib 3.8.0) and will be removed once support for the old RBAC API policies will be removed from Neutron. Please use method 'is_service_role' instead.
2026-07-09 17:57:44.347 9 INFO neutron.db.ovn_revision_numbers_db [req-55702154-84f6-4bb5-ab63-1e0450a2a6f0 req-55967db9-e558-442c-86bc-6364d7e2f858 ce07b2f80c6546028f7e826b97852b2a 28da511db0fa4623b2d5841388cf318f - - default default] Successfully bumped revision number for resource 83211e90-9bb2-4306-8634-e852b3bc742c (type: security_groups) to 1
2026-07-09 17:57:44.358 10 INFO neutron.api.wsgi [req-16bbe2b4-ef07-4556-9732-801b52fbe9de req-64d8fd42-ab62-49b4-b5e1-7936b18dc1a5 ed311557df5e457984b412938fb7ed67 c7d966e4ef554a3bbe97f196c891682e - - default default] 10.0.0.153 "GET /v2.0/ports?device_id=dfc2d0c3-980a-4a25-b232-24b414cf9b35 HTTP/1.1" status: 200 len: 1168 time: 0.0361526
2026-07-09 17:57:44.359 9 INFO neutron.db.ovn_revision_numbers_db [req-55702154-84f6-4bb5-ab63-1e0450a2a6f0 req-55967db9-e558-442c-86bc-6364d7e2f858 ce07b2f80c6546028f7e826b97852b2a 28da511db0fa4623b2d5841388cf318f - - default default] Successfully bumped revision number for resource 316a7c7d-6029-4401-a66b-4dc863c0693f (type: security_group_rules) to 0
2026-07-09 17:57:44.370 9 INFO neutron.db.ovn_revision_numbers_db [req-55702154-84f6-4bb5-ab63-1e0450a2a6f0 req-55967db9-e558-442c-86bc-6364d7e2f858 ce07b2f80c6546028f7e826b97852b2a 28da511db0fa4623b2d5841388cf318f - - default default] Successfully bumped revision number for resource 84c91e98-120c-41bb-9d55-88ed12e631ed (type: security_group_rules) to 0
2026-07-09 17:57:44.398 10 INFO neutron.api.wsgi [req-16bbe2b4-ef07-4556-9732-801b52fbe9de req-dbcb44cb-9100-46fb-afe7-c14d57e110ac ed311557df5e457984b412938fb7ed67 c7d966e4ef554a3bbe97f196c891682e - - default default] 10.0.0.153 "GET /v2.0/security-groups?id=2af65ce8-3b53-4420-836a-71959d354c76&fields=id&fields=name HTTP/1.1" status: 200 len: 312 time: 0.0335119
2026-07-09 17:57:44.400 9 INFO neutron.api.wsgi [req-55702154-84f6-4bb5-ab63-1e0450a2a6f0 req-55967db9-e558-442c-86bc-6364d7e2f858 ce07b2f80c6546028f7e826b97852b2a 28da511db0fa4623b2d5841388cf318f - - default default] 10.0.0.153 "POST /v2.0/security-groups HTTP/1.1" status: 201 len: 1886 time: 0.1600671
2026-07-09 17:57:44.472 9 INFO neutron.api.wsgi [req-49cd3dc2-799d-42dd-ba82-998ece244173 req-6aa97d0f-b7c1-4f9a-b2ed-f4a7e7db41cf ce07b2f80c6546028f7e826b97852b2a 28da511db0fa4623b2d5841388cf318f - - default default] 10.0.0.153 "GET /v2.0/security-groups?tenant_id=28da511db0fa4623b2d5841388cf318f HTTP/1.1" status: 200 len: 8108 time: 0.0467100
2026-07-09 17:57:44.504 9 INFO neutron.api.wsgi [req-49cd3dc2-799d-42dd-ba82-998ece244173 req-1c74ae4e-00a1-459b-a2c2-e5ffccaf2871 ce07b2f80c6546028f7e826b97852b2a 28da511db0fa4623b2d5841388cf318f - - default default] 10.0.0.153 "GET /v2.0/security-groups/df29930b-3436-4e63-a088-e9ae152b9e3f HTTP/1.1" status: 200 len: 3122 time: 0.0265596
2026-07-09 17:57:44.548 9 INFO neutron.api.wsgi [req-49cd3dc2-799d-42dd-ba82-998ece244173 req-5239f355-1c2f-43e1-8d3c-18ea8af42cf1 ce07b2f80c6546028f7e826b97852b2a 28da511db0fa4623b2d5841388cf318f - - default default] 10.0.0.153 "GET /v2.0/security-groups/df29930b-3436-4e63-a088-e9ae152b9e3f HTTP/1.1" status: 200 len: 3122 time: 0.0365484
2026-07-09 17:57:44.617 10 INFO neutron.api.wsgi [req-1fd8291f-7ce0-4e41-a7ff-b60df7a54ce6 req-0c313ad8-768b-4115-a68e-c651d4430f52 ce07b2f80c6546028f7e826b97852b2a 28da511db0fa4623b2d5841388cf318f - - default default] 10.0.0.153 "GET /v2.0/security-groups/c3f52470-f46e-4edd-b02a-82b55a7f0467 HTTP/1.1" status: 200 len: 1881 time: 0.0415459
2026-07-09 17:57:44.635 9 INFO neutron.plugins.ml2.drivers.ovn.mech_driver.mech_driver [None req-f345ccf0-f4c6-45f2-8f9d-604fbe88962d - - - - - -] OVN reports status up for port: 8e2093e0-2c22-4463-bf96-351e42895a87
2026-07-09 17:57:44.647 9 INFO neutron.plugins.ml2.plugin [None req-f345ccf0-f4c6-45f2-8f9d-604fbe88962d - - - - - -] Attempt 1 to provision port 8e2093e0-2c22-4463-bf96-351e42895a87
2026-07-09 17:57:44.757 10 INFO neutron.api.wsgi [req-1fd8291f-7ce0-4e41-a7ff-b60df7a54ce6 req-181db458-4323-482d-9aa6-580998629319 ce07b2f80c6546028f7e826b97852b2a 28da511db0fa4623b2d5841388cf318f - - default default] 10.0.0.153 "DELETE /v2.0/security-groups/c3f52470-f46e-4edd-b02a-82b55a7f0467 HTTP/1.1" status: 204 len: 173 time: 0.1303949
2026-07-09 17:57:44.795 9 INFO neutron.api.v2.resource [req-2e976a89-1321-4aa6-ad57-719a6903d4ef req-94d60f45-c032-4e8f-b9df-e9e9c5099ad7 ce07b2f80c6546028f7e826b97852b2a 28da511db0fa4623b2d5841388cf318f - - default default] show failed (client error): The resource could not be found.
2026-07-09 17:57:44.796 9 INFO neutron.api.wsgi [req-2e976a89-1321-4aa6-ad57-719a6903d4ef req-94d60f45-c032-4e8f-b9df-e9e9c5099ad7 ce07b2f80c6546028f7e826b97852b2a 28da511db0fa4623b2d5841388cf318f - - default default] 10.0.0.153 "GET /v2.0/security-groups/c3f52470-f46e-4edd-b02a-82b55a7f0467 HTTP/1.1" status: 404 len: 352 time: 0.0131936
2026-07-09 17:57:44.840 10 INFO neutron.api.wsgi [req-901001dd-8e24-4d5f-9876-397eecccab3f req-eab8ee56-0430-418e-8151-5b7286e9a5b7 ce07b2f80c6546028f7e826b97852b2a 28da511db0fa4623b2d5841388cf318f - - default default] 10.0.0.153 "GET /v2.0/security-groups/f57ccb34-e056-4dc0-8d59-a746012060ec HTTP/1.1" status: 200 len: 1881 time: 0.0227406
2026-07-09 17:57:44.906 9 INFO neutron.db.ovn_revision_numbers_db [None req-f345ccf0-f4c6-45f2-8f9d-604fbe88962d - - - - - -] Successfully bumped revision number for resource 8e2093e0-2c22-4463-bf96-351e42895a87 (type: ports) to 5
2026-07-09 17:57:44.981 10 INFO neutron.api.wsgi [req-901001dd-8e24-4d5f-9876-397eecccab3f req-fd9f3f82-cfe2-4002-872e-866950a03ec5 ce07b2f80c6546028f7e826b97852b2a 28da511db0fa4623b2d5841388cf318f - - default default] 10.0.0.153 "DELETE /v2.0/security-groups/f57ccb34-e056-4dc0-8d59-a746012060ec HTTP/1.1" status: 204 len: 173 time: 0.1354260 /var/lib/openstack/lib/python3.12/site-packages/pycadf/identifier.py:71: UserWarning: Invalid uuid: neutron. To ensure interoperability, identifiers should be a valid uuid. warnings.warn(('Invalid uuid: %s. To ensure interoperability, '
2026-07-09 17:57:45.022 9 INFO neutron.api.v2.resource [req-43ffdd1f-a11d-4e99-ad8d-e0fce074d706 req-dd10e5a7-0045-4e7e-9da9-21e31842c526 ce07b2f80c6546028f7e826b97852b2a 28da511db0fa4623b2d5841388cf318f - - default default] show failed (client error): The resource could not be found.
2026-07-09 17:57:45.023 9 INFO neutron.api.wsgi [req-43ffdd1f-a11d-4e99-ad8d-e0fce074d706 req-dd10e5a7-0045-4e7e-9da9-21e31842c526 ce07b2f80c6546028f7e826b97852b2a 28da511db0fa4623b2d5841388cf318f - - default default] 10.0.0.153 "GET /v2.0/security-groups/f57ccb34-e056-4dc0-8d59-a746012060ec HTTP/1.1" status: 404 len: 352 time: 0.0132139
2026-07-09 17:57:45.077 10 INFO neutron.api.wsgi [req-5d0e429a-e913-44cd-8a69-eca0cdefa39c req-f3f78ed5-5a4e-4875-bf72-e989d835b622 ce07b2f80c6546028f7e826b97852b2a 28da511db0fa4623b2d5841388cf318f - - default default] 10.0.0.153 "GET /v2.0/security-groups/83211e90-9bb2-4306-8634-e852b3bc742c HTTP/1.1" status: 200 len: 1881 time: 0.0368559
2026-07-09 17:57:45.190 9 INFO neutron.api.wsgi [req-84372604-54d0-4a96-89fd-f4d788cdec1b req-9d7f6ac7-a5c5-4e84-897f-fe514fb17d07 7733091d10df406f9ae06b6e65ed179a 0e7e3a7b42144929aa64b6349e0df1d7 - - default default] 10.0.0.153 "GET /v2.0/ports?device_id=5d4a4375-8d23-4f2d-ab9d-c3b6b692716f HTTP/1.1" status: 200 len: 1174 time: 0.0806942
2026-07-09 17:57:45.207 10 INFO neutron.api.wsgi [req-5d0e429a-e913-44cd-8a69-eca0cdefa39c req-ec8e842b-47d3-4b37-b2e2-155cffd54c09 ce07b2f80c6546028f7e826b97852b2a 28da511db0fa4623b2d5841388cf318f - - default default] 10.0.0.153 "DELETE /v2.0/security-groups/83211e90-9bb2-4306-8634-e852b3bc742c HTTP/1.1" status: 204 len: 173 time: 0.1260264
2026-07-09 17:57:45.228 9 INFO neutron.api.wsgi [req-84372604-54d0-4a96-89fd-f4d788cdec1b req-7281f45c-8d4c-4e13-9648-788490a199f0 7733091d10df406f9ae06b6e65ed179a 0e7e3a7b42144929aa64b6349e0df1d7 - - default default] 10.0.0.153 "GET /v2.0/security-groups?id=c7a2c2eb-071d-4717-af5f-8d6926325a0f&fields=id&fields=name HTTP/1.1" status: 200 len: 312 time: 0.0314081
2026-07-09 17:57:45.266 9 INFO neutron.api.v2.resource [req-d92caaf8-6295-4c88-bb4b-3d9428d94949 req-9f806c66-a6eb-439b-a77b-ff701e995401 ce07b2f80c6546028f7e826b97852b2a 28da511db0fa4623b2d5841388cf318f - - default default] show failed (client error): The resource could not be found.
2026-07-09 17:57:45.267 9 INFO neutron.api.wsgi [req-d92caaf8-6295-4c88-bb4b-3d9428d94949 req-9f806c66-a6eb-439b-a77b-ff701e995401 ce07b2f80c6546028f7e826b97852b2a 28da511db0fa4623b2d5841388cf318f - - default default] 10.0.0.153 "GET /v2.0/security-groups/83211e90-9bb2-4306-8634-e852b3bc742c HTTP/1.1" status: 404 len: 352 time: 0.0141034
2026-07-09 17:57:45.294 9 INFO neutron.notifiers.nova [-] Nova event matching ['req-b31e2288-7b69-49ea-bc3e-3057e26ad5fc'] response: {'server_uuid': '5d4a4375-8d23-4f2d-ab9d-c3b6b692716f', 'name': 'network-vif-plugged', 'status': 'completed', 'tag': '8e2093e0-2c22-4463-bf96-351e42895a87', 'code': 200}
2026-07-09 17:57:45.334 9 INFO neutron.api.wsgi [req-ec94b065-7e01-4c65-9aa4-ea63474b48e0 req-2edcb044-ddd6-472a-86b4-b15c89a9e5c6 9bef8d4f8c694f6a85eaf68766a42a0a b696ec99b74244e69a0c54af27a4210a - - default default] 10.0.0.153 "GET /v2.0/ports?device_id=5a682b22-c296-445f-9529-3835dc39d197 HTTP/1.1" status: 200 len: 1172 time: 0.0288751
2026-07-09 17:57:45.357 10 INFO neutron.api.wsgi [req-3dcf5c22-4e00-4e61-9c42-c441de54ef97 req-153914a2-e7c7-4c05-b43d-882301d4010d ce07b2f80c6546028f7e826b97852b2a 28da511db0fa4623b2d5841388cf318f - - default default] 10.0.0.153 "GET /v2.0/security-groups?tenant_id=28da511db0fa4623b2d5841388cf318f HTTP/1.1" status: 200 len: 3125 time: 0.0545254
2026-07-09 17:57:45.382 9 INFO neutron.api.wsgi [req-ec94b065-7e01-4c65-9aa4-ea63474b48e0 req-12e52de5-5140-4e18-aca5-6295ebfd7ddb 9bef8d4f8c694f6a85eaf68766a42a0a b696ec99b74244e69a0c54af27a4210a - - default default] 10.0.0.153 "GET /v2.0/security-groups?id=ebe0169e-b2e2-4eff-a00a-a505952ce94e&fields=id&fields=name HTTP/1.1" status: 200 len: 312 time: 0.0381019
2026-07-09 17:57:45.396 10 INFO neutron.api.wsgi [req-3dcf5c22-4e00-4e61-9c42-c441de54ef97 req-14e0e5f8-9642-4005-b962-d5f78f8c2b71 ce07b2f80c6546028f7e826b97852b2a 28da511db0fa4623b2d5841388cf318f - - default default] 10.0.0.153 "GET /v2.0/security-groups/df29930b-3436-4e63-a088-e9ae152b9e3f HTTP/1.1" status: 200 len: 3122 time: 0.0327539
2026-07-09 17:57:45.439 10 INFO neutron.api.wsgi [req-3dcf5c22-4e00-4e61-9c42-c441de54ef97 req-2479f15f-6ea6-4190-944f-e7f2163c4838 ce07b2f80c6546028f7e826b97852b2a 28da511db0fa4623b2d5841388cf318f - - default default] 10.0.0.153 "GET /v2.0/security-groups/df29930b-3436-4e63-a088-e9ae152b9e3f HTTP/1.1" status: 200 len: 3122 time: 0.0354502
2026-07-09 17:57:45.470 10 INFO neutron.api.v2.resource [req-31862dd4-4092-4a3b-9a46-4a8187427f00 req-7c66d896-4bf9-4c87-bb11-f979422ce6d8 ce07b2f80c6546028f7e826b97852b2a 28da511db0fa4623b2d5841388cf318f - - default default] show failed (client error): The resource could not be found.
2026-07-09 17:57:45.471 10 INFO neutron.api.wsgi [req-31862dd4-4092-4a3b-9a46-4a8187427f00 req-7c66d896-4bf9-4c87-bb11-f979422ce6d8 ce07b2f80c6546028f7e826b97852b2a 28da511db0fa4623b2d5841388cf318f - - default default] 10.0.0.153 "GET /v2.0/security-groups/83211e90-9bb2-4306-8634-e852b3bc742c HTTP/1.1" status: 404 len: 352 time: 0.0128868
2026-07-09 17:57:45.515 9 INFO neutron.api.wsgi [req-402541ec-2885-4362-a9f2-ebb67d7551bf req-70561950-5e1d-4274-9688-687181c3d09a ed311557df5e457984b412938fb7ed67 c7d966e4ef554a3bbe97f196c891682e - - default default] 10.0.0.153 "GET /v2.0/ports?device_id=dfc2d0c3-980a-4a25-b232-24b414cf9b35 HTTP/1.1" status: 200 len: 1168 time: 0.0424280
2026-07-09 17:57:45.552 10 INFO neutron.api.v2.resource [req-ce84f030-d16f-40b1-a63c-06cfc442f135 req-4b1113e8-c604-4f09-9d4a-7c308e8b68cc ce07b2f80c6546028f7e826b97852b2a 28da511db0fa4623b2d5841388cf318f - - default default] show failed (client error): The resource could not be found.
2026-07-09 17:57:45.556 10 INFO neutron.api.wsgi [req-ce84f030-d16f-40b1-a63c-06cfc442f135 req-4b1113e8-c604-4f09-9d4a-7c308e8b68cc ce07b2f80c6546028f7e826b97852b2a 28da511db0fa4623b2d5841388cf318f - - default default] 10.0.0.153 "GET /v2.0/security-groups/f57ccb34-e056-4dc0-8d59-a746012060ec HTTP/1.1" status: 404 len: 352 time: 0.0253973
2026-07-09 17:57:45.561 9 INFO neutron.api.wsgi [req-402541ec-2885-4362-a9f2-ebb67d7551bf req-cebc9ea5-ccda-48e5-95fe-298f26641a43 ed311557df5e457984b412938fb7ed67 c7d966e4ef554a3bbe97f196c891682e - - default default] 10.0.0.153 "GET /v2.0/security-groups?id=2af65ce8-3b53-4420-836a-71959d354c76&fields=id&fields=name HTTP/1.1" status: 200 len: 312 time: 0.0404882
2026-07-09 17:57:45.598 10 INFO neutron.api.v2.resource [req-76576289-2dad-4a98-8447-b923f5b72a67 req-bbfd9371-1d40-4a77-a19c-9599d2400796 ce07b2f80c6546028f7e826b97852b2a 28da511db0fa4623b2d5841388cf318f - - default default] show failed (client error): The resource could not be found.
2026-07-09 17:57:45.599 10 INFO neutron.api.wsgi [req-76576289-2dad-4a98-8447-b923f5b72a67 req-bbfd9371-1d40-4a77-a19c-9599d2400796 ce07b2f80c6546028f7e826b97852b2a 28da511db0fa4623b2d5841388cf318f - - default default] 10.0.0.153 "GET /v2.0/security-groups/c3f52470-f46e-4edd-b02a-82b55a7f0467 HTTP/1.1" status: 404 len: 352 time: 0.0137491
2026-07-09 17:57:46.328 9 INFO neutron.api.wsgi [req-787d10f0-1564-490e-a8ae-1297bc1031b8 req-17558f66-7b90-4f31-b573-b2e0ffad012f 7733091d10df406f9ae06b6e65ed179a 0e7e3a7b42144929aa64b6349e0df1d7 - - default default] 10.0.0.153 "GET /v2.0/ports?device_id=5d4a4375-8d23-4f2d-ab9d-c3b6b692716f HTTP/1.1" status: 200 len: 1174 time: 0.0383499
2026-07-09 17:57:46.365 9 INFO neutron.api.wsgi [req-787d10f0-1564-490e-a8ae-1297bc1031b8 req-83ead82e-858b-4fdb-acb9-f6d0dc86aea6 7733091d10df406f9ae06b6e65ed179a 0e7e3a7b42144929aa64b6349e0df1d7 - - default default] 10.0.0.153 "GET /v2.0/security-groups?id=c7a2c2eb-071d-4717-af5f-8d6926325a0f&fields=id&fields=name HTTP/1.1" status: 200 len: 312 time: 0.0334508
2026-07-09 17:57:46.533 10 INFO neutron.api.wsgi [req-ac52efee-1637-4284-ac18-f6c1c4d858be req-521c4057-c3d7-4761-bca7-9422a566eb32 9bef8d4f8c694f6a85eaf68766a42a0a b696ec99b74244e69a0c54af27a4210a - - default default] 10.0.0.153 "GET /v2.0/ports?device_id=5a682b22-c296-445f-9529-3835dc39d197 HTTP/1.1" status: 200 len: 1172 time: 0.0913894
2026-07-09 17:57:46.594 10 INFO neutron.api.wsgi [req-ac52efee-1637-4284-ac18-f6c1c4d858be req-d428e897-bd34-469a-a78b-dd122ae0ed31 9bef8d4f8c694f6a85eaf68766a42a0a b696ec99b74244e69a0c54af27a4210a - - default default] 10.0.0.153 "GET /v2.0/security-groups?id=ebe0169e-b2e2-4eff-a00a-a505952ce94e&fields=id&fields=name HTTP/1.1" status: 200 len: 312 time: 0.0557053
2026-07-09 17:57:46.657 9 INFO neutron.api.wsgi [req-c797c3d0-e2f7-4ead-8fb0-6706a278865d req-dc222d0e-c7c9-48fb-934f-0f96539ec467 ed311557df5e457984b412938fb7ed67 c7d966e4ef554a3bbe97f196c891682e - - default default] 10.0.0.153 "GET /v2.0/ports?device_id=dfc2d0c3-980a-4a25-b232-24b414cf9b35 HTTP/1.1" status: 200 len: 1168 time: 0.0310378
2026-07-09 17:57:46.702 9 INFO neutron.api.wsgi [req-c797c3d0-e2f7-4ead-8fb0-6706a278865d req-bd3a66e2-2d6d-4662-8206-6c6542967e42 ed311557df5e457984b412938fb7ed67 c7d966e4ef554a3bbe97f196c891682e - - default default] 10.0.0.153 "GET /v2.0/security-groups?id=2af65ce8-3b53-4420-836a-71959d354c76&fields=id&fields=name HTTP/1.1" status: 200 len: 312 time: 0.0402954
2026-07-09 17:57:46.986 10 INFO neutron.api.wsgi [None req-3c5bd70c-6e64-4433-8248-3964ab163bfd 3d0a4e806cef49efac1dd0c018aaa51c df982a7d6cb34491a2a24edfc2ec3610 - - default default] 10.0.0.51 "PUT /v2.0/routers/1bac6940-a1e1-479d-b1c7-c2984b3bb603/remove_router_interface HTTP/1.1" status: 200 len: 503 time: 1.3752320 /var/lib/openstack/lib/python3.12/site-packages/pycadf/identifier.py:71: UserWarning: Invalid uuid: neutron. To ensure interoperability, identifiers should be a valid uuid. warnings.warn(('Invalid uuid: %s. To ensure interoperability, '
2026-07-09 17:57:47.326 9 INFO neutron.notifiers.nova [-] Nova event matching ['req-534b68ba-e225-4d53-b272-dbfb04e7caf9'] response: {'server_uuid': '5d4a4375-8d23-4f2d-ab9d-c3b6b692716f', 'name': 'network-vif-plugged', 'status': 'completed', 'tag': '8e2093e0-2c22-4463-bf96-351e42895a87', 'code': 200}
2026-07-09 17:57:47.458 9 INFO neutron.api.wsgi [req-612096a0-d96c-44a9-a9ef-9a00823e513c req-6f7c407e-db0e-4c19-8e91-7f9ff5958045 7733091d10df406f9ae06b6e65ed179a 0e7e3a7b42144929aa64b6349e0df1d7 - - default default] 10.0.0.153 "GET /v2.0/ports?device_id=5d4a4375-8d23-4f2d-ab9d-c3b6b692716f HTTP/1.1" status: 200 len: 1174 time: 0.0370033
2026-07-09 17:57:47.505 9 INFO neutron.api.wsgi [req-612096a0-d96c-44a9-a9ef-9a00823e513c req-f9c0779f-15a5-4fce-a997-e81a74c38b70 7733091d10df406f9ae06b6e65ed179a 0e7e3a7b42144929aa64b6349e0df1d7 - - default default] 10.0.0.153 "GET /v2.0/security-groups?id=c7a2c2eb-071d-4717-af5f-8d6926325a0f&fields=id&fields=name HTTP/1.1" status: 200 len: 312 time: 0.0382724
2026-07-09 17:57:47.688 9 INFO neutron.api.wsgi [req-ca21ad7e-eaeb-4549-87c9-5c15abad8e65 req-d1e3a57c-0561-4e59-9966-2b7c0b51f0f9 9bef8d4f8c694f6a85eaf68766a42a0a b696ec99b74244e69a0c54af27a4210a - - default default] 10.0.0.153 "GET /v2.0/ports?device_id=5a682b22-c296-445f-9529-3835dc39d197 HTTP/1.1" status: 200 len: 1172 time: 0.0328739
2026-07-09 17:57:47.690 10 INFO neutron.api.wsgi [req-0730e4f3-6e2e-4041-a75d-b30146c5bd80 req-262005eb-55f0-4cc7-b947-5ed200be61ce 7733091d10df406f9ae06b6e65ed179a 0e7e3a7b42144929aa64b6349e0df1d7 - - default default] 10.0.0.153 "GET /v2.0/ports?device_id=5d4a4375-8d23-4f2d-ab9d-c3b6b692716f HTTP/1.1" status: 200 len: 1174 time: 0.0871954
2026-07-09 17:57:47.735 9 INFO neutron.api.wsgi [req-ca21ad7e-eaeb-4549-87c9-5c15abad8e65 req-07777084-4f9d-4d37-a7a2-6fdd257bd994 9bef8d4f8c694f6a85eaf68766a42a0a b696ec99b74244e69a0c54af27a4210a - - default default] 10.0.0.153 "GET /v2.0/security-groups?id=ebe0169e-b2e2-4eff-a00a-a505952ce94e&fields=id&fields=name HTTP/1.1" status: 200 len: 312 time: 0.0408733
2026-07-09 17:57:47.959 10 INFO neutron.api.wsgi [req-7fd0880b-b3b7-4b5c-9d25-bcd364890d6e req-f9c1a2ee-2486-42da-b1a7-29e335dedae8 ed311557df5e457984b412938fb7ed67 c7d966e4ef554a3bbe97f196c891682e - - default default] 10.0.0.153 "GET /v2.0/ports?device_id=dfc2d0c3-980a-4a25-b232-24b414cf9b35 HTTP/1.1" status: 200 len: 1168 time: 0.1916382
2026-07-09 17:57:47.983 10 INFO neutron.api.wsgi [None req-28c52d1a-7bca-451b-ba96-a1949af6c2ce 3d0a4e806cef49efac1dd0c018aaa51c df982a7d6cb34491a2a24edfc2ec3610 - - default default] 10.0.0.51 "DELETE /v2.0/routers/1bac6940-a1e1-479d-b1c7-c2984b3bb603 HTTP/1.1" status: 204 len: 168 time: 0.9911478
2026-07-09 17:57:48.029 10 INFO neutron.api.wsgi [req-7fd0880b-b3b7-4b5c-9d25-bcd364890d6e req-c07c8124-5271-44d4-bb36-8be6daf4a9d1 ed311557df5e457984b412938fb7ed67 c7d966e4ef554a3bbe97f196c891682e - - default default] 10.0.0.153 "GET /v2.0/security-groups?id=2af65ce8-3b53-4420-836a-71959d354c76&fields=id&fields=name HTTP/1.1" status: 200 len: 312 time: 0.0624619
2026-07-09 17:57:48.123 9 INFO neutron.api.wsgi [None req-cc589607-052b-4eaa-969e-39c05e986f8b 3d0a4e806cef49efac1dd0c018aaa51c df982a7d6cb34491a2a24edfc2ec3610 - - default default] 10.0.0.51 "DELETE /v2.0/subnets/236bd640-a828-46a7-9244-5607a68d2297 HTTP/1.1" status: 204 len: 168 time: 0.1342328
2026-07-09 17:57:48.296 9 INFO neutron.plugins.ml2.drivers.ovn.mech_driver.mech_driver [None req-b8ef3ab8-9308-4e5a-a231-8afa01a72caf - - - - - -] OVN reports status up for port: cb409b50-7020-4d7e-b590-b23a62879844
2026-07-09 17:57:48.325 9 INFO neutron.plugins.ml2.plugin [None req-b8ef3ab8-9308-4e5a-a231-8afa01a72caf - - - - - -] Attempt 1 to provision port cb409b50-7020-4d7e-b590-b23a62879844
2026-07-09 17:57:48.478 10 INFO neutron.db.ovn_revision_numbers_db [None req-09df4221-8deb-4b96-b2fb-02a45a7c0917 7733091d10df406f9ae06b6e65ed179a 0e7e3a7b42144929aa64b6349e0df1d7 - - default default] Successfully bumped revision number for resource 8901fd99-6cc9-4937-b164-b61a5931619d (type: floatingips) to 1
2026-07-09 17:57:48.510 9 INFO neutron.services.segments.plugin [-] Segment 0c3a0b84-c89e-49a0-9a9b-f1bd62c032f6 resource provider aggregate not found
2026-07-09 17:57:48.515 9 INFO neutron.services.segments.plugin [-] Segment 0c3a0b84-c89e-49a0-9a9b-f1bd62c032f6 resource provider aggregate not found
2026-07-09 17:57:48.530 9 INFO neutron.services.segments.plugin [-] Segment 0c3a0b84-c89e-49a0-9a9b-f1bd62c032f6 resource provider not found; error: Placement Client Error (4xx): {"errors": [{"status": 404, "title": "Not Found", "detail": "The resource could not be found.\n\n No resource provider with uuid 0c3a0b84-c89e-49a0-9a9b-f1bd62c032f6 found for delete ", "request_id": "req-60feb3f4-096e-4984-af04-084300c04b02"}]}
2026-07-09 17:57:48.533 9 INFO neutron.services.segments.plugin [-] Segment 0c3a0b84-c89e-49a0-9a9b-f1bd62c032f6 resource provider not found; error: Placement Client Error (4xx): {"errors": [{"status": 404, "title": "Not Found", "detail": "The resource could not be found.\n\n No resource provider with uuid 0c3a0b84-c89e-49a0-9a9b-f1bd62c032f6 found for delete ", "request_id": "req-f91d40e6-47b2-44fa-88ab-02e65e852a8c"}]}
2026-07-09 17:57:48.575 9 INFO neutron.api.wsgi [None req-0a701094-58d7-4066-9c57-045b270b03d5 3d0a4e806cef49efac1dd0c018aaa51c df982a7d6cb34491a2a24edfc2ec3610 - - default default] 10.0.0.51 "DELETE /v2.0/networks/061a0325-1eff-4ad3-bb74-cbb978f36c59 HTTP/1.1" status: 204 len: 168 time: 0.4480891
2026-07-09 17:57:48.627 10 INFO neutron.db.ovn_revision_numbers_db [None req-09df4221-8deb-4b96-b2fb-02a45a7c0917 7733091d10df406f9ae06b6e65ed179a 0e7e3a7b42144929aa64b6349e0df1d7 - - default default] Successfully bumped revision number for resource 8901fd99-6cc9-4937-b164-b61a5931619d (type: floatingips) to 2
2026-07-09 17:57:48.628 10 INFO neutron.db.l3_db [None req-09df4221-8deb-4b96-b2fb-02a45a7c0917 7733091d10df406f9ae06b6e65ed179a 0e7e3a7b42144929aa64b6349e0df1d7 - - default default] Floating IP 8901fd99-6cc9-4937-b164-b61a5931619d associated. External IP: 10.96.250.204, port: 8e2093e0-2c22-4463-bf96-351e42895a87.
2026-07-09 17:57:48.673 9 INFO neutron.db.ovn_revision_numbers_db [None req-b8ef3ab8-9308-4e5a-a231-8afa01a72caf - - - - - -] Successfully bumped revision number for resource cb409b50-7020-4d7e-b590-b23a62879844 (type: ports) to 5
2026-07-09 17:57:48.675 10 INFO neutron.api.wsgi [None req-09df4221-8deb-4b96-b2fb-02a45a7c0917 7733091d10df406f9ae06b6e65ed179a 0e7e3a7b42144929aa64b6349e0df1d7 - - default default] 10.0.0.51 "PUT /v2.0/floatingips/8901fd99-6cc9-4937-b164-b61a5931619d HTTP/1.1" status: 200 len: 1050 time: 0.9744349
2026-07-09 17:57:48.709 10 INFO neutron.notifiers.nova [-] Nova event matching ['req-643cd509-ecc7-46eb-8d20-5ccb6da8bede'] response: {'name': 'network-changed', 'server_uuid': '5d4a4375-8d23-4f2d-ab9d-c3b6b692716f', 'tag': '8e2093e0-2c22-4463-bf96-351e42895a87', 'status': 'completed', 'code': 200} /var/lib/openstack/lib/python3.12/site-packages/pycadf/identifier.py:71: UserWarning: Invalid uuid: neutron. To ensure interoperability, identifiers should be a valid uuid. warnings.warn(('Invalid uuid: %s. To ensure interoperability, '
2026-07-09 17:57:48.769 9 INFO neutron.api.wsgi [None req-c609a21a-768a-4cd5-878d-1292f5fd1023 3d0a4e806cef49efac1dd0c018aaa51c df982a7d6cb34491a2a24edfc2ec3610 - - default default] 10.0.0.51 "GET /v2.0/security-groups?tenant_id=28da511db0fa4623b2d5841388cf318f&name=default HTTP/1.1" status: 200 len: 3120 time: 0.0375667
2026-07-09 17:57:48.776 10 INFO neutron.api.wsgi [req-8f22815f-4e11-4cbe-a927-731cd6ef4693 req-820a16fb-10d7-48e6-81c6-e9ace1b9157a 7733091d10df406f9ae06b6e65ed179a 0e7e3a7b42144929aa64b6349e0df1d7 - - default default] 10.0.0.153 "GET /v2.0/ports?device_id=5d4a4375-8d23-4f2d-ab9d-c3b6b692716f HTTP/1.1" status: 200 len: 1174 time: 0.0385504
2026-07-09 17:57:48.825 10 INFO neutron.api.wsgi [req-8f22815f-4e11-4cbe-a927-731cd6ef4693 req-0a910883-96b3-4cb2-992f-39b1768f4943 7733091d10df406f9ae06b6e65ed179a 0e7e3a7b42144929aa64b6349e0df1d7 - - default default] 10.0.0.153 "GET /v2.0/security-groups?id=c7a2c2eb-071d-4717-af5f-8d6926325a0f&fields=id&fields=name HTTP/1.1" status: 200 len: 312 time: 0.0433638
2026-07-09 17:57:48.971 10 INFO neutron.api.wsgi [None req-af67d6c6-c42f-4e71-ae38-abdc6057d1f7 3d0a4e806cef49efac1dd0c018aaa51c df982a7d6cb34491a2a24edfc2ec3610 - - default default] 10.0.0.51 "DELETE /v2.0/security-groups/df29930b-3436-4e63-a088-e9ae152b9e3f HTTP/1.1" status: 204 len: 168 time: 0.1935251
2026-07-09 17:57:49.032 9 INFO neutron.api.wsgi [req-37f3753b-e5b9-4f27-9a04-986c09236028 req-7924081a-6dd5-4966-8094-21683efed3ea 9bef8d4f8c694f6a85eaf68766a42a0a b696ec99b74244e69a0c54af27a4210a - - default default] 10.0.0.153 "GET /v2.0/ports?device_id=5a682b22-c296-445f-9529-3835dc39d197 HTTP/1.1" status: 200 len: 1172 time: 0.2207901
2026-07-09 17:57:49.061 9 INFO neutron.api.wsgi [req-37f3753b-e5b9-4f27-9a04-986c09236028 req-cc67e04f-c8b7-4d58-9da0-a4b486a3cc88 9bef8d4f8c694f6a85eaf68766a42a0a b696ec99b74244e69a0c54af27a4210a - - default default] 10.0.0.153 "GET /v2.0/security-groups?id=ebe0169e-b2e2-4eff-a00a-a505952ce94e&fields=id&fields=name HTTP/1.1" status: 200 len: 312 time: 0.0263045
2026-07-09 17:57:49.168 10 INFO neutron.api.wsgi [req-72b9df34-98e3-44bd-9252-1caf2eae5b83 req-0a08dd48-681e-4233-892f-d4444c16d056 7733091d10df406f9ae06b6e65ed179a 0e7e3a7b42144929aa64b6349e0df1d7 - - default default] 10.0.0.153 "GET /v2.0/ports?device_id=5d4a4375-8d23-4f2d-ab9d-c3b6b692716f HTTP/1.1" status: 200 len: 1174 time: 0.0556548
2026-07-09 17:57:49.178 9 INFO neutron.api.wsgi [req-f02309ce-acd6-4a34-a7b7-81948b38aad7 req-772b2de2-376b-4094-8847-17ec8758e80a ed311557df5e457984b412938fb7ed67 c7d966e4ef554a3bbe97f196c891682e - - default default] 10.0.0.153 "GET /v2.0/ports?device_id=dfc2d0c3-980a-4a25-b232-24b414cf9b35 HTTP/1.1" status: 200 len: 1170 time: 0.0798030
2026-07-09 17:57:49.196 10 INFO neutron.api.wsgi [req-72b9df34-98e3-44bd-9252-1caf2eae5b83 req-93ddf177-5fb1-455f-9137-468faf6c805a 7733091d10df406f9ae06b6e65ed179a 0e7e3a7b42144929aa64b6349e0df1d7 - - default default] 10.0.0.153 "GET /v2.0/security-groups?id=c7a2c2eb-071d-4717-af5f-8d6926325a0f&fields=id&fields=name HTTP/1.1" status: 200 len: 312 time: 0.0215259
2026-07-09 17:57:49.215 9 INFO neutron.api.wsgi [req-f02309ce-acd6-4a34-a7b7-81948b38aad7 req-2b7d2670-0728-4ad9-bb9b-c202551e9389 ed311557df5e457984b412938fb7ed67 c7d966e4ef554a3bbe97f196c891682e - - default default] 10.0.0.153 "GET /v2.0/security-groups?id=2af65ce8-3b53-4420-836a-71959d354c76&fields=id&fields=name HTTP/1.1" status: 200 len: 312 time: 0.0297263
2026-07-09 17:57:49.253 10 INFO neutron.api.wsgi [req-f2413b84-9914-4057-8d06-7d111b0aa1e9 req-653c958b-67dd-4850-b00d-8791ad828309 222cd1e9578443fdae09d6f4ffb0dd42 cd3cc71ffae94598b89e9d21d8b4c5b7 - - 98e1159022044bc0a3d9ba4ffbefa336 98e1159022044bc0a3d9ba4ffbefa336] 199.19.213.95 "GET /v2.0/ports?tenant_id=0e7e3a7b42144929aa64b6349e0df1d7&device_id=5d4a4375-8d23-4f2d-ab9d-c3b6b692716f HTTP/1.1" status: 200 len: 1413 time: 0.0317900
2026-07-09 17:57:49.296 10 INFO neutron.api.wsgi [req-f2413b84-9914-4057-8d06-7d111b0aa1e9 req-5617ab97-6c2b-436e-8f76-0cd2397adb4a 222cd1e9578443fdae09d6f4ffb0dd42 cd3cc71ffae94598b89e9d21d8b4c5b7 - - 98e1159022044bc0a3d9ba4ffbefa336 98e1159022044bc0a3d9ba4ffbefa336] 199.19.213.95 "GET /v2.0/networks?id=d657613a-66c7-4543-a78f-4ff04180f677 HTTP/1.1" status: 200 len: 967 time: 0.0371854
2026-07-09 17:57:49.339 10 INFO neutron.api.wsgi [req-f2413b84-9914-4057-8d06-7d111b0aa1e9 req-28d25064-f46b-4107-9edd-871d458e1f11 222cd1e9578443fdae09d6f4ffb0dd42 cd3cc71ffae94598b89e9d21d8b4c5b7 - - 98e1159022044bc0a3d9ba4ffbefa336 98e1159022044bc0a3d9ba4ffbefa336] 199.19.213.95 "GET /v2.0/floatingips?fixed_ip_address=10.100.0.12&port_id=8e2093e0-2c22-4463-bf96-351e42895a87 HTTP/1.1" status: 200 len: 1060 time: 0.0384352
2026-07-09 17:57:49.361 10 WARNING neutron.plugins.ml2.drivers.ovn.mech_driver.ovsdb.ovn_client [None req-c3e383fc-98a4-4dcc-b85f-756cc741e1e9 - - - - - -] No port found with ID 7bfce9bc-29e4-4756-bd02-aa2c6fbe364b: RuntimeError: No port found with ID 7bfce9bc-29e4-4756-bd02-aa2c6fbe364b
2026-07-09 17:57:49.370 9 INFO neutron.notifiers.nova [-] Nova event matching ['req-021eeb62-f215-4c1e-af8e-bbb49e6f17c9'] response: {'server_uuid': 'dfc2d0c3-980a-4a25-b232-24b414cf9b35', 'name': 'network-vif-plugged', 'status': 'completed', 'tag': 'cb409b50-7020-4d7e-b590-b23a62879844', 'code': 200}
2026-07-09 17:57:49.370 9 INFO neutron.notifiers.nova [-] Nova event matching ['req-021eeb62-f215-4c1e-af8e-bbb49e6f17c9'] response: {'server_uuid': 'dfc2d0c3-980a-4a25-b232-24b414cf9b35', 'name': 'network-vif-plugged', 'status': 'completed', 'tag': 'cb409b50-7020-4d7e-b590-b23a62879844', 'code': 200}
2026-07-09 17:57:49.373 10 INFO neutron.api.wsgi [req-f2413b84-9914-4057-8d06-7d111b0aa1e9 req-fabc2429-43c4-412a-9d9f-0c0d70ccb97b 222cd1e9578443fdae09d6f4ffb0dd42 cd3cc71ffae94598b89e9d21d8b4c5b7 - - 98e1159022044bc0a3d9ba4ffbefa336 98e1159022044bc0a3d9ba4ffbefa336] 199.19.213.95 "GET /v2.0/subnets?id=1375b1a3-a795-4278-a79d-df094d1fe251 HTTP/1.1" status: 200 len: 886 time: 0.0286219
2026-07-09 17:57:49.378 10 INFO neutron.plugins.ml2.drivers.ovn.mech_driver.mech_driver [None req-c3e383fc-98a4-4dcc-b85f-756cc741e1e9 - - - - - -] OVN reports status up for port: 2b2dcb81-614e-4bcb-80a0-c1c953c25afc
2026-07-09 17:57:49.400 10 INFO neutron.plugins.ml2.plugin [None req-c3e383fc-98a4-4dcc-b85f-756cc741e1e9 - - - - - -] Attempt 1 to provision port 2b2dcb81-614e-4bcb-80a0-c1c953c25afc
2026-07-09 17:57:49.422 10 INFO neutron.api.wsgi [req-f2413b84-9914-4057-8d06-7d111b0aa1e9 req-9421b6c4-d0b4-4df6-907c-8cbbad9b297b 222cd1e9578443fdae09d6f4ffb0dd42 cd3cc71ffae94598b89e9d21d8b4c5b7 - - 98e1159022044bc0a3d9ba4ffbefa336 98e1159022044bc0a3d9ba4ffbefa336] 199.19.213.95 "GET /v2.0/ports?network_id=d657613a-66c7-4543-a78f-4ff04180f677&device_owner=network%3Adhcp HTTP/1.1" status: 200 len: 210 time: 0.0429199
2026-07-09 17:57:49.485 10 INFO neutron.api.wsgi [req-f2413b84-9914-4057-8d06-7d111b0aa1e9 req-11843433-ce37-4966-a7f4-407520f4cfa1 222cd1e9578443fdae09d6f4ffb0dd42 cd3cc71ffae94598b89e9d21d8b4c5b7 - - 98e1159022044bc0a3d9ba4ffbefa336 98e1159022044bc0a3d9ba4ffbefa336] 199.19.213.95 "GET /v2.0/networks/d657613a-66c7-4543-a78f-4ff04180f677?fields=segments HTTP/1.1" status: 200 len: 212 time: 0.0558617
2026-07-09 17:57:49.550 10 INFO neutron.api.wsgi [req-f2413b84-9914-4057-8d06-7d111b0aa1e9 req-3d39f6de-9d9a-432f-bda9-745acaa8e545 222cd1e9578443fdae09d6f4ffb0dd42 cd3cc71ffae94598b89e9d21d8b4c5b7 - - 98e1159022044bc0a3d9ba4ffbefa336 98e1159022044bc0a3d9ba4ffbefa336] 199.19.213.95 "GET /v2.0/networks/d657613a-66c7-4543-a78f-4ff04180f677?fields=provider%3Aphysical_network&fields=provider%3Anetwork_type HTTP/1.1" status: 200 len: 277 time: 0.0596941
2026-07-09 17:57:49.674 9 INFO neutron.plugins.ml2.drivers.ovn.mech_driver.mech_driver [None req-7b80a0f4-38a4-48b4-b8b1-7c5f121fcaad - - - - - -] OVN reports status down for port: 8e2093e0-2c22-4463-bf96-351e42895a87
2026-07-09 17:57:49.700 10 INFO neutron.db.ovn_revision_numbers_db [None req-c3e383fc-98a4-4dcc-b85f-756cc741e1e9 - - - - - -] Successfully bumped revision number for resource 2b2dcb81-614e-4bcb-80a0-c1c953c25afc (type: ports) to 5
2026-07-09 17:57:49.935 9 INFO neutron.db.ovn_revision_numbers_db [None req-7b80a0f4-38a4-48b4-b8b1-7c5f121fcaad - - - - - -] Successfully bumped revision number for resource 8e2093e0-2c22-4463-bf96-351e42895a87 (type: ports) to 6 /var/lib/openstack/lib/python3.12/site-packages/pycadf/identifier.py:71: UserWarning: Invalid uuid: neutron. To ensure interoperability, identifiers should be a valid uuid. warnings.warn(('Invalid uuid: %s. To ensure interoperability, '
2026-07-09 17:57:50.208 9 INFO neutron.api.wsgi [req-521afaed-a634-4b83-a40c-e5312c9a4185 req-16245b0e-00d0-431c-a59c-477863e39d79 9bef8d4f8c694f6a85eaf68766a42a0a b696ec99b74244e69a0c54af27a4210a - - default default] 10.0.0.153 "GET /v2.0/ports?device_id=5a682b22-c296-445f-9529-3835dc39d197 HTTP/1.1" status: 200 len: 1174 time: 0.0908282
2026-07-09 17:57:50.250 9 INFO neutron.api.wsgi [req-521afaed-a634-4b83-a40c-e5312c9a4185 req-c47c92cc-c06e-4f72-859d-20507e4a9062 9bef8d4f8c694f6a85eaf68766a42a0a b696ec99b74244e69a0c54af27a4210a - - default default] 10.0.0.153 "GET /v2.0/security-groups?id=ebe0169e-b2e2-4eff-a00a-a505952ce94e&fields=id&fields=name HTTP/1.1" status: 200 len: 312 time: 0.0365021 /var/lib/openstack/lib/python3.12/site-packages/pycadf/identifier.py:71: UserWarning: Invalid uuid: neutron. To ensure interoperability, identifiers should be a valid uuid. warnings.warn(('Invalid uuid: %s. To ensure interoperability, '
2026-07-09 17:57:50.308 10 INFO neutron.api.wsgi [req-11c899ce-61a5-49f7-9d2b-6a26d5201d38 req-b1842d76-ceb8-4b36-9af0-ed27eb15ab81 7733091d10df406f9ae06b6e65ed179a 0e7e3a7b42144929aa64b6349e0df1d7 - - default default] 10.0.0.153 "GET /v2.0/ports?device_id=5d4a4375-8d23-4f2d-ab9d-c3b6b692716f HTTP/1.1" status: 200 len: 1172 time: 0.0424230
2026-07-09 17:57:50.338 9 INFO neutron.api.wsgi [req-364b4fdf-fbc4-434a-920d-ec238823cd54 req-ce3df27c-5750-4516-878f-bcfe5549ebbc ed311557df5e457984b412938fb7ed67 c7d966e4ef554a3bbe97f196c891682e - - default default] 10.0.0.153 "GET /v2.0/ports?device_id=dfc2d0c3-980a-4a25-b232-24b414cf9b35 HTTP/1.1" status: 200 len: 1170 time: 0.0365133
2026-07-09 17:57:50.354 10 INFO neutron.api.wsgi [req-11c899ce-61a5-49f7-9d2b-6a26d5201d38 req-3d9ac909-707e-4236-8548-bc96dd736d2e 7733091d10df406f9ae06b6e65ed179a 0e7e3a7b42144929aa64b6349e0df1d7 - - default default] 10.0.0.153 "GET /v2.0/security-groups?id=c7a2c2eb-071d-4717-af5f-8d6926325a0f&fields=id&fields=name HTTP/1.1" status: 200 len: 312 time: 0.0388448
2026-07-09 17:57:50.383 9 INFO neutron.api.wsgi [req-364b4fdf-fbc4-434a-920d-ec238823cd54 req-4a93f1a1-0c73-4b91-a53f-72a2dc4cda9f ed311557df5e457984b412938fb7ed67 c7d966e4ef554a3bbe97f196c891682e - - default default] 10.0.0.153 "GET /v2.0/security-groups?id=2af65ce8-3b53-4420-836a-71959d354c76&fields=id&fields=name HTTP/1.1" status: 200 len: 312 time: 0.0400703
2026-07-09 17:57:50.745 10 INFO neutron.notifiers.nova [-] Nova event matching ['req-48ed5a81-1645-4eec-8a7e-b22b9cfd2e54'] response: {'server_uuid': '5a682b22-c296-445f-9529-3835dc39d197', 'name': 'network-vif-plugged', 'status': 'completed', 'tag': '2b2dcb81-614e-4bcb-80a0-c1c953c25afc', 'code': 200}
