2026-07-09 17:58:18.584 10 INFO neutron.api.wsgi [None req-dccf87b6-bf38-425a-8983-4144705a3921 3d0a4e806cef49efac1dd0c018aaa51c df982a7d6cb34491a2a24edfc2ec3610 - - default default] 10.0.0.51 "DELETE /v2.0/security-groups/8acd2914-a7e6-4aa7-8670-d39eee55cea4 HTTP/1.1" status: 204 len: 168 time: 0.2334504
2026-07-09 17:58:18.703 10 INFO neutron.api.wsgi [req-28d5bcf8-0af4-4278-a6b6-5ea28a15f7d0 req-70e181a1-5269-4a21-af59-479577c11321 222cd1e9578443fdae09d6f4ffb0dd42 cd3cc71ffae94598b89e9d21d8b4c5b7 - - 98e1159022044bc0a3d9ba4ffbefa336 98e1159022044bc0a3d9ba4ffbefa336] 199.19.213.95 "GET /v2.0/ports?tenant_id=0fb32caa1dc74b019f915edbf700ee15&device_id=4a0f3f9c-6a5f-49e6-a323-a622f058710d HTTP/1.1" status: 200 len: 1407 time: 0.0403259
2026-07-09 17:58:18.725 10 INFO neutron.api.wsgi [req-28d5bcf8-0af4-4278-a6b6-5ea28a15f7d0 req-97888fce-60cb-4629-8880-d8a71461549e 222cd1e9578443fdae09d6f4ffb0dd42 cd3cc71ffae94598b89e9d21d8b4c5b7 - - 98e1159022044bc0a3d9ba4ffbefa336 98e1159022044bc0a3d9ba4ffbefa336] 199.19.213.95 "GET /v2.0/floatingips?fixed_ip_address=10.100.0.7&port_id=acdda4a3-40f0-4330-b91a-68d3d1b6494a HTTP/1.1" status: 200 len: 217 time: 0.0163527
2026-07-09 17:58:18.750 10 INFO neutron.api.wsgi [req-c3f1b90c-9293-4f07-9c0d-b40d25cb52fa req-c720fe8e-cced-4fee-a3e0-4b2e3a10f1b0 9bef8d4f8c694f6a85eaf68766a42a0a b696ec99b74244e69a0c54af27a4210a - - default default] 10.0.0.153 "GET /v2.0/ports?device_id=5a682b22-c296-445f-9529-3835dc39d197 HTTP/1.1" status: 200 len: 210 time: 0.0233715
2026-07-09 17:58:18.760 10 INFO neutron.api.wsgi [req-28d5bcf8-0af4-4278-a6b6-5ea28a15f7d0 req-76dc42f0-f8e6-4cc8-8f77-599ccb527ab1 222cd1e9578443fdae09d6f4ffb0dd42 cd3cc71ffae94598b89e9d21d8b4c5b7 - - 98e1159022044bc0a3d9ba4ffbefa336 98e1159022044bc0a3d9ba4ffbefa336] 199.19.213.95 "GET /v2.0/subnets?id=1e6841a7-c03a-408b-8435-939ee432c57b HTTP/1.1" status: 200 len: 895 time: 0.0307889
2026-07-09 17:58:18.762 9 INFO neutron.api.wsgi [req-90bbc93a-0b40-4759-9a84-c7badd054404 req-9203a2fe-0bcc-4200-bc8f-3dc0924d7e02 8797668c89a04c74a2f2c65d5139809e c27bbae614f046339abae3c95119bbad - - default default] 10.0.0.153 "GET /v2.0/ports?device_id=94d64dee-0385-4850-877c-1c8435e22b4c HTTP/1.1" status: 200 len: 1174 time: 0.0822763
2026-07-09 17:58:18.785 10 INFO neutron.api.wsgi [req-28d5bcf8-0af4-4278-a6b6-5ea28a15f7d0 req-5a198ca4-d207-4b75-8823-7f0283d37acc 222cd1e9578443fdae09d6f4ffb0dd42 cd3cc71ffae94598b89e9d21d8b4c5b7 - - 98e1159022044bc0a3d9ba4ffbefa336 98e1159022044bc0a3d9ba4ffbefa336] 199.19.213.95 "GET /v2.0/ports?network_id=7ba6001d-47a2-415f-a92b-2793695bbbbd&device_owner=network%3Adhcp HTTP/1.1" status: 200 len: 210 time: 0.0186043
2026-07-09 17:58:18.826 9 INFO neutron.api.wsgi [req-90bbc93a-0b40-4759-9a84-c7badd054404 req-a65c5ead-5580-42a7-b4b8-5a349ff2779c 8797668c89a04c74a2f2c65d5139809e c27bbae614f046339abae3c95119bbad - - default default] 10.0.0.153 "GET /v2.0/security-groups?id=422ed72f-e60a-4474-a428-2a5fef3a0906&fields=id&fields=name HTTP/1.1" status: 200 len: 313 time: 0.0575085
2026-07-09 17:58:18.834 10 INFO neutron.api.wsgi [req-28d5bcf8-0af4-4278-a6b6-5ea28a15f7d0 req-b0a5070b-a079-443c-b9dd-02580ea9d569 222cd1e9578443fdae09d6f4ffb0dd42 cd3cc71ffae94598b89e9d21d8b4c5b7 - - 98e1159022044bc0a3d9ba4ffbefa336 98e1159022044bc0a3d9ba4ffbefa336] 199.19.213.95 "GET /v2.0/networks/7ba6001d-47a2-415f-a92b-2793695bbbbd?fields=segments HTTP/1.1" status: 200 len: 212 time: 0.0429320
2026-07-09 17:58:18.891 10 INFO neutron.api.wsgi [req-28d5bcf8-0af4-4278-a6b6-5ea28a15f7d0 req-a7d4d77b-f2cf-4536-ba6d-8057aff186bf 222cd1e9578443fdae09d6f4ffb0dd42 cd3cc71ffae94598b89e9d21d8b4c5b7 - - 98e1159022044bc0a3d9ba4ffbefa336 98e1159022044bc0a3d9ba4ffbefa336] 199.19.213.95 "GET /v2.0/networks/7ba6001d-47a2-415f-a92b-2793695bbbbd?fields=provider%3Aphysical_network&fields=provider%3Anetwork_type HTTP/1.1" status: 200 len: 277 time: 0.0531318
2026-07-09 17:58:19.367 10 INFO neutron.notifiers.nova [-] Nova event matching ['req-c6f381cc-f941-4b17-b7ed-ca3d712ff8b9'] response: {'server_uuid': '94d64dee-0385-4850-877c-1c8435e22b4c', 'name': 'network-vif-plugged', 'status': 'completed', 'tag': 'aa027d1b-5630-4f03-8dcb-250f37f8a1d9', 'code': 200}
2026-07-09 17:58:19.368 10 INFO neutron.notifiers.nova [-] Nova event matching ['req-c6f381cc-f941-4b17-b7ed-ca3d712ff8b9'] response: {'name': 'network-changed', 'server_uuid': '4a0f3f9c-6a5f-49e6-a323-a622f058710d', 'tag': 'acdda4a3-40f0-4330-b91a-68d3d1b6494a', 'status': 'completed', 'code': 200}
2026-07-09 17:58:19.368 10 INFO neutron.notifiers.nova [-] Nova event matching ['req-c6f381cc-f941-4b17-b7ed-ca3d712ff8b9'] response: {'server_uuid': '94d64dee-0385-4850-877c-1c8435e22b4c', 'name': 'network-vif-plugged', 'status': 'completed', 'tag': 'aa027d1b-5630-4f03-8dcb-250f37f8a1d9', 'code': 200}
2026-07-09 17:58:19.592 9 INFO neutron.api.wsgi [req-b2910aff-6136-4077-affe-1411c1de98c0 req-29103adf-167a-46fa-a0e4-a62be925a53d 5235949ee9884b47b67ea48f5ee16b8a 0fb32caa1dc74b019f915edbf700ee15 - - default default] 10.0.0.153 "GET /v2.0/ports?device_id=4a0f3f9c-6a5f-49e6-a323-a622f058710d HTTP/1.1" status: 200 len: 1168 time: 0.0496385
2026-07-09 17:58:19.630 9 INFO neutron.api.wsgi [req-b2910aff-6136-4077-affe-1411c1de98c0 req-c7500c95-f4b9-4164-8c82-df5429242964 5235949ee9884b47b67ea48f5ee16b8a 0fb32caa1dc74b019f915edbf700ee15 - - default default] 10.0.0.153 "GET /v2.0/security-groups?id=01c23953-49bc-4073-b45a-f619bf6ecbe1&fields=id&fields=name HTTP/1.1" status: 200 len: 286 time: 0.0343542
2026-07-09 17:58:19.834 10 INFO neutron.api.wsgi [req-89cc698b-864f-4575-b670-d15e157b324a req-269cc9b1-0dda-43e6-bf5d-2903e4399e02 9bef8d4f8c694f6a85eaf68766a42a0a b696ec99b74244e69a0c54af27a4210a - - default default] 10.0.0.153 "GET /v2.0/ports?device_id=5a682b22-c296-445f-9529-3835dc39d197 HTTP/1.1" status: 200 len: 210 time: 0.0193813
2026-07-09 17:58:19.931 9 INFO neutron.api.wsgi [req-81791d68-f674-4b64-932b-e6d86f1952bb req-75f25f77-ffd3-4392-9d82-d39451ee4a12 8797668c89a04c74a2f2c65d5139809e c27bbae614f046339abae3c95119bbad - - default default] 10.0.0.153 "GET /v2.0/ports?device_id=94d64dee-0385-4850-877c-1c8435e22b4c HTTP/1.1" status: 200 len: 1174 time: 0.0465257
2026-07-09 17:58:19.939 10 INFO neutron.api.wsgi [req-31cce4d4-4a1a-4365-a285-621aee3294f3 req-f5faf5e0-45c5-423b-a824-badda8126e85 222cd1e9578443fdae09d6f4ffb0dd42 cd3cc71ffae94598b89e9d21d8b4c5b7 - - 98e1159022044bc0a3d9ba4ffbefa336 98e1159022044bc0a3d9ba4ffbefa336] 199.19.213.95 "GET /v2.0/ports?tenant_id=0fb32caa1dc74b019f915edbf700ee15&device_id=4a0f3f9c-6a5f-49e6-a323-a622f058710d HTTP/1.1" status: 200 len: 1407 time: 0.0316362
2026-07-09 17:58:19.974 9 INFO neutron.api.wsgi [req-81791d68-f674-4b64-932b-e6d86f1952bb req-1028d743-a4c2-48a3-a7da-40022ae1017f 8797668c89a04c74a2f2c65d5139809e c27bbae614f046339abae3c95119bbad - - default default] 10.0.0.153 "GET /v2.0/security-groups?id=422ed72f-e60a-4474-a428-2a5fef3a0906&fields=id&fields=name HTTP/1.1" status: 200 len: 313 time: 0.0380778
2026-07-09 17:58:19.983 10 INFO neutron.api.wsgi [req-31cce4d4-4a1a-4365-a285-621aee3294f3 req-4b1e2bd8-c4bc-4198-9077-d5763b77871c 222cd1e9578443fdae09d6f4ffb0dd42 cd3cc71ffae94598b89e9d21d8b4c5b7 - - 98e1159022044bc0a3d9ba4ffbefa336 98e1159022044bc0a3d9ba4ffbefa336] 199.19.213.95 "GET /v2.0/networks?id=7ba6001d-47a2-415f-a92b-2793695bbbbd HTTP/1.1" status: 200 len: 976 time: 0.0403194
2026-07-09 17:58:20.002 10 INFO neutron.api.wsgi [req-31cce4d4-4a1a-4365-a285-621aee3294f3 req-471430b6-8feb-42f9-bd00-2229a551dd4a 222cd1e9578443fdae09d6f4ffb0dd42 cd3cc71ffae94598b89e9d21d8b4c5b7 - - 98e1159022044bc0a3d9ba4ffbefa336 98e1159022044bc0a3d9ba4ffbefa336] 199.19.213.95 "GET /v2.0/floatingips?fixed_ip_address=10.100.0.7&port_id=acdda4a3-40f0-4330-b91a-68d3d1b6494a HTTP/1.1" status: 200 len: 217 time: 0.0123117
2026-07-09 17:58:20.031 10 INFO neutron.api.wsgi [req-31cce4d4-4a1a-4365-a285-621aee3294f3 req-952a4451-6e9b-43d7-aa8f-30c3bd543ed7 222cd1e9578443fdae09d6f4ffb0dd42 cd3cc71ffae94598b89e9d21d8b4c5b7 - - 98e1159022044bc0a3d9ba4ffbefa336 98e1159022044bc0a3d9ba4ffbefa336] 199.19.213.95 "GET /v2.0/subnets?id=1e6841a7-c03a-408b-8435-939ee432c57b HTTP/1.1" status: 200 len: 895 time: 0.0233226
2026-07-09 17:58:20.049 10 INFO neutron.api.wsgi [req-31cce4d4-4a1a-4365-a285-621aee3294f3 req-bddc0e90-db87-4058-9fae-7fd93f7977bf 222cd1e9578443fdae09d6f4ffb0dd42 cd3cc71ffae94598b89e9d21d8b4c5b7 - - 98e1159022044bc0a3d9ba4ffbefa336 98e1159022044bc0a3d9ba4ffbefa336] 199.19.213.95 "GET /v2.0/ports?network_id=7ba6001d-47a2-415f-a92b-2793695bbbbd&device_owner=network%3Adhcp HTTP/1.1" status: 200 len: 210 time: 0.0117214
2026-07-09 17:58:20.084 10 INFO neutron.api.wsgi [req-31cce4d4-4a1a-4365-a285-621aee3294f3 req-d4d3de60-1de7-409f-a8ea-90aaae154ab1 222cd1e9578443fdae09d6f4ffb0dd42 cd3cc71ffae94598b89e9d21d8b4c5b7 - - 98e1159022044bc0a3d9ba4ffbefa336 98e1159022044bc0a3d9ba4ffbefa336] 199.19.213.95 "GET /v2.0/networks/7ba6001d-47a2-415f-a92b-2793695bbbbd?fields=segments HTTP/1.1" status: 200 len: 212 time: 0.0310309
2026-07-09 17:58:20.117 10 INFO neutron.api.wsgi [req-31cce4d4-4a1a-4365-a285-621aee3294f3 req-5f9678a3-5cc7-4d23-a3ce-8b6f68786d41 222cd1e9578443fdae09d6f4ffb0dd42 cd3cc71ffae94598b89e9d21d8b4c5b7 - - 98e1159022044bc0a3d9ba4ffbefa336 98e1159022044bc0a3d9ba4ffbefa336] 199.19.213.95 "GET /v2.0/networks/7ba6001d-47a2-415f-a92b-2793695bbbbd?fields=provider%3Aphysical_network&fields=provider%3Anetwork_type HTTP/1.1" status: 200 len: 277 time: 0.0277598
2026-07-09 17:58:20.253 9 WARNING neutron.plugins.ml2.drivers.ovn.mech_driver.ovsdb.ovn_client [None req-83f3d9f7-9376-4966-9754-e40069956b3f - - - - - -] No hosting information found for port 220e1795-63b2-46ac-90e9-e6239aaa8cc5: RuntimeError: No hosting information found for port 220e1795-63b2-46ac-90e9-e6239aaa8cc5
2026-07-09 17:58:20.323 9 INFO neutron.db.ovn_revision_numbers_db [None req-83f3d9f7-9376-4966-9754-e40069956b3f - - - - - -] Successfully bumped revision number for resource 220e1795-63b2-46ac-90e9-e6239aaa8cc5 (type: router_ports) to 2
2026-07-09 17:58:20.470 10 WARNING neutron_lib.context [None req-d73991da-490f-4e87-b655-9f42dca8179f 1d94473f1ede4b2f8bf85e5cab6c1104 d7fe1d243dd0404abee84cab6ad85f97 - - default default] Method 'is_advsvc' is deprecated since 2023.2 release (neutron-lib 3.8.0) and will be removed once support for the old RBAC API policies will be removed from Neutron. Please use method 'is_service_role' instead.
2026-07-09 17:58:20.631 10 INFO neutron.db.ovn_revision_numbers_db [None req-d73991da-490f-4e87-b655-9f42dca8179f 1d94473f1ede4b2f8bf85e5cab6c1104 d7fe1d243dd0404abee84cab6ad85f97 - - default default] Successfully bumped revision number for resource b290a3cf-0cd7-4ef3-bc3a-a83f960a7d3d (type: security_groups) to 1
2026-07-09 17:58:20.649 10 INFO neutron.db.ovn_revision_numbers_db [None req-d73991da-490f-4e87-b655-9f42dca8179f 1d94473f1ede4b2f8bf85e5cab6c1104 d7fe1d243dd0404abee84cab6ad85f97 - - default default] Successfully bumped revision number for resource 17a55bcc-1a55-404f-8165-b0c370dcf71b (type: security_group_rules) to 0
2026-07-09 17:58:20.664 10 INFO neutron.db.ovn_revision_numbers_db [None req-d73991da-490f-4e87-b655-9f42dca8179f 1d94473f1ede4b2f8bf85e5cab6c1104 d7fe1d243dd0404abee84cab6ad85f97 - - default default] Successfully bumped revision number for resource 464269d5-3bb6-447b-8472-809025a33d12 (type: security_group_rules) to 0
2026-07-09 17:58:20.677 10 INFO neutron.db.ovn_revision_numbers_db [None req-d73991da-490f-4e87-b655-9f42dca8179f 1d94473f1ede4b2f8bf85e5cab6c1104 d7fe1d243dd0404abee84cab6ad85f97 - - default default] Successfully bumped revision number for resource b6144a2e-4594-4eb9-be62-ab544d71b7dc (type: security_group_rules) to 0
2026-07-09 17:58:20.693 10 INFO neutron.db.ovn_revision_numbers_db [None req-d73991da-490f-4e87-b655-9f42dca8179f 1d94473f1ede4b2f8bf85e5cab6c1104 d7fe1d243dd0404abee84cab6ad85f97 - - default default] Successfully bumped revision number for resource c6894b89-9052-47bc-8942-c9732ada90f2 (type: security_group_rules) to 0
2026-07-09 17:58:20.742 10 INFO neutron.api.wsgi [req-32bbbfb6-0923-445c-8e5f-fa13ad24f5be req-f60ec540-5144-44ac-ab8e-569310bd3f27 5235949ee9884b47b67ea48f5ee16b8a 0fb32caa1dc74b019f915edbf700ee15 - - default default] 10.0.0.153 "GET /v2.0/ports?device_id=4a0f3f9c-6a5f-49e6-a323-a622f058710d HTTP/1.1" status: 200 len: 1168 time: 0.0411084
2026-07-09 17:58:20.793 10 INFO neutron.db.segments_db [None req-d73991da-490f-4e87-b655-9f42dca8179f 1d94473f1ede4b2f8bf85e5cab6c1104 d7fe1d243dd0404abee84cab6ad85f97 - - default default] Added segment dccc6ae6-0e35-4fb7-97ce-1a512e82774a of type geneve for network 42a92f21-a807-4e33-8f7a-cf4c4d576154
2026-07-09 17:58:20.810 10 INFO neutron.api.wsgi [req-32bbbfb6-0923-445c-8e5f-fa13ad24f5be req-543977f2-a2a3-4794-8e26-67b23fbe0514 5235949ee9884b47b67ea48f5ee16b8a 0fb32caa1dc74b019f915edbf700ee15 - - default default] 10.0.0.153 "GET /v2.0/security-groups?id=01c23953-49bc-4073-b45a-f619bf6ecbe1&fields=id&fields=name HTTP/1.1" status: 200 len: 286 time: 0.0630214
2026-07-09 17:58:20.918 10 INFO neutron.db.ovn_revision_numbers_db [None req-d73991da-490f-4e87-b655-9f42dca8179f 1d94473f1ede4b2f8bf85e5cab6c1104 d7fe1d243dd0404abee84cab6ad85f97 - - default default] Successfully bumped revision number for resource 42a92f21-a807-4e33-8f7a-cf4c4d576154 (type: networks) to 1 /var/lib/openstack/lib/python3.12/site-packages/pycadf/identifier.py:71: UserWarning: Invalid uuid: neutron. To ensure interoperability, identifiers should be a valid uuid. warnings.warn(('Invalid uuid: %s. To ensure interoperability, '
2026-07-09 17:58:21.066 10 INFO neutron.plugins.ml2.drivers.ovn.mech_driver.mech_driver [None req-da5fe7f8-d425-4079-b121-1f7ba7bb4d96 - - - - - -] OVN reports status up for port: acdda4a3-40f0-4330-b91a-68d3d1b6494a
2026-07-09 17:58:21.087 10 INFO neutron.plugins.ml2.plugin [None req-da5fe7f8-d425-4079-b121-1f7ba7bb4d96 - - - - - -] Attempt 1 to provision port acdda4a3-40f0-4330-b91a-68d3d1b6494a
2026-07-09 17:58:21.093 9 INFO neutron.api.wsgi [req-cd5e8977-98fb-4fc9-93a9-053acccf551d req-fcd42406-936e-4e65-9f06-f438ffc9bbfb 8797668c89a04c74a2f2c65d5139809e c27bbae614f046339abae3c95119bbad - - default default] 10.0.0.153 "GET /v2.0/ports?device_id=94d64dee-0385-4850-877c-1c8435e22b4c HTTP/1.1" status: 200 len: 1174 time: 0.0407929
2026-07-09 17:58:21.148 9 INFO neutron.api.wsgi [None req-8c053f44-df97-44c8-a585-76a43eca9711 9bef8d4f8c694f6a85eaf68766a42a0a b696ec99b74244e69a0c54af27a4210a - - default default] 10.0.0.51 "DELETE /v2.0/security-groups/ebe0169e-b2e2-4eff-a00a-a505952ce94e HTTP/1.1" status: 204 len: 168 time: 0.2142804
2026-07-09 17:58:21.157 9 INFO neutron.api.wsgi [req-cd5e8977-98fb-4fc9-93a9-053acccf551d req-a7eb9621-f21a-4622-91b3-32be81bb3856 8797668c89a04c74a2f2c65d5139809e c27bbae614f046339abae3c95119bbad - - default default] 10.0.0.153 "GET /v2.0/security-groups?id=422ed72f-e60a-4474-a428-2a5fef3a0906&fields=id&fields=name HTTP/1.1" status: 200 len: 313 time: 0.0553930
2026-07-09 17:58:21.165 9 INFO neutron.api.v2.resource [None req-61c38387-c410-4e34-8339-62e868443a8d 9bef8d4f8c694f6a85eaf68766a42a0a b696ec99b74244e69a0c54af27a4210a - - default default] show failed (client error): The resource could not be found.
2026-07-09 17:58:21.166 9 INFO neutron.api.wsgi [None req-61c38387-c410-4e34-8339-62e868443a8d 9bef8d4f8c694f6a85eaf68766a42a0a b696ec99b74244e69a0c54af27a4210a - - default default] 10.0.0.51 "GET /v2.0/security-groups/ebe0169e-b2e2-4eff-a00a-a505952ce94e HTTP/1.1" status: 404 len: 347 time: 0.0081871
2026-07-09 17:58:21.196 10 WARNING neutron.scheduler.dhcp_agent_scheduler [None req-d73991da-490f-4e87-b655-9f42dca8179f 1d94473f1ede4b2f8bf85e5cab6c1104 d7fe1d243dd0404abee84cab6ad85f97 - - default default] No more DHCP agents
2026-07-09 17:58:21.198 10 WARNING neutron.api.rpc.agentnotifiers.dhcp_rpc_agent_api [None req-d73991da-490f-4e87-b655-9f42dca8179f 1d94473f1ede4b2f8bf85e5cab6c1104 d7fe1d243dd0404abee84cab6ad85f97 - - default default] Unable to schedule network 42a92f21-a807-4e33-8f7a-cf4c4d576154: no agents available; will retry on subsequent port and subnet creation events.
2026-07-09 17:58:21.369 10 INFO neutron.api.wsgi [req-569d69c4-30b3-4aa7-a95d-6d3e5635e8ab req-2eeec152-2733-46a8-80b4-49ed97801813 8797668c89a04c74a2f2c65d5139809e c27bbae614f046339abae3c95119bbad - - default default] 10.0.0.153 "GET /v2.0/ports?device_id=94d64dee-0385-4850-877c-1c8435e22b4c HTTP/1.1" status: 200 len: 1174 time: 0.1401470
2026-07-09 17:58:21.376 10 INFO neutron.db.ovn_revision_numbers_db [None req-d73991da-490f-4e87-b655-9f42dca8179f 1d94473f1ede4b2f8bf85e5cab6c1104 d7fe1d243dd0404abee84cab6ad85f97 - - default default] Successfully bumped revision number for resource 57eeff23-3773-4cc0-8931-eede91b92fd3 (type: ports) to 1
2026-07-09 17:58:21.424 10 INFO neutron.api.wsgi [None req-d73991da-490f-4e87-b655-9f42dca8179f 1d94473f1ede4b2f8bf85e5cab6c1104 d7fe1d243dd0404abee84cab6ad85f97 - - default default] 10.0.0.51 "POST /v2.0/networks HTTP/1.1" status: 201 len: 847 time: 1.1468229
2026-07-09 17:58:21.426 10 INFO neutron.notifiers.nova [-] Nova event matching ['req-4cd10cbc-e76a-4ba3-a988-730c418ebfaa'] response: {'server_uuid': '4a0f3f9c-6a5f-49e6-a323-a622f058710d', 'name': 'network-vif-plugged', 'status': 'completed', 'tag': 'acdda4a3-40f0-4330-b91a-68d3d1b6494a', 'code': 200}
2026-07-09 17:58:21.436 10 WARNING neutron_lib.context [None req-65236a22-7e28-4353-b855-8a7c48a09c31 1d94473f1ede4b2f8bf85e5cab6c1104 d7fe1d243dd0404abee84cab6ad85f97 - - default default] Method 'is_advsvc' is deprecated since 2023.2 release (neutron-lib 3.8.0) and will be removed once support for the old RBAC API policies will be removed from Neutron. Please use method 'is_service_role' instead.
2026-07-09 17:58:21.565 10 INFO neutron.db.ovn_revision_numbers_db [None req-da5fe7f8-d425-4079-b121-1f7ba7bb4d96 - - - - - -] Successfully bumped revision number for resource acdda4a3-40f0-4330-b91a-68d3d1b6494a (type: ports) to 5
2026-07-09 17:58:21.672 10 INFO neutron.api.wsgi [None req-39ac3653-5b8d-4b42-9c23-8a4daf0c6d36 9bef8d4f8c694f6a85eaf68766a42a0a b696ec99b74244e69a0c54af27a4210a - - default default] 10.0.0.51 "DELETE /v2.0/floatingips/f4da5e89-0b50-481d-ba59-5277536a69b3 HTTP/1.1" status: 204 len: 168 time: 0.4985917 /var/lib/openstack/lib/python3.12/site-packages/pycadf/identifier.py:71: UserWarning: Invalid uuid: neutron. To ensure interoperability, identifiers should be a valid uuid. warnings.warn(('Invalid uuid: %s. To ensure interoperability, '
2026-07-09 17:58:21.778 10 WARNING neutron.scheduler.dhcp_agent_scheduler [None req-65236a22-7e28-4353-b855-8a7c48a09c31 1d94473f1ede4b2f8bf85e5cab6c1104 d7fe1d243dd0404abee84cab6ad85f97 - - default default] No more DHCP agents
2026-07-09 17:58:21.779 10 WARNING neutron.api.rpc.agentnotifiers.dhcp_rpc_agent_api [None req-65236a22-7e28-4353-b855-8a7c48a09c31 1d94473f1ede4b2f8bf85e5cab6c1104 d7fe1d243dd0404abee84cab6ad85f97 - - default default] Unable to schedule network 42a92f21-a807-4e33-8f7a-cf4c4d576154: no agents available; will retry on subsequent port and subnet creation events.
2026-07-09 17:58:21.848 10 INFO neutron.db.ovn_revision_numbers_db [None req-65236a22-7e28-4353-b855-8a7c48a09c31 1d94473f1ede4b2f8bf85e5cab6c1104 d7fe1d243dd0404abee84cab6ad85f97 - - default default] Successfully bumped revision number for resource bd9ee395-d008-4732-b345-094470c9eb2c (type: ports) to 1 /var/lib/openstack/lib/python3.12/site-packages/pycadf/identifier.py:71: UserWarning: Invalid uuid: neutron. To ensure interoperability, identifiers should be a valid uuid. warnings.warn(('Invalid uuid: %s. To ensure interoperability, '
2026-07-09 17:58:21.876 10 INFO neutron.api.wsgi [None req-65236a22-7e28-4353-b855-8a7c48a09c31 1d94473f1ede4b2f8bf85e5cab6c1104 d7fe1d243dd0404abee84cab6ad85f97 - - default default] 10.0.0.51 "POST /v2.0/ports HTTP/1.1" status: 201 len: 976 time: 0.4438839
2026-07-09 17:58:21.886 9 WARNING neutron_lib.context [None req-b6e339d7-367f-412c-b3eb-91d18fb04c8c 1d94473f1ede4b2f8bf85e5cab6c1104 d7fe1d243dd0404abee84cab6ad85f97 - - default default] Method 'is_advsvc' is deprecated since 2023.2 release (neutron-lib 3.8.0) and will be removed once support for the old RBAC API policies will be removed from Neutron. Please use method 'is_service_role' instead.
2026-07-09 17:58:21.896 10 INFO neutron.api.wsgi [req-859910b4-bed8-4813-8276-828b5a329c9d req-737cd4a6-44d5-4d69-ae05-535aca598e71 5235949ee9884b47b67ea48f5ee16b8a 0fb32caa1dc74b019f915edbf700ee15 - - default default] 10.0.0.153 "GET /v2.0/ports?device_id=4a0f3f9c-6a5f-49e6-a323-a622f058710d HTTP/1.1" status: 200 len: 1170 time: 0.0316007
2026-07-09 17:58:21.943 10 INFO neutron.api.wsgi [req-859910b4-bed8-4813-8276-828b5a329c9d req-f149c405-bc15-47d5-ba4f-b6ff1d378c6b 5235949ee9884b47b67ea48f5ee16b8a 0fb32caa1dc74b019f915edbf700ee15 - - default default] 10.0.0.153 "GET /v2.0/security-groups?id=01c23953-49bc-4073-b45a-f619bf6ecbe1&fields=id&fields=name HTTP/1.1" status: 200 len: 286 time: 0.0417392
2026-07-09 17:58:21.991 9 INFO neutron.db.segments_db [None req-b6e339d7-367f-412c-b3eb-91d18fb04c8c 1d94473f1ede4b2f8bf85e5cab6c1104 d7fe1d243dd0404abee84cab6ad85f97 - - default default] Added segment f3532cb9-2f83-4a1e-8ec1-571fab2d5209 of type geneve for network 08b6723d-55c2-4aa3-9477-e07a8f2e3d76
2026-07-09 17:58:22.149 9 INFO neutron.db.ovn_revision_numbers_db [None req-b6e339d7-367f-412c-b3eb-91d18fb04c8c 1d94473f1ede4b2f8bf85e5cab6c1104 d7fe1d243dd0404abee84cab6ad85f97 - - default default] Successfully bumped revision number for resource 08b6723d-55c2-4aa3-9477-e07a8f2e3d76 (type: networks) to 1
2026-07-09 17:58:22.229 9 INFO neutron.db.ovn_revision_numbers_db [None req-c130440a-dabd-459a-b9e2-b5984202ffdc 8797668c89a04c74a2f2c65d5139809e c27bbae614f046339abae3c95119bbad - - default default] Successfully bumped revision number for resource 2aad8ad3-9d19-4ace-928f-161a5546b54b (type: floatingips) to 1
2026-07-09 17:58:22.360 9 INFO neutron.db.ovn_revision_numbers_db [None req-c130440a-dabd-459a-b9e2-b5984202ffdc 8797668c89a04c74a2f2c65d5139809e c27bbae614f046339abae3c95119bbad - - default default] Successfully bumped revision number for resource 2aad8ad3-9d19-4ace-928f-161a5546b54b (type: floatingips) to 2
2026-07-09 17:58:22.360 9 INFO neutron.db.l3_db [None req-c130440a-dabd-459a-b9e2-b5984202ffdc 8797668c89a04c74a2f2c65d5139809e c27bbae614f046339abae3c95119bbad - - default default] Floating IP 2aad8ad3-9d19-4ace-928f-161a5546b54b associated. External IP: 10.96.250.217, port: aa027d1b-5630-4f03-8dcb-250f37f8a1d9.
2026-07-09 17:58:22.375 9 WARNING neutron.scheduler.dhcp_agent_scheduler [None req-b6e339d7-367f-412c-b3eb-91d18fb04c8c 1d94473f1ede4b2f8bf85e5cab6c1104 d7fe1d243dd0404abee84cab6ad85f97 - - default default] No more DHCP agents
2026-07-09 17:58:22.378 9 WARNING neutron.api.rpc.agentnotifiers.dhcp_rpc_agent_api [None req-b6e339d7-367f-412c-b3eb-91d18fb04c8c 1d94473f1ede4b2f8bf85e5cab6c1104 d7fe1d243dd0404abee84cab6ad85f97 - - default default] Unable to schedule network 08b6723d-55c2-4aa3-9477-e07a8f2e3d76: no agents available; will retry on subsequent port and subnet creation events.
2026-07-09 17:58:22.383 9 INFO neutron.api.wsgi [None req-c130440a-dabd-459a-b9e2-b5984202ffdc 8797668c89a04c74a2f2c65d5139809e c27bbae614f046339abae3c95119bbad - - default default] 10.0.0.51 "PUT /v2.0/floatingips/2aad8ad3-9d19-4ace-928f-161a5546b54b HTTP/1.1" status: 200 len: 1050 time: 1.0051465
2026-07-09 17:58:22.429 9 INFO neutron.notifiers.nova [-] Nova event matching ['req-39554284-d531-4ff2-9818-d7c6aea110af'] response: {'name': 'network-changed', 'server_uuid': '94d64dee-0385-4850-877c-1c8435e22b4c', 'tag': 'aa027d1b-5630-4f03-8dcb-250f37f8a1d9', 'status': 'completed', 'code': 200}
2026-07-09 17:58:22.468 9 INFO neutron.db.ovn_revision_numbers_db [None req-b6e339d7-367f-412c-b3eb-91d18fb04c8c 1d94473f1ede4b2f8bf85e5cab6c1104 d7fe1d243dd0404abee84cab6ad85f97 - - default default] Successfully bumped revision number for resource a3a80bde-36fb-4707-ad3b-7f9698859624 (type: ports) to 1
2026-07-09 17:58:22.483 9 INFO neutron.api.wsgi [req-aeb67785-d94f-4d46-9823-4197e80b88b7 req-587265c5-e3c6-4aea-b0f6-e1e567b13c77 8797668c89a04c74a2f2c65d5139809e c27bbae614f046339abae3c95119bbad - - default default] 10.0.0.153 "GET /v2.0/ports?device_id=94d64dee-0385-4850-877c-1c8435e22b4c HTTP/1.1" status: 200 len: 1174 time: 0.0430651
2026-07-09 17:58:22.494 9 INFO neutron.api.wsgi [None req-b6e339d7-367f-412c-b3eb-91d18fb04c8c 1d94473f1ede4b2f8bf85e5cab6c1104 d7fe1d243dd0404abee84cab6ad85f97 - - default default] 10.0.0.51 "POST /v2.0/networks HTTP/1.1" status: 201 len: 835 time: 0.6128922 /var/lib/openstack/lib/python3.12/site-packages/pycadf/identifier.py:71: UserWarning: Invalid uuid: neutron. To ensure interoperability, identifiers should be a valid uuid. warnings.warn(('Invalid uuid: %s. To ensure interoperability, '
2026-07-09 17:58:22.509 10 WARNING neutron_lib.context [None req-05a2d210-e7b4-4428-82f1-1f33144e8342 1d94473f1ede4b2f8bf85e5cab6c1104 d7fe1d243dd0404abee84cab6ad85f97 - - default default] Method 'is_advsvc' is deprecated since 2023.2 release (neutron-lib 3.8.0) and will be removed once support for the old RBAC API policies will be removed from Neutron. Please use method 'is_service_role' instead.
2026-07-09 17:58:22.534 9 INFO neutron.api.wsgi [req-aeb67785-d94f-4d46-9823-4197e80b88b7 req-bbbb4288-0176-4bfa-9903-16c339d9f5cd 8797668c89a04c74a2f2c65d5139809e c27bbae614f046339abae3c95119bbad - - default default] 10.0.0.153 "GET /v2.0/security-groups?id=422ed72f-e60a-4474-a428-2a5fef3a0906&fields=id&fields=name HTTP/1.1" status: 200 len: 313 time: 0.0388842
2026-07-09 17:58:22.785 10 WARNING neutron.scheduler.dhcp_agent_scheduler [None req-05a2d210-e7b4-4428-82f1-1f33144e8342 1d94473f1ede4b2f8bf85e5cab6c1104 d7fe1d243dd0404abee84cab6ad85f97 - - default default] No more DHCP agents
2026-07-09 17:58:22.787 10 WARNING neutron.api.rpc.agentnotifiers.dhcp_rpc_agent_api [None req-05a2d210-e7b4-4428-82f1-1f33144e8342 1d94473f1ede4b2f8bf85e5cab6c1104 d7fe1d243dd0404abee84cab6ad85f97 - - default default] Unable to schedule network 08b6723d-55c2-4aa3-9477-e07a8f2e3d76: no agents available; will retry on subsequent port and subnet creation events.
2026-07-09 17:58:22.830 10 INFO neutron.api.wsgi [req-60a8158a-9416-4a52-8c9e-5ff170213dbd req-3e1a30f7-3106-47ba-8a4d-57ee3ca5b8a3 8797668c89a04c74a2f2c65d5139809e c27bbae614f046339abae3c95119bbad - - default default] 10.0.0.153 "GET /v2.0/ports?device_id=94d64dee-0385-4850-877c-1c8435e22b4c HTTP/1.1" status: 200 len: 1174 time: 0.0383818
2026-07-09 17:58:22.837 10 INFO neutron.db.ovn_revision_numbers_db [None req-05a2d210-e7b4-4428-82f1-1f33144e8342 1d94473f1ede4b2f8bf85e5cab6c1104 d7fe1d243dd0404abee84cab6ad85f97 - - default default] Successfully bumped revision number for resource 993109e0-2528-4e73-bdb5-48de96da3473 (type: subnets) to 0
2026-07-09 17:58:22.865 10 INFO neutron.api.wsgi [None req-05a2d210-e7b4-4428-82f1-1f33144e8342 1d94473f1ede4b2f8bf85e5cab6c1104 d7fe1d243dd0404abee84cab6ad85f97 - - default default] 10.0.0.51 "POST /v2.0/subnets HTTP/1.1" status: 201 len: 845 time: 0.3623345
2026-07-09 17:58:22.883 9 WARNING neutron_lib.context [None req-a0b27576-5f78-45a8-85ff-a4e53d55d0ec 1d94473f1ede4b2f8bf85e5cab6c1104 d7fe1d243dd0404abee84cab6ad85f97 - - default default] Method 'is_advsvc' is deprecated since 2023.2 release (neutron-lib 3.8.0) and will be removed once support for the old RBAC API policies will be removed from Neutron. Please use method 'is_service_role' instead.
2026-07-09 17:58:22.900 10 INFO neutron.api.wsgi [req-60a8158a-9416-4a52-8c9e-5ff170213dbd req-3f19fccb-98ee-4f97-a469-198a2b0a5076 8797668c89a04c74a2f2c65d5139809e c27bbae614f046339abae3c95119bbad - - default default] 10.0.0.153 "GET /v2.0/security-groups?id=422ed72f-e60a-4474-a428-2a5fef3a0906&fields=id&fields=name HTTP/1.1" status: 200 len: 313 time: 0.0630131
2026-07-09 17:58:22.966 10 INFO neutron.api.wsgi [req-cbb86560-324c-4ff1-886c-e82ccbde1cda req-5195766e-eed3-42fa-b30b-c996737d24e0 222cd1e9578443fdae09d6f4ffb0dd42 cd3cc71ffae94598b89e9d21d8b4c5b7 - - 98e1159022044bc0a3d9ba4ffbefa336 98e1159022044bc0a3d9ba4ffbefa336] 199.19.213.95 "GET /v2.0/ports?tenant_id=c27bbae614f046339abae3c95119bbad&device_id=94d64dee-0385-4850-877c-1c8435e22b4c HTTP/1.1" status: 200 len: 1413 time: 0.0269206 /var/lib/openstack/lib/python3.12/site-packages/pycadf/identifier.py:71: UserWarning: Invalid uuid: neutron. To ensure interoperability, identifiers should be a valid uuid. warnings.warn(('Invalid uuid: %s. To ensure interoperability, '
2026-07-09 17:58:23.015 10 INFO neutron.api.wsgi [None req-197c3014-4378-4057-b8e0-c5df7069d133 3d0a4e806cef49efac1dd0c018aaa51c df982a7d6cb34491a2a24edfc2ec3610 - - default default] 10.0.0.51 "PUT /v2.0/routers/f849b2b9-4385-416e-a0dd-cbe5acd5abe4/remove_router_interface HTTP/1.1" status: 200 len: 503 time: 1.2767782
2026-07-09 17:58:23.052 9 INFO neutron.api.wsgi [req-a31b7650-f4be-4c37-a295-8f7eeefeff54 req-1d03679d-053b-4348-8963-2366ddb4bb1a 5235949ee9884b47b67ea48f5ee16b8a 0fb32caa1dc74b019f915edbf700ee15 - - default default] 10.0.0.153 "GET /v2.0/ports?device_id=4a0f3f9c-6a5f-49e6-a323-a622f058710d HTTP/1.1" status: 200 len: 1170 time: 0.0411775
2026-07-09 17:58:23.074 10 INFO neutron.api.wsgi [req-cbb86560-324c-4ff1-886c-e82ccbde1cda req-34989c7f-4616-4936-bd0b-46936ed6f1ad 222cd1e9578443fdae09d6f4ffb0dd42 cd3cc71ffae94598b89e9d21d8b4c5b7 - - 98e1159022044bc0a3d9ba4ffbefa336 98e1159022044bc0a3d9ba4ffbefa336] 199.19.213.95 "GET /v2.0/networks?id=2fe15e07-877b-45be-b0c8-e61ff1568136 HTTP/1.1" status: 200 len: 974 time: 0.0831075
2026-07-09 17:58:23.106 9 INFO neutron.api.wsgi [req-a31b7650-f4be-4c37-a295-8f7eeefeff54 req-765f5fed-d0a2-4d19-868c-7e4eb1cfb2ea 5235949ee9884b47b67ea48f5ee16b8a 0fb32caa1dc74b019f915edbf700ee15 - - default default] 10.0.0.153 "GET /v2.0/security-groups?id=01c23953-49bc-4073-b45a-f619bf6ecbe1&fields=id&fields=name HTTP/1.1" status: 200 len: 286 time: 0.0480564
2026-07-09 17:58:23.130 10 INFO neutron.api.wsgi [req-cbb86560-324c-4ff1-886c-e82ccbde1cda req-43bd7f1c-95e7-4b5e-95f6-0cd14ccd7088 222cd1e9578443fdae09d6f4ffb0dd42 cd3cc71ffae94598b89e9d21d8b4c5b7 - - 98e1159022044bc0a3d9ba4ffbefa336 98e1159022044bc0a3d9ba4ffbefa336] 199.19.213.95 "GET /v2.0/floatingips?fixed_ip_address=10.100.0.11&port_id=aa027d1b-5630-4f03-8dcb-250f37f8a1d9 HTTP/1.1" status: 200 len: 1060 time: 0.0507531
2026-07-09 17:58:23.181 10 INFO neutron.api.wsgi [req-cbb86560-324c-4ff1-886c-e82ccbde1cda req-10986942-1039-4372-8177-ed36ac9dbb6b 222cd1e9578443fdae09d6f4ffb0dd42 cd3cc71ffae94598b89e9d21d8b4c5b7 - - 98e1159022044bc0a3d9ba4ffbefa336 98e1159022044bc0a3d9ba4ffbefa336] 199.19.213.95 "GET /v2.0/subnets?id=d7e31609-09de-4a9e-94e0-abb58ae1b63f HTTP/1.1" status: 200 len: 893 time: 0.0384495
2026-07-09 17:58:23.212 10 INFO neutron.api.wsgi [req-cbb86560-324c-4ff1-886c-e82ccbde1cda req-ad550970-aa0d-4b82-a417-8b4af2d440b3 222cd1e9578443fdae09d6f4ffb0dd42 cd3cc71ffae94598b89e9d21d8b4c5b7 - - 98e1159022044bc0a3d9ba4ffbefa336 98e1159022044bc0a3d9ba4ffbefa336] 199.19.213.95 "GET /v2.0/ports?network_id=2fe15e07-877b-45be-b0c8-e61ff1568136&device_owner=network%3Adhcp HTTP/1.1" status: 200 len: 210 time: 0.0238338
2026-07-09 17:58:23.226 9 WARNING neutron.scheduler.dhcp_agent_scheduler [None req-a0b27576-5f78-45a8-85ff-a4e53d55d0ec 1d94473f1ede4b2f8bf85e5cab6c1104 d7fe1d243dd0404abee84cab6ad85f97 - - default default] No more DHCP agents
2026-07-09 17:58:23.228 9 WARNING neutron.api.rpc.agentnotifiers.dhcp_rpc_agent_api [None req-a0b27576-5f78-45a8-85ff-a4e53d55d0ec 1d94473f1ede4b2f8bf85e5cab6c1104 d7fe1d243dd0404abee84cab6ad85f97 - - default default] Unable to schedule network 08b6723d-55c2-4aa3-9477-e07a8f2e3d76: no agents available; will retry on subsequent port and subnet creation events.
2026-07-09 17:58:23.280 10 INFO neutron.api.wsgi [req-cbb86560-324c-4ff1-886c-e82ccbde1cda req-dd3153f5-7431-404f-b3e4-850dcc372055 222cd1e9578443fdae09d6f4ffb0dd42 cd3cc71ffae94598b89e9d21d8b4c5b7 - - 98e1159022044bc0a3d9ba4ffbefa336 98e1159022044bc0a3d9ba4ffbefa336] 199.19.213.95 "GET /v2.0/networks/2fe15e07-877b-45be-b0c8-e61ff1568136?fields=segments HTTP/1.1" status: 200 len: 212 time: 0.0627351
2026-07-09 17:58:23.330 9 INFO neutron.db.ovn_revision_numbers_db [None req-a0b27576-5f78-45a8-85ff-a4e53d55d0ec 1d94473f1ede4b2f8bf85e5cab6c1104 d7fe1d243dd0404abee84cab6ad85f97 - - default default] Successfully bumped revision number for resource d00a129e-dc89-482b-b049-9b9252333d07 (type: ports) to 1
2026-07-09 17:58:23.340 10 INFO neutron.api.wsgi [req-cbb86560-324c-4ff1-886c-e82ccbde1cda req-4cc19440-a6ad-41f3-a60c-06f2099d366e 222cd1e9578443fdae09d6f4ffb0dd42 cd3cc71ffae94598b89e9d21d8b4c5b7 - - 98e1159022044bc0a3d9ba4ffbefa336 98e1159022044bc0a3d9ba4ffbefa336] 199.19.213.95 "GET /v2.0/networks/2fe15e07-877b-45be-b0c8-e61ff1568136?fields=provider%3Aphysical_network&fields=provider%3Anetwork_type HTTP/1.1" status: 200 len: 277 time: 0.0519538
2026-07-09 17:58:23.346 10 INFO neutron.plugins.ml2.drivers.ovn.mech_driver.mech_driver [None req-53b3f188-9ee6-4cde-8ab4-2c21436bbf5a - - - - - -] OVN reports status down for port: aa027d1b-5630-4f03-8dcb-250f37f8a1d9
2026-07-09 17:58:23.363 9 INFO neutron.api.wsgi [None req-a0b27576-5f78-45a8-85ff-a4e53d55d0ec 1d94473f1ede4b2f8bf85e5cab6c1104 d7fe1d243dd0404abee84cab6ad85f97 - - default default] 10.0.0.51 "POST /v2.0/ports HTTP/1.1" status: 201 len: 1161 time: 0.4850469 /var/lib/openstack/lib/python3.12/site-packages/pycadf/identifier.py:71: UserWarning: Invalid uuid: neutron. To ensure interoperability, identifiers should be a valid uuid. warnings.warn(('Invalid uuid: %s. To ensure interoperability, '
2026-07-09 17:58:23.488 10 INFO neutron.notifiers.nova [-] Nova event matching ['req-989ed587-7b8d-44e9-97ee-ce0bd8f2a6ff'] response: {'server_uuid': '4a0f3f9c-6a5f-49e6-a323-a622f058710d', 'name': 'network-vif-plugged', 'status': 'completed', 'tag': 'acdda4a3-40f0-4330-b91a-68d3d1b6494a', 'code': 200}
2026-07-09 17:58:23.510 10 INFO neutron.api.wsgi [req-ece3453f-d666-49fc-84e0-92c7d0b29ae4 req-cd850c5d-c8de-4138-b7f7-72f81278c9f2 5235949ee9884b47b67ea48f5ee16b8a 0fb32caa1dc74b019f915edbf700ee15 - - default default] 10.0.0.153 "GET /v2.0/ports?device_id=4a0f3f9c-6a5f-49e6-a323-a622f058710d HTTP/1.1" status: 200 len: 1170 time: 0.1350260
2026-07-09 17:58:23.573 10 INFO neutron.api.wsgi [req-ece3453f-d666-49fc-84e0-92c7d0b29ae4 req-9a704912-9486-4392-ad96-84e07e411691 5235949ee9884b47b67ea48f5ee16b8a 0fb32caa1dc74b019f915edbf700ee15 - - default default] 10.0.0.153 "GET /v2.0/security-groups?id=01c23953-49bc-4073-b45a-f619bf6ecbe1&fields=id&fields=name HTTP/1.1" status: 200 len: 286 time: 0.0566893
2026-07-09 17:58:23.656 9 INFO neutron.api.wsgi [None req-95d42bef-7462-49ea-aa7d-d3ec4dec2d24 1d94473f1ede4b2f8bf85e5cab6c1104 d7fe1d243dd0404abee84cab6ad85f97 - - default default] 10.0.0.51 "DELETE /v2.0/ports/d00a129e-dc89-482b-b049-9b9252333d07 HTTP/1.1" status: 204 len: 168 time: 0.2887468
2026-07-09 17:58:23.674 9 INFO neutron.pecan_wsgi.hooks.translation [None req-db165b25-7ed9-4b06-9c51-556c1d4a0c1c 1d94473f1ede4b2f8bf85e5cab6c1104 d7fe1d243dd0404abee84cab6ad85f97 - - default default] DELETE failed (client error): The resource could not be found.
2026-07-09 17:58:23.677 9 INFO neutron.api.wsgi [None req-db165b25-7ed9-4b06-9c51-556c1d4a0c1c 1d94473f1ede4b2f8bf85e5cab6c1104 d7fe1d243dd0404abee84cab6ad85f97 - - default default] 10.0.0.51 "DELETE /v2.0/ports/d00a129e-dc89-482b-b049-9b9252333d07 HTTP/1.1" status: 404 len: 333 time: 0.0162075
2026-07-09 17:58:23.697 9 INFO neutron.pecan_wsgi.hooks.translation [None req-b9e71ca2-8467-4307-9a99-0fa2e32168b3 1d94473f1ede4b2f8bf85e5cab6c1104 d7fe1d243dd0404abee84cab6ad85f97 - - default default] GET failed (client error): The resource could not be found.
2026-07-09 17:58:23.700 9 INFO neutron.api.wsgi [None req-b9e71ca2-8467-4307-9a99-0fa2e32168b3 1d94473f1ede4b2f8bf85e5cab6c1104 d7fe1d243dd0404abee84cab6ad85f97 - - default default] 10.0.0.51 "GET /v2.0/ports/d00a129e-dc89-482b-b049-9b9252333d07 HTTP/1.1" status: 404 len: 333 time: 0.0193460
2026-07-09 17:58:23.719 10 INFO neutron.db.ovn_revision_numbers_db [None req-53b3f188-9ee6-4cde-8ab4-2c21436bbf5a - - - - - -] Successfully bumped revision number for resource aa027d1b-5630-4f03-8dcb-250f37f8a1d9 (type: ports) to 6
2026-07-09 17:58:23.856 9 INFO neutron.api.wsgi [None req-72092966-e060-451b-8337-a9f88dce83b2 1d94473f1ede4b2f8bf85e5cab6c1104 d7fe1d243dd0404abee84cab6ad85f97 - - default default] 10.0.0.51 "DELETE /v2.0/subnets/993109e0-2528-4e73-bdb5-48de96da3473 HTTP/1.1" status: 204 len: 168 time: 0.1441834 /var/lib/openstack/lib/python3.12/site-packages/pycadf/identifier.py:71: UserWarning: Invalid uuid: neutron. To ensure interoperability, identifiers should be a valid uuid. warnings.warn(('Invalid uuid: %s. To ensure interoperability, '
2026-07-09 17:58:23.899 10 INFO neutron.plugins.ml2.drivers.ovn.mech_driver.mech_driver [None req-c160dfdb-43bf-4633-89f6-945b7efeec1a - - - - - -] OVN reports status down for port: acdda4a3-40f0-4330-b91a-68d3d1b6494a
2026-07-09 17:58:24.003 10 INFO neutron.api.wsgi [None req-9fb4dcf0-44ff-46d9-bfc0-1fc6de35287c 3d0a4e806cef49efac1dd0c018aaa51c df982a7d6cb34491a2a24edfc2ec3610 - - default default] 10.0.0.51 "DELETE /v2.0/routers/f849b2b9-4385-416e-a0dd-cbe5acd5abe4 HTTP/1.1" status: 204 len: 168 time: 0.9796722
2026-07-09 17:58:24.043 9 INFO neutron.api.wsgi [req-c0d7a7d2-4308-497e-b5b5-e3b3c4285135 req-850517d0-02c4-492c-a831-d3ebdc1cc7f2 8797668c89a04c74a2f2c65d5139809e c27bbae614f046339abae3c95119bbad - - default default] 10.0.0.153 "GET /v2.0/ports?device_id=94d64dee-0385-4850-877c-1c8435e22b4c HTTP/1.1" status: 200 len: 1172 time: 0.0788732
2026-07-09 17:58:24.089 9 INFO neutron.api.wsgi [req-c0d7a7d2-4308-497e-b5b5-e3b3c4285135 req-fd4111aa-6f21-4325-9b50-08fc61935244 8797668c89a04c74a2f2c65d5139809e c27bbae614f046339abae3c95119bbad - - default default] 10.0.0.153 "GET /v2.0/security-groups?id=422ed72f-e60a-4474-a428-2a5fef3a0906&fields=id&fields=name HTTP/1.1" status: 200 len: 313 time: 0.0413890
2026-07-09 17:58:24.209 10 INFO neutron.db.ovn_revision_numbers_db [None req-c160dfdb-43bf-4633-89f6-945b7efeec1a - - - - - -] Successfully bumped revision number for resource acdda4a3-40f0-4330-b91a-68d3d1b6494a (type: ports) to 6
2026-07-09 17:58:24.214 9 INFO neutron.api.wsgi [None req-69e020a6-06ce-4015-a4c9-b73f6fab764d 3d0a4e806cef49efac1dd0c018aaa51c df982a7d6cb34491a2a24edfc2ec3610 - - default default] 10.0.0.51 "DELETE /v2.0/subnets/1c4b8188-50f9-4d1a-9159-7b964583e852 HTTP/1.1" status: 204 len: 168 time: 0.1950808
2026-07-09 17:58:24.248 10 INFO neutron.services.segments.plugin [-] Segment f3532cb9-2f83-4a1e-8ec1-571fab2d5209 resource provider aggregate not found
2026-07-09 17:58:24.251 10 INFO neutron.services.segments.plugin [-] Segment f3532cb9-2f83-4a1e-8ec1-571fab2d5209 resource provider aggregate not found
2026-07-09 17:58:24.263 10 INFO neutron.services.segments.plugin [-] Segment f3532cb9-2f83-4a1e-8ec1-571fab2d5209 resource provider not found; error: Placement Client Error (4xx): {"errors": [{"status": 404, "title": "Not Found", "detail": "The resource could not be found.\n\n No resource provider with uuid f3532cb9-2f83-4a1e-8ec1-571fab2d5209 found for delete ", "request_id": "req-c1ef711e-099e-44af-9c27-0a6f6b82cc62"}]}
2026-07-09 17:58:24.267 10 INFO neutron.services.segments.plugin [-] Segment f3532cb9-2f83-4a1e-8ec1-571fab2d5209 resource provider not found; error: Placement Client Error (4xx): {"errors": [{"status": 404, "title": "Not Found", "detail": "The resource could not be found.\n\n No resource provider with uuid f3532cb9-2f83-4a1e-8ec1-571fab2d5209 found for delete ", "request_id": "req-927200c7-ab3f-42e2-8a28-b79779fe0e86"}]}
2026-07-09 17:58:24.282 10 INFO neutron.api.wsgi [None req-6dc9ac2e-6020-4a02-b553-a347dd031e31 1d94473f1ede4b2f8bf85e5cab6c1104 d7fe1d243dd0404abee84cab6ad85f97 - - default default] 10.0.0.51 "DELETE /v2.0/networks/08b6723d-55c2-4aa3-9477-e07a8f2e3d76 HTTP/1.1" status: 204 len: 168 time: 0.4212780
2026-07-09 17:58:24.296 9 WARNING neutron_lib.context [None req-4b2abaf0-7f64-49db-bccb-dd38087694bd 1d94473f1ede4b2f8bf85e5cab6c1104 d7fe1d243dd0404abee84cab6ad85f97 - - default default] Method 'is_advsvc' is deprecated since 2023.2 release (neutron-lib 3.8.0) and will be removed once support for the old RBAC API policies will be removed from Neutron. Please use method 'is_service_role' instead.
2026-07-09 17:58:24.378 9 INFO neutron.db.segments_db [None req-4b2abaf0-7f64-49db-bccb-dd38087694bd 1d94473f1ede4b2f8bf85e5cab6c1104 d7fe1d243dd0404abee84cab6ad85f97 - - default default] Added segment aa84bac9-2987-4f52-b925-78635cabeea4 of type geneve for network 8465a505-b662-409c-a4a7-c9c2a742761e
2026-07-09 17:58:24.516 9 INFO neutron.db.ovn_revision_numbers_db [None req-4b2abaf0-7f64-49db-bccb-dd38087694bd 1d94473f1ede4b2f8bf85e5cab6c1104 d7fe1d243dd0404abee84cab6ad85f97 - - default default] Successfully bumped revision number for resource 8465a505-b662-409c-a4a7-c9c2a742761e (type: networks) to 1
2026-07-09 17:58:24.568 9 INFO neutron.services.segments.plugin [-] Segment 86a39c62-04a6-4950-b1d6-bc0f481aa108 resource provider aggregate not found
2026-07-09 17:58:24.573 9 INFO neutron.services.segments.plugin [-] Segment 86a39c62-04a6-4950-b1d6-bc0f481aa108 resource provider aggregate not found
2026-07-09 17:58:24.586 9 INFO neutron.services.segments.plugin [-] Segment 86a39c62-04a6-4950-b1d6-bc0f481aa108 resource provider not found; error: Placement Client Error (4xx): {"errors": [{"status": 404, "title": "Not Found", "detail": "The resource could not be found.\n\n No resource provider with uuid 86a39c62-04a6-4950-b1d6-bc0f481aa108 found for delete ", "request_id": "req-7abe211f-5d70-4fb6-9e24-9e6529f516cd"}]}
2026-07-09 17:58:24.592 9 INFO neutron.services.segments.plugin [-] Segment 86a39c62-04a6-4950-b1d6-bc0f481aa108 resource provider not found; error: Placement Client Error (4xx): {"errors": [{"status": 404, "title": "Not Found", "detail": "The resource could not be found.\n\n No resource provider with uuid 86a39c62-04a6-4950-b1d6-bc0f481aa108 found for delete ", "request_id": "req-2c04bbbb-e11c-4ebd-9cb5-653c8588c268"}]}
2026-07-09 17:58:24.608 9 INFO neutron.api.wsgi [None req-e213a04b-ccea-48fc-81f0-8a7fd51a95ff 3d0a4e806cef49efac1dd0c018aaa51c df982a7d6cb34491a2a24edfc2ec3610 - - default default] 10.0.0.51 "DELETE /v2.0/networks/dd937409-2127-453e-8e4a-a3ca99d62d66 HTTP/1.1" status: 204 len: 168 time: 0.3888156 /var/lib/openstack/lib/python3.12/site-packages/pycadf/identifier.py:71: UserWarning: Invalid uuid: neutron. To ensure interoperability, identifiers should be a valid uuid. warnings.warn(('Invalid uuid: %s. To ensure interoperability, '
2026-07-09 17:58:24.663 10 INFO neutron.api.wsgi [req-8c870a15-0f34-45d3-b1a6-98dde878871a req-9ad2901f-e89a-4bd3-9427-8310f815ab28 8797668c89a04c74a2f2c65d5139809e c27bbae614f046339abae3c95119bbad - - default default] 199.19.213.95 "GET /v2.0/ports?device_id=94d64dee-0385-4850-877c-1c8435e22b4c HTTP/1.1" status: 200 len: 1172 time: 0.0460620
2026-07-09 17:58:24.690 10 INFO neutron.api.wsgi [req-fe49f75a-b888-45ff-842d-2c873163f7ff req-c493292e-f496-493c-9094-6c54872ac08f 5235949ee9884b47b67ea48f5ee16b8a 0fb32caa1dc74b019f915edbf700ee15 - - default default] 10.0.0.153 "GET /v2.0/ports?device_id=4a0f3f9c-6a5f-49e6-a323-a622f058710d HTTP/1.1" status: 200 len: 1168 time: 0.0471787
2026-07-09 17:58:24.706 9 WARNING neutron.scheduler.dhcp_agent_scheduler [None req-4b2abaf0-7f64-49db-bccb-dd38087694bd 1d94473f1ede4b2f8bf85e5cab6c1104 d7fe1d243dd0404abee84cab6ad85f97 - - default default] No more DHCP agents
2026-07-09 17:58:24.707 9 WARNING neutron.api.rpc.agentnotifiers.dhcp_rpc_agent_api [None req-4b2abaf0-7f64-49db-bccb-dd38087694bd 1d94473f1ede4b2f8bf85e5cab6c1104 d7fe1d243dd0404abee84cab6ad85f97 - - default default] Unable to schedule network 8465a505-b662-409c-a4a7-c9c2a742761e: no agents available; will retry on subsequent port and subnet creation events.
2026-07-09 17:58:24.743 10 INFO neutron.api.wsgi [req-fe49f75a-b888-45ff-842d-2c873163f7ff req-b8e77dfd-eebd-4c3d-ad05-69196afd20f6 5235949ee9884b47b67ea48f5ee16b8a 0fb32caa1dc74b019f915edbf700ee15 - - default default] 10.0.0.153 "GET /v2.0/security-groups?id=01c23953-49bc-4073-b45a-f619bf6ecbe1&fields=id&fields=name HTTP/1.1" status: 200 len: 286 time: 0.0452650
2026-07-09 17:58:24.783 9 INFO neutron.db.ovn_revision_numbers_db [None req-4b2abaf0-7f64-49db-bccb-dd38087694bd 1d94473f1ede4b2f8bf85e5cab6c1104 d7fe1d243dd0404abee84cab6ad85f97 - - default default] Successfully bumped revision number for resource 24fade03-594b-480e-8757-49b0897074ea (type: ports) to 1
2026-07-09 17:58:24.804 9 INFO neutron.api.wsgi [None req-4b2abaf0-7f64-49db-bccb-dd38087694bd 1d94473f1ede4b2f8bf85e5cab6c1104 d7fe1d243dd0404abee84cab6ad85f97 - - default default] 10.0.0.51 "POST /v2.0/networks HTTP/1.1" status: 201 len: 835 time: 0.5150852
2026-07-09 17:58:24.815 9 WARNING neutron_lib.context [None req-bc9e480b-81d0-401a-9edc-a63084ecad5d 1d94473f1ede4b2f8bf85e5cab6c1104 d7fe1d243dd0404abee84cab6ad85f97 - - default default] Method 'is_advsvc' is deprecated since 2023.2 release (neutron-lib 3.8.0) and will be removed once support for the old RBAC API policies will be removed from Neutron. Please use method 'is_service_role' instead.
2026-07-09 17:58:24.825 10 INFO neutron.api.wsgi [None req-9ceb6c1b-50e1-4ca7-9ab7-2f55ccba9f5c 3d0a4e806cef49efac1dd0c018aaa51c df982a7d6cb34491a2a24edfc2ec3610 - - default default] 10.0.0.51 "GET /v2.0/security-groups?tenant_id=b696ec99b74244e69a0c54af27a4210a&name=default HTTP/1.1" status: 200 len: 3116 time: 0.0370731
2026-07-09 17:58:25.009 9 WARNING neutron.scheduler.dhcp_agent_scheduler [None req-bc9e480b-81d0-401a-9edc-a63084ecad5d 1d94473f1ede4b2f8bf85e5cab6c1104 d7fe1d243dd0404abee84cab6ad85f97 - - default default] No more DHCP agents
2026-07-09 17:58:25.011 9 WARNING neutron.api.rpc.agentnotifiers.dhcp_rpc_agent_api [None req-bc9e480b-81d0-401a-9edc-a63084ecad5d 1d94473f1ede4b2f8bf85e5cab6c1104 d7fe1d243dd0404abee84cab6ad85f97 - - default default] Unable to schedule network 8465a505-b662-409c-a4a7-c9c2a742761e: no agents available; will retry on subsequent port and subnet creation events.
2026-07-09 17:58:25.014 10 INFO neutron.db.l3_db [req-8c870a15-0f34-45d3-b1a6-98dde878871a req-0c22e888-39c8-48c0-b4ac-a7e0937fda8a 8797668c89a04c74a2f2c65d5139809e c27bbae614f046339abae3c95119bbad - - default default] Floating IP 2aad8ad3-9d19-4ace-928f-161a5546b54b disassociated. External IP: 10.96.250.217, port: aa027d1b-5630-4f03-8dcb-250f37f8a1d9.
2026-07-09 17:58:25.028 9 INFO neutron.api.wsgi [None req-ad17ba48-72d3-41d5-a74f-38788ff3d17e 3d0a4e806cef49efac1dd0c018aaa51c df982a7d6cb34491a2a24edfc2ec3610 - - default default] 10.0.0.51 "DELETE /v2.0/security-groups/71bff4f7-730c-4b2f-b346-3132ca1eca72 HTTP/1.1" status: 204 len: 168 time: 0.1981046
2026-07-09 17:58:25.043 9 INFO neutron.db.ovn_revision_numbers_db [None req-bc9e480b-81d0-401a-9edc-a63084ecad5d 1d94473f1ede4b2f8bf85e5cab6c1104 d7fe1d243dd0404abee84cab6ad85f97 - - default default] Successfully bumped revision number for resource 260eb6d8-e74f-4a99-b107-9883146a2b3b (type: subnets) to 0
2026-07-09 17:58:25.062 9 INFO neutron.api.wsgi [None req-bc9e480b-81d0-401a-9edc-a63084ecad5d 1d94473f1ede4b2f8bf85e5cab6c1104 d7fe1d243dd0404abee84cab6ad85f97 - - default default] 10.0.0.51 "POST /v2.0/subnets HTTP/1.1" status: 201 len: 845 time: 0.2512252
2026-07-09 17:58:25.079 9 WARNING neutron_lib.context [None req-7b55bf5f-97e2-438c-bc67-b32809cb7183 1d94473f1ede4b2f8bf85e5cab6c1104 d7fe1d243dd0404abee84cab6ad85f97 - - default default] Method 'is_advsvc' is deprecated since 2023.2 release (neutron-lib 3.8.0) and will be removed once support for the old RBAC API policies will be removed from Neutron. Please use method 'is_service_role' instead.
2026-07-09 17:58:25.120 10 INFO neutron.api.wsgi [req-8c870a15-0f34-45d3-b1a6-98dde878871a req-0c22e888-39c8-48c0-b4ac-a7e0937fda8a 8797668c89a04c74a2f2c65d5139809e c27bbae614f046339abae3c95119bbad - - default default] 199.19.213.95 "DELETE /v2.0/ports/aa027d1b-5630-4f03-8dcb-250f37f8a1d9 HTTP/1.1" status: 204 len: 173 time: 0.4507077 /var/lib/openstack/lib/python3.12/site-packages/pycadf/identifier.py:71: UserWarning: Invalid uuid: neutron. To ensure interoperability, identifiers should be a valid uuid. warnings.warn(('Invalid uuid: %s. To ensure interoperability, '
2026-07-09 17:58:25.160 10 INFO neutron.api.wsgi [req-86ce2eeb-333f-4cf6-bb33-52cc8092b68f req-336153bd-8fbc-406d-95fb-faa62f6de94a 5235949ee9884b47b67ea48f5ee16b8a 0fb32caa1dc74b019f915edbf700ee15 - - default default] 199.19.213.95 "GET /v2.0/ports?device_id=4a0f3f9c-6a5f-49e6-a323-a622f058710d HTTP/1.1" status: 200 len: 1168 time: 0.0313163
2026-07-09 17:58:25.166 9 INFO neutron.api.wsgi [req-b0e7af67-1276-4293-acd5-107b08edfb44 req-de667531-7ea7-4fd8-ab4d-58b4693eb533 8797668c89a04c74a2f2c65d5139809e c27bbae614f046339abae3c95119bbad - - default default] 10.0.0.153 "GET /v2.0/ports?device_id=94d64dee-0385-4850-877c-1c8435e22b4c HTTP/1.1" status: 200 len: 210 time: 0.0170233
2026-07-09 17:58:25.351 9 WARNING neutron.scheduler.dhcp_agent_scheduler [None req-7b55bf5f-97e2-438c-bc67-b32809cb7183 1d94473f1ede4b2f8bf85e5cab6c1104 d7fe1d243dd0404abee84cab6ad85f97 - - default default] No more DHCP agents
2026-07-09 17:58:25.353 9 WARNING neutron.api.rpc.agentnotifiers.dhcp_rpc_agent_api [None req-7b55bf5f-97e2-438c-bc67-b32809cb7183 1d94473f1ede4b2f8bf85e5cab6c1104 d7fe1d243dd0404abee84cab6ad85f97 - - default default] Unable to schedule network 8465a505-b662-409c-a4a7-c9c2a742761e: no agents available; will retry on subsequent port and subnet creation events.
