2026-07-09 18:01:47.227 10 WARNING neutron.api.rpc.agentnotifiers.dhcp_rpc_agent_api [None req-df84bf82-76c9-44ea-909d-1b67e2f150fc 05c2df400a58489aa8ecb094f5353a0f e8d172a5e2f245fe90d60dbebb775f07 - - default default] Unable to schedule network 3a0d0720-1161-447e-a631-71603082881c: no agents available; will retry on subsequent port and subnet creation events.
2026-07-09 18:01:47.287 10 INFO neutron.db.ovn_revision_numbers_db [None req-df84bf82-76c9-44ea-909d-1b67e2f150fc 05c2df400a58489aa8ecb094f5353a0f e8d172a5e2f245fe90d60dbebb775f07 - - default default] Successfully bumped revision number for resource b5577590-3aab-43b1-8965-2b401eb8c4c2 (type: ports) to 1
2026-07-09 18:01:47.318 10 INFO neutron.api.wsgi [None req-df84bf82-76c9-44ea-909d-1b67e2f150fc 05c2df400a58489aa8ecb094f5353a0f e8d172a5e2f245fe90d60dbebb775f07 - - default default] 10.0.0.51 "POST /v2.0/networks HTTP/1.1" status: 201 len: 831 time: 0.4718339
2026-07-09 18:01:47.328 10 WARNING neutron_lib.context [None req-a1847b95-842a-41a9-844c-32a2560c4a49 05c2df400a58489aa8ecb094f5353a0f e8d172a5e2f245fe90d60dbebb775f07 - - default default] Method 'is_advsvc' is deprecated since 2023.2 release (neutron-lib 3.8.0) and will be removed once support for the old RBAC API policies will be removed from Neutron. Please use method 'is_service_role' instead.
2026-07-09 18:01:47.561 10 WARNING neutron.scheduler.dhcp_agent_scheduler [None req-a1847b95-842a-41a9-844c-32a2560c4a49 05c2df400a58489aa8ecb094f5353a0f e8d172a5e2f245fe90d60dbebb775f07 - - default default] No more DHCP agents
2026-07-09 18:01:47.562 10 WARNING neutron.api.rpc.agentnotifiers.dhcp_rpc_agent_api [None req-a1847b95-842a-41a9-844c-32a2560c4a49 05c2df400a58489aa8ecb094f5353a0f e8d172a5e2f245fe90d60dbebb775f07 - - default default] Unable to schedule network 3a0d0720-1161-447e-a631-71603082881c: no agents available; will retry on subsequent port and subnet creation events.
2026-07-09 18:01:47.576 9 INFO neutron.api.wsgi [req-474ea184-6f0b-4f6d-bd3d-d696429e2be0 req-c32e128e-f934-4ecc-b2f7-36c36370f76e 3d0a4e806cef49efac1dd0c018aaa51c df982a7d6cb34491a2a24edfc2ec3610 - - default default] 10.0.0.153 "GET /v2.0/ports?device_id=b36581e7-ef0b-46a0-a845-75fe7227740f HTTP/1.1" status: 200 len: 1413 time: 0.0412145
2026-07-09 18:01:47.631 9 INFO neutron.api.wsgi [req-474ea184-6f0b-4f6d-bd3d-d696429e2be0 req-b41dd9c6-664e-4d86-8616-44639969e5ff 3d0a4e806cef49efac1dd0c018aaa51c df982a7d6cb34491a2a24edfc2ec3610 - - default default] 10.0.0.153 "GET /v2.0/security-groups?id=30a02f28-4bbd-4ced-abbf-d048d8fa7f66&fields=id&fields=name HTTP/1.1" status: 200 len: 294 time: 0.0484483
2026-07-09 18:01:47.643 10 INFO neutron.db.ovn_revision_numbers_db [None req-a1847b95-842a-41a9-844c-32a2560c4a49 05c2df400a58489aa8ecb094f5353a0f e8d172a5e2f245fe90d60dbebb775f07 - - default default] Successfully bumped revision number for resource b334db2e-8036-4e52-ae78-ac79316ee1ee (type: ports) to 1
2026-07-09 18:01:47.679 10 INFO neutron.api.wsgi [None req-a1847b95-842a-41a9-844c-32a2560c4a49 05c2df400a58489aa8ecb094f5353a0f e8d172a5e2f245fe90d60dbebb775f07 - - default default] 10.0.0.51 "POST /v2.0/ports HTTP/1.1" status: 201 len: 942 time: 0.3557515 /var/lib/openstack/lib/python3.12/site-packages/pycadf/identifier.py:71: UserWarning: Invalid uuid: neutron. To ensure interoperability, identifiers should be a valid uuid. warnings.warn(('Invalid uuid: %s. To ensure interoperability, '
2026-07-09 18:01:47.694 9 WARNING neutron_lib.context [None req-dc1d0ff3-71e6-4181-bd06-59a5f385ba7f 05c2df400a58489aa8ecb094f5353a0f e8d172a5e2f245fe90d60dbebb775f07 - - default default] Method 'is_advsvc' is deprecated since 2023.2 release (neutron-lib 3.8.0) and will be removed once support for the old RBAC API policies will be removed from Neutron. Please use method 'is_service_role' instead.
2026-07-09 18:01:47.717 10 INFO neutron.api.wsgi [req-9881a394-ff91-478d-b74e-fca060d2d7c1 req-e0bbc118-16f1-454c-bbe9-43fff5be2b3b 3d0a4e806cef49efac1dd0c018aaa51c df982a7d6cb34491a2a24edfc2ec3610 - - default default] 10.0.0.153 "GET /v2.0/ports?device_id=b36581e7-ef0b-46a0-a845-75fe7227740f HTTP/1.1" status: 200 len: 1413 time: 0.0368624
2026-07-09 18:01:47.904 9 INFO neutron.api.wsgi [None req-dc1d0ff3-71e6-4181-bd06-59a5f385ba7f 05c2df400a58489aa8ecb094f5353a0f e8d172a5e2f245fe90d60dbebb775f07 - - default default] 10.0.0.51 "POST /v2.0/trunks HTTP/1.1" status: 201 len: 608 time: 0.2166483
2026-07-09 18:01:47.914 9 WARNING neutron_lib.context [None req-116edb6d-c135-40b3-a2eb-13457f807d15 05c2df400a58489aa8ecb094f5353a0f e8d172a5e2f245fe90d60dbebb775f07 - - default default] Method 'is_advsvc' is deprecated since 2023.2 release (neutron-lib 3.8.0) and will be removed once support for the old RBAC API policies will be removed from Neutron. Please use method 'is_service_role' instead.
2026-07-09 18:01:47.996 9 INFO neutron.db.segments_db [None req-116edb6d-c135-40b3-a2eb-13457f807d15 05c2df400a58489aa8ecb094f5353a0f e8d172a5e2f245fe90d60dbebb775f07 - - default default] Added segment dcc9c469-bde0-4744-b8a6-1f2659e0de2f of type geneve for network 213255e0-3ed3-477c-b60e-bdcb3b1100f1
2026-07-09 18:01:48.120 9 INFO neutron.db.ovn_revision_numbers_db [None req-116edb6d-c135-40b3-a2eb-13457f807d15 05c2df400a58489aa8ecb094f5353a0f e8d172a5e2f245fe90d60dbebb775f07 - - default default] Successfully bumped revision number for resource 213255e0-3ed3-477c-b60e-bdcb3b1100f1 (type: networks) to 1
2026-07-09 18:01:48.287 9 WARNING neutron.scheduler.dhcp_agent_scheduler [None req-116edb6d-c135-40b3-a2eb-13457f807d15 05c2df400a58489aa8ecb094f5353a0f e8d172a5e2f245fe90d60dbebb775f07 - - default default] No more DHCP agents
2026-07-09 18:01:48.289 9 WARNING neutron.api.rpc.agentnotifiers.dhcp_rpc_agent_api [None req-116edb6d-c135-40b3-a2eb-13457f807d15 05c2df400a58489aa8ecb094f5353a0f e8d172a5e2f245fe90d60dbebb775f07 - - default default] Unable to schedule network 213255e0-3ed3-477c-b60e-bdcb3b1100f1: no agents available; will retry on subsequent port and subnet creation events.
2026-07-09 18:01:48.354 9 INFO neutron.db.ovn_revision_numbers_db [None req-116edb6d-c135-40b3-a2eb-13457f807d15 05c2df400a58489aa8ecb094f5353a0f e8d172a5e2f245fe90d60dbebb775f07 - - default default] Successfully bumped revision number for resource efaced58-6f4a-4aa1-97cf-c85d4f241855 (type: ports) to 1
2026-07-09 18:01:48.408 9 INFO neutron.api.wsgi [None req-116edb6d-c135-40b3-a2eb-13457f807d15 05c2df400a58489aa8ecb094f5353a0f e8d172a5e2f245fe90d60dbebb775f07 - - default default] 10.0.0.51 "POST /v2.0/networks HTTP/1.1" status: 201 len: 830 time: 0.4989173
2026-07-09 18:01:48.419 9 WARNING neutron_lib.context [None req-815d6162-dd90-4c96-af0d-134bf3c8922f 05c2df400a58489aa8ecb094f5353a0f e8d172a5e2f245fe90d60dbebb775f07 - - default default] Method 'is_advsvc' is deprecated since 2023.2 release (neutron-lib 3.8.0) and will be removed once support for the old RBAC API policies will be removed from Neutron. Please use method 'is_service_role' instead.
2026-07-09 18:01:48.704 9 WARNING neutron.scheduler.dhcp_agent_scheduler [None req-815d6162-dd90-4c96-af0d-134bf3c8922f 05c2df400a58489aa8ecb094f5353a0f e8d172a5e2f245fe90d60dbebb775f07 - - default default] No more DHCP agents
2026-07-09 18:01:48.705 9 WARNING neutron.api.rpc.agentnotifiers.dhcp_rpc_agent_api [None req-815d6162-dd90-4c96-af0d-134bf3c8922f 05c2df400a58489aa8ecb094f5353a0f e8d172a5e2f245fe90d60dbebb775f07 - - default default] Unable to schedule network 213255e0-3ed3-477c-b60e-bdcb3b1100f1: no agents available; will retry on subsequent port and subnet creation events.
2026-07-09 18:01:48.771 9 INFO neutron.db.ovn_revision_numbers_db [None req-815d6162-dd90-4c96-af0d-134bf3c8922f 05c2df400a58489aa8ecb094f5353a0f e8d172a5e2f245fe90d60dbebb775f07 - - default default] Successfully bumped revision number for resource 6386f5ed-0b16-4713-afa1-cbe530482df1 (type: ports) to 1
2026-07-09 18:01:48.791 9 INFO neutron.api.wsgi [None req-815d6162-dd90-4c96-af0d-134bf3c8922f 05c2df400a58489aa8ecb094f5353a0f e8d172a5e2f245fe90d60dbebb775f07 - - default default] 10.0.0.51 "POST /v2.0/ports HTTP/1.1" status: 201 len: 942 time: 0.3781056 /var/lib/openstack/lib/python3.12/site-packages/pycadf/identifier.py:71: UserWarning: Invalid uuid: neutron. To ensure interoperability, identifiers should be a valid uuid. warnings.warn(('Invalid uuid: %s. To ensure interoperability, '
2026-07-09 18:01:48.801 9 WARNING neutron_lib.context [None req-db4f0b33-3956-4505-bc9c-7bc2522f3cc4 05c2df400a58489aa8ecb094f5353a0f e8d172a5e2f245fe90d60dbebb775f07 - - default default] Method 'is_advsvc' is deprecated since 2023.2 release (neutron-lib 3.8.0) and will be removed once support for the old RBAC API policies will be removed from Neutron. Please use method 'is_service_role' instead.
2026-07-09 18:01:48.963 9 INFO neutron.api.wsgi [None req-db4f0b33-3956-4505-bc9c-7bc2522f3cc4 05c2df400a58489aa8ecb094f5353a0f e8d172a5e2f245fe90d60dbebb775f07 - - default default] 10.0.0.51 "POST /v2.0/trunks HTTP/1.1" status: 201 len: 608 time: 0.1663153
2026-07-09 18:01:48.972 9 WARNING neutron_lib.context [None req-ced28dfc-8978-4898-aa81-be67f66b169e 05c2df400a58489aa8ecb094f5353a0f e8d172a5e2f245fe90d60dbebb775f07 - - default default] Method 'is_advsvc' is deprecated since 2023.2 release (neutron-lib 3.8.0) and will be removed once support for the old RBAC API policies will be removed from Neutron. Please use method 'is_service_role' instead.
2026-07-09 18:01:49.078 9 INFO neutron.db.segments_db [None req-ced28dfc-8978-4898-aa81-be67f66b169e 05c2df400a58489aa8ecb094f5353a0f e8d172a5e2f245fe90d60dbebb775f07 - - default default] Added segment 0aa884f6-d020-4884-aff4-ea60159f423d of type geneve for network 94c89948-ba2e-412a-b4e9-1bb9bfe4de9e
2026-07-09 18:01:49.202 9 INFO neutron.db.ovn_revision_numbers_db [None req-ced28dfc-8978-4898-aa81-be67f66b169e 05c2df400a58489aa8ecb094f5353a0f e8d172a5e2f245fe90d60dbebb775f07 - - default default] Successfully bumped revision number for resource 94c89948-ba2e-412a-b4e9-1bb9bfe4de9e (type: networks) to 1
2026-07-09 18:01:49.367 9 WARNING neutron.scheduler.dhcp_agent_scheduler [None req-ced28dfc-8978-4898-aa81-be67f66b169e 05c2df400a58489aa8ecb094f5353a0f e8d172a5e2f245fe90d60dbebb775f07 - - default default] No more DHCP agents
2026-07-09 18:01:49.368 9 WARNING neutron.api.rpc.agentnotifiers.dhcp_rpc_agent_api [None req-ced28dfc-8978-4898-aa81-be67f66b169e 05c2df400a58489aa8ecb094f5353a0f e8d172a5e2f245fe90d60dbebb775f07 - - default default] Unable to schedule network 94c89948-ba2e-412a-b4e9-1bb9bfe4de9e: no agents available; will retry on subsequent port and subnet creation events.
2026-07-09 18:01:49.450 9 INFO neutron.db.ovn_revision_numbers_db [None req-ced28dfc-8978-4898-aa81-be67f66b169e 05c2df400a58489aa8ecb094f5353a0f e8d172a5e2f245fe90d60dbebb775f07 - - default default] Successfully bumped revision number for resource 59b9bed5-1052-45de-b2b7-e20a983c39ae (type: ports) to 1
2026-07-09 18:01:49.476 9 INFO neutron.api.wsgi [None req-ced28dfc-8978-4898-aa81-be67f66b169e 05c2df400a58489aa8ecb094f5353a0f e8d172a5e2f245fe90d60dbebb775f07 - - default default] 10.0.0.51 "POST /v2.0/networks HTTP/1.1" status: 201 len: 830 time: 0.5075643
2026-07-09 18:01:49.494 10 WARNING neutron_lib.context [None req-796888ce-4046-4c7c-b38e-38ca23fbb8fb 05c2df400a58489aa8ecb094f5353a0f e8d172a5e2f245fe90d60dbebb775f07 - - default default] Method 'is_advsvc' is deprecated since 2023.2 release (neutron-lib 3.8.0) and will be removed once support for the old RBAC API policies will be removed from Neutron. Please use method 'is_service_role' instead.
2026-07-09 18:01:49.642 10 WARNING neutron_lib.context [None req-b705b363-a2bc-4c99-95c7-92ad2df0920e ac81ac6654504948923dcf46c9840cdf d5fdae91f3f443d5a3c551fee1fffb53 - - default default] Method 'is_advsvc' is deprecated since 2023.2 release (neutron-lib 3.8.0) and will be removed once support for the old RBAC API policies will be removed from Neutron. Please use method 'is_service_role' instead.
2026-07-09 18:01:49.733 10 WARNING neutron.scheduler.dhcp_agent_scheduler [None req-796888ce-4046-4c7c-b38e-38ca23fbb8fb 05c2df400a58489aa8ecb094f5353a0f e8d172a5e2f245fe90d60dbebb775f07 - - default default] No more DHCP agents
2026-07-09 18:01:49.735 10 WARNING neutron.api.rpc.agentnotifiers.dhcp_rpc_agent_api [None req-796888ce-4046-4c7c-b38e-38ca23fbb8fb 05c2df400a58489aa8ecb094f5353a0f e8d172a5e2f245fe90d60dbebb775f07 - - default default] Unable to schedule network 94c89948-ba2e-412a-b4e9-1bb9bfe4de9e: no agents available; will retry on subsequent port and subnet creation events.
2026-07-09 18:01:49.793 10 INFO neutron.db.ovn_revision_numbers_db [None req-b705b363-a2bc-4c99-95c7-92ad2df0920e ac81ac6654504948923dcf46c9840cdf d5fdae91f3f443d5a3c551fee1fffb53 - - default default] Successfully bumped revision number for resource d2016a4c-2ae6-4ecd-97c8-7a0e83a0de24 (type: security_groups) to 1
2026-07-09 18:01:49.802 10 INFO neutron.db.ovn_revision_numbers_db [None req-796888ce-4046-4c7c-b38e-38ca23fbb8fb 05c2df400a58489aa8ecb094f5353a0f e8d172a5e2f245fe90d60dbebb775f07 - - default default] Successfully bumped revision number for resource 161c5514-8f1d-4617-897c-e4d134ea0751 (type: ports) to 1
2026-07-09 18:01:49.809 10 INFO neutron.db.ovn_revision_numbers_db [None req-b705b363-a2bc-4c99-95c7-92ad2df0920e ac81ac6654504948923dcf46c9840cdf d5fdae91f3f443d5a3c551fee1fffb53 - - default default] Successfully bumped revision number for resource 03016116-e076-437d-975f-5c8b4231c381 (type: security_group_rules) to 0
2026-07-09 18:01:49.820 10 INFO neutron.api.wsgi [None req-796888ce-4046-4c7c-b38e-38ca23fbb8fb 05c2df400a58489aa8ecb094f5353a0f e8d172a5e2f245fe90d60dbebb775f07 - - default default] 10.0.0.51 "POST /v2.0/ports HTTP/1.1" status: 201 len: 942 time: 0.3344009
2026-07-09 18:01:49.820 10 INFO neutron.db.ovn_revision_numbers_db [None req-b705b363-a2bc-4c99-95c7-92ad2df0920e ac81ac6654504948923dcf46c9840cdf d5fdae91f3f443d5a3c551fee1fffb53 - - default default] Successfully bumped revision number for resource 451cd0c1-8a5b-4469-b925-7a31b38e699f (type: security_group_rules) to 0
2026-07-09 18:01:49.832 9 WARNING neutron_lib.context [None req-6a6aaae1-e2eb-487a-89e8-030c3220238e 05c2df400a58489aa8ecb094f5353a0f e8d172a5e2f245fe90d60dbebb775f07 - - default default] Method 'is_advsvc' is deprecated since 2023.2 release (neutron-lib 3.8.0) and will be removed once support for the old RBAC API policies will be removed from Neutron. Please use method 'is_service_role' instead.
2026-07-09 18:01:49.833 10 INFO neutron.db.ovn_revision_numbers_db [None req-b705b363-a2bc-4c99-95c7-92ad2df0920e ac81ac6654504948923dcf46c9840cdf d5fdae91f3f443d5a3c551fee1fffb53 - - default default] Successfully bumped revision number for resource d67255a5-856e-4d7c-ab87-8ee2481b2524 (type: security_group_rules) to 0
2026-07-09 18:01:49.844 10 INFO neutron.db.ovn_revision_numbers_db [None req-b705b363-a2bc-4c99-95c7-92ad2df0920e ac81ac6654504948923dcf46c9840cdf d5fdae91f3f443d5a3c551fee1fffb53 - - default default] Successfully bumped revision number for resource ef3a839b-f3b6-411a-9f5a-d3f764737471 (type: security_group_rules) to 0
2026-07-09 18:01:49.905 10 INFO neutron.db.segments_db [None req-b705b363-a2bc-4c99-95c7-92ad2df0920e ac81ac6654504948923dcf46c9840cdf d5fdae91f3f443d5a3c551fee1fffb53 - - default default] Added segment 40620c89-0172-480e-afae-57790cafeb43 of type geneve for network 4e820ac5-ca7d-4d69-9967-4539b5c8c1f0
2026-07-09 18:01:50.014 9 INFO neutron.api.wsgi [None req-6a6aaae1-e2eb-487a-89e8-030c3220238e 05c2df400a58489aa8ecb094f5353a0f e8d172a5e2f245fe90d60dbebb775f07 - - default default] 10.0.0.51 "POST /v2.0/trunks HTTP/1.1" status: 201 len: 608 time: 0.1875682
2026-07-09 18:01:50.023 10 INFO neutron.db.ovn_revision_numbers_db [None req-b705b363-a2bc-4c99-95c7-92ad2df0920e ac81ac6654504948923dcf46c9840cdf d5fdae91f3f443d5a3c551fee1fffb53 - - default default] Successfully bumped revision number for resource 4e820ac5-ca7d-4d69-9967-4539b5c8c1f0 (type: networks) to 1
2026-07-09 18:01:50.024 9 WARNING neutron_lib.context [None req-b7c0cb30-dacb-47e2-9b2c-9f5994d489a4 05c2df400a58489aa8ecb094f5353a0f e8d172a5e2f245fe90d60dbebb775f07 - - default default] Method 'is_advsvc' is deprecated since 2023.2 release (neutron-lib 3.8.0) and will be removed once support for the old RBAC API policies will be removed from Neutron. Please use method 'is_service_role' instead.
2026-07-09 18:01:50.176 10 WARNING neutron.scheduler.dhcp_agent_scheduler [None req-b705b363-a2bc-4c99-95c7-92ad2df0920e ac81ac6654504948923dcf46c9840cdf d5fdae91f3f443d5a3c551fee1fffb53 - - default default] No more DHCP agents
2026-07-09 18:01:50.177 10 WARNING neutron.api.rpc.agentnotifiers.dhcp_rpc_agent_api [None req-b705b363-a2bc-4c99-95c7-92ad2df0920e ac81ac6654504948923dcf46c9840cdf d5fdae91f3f443d5a3c551fee1fffb53 - - default default] Unable to schedule network 4e820ac5-ca7d-4d69-9967-4539b5c8c1f0: no agents available; will retry on subsequent port and subnet creation events.
2026-07-09 18:01:50.229 10 INFO neutron.db.ovn_revision_numbers_db [None req-b705b363-a2bc-4c99-95c7-92ad2df0920e ac81ac6654504948923dcf46c9840cdf d5fdae91f3f443d5a3c551fee1fffb53 - - default default] Successfully bumped revision number for resource 5342c037-ce81-4918-9108-55f362690aec (type: ports) to 1
2026-07-09 18:01:50.245 10 INFO neutron.api.wsgi [None req-b705b363-a2bc-4c99-95c7-92ad2df0920e ac81ac6654504948923dcf46c9840cdf d5fdae91f3f443d5a3c551fee1fffb53 - - default default] 10.0.0.51 "POST /v2.0/networks HTTP/1.1" status: 201 len: 830 time: 0.7944822 /var/lib/openstack/lib/python3.12/site-packages/pycadf/identifier.py:71: UserWarning: Invalid uuid: neutron. To ensure interoperability, identifiers should be a valid uuid. warnings.warn(('Invalid uuid: %s. To ensure interoperability, '
2026-07-09 18:01:50.253 10 WARNING neutron_lib.context [None req-6e13c8e7-154b-409f-b021-a85f4065e3d1 ac81ac6654504948923dcf46c9840cdf d5fdae91f3f443d5a3c551fee1fffb53 - - default default] Method 'is_advsvc' is deprecated since 2023.2 release (neutron-lib 3.8.0) and will be removed once support for the old RBAC API policies will be removed from Neutron. Please use method 'is_service_role' instead.
2026-07-09 18:01:50.430 9 INFO neutron.db.segments_db [None req-b7c0cb30-dacb-47e2-9b2c-9f5994d489a4 05c2df400a58489aa8ecb094f5353a0f e8d172a5e2f245fe90d60dbebb775f07 - - default default] Added segment 7f22e659-7deb-4999-ba9b-060a400558eb of type geneve for network 69833fc1-2b9b-412b-a2fa-9076df60e409
2026-07-09 18:01:50.446 10 WARNING neutron.scheduler.dhcp_agent_scheduler [None req-6e13c8e7-154b-409f-b021-a85f4065e3d1 ac81ac6654504948923dcf46c9840cdf d5fdae91f3f443d5a3c551fee1fffb53 - - default default] No more DHCP agents
2026-07-09 18:01:50.448 10 WARNING neutron.api.rpc.agentnotifiers.dhcp_rpc_agent_api [None req-6e13c8e7-154b-409f-b021-a85f4065e3d1 ac81ac6654504948923dcf46c9840cdf d5fdae91f3f443d5a3c551fee1fffb53 - - default default] Unable to schedule network 4e820ac5-ca7d-4d69-9967-4539b5c8c1f0: no agents available; will retry on subsequent port and subnet creation events.
2026-07-09 18:01:50.512 10 INFO neutron.db.ovn_revision_numbers_db [None req-6e13c8e7-154b-409f-b021-a85f4065e3d1 ac81ac6654504948923dcf46c9840cdf d5fdae91f3f443d5a3c551fee1fffb53 - - default default] Successfully bumped revision number for resource 47ffb9b9-7ed8-47e7-91ae-cf40330958aa (type: ports) to 1
2026-07-09 18:01:50.539 10 INFO neutron.api.wsgi [None req-6e13c8e7-154b-409f-b021-a85f4065e3d1 ac81ac6654504948923dcf46c9840cdf d5fdae91f3f443d5a3c551fee1fffb53 - - default default] 10.0.0.51 "POST /v2.0/ports HTTP/1.1" status: 201 len: 942 time: 0.2885253 /var/lib/openstack/lib/python3.12/site-packages/pycadf/identifier.py:71: UserWarning: Invalid uuid: neutron. To ensure interoperability, identifiers should be a valid uuid. warnings.warn(('Invalid uuid: %s. To ensure interoperability, '
2026-07-09 18:01:50.561 9 INFO neutron.db.ovn_revision_numbers_db [None req-b7c0cb30-dacb-47e2-9b2c-9f5994d489a4 05c2df400a58489aa8ecb094f5353a0f e8d172a5e2f245fe90d60dbebb775f07 - - default default] Successfully bumped revision number for resource 69833fc1-2b9b-412b-a2fa-9076df60e409 (type: networks) to 1
2026-07-09 18:01:50.592 10 INFO neutron.api.wsgi [None req-8d291e88-c766-4f30-836f-796b1db44103 ac81ac6654504948923dcf46c9840cdf d5fdae91f3f443d5a3c551fee1fffb53 - - default default] 10.0.0.51 "PUT /v2.0/ports/47ffb9b9-7ed8-47e7-91ae-cf40330958aa/tags HTTP/1.1" status: 200 len: 218 time: 0.0470283
2026-07-09 18:01:50.621 10 INFO neutron.api.wsgi [None req-6aa91543-36c0-45a5-a567-787d1e8f60df ac81ac6654504948923dcf46c9840cdf d5fdae91f3f443d5a3c551fee1fffb53 - - default default] 10.0.0.51 "GET /v2.0/ports/47ffb9b9-7ed8-47e7-91ae-cf40330958aa/tags HTTP/1.1" status: 200 len: 218 time: 0.0238910
2026-07-09 18:01:50.668 10 INFO neutron.api.wsgi [None req-56206930-43ef-4ac3-b77f-29b2343adcd5 ac81ac6654504948923dcf46c9840cdf d5fdae91f3f443d5a3c551fee1fffb53 - - default default] 10.0.0.51 "PUT /v2.0/ports/47ffb9b9-7ed8-47e7-91ae-cf40330958aa/tags/green HTTP/1.1" status: 201 len: 201 time: 0.0409679
2026-07-09 18:01:50.702 10 INFO neutron.api.wsgi [None req-833e2c0d-0797-4d04-8b3e-c882640a0cbb ac81ac6654504948923dcf46c9840cdf d5fdae91f3f443d5a3c551fee1fffb53 - - default default] 10.0.0.51 "GET /v2.0/ports/47ffb9b9-7ed8-47e7-91ae-cf40330958aa/tags HTTP/1.1" status: 200 len: 227 time: 0.0293818
2026-07-09 18:01:50.731 9 WARNING neutron.scheduler.dhcp_agent_scheduler [None req-b7c0cb30-dacb-47e2-9b2c-9f5994d489a4 05c2df400a58489aa8ecb094f5353a0f e8d172a5e2f245fe90d60dbebb775f07 - - default default] No more DHCP agents
2026-07-09 18:01:50.734 9 WARNING neutron.api.rpc.agentnotifiers.dhcp_rpc_agent_api [None req-b7c0cb30-dacb-47e2-9b2c-9f5994d489a4 05c2df400a58489aa8ecb094f5353a0f e8d172a5e2f245fe90d60dbebb775f07 - - default default] Unable to schedule network 69833fc1-2b9b-412b-a2fa-9076df60e409: no agents available; will retry on subsequent port and subnet creation events.
2026-07-09 18:01:50.743 9 INFO neutron.api.wsgi [None req-b847136e-66e7-48ca-a552-d352c685c6e3 ac81ac6654504948923dcf46c9840cdf d5fdae91f3f443d5a3c551fee1fffb53 - - default default] 10.0.0.51 "PUT /v2.0/ports/47ffb9b9-7ed8-47e7-91ae-cf40330958aa/tags/red HTTP/1.1" status: 201 len: 201 time: 0.0352428
2026-07-09 18:01:50.780 9 INFO neutron.api.wsgi [None req-b78ca6f1-4f7d-42ed-9a13-9aba1d02e680 ac81ac6654504948923dcf46c9840cdf d5fdae91f3f443d5a3c551fee1fffb53 - - default default] 10.0.0.51 "GET /v2.0/ports/47ffb9b9-7ed8-47e7-91ae-cf40330958aa/tags HTTP/1.1" status: 200 len: 227 time: 0.0322409
2026-07-09 18:01:50.799 9 INFO neutron.db.ovn_revision_numbers_db [None req-b7c0cb30-dacb-47e2-9b2c-9f5994d489a4 05c2df400a58489aa8ecb094f5353a0f e8d172a5e2f245fe90d60dbebb775f07 - - default default] Successfully bumped revision number for resource 39f3dee6-4b91-49e4-baa0-c85e944fe3d7 (type: ports) to 1
2026-07-09 18:01:50.822 9 INFO neutron.api.wsgi [None req-b7c0cb30-dacb-47e2-9b2c-9f5994d489a4 05c2df400a58489aa8ecb094f5353a0f e8d172a5e2f245fe90d60dbebb775f07 - - default default] 10.0.0.51 "POST /v2.0/networks HTTP/1.1" status: 201 len: 831 time: 0.8023829
2026-07-09 18:01:50.826 10 INFO neutron.api.wsgi [None req-4000444c-57f3-4c9c-83a6-e5ac4f44aac6 ac81ac6654504948923dcf46c9840cdf d5fdae91f3f443d5a3c551fee1fffb53 - - default default] 10.0.0.51 "PUT /v2.0/ports/47ffb9b9-7ed8-47e7-91ae-cf40330958aa/tags/black.or.white HTTP/1.1" status: 201 len: 201 time: 0.0387650
2026-07-09 18:01:50.834 10 WARNING neutron_lib.context [None req-de956046-f675-414b-8aaf-7ddd2acba0e5 05c2df400a58489aa8ecb094f5353a0f e8d172a5e2f245fe90d60dbebb775f07 - - default default] Method 'is_advsvc' is deprecated since 2023.2 release (neutron-lib 3.8.0) and will be removed once support for the old RBAC API policies will be removed from Neutron. Please use method 'is_service_role' instead.
2026-07-09 18:01:50.860 9 INFO neutron.api.wsgi [None req-c60340a3-8e59-4e33-bb4d-bb74a048c7a7 ac81ac6654504948923dcf46c9840cdf d5fdae91f3f443d5a3c551fee1fffb53 - - default default] 10.0.0.51 "GET /v2.0/ports/47ffb9b9-7ed8-47e7-91ae-cf40330958aa/tags HTTP/1.1" status: 200 len: 245 time: 0.0296075
2026-07-09 18:01:50.914 9 INFO neutron.api.wsgi [None req-3ff3408e-2480-4648-b54c-ec5f719859a3 ac81ac6654504948923dcf46c9840cdf d5fdae91f3f443d5a3c551fee1fffb53 - - default default] 10.0.0.51 "PUT /v2.0/ports/47ffb9b9-7ed8-47e7-91ae-cf40330958aa/tags HTTP/1.1" status: 200 len: 230 time: 0.0500171
2026-07-09 18:01:50.966 10 INFO neutron.api.wsgi [None req-64ab9d4d-270e-46e9-a6a5-31590f7dc4b2 ac81ac6654504948923dcf46c9840cdf d5fdae91f3f443d5a3c551fee1fffb53 - - default default] 10.0.0.51 "GET /v2.0/ports/47ffb9b9-7ed8-47e7-91ae-cf40330958aa/tags HTTP/1.1" status: 200 len: 230 time: 0.0442519
2026-07-09 18:01:51.000 9 INFO neutron.api.wsgi [None req-4c9246ae-d024-4864-9f73-5fa3303b84d0 ac81ac6654504948923dcf46c9840cdf d5fdae91f3f443d5a3c551fee1fffb53 - - default default] 10.0.0.51 "GET /v2.0/ports/47ffb9b9-7ed8-47e7-91ae-cf40330958aa/tags/red HTTP/1.1" status: 204 len: 168 time: 0.0293951
2026-07-09 18:01:51.037 9 INFO neutron.api.v2.resource [None req-8ab3cad9-ba1a-4352-8806-946e1dc6a472 ac81ac6654504948923dcf46c9840cdf d5fdae91f3f443d5a3c551fee1fffb53 - - default default] show failed (client error): The resource could not be found.
2026-07-09 18:01:51.038 9 INFO neutron.api.wsgi [None req-8ab3cad9-ba1a-4352-8806-946e1dc6a472 ac81ac6654504948923dcf46c9840cdf d5fdae91f3f443d5a3c551fee1fffb53 - - default default] 10.0.0.51 "GET /v2.0/ports/47ffb9b9-7ed8-47e7-91ae-cf40330958aa/tags/green HTTP/1.1" status: 404 len: 299 time: 0.0308669
2026-07-09 18:01:51.056 10 WARNING neutron.scheduler.dhcp_agent_scheduler [None req-de956046-f675-414b-8aaf-7ddd2acba0e5 05c2df400a58489aa8ecb094f5353a0f e8d172a5e2f245fe90d60dbebb775f07 - - default default] No more DHCP agents
2026-07-09 18:01:51.057 10 WARNING neutron.api.rpc.agentnotifiers.dhcp_rpc_agent_api [None req-de956046-f675-414b-8aaf-7ddd2acba0e5 05c2df400a58489aa8ecb094f5353a0f e8d172a5e2f245fe90d60dbebb775f07 - - default default] Unable to schedule network 69833fc1-2b9b-412b-a2fa-9076df60e409: no agents available; will retry on subsequent port and subnet creation events.
2026-07-09 18:01:51.088 9 INFO neutron.api.wsgi [None req-5615a2b1-a6b8-460a-bb73-65ad5934b215 ac81ac6654504948923dcf46c9840cdf d5fdae91f3f443d5a3c551fee1fffb53 - - default default] 10.0.0.51 "DELETE /v2.0/ports/47ffb9b9-7ed8-47e7-91ae-cf40330958aa/tags/red HTTP/1.1" status: 204 len: 168 time: 0.0439968
2026-07-09 18:01:51.123 10 INFO neutron.db.ovn_revision_numbers_db [None req-de956046-f675-414b-8aaf-7ddd2acba0e5 05c2df400a58489aa8ecb094f5353a0f e8d172a5e2f245fe90d60dbebb775f07 - - default default] Successfully bumped revision number for resource 2a7f7e4f-1fac-4f75-b4b1-46629cb165b6 (type: ports) to 1
2026-07-09 18:01:51.132 9 INFO neutron.api.wsgi [None req-29df64b9-273a-456f-855e-60a86c6eb902 ac81ac6654504948923dcf46c9840cdf d5fdae91f3f443d5a3c551fee1fffb53 - - default default] 10.0.0.51 "GET /v2.0/ports/47ffb9b9-7ed8-47e7-91ae-cf40330958aa/tags HTTP/1.1" status: 200 len: 223 time: 0.0375347
2026-07-09 18:01:51.146 10 INFO neutron.api.wsgi [None req-de956046-f675-414b-8aaf-7ddd2acba0e5 05c2df400a58489aa8ecb094f5353a0f e8d172a5e2f245fe90d60dbebb775f07 - - default default] 10.0.0.51 "POST /v2.0/ports HTTP/1.1" status: 201 len: 942 time: 0.3155813 /var/lib/openstack/lib/python3.12/site-packages/pycadf/identifier.py:71: UserWarning: Invalid uuid: neutron. To ensure interoperability, identifiers should be a valid uuid. warnings.warn(('Invalid uuid: %s. To ensure interoperability, '
2026-07-09 18:01:51.155 10 WARNING neutron_lib.context [None req-a3ed0bc2-a998-4138-971c-ec10d2cd4110 05c2df400a58489aa8ecb094f5353a0f e8d172a5e2f245fe90d60dbebb775f07 - - default default] Method 'is_advsvc' is deprecated since 2023.2 release (neutron-lib 3.8.0) and will be removed once support for the old RBAC API policies will be removed from Neutron. Please use method 'is_service_role' instead.
2026-07-09 18:01:51.177 9 INFO neutron.api.v2.resource [None req-1cc5e538-3a55-43de-a8ad-53b1672448ab ac81ac6654504948923dcf46c9840cdf d5fdae91f3f443d5a3c551fee1fffb53 - - default default] delete failed (client error): The resource could not be found.
2026-07-09 18:01:51.178 9 INFO neutron.api.wsgi [None req-1cc5e538-3a55-43de-a8ad-53b1672448ab ac81ac6654504948923dcf46c9840cdf d5fdae91f3f443d5a3c551fee1fffb53 - - default default] 10.0.0.51 "DELETE /v2.0/ports/47ffb9b9-7ed8-47e7-91ae-cf40330958aa/tags/green HTTP/1.1" status: 404 len: 299 time: 0.0399222
2026-07-09 18:01:51.230 10 INFO neutron.api.wsgi [None req-9f67fb4a-8d6e-4e7d-afd4-db023b7729ba ac81ac6654504948923dcf46c9840cdf d5fdae91f3f443d5a3c551fee1fffb53 - - default default] 10.0.0.51 "DELETE /v2.0/ports/47ffb9b9-7ed8-47e7-91ae-cf40330958aa/tags HTTP/1.1" status: 204 len: 168 time: 0.0457132
2026-07-09 18:01:51.271 10 INFO neutron.api.wsgi [None req-0449fd37-998a-4e69-9e57-6c1c5deab788 ac81ac6654504948923dcf46c9840cdf d5fdae91f3f443d5a3c551fee1fffb53 - - default default] 10.0.0.51 "GET /v2.0/ports/47ffb9b9-7ed8-47e7-91ae-cf40330958aa/tags HTTP/1.1" status: 200 len: 205 time: 0.0337379
2026-07-09 18:01:51.332 10 INFO neutron.api.wsgi [None req-a3ed0bc2-a998-4138-971c-ec10d2cd4110 05c2df400a58489aa8ecb094f5353a0f e8d172a5e2f245fe90d60dbebb775f07 - - default default] 10.0.0.51 "POST /v2.0/trunks HTTP/1.1" status: 201 len: 608 time: 0.1822872
2026-07-09 18:01:51.367 9 INFO neutron.api.wsgi [None req-6a4a5ac3-04b6-4b70-bc0f-0bb5cc5aeb6f 05c2df400a58489aa8ecb094f5353a0f e8d172a5e2f245fe90d60dbebb775f07 - - default default] 10.0.0.51 "PUT /v2.0/trunks/ce2dc648-71db-4887-be96-894fb88ffa3d/tags HTTP/1.1" status: 200 len: 210 time: 0.0298927
2026-07-09 18:01:51.416 10 INFO neutron.api.wsgi [None req-c186d40c-b2d9-4c9b-a62e-1ba44e0ff182 05c2df400a58489aa8ecb094f5353a0f e8d172a5e2f245fe90d60dbebb775f07 - - default default] 10.0.0.51 "PUT /v2.0/trunks/6644fd91-2cef-49fa-b44c-2ad20556c1f3/tags HTTP/1.1" status: 200 len: 218 time: 0.0449228
2026-07-09 18:01:51.453 10 INFO neutron.api.wsgi [None req-75010d4a-954c-453a-98d0-fe22d0e95b1f 05c2df400a58489aa8ecb094f5353a0f e8d172a5e2f245fe90d60dbebb775f07 - - default default] 10.0.0.51 "PUT /v2.0/trunks/ff063f6e-53eb-4bb0-b2ba-c8a6e1d63895/tags HTTP/1.1" status: 200 len: 227 time: 0.0326078
2026-07-09 18:01:51.500 9 INFO neutron.api.wsgi [None req-e7fc4ef8-d0d2-47e9-8e69-4bf2d4ff9da9 05c2df400a58489aa8ecb094f5353a0f e8d172a5e2f245fe90d60dbebb775f07 - - default default] 10.0.0.51 "PUT /v2.0/trunks/b865b9ad-6f7d-49d8-b1fe-92bd12f94458/tags HTTP/1.1" status: 200 len: 212 time: 0.0428507
2026-07-09 18:01:51.535 10 INFO neutron.api.wsgi [None req-a6e71f3d-83c9-4cc2-ae2e-5bba02490dc8 05c2df400a58489aa8ecb094f5353a0f e8d172a5e2f245fe90d60dbebb775f07 - - default default] 10.0.0.51 "GET /v2.0/trunks?tags=red HTTP/1.1" status: 200 len: 1447 time: 0.0275302
2026-07-09 18:01:51.536 9 INFO neutron.api.wsgi [None req-aa1bb874-0565-4233-b0e4-bc8daf8168bb ac81ac6654504948923dcf46c9840cdf d5fdae91f3f443d5a3c551fee1fffb53 - - default default] 10.0.0.51 "DELETE /v2.0/ports/47ffb9b9-7ed8-47e7-91ae-cf40330958aa HTTP/1.1" status: 204 len: 168 time: 0.2575228
2026-07-09 18:01:51.582 10 INFO neutron.api.wsgi [None req-214df9d0-6c71-4ac3-a988-a68b23017d75 05c2df400a58489aa8ecb094f5353a0f e8d172a5e2f245fe90d60dbebb775f07 - - default default] 10.0.0.51 "GET /v2.0/trunks?tags=red%2Cblue HTTP/1.1" status: 200 len: 1041 time: 0.0391331
2026-07-09 18:01:51.612 10 INFO neutron.api.wsgi [None req-a6939fd0-e907-4ac8-a4ca-1c1f779f7762 05c2df400a58489aa8ecb094f5353a0f e8d172a5e2f245fe90d60dbebb775f07 - - default default] 10.0.0.51 "GET /v2.0/trunks?tags-any=blue HTTP/1.1" status: 200 len: 1041 time: 0.0239275
2026-07-09 18:01:51.643 9 INFO neutron.api.wsgi [None req-b6c697d8-6f2a-4788-a20f-9a2a6bdadc56 05c2df400a58489aa8ecb094f5353a0f e8d172a5e2f245fe90d60dbebb775f07 - - default default] 10.0.0.51 "GET /v2.0/trunks?tags-any=red%2Cblue HTTP/1.1" status: 200 len: 1447 time: 0.0220134
2026-07-09 18:01:51.664 9 INFO neutron.api.wsgi [None req-f4b840c0-3056-4c35-bb12-c38cdbcd71fb 05c2df400a58489aa8ecb094f5353a0f e8d172a5e2f245fe90d60dbebb775f07 - - default default] 10.0.0.51 "GET /v2.0/trunks?not-tags=red HTTP/1.1" status: 200 len: 1013 time: 0.0166087
2026-07-09 18:01:51.692 9 INFO neutron.api.wsgi [None req-ba38b46e-a2d3-4fc9-89de-eae5324e21bf 05c2df400a58489aa8ecb094f5353a0f e8d172a5e2f245fe90d60dbebb775f07 - - default default] 10.0.0.51 "GET /v2.0/trunks?not-tags=red%2Cblue HTTP/1.1" status: 200 len: 1419 time: 0.0233872
2026-07-09 18:01:51.724 9 INFO neutron.api.wsgi [None req-d116f526-3038-44d7-aaba-8a1fb4b7c6d2 05c2df400a58489aa8ecb094f5353a0f e8d172a5e2f245fe90d60dbebb775f07 - - default default] 10.0.0.51 "GET /v2.0/trunks?not-tags-any=blue HTTP/1.1" status: 200 len: 1419 time: 0.0225029
2026-07-09 18:01:51.761 9 INFO neutron.api.wsgi [None req-f7e0dd20-ebb4-453a-852a-b18680bb03f1 05c2df400a58489aa8ecb094f5353a0f e8d172a5e2f245fe90d60dbebb775f07 - - default default] 10.0.0.51 "GET /v2.0/trunks?not-tags-any=red%2Cblue HTTP/1.1" status: 200 len: 1013 time: 0.0316994
2026-07-09 18:01:51.785 10 INFO neutron.api.wsgi [None req-6cba078f-1f55-431d-ba19-0ab60f268826 05c2df400a58489aa8ecb094f5353a0f e8d172a5e2f245fe90d60dbebb775f07 - - default default] 10.0.0.51 "GET /v2.0/trunks/ce2dc648-71db-4887-be96-894fb88ffa3d HTTP/1.1" status: 200 len: 608 time: 0.0168622
2026-07-09 18:01:51.891 9 INFO neutron.api.wsgi [None req-aafbc896-d6f4-4dbd-b3ec-0486a9fa6363 05c2df400a58489aa8ecb094f5353a0f e8d172a5e2f245fe90d60dbebb775f07 - - default default] 10.0.0.51 "GET /v2.0/ports/6b456a4b-5e59-46df-925e-529df5a1ce00 HTTP/1.1" status: 200 len: 1020 time: 0.1011240
2026-07-09 18:01:52.003 9 INFO neutron.api.wsgi [None req-8374b07b-5c2b-497a-bf31-f8381cc20a37 05c2df400a58489aa8ecb094f5353a0f e8d172a5e2f245fe90d60dbebb775f07 - - default default] 10.0.0.51 "DELETE /v2.0/trunks/ce2dc648-71db-4887-be96-894fb88ffa3d HTTP/1.1" status: 204 len: 168 time: 0.1017447
2026-07-09 18:01:52.006 10 INFO neutron.services.segments.plugin [-] Segment 40620c89-0172-480e-afae-57790cafeb43 resource provider aggregate not found
2026-07-09 18:01:52.014 10 INFO neutron.services.segments.plugin [-] Segment 40620c89-0172-480e-afae-57790cafeb43 resource provider aggregate not found
2026-07-09 18:01:52.027 10 INFO neutron.services.segments.plugin [-] Segment 40620c89-0172-480e-afae-57790cafeb43 resource provider not found; error: Placement Client Error (4xx): {"errors": [{"status": 404, "title": "Not Found", "detail": "The resource could not be found.\n\n No resource provider with uuid 40620c89-0172-480e-afae-57790cafeb43 found for delete ", "request_id": "req-19e6c718-6293-4ab8-ae66-dbf90aa31cec"}]}
2026-07-09 18:01:52.028 9 INFO neutron.api.wsgi [None req-9604aedb-f1c4-496b-940c-62f30a405f61 05c2df400a58489aa8ecb094f5353a0f e8d172a5e2f245fe90d60dbebb775f07 - - default default] 10.0.0.51 "GET /v2.0/trunks/6644fd91-2cef-49fa-b44c-2ad20556c1f3 HTTP/1.1" status: 200 len: 616 time: 0.0173802
2026-07-09 18:01:52.033 10 INFO neutron.services.segments.plugin [-] Segment 40620c89-0172-480e-afae-57790cafeb43 resource provider not found; error: Placement Client Error (4xx): {"errors": [{"status": 404, "title": "Not Found", "detail": "The resource could not be found.\n\n No resource provider with uuid 40620c89-0172-480e-afae-57790cafeb43 found for delete ", "request_id": "req-e388e182-620b-492b-a686-4ed0e42db165"}]}
2026-07-09 18:01:52.048 10 INFO neutron.api.wsgi [None req-b9637520-9a6d-4cc5-b358-bf90ad317060 ac81ac6654504948923dcf46c9840cdf d5fdae91f3f443d5a3c551fee1fffb53 - - default default] 10.0.0.51 "DELETE /v2.0/networks/4e820ac5-ca7d-4d69-9967-4539b5c8c1f0 HTTP/1.1" status: 204 len: 168 time: 0.5023170
2026-07-09 18:01:52.176 10 INFO neutron.api.wsgi [None req-503c2ac3-9cfc-4cb7-90fb-296fba4f8f4e 05c2df400a58489aa8ecb094f5353a0f e8d172a5e2f245fe90d60dbebb775f07 - - default default] 10.0.0.51 "GET /v2.0/ports/b334db2e-8036-4e52-ae78-ac79316ee1ee HTTP/1.1" status: 200 len: 1020 time: 0.1399028
2026-07-09 18:01:52.263 10 INFO neutron.api.wsgi [None req-fc57b40f-10da-4bf1-851c-5e8e421610e9 05c2df400a58489aa8ecb094f5353a0f e8d172a5e2f245fe90d60dbebb775f07 - - default default] 10.0.0.51 "DELETE /v2.0/trunks/6644fd91-2cef-49fa-b44c-2ad20556c1f3 HTTP/1.1" status: 204 len: 168 time: 0.0828667
2026-07-09 18:01:52.282 10 INFO neutron.api.wsgi [None req-5dacef35-68c9-499d-9543-080893e22747 05c2df400a58489aa8ecb094f5353a0f e8d172a5e2f245fe90d60dbebb775f07 - - default default] 10.0.0.51 "GET /v2.0/trunks/ff063f6e-53eb-4bb0-b2ba-c8a6e1d63895 HTTP/1.1" status: 200 len: 625 time: 0.0141473
2026-07-09 18:01:52.359 10 INFO neutron.api.wsgi [None req-cf66e18a-7c7a-42e8-a9eb-9171de50461b 05c2df400a58489aa8ecb094f5353a0f e8d172a5e2f245fe90d60dbebb775f07 - - default default] 10.0.0.51 "GET /v2.0/ports/6386f5ed-0b16-4713-afa1-cbe530482df1 HTTP/1.1" status: 200 len: 1020 time: 0.0665298
2026-07-09 18:01:52.433 10 INFO neutron.api.wsgi [None req-9fc747f8-3105-4f16-aeb2-11eeb0c0e440 05c2df400a58489aa8ecb094f5353a0f e8d172a5e2f245fe90d60dbebb775f07 - - default default] 10.0.0.51 "DELETE /v2.0/trunks/ff063f6e-53eb-4bb0-b2ba-c8a6e1d63895 HTTP/1.1" status: 204 len: 168 time: 0.0694399
2026-07-09 18:01:52.459 10 INFO neutron.api.wsgi [None req-e14d0bb3-721c-4489-a6a2-5b9c9765c5d6 05c2df400a58489aa8ecb094f5353a0f e8d172a5e2f245fe90d60dbebb775f07 - - default default] 10.0.0.51 "GET /v2.0/trunks/b865b9ad-6f7d-49d8-b1fe-92bd12f94458 HTTP/1.1" status: 200 len: 610 time: 0.0193040
2026-07-09 18:01:52.549 10 INFO neutron.api.wsgi [None req-caa8cbde-83e9-45be-ba17-88a3e4c20400 05c2df400a58489aa8ecb094f5353a0f e8d172a5e2f245fe90d60dbebb775f07 - - default default] 10.0.0.51 "GET /v2.0/ports/161c5514-8f1d-4617-897c-e4d134ea0751 HTTP/1.1" status: 200 len: 1020 time: 0.0827632
2026-07-09 18:01:52.626 10 INFO neutron.api.wsgi [None req-c0ce6a4d-b3ff-47cb-8bb1-b3880b6d1afd 05c2df400a58489aa8ecb094f5353a0f e8d172a5e2f245fe90d60dbebb775f07 - - default default] 10.0.0.51 "DELETE /v2.0/trunks/b865b9ad-6f7d-49d8-b1fe-92bd12f94458 HTTP/1.1" status: 204 len: 168 time: 0.0692394
2026-07-09 18:01:52.645 10 INFO neutron.api.wsgi [None req-2cb8503d-c416-4cd4-8e89-d5e53d46f6b3 05c2df400a58489aa8ecb094f5353a0f e8d172a5e2f245fe90d60dbebb775f07 - - default default] 10.0.0.51 "GET /v2.0/trunks/3fa80819-3e39-4c5b-8871-6df881ab3e34 HTTP/1.1" status: 200 len: 603 time: 0.0151141
2026-07-09 18:01:52.721 10 INFO neutron.api.wsgi [None req-d53ed8f4-137b-4009-b0a9-a3e1ee91a7a7 05c2df400a58489aa8ecb094f5353a0f e8d172a5e2f245fe90d60dbebb775f07 - - default default] 10.0.0.51 "GET /v2.0/ports/2a7f7e4f-1fac-4f75-b4b1-46629cb165b6 HTTP/1.1" status: 200 len: 1020 time: 0.0715666
2026-07-09 18:01:52.800 10 INFO neutron.api.wsgi [None req-d0785658-c470-40bf-bb2d-6414601d8175 05c2df400a58489aa8ecb094f5353a0f e8d172a5e2f245fe90d60dbebb775f07 - - default default] 10.0.0.51 "DELETE /v2.0/trunks/3fa80819-3e39-4c5b-8871-6df881ab3e34 HTTP/1.1" status: 204 len: 168 time: 0.0747309
2026-07-09 18:01:53.007 9 INFO neutron.db.ovn_revision_numbers_db [None req-5e32a77e-e4d6-413e-a4d8-3d2cf45ce618 3d0a4e806cef49efac1dd0c018aaa51c df982a7d6cb34491a2a24edfc2ec3610 - - default default] Successfully bumped revision number for resource ee2a4294-28ac-4344-b5c1-1fd192498a8f (type: security_groups) to 1
2026-07-09 18:01:53.020 9 INFO neutron.db.ovn_revision_numbers_db [None req-5e32a77e-e4d6-413e-a4d8-3d2cf45ce618 3d0a4e806cef49efac1dd0c018aaa51c df982a7d6cb34491a2a24edfc2ec3610 - - default default] Successfully bumped revision number for resource 452ca191-2080-47b8-a863-892656f03300 (type: security_group_rules) to 0
2026-07-09 18:01:53.033 9 INFO neutron.db.ovn_revision_numbers_db [None req-5e32a77e-e4d6-413e-a4d8-3d2cf45ce618 3d0a4e806cef49efac1dd0c018aaa51c df982a7d6cb34491a2a24edfc2ec3610 - - default default] Successfully bumped revision number for resource 643c9eb9-7097-46f7-8d52-8c208747da13 (type: security_group_rules) to 0
2026-07-09 18:01:53.046 9 INFO neutron.db.ovn_revision_numbers_db [None req-5e32a77e-e4d6-413e-a4d8-3d2cf45ce618 3d0a4e806cef49efac1dd0c018aaa51c df982a7d6cb34491a2a24edfc2ec3610 - - default default] Successfully bumped revision number for resource 9a612f42-4aff-43df-9441-abff79f0bd09 (type: security_group_rules) to 0
2026-07-09 18:01:53.064 10 INFO neutron.api.wsgi [None req-b0d269b8-0c54-418c-9b0e-3bfec3876370 05c2df400a58489aa8ecb094f5353a0f e8d172a5e2f245fe90d60dbebb775f07 - - default default] 10.0.0.51 "DELETE /v2.0/ports/6b456a4b-5e59-46df-925e-529df5a1ce00 HTTP/1.1" status: 204 len: 168 time: 0.2586586
2026-07-09 18:01:53.076 9 INFO neutron.db.ovn_revision_numbers_db [None req-5e32a77e-e4d6-413e-a4d8-3d2cf45ce618 3d0a4e806cef49efac1dd0c018aaa51c df982a7d6cb34491a2a24edfc2ec3610 - - default default] Successfully bumped revision number for resource cf49862f-be46-464a-aa3d-e117d5e13d5c (type: security_group_rules) to 0
2026-07-09 18:01:53.126 9 INFO neutron.api.wsgi [None req-5e32a77e-e4d6-413e-a4d8-3d2cf45ce618 3d0a4e806cef49efac1dd0c018aaa51c df982a7d6cb34491a2a24edfc2ec3610 - - default default] 10.0.0.51 "GET /v2.0/security-groups?tenant_id=7f82c8d6af9d403f962bf63bacb9cf19&name=default HTTP/1.1" status: 200 len: 3124 time: 0.3194857
2026-07-09 18:01:53.366 9 INFO neutron.api.wsgi [None req-df094187-b4b0-4983-92e9-a0bcbe6670cc 05c2df400a58489aa8ecb094f5353a0f e8d172a5e2f245fe90d60dbebb775f07 - - default default] 10.0.0.51 "DELETE /v2.0/ports/b334db2e-8036-4e52-ae78-ac79316ee1ee HTTP/1.1" status: 204 len: 168 time: 0.2974191
2026-07-09 18:01:53.400 9 INFO neutron.api.wsgi [None req-601af5e8-9172-40bf-b74c-7999f843b954 3d0a4e806cef49efac1dd0c018aaa51c df982a7d6cb34491a2a24edfc2ec3610 - - default default] 10.0.0.51 "DELETE /v2.0/security-groups/ee2a4294-28ac-4344-b5c1-1fd192498a8f HTTP/1.1" status: 204 len: 168 time: 0.2674668
2026-07-09 18:01:53.552 10 INFO neutron.api.wsgi [None req-14c4fc76-e4e7-4779-9425-b2bb73b78f6b 3d0a4e806cef49efac1dd0c018aaa51c df982a7d6cb34491a2a24edfc2ec3610 - - default default] 10.0.0.51 "GET /v2.0/security-groups?tenant_id=d5fdae91f3f443d5a3c551fee1fffb53&name=default HTTP/1.1" status: 200 len: 3124 time: 0.0413558
2026-07-09 18:01:53.637 9 INFO neutron.api.wsgi [None req-a453a42b-3818-4fbe-b663-deefd97178c0 05c2df400a58489aa8ecb094f5353a0f e8d172a5e2f245fe90d60dbebb775f07 - - default default] 10.0.0.51 "DELETE /v2.0/ports/6386f5ed-0b16-4713-afa1-cbe530482df1 HTTP/1.1" status: 204 len: 168 time: 0.2680588
2026-07-09 18:01:53.756 10 INFO neutron.api.wsgi [None req-7c1b729c-27cd-4a2c-93b9-099e826e09e4 3d0a4e806cef49efac1dd0c018aaa51c df982a7d6cb34491a2a24edfc2ec3610 - - default default] 10.0.0.51 "DELETE /v2.0/security-groups/d2016a4c-2ae6-4ecd-97c8-7a0e83a0de24 HTTP/1.1" status: 204 len: 168 time: 0.1995609
2026-07-09 18:01:53.888 9 INFO neutron.api.wsgi [None req-cc635548-51cf-41e9-be5d-6edb86f8b7b6 05c2df400a58489aa8ecb094f5353a0f e8d172a5e2f245fe90d60dbebb775f07 - - default default] 10.0.0.51 "DELETE /v2.0/ports/161c5514-8f1d-4617-897c-e4d134ea0751 HTTP/1.1" status: 204 len: 168 time: 0.2453423
2026-07-09 18:01:54.132 9 INFO neutron.api.wsgi [None req-6fede772-9d54-455a-8a07-339b89abfcff 05c2df400a58489aa8ecb094f5353a0f e8d172a5e2f245fe90d60dbebb775f07 - - default default] 10.0.0.51 "DELETE /v2.0/ports/2a7f7e4f-1fac-4f75-b4b1-46629cb165b6 HTTP/1.1" status: 204 len: 168 time: 0.2388551
2026-07-09 18:01:54.466 9 INFO neutron.services.segments.plugin [-] Segment df24dd82-b719-428a-94c1-c702c5024049 resource provider aggregate not found
2026-07-09 18:01:54.470 9 INFO neutron.services.segments.plugin [-] Segment df24dd82-b719-428a-94c1-c702c5024049 resource provider aggregate not found
2026-07-09 18:01:54.488 9 INFO neutron.services.segments.plugin [-] Segment df24dd82-b719-428a-94c1-c702c5024049 resource provider not found; error: Placement Client Error (4xx): {"errors": [{"status": 404, "title": "Not Found", "detail": "The resource could not be found.\n\n No resource provider with uuid df24dd82-b719-428a-94c1-c702c5024049 found for delete ", "request_id": "req-96bfe319-5eba-4fee-90fa-b6169c3c343a"}]}
2026-07-09 18:01:54.492 9 INFO neutron.services.segments.plugin [-] Segment df24dd82-b719-428a-94c1-c702c5024049 resource provider not found; error: Placement Client Error (4xx): {"errors": [{"status": 404, "title": "Not Found", "detail": "The resource could not be found.\n\n No resource provider with uuid df24dd82-b719-428a-94c1-c702c5024049 found for delete ", "request_id": "req-f45b9cbd-b28a-416f-b5a5-4cb0400268ca"}]}
2026-07-09 18:01:54.513 9 INFO neutron.api.wsgi [None req-75d26bd4-8f76-4d6f-a987-62e38c3c631e 05c2df400a58489aa8ecb094f5353a0f e8d172a5e2f245fe90d60dbebb775f07 - - default default] 10.0.0.51 "DELETE /v2.0/networks/314a653a-7e03-4631-8690-c236a0b84173 HTTP/1.1" status: 204 len: 168 time: 0.3758698
2026-07-09 18:01:54.823 9 INFO neutron.api.wsgi [None req-7c119fb2-af5a-4316-b10c-dd4524b8cd9a 05c2df400a58489aa8ecb094f5353a0f e8d172a5e2f245fe90d60dbebb775f07 - - default default] 10.0.0.51 "DELETE /v2.0/networks/3a0d0720-1161-447e-a631-71603082881c HTTP/1.1" status: 204 len: 168 time: 0.3042533
2026-07-09 18:01:55.100 10 INFO neutron.services.segments.plugin [-] Segment dcc9c469-bde0-4744-b8a6-1f2659e0de2f resource provider aggregate not found
2026-07-09 18:01:55.104 10 INFO neutron.services.segments.plugin [-] Segment dcc9c469-bde0-4744-b8a6-1f2659e0de2f resource provider aggregate not found
2026-07-09 18:01:55.119 10 INFO neutron.services.segments.plugin [-] Segment dcc9c469-bde0-4744-b8a6-1f2659e0de2f resource provider not found; error: Placement Client Error (4xx): {"errors": [{"status": 404, "title": "Not Found", "detail": "The resource could not be found.\n\n No resource provider with uuid dcc9c469-bde0-4744-b8a6-1f2659e0de2f found for delete ", "request_id": "req-d9572f2e-f93c-4882-815f-dc4dbe04d37a"}]}
2026-07-09 18:01:55.119 10 INFO neutron.services.segments.plugin [-] Segment dcc9c469-bde0-4744-b8a6-1f2659e0de2f resource provider not found; error: Placement Client Error (4xx): {"errors": [{"status": 404, "title": "Not Found", "detail": "The resource could not be found.\n\n No resource provider with uuid dcc9c469-bde0-4744-b8a6-1f2659e0de2f found for delete ", "request_id": "req-3491d2ef-8513-4f67-af5a-e3a6fd64c02d"}]}
2026-07-09 18:01:55.135 10 INFO neutron.api.wsgi [None req-dbd34910-d44f-42e4-b489-ea55deb2d355 05c2df400a58489aa8ecb094f5353a0f e8d172a5e2f245fe90d60dbebb775f07 - - default default] 10.0.0.51 "DELETE /v2.0/networks/213255e0-3ed3-477c-b60e-bdcb3b1100f1 HTTP/1.1" status: 204 len: 168 time: 0.3063903
2026-07-09 18:01:55.466 10 INFO neutron.api.wsgi [None req-e8db566e-5d87-4cfb-b112-9528f058829c 05c2df400a58489aa8ecb094f5353a0f e8d172a5e2f245fe90d60dbebb775f07 - - default default] 10.0.0.51 "DELETE /v2.0/networks/94c89948-ba2e-412a-b4e9-1bb9bfe4de9e HTTP/1.1" status: 204 len: 168 time: 0.3272014
2026-07-09 18:01:55.806 10 INFO neutron.api.wsgi [None req-dcfb3b00-b43b-4e86-a050-aaaa3302e51e 05c2df400a58489aa8ecb094f5353a0f e8d172a5e2f245fe90d60dbebb775f07 - - default default] 10.0.0.51 "DELETE /v2.0/networks/69833fc1-2b9b-412b-a2fa-9076df60e409 HTTP/1.1" status: 204 len: 168 time: 0.3340821
2026-07-09 18:01:56.506 9 INFO neutron.services.segments.plugin [-] Segment d570e539-496e-40e8-8934-dfbab557d841 resource provider aggregate not found
2026-07-09 18:01:56.513 9 INFO neutron.services.segments.plugin [-] Segment d570e539-496e-40e8-8934-dfbab557d841 resource provider aggregate not found
2026-07-09 18:01:56.525 9 INFO neutron.services.segments.plugin [-] Segment d570e539-496e-40e8-8934-dfbab557d841 resource provider not found; error: Placement Client Error (4xx): {"errors": [{"status": 404, "title": "Not Found", "detail": "The resource could not be found.\n\n No resource provider with uuid d570e539-496e-40e8-8934-dfbab557d841 found for delete ", "request_id": "req-f75657ef-9d82-41d8-8537-c1245747f282"}]}
2026-07-09 18:01:56.534 9 INFO neutron.services.segments.plugin [-] Segment d570e539-496e-40e8-8934-dfbab557d841 resource provider not found; error: Placement Client Error (4xx): {"errors": [{"status": 404, "title": "Not Found", "detail": "The resource could not be found.\n\n No resource provider with uuid d570e539-496e-40e8-8934-dfbab557d841 found for delete ", "request_id": "req-9cb91d7b-5a30-42a6-b694-eaa64ae0f498"}]}
2026-07-09 18:01:56.885 9 INFO neutron.api.wsgi [None req-1399facb-c7a3-4436-bd60-4ab84ccbaf8f 3d0a4e806cef49efac1dd0c018aaa51c df982a7d6cb34491a2a24edfc2ec3610 - - default default] 10.0.0.51 "GET /v2.0/security-groups?tenant_id=e8d172a5e2f245fe90d60dbebb775f07&name=default HTTP/1.1" status: 200 len: 3124 time: 0.2393014
2026-07-09 18:01:57.036 9 INFO neutron.api.wsgi [-] 10.0.0.235 "GET / HTTP/1.1" status: 200 len: 247 time: 0.0016809
2026-07-09 18:01:57.038 9 INFO neutron.api.wsgi [-] 10.0.0.235 "GET / HTTP/1.1" status: 200 len: 247 time: 0.0015213
2026-07-09 18:01:57.101 9 INFO neutron.api.wsgi [None req-089496e8-6629-4005-b3a1-5dd3aae03e2b 3d0a4e806cef49efac1dd0c018aaa51c df982a7d6cb34491a2a24edfc2ec3610 - - default default] 10.0.0.51 "DELETE /v2.0/security-groups/1c9a0c48-5225-47f6-814d-96f8d6fe9bb6 HTTP/1.1" status: 204 len: 168 time: 0.2121143
2026-07-09 18:01:57.143 10 INFO neutron.services.segments.plugin [-] Segment 0aa884f6-d020-4884-aff4-ea60159f423d resource provider aggregate not found
2026-07-09 18:01:57.146 10 INFO neutron.services.segments.plugin [-] Segment 0aa884f6-d020-4884-aff4-ea60159f423d resource provider aggregate not found
2026-07-09 18:01:57.155 10 INFO neutron.services.segments.plugin [-] Segment 0aa884f6-d020-4884-aff4-ea60159f423d resource provider not found; error: Placement Client Error (4xx): {"errors": [{"status": 404, "title": "Not Found", "detail": "The resource could not be found.\n\n No resource provider with uuid 0aa884f6-d020-4884-aff4-ea60159f423d found for delete ", "request_id": "req-66797c45-61f2-47ae-b525-69583d7abe31"}]}
