2026-07-09 18:01:34.254 9 INFO neutron.api.wsgi [req-fe1c3455-21af-4113-9c32-11b508255e8d req-67bb2f1f-2261-41b1-8ad6-d22be77a0da1 ef7d088736374c2fbd02a940a9f1dd78 3c3e1cc7088642979503e5fe6bcd56a8 - - default default] 10.0.0.153 "GET /v2.0/security-groups?id=50d1cc2f-4d68-47bb-96e5-2970bfdcc0ec&id=bec62d48-e7a9-4dff-b5d6-bbf013c3d5fc&fields=id&fields=name HTTP/1.1" status: 200 len: 404 time: 0.0319085
2026-07-09 18:01:34.712 10 INFO neutron.plugins.ml2.drivers.ovn.mech_driver.mech_driver [None req-0be4db8d-ec88-4147-9e7f-1701dbe31751 - - - - - -] OVN reports status down for port: 89c250ef-537c-4bc5-a2f6-6938a3d2ab78
2026-07-09 18:01:34.868 10 INFO neutron.notifiers.nova [-] Nova event matching ['req-44b4b0d6-63b2-4f73-8da4-9b3fed165f5b'] response: {'server_uuid': 'b940bac8-276d-4797-a330-72f66e21cc70', 'name': 'network-vif-unplugged', 'status': 'completed', 'tag': '89c250ef-537c-4bc5-a2f6-6938a3d2ab78', 'code': 200}
2026-07-09 18:01:34.996 10 INFO neutron.db.ovn_revision_numbers_db [None req-0be4db8d-ec88-4147-9e7f-1701dbe31751 - - - - - -] Successfully bumped revision number for resource 89c250ef-537c-4bc5-a2f6-6938a3d2ab78 (type: ports) to 6
2026-07-09 18:01:35.363 9 INFO neutron.api.wsgi [req-13323041-46d5-406e-9256-ee84abda7342 req-f7bdf224-cf28-434c-822e-bdc6049edbe1 ef7d088736374c2fbd02a940a9f1dd78 3c3e1cc7088642979503e5fe6bcd56a8 - - default default] 10.0.0.153 "GET /v2.0/ports?device_id=b940bac8-276d-4797-a330-72f66e21cc70 HTTP/1.1" status: 200 len: 1208 time: 0.0355794
2026-07-09 18:01:35.413 9 INFO neutron.api.wsgi [req-13323041-46d5-406e-9256-ee84abda7342 req-2373794b-9b9b-46b6-ae61-6f91a12c7d80 ef7d088736374c2fbd02a940a9f1dd78 3c3e1cc7088642979503e5fe6bcd56a8 - - default default] 10.0.0.153 "GET /v2.0/security-groups?id=50d1cc2f-4d68-47bb-96e5-2970bfdcc0ec&id=bec62d48-e7a9-4dff-b5d6-bbf013c3d5fc&fields=id&fields=name HTTP/1.1" status: 200 len: 404 time: 0.0454772 /var/lib/openstack/lib/python3.12/site-packages/pycadf/identifier.py:71: UserWarning: Invalid uuid: neutron. To ensure interoperability, identifiers should be a valid uuid. warnings.warn(('Invalid uuid: %s. To ensure interoperability, '
2026-07-09 18:01:35.544 10 INFO neutron.api.wsgi [req-fd216fa2-561a-4050-b7e5-f2b2d406efef req-672a2705-1299-49e2-a1f4-69d4556069c6 3d0a4e806cef49efac1dd0c018aaa51c df982a7d6cb34491a2a24edfc2ec3610 - - default default] 10.0.0.153 "GET /v2.0/ports?device_id=b36581e7-ef0b-46a0-a845-75fe7227740f HTTP/1.1" status: 200 len: 210 time: 0.0232496
2026-07-09 18:01:35.642 9 INFO neutron.api.wsgi [req-12bd1387-9577-402e-bbb5-a92616cbe991 req-074c8669-2bc3-4a10-acf2-55083bef51d5 3d0a4e806cef49efac1dd0c018aaa51c df982a7d6cb34491a2a24edfc2ec3610 - - default default] 10.0.0.153 "GET /v2.0/ports?device_id=b36581e7-ef0b-46a0-a845-75fe7227740f HTTP/1.1" status: 200 len: 210 time: 0.0181153
2026-07-09 18:01:35.925 9 INFO neutron.api.wsgi [req-12330c9c-ae21-4030-9f41-414d5a764178 req-54449428-6c02-49ee-821d-392ba4ca3bea ef7d088736374c2fbd02a940a9f1dd78 3c3e1cc7088642979503e5fe6bcd56a8 - - default default] 199.19.213.95 "GET /v2.0/ports?device_id=b940bac8-276d-4797-a330-72f66e21cc70 HTTP/1.1" status: 200 len: 1208 time: 0.0309148
2026-07-09 18:01:36.271 9 INFO neutron.db.l3_db [req-12330c9c-ae21-4030-9f41-414d5a764178 req-86ef04ef-415a-4a39-9250-499da264be07 ef7d088736374c2fbd02a940a9f1dd78 3c3e1cc7088642979503e5fe6bcd56a8 - - default default] Floating IP 309941c4-144b-4448-9b92-a3a1ba0185d7 disassociated. External IP: 10.96.250.220, port: 89c250ef-537c-4bc5-a2f6-6938a3d2ab78.
2026-07-09 18:01:36.389 9 INFO neutron.api.wsgi [req-12330c9c-ae21-4030-9f41-414d5a764178 req-86ef04ef-415a-4a39-9250-499da264be07 ef7d088736374c2fbd02a940a9f1dd78 3c3e1cc7088642979503e5fe6bcd56a8 - - default default] 199.19.213.95 "DELETE /v2.0/ports/89c250ef-537c-4bc5-a2f6-6938a3d2ab78 HTTP/1.1" status: 204 len: 173 time: 0.4577012
2026-07-09 18:01:36.429 9 INFO neutron.notifiers.nova [-] Nova event matching ['req-f0712385-46be-4248-acaf-d445b550bbf1'] response: {'server_uuid': 'b940bac8-276d-4797-a330-72f66e21cc70', 'name': 'network-vif-deleted', 'tag': '89c250ef-537c-4bc5-a2f6-6938a3d2ab78', 'status': 'completed', 'code': 200}
2026-07-09 18:01:36.518 10 INFO neutron.api.wsgi [req-6f3e988d-5693-4b8d-9b4d-9a55d3a9f6f8 req-885e107d-5c74-467f-93aa-d1ec1e53029a ef7d088736374c2fbd02a940a9f1dd78 3c3e1cc7088642979503e5fe6bcd56a8 - - default default] 10.0.0.153 "GET /v2.0/ports?device_id=b940bac8-276d-4797-a330-72f66e21cc70 HTTP/1.1" status: 200 len: 210 time: 0.0273008 /var/lib/openstack/lib/python3.12/site-packages/pycadf/identifier.py:71: UserWarning: Invalid uuid: neutron. To ensure interoperability, identifiers should be a valid uuid. warnings.warn(('Invalid uuid: %s. To ensure interoperability, '
2026-07-09 18:01:36.820 9 INFO neutron.api.wsgi [req-46c5a955-58ed-4cd9-ae63-1cb420549352 req-a5164755-d966-4c9a-aa16-2d47f3687e25 3d0a4e806cef49efac1dd0c018aaa51c df982a7d6cb34491a2a24edfc2ec3610 - - default default] 199.19.213.95 "GET /v2.0/networks?id=26495722-a201-4664-a576-eebe80c625fa HTTP/1.1" status: 200 len: 937 time: 0.0532432
2026-07-09 18:01:36.874 9 INFO neutron.api.wsgi [req-46c5a955-58ed-4cd9-ae63-1cb420549352 req-052c97b7-382f-4eff-af01-c4efd336b6d6 3d0a4e806cef49efac1dd0c018aaa51c df982a7d6cb34491a2a24edfc2ec3610 - - default default] 199.19.213.95 "GET /v2.0/security-groups?fields=id&fields=name&tenant_id=df982a7d6cb34491a2a24edfc2ec3610 HTTP/1.1" status: 200 len: 542 time: 0.0474069
2026-07-09 18:01:36.905 10 INFO neutron.notifiers.nova [-] Nova event matching ['req-e83391e5-b053-4dee-b1ec-7be89af4824b'] response: {'server_uuid': 'b940bac8-276d-4797-a330-72f66e21cc70', 'name': 'network-vif-unplugged', 'status': 'completed', 'tag': '89c250ef-537c-4bc5-a2f6-6938a3d2ab78', 'code': 200}
2026-07-09 18:01:37.144 9 WARNING neutron.scheduler.dhcp_agent_scheduler [req-46c5a955-58ed-4cd9-ae63-1cb420549352 req-c588ed6f-fe76-44e8-b6a5-4c72f65884e1 3d0a4e806cef49efac1dd0c018aaa51c df982a7d6cb34491a2a24edfc2ec3610 - - default default] No more DHCP agents
2026-07-09 18:01:37.146 9 WARNING neutron.api.rpc.agentnotifiers.dhcp_rpc_agent_api [req-46c5a955-58ed-4cd9-ae63-1cb420549352 req-c588ed6f-fe76-44e8-b6a5-4c72f65884e1 3d0a4e806cef49efac1dd0c018aaa51c df982a7d6cb34491a2a24edfc2ec3610 - - default default] Unable to schedule network 26495722-a201-4664-a576-eebe80c625fa: no agents available; will retry on subsequent port and subnet creation events.
2026-07-09 18:01:37.290 9 INFO neutron.db.ovn_revision_numbers_db [req-46c5a955-58ed-4cd9-ae63-1cb420549352 req-c588ed6f-fe76-44e8-b6a5-4c72f65884e1 3d0a4e806cef49efac1dd0c018aaa51c df982a7d6cb34491a2a24edfc2ec3610 - - default default] Successfully bumped revision number for resource afcc6c34-ee68-45a7-8408-ffde75581954 (type: ports) to 1
2026-07-09 18:01:37.310 9 INFO neutron.api.wsgi [req-46c5a955-58ed-4cd9-ae63-1cb420549352 req-c588ed6f-fe76-44e8-b6a5-4c72f65884e1 3d0a4e806cef49efac1dd0c018aaa51c df982a7d6cb34491a2a24edfc2ec3610 - - default default] 199.19.213.95 "POST /v2.0/ports HTTP/1.1" status: 201 len: 1283 time: 0.4311500 /var/lib/openstack/lib/python3.12/site-packages/pycadf/identifier.py:71: UserWarning: Invalid uuid: neutron. To ensure interoperability, identifiers should be a valid uuid. warnings.warn(('Invalid uuid: %s. To ensure interoperability, '
2026-07-09 18:01:37.486 9 WARNING neutron_lib.context [None req-02db7a19-d8e7-4b7b-8699-1231a3f55cba 14ee3e6dca93401bace8cf4c4e77cbc4 8874763328214deb86acc06b02ce4bce - - default default] Method 'is_advsvc' is deprecated since 2023.2 release (neutron-lib 3.8.0) and will be removed once support for the old RBAC API policies will be removed from Neutron. Please use method 'is_service_role' instead.
2026-07-09 18:01:37.582 9 INFO neutron.api.wsgi [None req-02db7a19-d8e7-4b7b-8699-1231a3f55cba 14ee3e6dca93401bace8cf4c4e77cbc4 8874763328214deb86acc06b02ce4bce - - default default] 10.0.0.51 "POST /v2.0/subnetpools HTTP/1.1" status: 201 len: 715 time: 0.2660863
2026-07-09 18:01:37.600 10 WARNING neutron_lib.context [None req-a2238d5b-5428-4c63-bbd3-979aba6b400e 14ee3e6dca93401bace8cf4c4e77cbc4 8874763328214deb86acc06b02ce4bce - - default default] Method 'is_advsvc' is deprecated since 2023.2 release (neutron-lib 3.8.0) and will be removed once support for the old RBAC API policies will be removed from Neutron. Please use method 'is_service_role' instead.
2026-07-09 18:01:37.612 10 INFO neutron.api.wsgi [req-13f1e5a9-eafc-494b-9aac-1ce6d7b6c2ca req-d7400ce6-8a04-4227-a610-66f743daf3ab ef7d088736374c2fbd02a940a9f1dd78 3c3e1cc7088642979503e5fe6bcd56a8 - - default default] 10.0.0.153 "GET /v2.0/ports?device_id=b940bac8-276d-4797-a330-72f66e21cc70 HTTP/1.1" status: 200 len: 210 time: 0.0253611
2026-07-09 18:01:37.662 10 INFO neutron.api.wsgi [None req-a2238d5b-5428-4c63-bbd3-979aba6b400e 14ee3e6dca93401bace8cf4c4e77cbc4 8874763328214deb86acc06b02ce4bce - - default default] 10.0.0.51 "POST /v2.0/subnetpools HTTP/1.1" status: 201 len: 715 time: 0.0734277
2026-07-09 18:01:37.670 10 WARNING neutron_lib.context [None req-cd1cb7e3-50f8-4e9f-9bb1-d86f0195b08b 14ee3e6dca93401bace8cf4c4e77cbc4 8874763328214deb86acc06b02ce4bce - - default default] Method 'is_advsvc' is deprecated since 2023.2 release (neutron-lib 3.8.0) and will be removed once support for the old RBAC API policies will be removed from Neutron. Please use method 'is_service_role' instead.
2026-07-09 18:01:37.721 10 INFO neutron.api.wsgi [None req-cd1cb7e3-50f8-4e9f-9bb1-d86f0195b08b 14ee3e6dca93401bace8cf4c4e77cbc4 8874763328214deb86acc06b02ce4bce - - default default] 10.0.0.51 "POST /v2.0/subnetpools HTTP/1.1" status: 201 len: 715 time: 0.0554292 /var/lib/openstack/lib/python3.12/site-packages/pycadf/identifier.py:71: UserWarning: Invalid uuid: neutron. To ensure interoperability, identifiers should be a valid uuid. warnings.warn(('Invalid uuid: %s. To ensure interoperability, '
2026-07-09 18:01:37.729 9 WARNING neutron_lib.context [None req-68db7304-e26e-4a24-8e59-5d9be8aebbf0 14ee3e6dca93401bace8cf4c4e77cbc4 8874763328214deb86acc06b02ce4bce - - default default] Method 'is_advsvc' is deprecated since 2023.2 release (neutron-lib 3.8.0) and will be removed once support for the old RBAC API policies will be removed from Neutron. Please use method 'is_service_role' instead.
2026-07-09 18:01:37.742 9 INFO neutron.db.ovn_revision_numbers_db [req-46c5a955-58ed-4cd9-ae63-1cb420549352 req-8fc223a3-a9ce-40ec-8e18-5bb3ab8defe7 222cd1e9578443fdae09d6f4ffb0dd42 cd3cc71ffae94598b89e9d21d8b4c5b7 - - 98e1159022044bc0a3d9ba4ffbefa336 98e1159022044bc0a3d9ba4ffbefa336] Successfully bumped revision number for resource afcc6c34-ee68-45a7-8408-ffde75581954 (type: ports) to 2
2026-07-09 18:01:37.778 9 INFO neutron.api.wsgi [None req-68db7304-e26e-4a24-8e59-5d9be8aebbf0 14ee3e6dca93401bace8cf4c4e77cbc4 8874763328214deb86acc06b02ce4bce - - default default] 10.0.0.51 "POST /v2.0/subnetpools HTTP/1.1" status: 201 len: 715 time: 0.0522645
2026-07-09 18:01:37.787 9 WARNING neutron_lib.context [None req-91ba2012-704f-4111-af45-f9e412efaab6 14ee3e6dca93401bace8cf4c4e77cbc4 8874763328214deb86acc06b02ce4bce - - default default] Method 'is_advsvc' is deprecated since 2023.2 release (neutron-lib 3.8.0) and will be removed once support for the old RBAC API policies will be removed from Neutron. Please use method 'is_service_role' instead.
2026-07-09 18:01:37.861 9 INFO neutron.api.wsgi [None req-91ba2012-704f-4111-af45-f9e412efaab6 14ee3e6dca93401bace8cf4c4e77cbc4 8874763328214deb86acc06b02ce4bce - - default default] 10.0.0.51 "POST /v2.0/subnetpools HTTP/1.1" status: 201 len: 715 time: 0.0781474
2026-07-09 18:01:37.903 10 INFO neutron.api.wsgi [None req-7b6ce594-e65d-40ca-8ccc-d275c28292ce 14ee3e6dca93401bace8cf4c4e77cbc4 8874763328214deb86acc06b02ce4bce - - default default] 10.0.0.51 "PUT /v2.0/subnetpools/301b2dde-b3be-4975-8fcd-990f53d35d5d/tags HTTP/1.1" status: 200 len: 210 time: 0.0347214
2026-07-09 18:01:37.937 10 INFO neutron.api.wsgi [None req-3cc7a118-6071-48aa-b79c-02d7d4aa4f39 14ee3e6dca93401bace8cf4c4e77cbc4 8874763328214deb86acc06b02ce4bce - - default default] 10.0.0.51 "PUT /v2.0/subnetpools/f9e62d58-056e-4525-86e5-331329ffd079/tags HTTP/1.1" status: 200 len: 218 time: 0.0284798
2026-07-09 18:01:37.960 9 INFO neutron.db.ovn_revision_numbers_db [req-46c5a955-58ed-4cd9-ae63-1cb420549352 req-8fc223a3-a9ce-40ec-8e18-5bb3ab8defe7 222cd1e9578443fdae09d6f4ffb0dd42 cd3cc71ffae94598b89e9d21d8b4c5b7 - - 98e1159022044bc0a3d9ba4ffbefa336 98e1159022044bc0a3d9ba4ffbefa336] Successfully bumped revision number for resource afcc6c34-ee68-45a7-8408-ffde75581954 (type: ports) to 4
2026-07-09 18:01:37.967 10 INFO neutron.api.wsgi [None req-8cdab822-96a0-4fbc-9035-1e92334e499d 14ee3e6dca93401bace8cf4c4e77cbc4 8874763328214deb86acc06b02ce4bce - - default default] 10.0.0.51 "PUT /v2.0/subnetpools/ce94e3de-5d00-4da4-bbb1-71d4512ce271/tags HTTP/1.1" status: 200 len: 227 time: 0.0261421
2026-07-09 18:01:37.977 9 INFO neutron.api.wsgi [req-46c5a955-58ed-4cd9-ae63-1cb420549352 req-8fc223a3-a9ce-40ec-8e18-5bb3ab8defe7 222cd1e9578443fdae09d6f4ffb0dd42 cd3cc71ffae94598b89e9d21d8b4c5b7 - - 98e1159022044bc0a3d9ba4ffbefa336 98e1159022044bc0a3d9ba4ffbefa336] 199.19.213.95 "PUT /v2.0/ports/afcc6c34-ee68-45a7-8408-ffde75581954 HTTP/1.1" status: 200 len: 1408 time: 0.6603005
2026-07-09 18:01:38.000 10 INFO neutron.api.wsgi [None req-5f48e917-995e-4a2e-ae8f-e2a90a2105ba 14ee3e6dca93401bace8cf4c4e77cbc4 8874763328214deb86acc06b02ce4bce - - default default] 10.0.0.51 "PUT /v2.0/subnetpools/9fbc27a1-c0bd-4f78-9920-d1840c10f638/tags HTTP/1.1" status: 200 len: 212 time: 0.0269792
2026-07-09 18:01:38.033 10 INFO neutron.api.wsgi [None req-eb488822-7016-4712-b60f-41b1bddd7ad6 14ee3e6dca93401bace8cf4c4e77cbc4 8874763328214deb86acc06b02ce4bce - - default default] 10.0.0.51 "GET /v2.0/subnetpools?tags=red HTTP/1.1" status: 200 len: 1758 time: 0.0269141
2026-07-09 18:01:38.060 10 INFO neutron.api.wsgi [None req-ff32600a-8e81-4d51-afe8-24666be2a17e 14ee3e6dca93401bace8cf4c4e77cbc4 8874763328214deb86acc06b02ce4bce - - default default] 10.0.0.51 "GET /v2.0/subnetpools?tags=red%2Cblue HTTP/1.1" status: 200 len: 1251 time: 0.0193691
2026-07-09 18:01:38.091 10 INFO neutron.api.wsgi [None req-67a7cf44-424f-48b5-ae53-09dc919e7638 14ee3e6dca93401bace8cf4c4e77cbc4 8874763328214deb86acc06b02ce4bce - - default default] 10.0.0.51 "GET /v2.0/subnetpools?tags-any=blue HTTP/1.1" status: 200 len: 1251 time: 0.0252838
2026-07-09 18:01:38.126 10 INFO neutron.api.wsgi [None req-b035ec21-1f91-47cc-85d8-3bb0ef56876a 14ee3e6dca93401bace8cf4c4e77cbc4 8874763328214deb86acc06b02ce4bce - - default default] 10.0.0.51 "GET /v2.0/subnetpools?tags-any=red%2Cblue HTTP/1.1" status: 200 len: 1758 time: 0.0199852
2026-07-09 18:01:38.153 10 INFO neutron.api.wsgi [None req-ce45f5ff-5ff9-43a3-aeac-57486d7028c4 14ee3e6dca93401bace8cf4c4e77cbc4 8874763328214deb86acc06b02ce4bce - - default default] 10.0.0.51 "GET /v2.0/subnetpools?not-tags=red HTTP/1.1" status: 200 len: 1223 time: 0.0216961
2026-07-09 18:01:38.182 10 INFO neutron.api.wsgi [None req-dfef1e1d-7ae1-4965-8f99-f6f9b9be2a4d 14ee3e6dca93401bace8cf4c4e77cbc4 8874763328214deb86acc06b02ce4bce - - default default] 10.0.0.51 "GET /v2.0/subnetpools?not-tags=red%2Cblue HTTP/1.1" status: 200 len: 1730 time: 0.0225270
2026-07-09 18:01:38.208 10 INFO neutron.api.wsgi [None req-3109041e-b840-40c4-b613-0967afc78229 14ee3e6dca93401bace8cf4c4e77cbc4 8874763328214deb86acc06b02ce4bce - - default default] 10.0.0.51 "GET /v2.0/subnetpools?not-tags-any=blue HTTP/1.1" status: 200 len: 1730 time: 0.0198293
2026-07-09 18:01:38.232 10 INFO neutron.api.wsgi [None req-908772b0-68e5-47b3-b781-9884196c48a3 14ee3e6dca93401bace8cf4c4e77cbc4 8874763328214deb86acc06b02ce4bce - - default default] 10.0.0.51 "GET /v2.0/subnetpools?not-tags-any=red%2Cblue HTTP/1.1" status: 200 len: 1223 time: 0.0191689
2026-07-09 18:01:38.301 10 INFO neutron.api.wsgi [None req-e9090426-c9e9-419f-8a8c-d99bc4c74ca1 14ee3e6dca93401bace8cf4c4e77cbc4 8874763328214deb86acc06b02ce4bce - - default default] 10.0.0.51 "DELETE /v2.0/subnetpools/301b2dde-b3be-4975-8fcd-990f53d35d5d HTTP/1.1" status: 204 len: 168 time: 0.0627797
2026-07-09 18:01:38.346 10 INFO neutron.api.wsgi [None req-8d2267e0-5d89-42df-8488-179912f525bd 14ee3e6dca93401bace8cf4c4e77cbc4 8874763328214deb86acc06b02ce4bce - - default default] 10.0.0.51 "DELETE /v2.0/subnetpools/f9e62d58-056e-4525-86e5-331329ffd079 HTTP/1.1" status: 204 len: 168 time: 0.0389774
2026-07-09 18:01:38.388 10 INFO neutron.api.wsgi [None req-d365bd37-88e9-4ee1-bc30-fc11b710470a 14ee3e6dca93401bace8cf4c4e77cbc4 8874763328214deb86acc06b02ce4bce - - default default] 10.0.0.51 "DELETE /v2.0/subnetpools/ce94e3de-5d00-4da4-bbb1-71d4512ce271 HTTP/1.1" status: 204 len: 168 time: 0.0387609 /var/lib/openstack/lib/python3.12/site-packages/pycadf/identifier.py:71: UserWarning: Invalid uuid: neutron. To ensure interoperability, identifiers should be a valid uuid. warnings.warn(('Invalid uuid: %s. To ensure interoperability, '
2026-07-09 18:01:38.450 9 INFO neutron.api.wsgi [None req-90d05d57-8584-4bb1-9eff-1752a0c909a3 14ee3e6dca93401bace8cf4c4e77cbc4 8874763328214deb86acc06b02ce4bce - - default default] 10.0.0.51 "DELETE /v2.0/subnetpools/9fbc27a1-c0bd-4f78-9920-d1840c10f638 HTTP/1.1" status: 204 len: 168 time: 0.0566463
2026-07-09 18:01:38.475 9 INFO neutron.notifiers.nova [-] Nova event matching ['req-553ef3e8-3789-49eb-849e-63e442a6deb9'] response: {'name': 'network-changed', 'server_uuid': 'b36581e7-ef0b-46a0-a845-75fe7227740f', 'tag': 'afcc6c34-ee68-45a7-8408-ffde75581954', 'status': 'completed', 'code': 200}
2026-07-09 18:01:38.519 9 INFO neutron.api.wsgi [None req-2dcac734-20a6-4f35-916e-4dd19d24ec3c 14ee3e6dca93401bace8cf4c4e77cbc4 8874763328214deb86acc06b02ce4bce - - default default] 10.0.0.51 "DELETE /v2.0/subnetpools/75c612a6-a0c2-4b42-b528-4c57ec9a2ab2 HTTP/1.1" status: 204 len: 168 time: 0.0628548
2026-07-09 18:01:38.599 10 INFO neutron.api.wsgi [req-3a673b98-19e1-4ade-b8fc-4ca6dd762145 req-9eddac83-020c-4514-9ffe-51797d91f191 3d0a4e806cef49efac1dd0c018aaa51c df982a7d6cb34491a2a24edfc2ec3610 - - default default] 10.0.0.153 "GET /v2.0/ports?device_id=b36581e7-ef0b-46a0-a845-75fe7227740f HTTP/1.1" status: 200 len: 1411 time: 0.0391290
2026-07-09 18:01:38.648 10 INFO neutron.api.wsgi [req-3a673b98-19e1-4ade-b8fc-4ca6dd762145 req-2d266fcd-5edf-42e1-991d-5188d9db0206 3d0a4e806cef49efac1dd0c018aaa51c df982a7d6cb34491a2a24edfc2ec3610 - - default default] 10.0.0.153 "GET /v2.0/security-groups?id=30a02f28-4bbd-4ced-abbf-d048d8fa7f66&fields=id&fields=name HTTP/1.1" status: 200 len: 294 time: 0.0416803
2026-07-09 18:01:38.704 9 INFO neutron.api.wsgi [req-8a7b1f8a-4f36-46b2-953f-3eb8788f4bad req-592ef016-a4d7-495d-ac94-35779027ce0d ef7d088736374c2fbd02a940a9f1dd78 3c3e1cc7088642979503e5fe6bcd56a8 - - default default] 10.0.0.153 "GET /v2.0/ports?device_id=b940bac8-276d-4797-a330-72f66e21cc70 HTTP/1.1" status: 200 len: 210 time: 0.0202296
2026-07-09 18:01:38.730 10 INFO neutron.api.wsgi [req-1b3f45ea-e2cc-4cfe-9d35-51aa679f8772 req-c1827d60-b3a4-4fae-83b9-5a63087f159a 3d0a4e806cef49efac1dd0c018aaa51c df982a7d6cb34491a2a24edfc2ec3610 - - default default] 10.0.0.153 "GET /v2.0/ports?device_id=b36581e7-ef0b-46a0-a845-75fe7227740f HTTP/1.1" status: 200 len: 1411 time: 0.0322237
2026-07-09 18:01:39.015 9 INFO neutron.api.wsgi [req-54b68a50-9aa0-4500-bbef-0a8de4b47c3c req-3cd8f7ae-3627-4de9-b478-2d03fdb7e59a 222cd1e9578443fdae09d6f4ffb0dd42 cd3cc71ffae94598b89e9d21d8b4c5b7 - - 98e1159022044bc0a3d9ba4ffbefa336 98e1159022044bc0a3d9ba4ffbefa336] 199.19.213.95 "GET /v2.0/ports?tenant_id=df982a7d6cb34491a2a24edfc2ec3610&device_id=b36581e7-ef0b-46a0-a845-75fe7227740f HTTP/1.1" status: 200 len: 1411 time: 0.0316529
2026-07-09 18:01:39.069 9 INFO neutron.api.wsgi [req-54b68a50-9aa0-4500-bbef-0a8de4b47c3c req-8c789fe6-71bf-4696-917b-6b632fcf3a61 222cd1e9578443fdae09d6f4ffb0dd42 cd3cc71ffae94598b89e9d21d8b4c5b7 - - 98e1159022044bc0a3d9ba4ffbefa336 98e1159022044bc0a3d9ba4ffbefa336] 199.19.213.95 "GET /v2.0/networks?tenant_id=df982a7d6cb34491a2a24edfc2ec3610&shared=False HTTP/1.1" status: 200 len: 937 time: 0.0456059
2026-07-09 18:01:39.111 9 INFO neutron.api.wsgi [req-54b68a50-9aa0-4500-bbef-0a8de4b47c3c req-9eb55afb-049b-4437-8537-4da707f2932f 222cd1e9578443fdae09d6f4ffb0dd42 cd3cc71ffae94598b89e9d21d8b4c5b7 - - 98e1159022044bc0a3d9ba4ffbefa336 98e1159022044bc0a3d9ba4ffbefa336] 199.19.213.95 "GET /v2.0/networks?shared=True HTTP/1.1" status: 200 len: 952 time: 0.0362604
2026-07-09 18:01:39.615 9 INFO neutron.db.ovn_revision_numbers_db [None req-efd39026-e72a-4a6c-8fb0-4ddc740d2561 3d0a4e806cef49efac1dd0c018aaa51c df982a7d6cb34491a2a24edfc2ec3610 - - default default] Successfully bumped revision number for resource 551eb8ee-fea5-46a8-916a-709e499c7009 (type: security_groups) to 1
2026-07-09 18:01:39.628 9 INFO neutron.db.ovn_revision_numbers_db [None req-efd39026-e72a-4a6c-8fb0-4ddc740d2561 3d0a4e806cef49efac1dd0c018aaa51c df982a7d6cb34491a2a24edfc2ec3610 - - default default] Successfully bumped revision number for resource 5be697d0-a8cc-44d0-9749-15bfc86cb397 (type: security_group_rules) to 0
2026-07-09 18:01:39.638 9 INFO neutron.db.ovn_revision_numbers_db [None req-efd39026-e72a-4a6c-8fb0-4ddc740d2561 3d0a4e806cef49efac1dd0c018aaa51c df982a7d6cb34491a2a24edfc2ec3610 - - default default] Successfully bumped revision number for resource 8fe01133-2aeb-415b-922b-d8cee64e802f (type: security_group_rules) to 0
2026-07-09 18:01:39.650 9 INFO neutron.db.ovn_revision_numbers_db [None req-efd39026-e72a-4a6c-8fb0-4ddc740d2561 3d0a4e806cef49efac1dd0c018aaa51c df982a7d6cb34491a2a24edfc2ec3610 - - default default] Successfully bumped revision number for resource a32e4573-4e7b-4a8c-b2c2-81520ff6ecf0 (type: security_group_rules) to 0
2026-07-09 18:01:39.663 9 INFO neutron.db.ovn_revision_numbers_db [None req-efd39026-e72a-4a6c-8fb0-4ddc740d2561 3d0a4e806cef49efac1dd0c018aaa51c df982a7d6cb34491a2a24edfc2ec3610 - - default default] Successfully bumped revision number for resource b4797fb9-b2a4-423b-bc01-9e7a9854a1f9 (type: security_group_rules) to 0
2026-07-09 18:01:39.694 9 INFO neutron.api.wsgi [None req-efd39026-e72a-4a6c-8fb0-4ddc740d2561 3d0a4e806cef49efac1dd0c018aaa51c df982a7d6cb34491a2a24edfc2ec3610 - - default default] 10.0.0.51 "GET /v2.0/security-groups?tenant_id=8874763328214deb86acc06b02ce4bce&name=default HTTP/1.1" status: 200 len: 3124 time: 0.3806427
2026-07-09 18:01:39.913 9 INFO neutron.api.wsgi [None req-4309de7f-67ad-4948-b755-c13f8fbfe668 3d0a4e806cef49efac1dd0c018aaa51c df982a7d6cb34491a2a24edfc2ec3610 - - default default] 10.0.0.51 "DELETE /v2.0/security-groups/551eb8ee-fea5-46a8-916a-709e499c7009 HTTP/1.1" status: 204 len: 168 time: 0.2138317
2026-07-09 18:01:39.951 9 INFO neutron.api.wsgi [None req-0a8fdbd6-ae82-4ffb-8ac8-2a6c62ca0527 ef7d088736374c2fbd02a940a9f1dd78 3c3e1cc7088642979503e5fe6bcd56a8 - - default default] 10.0.0.51 "DELETE /v2.0/security-groups/bec62d48-e7a9-4dff-b5d6-bbf013c3d5fc HTTP/1.1" status: 204 len: 168 time: 0.1114266
2026-07-09 18:01:39.965 10 INFO neutron.api.v2.resource [None req-fcfe28cc-d5da-4d94-8c61-5318a456221c ef7d088736374c2fbd02a940a9f1dd78 3c3e1cc7088642979503e5fe6bcd56a8 - - default default] show failed (client error): The resource could not be found.
2026-07-09 18:01:39.966 10 INFO neutron.api.wsgi [None req-fcfe28cc-d5da-4d94-8c61-5318a456221c ef7d088736374c2fbd02a940a9f1dd78 3c3e1cc7088642979503e5fe6bcd56a8 - - default default] 10.0.0.51 "GET /v2.0/security-groups/bec62d48-e7a9-4dff-b5d6-bbf013c3d5fc HTTP/1.1" status: 404 len: 347 time: 0.0096335
2026-07-09 18:01:40.121 9 INFO neutron.db.ovn_revision_numbers_db [None req-55fe58e3-9270-44f9-b5d3-aad78beef245 3d0a4e806cef49efac1dd0c018aaa51c df982a7d6cb34491a2a24edfc2ec3610 - - default default] Successfully bumped revision number for resource a0ae7f46-e30e-4aa6-8eec-afb60b0bb2e8 (type: security_groups) to 1
2026-07-09 18:01:40.144 9 INFO neutron.db.ovn_revision_numbers_db [None req-55fe58e3-9270-44f9-b5d3-aad78beef245 3d0a4e806cef49efac1dd0c018aaa51c df982a7d6cb34491a2a24edfc2ec3610 - - default default] Successfully bumped revision number for resource 416b7377-00ca-4b73-9745-8623471a7401 (type: security_group_rules) to 0
2026-07-09 18:01:40.157 9 INFO neutron.api.wsgi [req-46c5a955-58ed-4cd9-ae63-1cb420549352 req-901a2e8a-6466-49a7-a60f-eb60247cdd0f 222cd1e9578443fdae09d6f4ffb0dd42 cd3cc71ffae94598b89e9d21d8b4c5b7 - - 98e1159022044bc0a3d9ba4ffbefa336 98e1159022044bc0a3d9ba4ffbefa336] 199.19.213.95 "GET /v2.0/ports?tenant_id=df982a7d6cb34491a2a24edfc2ec3610&device_id=b36581e7-ef0b-46a0-a845-75fe7227740f HTTP/1.1" status: 200 len: 1411 time: 0.0339007
2026-07-09 18:01:40.161 9 INFO neutron.db.ovn_revision_numbers_db [None req-55fe58e3-9270-44f9-b5d3-aad78beef245 3d0a4e806cef49efac1dd0c018aaa51c df982a7d6cb34491a2a24edfc2ec3610 - - default default] Successfully bumped revision number for resource 5a16be4e-c2d4-4f91-b043-f39a1176a461 (type: security_group_rules) to 0
2026-07-09 18:01:40.181 9 INFO neutron.api.wsgi [req-46c5a955-58ed-4cd9-ae63-1cb420549352 req-77c7cf64-8aa6-4d8a-a25b-e58012597405 222cd1e9578443fdae09d6f4ffb0dd42 cd3cc71ffae94598b89e9d21d8b4c5b7 - - 98e1159022044bc0a3d9ba4ffbefa336 98e1159022044bc0a3d9ba4ffbefa336] 199.19.213.95 "GET /v2.0/floatingips?fixed_ip_address=172.24.0.25&port_id=afcc6c34-ee68-45a7-8408-ffde75581954 HTTP/1.1" status: 200 len: 217 time: 0.0171299
2026-07-09 18:01:40.183 9 INFO neutron.db.ovn_revision_numbers_db [None req-55fe58e3-9270-44f9-b5d3-aad78beef245 3d0a4e806cef49efac1dd0c018aaa51c df982a7d6cb34491a2a24edfc2ec3610 - - default default] Successfully bumped revision number for resource 6783bc9e-d3aa-48da-a67b-264839cae2ca (type: security_group_rules) to 0
2026-07-09 18:01:40.201 9 INFO neutron.db.ovn_revision_numbers_db [None req-55fe58e3-9270-44f9-b5d3-aad78beef245 3d0a4e806cef49efac1dd0c018aaa51c df982a7d6cb34491a2a24edfc2ec3610 - - default default] Successfully bumped revision number for resource 68fbadc7-0264-413e-8681-d59102fd1db4 (type: security_group_rules) to 0
2026-07-09 18:01:40.216 9 INFO neutron.api.wsgi [req-46c5a955-58ed-4cd9-ae63-1cb420549352 req-cf111209-0e27-4a55-8dfe-3d68039c57a4 222cd1e9578443fdae09d6f4ffb0dd42 cd3cc71ffae94598b89e9d21d8b4c5b7 - - 98e1159022044bc0a3d9ba4ffbefa336 98e1159022044bc0a3d9ba4ffbefa336] 199.19.213.95 "GET /v2.0/subnets?id=8a59ff1a-bc35-4e7c-bea8-c2fe0022c2d6 HTTP/1.1" status: 200 len: 853 time: 0.0293279
2026-07-09 18:01:40.239 9 INFO neutron.api.wsgi [req-46c5a955-58ed-4cd9-ae63-1cb420549352 req-405033b2-f3d0-4fc8-853d-3492da020088 222cd1e9578443fdae09d6f4ffb0dd42 cd3cc71ffae94598b89e9d21d8b4c5b7 - - 98e1159022044bc0a3d9ba4ffbefa336 98e1159022044bc0a3d9ba4ffbefa336] 199.19.213.95 "GET /v2.0/ports?network_id=26495722-a201-4664-a576-eebe80c625fa&device_owner=network%3Adhcp HTTP/1.1" status: 200 len: 210 time: 0.0162730
2026-07-09 18:01:40.245 9 INFO neutron.api.wsgi [None req-55fe58e3-9270-44f9-b5d3-aad78beef245 3d0a4e806cef49efac1dd0c018aaa51c df982a7d6cb34491a2a24edfc2ec3610 - - default default] 10.0.0.51 "GET /v2.0/security-groups?tenant_id=d1e3d002c3844ed181e184de5dac0590&name=default HTTP/1.1" status: 200 len: 3124 time: 0.2453136
2026-07-09 18:01:40.251 10 INFO neutron.api.wsgi [None req-3b5237dc-7678-449e-8a60-5c1e565bd23b ef7d088736374c2fbd02a940a9f1dd78 3c3e1cc7088642979503e5fe6bcd56a8 - - default default] 10.0.0.51 "DELETE /v2.0/floatingips/309941c4-144b-4448-9b92-a3a1ba0185d7 HTTP/1.1" status: 204 len: 168 time: 0.2800307
2026-07-09 18:01:40.316 9 INFO neutron.api.wsgi [req-46c5a955-58ed-4cd9-ae63-1cb420549352 req-ac830d3d-27c5-498e-8483-544a4ad54b38 222cd1e9578443fdae09d6f4ffb0dd42 cd3cc71ffae94598b89e9d21d8b4c5b7 - - 98e1159022044bc0a3d9ba4ffbefa336 98e1159022044bc0a3d9ba4ffbefa336] 199.19.213.95 "GET /v2.0/networks/26495722-a201-4664-a576-eebe80c625fa?fields=segments HTTP/1.1" status: 200 len: 212 time: 0.0699987
2026-07-09 18:01:40.380 9 INFO neutron.api.wsgi [req-46c5a955-58ed-4cd9-ae63-1cb420549352 req-07dbade6-8e3e-4ff9-9346-6f00ea2cb34b 222cd1e9578443fdae09d6f4ffb0dd42 cd3cc71ffae94598b89e9d21d8b4c5b7 - - 98e1159022044bc0a3d9ba4ffbefa336 98e1159022044bc0a3d9ba4ffbefa336] 199.19.213.95 "GET /v2.0/networks/26495722-a201-4664-a576-eebe80c625fa?fields=provider%3Aphysical_network&fields=provider%3Anetwork_type HTTP/1.1" status: 200 len: 277 time: 0.0597532
2026-07-09 18:01:40.426 9 INFO neutron.api.wsgi [None req-aed7449d-1bc5-4027-9c73-6ed8d23270aa ef7d088736374c2fbd02a940a9f1dd78 3c3e1cc7088642979503e5fe6bcd56a8 - - default default] 10.0.0.51 "DELETE /v2.0/security-groups/50d1cc2f-4d68-47bb-96e5-2970bfdcc0ec HTTP/1.1" status: 204 len: 168 time: 0.1711197
2026-07-09 18:01:40.448 10 INFO neutron.api.wsgi [None req-100e2d8c-d4f3-4de4-a688-9376cd0b9eb4 3d0a4e806cef49efac1dd0c018aaa51c df982a7d6cb34491a2a24edfc2ec3610 - - default default] 10.0.0.51 "DELETE /v2.0/security-groups/a0ae7f46-e30e-4aa6-8eec-afb60b0bb2e8 HTTP/1.1" status: 204 len: 168 time: 0.1961937
2026-07-09 18:01:40.772 9 INFO neutron.db.ovn_revision_numbers_db [None req-73922040-2384-4c17-ac76-63ea52f5009d 3d0a4e806cef49efac1dd0c018aaa51c df982a7d6cb34491a2a24edfc2ec3610 - - default default] Successfully bumped revision number for resource 8074b587-e6a5-4422-ab9d-25847a64215e (type: security_groups) to 1
2026-07-09 18:01:40.786 9 INFO neutron.db.ovn_revision_numbers_db [None req-73922040-2384-4c17-ac76-63ea52f5009d 3d0a4e806cef49efac1dd0c018aaa51c df982a7d6cb34491a2a24edfc2ec3610 - - default default] Successfully bumped revision number for resource 72860ac0-6299-4ee2-8328-7d5a8a73d041 (type: security_group_rules) to 0
2026-07-09 18:01:40.800 9 INFO neutron.db.ovn_revision_numbers_db [None req-73922040-2384-4c17-ac76-63ea52f5009d 3d0a4e806cef49efac1dd0c018aaa51c df982a7d6cb34491a2a24edfc2ec3610 - - default default] Successfully bumped revision number for resource 765db4e7-ee2e-4aef-8142-c08f6d247326 (type: security_group_rules) to 0
2026-07-09 18:01:40.819 9 INFO neutron.db.ovn_revision_numbers_db [None req-73922040-2384-4c17-ac76-63ea52f5009d 3d0a4e806cef49efac1dd0c018aaa51c df982a7d6cb34491a2a24edfc2ec3610 - - default default] Successfully bumped revision number for resource 7f917697-a6e0-4d58-946e-a515aa5b2699 (type: security_group_rules) to 0
2026-07-09 18:01:40.831 9 INFO neutron.db.ovn_revision_numbers_db [None req-73922040-2384-4c17-ac76-63ea52f5009d 3d0a4e806cef49efac1dd0c018aaa51c df982a7d6cb34491a2a24edfc2ec3610 - - default default] Successfully bumped revision number for resource 93900028-e7d2-4872-a090-a42da69ab9a6 (type: security_group_rules) to 0
2026-07-09 18:01:40.870 9 INFO neutron.api.wsgi [None req-73922040-2384-4c17-ac76-63ea52f5009d 3d0a4e806cef49efac1dd0c018aaa51c df982a7d6cb34491a2a24edfc2ec3610 - - default default] 10.0.0.51 "GET /v2.0/security-groups?tenant_id=b88c2d00aaad42ffaa5b79b7ca46aa34&name=default HTTP/1.1" status: 200 len: 3124 time: 0.2337306
2026-07-09 18:01:41.075 10 INFO neutron.api.wsgi [None req-110c4999-5f10-4bf3-babe-783c0277d411 3d0a4e806cef49efac1dd0c018aaa51c df982a7d6cb34491a2a24edfc2ec3610 - - default default] 10.0.0.51 "DELETE /v2.0/security-groups/8074b587-e6a5-4422-ab9d-25847a64215e HTTP/1.1" status: 204 len: 168 time: 0.1985288
2026-07-09 18:01:41.442 9 INFO neutron.api.wsgi [req-7a10d62d-7400-4cab-8d31-ea36c6b97276 req-b8d00739-1d77-464f-a8e0-b3bea9ee174c 3d0a4e806cef49efac1dd0c018aaa51c df982a7d6cb34491a2a24edfc2ec3610 - - default default] 10.0.0.153 "GET /v2.0/ports?device_id=b36581e7-ef0b-46a0-a845-75fe7227740f HTTP/1.1" status: 200 len: 1411 time: 0.0364320
2026-07-09 18:01:41.487 9 INFO neutron.api.wsgi [req-7a10d62d-7400-4cab-8d31-ea36c6b97276 req-f570a67b-9066-4189-b8ac-9e69735dedd6 3d0a4e806cef49efac1dd0c018aaa51c df982a7d6cb34491a2a24edfc2ec3610 - - default default] 10.0.0.153 "GET /v2.0/security-groups?id=30a02f28-4bbd-4ced-abbf-d048d8fa7f66&fields=id&fields=name HTTP/1.1" status: 200 len: 294 time: 0.0373850
2026-07-09 18:01:41.585 10 INFO neutron.api.wsgi [req-947b6e25-66b8-43fb-adf3-132a94b09be8 req-544ddea1-711d-405d-89bd-c1b1bd097b28 3d0a4e806cef49efac1dd0c018aaa51c df982a7d6cb34491a2a24edfc2ec3610 - - default default] 10.0.0.153 "GET /v2.0/ports?device_id=b36581e7-ef0b-46a0-a845-75fe7227740f HTTP/1.1" status: 200 len: 1411 time: 0.0318582
2026-07-09 18:01:41.625 9 INFO neutron.api.wsgi [None req-8ef07913-5815-4fd0-9849-af705e1114dd 3d0a4e806cef49efac1dd0c018aaa51c df982a7d6cb34491a2a24edfc2ec3610 - - default default] 10.0.0.51 "PUT /v2.0/routers/db206547-7ad7-4797-bf27-200e039f85fa/remove_router_interface HTTP/1.1" status: 200 len: 503 time: 1.1606867 /var/lib/openstack/lib/python3.12/site-packages/pycadf/identifier.py:71: UserWarning: Invalid uuid: neutron. To ensure interoperability, identifiers should be a valid uuid. warnings.warn(('Invalid uuid: %s. To ensure interoperability, '
2026-07-09 18:01:42.038 10 INFO neutron.api.wsgi [-] 10.0.0.235 "GET / HTTP/1.1" status: 200 len: 247 time: 0.0031757
2026-07-09 18:01:42.042 10 INFO neutron.api.wsgi [-] 10.0.0.235 "GET / HTTP/1.1" status: 200 len: 247 time: 0.0024149
2026-07-09 18:01:42.312 9 INFO neutron.api.wsgi [None req-d0e17c54-fb65-490c-9e5c-615d3aac94be 3d0a4e806cef49efac1dd0c018aaa51c df982a7d6cb34491a2a24edfc2ec3610 - - default default] 10.0.0.51 "DELETE /v2.0/routers/db206547-7ad7-4797-bf27-200e039f85fa HTTP/1.1" status: 204 len: 168 time: 0.6832781
2026-07-09 18:01:42.483 9 INFO neutron.api.wsgi [None req-f22f0e66-14d7-4f5f-a1fe-ad9484fc08db 3d0a4e806cef49efac1dd0c018aaa51c df982a7d6cb34491a2a24edfc2ec3610 - - default default] 10.0.0.51 "DELETE /v2.0/subnets/107eedf2-149d-4a9a-bb8b-f90172390384 HTTP/1.1" status: 204 len: 168 time: 0.1658578
2026-07-09 18:01:42.805 9 INFO neutron.services.segments.plugin [-] Segment a24c3319-654c-4221-8e81-ed306aa0b9a1 resource provider aggregate not found
2026-07-09 18:01:42.812 9 INFO neutron.services.segments.plugin [-] Segment a24c3319-654c-4221-8e81-ed306aa0b9a1 resource provider aggregate not found
2026-07-09 18:01:42.822 9 INFO neutron.services.segments.plugin [-] Segment a24c3319-654c-4221-8e81-ed306aa0b9a1 resource provider not found; error: Placement Client Error (4xx): {"errors": [{"status": 404, "title": "Not Found", "detail": "The resource could not be found.\n\n No resource provider with uuid a24c3319-654c-4221-8e81-ed306aa0b9a1 found for delete ", "request_id": "req-35a5b79e-0776-4525-b93f-0ec612992b33"}]}
2026-07-09 18:01:42.829 9 INFO neutron.services.segments.plugin [-] Segment a24c3319-654c-4221-8e81-ed306aa0b9a1 resource provider not found; error: Placement Client Error (4xx): {"errors": [{"status": 404, "title": "Not Found", "detail": "The resource could not be found.\n\n No resource provider with uuid a24c3319-654c-4221-8e81-ed306aa0b9a1 found for delete ", "request_id": "req-a8633003-90f7-45d3-800e-79d34aa9086e"}]}
2026-07-09 18:01:42.834 9 INFO neutron.api.wsgi [None req-2e6271eb-4f38-4988-9dea-3171e788691a 3d0a4e806cef49efac1dd0c018aaa51c df982a7d6cb34491a2a24edfc2ec3610 - - default default] 10.0.0.51 "DELETE /v2.0/networks/c480e02c-f522-4d86-a2e5-7fef3d485c77 HTTP/1.1" status: 204 len: 168 time: 0.3433504
2026-07-09 18:01:43.531 9 INFO neutron.api.wsgi [req-819b50fb-cbb3-483d-97d4-f330959f15c1 req-bdc8c7d9-9416-4a9a-a8a1-94cf7d8dfbd3 222cd1e9578443fdae09d6f4ffb0dd42 cd3cc71ffae94598b89e9d21d8b4c5b7 - - 98e1159022044bc0a3d9ba4ffbefa336 98e1159022044bc0a3d9ba4ffbefa336] 199.19.213.95 "GET /v2.0/ports?device_id=b36581e7-ef0b-46a0-a845-75fe7227740f HTTP/1.1" status: 200 len: 1411 time: 0.0565774
2026-07-09 18:01:43.593 9 INFO neutron.api.wsgi [req-819b50fb-cbb3-483d-97d4-f330959f15c1 req-f0150e2d-6c98-458a-aa71-6bcbd02e4b14 222cd1e9578443fdae09d6f4ffb0dd42 cd3cc71ffae94598b89e9d21d8b4c5b7 - - 98e1159022044bc0a3d9ba4ffbefa336 98e1159022044bc0a3d9ba4ffbefa336] 199.19.213.95 "GET /v2.0/security-groups?id=30a02f28-4bbd-4ced-abbf-d048d8fa7f66&fields=id&fields=name HTTP/1.1" status: 200 len: 294 time: 0.0550067
2026-07-09 18:01:43.697 9 INFO neutron.plugins.ml2.drivers.ovn.mech_driver.mech_driver [None req-2cf7fbf4-2b10-40dc-9b63-d02776c03b1f - - - - - -] OVN reports status up for port: afcc6c34-ee68-45a7-8408-ffde75581954
2026-07-09 18:01:43.713 9 INFO neutron.plugins.ml2.plugin [None req-2cf7fbf4-2b10-40dc-9b63-d02776c03b1f - - - - - -] Attempt 1 to provision port afcc6c34-ee68-45a7-8408-ffde75581954
2026-07-09 18:01:43.857 9 INFO neutron.notifiers.nova [-] Nova event matching ['req-7a58cd3d-4031-478e-876b-b320a2846b13'] response: {'server_uuid': 'b36581e7-ef0b-46a0-a845-75fe7227740f', 'name': 'network-vif-plugged', 'status': 'completed', 'tag': 'afcc6c34-ee68-45a7-8408-ffde75581954', 'code': 200}
2026-07-09 18:01:43.878 9 INFO neutron.api.wsgi [None req-c7031e75-f7a0-4444-a1ce-3c93b37fdea3 3d0a4e806cef49efac1dd0c018aaa51c df982a7d6cb34491a2a24edfc2ec3610 - - default default] 10.0.0.51 "PUT /v2.0/routers/30d7411e-01ff-43bf-844b-1d48514c8ec8/remove_router_interface HTTP/1.1" status: 200 len: 503 time: 1.0407703 /var/lib/openstack/lib/python3.12/site-packages/pycadf/identifier.py:71: UserWarning: Invalid uuid: neutron. To ensure interoperability, identifiers should be a valid uuid. warnings.warn(('Invalid uuid: %s. To ensure interoperability, '
2026-07-09 18:01:44.094 9 INFO neutron.db.ovn_revision_numbers_db [None req-2cf7fbf4-2b10-40dc-9b63-d02776c03b1f - - - - - -] Successfully bumped revision number for resource afcc6c34-ee68-45a7-8408-ffde75581954 (type: ports) to 5 /var/lib/openstack/lib/python3.12/site-packages/pycadf/identifier.py:71: UserWarning: Invalid uuid: neutron. To ensure interoperability, identifiers should be a valid uuid. warnings.warn(('Invalid uuid: %s. To ensure interoperability, '
2026-07-09 18:01:44.601 9 INFO neutron.api.wsgi [req-d1e8acf5-93fc-4097-81fd-0d763e532a14 req-643c2c3d-c9b1-4a14-a196-d8bb8342a13b 3d0a4e806cef49efac1dd0c018aaa51c df982a7d6cb34491a2a24edfc2ec3610 - - default default] 10.0.0.153 "GET /v2.0/ports?device_id=b36581e7-ef0b-46a0-a845-75fe7227740f HTTP/1.1" status: 200 len: 1413 time: 0.0665314
2026-07-09 18:01:44.644 9 INFO neutron.api.wsgi [None req-2435c93b-0aed-43d8-b3bd-d2f448a6d541 3d0a4e806cef49efac1dd0c018aaa51c df982a7d6cb34491a2a24edfc2ec3610 - - default default] 10.0.0.51 "DELETE /v2.0/routers/30d7411e-01ff-43bf-844b-1d48514c8ec8 HTTP/1.1" status: 204 len: 168 time: 0.7602587
2026-07-09 18:01:44.647 9 INFO neutron.api.wsgi [req-d1e8acf5-93fc-4097-81fd-0d763e532a14 req-99619a9d-4eb5-4544-84d4-7d2ff089eb72 3d0a4e806cef49efac1dd0c018aaa51c df982a7d6cb34491a2a24edfc2ec3610 - - default default] 10.0.0.153 "GET /v2.0/security-groups?id=30a02f28-4bbd-4ced-abbf-d048d8fa7f66&fields=id&fields=name HTTP/1.1" status: 200 len: 294 time: 0.0376337
2026-07-09 18:01:44.761 10 INFO neutron.api.wsgi [req-abbc801f-d9be-408b-b392-8723ca6b017b req-2695c823-11fe-47ff-a458-132f0a00cafb 3d0a4e806cef49efac1dd0c018aaa51c df982a7d6cb34491a2a24edfc2ec3610 - - default default] 10.0.0.153 "GET /v2.0/ports?device_id=b36581e7-ef0b-46a0-a845-75fe7227740f HTTP/1.1" status: 200 len: 1413 time: 0.0558698
2026-07-09 18:01:44.820 9 INFO neutron.api.wsgi [None req-950f6d1a-faad-4c02-af4c-02a1f3fad678 3d0a4e806cef49efac1dd0c018aaa51c df982a7d6cb34491a2a24edfc2ec3610 - - default default] 10.0.0.51 "DELETE /v2.0/subnets/e64da245-d1c2-4850-bcda-046dc37013a3 HTTP/1.1" status: 204 len: 168 time: 0.1689813
2026-07-09 18:01:45.109 9 INFO neutron.services.segments.plugin [-] Segment 844080c5-6aab-46b2-9f58-75a8a2026ac1 resource provider aggregate not found
2026-07-09 18:01:45.113 9 INFO neutron.services.segments.plugin [-] Segment 844080c5-6aab-46b2-9f58-75a8a2026ac1 resource provider aggregate not found
2026-07-09 18:01:45.122 9 INFO neutron.services.segments.plugin [-] Segment 844080c5-6aab-46b2-9f58-75a8a2026ac1 resource provider not found; error: Placement Client Error (4xx): {"errors": [{"status": 404, "title": "Not Found", "detail": "The resource could not be found.\n\n No resource provider with uuid 844080c5-6aab-46b2-9f58-75a8a2026ac1 found for delete ", "request_id": "req-82eb9886-c08c-4bb8-bef7-7f9da7178d75"}]}
2026-07-09 18:01:45.134 9 INFO neutron.services.segments.plugin [-] Segment 844080c5-6aab-46b2-9f58-75a8a2026ac1 resource provider not found; error: Placement Client Error (4xx): {"errors": [{"status": 404, "title": "Not Found", "detail": "The resource could not be found.\n\n No resource provider with uuid 844080c5-6aab-46b2-9f58-75a8a2026ac1 found for delete ", "request_id": "req-c4a36fd6-7aaa-49e4-84b9-9bb84fe1f1da"}]}
2026-07-09 18:01:45.147 9 INFO neutron.api.wsgi [None req-f7688c28-e4cc-4ba7-a929-101b85fd4ffd 3d0a4e806cef49efac1dd0c018aaa51c df982a7d6cb34491a2a24edfc2ec3610 - - default default] 10.0.0.51 "DELETE /v2.0/networks/2f441683-2f2f-45b3-ad0a-9a94a2e3fb47 HTTP/1.1" status: 204 len: 168 time: 0.3182116
2026-07-09 18:01:45.449 10 WARNING neutron_lib.context [None req-3abcfb6d-ae67-433b-9d8f-da8b8d1060e1 05c2df400a58489aa8ecb094f5353a0f e8d172a5e2f245fe90d60dbebb775f07 - - default default] Method 'is_advsvc' is deprecated since 2023.2 release (neutron-lib 3.8.0) and will be removed once support for the old RBAC API policies will be removed from Neutron. Please use method 'is_service_role' instead.
2026-07-09 18:01:45.471 9 INFO neutron.api.wsgi [None req-57005f82-1c3b-482c-9595-26868c21fbe0 3d0a4e806cef49efac1dd0c018aaa51c df982a7d6cb34491a2a24edfc2ec3610 - - default default] 10.0.0.51 "GET /v2.0/security-groups?tenant_id=3c3e1cc7088642979503e5fe6bcd56a8&name=default HTTP/1.1" status: 200 len: 3120 time: 0.0385935
2026-07-09 18:01:45.694 10 INFO neutron.db.ovn_revision_numbers_db [None req-3abcfb6d-ae67-433b-9d8f-da8b8d1060e1 05c2df400a58489aa8ecb094f5353a0f e8d172a5e2f245fe90d60dbebb775f07 - - default default] Successfully bumped revision number for resource 1c9a0c48-5225-47f6-814d-96f8d6fe9bb6 (type: security_groups) to 1
2026-07-09 18:01:45.709 10 INFO neutron.db.ovn_revision_numbers_db [None req-3abcfb6d-ae67-433b-9d8f-da8b8d1060e1 05c2df400a58489aa8ecb094f5353a0f e8d172a5e2f245fe90d60dbebb775f07 - - default default] Successfully bumped revision number for resource 130f9ee7-05ff-4fd7-bae6-1e799a77c520 (type: security_group_rules) to 0
2026-07-09 18:01:45.725 10 INFO neutron.db.ovn_revision_numbers_db [None req-3abcfb6d-ae67-433b-9d8f-da8b8d1060e1 05c2df400a58489aa8ecb094f5353a0f e8d172a5e2f245fe90d60dbebb775f07 - - default default] Successfully bumped revision number for resource 4ef50722-00c3-43b0-a843-a721673cda37 (type: security_group_rules) to 0
2026-07-09 18:01:45.742 10 INFO neutron.db.ovn_revision_numbers_db [None req-3abcfb6d-ae67-433b-9d8f-da8b8d1060e1 05c2df400a58489aa8ecb094f5353a0f e8d172a5e2f245fe90d60dbebb775f07 - - default default] Successfully bumped revision number for resource 8893438a-446d-4e69-badd-be22fc6405a8 (type: security_group_rules) to 0
2026-07-09 18:01:45.750 10 INFO neutron.api.wsgi [None req-be7909f0-2262-4f1a-8158-fdff2fecec0c 3d0a4e806cef49efac1dd0c018aaa51c df982a7d6cb34491a2a24edfc2ec3610 - - default default] 10.0.0.51 "DELETE /v2.0/security-groups/1a6d1dbb-1a2a-4713-8a4b-737a9a7254ec HTTP/1.1" status: 204 len: 168 time: 0.2698531
2026-07-09 18:01:45.758 10 INFO neutron.db.ovn_revision_numbers_db [None req-3abcfb6d-ae67-433b-9d8f-da8b8d1060e1 05c2df400a58489aa8ecb094f5353a0f e8d172a5e2f245fe90d60dbebb775f07 - - default default] Successfully bumped revision number for resource 895eb7b6-cdd6-47e5-8201-e42272a3b7d0 (type: security_group_rules) to 0
2026-07-09 18:01:45.841 10 INFO neutron.db.segments_db [None req-3abcfb6d-ae67-433b-9d8f-da8b8d1060e1 05c2df400a58489aa8ecb094f5353a0f e8d172a5e2f245fe90d60dbebb775f07 - - default default] Added segment df24dd82-b719-428a-94c1-c702c5024049 of type geneve for network 314a653a-7e03-4631-8690-c236a0b84173
2026-07-09 18:01:45.894 9 INFO neutron.notifiers.nova [-] Nova event matching ['req-5259cdd3-ff35-4c00-acbf-296dc0895a75'] response: {'server_uuid': 'b36581e7-ef0b-46a0-a845-75fe7227740f', 'name': 'network-vif-plugged', 'status': 'completed', 'tag': 'afcc6c34-ee68-45a7-8408-ffde75581954', 'code': 200}
2026-07-09 18:01:45.962 10 INFO neutron.api.wsgi [None req-732f84fe-71b3-45ee-a350-92c8ccde4fbf 3d0a4e806cef49efac1dd0c018aaa51c df982a7d6cb34491a2a24edfc2ec3610 - - default default] 10.0.0.51 "GET /v2.0/security-groups?tenant_id=eabb39177cef4559ac336bf1759f74cc&name=default HTTP/1.1" status: 200 len: 3120 time: 0.0385480
2026-07-09 18:01:45.985 10 INFO neutron.db.ovn_revision_numbers_db [None req-3abcfb6d-ae67-433b-9d8f-da8b8d1060e1 05c2df400a58489aa8ecb094f5353a0f e8d172a5e2f245fe90d60dbebb775f07 - - default default] Successfully bumped revision number for resource 314a653a-7e03-4631-8690-c236a0b84173 (type: networks) to 1
2026-07-09 18:01:46.146 10 WARNING neutron.scheduler.dhcp_agent_scheduler [None req-3abcfb6d-ae67-433b-9d8f-da8b8d1060e1 05c2df400a58489aa8ecb094f5353a0f e8d172a5e2f245fe90d60dbebb775f07 - - default default] No more DHCP agents
2026-07-09 18:01:46.147 10 WARNING neutron.api.rpc.agentnotifiers.dhcp_rpc_agent_api [None req-3abcfb6d-ae67-433b-9d8f-da8b8d1060e1 05c2df400a58489aa8ecb094f5353a0f e8d172a5e2f245fe90d60dbebb775f07 - - default default] Unable to schedule network 314a653a-7e03-4631-8690-c236a0b84173: no agents available; will retry on subsequent port and subnet creation events.
2026-07-09 18:01:46.217 10 INFO neutron.db.ovn_revision_numbers_db [None req-3abcfb6d-ae67-433b-9d8f-da8b8d1060e1 05c2df400a58489aa8ecb094f5353a0f e8d172a5e2f245fe90d60dbebb775f07 - - default default] Successfully bumped revision number for resource 1d1ab744-73ca-4d0f-bda3-30804cd4b45b (type: ports) to 1
2026-07-09 18:01:46.227 9 INFO neutron.api.wsgi [None req-f2944c68-49be-47b8-8177-1144d44ffe20 3d0a4e806cef49efac1dd0c018aaa51c df982a7d6cb34491a2a24edfc2ec3610 - - default default] 10.0.0.51 "DELETE /v2.0/security-groups/da0408bd-e396-4194-81f4-64e72a695944 HTTP/1.1" status: 204 len: 168 time: 0.2563207
2026-07-09 18:01:46.240 10 INFO neutron.api.wsgi [None req-3abcfb6d-ae67-433b-9d8f-da8b8d1060e1 05c2df400a58489aa8ecb094f5353a0f e8d172a5e2f245fe90d60dbebb775f07 - - default default] 10.0.0.51 "POST /v2.0/networks HTTP/1.1" status: 201 len: 831 time: 1.0133872
2026-07-09 18:01:46.250 10 WARNING neutron_lib.context [None req-c64fb4ed-0ca1-4bae-93bb-7e40f04f9342 05c2df400a58489aa8ecb094f5353a0f e8d172a5e2f245fe90d60dbebb775f07 - - default default] Method 'is_advsvc' is deprecated since 2023.2 release (neutron-lib 3.8.0) and will be removed once support for the old RBAC API policies will be removed from Neutron. Please use method 'is_service_role' instead.
2026-07-09 18:01:46.491 10 WARNING neutron.scheduler.dhcp_agent_scheduler [None req-c64fb4ed-0ca1-4bae-93bb-7e40f04f9342 05c2df400a58489aa8ecb094f5353a0f e8d172a5e2f245fe90d60dbebb775f07 - - default default] No more DHCP agents
2026-07-09 18:01:46.492 10 WARNING neutron.api.rpc.agentnotifiers.dhcp_rpc_agent_api [None req-c64fb4ed-0ca1-4bae-93bb-7e40f04f9342 05c2df400a58489aa8ecb094f5353a0f e8d172a5e2f245fe90d60dbebb775f07 - - default default] Unable to schedule network 314a653a-7e03-4631-8690-c236a0b84173: no agents available; will retry on subsequent port and subnet creation events.
2026-07-09 18:01:46.566 10 INFO neutron.db.ovn_revision_numbers_db [None req-c64fb4ed-0ca1-4bae-93bb-7e40f04f9342 05c2df400a58489aa8ecb094f5353a0f e8d172a5e2f245fe90d60dbebb775f07 - - default default] Successfully bumped revision number for resource 6b456a4b-5e59-46df-925e-529df5a1ce00 (type: ports) to 1
2026-07-09 18:01:46.588 10 INFO neutron.api.wsgi [None req-c64fb4ed-0ca1-4bae-93bb-7e40f04f9342 05c2df400a58489aa8ecb094f5353a0f e8d172a5e2f245fe90d60dbebb775f07 - - default default] 10.0.0.51 "POST /v2.0/ports HTTP/1.1" status: 201 len: 942 time: 0.3426335 /var/lib/openstack/lib/python3.12/site-packages/pycadf/identifier.py:71: UserWarning: Invalid uuid: neutron. To ensure interoperability, identifiers should be a valid uuid. warnings.warn(('Invalid uuid: %s. To ensure interoperability, '
2026-07-09 18:01:46.603 10 WARNING neutron_lib.context [None req-e15c1205-b198-48a4-985c-3ce47e03dedb 05c2df400a58489aa8ecb094f5353a0f e8d172a5e2f245fe90d60dbebb775f07 - - default default] Method 'is_advsvc' is deprecated since 2023.2 release (neutron-lib 3.8.0) and will be removed once support for the old RBAC API policies will be removed from Neutron. Please use method 'is_service_role' instead.
2026-07-09 18:01:46.837 10 INFO neutron.api.wsgi [None req-e15c1205-b198-48a4-985c-3ce47e03dedb 05c2df400a58489aa8ecb094f5353a0f e8d172a5e2f245fe90d60dbebb775f07 - - default default] 10.0.0.51 "POST /v2.0/trunks HTTP/1.1" status: 201 len: 608 time: 0.2412252
2026-07-09 18:01:46.854 10 WARNING neutron_lib.context [None req-df84bf82-76c9-44ea-909d-1b67e2f150fc 05c2df400a58489aa8ecb094f5353a0f e8d172a5e2f245fe90d60dbebb775f07 - - default default] Method 'is_advsvc' is deprecated since 2023.2 release (neutron-lib 3.8.0) and will be removed once support for the old RBAC API policies will be removed from Neutron. Please use method 'is_service_role' instead.
2026-07-09 18:01:46.949 10 INFO neutron.db.segments_db [None req-df84bf82-76c9-44ea-909d-1b67e2f150fc 05c2df400a58489aa8ecb094f5353a0f e8d172a5e2f245fe90d60dbebb775f07 - - default default] Added segment d570e539-496e-40e8-8934-dfbab557d841 of type geneve for network 3a0d0720-1161-447e-a631-71603082881c
2026-07-09 18:01:47.062 10 INFO neutron.db.ovn_revision_numbers_db [None req-df84bf82-76c9-44ea-909d-1b67e2f150fc 05c2df400a58489aa8ecb094f5353a0f e8d172a5e2f245fe90d60dbebb775f07 - - default default] Successfully bumped revision number for resource 3a0d0720-1161-447e-a631-71603082881c (type: networks) to 1
2026-07-09 18:01:47.226 10 WARNING neutron.scheduler.dhcp_agent_scheduler [None req-df84bf82-76c9-44ea-909d-1b67e2f150fc 05c2df400a58489aa8ecb094f5353a0f e8d172a5e2f245fe90d60dbebb775f07 - - default default] No more DHCP agents
