2026-07-09 18:00:28.742 9 INFO neutron.services.segments.plugin [-] Segment c3427bf9-3c3a-44d5-98f3-3e8ea5145b95 resource provider not found; error: Placement Client Error (4xx): {"errors": [{"status": 404, "title": "Not Found", "detail": "The resource could not be found.\n\n No resource provider with uuid c3427bf9-3c3a-44d5-98f3-3e8ea5145b95 found for delete ", "request_id": "req-7d2f7789-072f-4f73-a8b0-e53d624e195a"}]}
2026-07-09 18:00:28.750 10 INFO neutron.api.wsgi [None req-4d0230b9-c56d-4f7f-a4a5-8599a5bbcd59 3d0a4e806cef49efac1dd0c018aaa51c df982a7d6cb34491a2a24edfc2ec3610 - - default default] 10.0.0.222 "GET /v2.0/floatingips HTTP/1.1" status: 200 len: 730 time: 0.0252206
2026-07-09 18:00:28.770 9 INFO neutron.api.wsgi [None req-e8b8219f-e2ff-408b-ab27-34c85413e43f 736f0424e96b40a3ac665c6cb6ba85c7 f3e6c37f4af04d95bf5a2c543026cf60 - - default default] 10.0.0.51 "DELETE /v2.0/networks/0c9b4879-20ae-4840-abe9-18a79e4422c4 HTTP/1.1" status: 204 len: 168 time: 0.3555460
2026-07-09 18:00:28.817 10 INFO neutron.api.wsgi [None req-e5a10e0d-0ad3-425a-9b73-208c4bd84162 3d0a4e806cef49efac1dd0c018aaa51c df982a7d6cb34491a2a24edfc2ec3610 - - default default] 10.0.0.222 "GET /v2.0/ports HTTP/1.1" status: 200 len: 19028 time: 0.0659134
2026-07-09 18:00:28.856 10 INFO neutron.db.ovn_revision_numbers_db [None req-6b529e24-d1ba-41b3-b5d3-d3b6b4b26178 - - - - - -] Successfully bumped revision number for resource c6e4be26-d343-4dfe-8fe5-f83d67e4adae (type: router_ports) to 2
2026-07-09 18:00:28.856 10 INFO neutron.plugins.ml2.drivers.ovn.mech_driver.mech_driver [None req-6b529e24-d1ba-41b3-b5d3-d3b6b4b26178 - - - - - -] OVN reports status up for port: 1275ed2c-839b-4a83-bc19-d302f9c36f5f
2026-07-09 18:00:28.864 10 INFO neutron.plugins.ml2.plugin [None req-6b529e24-d1ba-41b3-b5d3-d3b6b4b26178 - - - - - -] Attempt 1 to provision port 1275ed2c-839b-4a83-bc19-d302f9c36f5f
2026-07-09 18:00:29.098 9 INFO neutron.api.wsgi [None req-ce4f4564-4778-48ab-80bb-6ce56681a02c 736f0424e96b40a3ac665c6cb6ba85c7 f3e6c37f4af04d95bf5a2c543026cf60 - - default default] 10.0.0.51 "DELETE /v2.0/networks/e86de6e2-c43f-4d9f-9a32-614a5dfec4ba HTTP/1.1" status: 204 len: 168 time: 0.3243546
2026-07-09 18:00:29.146 9 INFO neutron.api.wsgi [None req-c32f58c7-3494-4cec-a259-08ede71df173 736f0424e96b40a3ac665c6cb6ba85c7 f3e6c37f4af04d95bf5a2c543026cf60 - - default default] 10.0.0.51 "GET /v2.0/networks HTTP/1.1" status: 200 len: 845 time: 0.0431533
2026-07-09 18:00:29.160 9 WARNING neutron_lib.context [None req-5a5aa807-9cb0-4065-8175-ad736ec2d147 736f0424e96b40a3ac665c6cb6ba85c7 f3e6c37f4af04d95bf5a2c543026cf60 - - default default] Method 'is_advsvc' is deprecated since 2023.2 release (neutron-lib 3.8.0) and will be removed once support for the old RBAC API policies will be removed from Neutron. Please use method 'is_service_role' instead.
2026-07-09 18:00:29.193 9 INFO neutron.api.wsgi [req-65d55004-2655-4411-9d41-4e61ebec383e req-4b7440c0-9ea8-4569-ade1-6bfe37194e79 c909cb98a1d34eaaa1706e3415a7f204 696e4cf8f0e04c5fb56912def173bca8 - - default default] 10.0.0.153 "GET /v2.0/ports?device_id=61ca93d4-f0ec-4d5b-ba55-730ab38f1aed HTTP/1.1" status: 200 len: 210 time: 0.0214617
2026-07-09 18:00:29.257 9 INFO neutron.db.segments_db [None req-5a5aa807-9cb0-4065-8175-ad736ec2d147 736f0424e96b40a3ac665c6cb6ba85c7 f3e6c37f4af04d95bf5a2c543026cf60 - - default default] Added segment eb8b8260-b97b-4845-a4fa-8764a6eea5b7 of type geneve for network 1ad8db38-ef0e-4c2f-9243-06617d70a8d4
2026-07-09 18:00:29.288 10 INFO neutron.db.ovn_revision_numbers_db [None req-6b529e24-d1ba-41b3-b5d3-d3b6b4b26178 - - - - - -] Successfully bumped revision number for resource 1275ed2c-839b-4a83-bc19-d302f9c36f5f (type: ports) to 2
2026-07-09 18:00:29.375 9 INFO neutron.db.ovn_revision_numbers_db [None req-5a5aa807-9cb0-4065-8175-ad736ec2d147 736f0424e96b40a3ac665c6cb6ba85c7 f3e6c37f4af04d95bf5a2c543026cf60 - - default default] Successfully bumped revision number for resource 1ad8db38-ef0e-4c2f-9243-06617d70a8d4 (type: networks) to 1
2026-07-09 18:00:29.563 9 WARNING neutron.scheduler.dhcp_agent_scheduler [None req-5a5aa807-9cb0-4065-8175-ad736ec2d147 736f0424e96b40a3ac665c6cb6ba85c7 f3e6c37f4af04d95bf5a2c543026cf60 - - default default] No more DHCP agents
2026-07-09 18:00:29.564 9 WARNING neutron.api.rpc.agentnotifiers.dhcp_rpc_agent_api [None req-5a5aa807-9cb0-4065-8175-ad736ec2d147 736f0424e96b40a3ac665c6cb6ba85c7 f3e6c37f4af04d95bf5a2c543026cf60 - - default default] Unable to schedule network 1ad8db38-ef0e-4c2f-9243-06617d70a8d4: no agents available; will retry on subsequent port and subnet creation events.
2026-07-09 18:00:29.618 9 INFO neutron.db.ovn_revision_numbers_db [None req-5a5aa807-9cb0-4065-8175-ad736ec2d147 736f0424e96b40a3ac665c6cb6ba85c7 f3e6c37f4af04d95bf5a2c543026cf60 - - default default] Successfully bumped revision number for resource 58b40d68-137d-48e1-a88c-7725a2df6229 (type: ports) to 1
2026-07-09 18:00:29.641 9 INFO neutron.api.wsgi [None req-5a5aa807-9cb0-4065-8175-ad736ec2d147 736f0424e96b40a3ac665c6cb6ba85c7 f3e6c37f4af04d95bf5a2c543026cf60 - - default default] 10.0.0.51 "POST /v2.0/networks HTTP/1.1" status: 201 len: 848 time: 0.4864929
2026-07-09 18:00:29.650 9 WARNING neutron_lib.context [None req-88f92fc1-f71f-43de-9a70-dec4107ceece 736f0424e96b40a3ac665c6cb6ba85c7 f3e6c37f4af04d95bf5a2c543026cf60 - - default default] Method 'is_advsvc' is deprecated since 2023.2 release (neutron-lib 3.8.0) and will be removed once support for the old RBAC API policies will be removed from Neutron. Please use method 'is_service_role' instead.
2026-07-09 18:00:29.722 10 WARNING neutron_lib.context [None req-81c39aa6-2a7d-4e4f-bdf6-c572abb12d01 77ba733d7a2f44a7a1657ecc26298df7 1216175e5ee744c099e086982485ce87 - - default default] Method 'is_advsvc' is deprecated since 2023.2 release (neutron-lib 3.8.0) and will be removed once support for the old RBAC API policies will be removed from Neutron. Please use method 'is_service_role' instead.
2026-07-09 18:00:29.726 9 INFO neutron.db.segments_db [None req-88f92fc1-f71f-43de-9a70-dec4107ceece 736f0424e96b40a3ac665c6cb6ba85c7 f3e6c37f4af04d95bf5a2c543026cf60 - - default default] Added segment e05fe2ba-9afd-4883-9f6e-f1db5ee6ba8d of type geneve for network dfbd71b6-59b8-4092-bc4e-62b7241f8dd2
2026-07-09 18:00:29.845 9 INFO neutron.db.ovn_revision_numbers_db [None req-88f92fc1-f71f-43de-9a70-dec4107ceece 736f0424e96b40a3ac665c6cb6ba85c7 f3e6c37f4af04d95bf5a2c543026cf60 - - default default] Successfully bumped revision number for resource dfbd71b6-59b8-4092-bc4e-62b7241f8dd2 (type: networks) to 1
2026-07-09 18:00:29.853 10 INFO neutron.db.ovn_revision_numbers_db [None req-81c39aa6-2a7d-4e4f-bdf6-c572abb12d01 77ba733d7a2f44a7a1657ecc26298df7 1216175e5ee744c099e086982485ce87 - - default default] Successfully bumped revision number for resource f2ce8031-2295-4caa-931b-4930bb52fde6 (type: security_groups) to 1
2026-07-09 18:00:29.865 10 INFO neutron.db.ovn_revision_numbers_db [None req-81c39aa6-2a7d-4e4f-bdf6-c572abb12d01 77ba733d7a2f44a7a1657ecc26298df7 1216175e5ee744c099e086982485ce87 - - default default] Successfully bumped revision number for resource 1c14f4ee-15a4-436b-896d-9b57e2b1d3f5 (type: security_group_rules) to 0
2026-07-09 18:00:29.878 10 INFO neutron.db.ovn_revision_numbers_db [None req-81c39aa6-2a7d-4e4f-bdf6-c572abb12d01 77ba733d7a2f44a7a1657ecc26298df7 1216175e5ee744c099e086982485ce87 - - default default] Successfully bumped revision number for resource 678c6031-d7b7-4d5f-b97e-2c015d8a0550 (type: security_group_rules) to 0
2026-07-09 18:00:29.888 10 INFO neutron.db.ovn_revision_numbers_db [None req-81c39aa6-2a7d-4e4f-bdf6-c572abb12d01 77ba733d7a2f44a7a1657ecc26298df7 1216175e5ee744c099e086982485ce87 - - default default] Successfully bumped revision number for resource 67d50500-9347-4e0f-acba-63bb74b5ea1c (type: security_group_rules) to 0
2026-07-09 18:00:29.902 10 INFO neutron.db.ovn_revision_numbers_db [None req-81c39aa6-2a7d-4e4f-bdf6-c572abb12d01 77ba733d7a2f44a7a1657ecc26298df7 1216175e5ee744c099e086982485ce87 - - default default] Successfully bumped revision number for resource a56d916e-d733-4d13-ab40-cbe32ed48c9c (type: security_group_rules) to 0
2026-07-09 18:00:29.982 10 INFO neutron.db.segments_db [None req-81c39aa6-2a7d-4e4f-bdf6-c572abb12d01 77ba733d7a2f44a7a1657ecc26298df7 1216175e5ee744c099e086982485ce87 - - default default] Added segment 3c47428d-26ea-45af-8ffe-05f67cc46a3b of type geneve for network 255043bf-e8c9-4dc2-b7bf-e314c33012f5
2026-07-09 18:00:29.996 9 WARNING neutron.scheduler.dhcp_agent_scheduler [None req-88f92fc1-f71f-43de-9a70-dec4107ceece 736f0424e96b40a3ac665c6cb6ba85c7 f3e6c37f4af04d95bf5a2c543026cf60 - - default default] No more DHCP agents
2026-07-09 18:00:29.997 9 WARNING neutron.api.rpc.agentnotifiers.dhcp_rpc_agent_api [None req-88f92fc1-f71f-43de-9a70-dec4107ceece 736f0424e96b40a3ac665c6cb6ba85c7 f3e6c37f4af04d95bf5a2c543026cf60 - - default default] Unable to schedule network dfbd71b6-59b8-4092-bc4e-62b7241f8dd2: no agents available; will retry on subsequent port and subnet creation events.
2026-07-09 18:00:30.064 9 INFO neutron.db.ovn_revision_numbers_db [None req-88f92fc1-f71f-43de-9a70-dec4107ceece 736f0424e96b40a3ac665c6cb6ba85c7 f3e6c37f4af04d95bf5a2c543026cf60 - - default default] Successfully bumped revision number for resource d4180347-2013-4e14-9e95-5f9c402a8164 (type: ports) to 1
2026-07-09 18:00:30.085 10 INFO neutron.api.wsgi [req-956ff443-7746-4b47-bd34-f9e3b6ca236d req-3e2d63c3-9f66-443b-addc-f9d0f779c709 dceb1aff0f84414791e5544351ab2b87 e209a62b94834fb0a2ba7f7b8568eded - - default default] 199.19.213.95 "GET /v2.0/networks?id=bdbefae4-ea83-40db-9883-bad6be944377 HTTP/1.1" status: 200 len: 903 time: 0.0615242
2026-07-09 18:00:30.087 9 INFO neutron.api.wsgi [None req-88f92fc1-f71f-43de-9a70-dec4107ceece 736f0424e96b40a3ac665c6cb6ba85c7 f3e6c37f4af04d95bf5a2c543026cf60 - - default default] 10.0.0.51 "POST /v2.0/networks HTTP/1.1" status: 201 len: 847 time: 0.4410217
2026-07-09 18:00:30.095 9 WARNING neutron_lib.context [None req-36fc3546-e280-4b67-af82-f721856d9893 736f0424e96b40a3ac665c6cb6ba85c7 f3e6c37f4af04d95bf5a2c543026cf60 - - default default] Method 'is_advsvc' is deprecated since 2023.2 release (neutron-lib 3.8.0) and will be removed once support for the old RBAC API policies will be removed from Neutron. Please use method 'is_service_role' instead.
2026-07-09 18:00:30.118 9 WARNING neutron_lib.context [None req-36fc3546-e280-4b67-af82-f721856d9893 736f0424e96b40a3ac665c6cb6ba85c7 f3e6c37f4af04d95bf5a2c543026cf60 - - default default] Method 'is_advsvc' is deprecated since 2023.2 release (neutron-lib 3.8.0) and will be removed once support for the old RBAC API policies will be removed from Neutron. Please use method 'is_service_role' instead.
2026-07-09 18:00:30.131 10 INFO neutron.api.wsgi [req-956ff443-7746-4b47-bd34-f9e3b6ca236d req-17670e15-8cf3-4f35-9fb7-3c983fc9ea1a dceb1aff0f84414791e5544351ab2b87 e209a62b94834fb0a2ba7f7b8568eded - - default default] 199.19.213.95 "GET /v2.0/security-groups?fields=id&fields=name&tenant_id=e209a62b94834fb0a2ba7f7b8568eded HTTP/1.1" status: 200 len: 377 time: 0.0418832
2026-07-09 18:00:30.132 10 INFO neutron.db.ovn_revision_numbers_db [None req-81c39aa6-2a7d-4e4f-bdf6-c572abb12d01 77ba733d7a2f44a7a1657ecc26298df7 1216175e5ee744c099e086982485ce87 - - default default] Successfully bumped revision number for resource 255043bf-e8c9-4dc2-b7bf-e314c33012f5 (type: networks) to 1
2026-07-09 18:00:30.138 10 WARNING neutron_lib.context [req-956ff443-7746-4b47-bd34-f9e3b6ca236d req-2bd75d35-77f7-4afd-ac15-54fde2fb731a dceb1aff0f84414791e5544351ab2b87 e209a62b94834fb0a2ba7f7b8568eded - - default default] Method 'is_advsvc' is deprecated since 2023.2 release (neutron-lib 3.8.0) and will be removed once support for the old RBAC API policies will be removed from Neutron. Please use method 'is_service_role' instead.
2026-07-09 18:00:30.300 10 INFO neutron.api.wsgi [req-62606287-a1e4-4dda-91eb-71f3db29c43b req-1bc6e02b-b17c-4f04-866f-68c7395d1e1d c909cb98a1d34eaaa1706e3415a7f204 696e4cf8f0e04c5fb56912def173bca8 - - default default] 10.0.0.153 "GET /v2.0/ports?device_id=61ca93d4-f0ec-4d5b-ba55-730ab38f1aed HTTP/1.1" status: 200 len: 210 time: 0.0227530
2026-07-09 18:00:30.336 10 WARNING neutron.scheduler.dhcp_agent_scheduler [None req-81c39aa6-2a7d-4e4f-bdf6-c572abb12d01 77ba733d7a2f44a7a1657ecc26298df7 1216175e5ee744c099e086982485ce87 - - default default] No more DHCP agents
2026-07-09 18:00:30.339 10 WARNING neutron.api.rpc.agentnotifiers.dhcp_rpc_agent_api [None req-81c39aa6-2a7d-4e4f-bdf6-c572abb12d01 77ba733d7a2f44a7a1657ecc26298df7 1216175e5ee744c099e086982485ce87 - - default default] Unable to schedule network 255043bf-e8c9-4dc2-b7bf-e314c33012f5: no agents available; will retry on subsequent port and subnet creation events.
2026-07-09 18:00:30.424 10 INFO neutron.db.ovn_revision_numbers_db [None req-81c39aa6-2a7d-4e4f-bdf6-c572abb12d01 77ba733d7a2f44a7a1657ecc26298df7 1216175e5ee744c099e086982485ce87 - - default default] Successfully bumped revision number for resource 60ad7396-c5f6-4227-9522-6063c1e93441 (type: ports) to 1
2026-07-09 18:00:30.462 10 INFO neutron.api.wsgi [None req-81c39aa6-2a7d-4e4f-bdf6-c572abb12d01 77ba733d7a2f44a7a1657ecc26298df7 1216175e5ee744c099e086982485ce87 - - default default] 10.0.0.51 "POST /v2.0/networks HTTP/1.1" status: 201 len: 830 time: 0.8332393 /var/lib/openstack/lib/python3.12/site-packages/pycadf/identifier.py:71: UserWarning: Invalid uuid: neutron. To ensure interoperability, identifiers should be a valid uuid. warnings.warn(('Invalid uuid: %s. To ensure interoperability, '
2026-07-09 18:00:30.472 10 WARNING neutron_lib.context [None req-9732dfea-f63d-4871-83a4-b45d38be20f2 77ba733d7a2f44a7a1657ecc26298df7 1216175e5ee744c099e086982485ce87 - - default default] Method 'is_advsvc' is deprecated since 2023.2 release (neutron-lib 3.8.0) and will be removed once support for the old RBAC API policies will be removed from Neutron. Please use method 'is_service_role' instead.
2026-07-09 18:00:30.524 10 WARNING neutron.scheduler.dhcp_agent_scheduler [req-956ff443-7746-4b47-bd34-f9e3b6ca236d req-2bd75d35-77f7-4afd-ac15-54fde2fb731a dceb1aff0f84414791e5544351ab2b87 e209a62b94834fb0a2ba7f7b8568eded - - default default] No more DHCP agents
2026-07-09 18:00:30.526 10 WARNING neutron.api.rpc.agentnotifiers.dhcp_rpc_agent_api [req-956ff443-7746-4b47-bd34-f9e3b6ca236d req-2bd75d35-77f7-4afd-ac15-54fde2fb731a dceb1aff0f84414791e5544351ab2b87 e209a62b94834fb0a2ba7f7b8568eded - - default default] Unable to schedule network bdbefae4-ea83-40db-9883-bad6be944377: no agents available; will retry on subsequent port and subnet creation events.
2026-07-09 18:00:30.569 9 WARNING neutron.scheduler.dhcp_agent_scheduler [None req-36fc3546-e280-4b67-af82-f721856d9893 736f0424e96b40a3ac665c6cb6ba85c7 f3e6c37f4af04d95bf5a2c543026cf60 - - default default] No more DHCP agents
2026-07-09 18:00:30.571 9 WARNING neutron.api.rpc.agentnotifiers.dhcp_rpc_agent_api [None req-36fc3546-e280-4b67-af82-f721856d9893 736f0424e96b40a3ac665c6cb6ba85c7 f3e6c37f4af04d95bf5a2c543026cf60 - - default default] Unable to schedule network 1ad8db38-ef0e-4c2f-9243-06617d70a8d4: no agents available; will retry on subsequent port and subnet creation events.
2026-07-09 18:00:30.593 10 INFO neutron.db.segments_db [None req-9732dfea-f63d-4871-83a4-b45d38be20f2 77ba733d7a2f44a7a1657ecc26298df7 1216175e5ee744c099e086982485ce87 - - default default] Added segment 82d43234-9481-4f29-9681-c6192cc4c459 of type geneve for network f44a58e2-ebba-45c0-8527-4e8e1431baa9
2026-07-09 18:00:30.644 9 INFO neutron.db.ovn_revision_numbers_db [None req-36fc3546-e280-4b67-af82-f721856d9893 736f0424e96b40a3ac665c6cb6ba85c7 f3e6c37f4af04d95bf5a2c543026cf60 - - default default] Successfully bumped revision number for resource 6962db8e-0858-4c98-ad2e-a899628410a0 (type: ports) to 1
2026-07-09 18:00:30.705 9 WARNING neutron.scheduler.dhcp_agent_scheduler [None req-36fc3546-e280-4b67-af82-f721856d9893 736f0424e96b40a3ac665c6cb6ba85c7 f3e6c37f4af04d95bf5a2c543026cf60 - - default default] No more DHCP agents
2026-07-09 18:00:30.706 9 WARNING neutron.api.rpc.agentnotifiers.dhcp_rpc_agent_api [None req-36fc3546-e280-4b67-af82-f721856d9893 736f0424e96b40a3ac665c6cb6ba85c7 f3e6c37f4af04d95bf5a2c543026cf60 - - default default] Unable to schedule network dfbd71b6-59b8-4092-bc4e-62b7241f8dd2: no agents available; will retry on subsequent port and subnet creation events.
2026-07-09 18:00:30.752 10 INFO neutron.db.ovn_revision_numbers_db [req-956ff443-7746-4b47-bd34-f9e3b6ca236d req-2bd75d35-77f7-4afd-ac15-54fde2fb731a dceb1aff0f84414791e5544351ab2b87 e209a62b94834fb0a2ba7f7b8568eded - - default default] Successfully bumped revision number for resource 3dfa1c3d-f33c-4f9c-a418-f1c8773a8413 (type: ports) to 1
2026-07-09 18:00:30.752 9 INFO neutron.services.segments.plugin [-] Segment e14fdadd-dad5-45c7-9af9-9bae6b312aca resource provider aggregate not found
2026-07-09 18:00:30.768 9 INFO neutron.services.segments.plugin [-] Segment e14fdadd-dad5-45c7-9af9-9bae6b312aca resource provider not found; error: Placement Client Error (4xx): {"errors": [{"status": 404, "title": "Not Found", "detail": "The resource could not be found.\n\n No resource provider with uuid e14fdadd-dad5-45c7-9af9-9bae6b312aca found for delete ", "request_id": "req-0e1c3a70-1db7-4088-acf7-c398aaa142c6"}]}
2026-07-09 18:00:30.772 9 INFO neutron.db.ovn_revision_numbers_db [None req-36fc3546-e280-4b67-af82-f721856d9893 736f0424e96b40a3ac665c6cb6ba85c7 f3e6c37f4af04d95bf5a2c543026cf60 - - default default] Successfully bumped revision number for resource 7a531b53-61ba-4038-aa15-f6e030f61dae (type: ports) to 1
2026-07-09 18:00:30.782 9 INFO neutron.services.segments.plugin [-] Segment e14fdadd-dad5-45c7-9af9-9bae6b312aca resource provider aggregate not found
2026-07-09 18:00:30.783 10 INFO neutron.db.ovn_revision_numbers_db [None req-9732dfea-f63d-4871-83a4-b45d38be20f2 77ba733d7a2f44a7a1657ecc26298df7 1216175e5ee744c099e086982485ce87 - - default default] Successfully bumped revision number for resource f44a58e2-ebba-45c0-8527-4e8e1431baa9 (type: networks) to 1
2026-07-09 18:00:30.788 10 INFO neutron.api.wsgi [req-956ff443-7746-4b47-bd34-f9e3b6ca236d req-2bd75d35-77f7-4afd-ac15-54fde2fb731a dceb1aff0f84414791e5544351ab2b87 e209a62b94834fb0a2ba7f7b8568eded - - default default] 199.19.213.95 "POST /v2.0/ports HTTP/1.1" status: 201 len: 1380 time: 0.6539435
2026-07-09 18:00:30.794 9 INFO neutron.api.wsgi [None req-36fc3546-e280-4b67-af82-f721856d9893 736f0424e96b40a3ac665c6cb6ba85c7 f3e6c37f4af04d95bf5a2c543026cf60 - - default default] 10.0.0.51 "POST /v2.0/ports HTTP/1.1" status: 201 len: 1706 time: 0.7020376 /var/lib/openstack/lib/python3.12/site-packages/pycadf/identifier.py:71: UserWarning: Invalid uuid: neutron. To ensure interoperability, identifiers should be a valid uuid. warnings.warn(('Invalid uuid: %s. To ensure interoperability, '
2026-07-09 18:00:30.800 9 INFO neutron.services.segments.plugin [-] Segment e14fdadd-dad5-45c7-9af9-9bae6b312aca resource provider not found; error: Placement Client Error (4xx): {"errors": [{"status": 404, "title": "Not Found", "detail": "The resource could not be found.\n\n No resource provider with uuid e14fdadd-dad5-45c7-9af9-9bae6b312aca found for delete ", "request_id": "req-787c3809-e0e4-4959-8b45-4b05003403b9"}]} /var/lib/openstack/lib/python3.12/site-packages/pycadf/identifier.py:71: UserWarning: Invalid uuid: neutron. To ensure interoperability, identifiers should be a valid uuid. warnings.warn(('Invalid uuid: %s. To ensure interoperability, '
2026-07-09 18:00:30.887 9 INFO neutron.api.wsgi [req-b249b08a-6090-4f91-adf9-cb22024593f6 req-3db8705c-0b4d-47ab-ae8c-29b41cfbfe62 dceb1aff0f84414791e5544351ab2b87 e209a62b94834fb0a2ba7f7b8568eded - - default default] 10.0.0.153 "GET /v2.0/ports?device_id=042f43e3-1f4d-4099-bb52-fd2170a5cf41 HTTP/1.1" status: 200 len: 1378 time: 0.0789135
2026-07-09 18:00:30.896 9 INFO neutron.api.wsgi [None req-5cd71dad-3d42-45bb-a958-4e64fb807e85 736f0424e96b40a3ac665c6cb6ba85c7 f3e6c37f4af04d95bf5a2c543026cf60 - - default default] 10.0.0.51 "GET /v2.0/ports HTTP/1.1" status: 200 len: 3213 time: 0.0975223
2026-07-09 18:00:30.941 9 INFO neutron.api.wsgi [req-b249b08a-6090-4f91-adf9-cb22024593f6 req-927c1f71-97cc-4227-95cc-3b1b0fd364dc dceb1aff0f84414791e5544351ab2b87 e209a62b94834fb0a2ba7f7b8568eded - - default default] 10.0.0.153 "GET /v2.0/security-groups?id=6e5a3ff4-fa6d-4b8a-84ee-3eb6a3ca84ee&fields=id&fields=name HTTP/1.1" status: 200 len: 310 time: 0.0447288
2026-07-09 18:00:30.975 10 WARNING neutron.scheduler.dhcp_agent_scheduler [None req-9732dfea-f63d-4871-83a4-b45d38be20f2 77ba733d7a2f44a7a1657ecc26298df7 1216175e5ee744c099e086982485ce87 - - default default] No more DHCP agents
2026-07-09 18:00:30.977 10 WARNING neutron.api.rpc.agentnotifiers.dhcp_rpc_agent_api [None req-9732dfea-f63d-4871-83a4-b45d38be20f2 77ba733d7a2f44a7a1657ecc26298df7 1216175e5ee744c099e086982485ce87 - - default default] Unable to schedule network f44a58e2-ebba-45c0-8527-4e8e1431baa9: no agents available; will retry on subsequent port and subnet creation events.
2026-07-09 18:00:31.050 10 INFO neutron.db.ovn_revision_numbers_db [None req-9732dfea-f63d-4871-83a4-b45d38be20f2 77ba733d7a2f44a7a1657ecc26298df7 1216175e5ee744c099e086982485ce87 - - default default] Successfully bumped revision number for resource e0819746-7d2c-4608-96e5-effd5d2e03e5 (type: ports) to 1
2026-07-09 18:00:31.075 10 INFO neutron.api.wsgi [None req-9732dfea-f63d-4871-83a4-b45d38be20f2 77ba733d7a2f44a7a1657ecc26298df7 1216175e5ee744c099e086982485ce87 - - default default] 10.0.0.51 "POST /v2.0/networks HTTP/1.1" status: 201 len: 831 time: 0.6069791 /var/lib/openstack/lib/python3.12/site-packages/pycadf/identifier.py:71: UserWarning: Invalid uuid: neutron. To ensure interoperability, identifiers should be a valid uuid. warnings.warn(('Invalid uuid: %s. To ensure interoperability, '
2026-07-09 18:00:31.087 10 WARNING neutron_lib.context [None req-4279847f-61b2-4d7e-ab35-41fd820b1c4d 77ba733d7a2f44a7a1657ecc26298df7 1216175e5ee744c099e086982485ce87 - - default default] Method 'is_advsvc' is deprecated since 2023.2 release (neutron-lib 3.8.0) and will be removed once support for the old RBAC API policies will be removed from Neutron. Please use method 'is_service_role' instead.
2026-07-09 18:00:31.105 9 INFO neutron.api.wsgi [None req-b00c4004-df02-40cb-9aa1-f81c2890a9a7 736f0424e96b40a3ac665c6cb6ba85c7 f3e6c37f4af04d95bf5a2c543026cf60 - - default default] 10.0.0.51 "DELETE /v2.0/ports/6962db8e-0858-4c98-ad2e-a899628410a0 HTTP/1.1" status: 204 len: 168 time: 0.2033849
2026-07-09 18:00:31.188 10 INFO neutron.db.segments_db [None req-4279847f-61b2-4d7e-ab35-41fd820b1c4d 77ba733d7a2f44a7a1657ecc26298df7 1216175e5ee744c099e086982485ce87 - - default default] Added segment bc0df6cb-8f14-4eb9-9276-175d275435c9 of type geneve for network ec653426-3858-4df8-aa32-6acb39ef3292
2026-07-09 18:00:31.213 10 INFO neutron.db.ovn_revision_numbers_db [req-956ff443-7746-4b47-bd34-f9e3b6ca236d req-5b32e649-78c9-4915-ae8c-1cdb7b3b8608 222cd1e9578443fdae09d6f4ffb0dd42 cd3cc71ffae94598b89e9d21d8b4c5b7 - - 98e1159022044bc0a3d9ba4ffbefa336 98e1159022044bc0a3d9ba4ffbefa336] Successfully bumped revision number for resource 3dfa1c3d-f33c-4f9c-a418-f1c8773a8413 (type: ports) to 2
2026-07-09 18:00:31.318 10 INFO neutron.db.ovn_revision_numbers_db [None req-4279847f-61b2-4d7e-ab35-41fd820b1c4d 77ba733d7a2f44a7a1657ecc26298df7 1216175e5ee744c099e086982485ce87 - - default default] Successfully bumped revision number for resource ec653426-3858-4df8-aa32-6acb39ef3292 (type: networks) to 1
2026-07-09 18:00:31.330 9 INFO neutron.api.wsgi [None req-9e9c49ec-906b-45b6-8069-4f7707d718b6 736f0424e96b40a3ac665c6cb6ba85c7 f3e6c37f4af04d95bf5a2c543026cf60 - - default default] 10.0.0.51 "DELETE /v2.0/ports/7a531b53-61ba-4038-aa15-f6e030f61dae HTTP/1.1" status: 204 len: 168 time: 0.2199450
2026-07-09 18:00:31.376 9 INFO neutron.api.wsgi [None req-36fc39fc-b9fc-4f83-a27d-7d21d94eca81 736f0424e96b40a3ac665c6cb6ba85c7 f3e6c37f4af04d95bf5a2c543026cf60 - - default default] 10.0.0.51 "GET /v2.0/ports HTTP/1.1" status: 200 len: 1718 time: 0.0380473
2026-07-09 18:00:31.386 9 WARNING neutron_lib.context [None req-ab685e30-77ba-410b-b3e8-2c4b83013b0c 736f0424e96b40a3ac665c6cb6ba85c7 f3e6c37f4af04d95bf5a2c543026cf60 - - default default] Method 'is_advsvc' is deprecated since 2023.2 release (neutron-lib 3.8.0) and will be removed once support for the old RBAC API policies will be removed from Neutron. Please use method 'is_service_role' instead.
2026-07-09 18:00:31.470 9 INFO neutron.db.segments_db [None req-ab685e30-77ba-410b-b3e8-2c4b83013b0c 736f0424e96b40a3ac665c6cb6ba85c7 f3e6c37f4af04d95bf5a2c543026cf60 - - default default] Added segment 2a2536cd-7b8d-4360-97fe-03ee8f625183 of type geneve for network a1e3a2e1-5f28-4c07-bbe4-f2d186f42c7a
2026-07-09 18:00:31.557 10 INFO neutron.db.ovn_revision_numbers_db [req-956ff443-7746-4b47-bd34-f9e3b6ca236d req-5b32e649-78c9-4915-ae8c-1cdb7b3b8608 222cd1e9578443fdae09d6f4ffb0dd42 cd3cc71ffae94598b89e9d21d8b4c5b7 - - 98e1159022044bc0a3d9ba4ffbefa336 98e1159022044bc0a3d9ba4ffbefa336] Successfully bumped revision number for resource 3dfa1c3d-f33c-4f9c-a418-f1c8773a8413 (type: ports) to 4
2026-07-09 18:00:31.576 10 INFO neutron.api.wsgi [req-956ff443-7746-4b47-bd34-f9e3b6ca236d req-5b32e649-78c9-4915-ae8c-1cdb7b3b8608 222cd1e9578443fdae09d6f4ffb0dd42 cd3cc71ffae94598b89e9d21d8b4c5b7 - - 98e1159022044bc0a3d9ba4ffbefa336 98e1159022044bc0a3d9ba4ffbefa336] 199.19.213.95 "PUT /v2.0/ports/3dfa1c3d-f33c-4f9c-a418-f1c8773a8413 HTTP/1.1" status: 200 len: 1625 time: 0.7814527
2026-07-09 18:00:31.592 10 WARNING neutron.scheduler.dhcp_agent_scheduler [None req-4279847f-61b2-4d7e-ab35-41fd820b1c4d 77ba733d7a2f44a7a1657ecc26298df7 1216175e5ee744c099e086982485ce87 - - default default] No more DHCP agents
2026-07-09 18:00:31.595 10 WARNING neutron.api.rpc.agentnotifiers.dhcp_rpc_agent_api [None req-4279847f-61b2-4d7e-ab35-41fd820b1c4d 77ba733d7a2f44a7a1657ecc26298df7 1216175e5ee744c099e086982485ce87 - - default default] Unable to schedule network ec653426-3858-4df8-aa32-6acb39ef3292: no agents available; will retry on subsequent port and subnet creation events.
2026-07-09 18:00:31.596 9 INFO neutron.db.ovn_revision_numbers_db [None req-ab685e30-77ba-410b-b3e8-2c4b83013b0c 736f0424e96b40a3ac665c6cb6ba85c7 f3e6c37f4af04d95bf5a2c543026cf60 - - default default] Successfully bumped revision number for resource a1e3a2e1-5f28-4c07-bbe4-f2d186f42c7a (type: networks) to 1
2026-07-09 18:00:31.607 10 INFO neutron.notifiers.nova [-] Nova event matching ['req-23434fda-fa59-4629-94e0-24ee08b28626'] response: {'name': 'network-changed', 'server_uuid': '042f43e3-1f4d-4099-bb52-fd2170a5cf41', 'tag': '3dfa1c3d-f33c-4f9c-a418-f1c8773a8413', 'status': 'completed', 'code': 200}
2026-07-09 18:00:31.612 10 INFO neutron.api.wsgi [None req-a6740826-abb7-4903-af5b-e49ceb6b0f0e c909cb98a1d34eaaa1706e3415a7f204 696e4cf8f0e04c5fb56912def173bca8 - - default default] 10.0.0.51 "DELETE /v2.0/security-groups/ee936b8e-f83f-4316-83ec-4b25cef9c55b HTTP/1.1" status: 204 len: 168 time: 0.2591705 /var/lib/openstack/lib/python3.12/site-packages/pycadf/identifier.py:71: UserWarning: Invalid uuid: neutron. To ensure interoperability, identifiers should be a valid uuid. warnings.warn(('Invalid uuid: %s. To ensure interoperability, '
2026-07-09 18:00:31.665 10 INFO neutron.db.ovn_revision_numbers_db [None req-4279847f-61b2-4d7e-ab35-41fd820b1c4d 77ba733d7a2f44a7a1657ecc26298df7 1216175e5ee744c099e086982485ce87 - - default default] Successfully bumped revision number for resource 8d743c11-fb5d-41ba-8755-f9b5126ac872 (type: ports) to 1
2026-07-09 18:00:31.693 10 INFO neutron.api.wsgi [None req-4279847f-61b2-4d7e-ab35-41fd820b1c4d 77ba733d7a2f44a7a1657ecc26298df7 1216175e5ee744c099e086982485ce87 - - default default] 10.0.0.51 "POST /v2.0/networks HTTP/1.1" status: 201 len: 830 time: 0.6124585
2026-07-09 18:00:31.703 10 WARNING neutron_lib.context [None req-f2246c8a-2c17-448c-8132-3303b5644f81 77ba733d7a2f44a7a1657ecc26298df7 1216175e5ee744c099e086982485ce87 - - default default] Method 'is_advsvc' is deprecated since 2023.2 release (neutron-lib 3.8.0) and will be removed once support for the old RBAC API policies will be removed from Neutron. Please use method 'is_service_role' instead.
2026-07-09 18:00:31.764 9 WARNING neutron.scheduler.dhcp_agent_scheduler [None req-ab685e30-77ba-410b-b3e8-2c4b83013b0c 736f0424e96b40a3ac665c6cb6ba85c7 f3e6c37f4af04d95bf5a2c543026cf60 - - default default] No more DHCP agents
2026-07-09 18:00:31.765 9 WARNING neutron.api.rpc.agentnotifiers.dhcp_rpc_agent_api [None req-ab685e30-77ba-410b-b3e8-2c4b83013b0c 736f0424e96b40a3ac665c6cb6ba85c7 f3e6c37f4af04d95bf5a2c543026cf60 - - default default] Unable to schedule network a1e3a2e1-5f28-4c07-bbe4-f2d186f42c7a: no agents available; will retry on subsequent port and subnet creation events.
2026-07-09 18:00:31.792 10 INFO neutron.db.segments_db [None req-f2246c8a-2c17-448c-8132-3303b5644f81 77ba733d7a2f44a7a1657ecc26298df7 1216175e5ee744c099e086982485ce87 - - default default] Added segment 314ee1f2-acf3-41ee-9a6d-71d264f76531 of type geneve for network bc13a8f7-d464-436d-9454-76165d5267c9
2026-07-09 18:00:31.839 9 INFO neutron.db.ovn_revision_numbers_db [None req-ab685e30-77ba-410b-b3e8-2c4b83013b0c 736f0424e96b40a3ac665c6cb6ba85c7 f3e6c37f4af04d95bf5a2c543026cf60 - - default default] Successfully bumped revision number for resource 60073b21-3f49-45d4-a666-4c3cf1adec5f (type: ports) to 1
2026-07-09 18:00:31.860 9 INFO neutron.api.wsgi [None req-ab685e30-77ba-410b-b3e8-2c4b83013b0c 736f0424e96b40a3ac665c6cb6ba85c7 f3e6c37f4af04d95bf5a2c543026cf60 - - default default] 10.0.0.51 "POST /v2.0/networks HTTP/1.1" status: 201 len: 849 time: 0.4775362
2026-07-09 18:00:31.872 9 WARNING neutron_lib.context [None req-bdac5f2f-199f-42a9-9d51-73a16ea7e84a 736f0424e96b40a3ac665c6cb6ba85c7 f3e6c37f4af04d95bf5a2c543026cf60 - - default default] Method 'is_advsvc' is deprecated since 2023.2 release (neutron-lib 3.8.0) and will be removed once support for the old RBAC API policies will be removed from Neutron. Please use method 'is_service_role' instead.
2026-07-09 18:00:31.951 10 INFO neutron.db.ovn_revision_numbers_db [None req-f2246c8a-2c17-448c-8132-3303b5644f81 77ba733d7a2f44a7a1657ecc26298df7 1216175e5ee744c099e086982485ce87 - - default default] Successfully bumped revision number for resource bc13a8f7-d464-436d-9454-76165d5267c9 (type: networks) to 1
2026-07-09 18:00:31.962 9 INFO neutron.db.segments_db [None req-bdac5f2f-199f-42a9-9d51-73a16ea7e84a 736f0424e96b40a3ac665c6cb6ba85c7 f3e6c37f4af04d95bf5a2c543026cf60 - - default default] Added segment c774b886-dbaf-42c4-82c0-cd5ce9603a96 of type geneve for network b52f9fc9-02c7-478c-94f8-57c645dd327c
2026-07-09 18:00:32.010 10 INFO neutron.api.wsgi [None req-0a9c777c-b75e-466e-a742-11a02716be6a c909cb98a1d34eaaa1706e3415a7f204 696e4cf8f0e04c5fb56912def173bca8 - - default default] 10.0.0.51 "DELETE /v2.0/floatingips/90dccfa9-7a5a-46f1-8dd1-c327011c8d07 HTTP/1.1" status: 204 len: 168 time: 0.3658323
2026-07-09 18:00:32.079 9 INFO neutron.db.ovn_revision_numbers_db [None req-bdac5f2f-199f-42a9-9d51-73a16ea7e84a 736f0424e96b40a3ac665c6cb6ba85c7 f3e6c37f4af04d95bf5a2c543026cf60 - - default default] Successfully bumped revision number for resource b52f9fc9-02c7-478c-94f8-57c645dd327c (type: networks) to 1
2026-07-09 18:00:32.121 10 WARNING neutron.scheduler.dhcp_agent_scheduler [None req-f2246c8a-2c17-448c-8132-3303b5644f81 77ba733d7a2f44a7a1657ecc26298df7 1216175e5ee744c099e086982485ce87 - - default default] No more DHCP agents
2026-07-09 18:00:32.123 10 WARNING neutron.api.rpc.agentnotifiers.dhcp_rpc_agent_api [None req-f2246c8a-2c17-448c-8132-3303b5644f81 77ba733d7a2f44a7a1657ecc26298df7 1216175e5ee744c099e086982485ce87 - - default default] Unable to schedule network bc13a8f7-d464-436d-9454-76165d5267c9: no agents available; will retry on subsequent port and subnet creation events.
2026-07-09 18:00:32.206 10 INFO neutron.api.wsgi [req-e336f082-b98a-4b5f-a72d-4bf00051a2fb req-f0416279-3f1a-4477-857a-6309db8293b2 222cd1e9578443fdae09d6f4ffb0dd42 cd3cc71ffae94598b89e9d21d8b4c5b7 - - 98e1159022044bc0a3d9ba4ffbefa336 98e1159022044bc0a3d9ba4ffbefa336] 199.19.213.95 "GET /v2.0/ports?tenant_id=e209a62b94834fb0a2ba7f7b8568eded&device_id=042f43e3-1f4d-4099-bb52-fd2170a5cf41 HTTP/1.1" status: 200 len: 1628 time: 0.0734913
2026-07-09 18:00:32.219 10 INFO neutron.api.wsgi [req-170d7684-e47c-488c-b03d-1834ebba940f req-60986566-e98b-408e-af49-b44da5f4c04a c909cb98a1d34eaaa1706e3415a7f204 696e4cf8f0e04c5fb56912def173bca8 - - default default] 10.0.0.153 "GET /v2.0/ports?device_id=684fb321-0bbe-4628-a5cc-779db541cccb HTTP/1.1" status: 200 len: 1170 time: 0.0725727
2026-07-09 18:00:32.231 9 WARNING neutron.scheduler.dhcp_agent_scheduler [None req-bdac5f2f-199f-42a9-9d51-73a16ea7e84a 736f0424e96b40a3ac665c6cb6ba85c7 f3e6c37f4af04d95bf5a2c543026cf60 - - default default] No more DHCP agents
2026-07-09 18:00:32.232 9 WARNING neutron.api.rpc.agentnotifiers.dhcp_rpc_agent_api [None req-bdac5f2f-199f-42a9-9d51-73a16ea7e84a 736f0424e96b40a3ac665c6cb6ba85c7 f3e6c37f4af04d95bf5a2c543026cf60 - - default default] Unable to schedule network b52f9fc9-02c7-478c-94f8-57c645dd327c: no agents available; will retry on subsequent port and subnet creation events.
2026-07-09 18:00:32.274 10 INFO neutron.db.ovn_revision_numbers_db [None req-f2246c8a-2c17-448c-8132-3303b5644f81 77ba733d7a2f44a7a1657ecc26298df7 1216175e5ee744c099e086982485ce87 - - default default] Successfully bumped revision number for resource 6c5d5427-e8d6-43c3-8b37-73ad7a48b94b (type: ports) to 1
2026-07-09 18:00:32.302 9 INFO neutron.db.ovn_revision_numbers_db [None req-bdac5f2f-199f-42a9-9d51-73a16ea7e84a 736f0424e96b40a3ac665c6cb6ba85c7 f3e6c37f4af04d95bf5a2c543026cf60 - - default default] Successfully bumped revision number for resource 8d5bdad0-7345-490e-9f99-011bf1087af3 (type: ports) to 1
2026-07-09 18:00:32.315 10 INFO neutron.api.wsgi [req-170d7684-e47c-488c-b03d-1834ebba940f req-87016786-f917-40c0-803d-52602b5daa1d c909cb98a1d34eaaa1706e3415a7f204 696e4cf8f0e04c5fb56912def173bca8 - - default default] 10.0.0.153 "GET /v2.0/security-groups?id=d7da7add-fd61-4eb4-9402-776b21c68e89&fields=id&fields=name HTTP/1.1" status: 200 len: 313 time: 0.0871098
2026-07-09 18:00:32.322 10 INFO neutron.api.wsgi [req-e336f082-b98a-4b5f-a72d-4bf00051a2fb req-a2b21eaf-eb2a-46c0-8c9b-68f89ce45ffe 222cd1e9578443fdae09d6f4ffb0dd42 cd3cc71ffae94598b89e9d21d8b4c5b7 - - 98e1159022044bc0a3d9ba4ffbefa336 98e1159022044bc0a3d9ba4ffbefa336] 199.19.213.95 "GET /v2.0/networks?tenant_id=e209a62b94834fb0a2ba7f7b8568eded&shared=False HTTP/1.1" status: 200 len: 2583 time: 0.1082604
2026-07-09 18:00:32.326 10 INFO neutron.api.wsgi [None req-f2246c8a-2c17-448c-8132-3303b5644f81 77ba733d7a2f44a7a1657ecc26298df7 1216175e5ee744c099e086982485ce87 - - default default] 10.0.0.51 "POST /v2.0/networks HTTP/1.1" status: 201 len: 830 time: 0.6268792
2026-07-09 18:00:32.325 9 INFO neutron.api.wsgi [None req-bdac5f2f-199f-42a9-9d51-73a16ea7e84a 736f0424e96b40a3ac665c6cb6ba85c7 f3e6c37f4af04d95bf5a2c543026cf60 - - default default] 10.0.0.51 "POST /v2.0/networks HTTP/1.1" status: 201 len: 849 time: 0.4590986
2026-07-09 18:00:32.342 9 WARNING neutron_lib.context [None req-56a2aad7-4c1a-4106-b31c-c8faf6a9778f 77ba733d7a2f44a7a1657ecc26298df7 1216175e5ee744c099e086982485ce87 - - default default] Method 'is_advsvc' is deprecated since 2023.2 release (neutron-lib 3.8.0) and will be removed once support for the old RBAC API policies will be removed from Neutron. Please use method 'is_service_role' instead.
2026-07-09 18:00:32.364 9 WARNING neutron_lib.context [None req-8f700e84-b3c8-4c61-bf11-6b120f117760 736f0424e96b40a3ac665c6cb6ba85c7 f3e6c37f4af04d95bf5a2c543026cf60 - - default default] Method 'is_advsvc' is deprecated since 2023.2 release (neutron-lib 3.8.0) and will be removed once support for the old RBAC API policies will be removed from Neutron. Please use method 'is_service_role' instead.
2026-07-09 18:00:32.379 10 INFO neutron.api.wsgi [req-e336f082-b98a-4b5f-a72d-4bf00051a2fb req-f7d5d1ed-2484-4b09-bf28-34897b63c258 222cd1e9578443fdae09d6f4ffb0dd42 cd3cc71ffae94598b89e9d21d8b4c5b7 - - 98e1159022044bc0a3d9ba4ffbefa336 98e1159022044bc0a3d9ba4ffbefa336] 199.19.213.95 "GET /v2.0/networks?shared=True HTTP/1.1" status: 200 len: 952 time: 0.0496333
2026-07-09 18:00:32.399 9 WARNING neutron_lib.context [None req-8f700e84-b3c8-4c61-bf11-6b120f117760 736f0424e96b40a3ac665c6cb6ba85c7 f3e6c37f4af04d95bf5a2c543026cf60 - - default default] Method 'is_advsvc' is deprecated since 2023.2 release (neutron-lib 3.8.0) and will be removed once support for the old RBAC API policies will be removed from Neutron. Please use method 'is_service_role' instead.
2026-07-09 18:00:32.445 9 INFO neutron.db.segments_db [None req-56a2aad7-4c1a-4106-b31c-c8faf6a9778f 77ba733d7a2f44a7a1657ecc26298df7 1216175e5ee744c099e086982485ce87 - - default default] Added segment f0db466e-e9db-402b-b2cb-52f5b190b404 of type geneve for network d4d0771b-b2ae-46ce-a571-cf51f138ef68
2026-07-09 18:00:32.579 9 INFO neutron.db.ovn_revision_numbers_db [None req-56a2aad7-4c1a-4106-b31c-c8faf6a9778f 77ba733d7a2f44a7a1657ecc26298df7 1216175e5ee744c099e086982485ce87 - - default default] Successfully bumped revision number for resource d4d0771b-b2ae-46ce-a571-cf51f138ef68 (type: networks) to 1
2026-07-09 18:00:32.719 9 WARNING neutron.scheduler.dhcp_agent_scheduler [None req-8f700e84-b3c8-4c61-bf11-6b120f117760 736f0424e96b40a3ac665c6cb6ba85c7 f3e6c37f4af04d95bf5a2c543026cf60 - - default default] No more DHCP agents
2026-07-09 18:00:32.720 9 WARNING neutron.api.rpc.agentnotifiers.dhcp_rpc_agent_api [None req-8f700e84-b3c8-4c61-bf11-6b120f117760 736f0424e96b40a3ac665c6cb6ba85c7 f3e6c37f4af04d95bf5a2c543026cf60 - - default default] Unable to schedule network a1e3a2e1-5f28-4c07-bbe4-f2d186f42c7a: no agents available; will retry on subsequent port and subnet creation events.
2026-07-09 18:00:32.762 9 WARNING neutron.scheduler.dhcp_agent_scheduler [None req-56a2aad7-4c1a-4106-b31c-c8faf6a9778f 77ba733d7a2f44a7a1657ecc26298df7 1216175e5ee744c099e086982485ce87 - - default default] No more DHCP agents
2026-07-09 18:00:32.764 9 WARNING neutron.api.rpc.agentnotifiers.dhcp_rpc_agent_api [None req-56a2aad7-4c1a-4106-b31c-c8faf6a9778f 77ba733d7a2f44a7a1657ecc26298df7 1216175e5ee744c099e086982485ce87 - - default default] Unable to schedule network d4d0771b-b2ae-46ce-a571-cf51f138ef68: no agents available; will retry on subsequent port and subnet creation events.
2026-07-09 18:00:32.860 9 INFO neutron.db.ovn_revision_numbers_db [None req-56a2aad7-4c1a-4106-b31c-c8faf6a9778f 77ba733d7a2f44a7a1657ecc26298df7 1216175e5ee744c099e086982485ce87 - - default default] Successfully bumped revision number for resource b8ab1745-bcba-488e-b8d4-269d3e600249 (type: ports) to 1
2026-07-09 18:00:32.885 9 INFO neutron.api.wsgi [None req-56a2aad7-4c1a-4106-b31c-c8faf6a9778f 77ba733d7a2f44a7a1657ecc26298df7 1216175e5ee744c099e086982485ce87 - - default default] 10.0.0.51 "POST /v2.0/networks HTTP/1.1" status: 201 len: 830 time: 0.5484045
2026-07-09 18:00:32.928 10 INFO neutron.api.wsgi [None req-4d4c95e9-8172-4e8c-afb3-18c79fb33c51 77ba733d7a2f44a7a1657ecc26298df7 1216175e5ee744c099e086982485ce87 - - default default] 10.0.0.51 "PUT /v2.0/networks/255043bf-e8c9-4dc2-b7bf-e314c33012f5/tags HTTP/1.1" status: 200 len: 210 time: 0.0376048
2026-07-09 18:00:32.970 10 INFO neutron.api.wsgi [None req-b0974c8c-1aef-4dff-afa3-97053a92865d 77ba733d7a2f44a7a1657ecc26298df7 1216175e5ee744c099e086982485ce87 - - default default] 10.0.0.51 "PUT /v2.0/networks/f44a58e2-ebba-45c0-8527-4e8e1431baa9/tags HTTP/1.1" status: 200 len: 218 time: 0.0362916
2026-07-09 18:00:33.012 10 INFO neutron.api.wsgi [None req-3d4718b6-6ee3-46a3-b86e-189067696b48 77ba733d7a2f44a7a1657ecc26298df7 1216175e5ee744c099e086982485ce87 - - default default] 10.0.0.51 "PUT /v2.0/networks/ec653426-3858-4df8-aa32-6acb39ef3292/tags HTTP/1.1" status: 200 len: 227 time: 0.0367370
2026-07-09 18:00:33.054 9 INFO neutron.api.wsgi [None req-04221e69-affb-419a-a25e-36a22966e022 77ba733d7a2f44a7a1657ecc26298df7 1216175e5ee744c099e086982485ce87 - - default default] 10.0.0.51 "PUT /v2.0/networks/bc13a8f7-d464-436d-9454-76165d5267c9/tags HTTP/1.1" status: 200 len: 212 time: 0.0363250
2026-07-09 18:00:33.107 9 INFO neutron.api.wsgi [None req-d897cb14-5f69-4150-b890-fc403486de81 77ba733d7a2f44a7a1657ecc26298df7 1216175e5ee744c099e086982485ce87 - - default default] 10.0.0.51 "GET /v2.0/networks?tags=red HTTP/1.1" status: 200 len: 2068 time: 0.0461130
2026-07-09 18:00:33.155 9 INFO neutron.api.wsgi [None req-066dc68b-4542-4d06-b138-98f706d00db9 77ba733d7a2f44a7a1657ecc26298df7 1216175e5ee744c099e086982485ce87 - - default default] 10.0.0.51 "GET /v2.0/networks?tags=red%2Cblue HTTP/1.1" status: 200 len: 1456 time: 0.0447712
2026-07-09 18:00:33.208 9 INFO neutron.api.wsgi [None req-2b6bf671-c62c-4366-8cb2-1415a4b26e44 77ba733d7a2f44a7a1657ecc26298df7 1216175e5ee744c099e086982485ce87 - - default default] 10.0.0.51 "GET /v2.0/networks?tags-any=blue HTTP/1.1" status: 200 len: 1456 time: 0.0473759
2026-07-09 18:00:33.251 9 INFO neutron.api.wsgi [None req-de5cc985-0aad-44d7-8eec-b197a9f2f7f2 77ba733d7a2f44a7a1657ecc26298df7 1216175e5ee744c099e086982485ce87 - - default default] 10.0.0.51 "GET /v2.0/networks?tags-any=red%2Cblue HTTP/1.1" status: 200 len: 2068 time: 0.0379353
2026-07-09 18:00:33.276 9 INFO neutron.db.ovn_revision_numbers_db [None req-7034e20c-b77a-4346-b20f-6e617d95654b - - - - - -] Successfully bumped revision number for resource 60073b21-3f49-45d4-a666-4c3cf1adec5f (type: ports) to 2
2026-07-09 18:00:33.312 9 INFO neutron.api.wsgi [None req-32066ab5-d993-402b-accd-134e74f9404d 77ba733d7a2f44a7a1657ecc26298df7 1216175e5ee744c099e086982485ce87 - - default default] 10.0.0.51 "GET /v2.0/networks?not-tags=red HTTP/1.1" status: 200 len: 2067 time: 0.0548170
2026-07-09 18:00:33.312 9 INFO neutron.db.ovn_revision_numbers_db [None req-7034e20c-b77a-4346-b20f-6e617d95654b - - - - - -] Successfully bumped revision number for resource 6d8d22ea-3a31-4ebd-b9e9-a1e30b33c507 (type: subnets) to 0
2026-07-09 18:00:33.362 9 WARNING neutron.scheduler.dhcp_agent_scheduler [None req-8f700e84-b3c8-4c61-bf11-6b120f117760 736f0424e96b40a3ac665c6cb6ba85c7 f3e6c37f4af04d95bf5a2c543026cf60 - - default default] No more DHCP agents
2026-07-09 18:00:33.364 9 WARNING neutron.api.rpc.agentnotifiers.dhcp_rpc_agent_api [None req-8f700e84-b3c8-4c61-bf11-6b120f117760 736f0424e96b40a3ac665c6cb6ba85c7 f3e6c37f4af04d95bf5a2c543026cf60 - - default default] Unable to schedule network b52f9fc9-02c7-478c-94f8-57c645dd327c: no agents available; will retry on subsequent port and subnet creation events.
2026-07-09 18:00:33.373 9 INFO neutron.api.wsgi [None req-1f5de9fd-7ef0-495a-ab5b-fca32774915e 77ba733d7a2f44a7a1657ecc26298df7 1216175e5ee744c099e086982485ce87 - - default default] 10.0.0.51 "GET /v2.0/networks?not-tags=red%2Cblue HTTP/1.1" status: 200 len: 2679 time: 0.0571570
2026-07-09 18:00:33.437 10 INFO neutron.api.wsgi [req-956ff443-7746-4b47-bd34-f9e3b6ca236d req-ee1d91b6-ca09-4d43-bc46-4ed5df8b122a 222cd1e9578443fdae09d6f4ffb0dd42 cd3cc71ffae94598b89e9d21d8b4c5b7 - - 98e1159022044bc0a3d9ba4ffbefa336 98e1159022044bc0a3d9ba4ffbefa336] 199.19.213.95 "GET /v2.0/ports?tenant_id=e209a62b94834fb0a2ba7f7b8568eded&device_id=042f43e3-1f4d-4099-bb52-fd2170a5cf41 HTTP/1.1" status: 200 len: 1628 time: 0.0373373
2026-07-09 18:00:33.451 9 INFO neutron.api.wsgi [req-3788e1fc-0c1f-4eaf-b4b5-d72882240c0d req-04bf7acb-05fa-46a7-81ec-c1ad532d01d0 c909cb98a1d34eaaa1706e3415a7f204 696e4cf8f0e04c5fb56912def173bca8 - - default default] 10.0.0.153 "GET /v2.0/ports?device_id=684fb321-0bbe-4628-a5cc-779db541cccb HTTP/1.1" status: 200 len: 1170 time: 0.0710833
2026-07-09 18:00:33.464 10 INFO neutron.api.wsgi [req-956ff443-7746-4b47-bd34-f9e3b6ca236d req-45e979d0-0bb1-4440-bb19-2458a14f8814 222cd1e9578443fdae09d6f4ffb0dd42 cd3cc71ffae94598b89e9d21d8b4c5b7 - - 98e1159022044bc0a3d9ba4ffbefa336 98e1159022044bc0a3d9ba4ffbefa336] 199.19.213.95 "GET /v2.0/floatingips?fixed_ip_address=10.2.1.3&port_id=3dfa1c3d-f33c-4f9c-a418-f1c8773a8413 HTTP/1.1" status: 200 len: 217 time: 0.0205247
2026-07-09 18:00:33.497 10 INFO neutron.api.wsgi [req-956ff443-7746-4b47-bd34-f9e3b6ca236d req-6442abb1-c6e0-4d5e-b1ba-cb434114090c 222cd1e9578443fdae09d6f4ffb0dd42 cd3cc71ffae94598b89e9d21d8b4c5b7 - - 98e1159022044bc0a3d9ba4ffbefa336 98e1159022044bc0a3d9ba4ffbefa336] 199.19.213.95 "GET /v2.0/floatingips?fixed_ip_address=fd7b%3Af9f7%3Afff%3A4eca%3A%3A3c2&port_id=3dfa1c3d-f33c-4f9c-a418-f1c8773a8413 HTTP/1.1" status: 200 len: 217 time: 0.0276115
2026-07-09 18:00:33.512 10 INFO neutron.api.wsgi [None req-7dfd43d7-a89d-4354-b80c-b74e062e1d42 77ba733d7a2f44a7a1657ecc26298df7 1216175e5ee744c099e086982485ce87 - - default default] 10.0.0.51 "GET /v2.0/networks?not-tags-any=blue HTTP/1.1" status: 200 len: 2679 time: 0.1317835
2026-07-09 18:00:33.528 9 INFO neutron.api.wsgi [req-3788e1fc-0c1f-4eaf-b4b5-d72882240c0d req-a6457c88-f279-45b7-bcc3-48f2ef5f7580 c909cb98a1d34eaaa1706e3415a7f204 696e4cf8f0e04c5fb56912def173bca8 - - default default] 10.0.0.153 "GET /v2.0/security-groups?id=d7da7add-fd61-4eb4-9402-776b21c68e89&fields=id&fields=name HTTP/1.1" status: 200 len: 313 time: 0.0664010
2026-07-09 18:00:33.558 10 INFO neutron.api.wsgi [req-956ff443-7746-4b47-bd34-f9e3b6ca236d req-54067c25-d388-4934-b154-8de88f59df0f 222cd1e9578443fdae09d6f4ffb0dd42 cd3cc71ffae94598b89e9d21d8b4c5b7 - - 98e1159022044bc0a3d9ba4ffbefa336 98e1159022044bc0a3d9ba4ffbefa336] 199.19.213.95 "GET /v2.0/subnets?id=993cf700-4361-4539-98ba-7effcfa7342a&id=833d16a1-9c0a-4eb0-a319-9c8e42a67369 HTTP/1.1" status: 200 len: 1610 time: 0.0558376
2026-07-09 18:00:33.580 10 INFO neutron.api.wsgi [req-956ff443-7746-4b47-bd34-f9e3b6ca236d req-64a4cedc-43eb-4ee8-8bcb-2206171f30e5 222cd1e9578443fdae09d6f4ffb0dd42 cd3cc71ffae94598b89e9d21d8b4c5b7 - - 98e1159022044bc0a3d9ba4ffbefa336 98e1159022044bc0a3d9ba4ffbefa336] 199.19.213.95 "GET /v2.0/ports?network_id=bdbefae4-ea83-40db-9883-bad6be944377&device_owner=network%3Adhcp HTTP/1.1" status: 200 len: 210 time: 0.0171471
2026-07-09 18:00:33.602 10 INFO neutron.api.wsgi [None req-06e3192a-4694-49e3-b1e5-996e5c03a4b7 77ba733d7a2f44a7a1657ecc26298df7 1216175e5ee744c099e086982485ce87 - - default default] 10.0.0.51 "GET /v2.0/networks?not-tags-any=red%2Cblue HTTP/1.1" status: 200 len: 2067 time: 0.0833390
2026-07-09 18:00:33.614 10 INFO neutron.api.wsgi [req-956ff443-7746-4b47-bd34-f9e3b6ca236d req-aa4bdba7-70b9-4edb-8483-cf40640143e8 222cd1e9578443fdae09d6f4ffb0dd42 cd3cc71ffae94598b89e9d21d8b4c5b7 - - 98e1159022044bc0a3d9ba4ffbefa336 98e1159022044bc0a3d9ba4ffbefa336] 199.19.213.95 "GET /v2.0/ports?network_id=bdbefae4-ea83-40db-9883-bad6be944377&device_owner=network%3Adhcp HTTP/1.1" status: 200 len: 210 time: 0.0264714
2026-07-09 18:00:33.668 10 INFO neutron.api.wsgi [req-956ff443-7746-4b47-bd34-f9e3b6ca236d req-f34a271a-823e-4d7c-81b4-09b42455d5fb 222cd1e9578443fdae09d6f4ffb0dd42 cd3cc71ffae94598b89e9d21d8b4c5b7 - - 98e1159022044bc0a3d9ba4ffbefa336 98e1159022044bc0a3d9ba4ffbefa336] 199.19.213.95 "GET /v2.0/networks/bdbefae4-ea83-40db-9883-bad6be944377?fields=segments HTTP/1.1" status: 200 len: 212 time: 0.0472801
2026-07-09 18:00:33.719 10 INFO neutron.api.wsgi [req-956ff443-7746-4b47-bd34-f9e3b6ca236d req-c65b90bd-df63-4044-8699-7bc5648eb241 222cd1e9578443fdae09d6f4ffb0dd42 cd3cc71ffae94598b89e9d21d8b4c5b7 - - 98e1159022044bc0a3d9ba4ffbefa336 98e1159022044bc0a3d9ba4ffbefa336] 199.19.213.95 "GET /v2.0/networks/bdbefae4-ea83-40db-9883-bad6be944377?fields=provider%3Aphysical_network&fields=provider%3Anetwork_type HTTP/1.1" status: 200 len: 277 time: 0.0452633
2026-07-09 18:00:33.830 9 INFO neutron.db.ovn_revision_numbers_db [None req-502255ba-37cc-4ede-bc35-15349c11815a - - - - - -] Successfully bumped revision number for resource 8d5bdad0-7345-490e-9f99-011bf1087af3 (type: ports) to 2
2026-07-09 18:00:33.857 9 INFO neutron.db.ovn_revision_numbers_db [None req-502255ba-37cc-4ede-bc35-15349c11815a - - - - - -] Successfully bumped revision number for resource 69ca9f4c-1402-47f9-a889-87569f4cebe4 (type: subnets) to 0
2026-07-09 18:00:33.878 9 INFO neutron.api.wsgi [None req-8f700e84-b3c8-4c61-bf11-6b120f117760 736f0424e96b40a3ac665c6cb6ba85c7 f3e6c37f4af04d95bf5a2c543026cf60 - - default default] 10.0.0.51 "POST /v2.0/subnets HTTP/1.1" status: 201 len: 1474 time: 1.5200794
2026-07-09 18:00:33.926 10 INFO neutron.services.segments.plugin [-] Segment 3c47428d-26ea-45af-8ffe-05f67cc46a3b resource provider aggregate not found
2026-07-09 18:00:33.930 10 INFO neutron.services.segments.plugin [-] Segment 3c47428d-26ea-45af-8ffe-05f67cc46a3b resource provider aggregate not found
2026-07-09 18:00:33.943 10 INFO neutron.services.segments.plugin [-] Segment 3c47428d-26ea-45af-8ffe-05f67cc46a3b resource provider not found; error: Placement Client Error (4xx): {"errors": [{"status": 404, "title": "Not Found", "detail": "The resource could not be found.\n\n No resource provider with uuid 3c47428d-26ea-45af-8ffe-05f67cc46a3b found for delete ", "request_id": "req-cc2bc5eb-8bb7-46b7-a2a9-9e4d79255873"}]}
2026-07-09 18:00:33.953 10 INFO neutron.api.wsgi [None req-0a9146f3-b478-4b04-bbb2-68b58def97a1 736f0424e96b40a3ac665c6cb6ba85c7 f3e6c37f4af04d95bf5a2c543026cf60 - - default default] 10.0.0.51 "GET /v2.0/subnets HTTP/1.1" status: 200 len: 2105 time: 0.0702021
