File "/var/lib/openstack/lib/python3.12/site-packages/ovsdbapp/backend/ovs_idl/__init__.py", line 235, in _lookup
2026-07-09 17:59:31.768 10 ERROR ovsdbapp.backend.ovs_idl.command row = idlutils.row_by_value(self, rl.table, rl.column, record)
2026-07-09 17:59:31.768 10 ERROR ovsdbapp.backend.ovs_idl.command ^^^^^^^^^^^^^^^^^^^^^^^^^^^^^^^^^^^^^^^^^^^^^^^^^^^^^^^^
2026-07-09 17:59:31.768 10 ERROR ovsdbapp.backend.ovs_idl.command
File "/var/lib/openstack/lib/python3.12/site-packages/ovsdbapp/backend/ovs_idl/idlutils.py", line 114, in row_by_value
2026-07-09 17:59:31.768 10 ERROR ovsdbapp.backend.ovs_idl.command raise RowNotFound(table=table, col=column, match=match)
2026-07-09 17:59:31.768 10 ERROR ovsdbapp.backend.ovs_idl.command ovsdbapp.backend.ovs_idl.idlutils.RowNotFound: Cannot find Logical_Switch_Port with name=6e2ce386-dcee-4833-af09-594084faa94e
2026-07-09 17:59:31.768 10 ERROR ovsdbapp.backend.ovs_idl.command
2026-07-09 17:59:31.770 10 ERROR ovsdbapp.event [None req-3ace829c-d43a-4d60-94ef-93eee168e50e - - - - - -] Unexpected exception in notify_loop: ovsdbapp.backend.ovs_idl.idlutils.RowNotFound: Cannot find Logical_Switch_Port with name=6e2ce386-dcee-4833-af09-594084faa94e
2026-07-09 17:59:31.770 10 ERROR ovsdbapp.event
Traceback (most recent call last):
2026-07-09 17:59:31.770 10 ERROR ovsdbapp.event
File "/var/lib/openstack/lib/python3.12/site-packages/ovsdbapp/event.py", line 177, in notify_loop
2026-07-09 17:59:31.770 10 ERROR ovsdbapp.event match.run(event, row, updates)
2026-07-09 17:59:31.770 10 ERROR ovsdbapp.event
File "/var/lib/openstack/lib/python3.12/site-packages/neutron/plugins/ml2/drivers/ovn/mech_driver/ovsdb/ovsdb_monitor.py", line 542, in run
2026-07-09 17:59:31.770 10 ERROR ovsdbapp.event self.driver.set_port_status_down(row.name)
2026-07-09 17:59:31.770 10 ERROR ovsdbapp.event
File "/var/lib/openstack/lib/python3.12/site-packages/neutron/plugins/ml2/drivers/ovn/mech_driver/mech_driver.py", line 1332, in set_port_status_down
2026-07-09 17:59:31.770 10 ERROR ovsdbapp.event self._ovn_client.update_lsp_host_info(
2026-07-09 17:59:31.770 10 ERROR ovsdbapp.event
File "/var/lib/openstack/lib/python3.12/site-packages/neutron/plugins/ml2/drivers/ovn/mech_driver/ovsdb/ovn_client.py", line 314, in update_lsp_host_info
2026-07-09 17:59:31.770 10 ERROR ovsdbapp.event port_up = self._nb_idl.lsp_get_up(db_port.id).execute(
2026-07-09 17:59:31.770 10 ERROR ovsdbapp.event ^^^^^^^^^^^^^^^^^^^^^^^^^^^^^^^^^^^^^^^^^^^^
2026-07-09 17:59:31.770 10 ERROR ovsdbapp.event
File "/var/lib/openstack/lib/python3.12/site-packages/ovsdbapp/backend/ovs_idl/command.py", line 47, in execute
2026-07-09 17:59:31.770 10 ERROR ovsdbapp.event self.run_idl(None)
2026-07-09 17:59:31.770 10 ERROR ovsdbapp.event
File "/var/lib/openstack/lib/python3.12/site-packages/ovsdbapp/schema/ovn_northbound/commands.py", line 679, in run_idl
2026-07-09 17:59:31.770 10 ERROR ovsdbapp.event lsp = self.api.lookup('Logical_Switch_Port', self.port)
2026-07-09 17:59:31.770 10 ERROR ovsdbapp.event ^^^^^^^^^^^^^^^^^^^^^^^^^^^^^^^^^^^^^^^^^^^^^^^^^
2026-07-09 17:59:31.770 10 ERROR ovsdbapp.event
File "/var/lib/openstack/lib/python3.12/site-packages/ovsdbapp/backend/ovs_idl/__init__.py", line 184, in lookup
2026-07-09 17:59:31.770 10 ERROR ovsdbapp.event return self._lookup(table, record)
2026-07-09 17:59:31.770 10 ERROR ovsdbapp.event ^^^^^^^^^^^^^^^^^^^^^^^^^^^
2026-07-09 17:59:31.770 10 ERROR ovsdbapp.event
File "/var/lib/openstack/lib/python3.12/site-packages/ovsdbapp/backend/ovs_idl/__init__.py", line 235, in _lookup
2026-07-09 17:59:31.770 10 ERROR ovsdbapp.event row = idlutils.row_by_value(self, rl.table, rl.column, record)
2026-07-09 17:59:31.770 10 ERROR ovsdbapp.event ^^^^^^^^^^^^^^^^^^^^^^^^^^^^^^^^^^^^^^^^^^^^^^^^^^^^^^^^
2026-07-09 17:59:31.770 10 ERROR ovsdbapp.event
File "/var/lib/openstack/lib/python3.12/site-packages/ovsdbapp/backend/ovs_idl/idlutils.py", line 114, in row_by_value
2026-07-09 17:59:31.770 10 ERROR ovsdbapp.event raise RowNotFound(table=table, col=column, match=match)
2026-07-09 17:59:31.770 10 ERROR ovsdbapp.event ovsdbapp.backend.ovs_idl.idlutils.RowNotFound: Cannot find Logical_Switch_Port with name=6e2ce386-dcee-4833-af09-594084faa94e
2026-07-09 17:59:31.770 10 ERROR ovsdbapp.event
2026-07-09 17:59:31.777 10 INFO neutron.api.wsgi [None req-90c1f5e3-66ab-4f63-900e-f0f5a815cbf2 3d0a4e806cef49efac1dd0c018aaa51c df982a7d6cb34491a2a24edfc2ec3610 - - default default] 10.0.0.51 "GET /v2.0/security-groups?tenant_id=e087c5642a9744f8b535e0ba2088f202&name=default HTTP/1.1" status: 200 len: 3120 time: 0.4679708
2026-07-09 17:59:31.819 10 INFO neutron.api.wsgi [req-9466164c-4665-48ce-9533-b374352ad41a req-3c6c74b3-8cf0-4ce3-a45e-b74105187228 0741a2ed56674886a5e8fcb76765dbae 057de55725cf4b129cf73beec8f45a42 - - default default] 10.0.0.153 "GET /v2.0/ports?device_id=e2588748-a9c1-4635-9076-b13a7656360f HTTP/1.1" status: 200 len: 210 time: 0.0189443
2026-07-09 17:59:31.862 9 INFO neutron.api.wsgi [req-11a6382e-d45e-401d-aa0d-1772691fb7f6 req-12562e2b-1b9a-47a9-9b82-6f0639149a05 c909cb98a1d34eaaa1706e3415a7f204 696e4cf8f0e04c5fb56912def173bca8 - - default default] 10.0.0.153 "GET /v2.0/ports?device_id=684fb321-0bbe-4628-a5cc-779db541cccb HTTP/1.1" status: 200 len: 210 time: 0.0194180
2026-07-09 17:59:31.977 10 INFO neutron.api.wsgi [None req-b366a6a3-9611-4af1-ae6d-f0940c98ef0a 3d0a4e806cef49efac1dd0c018aaa51c df982a7d6cb34491a2a24edfc2ec3610 - - default default] 10.0.0.51 "DELETE /v2.0/security-groups/f0e0c557-eba7-43d4-a6e9-0c2298d0d426 HTTP/1.1" status: 204 len: 168 time: 0.1953201
2026-07-09 17:59:32.052 9 INFO neutron.api.wsgi [None req-4436056e-3ab5-4de3-9274-13481b71336d 6a020b3410a243d792ff5c43e17abc42 8e9e89b2365e4ff79b4c44e4e9597c5a - - default default] 10.0.0.51 "DELETE /v2.0/networks/1ee184f1-6151-4e50-9409-493f0f6ad71c HTTP/1.1" status: 204 len: 168 time: 0.5568979
2026-07-09 17:59:32.362 10 INFO neutron.services.segments.plugin [-] Segment d809f1a8-7abc-4f97-bd7c-bc86d60bc94c resource provider aggregate not found
2026-07-09 17:59:32.367 10 INFO neutron.services.segments.plugin [-] Segment d809f1a8-7abc-4f97-bd7c-bc86d60bc94c resource provider aggregate not found
2026-07-09 17:59:32.374 10 INFO neutron.services.segments.plugin [-] Segment d809f1a8-7abc-4f97-bd7c-bc86d60bc94c resource provider not found; error: Placement Client Error (4xx): {"errors": [{"status": 404, "title": "Not Found", "detail": "The resource could not be found.\n\n No resource provider with uuid d809f1a8-7abc-4f97-bd7c-bc86d60bc94c found for delete ", "request_id": "req-e570f8ad-ca5e-492d-8dd3-595cabb7b2eb"}]}
2026-07-09 17:59:32.379 10 INFO neutron.services.segments.plugin [-] Segment d809f1a8-7abc-4f97-bd7c-bc86d60bc94c resource provider not found; error: Placement Client Error (4xx): {"errors": [{"status": 404, "title": "Not Found", "detail": "The resource could not be found.\n\n No resource provider with uuid d809f1a8-7abc-4f97-bd7c-bc86d60bc94c found for delete ", "request_id": "req-817dc691-57bf-4bb1-b442-c5385bc365e1"}]}
2026-07-09 17:59:32.893 10 INFO neutron.api.wsgi [req-fce63d06-88ee-4f03-b773-d72b5f626374 req-c463debd-ec95-42e3-b3f8-c5c66cc38816 0741a2ed56674886a5e8fcb76765dbae 057de55725cf4b129cf73beec8f45a42 - - default default] 10.0.0.153 "GET /v2.0/ports?device_id=e2588748-a9c1-4635-9076-b13a7656360f HTTP/1.1" status: 200 len: 210 time: 0.0169113
2026-07-09 17:59:32.909 9 WARNING neutron.plugins.ml2.drivers.ovn.mech_driver.ovsdb.ovn_client [None req-017c68d3-6cb4-4f83-a85d-fb71450755d4 - - - - - -] No hosting information found for port ac977847-1479-4c70-926e-37d527dc3099: RuntimeError: No hosting information found for port ac977847-1479-4c70-926e-37d527dc3099
2026-07-09 17:59:32.937 9 INFO neutron.api.wsgi [req-73f3a704-7f5b-420d-b699-a52975c78771 req-cb170b0d-5826-4456-8302-ca3f8b6bb7e5 c909cb98a1d34eaaa1706e3415a7f204 696e4cf8f0e04c5fb56912def173bca8 - - default default] 10.0.0.153 "GET /v2.0/ports?device_id=684fb321-0bbe-4628-a5cc-779db541cccb HTTP/1.1" status: 200 len: 210 time: 0.0127940
2026-07-09 17:59:32.974 9 INFO neutron.db.ovn_revision_numbers_db [None req-017c68d3-6cb4-4f83-a85d-fb71450755d4 - - - - - -] Successfully bumped revision number for resource ac977847-1479-4c70-926e-37d527dc3099 (type: router_ports) to 2
2026-07-09 17:59:33.080 10 INFO neutron.db.ovn_revision_numbers_db [None req-a371484c-2b1e-479d-9466-a01deaa129de 3d0a4e806cef49efac1dd0c018aaa51c df982a7d6cb34491a2a24edfc2ec3610 - - default default] Successfully bumped revision number for resource b4f3d5ef-a1b7-4416-9a94-335c159a5e28 (type: security_groups) to 1
2026-07-09 17:59:33.110 10 INFO neutron.db.ovn_revision_numbers_db [None req-a371484c-2b1e-479d-9466-a01deaa129de 3d0a4e806cef49efac1dd0c018aaa51c df982a7d6cb34491a2a24edfc2ec3610 - - default default] Successfully bumped revision number for resource 0cf52d01-0f6e-4bbe-b298-2b6d99fa22be (type: security_group_rules) to 0
2026-07-09 17:59:33.125 10 INFO neutron.db.ovn_revision_numbers_db [None req-a371484c-2b1e-479d-9466-a01deaa129de 3d0a4e806cef49efac1dd0c018aaa51c df982a7d6cb34491a2a24edfc2ec3610 - - default default] Successfully bumped revision number for resource 8ed91c4b-4262-4814-8df7-26902315947f (type: security_group_rules) to 0
2026-07-09 17:59:33.144 9 INFO neutron.services.segments.plugin [-] Segment da571025-917f-410e-ab6f-a7363be0d222 resource provider aggregate not found
2026-07-09 17:59:33.151 9 INFO neutron.services.segments.plugin [-] Segment da571025-917f-410e-ab6f-a7363be0d222 resource provider aggregate not found
2026-07-09 17:59:33.160 10 INFO neutron.db.ovn_revision_numbers_db [None req-a371484c-2b1e-479d-9466-a01deaa129de 3d0a4e806cef49efac1dd0c018aaa51c df982a7d6cb34491a2a24edfc2ec3610 - - default default] Successfully bumped revision number for resource d230ff15-9da5-4e52-89f5-98af9acf4b42 (type: security_group_rules) to 0
2026-07-09 17:59:33.162 9 INFO neutron.services.segments.plugin [-] Segment da571025-917f-410e-ab6f-a7363be0d222 resource provider not found; error: Placement Client Error (4xx): {"errors": [{"status": 404, "title": "Not Found", "detail": "The resource could not be found.\n\n No resource provider with uuid da571025-917f-410e-ab6f-a7363be0d222 found for delete ", "request_id": "req-f0c6b501-0c9c-4acf-b7dc-1c15bc3f9441"}]}
2026-07-09 17:59:33.171 9 INFO neutron.services.segments.plugin [-] Segment da571025-917f-410e-ab6f-a7363be0d222 resource provider not found; error: Placement Client Error (4xx): {"errors": [{"status": 404, "title": "Not Found", "detail": "The resource could not be found.\n\n No resource provider with uuid da571025-917f-410e-ab6f-a7363be0d222 found for delete ", "request_id": "req-07d329a0-cc84-421e-9362-5ccac714795c"}]}
2026-07-09 17:59:33.189 9 INFO neutron.services.segments.plugin [-] Segment d5dcddcb-0a31-4d59-9142-d81084cca8b9 resource provider aggregate not found
2026-07-09 17:59:33.191 10 INFO neutron.db.ovn_revision_numbers_db [None req-a371484c-2b1e-479d-9466-a01deaa129de 3d0a4e806cef49efac1dd0c018aaa51c df982a7d6cb34491a2a24edfc2ec3610 - - default default] Successfully bumped revision number for resource e8ab7746-2170-4cfc-8a81-e1d743557cd4 (type: security_group_rules) to 0
2026-07-09 17:59:33.196 9 INFO neutron.services.segments.plugin [-] Segment d5dcddcb-0a31-4d59-9142-d81084cca8b9 resource provider aggregate not found
2026-07-09 17:59:33.209 9 INFO neutron.services.segments.plugin [-] Segment d5dcddcb-0a31-4d59-9142-d81084cca8b9 resource provider not found; error: Placement Client Error (4xx): {"errors": [{"status": 404, "title": "Not Found", "detail": "The resource could not be found.\n\n No resource provider with uuid d5dcddcb-0a31-4d59-9142-d81084cca8b9 found for delete ", "request_id": "req-552a0d12-4234-444e-9a9b-4fccd77e5aba"}]}
2026-07-09 17:59:33.210 9 INFO neutron.services.segments.plugin [-] Segment d5dcddcb-0a31-4d59-9142-d81084cca8b9 resource provider not found; error: Placement Client Error (4xx): {"errors": [{"status": 404, "title": "Not Found", "detail": "The resource could not be found.\n\n No resource provider with uuid d5dcddcb-0a31-4d59-9142-d81084cca8b9 found for delete ", "request_id": "req-38b02b34-00d6-4b85-845a-effb88865906"}]}
2026-07-09 17:59:33.241 10 INFO neutron.api.wsgi [None req-a371484c-2b1e-479d-9466-a01deaa129de 3d0a4e806cef49efac1dd0c018aaa51c df982a7d6cb34491a2a24edfc2ec3610 - - default default] 10.0.0.51 "GET /v2.0/security-groups?tenant_id=ad122429bf7c4fb2a2462b4441ab7fd2&name=default HTTP/1.1" status: 200 len: 3120 time: 0.4284441 /var/lib/openstack/lib/python3.12/site-packages/pycadf/identifier.py:71: UserWarning: Invalid uuid: neutron. To ensure interoperability, identifiers should be a valid uuid. warnings.warn(('Invalid uuid: %s. To ensure interoperability, '
2026-07-09 17:59:33.460 9 INFO neutron.api.wsgi [None req-4444a7bd-7e93-463b-8328-a977e4e50186 3d0a4e806cef49efac1dd0c018aaa51c df982a7d6cb34491a2a24edfc2ec3610 - - default default] 10.0.0.51 "DELETE /v2.0/security-groups/b4f3d5ef-a1b7-4416-9a94-335c159a5e28 HTTP/1.1" status: 204 len: 168 time: 0.2122428
2026-07-09 17:59:33.588 10 INFO neutron.notifiers.nova [-] Nova event matching ['req-d5b91aae-deed-4e9b-8843-ea6e9e05ed76'] response: {'server_uuid': 'e2588748-a9c1-4635-9076-b13a7656360f', 'name': 'network-vif-deleted', 'tag': '6e2ce386-dcee-4833-af09-594084faa94e', 'status': 'completed', 'code': 200}
2026-07-09 17:59:33.588 10 INFO neutron.notifiers.nova [-] Nova event matching ['req-d5b91aae-deed-4e9b-8843-ea6e9e05ed76'] response: {'server_uuid': 'e2588748-a9c1-4635-9076-b13a7656360f', 'name': 'network-vif-unplugged', 'status': 'completed', 'tag': '6e2ce386-dcee-4833-af09-594084faa94e', 'code': 200}
2026-07-09 17:59:33.640 9 INFO neutron.api.wsgi [None req-0cb283a3-a160-48fe-a84c-4cf8447a6133 3d0a4e806cef49efac1dd0c018aaa51c df982a7d6cb34491a2a24edfc2ec3610 - - default default] 10.0.0.51 "GET /v2.0/security-groups?tenant_id=8e9e89b2365e4ff79b4c44e4e9597c5a&name=default HTTP/1.1" status: 200 len: 3120 time: 0.0307848
2026-07-09 17:59:33.851 9 INFO neutron.api.wsgi [None req-64d8ceaa-d2aa-4f20-afc5-82660f85e9a0 3d0a4e806cef49efac1dd0c018aaa51c df982a7d6cb34491a2a24edfc2ec3610 - - default default] 10.0.0.51 "DELETE /v2.0/security-groups/4aecf28a-5e58-4b96-b0b7-f87c7670666d HTTP/1.1" status: 204 len: 168 time: 0.2059579
2026-07-09 17:59:33.990 9 INFO neutron.api.wsgi [req-9ff872c0-ba68-44d8-830e-4e62a40fbb27 req-6f603f02-b3b0-4a39-85f0-eb1f54c7e692 0741a2ed56674886a5e8fcb76765dbae 057de55725cf4b129cf73beec8f45a42 - - default default] 10.0.0.153 "GET /v2.0/ports?device_id=e2588748-a9c1-4635-9076-b13a7656360f HTTP/1.1" status: 200 len: 210 time: 0.0270979
2026-07-09 17:59:34.028 10 INFO neutron.api.wsgi [req-6f8e8d49-f6e7-4f23-980a-db345be14f84 req-2d3692e7-64d8-4417-a4a8-e029aa3057f4 c909cb98a1d34eaaa1706e3415a7f204 696e4cf8f0e04c5fb56912def173bca8 - - default default] 10.0.0.153 "GET /v2.0/ports?device_id=684fb321-0bbe-4628-a5cc-779db541cccb HTTP/1.1" status: 200 len: 210 time: 0.0233223
2026-07-09 17:59:34.142 10 INFO neutron.db.ovn_revision_numbers_db [None req-e84718ce-4842-4f70-8e55-7cb71920020f 3d0a4e806cef49efac1dd0c018aaa51c df982a7d6cb34491a2a24edfc2ec3610 - - default default] Successfully bumped revision number for resource f68fdd59-5fc7-462b-91b8-f036ca898dd4 (type: security_groups) to 1
2026-07-09 17:59:34.153 10 INFO neutron.db.ovn_revision_numbers_db [None req-e84718ce-4842-4f70-8e55-7cb71920020f 3d0a4e806cef49efac1dd0c018aaa51c df982a7d6cb34491a2a24edfc2ec3610 - - default default] Successfully bumped revision number for resource 1fbeff97-69c2-41ba-8625-21639c9ac101 (type: security_group_rules) to 0
2026-07-09 17:59:34.162 10 INFO neutron.db.ovn_revision_numbers_db [None req-e84718ce-4842-4f70-8e55-7cb71920020f 3d0a4e806cef49efac1dd0c018aaa51c df982a7d6cb34491a2a24edfc2ec3610 - - default default] Successfully bumped revision number for resource 2c53a309-f151-42dd-9e0d-13c1c1db2ad5 (type: security_group_rules) to 0
2026-07-09 17:59:34.174 10 INFO neutron.db.ovn_revision_numbers_db [None req-e84718ce-4842-4f70-8e55-7cb71920020f 3d0a4e806cef49efac1dd0c018aaa51c df982a7d6cb34491a2a24edfc2ec3610 - - default default] Successfully bumped revision number for resource ea28fecc-5c10-49f9-bf18-16c823a02b3a (type: security_group_rules) to 0
2026-07-09 17:59:34.188 10 INFO neutron.db.ovn_revision_numbers_db [None req-e84718ce-4842-4f70-8e55-7cb71920020f 3d0a4e806cef49efac1dd0c018aaa51c df982a7d6cb34491a2a24edfc2ec3610 - - default default] Successfully bumped revision number for resource f34d9332-284a-4525-abb4-a19398cb546f (type: security_group_rules) to 0
2026-07-09 17:59:34.233 10 INFO neutron.api.wsgi [None req-e84718ce-4842-4f70-8e55-7cb71920020f 3d0a4e806cef49efac1dd0c018aaa51c df982a7d6cb34491a2a24edfc2ec3610 - - default default] 10.0.0.51 "GET /v2.0/security-groups?tenant_id=441a93394d034f71a5b84e7302bd6148&name=default HTTP/1.1" status: 200 len: 3120 time: 0.1902390
2026-07-09 17:59:34.455 10 INFO neutron.api.wsgi [None req-d65c3fee-b41c-4e1c-83bc-10478052d2af 3d0a4e806cef49efac1dd0c018aaa51c df982a7d6cb34491a2a24edfc2ec3610 - - default default] 10.0.0.51 "DELETE /v2.0/security-groups/f68fdd59-5fc7-462b-91b8-f036ca898dd4 HTTP/1.1" status: 204 len: 168 time: 0.2162673
2026-07-09 17:59:34.810 10 INFO neutron.api.wsgi [req-67a72e51-b861-4b14-b71a-dd62c19dc58c req-2b54485d-39ea-4eed-bb73-9622753486fc c909cb98a1d34eaaa1706e3415a7f204 696e4cf8f0e04c5fb56912def173bca8 - - default default] 199.19.213.95 "GET /v2.0/networks?id=66d9e03a-954a-4e78-adc6-236bd4589bc8 HTTP/1.1" status: 200 len: 860 time: 0.0548222
2026-07-09 17:59:34.855 10 INFO neutron.api.wsgi [req-67a72e51-b861-4b14-b71a-dd62c19dc58c req-d382c515-30a4-4799-8902-20d7d5521da8 c909cb98a1d34eaaa1706e3415a7f204 696e4cf8f0e04c5fb56912def173bca8 - - default default] 199.19.213.95 "GET /v2.0/security-groups?fields=id&fields=name&tenant_id=696e4cf8f0e04c5fb56912def173bca8 HTTP/1.1" status: 200 len: 380 time: 0.0391414
2026-07-09 17:59:34.866 10 WARNING neutron_lib.context [req-67a72e51-b861-4b14-b71a-dd62c19dc58c req-ec1903f5-971d-4767-9d7a-864582ed0550 c909cb98a1d34eaaa1706e3415a7f204 696e4cf8f0e04c5fb56912def173bca8 - - default default] Method 'is_advsvc' is deprecated since 2023.2 release (neutron-lib 3.8.0) and will be removed once support for the old RBAC API policies will be removed from Neutron. Please use method 'is_service_role' instead.
2026-07-09 17:59:35.103 9 INFO neutron.api.wsgi [req-27e584c9-55a1-4281-8d35-97f17d9fea1e req-eecff513-cb37-4c8b-96eb-1af14af52ac0 0741a2ed56674886a5e8fcb76765dbae 057de55725cf4b129cf73beec8f45a42 - - default default] 10.0.0.153 "GET /v2.0/ports?device_id=e2588748-a9c1-4635-9076-b13a7656360f HTTP/1.1" status: 200 len: 210 time: 0.0176973
2026-07-09 17:59:35.118 10 INFO neutron.api.wsgi [req-894fa0be-2f20-447f-a07a-7a27dd47c62f req-7e524723-7095-46e0-8c94-9c77689aed18 c909cb98a1d34eaaa1706e3415a7f204 696e4cf8f0e04c5fb56912def173bca8 - - default default] 10.0.0.153 "GET /v2.0/ports?device_id=684fb321-0bbe-4628-a5cc-779db541cccb HTTP/1.1" status: 200 len: 210 time: 0.0216591
2026-07-09 17:59:35.193 10 WARNING neutron.scheduler.dhcp_agent_scheduler [req-67a72e51-b861-4b14-b71a-dd62c19dc58c req-ec1903f5-971d-4767-9d7a-864582ed0550 c909cb98a1d34eaaa1706e3415a7f204 696e4cf8f0e04c5fb56912def173bca8 - - default default] No more DHCP agents
2026-07-09 17:59:35.194 10 WARNING neutron.api.rpc.agentnotifiers.dhcp_rpc_agent_api [req-67a72e51-b861-4b14-b71a-dd62c19dc58c req-ec1903f5-971d-4767-9d7a-864582ed0550 c909cb98a1d34eaaa1706e3415a7f204 696e4cf8f0e04c5fb56912def173bca8 - - default default] Unable to schedule network 66d9e03a-954a-4e78-adc6-236bd4589bc8: no agents available; will retry on subsequent port and subnet creation events.
2026-07-09 17:59:35.326 10 INFO neutron.db.ovn_revision_numbers_db [req-67a72e51-b861-4b14-b71a-dd62c19dc58c req-ec1903f5-971d-4767-9d7a-864582ed0550 c909cb98a1d34eaaa1706e3415a7f204 696e4cf8f0e04c5fb56912def173bca8 - - default default] Successfully bumped revision number for resource 1fd1b17d-3882-4ca8-b862-cdb3b3c5745a (type: ports) to 1
2026-07-09 17:59:35.358 10 INFO neutron.api.wsgi [req-67a72e51-b861-4b14-b71a-dd62c19dc58c req-ec1903f5-971d-4767-9d7a-864582ed0550 c909cb98a1d34eaaa1706e3415a7f204 696e4cf8f0e04c5fb56912def173bca8 - - default default] 199.19.213.95 "POST /v2.0/ports HTTP/1.1" status: 201 len: 1158 time: 0.4977493 /var/lib/openstack/lib/python3.12/site-packages/pycadf/identifier.py:71: UserWarning: Invalid uuid: neutron. To ensure interoperability, identifiers should be a valid uuid. warnings.warn(('Invalid uuid: %s. To ensure interoperability, ' /var/lib/openstack/lib/python3.12/site-packages/pycadf/identifier.py:71: UserWarning: Invalid uuid: neutron. To ensure interoperability, identifiers should be a valid uuid. warnings.warn(('Invalid uuid: %s. To ensure interoperability, '
2026-07-09 17:59:35.772 10 INFO neutron.db.ovn_revision_numbers_db [req-67a72e51-b861-4b14-b71a-dd62c19dc58c req-b6ba3ced-5584-4e96-88c3-6a23f4fc57d8 222cd1e9578443fdae09d6f4ffb0dd42 cd3cc71ffae94598b89e9d21d8b4c5b7 - - 98e1159022044bc0a3d9ba4ffbefa336 98e1159022044bc0a3d9ba4ffbefa336] Successfully bumped revision number for resource 1fd1b17d-3882-4ca8-b862-cdb3b3c5745a (type: ports) to 2
2026-07-09 17:59:35.854 10 INFO neutron.db.ovn_revision_numbers_db [None req-cb55d80f-8104-45bd-ad2a-8bce140ed352 3d0a4e806cef49efac1dd0c018aaa51c df982a7d6cb34491a2a24edfc2ec3610 - - default default] Successfully bumped revision number for resource ea16613f-9ddc-4c00-9d3f-727f6a776e65 (type: security_groups) to 1
2026-07-09 17:59:35.872 10 INFO neutron.db.ovn_revision_numbers_db [None req-cb55d80f-8104-45bd-ad2a-8bce140ed352 3d0a4e806cef49efac1dd0c018aaa51c df982a7d6cb34491a2a24edfc2ec3610 - - default default] Successfully bumped revision number for resource 1463df43-0c28-47c3-8a08-a250527d6680 (type: security_group_rules) to 0
2026-07-09 17:59:35.896 10 INFO neutron.db.ovn_revision_numbers_db [None req-cb55d80f-8104-45bd-ad2a-8bce140ed352 3d0a4e806cef49efac1dd0c018aaa51c df982a7d6cb34491a2a24edfc2ec3610 - - default default] Successfully bumped revision number for resource 4e9bda42-6030-45f9-a296-6ebd53a4487f (type: security_group_rules) to 0
2026-07-09 17:59:35.909 10 INFO neutron.db.ovn_revision_numbers_db [None req-cb55d80f-8104-45bd-ad2a-8bce140ed352 3d0a4e806cef49efac1dd0c018aaa51c df982a7d6cb34491a2a24edfc2ec3610 - - default default] Successfully bumped revision number for resource 5204e8bd-16bf-4657-ac62-1bd7952ed7a7 (type: security_group_rules) to 0
2026-07-09 17:59:35.928 10 INFO neutron.db.ovn_revision_numbers_db [None req-cb55d80f-8104-45bd-ad2a-8bce140ed352 3d0a4e806cef49efac1dd0c018aaa51c df982a7d6cb34491a2a24edfc2ec3610 - - default default] Successfully bumped revision number for resource 58ecc2d7-20e5-45bd-a7dd-b02fe8cceefe (type: security_group_rules) to 0
2026-07-09 17:59:35.976 10 INFO neutron.api.wsgi [None req-cb55d80f-8104-45bd-ad2a-8bce140ed352 3d0a4e806cef49efac1dd0c018aaa51c df982a7d6cb34491a2a24edfc2ec3610 - - default default] 10.0.0.51 "GET /v2.0/security-groups?tenant_id=075c4f27308e4d4e9773469a792c0346&name=default HTTP/1.1" status: 200 len: 3120 time: 0.4110131 /var/lib/openstack/lib/python3.12/site-packages/pycadf/identifier.py:71: UserWarning: Invalid uuid: neutron. To ensure interoperability, identifiers should be a valid uuid. warnings.warn(('Invalid uuid: %s. To ensure interoperability, '
2026-07-09 17:59:36.023 10 INFO neutron.db.ovn_revision_numbers_db [req-67a72e51-b861-4b14-b71a-dd62c19dc58c req-b6ba3ced-5584-4e96-88c3-6a23f4fc57d8 222cd1e9578443fdae09d6f4ffb0dd42 cd3cc71ffae94598b89e9d21d8b4c5b7 - - 98e1159022044bc0a3d9ba4ffbefa336 98e1159022044bc0a3d9ba4ffbefa336] Successfully bumped revision number for resource 1fd1b17d-3882-4ca8-b862-cdb3b3c5745a (type: ports) to 4
2026-07-09 17:59:36.046 10 INFO neutron.api.wsgi [req-67a72e51-b861-4b14-b71a-dd62c19dc58c req-b6ba3ced-5584-4e96-88c3-6a23f4fc57d8 222cd1e9578443fdae09d6f4ffb0dd42 cd3cc71ffae94598b89e9d21d8b4c5b7 - - 98e1159022044bc0a3d9ba4ffbefa336 98e1159022044bc0a3d9ba4ffbefa336] 199.19.213.95 "PUT /v2.0/ports/1fd1b17d-3882-4ca8-b862-cdb3b3c5745a HTTP/1.1" status: 200 len: 1404 time: 0.6775966
2026-07-09 17:59:36.078 10 INFO neutron.notifiers.nova [-] Nova event matching ['req-6a3285a5-61d0-447a-8dab-dc4302180612'] response: {'name': 'network-changed', 'server_uuid': '684fb321-0bbe-4628-a5cc-779db541cccb', 'tag': '1fd1b17d-3882-4ca8-b862-cdb3b3c5745a', 'status': 'completed', 'code': 200}
2026-07-09 17:59:36.220 10 INFO neutron.api.wsgi [None req-352d313f-0b41-4cf4-a36c-4b44b40fe95f 3d0a4e806cef49efac1dd0c018aaa51c df982a7d6cb34491a2a24edfc2ec3610 - - default default] 10.0.0.51 "DELETE /v2.0/security-groups/ea16613f-9ddc-4c00-9d3f-727f6a776e65 HTTP/1.1" status: 204 len: 168 time: 0.2382529
2026-07-09 17:59:36.250 9 INFO neutron.api.wsgi [req-cf80a8bb-68be-4538-8ada-8fea7a3043ac req-944be9fe-6eb5-489f-acef-1d33e8ca36ff c909cb98a1d34eaaa1706e3415a7f204 696e4cf8f0e04c5fb56912def173bca8 - - default default] 10.0.0.153 "GET /v2.0/ports?device_id=684fb321-0bbe-4628-a5cc-779db541cccb HTTP/1.1" status: 200 len: 1168 time: 0.0699456
2026-07-09 17:59:36.287 9 INFO neutron.api.wsgi [req-cf80a8bb-68be-4538-8ada-8fea7a3043ac req-33dba9e8-adb6-4417-8a16-8ebe4ff0f71a c909cb98a1d34eaaa1706e3415a7f204 696e4cf8f0e04c5fb56912def173bca8 - - default default] 10.0.0.153 "GET /v2.0/security-groups?id=d7da7add-fd61-4eb4-9402-776b21c68e89&fields=id&fields=name HTTP/1.1" status: 200 len: 313 time: 0.0297570
2026-07-09 17:59:36.298 10 INFO neutron.api.wsgi [None req-cc396545-34a1-4f28-bada-d24e4da17eb7 0741a2ed56674886a5e8fcb76765dbae 057de55725cf4b129cf73beec8f45a42 - - default default] 10.0.0.51 "DELETE /v2.0/security-groups/d3abaa99-c23e-4bb7-b07c-85bf37431290 HTTP/1.1" status: 204 len: 168 time: 0.1167126
2026-07-09 17:59:36.318 9 INFO neutron.api.v2.resource [None req-c86428fd-e879-44a4-8444-42612ce679cd 0741a2ed56674886a5e8fcb76765dbae 057de55725cf4b129cf73beec8f45a42 - - default default] show failed (client error): The resource could not be found.
2026-07-09 17:59:36.319 9 INFO neutron.api.wsgi [None req-c86428fd-e879-44a4-8444-42612ce679cd 0741a2ed56674886a5e8fcb76765dbae 057de55725cf4b129cf73beec8f45a42 - - default default] 10.0.0.51 "GET /v2.0/security-groups/d3abaa99-c23e-4bb7-b07c-85bf37431290 HTTP/1.1" status: 404 len: 347 time: 0.0119641
2026-07-09 17:59:36.605 9 INFO neutron.api.wsgi [None req-7d5474cb-e633-4adf-88cb-79dfb1a061f3 0741a2ed56674886a5e8fcb76765dbae 057de55725cf4b129cf73beec8f45a42 - - default default] 10.0.0.51 "DELETE /v2.0/floatingips/1c107d7d-4991-4c6b-baf9-20cc3d660aaf HTTP/1.1" status: 204 len: 168 time: 0.2768893
2026-07-09 17:59:36.643 10 INFO neutron.api.wsgi [req-24bba7be-e8e1-4612-b0af-fc3a167082a7 req-78a24b58-5f08-46ed-81cf-0fa868712e96 222cd1e9578443fdae09d6f4ffb0dd42 cd3cc71ffae94598b89e9d21d8b4c5b7 - - 98e1159022044bc0a3d9ba4ffbefa336 98e1159022044bc0a3d9ba4ffbefa336] 199.19.213.95 "GET /v2.0/ports?tenant_id=696e4cf8f0e04c5fb56912def173bca8&device_id=684fb321-0bbe-4628-a5cc-779db541cccb HTTP/1.1" status: 200 len: 1407 time: 0.0330429
2026-07-09 17:59:36.689 10 INFO neutron.api.wsgi [req-24bba7be-e8e1-4612-b0af-fc3a167082a7 req-31b28a3c-5be2-4011-8506-a79ba02199b2 222cd1e9578443fdae09d6f4ffb0dd42 cd3cc71ffae94598b89e9d21d8b4c5b7 - - 98e1159022044bc0a3d9ba4ffbefa336 98e1159022044bc0a3d9ba4ffbefa336] 199.19.213.95 "GET /v2.0/networks?tenant_id=696e4cf8f0e04c5fb56912def173bca8&shared=False HTTP/1.1" status: 200 len: 959 time: 0.0410204
2026-07-09 17:59:36.734 10 INFO neutron.api.wsgi [req-24bba7be-e8e1-4612-b0af-fc3a167082a7 req-cc2c548f-cc88-43ad-9f97-d8c9f92c3bfa 222cd1e9578443fdae09d6f4ffb0dd42 cd3cc71ffae94598b89e9d21d8b4c5b7 - - 98e1159022044bc0a3d9ba4ffbefa336 98e1159022044bc0a3d9ba4ffbefa336] 199.19.213.95 "GET /v2.0/networks?shared=True HTTP/1.1" status: 200 len: 952 time: 0.0374732
2026-07-09 17:59:37.450 10 INFO neutron.api.wsgi [req-7ecfb744-d87d-4882-9976-b96dc61e444c req-79088900-fe93-4f73-a625-aa6e2be67b87 c909cb98a1d34eaaa1706e3415a7f204 696e4cf8f0e04c5fb56912def173bca8 - - default default] 10.0.0.153 "GET /v2.0/ports?device_id=684fb321-0bbe-4628-a5cc-779db541cccb HTTP/1.1" status: 200 len: 1168 time: 0.0986252
2026-07-09 17:59:37.502 10 INFO neutron.api.wsgi [req-7ecfb744-d87d-4882-9976-b96dc61e444c req-7da19a94-537e-4834-8218-0489293293cb c909cb98a1d34eaaa1706e3415a7f204 696e4cf8f0e04c5fb56912def173bca8 - - default default] 10.0.0.153 "GET /v2.0/security-groups?id=d7da7add-fd61-4eb4-9402-776b21c68e89&fields=id&fields=name HTTP/1.1" status: 200 len: 313 time: 0.0428505
2026-07-09 17:59:37.669 9 INFO neutron.api.wsgi [None req-167526e0-4c0e-446c-a6cf-6c578720c114 3d0a4e806cef49efac1dd0c018aaa51c df982a7d6cb34491a2a24edfc2ec3610 - - default default] 10.0.0.51 "PUT /v2.0/routers/5a5a2665-70f2-46ef-b693-9dac77ef0c9f/remove_router_interface HTTP/1.1" status: 200 len: 503 time: 1.0595789
2026-07-09 17:59:37.792 10 INFO neutron.api.wsgi [req-67a72e51-b861-4b14-b71a-dd62c19dc58c req-2171f4a5-1d7e-484d-b994-871c571bc5c3 222cd1e9578443fdae09d6f4ffb0dd42 cd3cc71ffae94598b89e9d21d8b4c5b7 - - 98e1159022044bc0a3d9ba4ffbefa336 98e1159022044bc0a3d9ba4ffbefa336] 199.19.213.95 "GET /v2.0/ports?tenant_id=696e4cf8f0e04c5fb56912def173bca8&device_id=684fb321-0bbe-4628-a5cc-779db541cccb HTTP/1.1" status: 200 len: 1407 time: 0.0298066
2026-07-09 17:59:37.817 10 INFO neutron.api.wsgi [req-67a72e51-b861-4b14-b71a-dd62c19dc58c req-b8e1c1a5-fc4f-444c-b888-a5aba2c8d330 222cd1e9578443fdae09d6f4ffb0dd42 cd3cc71ffae94598b89e9d21d8b4c5b7 - - 98e1159022044bc0a3d9ba4ffbefa336 98e1159022044bc0a3d9ba4ffbefa336] 199.19.213.95 "GET /v2.0/floatingips?fixed_ip_address=10.100.0.3&port_id=1fd1b17d-3882-4ca8-b862-cdb3b3c5745a HTTP/1.1" status: 200 len: 217 time: 0.0186744
2026-07-09 17:59:37.851 10 INFO neutron.api.wsgi [req-67a72e51-b861-4b14-b71a-dd62c19dc58c req-64359b2f-1b89-4999-8c45-fc08a0d7f3b2 222cd1e9578443fdae09d6f4ffb0dd42 cd3cc71ffae94598b89e9d21d8b4c5b7 - - 98e1159022044bc0a3d9ba4ffbefa336 98e1159022044bc0a3d9ba4ffbefa336] 199.19.213.95 "GET /v2.0/subnets?id=b0242c2a-4c9b-4d2b-8765-c923d720cfe9 HTTP/1.1" status: 200 len: 877 time: 0.0239367
2026-07-09 17:59:37.871 10 INFO neutron.api.wsgi [req-67a72e51-b861-4b14-b71a-dd62c19dc58c req-b4db415d-e885-4bc1-af0e-293606c05644 222cd1e9578443fdae09d6f4ffb0dd42 cd3cc71ffae94598b89e9d21d8b4c5b7 - - 98e1159022044bc0a3d9ba4ffbefa336 98e1159022044bc0a3d9ba4ffbefa336] 199.19.213.95 "GET /v2.0/ports?network_id=66d9e03a-954a-4e78-adc6-236bd4589bc8&device_owner=network%3Adhcp HTTP/1.1" status: 200 len: 210 time: 0.0138071
2026-07-09 17:59:37.926 10 INFO neutron.api.wsgi [req-67a72e51-b861-4b14-b71a-dd62c19dc58c req-c540d8b7-3ad2-4471-9064-09d23f7fc96a 222cd1e9578443fdae09d6f4ffb0dd42 cd3cc71ffae94598b89e9d21d8b4c5b7 - - 98e1159022044bc0a3d9ba4ffbefa336 98e1159022044bc0a3d9ba4ffbefa336] 199.19.213.95 "GET /v2.0/networks/66d9e03a-954a-4e78-adc6-236bd4589bc8?fields=segments HTTP/1.1" status: 200 len: 212 time: 0.0459530
2026-07-09 17:59:37.980 10 INFO neutron.api.wsgi [req-67a72e51-b861-4b14-b71a-dd62c19dc58c req-ea20096f-d37e-4d64-840c-a49dda6913fa 222cd1e9578443fdae09d6f4ffb0dd42 cd3cc71ffae94598b89e9d21d8b4c5b7 - - 98e1159022044bc0a3d9ba4ffbefa336 98e1159022044bc0a3d9ba4ffbefa336] 199.19.213.95 "GET /v2.0/networks/66d9e03a-954a-4e78-adc6-236bd4589bc8?fields=provider%3Aphysical_network&fields=provider%3Anetwork_type HTTP/1.1" status: 200 len: 277 time: 0.0478110 /var/lib/openstack/lib/python3.12/site-packages/pycadf/identifier.py:71: UserWarning: Invalid uuid: neutron. To ensure interoperability, identifiers should be a valid uuid. warnings.warn(('Invalid uuid: %s. To ensure interoperability, '
2026-07-09 17:59:38.313 10 INFO neutron.api.wsgi [None req-f9582a7a-5350-4c2d-b7fa-8b901e1f913b 3d0a4e806cef49efac1dd0c018aaa51c df982a7d6cb34491a2a24edfc2ec3610 - - default default] 10.0.0.51 "DELETE /v2.0/routers/5a5a2665-70f2-46ef-b693-9dac77ef0c9f HTTP/1.1" status: 204 len: 168 time: 0.6350045
2026-07-09 17:59:38.323 9 INFO neutron.db.ovn_revision_numbers_db [None req-4c7a2d00-de12-46ad-9f8d-c8ca183dd7a6 3d0a4e806cef49efac1dd0c018aaa51c df982a7d6cb34491a2a24edfc2ec3610 - - default default] Successfully bumped revision number for resource 33b057a2-71fb-4483-9ca9-d3fabb4cd22c (type: security_groups) to 1
2026-07-09 17:59:38.337 9 INFO neutron.db.ovn_revision_numbers_db [None req-4c7a2d00-de12-46ad-9f8d-c8ca183dd7a6 3d0a4e806cef49efac1dd0c018aaa51c df982a7d6cb34491a2a24edfc2ec3610 - - default default] Successfully bumped revision number for resource 4757d7af-e315-440b-8094-e4e729c004d8 (type: security_group_rules) to 0
2026-07-09 17:59:38.349 9 INFO neutron.db.ovn_revision_numbers_db [None req-4c7a2d00-de12-46ad-9f8d-c8ca183dd7a6 3d0a4e806cef49efac1dd0c018aaa51c df982a7d6cb34491a2a24edfc2ec3610 - - default default] Successfully bumped revision number for resource 9618a438-a9a3-4a97-a4ff-6dc3e8494e44 (type: security_group_rules) to 0
2026-07-09 17:59:38.363 9 INFO neutron.db.ovn_revision_numbers_db [None req-4c7a2d00-de12-46ad-9f8d-c8ca183dd7a6 3d0a4e806cef49efac1dd0c018aaa51c df982a7d6cb34491a2a24edfc2ec3610 - - default default] Successfully bumped revision number for resource a7d314b5-819d-44b9-ab6a-f327587a8b46 (type: security_group_rules) to 0
2026-07-09 17:59:38.379 9 INFO neutron.db.ovn_revision_numbers_db [None req-4c7a2d00-de12-46ad-9f8d-c8ca183dd7a6 3d0a4e806cef49efac1dd0c018aaa51c df982a7d6cb34491a2a24edfc2ec3610 - - default default] Successfully bumped revision number for resource f3ac7fec-8a32-4ff9-b2c3-3aa57fc85327 (type: security_group_rules) to 0
2026-07-09 17:59:38.451 9 INFO neutron.db.segments_db [None req-4c7a2d00-de12-46ad-9f8d-c8ca183dd7a6 3d0a4e806cef49efac1dd0c018aaa51c df982a7d6cb34491a2a24edfc2ec3610 - - default default] Added segment 64c92ed7-86dd-4911-8763-abf11998b7f8 of type geneve for network 8992eac5-1929-40b5-b583-5161fed5361d
2026-07-09 17:59:38.477 10 INFO neutron.api.wsgi [None req-a4093b6b-69ce-42f9-9c28-d8866a264239 3d0a4e806cef49efac1dd0c018aaa51c df982a7d6cb34491a2a24edfc2ec3610 - - default default] 10.0.0.51 "DELETE /v2.0/subnets/79fae02b-6790-44f7-b253-ec630a4039ff HTTP/1.1" status: 204 len: 168 time: 0.1575141
2026-07-09 17:59:38.583 9 INFO neutron.db.ovn_revision_numbers_db [None req-4c7a2d00-de12-46ad-9f8d-c8ca183dd7a6 3d0a4e806cef49efac1dd0c018aaa51c df982a7d6cb34491a2a24edfc2ec3610 - - default default] Successfully bumped revision number for resource 8992eac5-1929-40b5-b583-5161fed5361d (type: networks) to 1
2026-07-09 17:59:38.627 9 INFO neutron.api.wsgi [req-e70e2263-8c27-44f3-a424-81b40f24fefd req-299f2a02-42b5-4123-92be-93cec611edef c909cb98a1d34eaaa1706e3415a7f204 696e4cf8f0e04c5fb56912def173bca8 - - default default] 10.0.0.153 "GET /v2.0/ports?device_id=684fb321-0bbe-4628-a5cc-779db541cccb HTTP/1.1" status: 200 len: 1168 time: 0.0434685
2026-07-09 17:59:38.686 9 INFO neutron.api.wsgi [req-e70e2263-8c27-44f3-a424-81b40f24fefd req-06ece204-d4e8-4020-aa11-35eb87fbff92 c909cb98a1d34eaaa1706e3415a7f204 696e4cf8f0e04c5fb56912def173bca8 - - default default] 10.0.0.153 "GET /v2.0/security-groups?id=d7da7add-fd61-4eb4-9402-776b21c68e89&fields=id&fields=name HTTP/1.1" status: 200 len: 313 time: 0.0518961
2026-07-09 17:59:38.752 9 WARNING neutron.scheduler.dhcp_agent_scheduler [None req-4c7a2d00-de12-46ad-9f8d-c8ca183dd7a6 3d0a4e806cef49efac1dd0c018aaa51c df982a7d6cb34491a2a24edfc2ec3610 - - default default] No more DHCP agents
2026-07-09 17:59:38.753 9 WARNING neutron.api.rpc.agentnotifiers.dhcp_rpc_agent_api [None req-4c7a2d00-de12-46ad-9f8d-c8ca183dd7a6 3d0a4e806cef49efac1dd0c018aaa51c df982a7d6cb34491a2a24edfc2ec3610 - - default default] Unable to schedule network 8992eac5-1929-40b5-b583-5161fed5361d: no agents available; will retry on subsequent port and subnet creation events.
2026-07-09 17:59:38.764 10 INFO neutron.services.segments.plugin [-] Segment 76e1a0c8-156a-4382-9499-ef1198466bc9 resource provider aggregate not found
2026-07-09 17:59:38.768 10 INFO neutron.services.segments.plugin [-] Segment 76e1a0c8-156a-4382-9499-ef1198466bc9 resource provider aggregate not found
2026-07-09 17:59:38.782 10 INFO neutron.services.segments.plugin [-] Segment 76e1a0c8-156a-4382-9499-ef1198466bc9 resource provider not found; error: Placement Client Error (4xx): {"errors": [{"status": 404, "title": "Not Found", "detail": "The resource could not be found.\n\n No resource provider with uuid 76e1a0c8-156a-4382-9499-ef1198466bc9 found for delete ", "request_id": "req-b08f5f3b-13e3-4c0e-8509-f67cc4d24d52"}]}
2026-07-09 17:59:38.786 10 INFO neutron.services.segments.plugin [-] Segment 76e1a0c8-156a-4382-9499-ef1198466bc9 resource provider not found; error: Placement Client Error (4xx): {"errors": [{"status": 404, "title": "Not Found", "detail": "The resource could not be found.\n\n No resource provider with uuid 76e1a0c8-156a-4382-9499-ef1198466bc9 found for delete ", "request_id": "req-213c1f39-d915-497e-9a91-6534e3aa8eae"}]}
2026-07-09 17:59:38.818 10 INFO neutron.api.wsgi [None req-05018d87-f409-41fa-9874-678d3a19ddd6 3d0a4e806cef49efac1dd0c018aaa51c df982a7d6cb34491a2a24edfc2ec3610 - - default default] 10.0.0.51 "DELETE /v2.0/networks/eb37ca25-d85c-4c25-9ce1-ee2bb2dbc720 HTTP/1.1" status: 204 len: 168 time: 0.3364542
2026-07-09 17:59:38.820 9 INFO neutron.db.ovn_revision_numbers_db [None req-4c7a2d00-de12-46ad-9f8d-c8ca183dd7a6 3d0a4e806cef49efac1dd0c018aaa51c df982a7d6cb34491a2a24edfc2ec3610 - - default default] Successfully bumped revision number for resource 3e884697-92d5-4c1d-a903-e33870dd4a59 (type: ports) to 1
2026-07-09 17:59:38.847 9 INFO neutron.api.wsgi [None req-4c7a2d00-de12-46ad-9f8d-c8ca183dd7a6 3d0a4e806cef49efac1dd0c018aaa51c df982a7d6cb34491a2a24edfc2ec3610 - - default default] 10.0.0.51 "POST /v2.0/networks HTTP/1.1" status: 201 len: 943 time: 0.8083196
2026-07-09 17:59:38.976 9 WARNING neutron.scheduler.dhcp_agent_scheduler [None req-36c9b5e2-26f8-4e6e-92b4-f8c1b9e71447 3d0a4e806cef49efac1dd0c018aaa51c df982a7d6cb34491a2a24edfc2ec3610 - - default default] No more DHCP agents
2026-07-09 17:59:38.978 9 WARNING neutron.api.rpc.agentnotifiers.dhcp_rpc_agent_api [None req-36c9b5e2-26f8-4e6e-92b4-f8c1b9e71447 3d0a4e806cef49efac1dd0c018aaa51c df982a7d6cb34491a2a24edfc2ec3610 - - default default] Unable to schedule network 8992eac5-1929-40b5-b583-5161fed5361d: no agents available; will retry on subsequent port and subnet creation events.
2026-07-09 17:59:39.026 10 INFO neutron.api.wsgi [None req-cba38ec5-7390-4d30-990e-8a7aa16acfbf 3d0a4e806cef49efac1dd0c018aaa51c df982a7d6cb34491a2a24edfc2ec3610 - - default default] 10.0.0.51 "GET /v2.0/security-groups?tenant_id=057de55725cf4b129cf73beec8f45a42&name=default HTTP/1.1" status: 200 len: 3120 time: 0.0367875
2026-07-09 17:59:39.102 10 WARNING neutron_lib.context [None req-31bc5390-3c83-4fe3-8a5e-ae1366300535 1ed86f8db5e74b91800e75cedb808be8 fa43a32a7de84e4eadf9c5ec0a428222 - - default default] Method 'is_advsvc' is deprecated since 2023.2 release (neutron-lib 3.8.0) and will be removed once support for the old RBAC API policies will be removed from Neutron. Please use method 'is_service_role' instead.
2026-07-09 17:59:39.268 10 INFO neutron.db.ovn_revision_numbers_db [None req-31bc5390-3c83-4fe3-8a5e-ae1366300535 1ed86f8db5e74b91800e75cedb808be8 fa43a32a7de84e4eadf9c5ec0a428222 - - default default] Successfully bumped revision number for resource 80af34a8-066a-41f2-8e96-90e4ca047e97 (type: security_groups) to 1
2026-07-09 17:59:39.287 10 INFO neutron.api.wsgi [None req-18d91e1a-73b1-4f5f-bdec-005a11e16a78 3d0a4e806cef49efac1dd0c018aaa51c df982a7d6cb34491a2a24edfc2ec3610 - - default default] 10.0.0.51 "DELETE /v2.0/security-groups/7e0bf142-966d-40c5-b81e-20fb710c5a40 HTTP/1.1" status: 204 len: 168 time: 0.2526774
2026-07-09 17:59:39.289 10 INFO neutron.db.ovn_revision_numbers_db [None req-31bc5390-3c83-4fe3-8a5e-ae1366300535 1ed86f8db5e74b91800e75cedb808be8 fa43a32a7de84e4eadf9c5ec0a428222 - - default default] Successfully bumped revision number for resource 01d16518-997c-4ba2-91b1-7f23225a2b47 (type: security_group_rules) to 0
2026-07-09 17:59:39.301 10 INFO neutron.db.ovn_revision_numbers_db [None req-31bc5390-3c83-4fe3-8a5e-ae1366300535 1ed86f8db5e74b91800e75cedb808be8 fa43a32a7de84e4eadf9c5ec0a428222 - - default default] Successfully bumped revision number for resource 16ed248b-b639-4a13-a8f8-8c5ea8ebd1a8 (type: security_group_rules) to 0
2026-07-09 17:59:39.312 10 INFO neutron.db.ovn_revision_numbers_db [None req-31bc5390-3c83-4fe3-8a5e-ae1366300535 1ed86f8db5e74b91800e75cedb808be8 fa43a32a7de84e4eadf9c5ec0a428222 - - default default] Successfully bumped revision number for resource 22b83537-602f-47f2-8d01-bd461eaf467e (type: security_group_rules) to 0
2026-07-09 17:59:39.326 10 INFO neutron.db.ovn_revision_numbers_db [None req-31bc5390-3c83-4fe3-8a5e-ae1366300535 1ed86f8db5e74b91800e75cedb808be8 fa43a32a7de84e4eadf9c5ec0a428222 - - default default] Successfully bumped revision number for resource 26118472-c0d0-483e-9c5c-d426b281d4a4 (type: security_group_rules) to 0
2026-07-09 17:59:39.394 10 INFO neutron.db.segments_db [None req-31bc5390-3c83-4fe3-8a5e-ae1366300535 1ed86f8db5e74b91800e75cedb808be8 fa43a32a7de84e4eadf9c5ec0a428222 - - default default] Added segment 40901451-98cc-4827-93b1-714335265d5b of type geneve for network 4dc237c6-7383-4489-9a05-0b247c3ea3cf
2026-07-09 17:59:39.404 9 INFO neutron.db.ovn_revision_numbers_db [None req-e089b097-1bb2-404d-9798-291bf6fda721 - - - - - -] Successfully bumped revision number for resource 3e884697-92d5-4c1d-a903-e33870dd4a59 (type: ports) to 2
2026-07-09 17:59:39.436 9 INFO neutron.db.ovn_revision_numbers_db [None req-e089b097-1bb2-404d-9798-291bf6fda721 - - - - - -] Successfully bumped revision number for resource 03b3fce1-4ea2-4ca1-9050-fcee7808246c (type: subnets) to 0
2026-07-09 17:59:39.456 9 INFO neutron.api.wsgi [None req-36c9b5e2-26f8-4e6e-92b4-f8c1b9e71447 3d0a4e806cef49efac1dd0c018aaa51c df982a7d6cb34491a2a24edfc2ec3610 - - default default] 10.0.0.51 "POST /v2.0/subnets HTTP/1.1" status: 201 len: 887 time: 0.6003013
2026-07-09 17:59:39.510 10 INFO neutron.db.ovn_revision_numbers_db [None req-31bc5390-3c83-4fe3-8a5e-ae1366300535 1ed86f8db5e74b91800e75cedb808be8 fa43a32a7de84e4eadf9c5ec0a428222 - - default default] Successfully bumped revision number for resource 4dc237c6-7383-4489-9a05-0b247c3ea3cf (type: networks) to 1
2026-07-09 17:59:39.662 10 WARNING neutron.scheduler.dhcp_agent_scheduler [None req-31bc5390-3c83-4fe3-8a5e-ae1366300535 1ed86f8db5e74b91800e75cedb808be8 fa43a32a7de84e4eadf9c5ec0a428222 - - default default] No more DHCP agents
2026-07-09 17:59:39.664 10 WARNING neutron.api.rpc.agentnotifiers.dhcp_rpc_agent_api [None req-31bc5390-3c83-4fe3-8a5e-ae1366300535 1ed86f8db5e74b91800e75cedb808be8 fa43a32a7de84e4eadf9c5ec0a428222 - - default default] Unable to schedule network 4dc237c6-7383-4489-9a05-0b247c3ea3cf: no agents available; will retry on subsequent port and subnet creation events.
2026-07-09 17:59:39.716 10 INFO neutron.db.ovn_revision_numbers_db [None req-31bc5390-3c83-4fe3-8a5e-ae1366300535 1ed86f8db5e74b91800e75cedb808be8 fa43a32a7de84e4eadf9c5ec0a428222 - - default default] Successfully bumped revision number for resource c4e70e93-8315-44f4-94e3-a4e024a9067c (type: ports) to 1
2026-07-09 17:59:39.736 10 INFO neutron.api.wsgi [None req-31bc5390-3c83-4fe3-8a5e-ae1366300535 1ed86f8db5e74b91800e75cedb808be8 fa43a32a7de84e4eadf9c5ec0a428222 - - default default] 10.0.0.51 "POST /v2.0/networks HTTP/1.1" status: 201 len: 831 time: 0.8080213
2026-07-09 17:59:39.751 9 WARNING neutron_lib.context [None req-c3c11972-c484-4f89-918e-c463a94b2145 1ed86f8db5e74b91800e75cedb808be8 fa43a32a7de84e4eadf9c5ec0a428222 - - default default] Method 'is_advsvc' is deprecated since 2023.2 release (neutron-lib 3.8.0) and will be removed once support for the old RBAC API policies will be removed from Neutron. Please use method 'is_service_role' instead.
2026-07-09 17:59:39.779 10 INFO neutron.api.wsgi [req-fa22fd46-f725-457f-8667-722b611e9cd9 req-a6cd53b4-77c1-46b3-88ee-d76c8140adc0 c909cb98a1d34eaaa1706e3415a7f204 696e4cf8f0e04c5fb56912def173bca8 - - default default] 10.0.0.153 "GET /v2.0/ports?device_id=684fb321-0bbe-4628-a5cc-779db541cccb HTTP/1.1" status: 200 len: 1168 time: 0.0394561
2026-07-09 17:59:39.821 10 INFO neutron.api.wsgi [req-fa22fd46-f725-457f-8667-722b611e9cd9 req-46b60e20-116e-43f0-8101-d69b02055c19 c909cb98a1d34eaaa1706e3415a7f204 696e4cf8f0e04c5fb56912def173bca8 - - default default] 10.0.0.153 "GET /v2.0/security-groups?id=d7da7add-fd61-4eb4-9402-776b21c68e89&fields=id&fields=name HTTP/1.1" status: 200 len: 313 time: 0.0355482
2026-07-09 17:59:39.908 9 WARNING neutron.scheduler.dhcp_agent_scheduler [None req-441a2031-e070-4613-ac82-3270f88ab06e 3d0a4e806cef49efac1dd0c018aaa51c df982a7d6cb34491a2a24edfc2ec3610 - - default default] No more DHCP agents
2026-07-09 17:59:39.910 9 WARNING neutron.api.rpc.agentnotifiers.dhcp_rpc_agent_api [None req-441a2031-e070-4613-ac82-3270f88ab06e 3d0a4e806cef49efac1dd0c018aaa51c df982a7d6cb34491a2a24edfc2ec3610 - - default default] Unable to schedule network ad974466-6262-4451-9616-770d1f91a679: no agents available; will retry on subsequent port and subnet creation events.
2026-07-09 17:59:39.962 9 WARNING neutron.scheduler.dhcp_agent_scheduler [None req-c3c11972-c484-4f89-918e-c463a94b2145 1ed86f8db5e74b91800e75cedb808be8 fa43a32a7de84e4eadf9c5ec0a428222 - - default default] No more DHCP agents
2026-07-09 17:59:39.964 9 WARNING neutron.api.rpc.agentnotifiers.dhcp_rpc_agent_api [None req-c3c11972-c484-4f89-918e-c463a94b2145 1ed86f8db5e74b91800e75cedb808be8 fa43a32a7de84e4eadf9c5ec0a428222 - - default default] Unable to schedule network 4dc237c6-7383-4489-9a05-0b247c3ea3cf: no agents available; will retry on subsequent port and subnet creation events.
2026-07-09 17:59:40.057 9 INFO neutron.db.ovn_revision_numbers_db [None req-441a2031-e070-4613-ac82-3270f88ab06e 3d0a4e806cef49efac1dd0c018aaa51c df982a7d6cb34491a2a24edfc2ec3610 - - default default] Successfully bumped revision number for resource 0e7b75ed-967f-4a57-8266-f20bde5a038b (type: ports) to 1
2026-07-09 17:59:40.133 10 INFO neutron.plugins.ml2.drivers.ovn.mech_driver.mech_driver [None req-3ace829c-d43a-4d60-94ef-93eee168e50e - - - - - -] OVN reports status up for port: 1fd1b17d-3882-4ca8-b862-cdb3b3c5745a
2026-07-09 17:59:40.149 10 INFO neutron.plugins.ml2.plugin [None req-3ace829c-d43a-4d60-94ef-93eee168e50e - - - - - -] Attempt 1 to provision port 1fd1b17d-3882-4ca8-b862-cdb3b3c5745a
2026-07-09 17:59:40.259 10 INFO neutron.notifiers.nova [-] Nova event matching ['req-fa71b841-b3b6-42cd-b9e7-3563fc769456'] response: {'server_uuid': '684fb321-0bbe-4628-a5cc-779db541cccb', 'name': 'network-vif-plugged', 'status': 'completed', 'tag': '1fd1b17d-3882-4ca8-b862-cdb3b3c5745a', 'code': 200}
2026-07-09 17:59:40.360 10 INFO neutron.db.ovn_revision_numbers_db [None req-3ace829c-d43a-4d60-94ef-93eee168e50e - - - - - -] Successfully bumped revision number for resource 1fd1b17d-3882-4ca8-b862-cdb3b3c5745a (type: ports) to 5
2026-07-09 17:59:40.565 9 INFO neutron.db.ovn_revision_numbers_db [None req-a31195a4-6a2b-4969-918b-0b6d6bc7ecae - - - - - -] Successfully bumped revision number for resource c4e70e93-8315-44f4-94e3-a4e024a9067c (type: ports) to 2
2026-07-09 17:59:40.602 9 INFO neutron.db.ovn_revision_numbers_db [None req-a31195a4-6a2b-4969-918b-0b6d6bc7ecae - - - - - -] Successfully bumped revision number for resource d19a5dea-54bb-4fda-9c4a-4d999a6dc68f (type: subnets) to 0
2026-07-09 17:59:40.615 9 INFO neutron.api.wsgi [None req-c3c11972-c484-4f89-918e-c463a94b2145 1ed86f8db5e74b91800e75cedb808be8 fa43a32a7de84e4eadf9c5ec0a428222 - - default default] 10.0.0.51 "POST /v2.0/subnets HTTP/1.1" status: 201 len: 825 time: 0.8690588 /var/lib/openstack/lib/python3.12/site-packages/pycadf/identifier.py:71: UserWarning: Invalid uuid: neutron. To ensure interoperability, identifiers should be a valid uuid. warnings.warn(('Invalid uuid: %s. To ensure interoperability, '
2026-07-09 17:59:40.626 10 WARNING neutron_lib.context [None req-7ac502ab-334e-44f7-a171-a7465d154e3c 1ed86f8db5e74b91800e75cedb808be8 fa43a32a7de84e4eadf9c5ec0a428222 - - default default] Method 'is_advsvc' is deprecated since 2023.2 release (neutron-lib 3.8.0) and will be removed once support for the old RBAC API policies will be removed from Neutron. Please use method 'is_service_role' instead.
2026-07-09 17:59:40.703 10 INFO neutron.db.segments_db [None req-7ac502ab-334e-44f7-a171-a7465d154e3c 1ed86f8db5e74b91800e75cedb808be8 fa43a32a7de84e4eadf9c5ec0a428222 - - default default] Added segment b6934ae6-2822-489b-b648-44c8f5683438 of type geneve for network af859ac7-849c-4971-ab1f-e5c61ab58771
2026-07-09 17:59:40.759 9 INFO neutron.plugins.ml2.drivers.ovn.mech_driver.ovsdb.commands [None req-72b6cb27-7c69-47aa-b7ed-17c611c40fab - - - - - -] Schedule LRP lrp-0e7b75ed-967f-4a57-8266-f20bde5a038b on gateway cecb86ec-cc0e-4808-80a6-d3b4ed017120 with priority 1
2026-07-09 17:59:40.773 10 INFO neutron.plugins.ml2.drivers.ovn.mech_driver.mech_driver [None req-7dae7a72-453a-44eb-8ad8-5b5cf87c9b08 - - - - - -] OVN reports status up for port: 0e7b75ed-967f-4a57-8266-f20bde5a038b
2026-07-09 17:59:40.785 10 INFO neutron.plugins.ml2.plugin [None req-7dae7a72-453a-44eb-8ad8-5b5cf87c9b08 - - - - - -] Attempt 1 to provision port 0e7b75ed-967f-4a57-8266-f20bde5a038b
2026-07-09 17:59:40.790 9 INFO neutron.plugins.ml2.drivers.ovn.mech_driver.ovsdb.ovsdb_monitor [None req-c16a9406-d0fe-49cc-a985-f38ce6612a5c - - - - - -] Router d9141e2f-0a1b-4bc9-806a-059878918fef is bound to host instance
2026-07-09 17:59:40.811 9 INFO neutron.db.ovn_revision_numbers_db [None req-441a2031-e070-4613-ac82-3270f88ab06e 3d0a4e806cef49efac1dd0c018aaa51c df982a7d6cb34491a2a24edfc2ec3610 - - default default] Successfully bumped revision number for resource 0e7b75ed-967f-4a57-8266-f20bde5a038b (type: router_ports) to 1
