2026-04-27 22:19:07.781 9 INFO neutron.db.segments_db [None req-b48340f5-12ec-43bd-b28c-8c1f398a7cd1 e26562ea87e64e13857d93ba5336fbb8 35f6fd44a9dc443b862590df95c24e74 - - default default] Added segment 261b5f70-5a70-4849-b864-1f7b262ef56b of type geneve for network 3094cdc5-c398-4e0e-a332-e93384bfc539
2026-04-27 22:19:08.200 9 INFO neutron.db.ovn_revision_numbers_db [None req-617c9049-6467-4221-8052-b38fd2f10bc8 deb7f9436ba04777bdace9cc6d5bc8b0 815f3c67b503466886e031bf8324ba89 - - default default] Successfully bumped revision number for resource 8c8adb4c-418a-4186-bd27-ee68110d2f87 (type: router_ports) to 1
2026-04-27 22:19:08.206 9 INFO neutron.wsgi [None req-617c9049-6467-4221-8052-b38fd2f10bc8 deb7f9436ba04777bdace9cc6d5bc8b0 815f3c67b503466886e031bf8324ba89 - - default default] 10.0.0.63 "PUT /v2.0/routers/94b9af48-79e1-4d30-86b2-a90fa09f93ba/add_router_interface HTTP/1.1" status: 200 len: 503 time: 3.3387873
2026-04-27 22:19:08.207 9 INFO neutron.db.ovn_revision_numbers_db [None req-b48340f5-12ec-43bd-b28c-8c1f398a7cd1 e26562ea87e64e13857d93ba5336fbb8 35f6fd44a9dc443b862590df95c24e74 - - default default] Successfully bumped revision number for resource 3094cdc5-c398-4e0e-a332-e93384bfc539 (type: networks) to 1
2026-04-27 22:19:08.321 9 INFO neutron.db.ovn_revision_numbers_db [None req-dfd8fd72-4598-4a77-b8a1-42d2eab836db - - - - - -] Successfully bumped revision number for resource 8c8adb4c-418a-4186-bd27-ee68110d2f87 (type: ports) to 2
2026-04-27 22:19:08.389 10 WARNING neutron.plugins.ml2.drivers.ovn.mech_driver.ovsdb.ovn_client [None req-e5eb291a-3077-41b0-9386-e75f14f0bea9 - - - - - -] No hosting information found for port 7e62c9f4-69ae-46a9-8f3c-19403500eb6d: RuntimeError: No hosting information found for port 7e62c9f4-69ae-46a9-8f3c-19403500eb6d
2026-04-27 22:19:08.442 9 WARNING neutron.scheduler.dhcp_agent_scheduler [None req-b48340f5-12ec-43bd-b28c-8c1f398a7cd1 e26562ea87e64e13857d93ba5336fbb8 35f6fd44a9dc443b862590df95c24e74 - - default default] No more DHCP agents
2026-04-27 22:19:08.453 9 WARNING neutron.api.rpc.agentnotifiers.dhcp_rpc_agent_api [None req-b48340f5-12ec-43bd-b28c-8c1f398a7cd1 e26562ea87e64e13857d93ba5336fbb8 35f6fd44a9dc443b862590df95c24e74 - - default default] Unable to schedule network 3094cdc5-c398-4e0e-a332-e93384bfc539: no agents available; will retry on subsequent port and subnet creation events.
2026-04-27 22:19:08.472 9 INFO neutron.notifiers.nova [-] Nova event matching ['req-212f7f71-d408-42fa-83bf-fd00976cd557'] response: {'server_uuid': 'b4551307-fa09-4792-826a-fc8009e76de8', 'name': 'network-vif-unplugged', 'status': 'completed', 'tag': '5c5f6d68-6dc5-4fc4-b4dd-7ad32516706d', 'code': 200}
2026-04-27 22:19:08.551 9 INFO neutron.db.ovn_revision_numbers_db [None req-dfd8fd72-4598-4a77-b8a1-42d2eab836db - - - - - -] Successfully bumped revision number for resource 8c8adb4c-418a-4186-bd27-ee68110d2f87 (type: router_ports) to 2
2026-04-27 22:19:08.564 9 INFO neutron.db.ovn_revision_numbers_db [None req-b48340f5-12ec-43bd-b28c-8c1f398a7cd1 e26562ea87e64e13857d93ba5336fbb8 35f6fd44a9dc443b862590df95c24e74 - - default default] Successfully bumped revision number for resource d4e77ea9-df76-462a-9848-9264d29bb70a (type: ports) to 1
2026-04-27 22:19:08.595 9 INFO neutron.wsgi [None req-b48340f5-12ec-43bd-b28c-8c1f398a7cd1 e26562ea87e64e13857d93ba5336fbb8 35f6fd44a9dc443b862590df95c24e74 - - default default] 10.0.0.63 "POST /v2.0/networks HTTP/1.1" status: 201 len: 831 time: 1.4884980
2026-04-27 22:19:08.607 10 WARNING neutron_lib.context [None req-103f907d-d9c7-4b21-ac99-18433d5b01c9 e26562ea87e64e13857d93ba5336fbb8 35f6fd44a9dc443b862590df95c24e74 - - default default] Method 'is_advsvc' is deprecated since 2023.2 release (neutron-lib 3.8.0) and will be removed once support for the old RBAC API policies will be removed from Neutron. Please use method 'is_service_role' instead.
2026-04-27 22:19:08.854 10 WARNING neutron.scheduler.dhcp_agent_scheduler [None req-103f907d-d9c7-4b21-ac99-18433d5b01c9 e26562ea87e64e13857d93ba5336fbb8 35f6fd44a9dc443b862590df95c24e74 - - default default] No more DHCP agents
2026-04-27 22:19:08.856 10 WARNING neutron.api.rpc.agentnotifiers.dhcp_rpc_agent_api [None req-103f907d-d9c7-4b21-ac99-18433d5b01c9 e26562ea87e64e13857d93ba5336fbb8 35f6fd44a9dc443b862590df95c24e74 - - default default] Unable to schedule network 3094cdc5-c398-4e0e-a332-e93384bfc539: no agents available; will retry on subsequent port and subnet creation events.
2026-04-27 22:19:08.898 9 WARNING neutron_lib.context [None req-026c85ab-401f-4eaa-a6cb-c3504dcc0b3c 1aecc63337ac47eeb2864b5a8410de81 522183c651334aae8111c14de1689a28 - - default default] Method 'is_advsvc' is deprecated since 2023.2 release (neutron-lib 3.8.0) and will be removed once support for the old RBAC API policies will be removed from Neutron. Please use method 'is_service_role' instead.
2026-04-27 22:19:08.945 10 INFO neutron.db.ovn_revision_numbers_db [None req-103f907d-d9c7-4b21-ac99-18433d5b01c9 e26562ea87e64e13857d93ba5336fbb8 35f6fd44a9dc443b862590df95c24e74 - - default default] Successfully bumped revision number for resource b532bda9-ffc5-4d0c-99a2-1d42929088a5 (type: ports) to 1
2026-04-27 22:19:08.969 10 INFO neutron.wsgi [None req-103f907d-d9c7-4b21-ac99-18433d5b01c9 e26562ea87e64e13857d93ba5336fbb8 35f6fd44a9dc443b862590df95c24e74 - - default default] 10.0.0.63 "POST /v2.0/ports HTTP/1.1" status: 201 len: 942 time: 0.3679209 /var/lib/openstack/lib/python3.10/site-packages/pycadf/identifier.py:71: UserWarning: Invalid uuid: neutron. To ensure interoperability, identifiers should be a valid uuid. warnings.warn(('Invalid uuid: %s. To ensure interoperability, '
2026-04-27 22:19:08.979 10 WARNING neutron_lib.context [None req-99881dd3-c304-41ae-95e8-c6503ea32e81 e26562ea87e64e13857d93ba5336fbb8 35f6fd44a9dc443b862590df95c24e74 - - default default] Method 'is_advsvc' is deprecated since 2023.2 release (neutron-lib 3.8.0) and will be removed once support for the old RBAC API policies will be removed from Neutron. Please use method 'is_service_role' instead.
2026-04-27 22:19:09.038 9 INFO neutron.db.ovn_revision_numbers_db [None req-026c85ab-401f-4eaa-a6cb-c3504dcc0b3c 1aecc63337ac47eeb2864b5a8410de81 522183c651334aae8111c14de1689a28 - - default default] Successfully bumped revision number for resource a2a28df1-7971-4234-a4db-826f946a1d01 (type: security_groups) to 1
2026-04-27 22:19:09.054 9 INFO neutron.db.ovn_revision_numbers_db [None req-026c85ab-401f-4eaa-a6cb-c3504dcc0b3c 1aecc63337ac47eeb2864b5a8410de81 522183c651334aae8111c14de1689a28 - - default default] Successfully bumped revision number for resource 5fe30f90-96b8-49dd-b3e5-687d1aa338f3 (type: security_group_rules) to 0
2026-04-27 22:19:09.068 9 INFO neutron.db.ovn_revision_numbers_db [None req-026c85ab-401f-4eaa-a6cb-c3504dcc0b3c 1aecc63337ac47eeb2864b5a8410de81 522183c651334aae8111c14de1689a28 - - default default] Successfully bumped revision number for resource c20912f3-060e-4700-92b8-3838b3152270 (type: security_group_rules) to 0
2026-04-27 22:19:09.095 9 INFO neutron.wsgi [None req-026c85ab-401f-4eaa-a6cb-c3504dcc0b3c 1aecc63337ac47eeb2864b5a8410de81 522183c651334aae8111c14de1689a28 - - default default] 10.0.0.63 "POST /v2.0/security-groups HTTP/1.1" status: 201 len: 1873 time: 0.2048571
2026-04-27 22:19:09.105 9 WARNING neutron_lib.context [None req-32940ab3-7ae9-4924-8f2c-b0d0a78a7c7e 1aecc63337ac47eeb2864b5a8410de81 522183c651334aae8111c14de1689a28 - - default default] Method 'is_advsvc' is deprecated since 2023.2 release (neutron-lib 3.8.0) and will be removed once support for the old RBAC API policies will be removed from Neutron. Please use method 'is_service_role' instead.
2026-04-27 22:19:09.213 10 INFO neutron.wsgi [None req-99881dd3-c304-41ae-95e8-c6503ea32e81 e26562ea87e64e13857d93ba5336fbb8 35f6fd44a9dc443b862590df95c24e74 - - default default] 10.0.0.63 "POST /v2.0/trunks HTTP/1.1" status: 201 len: 608 time: 0.2397661
2026-04-27 22:19:09.231 9 INFO neutron.db.ovn_revision_numbers_db [None req-32940ab3-7ae9-4924-8f2c-b0d0a78a7c7e 1aecc63337ac47eeb2864b5a8410de81 522183c651334aae8111c14de1689a28 - - default default] Successfully bumped revision number for resource ed665ea1-7715-4db6-9fed-c4a71ca5a3e0 (type: security_group_rules) to 0
2026-04-27 22:19:09.253 10 INFO neutron.wsgi [None req-b4992967-1276-46c0-84d0-56604d74421d e26562ea87e64e13857d93ba5336fbb8 35f6fd44a9dc443b862590df95c24e74 - - default default] 10.0.0.63 "PUT /v2.0/trunks/b8615a70-4a42-4072-9b30-fd62c6a00408/tags HTTP/1.1" status: 200 len: 218 time: 0.0335884
2026-04-27 22:19:09.260 9 INFO neutron.wsgi [None req-32940ab3-7ae9-4924-8f2c-b0d0a78a7c7e 1aecc63337ac47eeb2864b5a8410de81 522183c651334aae8111c14de1689a28 - - default default] 10.0.0.63 "POST /v2.0/security-group-rules HTTP/1.1" status: 201 len: 796 time: 0.1597559
2026-04-27 22:19:09.270 9 WARNING neutron_lib.context [None req-f3e96d3c-987c-4a6e-9839-6c7209c715e4 1aecc63337ac47eeb2864b5a8410de81 522183c651334aae8111c14de1689a28 - - default default] Method 'is_advsvc' is deprecated since 2023.2 release (neutron-lib 3.8.0) and will be removed once support for the old RBAC API policies will be removed from Neutron. Please use method 'is_service_role' instead.
2026-04-27 22:19:09.278 10 INFO neutron.wsgi [None req-50958c1c-5e58-439d-b97a-0cc1c2acdec3 e26562ea87e64e13857d93ba5336fbb8 35f6fd44a9dc443b862590df95c24e74 - - default default] 10.0.0.63 "GET /v2.0/trunks/b8615a70-4a42-4072-9b30-fd62c6a00408/tags HTTP/1.1" status: 200 len: 218 time: 0.0203836
2026-04-27 22:19:09.316 10 INFO neutron.wsgi [None req-796c366c-23da-4579-bdaa-e3db9a956dd4 e26562ea87e64e13857d93ba5336fbb8 35f6fd44a9dc443b862590df95c24e74 - - default default] 10.0.0.63 "PUT /v2.0/trunks/b8615a70-4a42-4072-9b30-fd62c6a00408/tags/green HTTP/1.1" status: 201 len: 201 time: 0.0335782
2026-04-27 22:19:09.354 9 INFO neutron.wsgi [None req-348e4deb-2db6-4e00-bb64-d82f7ffe6d91 e26562ea87e64e13857d93ba5336fbb8 35f6fd44a9dc443b862590df95c24e74 - - default default] 10.0.0.63 "GET /v2.0/trunks/b8615a70-4a42-4072-9b30-fd62c6a00408/tags HTTP/1.1" status: 200 len: 227 time: 0.0319083
2026-04-27 22:19:09.384 9 INFO neutron.wsgi [None req-f98df94b-98c8-4d8b-9bcb-cc9afe5608ae e26562ea87e64e13857d93ba5336fbb8 35f6fd44a9dc443b862590df95c24e74 - - default default] 10.0.0.63 "PUT /v2.0/trunks/b8615a70-4a42-4072-9b30-fd62c6a00408/tags/red HTTP/1.1" status: 201 len: 201 time: 0.0252633
2026-04-27 22:19:09.411 10 INFO neutron.wsgi [None req-6cf2313d-5ddf-4cc9-aedc-8daa08e7ecf0 e26562ea87e64e13857d93ba5336fbb8 35f6fd44a9dc443b862590df95c24e74 - - default default] 10.0.0.63 "GET /v2.0/trunks/b8615a70-4a42-4072-9b30-fd62c6a00408/tags HTTP/1.1" status: 200 len: 227 time: 0.0226619
2026-04-27 22:19:09.434 9 INFO neutron.db.ovn_revision_numbers_db [None req-f3e96d3c-987c-4a6e-9839-6c7209c715e4 1aecc63337ac47eeb2864b5a8410de81 522183c651334aae8111c14de1689a28 - - default default] Successfully bumped revision number for resource 755658bc-c2f7-45d1-839e-378a22319ac8 (type: security_group_rules) to 0
2026-04-27 22:19:09.457 10 INFO neutron.wsgi [None req-cfe64a9d-919a-4ce7-8a07-72b988ddbad6 e26562ea87e64e13857d93ba5336fbb8 35f6fd44a9dc443b862590df95c24e74 - - default default] 10.0.0.63 "PUT /v2.0/trunks/b8615a70-4a42-4072-9b30-fd62c6a00408/tags/black.or.white HTTP/1.1" status: 201 len: 201 time: 0.0408127
2026-04-27 22:19:09.459 9 INFO neutron.wsgi [None req-f3e96d3c-987c-4a6e-9839-6c7209c715e4 1aecc63337ac47eeb2864b5a8410de81 522183c651334aae8111c14de1689a28 - - default default] 10.0.0.63 "POST /v2.0/security-group-rules HTTP/1.1" status: 201 len: 795 time: 0.1938145
2026-04-27 22:19:09.472 10 WARNING neutron_lib.context [None req-c18d7e4a-7e80-4302-a018-02e80292b3a5 1aecc63337ac47eeb2864b5a8410de81 522183c651334aae8111c14de1689a28 - - default default] Method 'is_advsvc' is deprecated since 2023.2 release (neutron-lib 3.8.0) and will be removed once support for the old RBAC API policies will be removed from Neutron. Please use method 'is_service_role' instead.
2026-04-27 22:19:09.480 9 INFO neutron.wsgi [None req-aa2654b7-f97b-4da2-ae64-a732da5fab32 e26562ea87e64e13857d93ba5336fbb8 35f6fd44a9dc443b862590df95c24e74 - - default default] 10.0.0.63 "GET /v2.0/trunks/b8615a70-4a42-4072-9b30-fd62c6a00408/tags HTTP/1.1" status: 200 len: 245 time: 0.0166969
2026-04-27 22:19:09.530 10 INFO neutron.wsgi [None req-02a333b8-3be0-49b0-82e9-19c0c5da9ccf e26562ea87e64e13857d93ba5336fbb8 35f6fd44a9dc443b862590df95c24e74 - - default default] 10.0.0.63 "PUT /v2.0/trunks/b8615a70-4a42-4072-9b30-fd62c6a00408/tags HTTP/1.1" status: 200 len: 230 time: 0.0446546
2026-04-27 22:19:09.563 10 INFO neutron.wsgi [None req-70b7f533-5422-430a-9d2c-17b5b55101e5 e26562ea87e64e13857d93ba5336fbb8 35f6fd44a9dc443b862590df95c24e74 - - default default] 10.0.0.63 "GET /v2.0/trunks/b8615a70-4a42-4072-9b30-fd62c6a00408/tags HTTP/1.1" status: 200 len: 230 time: 0.0286930
2026-04-27 22:19:09.589 9 INFO neutron.wsgi [None req-0db44000-f670-4289-a722-e89c60fdf283 e26562ea87e64e13857d93ba5336fbb8 35f6fd44a9dc443b862590df95c24e74 - - default default] 10.0.0.63 "GET /v2.0/trunks/b8615a70-4a42-4072-9b30-fd62c6a00408/tags/red HTTP/1.1" status: 204 len: 168 time: 0.0196571
2026-04-27 22:19:09.612 9 INFO neutron.api.v2.resource [None req-0bd8f594-ffba-4687-bb6b-99800f2f5a76 e26562ea87e64e13857d93ba5336fbb8 35f6fd44a9dc443b862590df95c24e74 - - default default] show failed (client error): The resource could not be found.
2026-04-27 22:19:09.613 9 INFO neutron.wsgi [None req-0bd8f594-ffba-4687-bb6b-99800f2f5a76 e26562ea87e64e13857d93ba5336fbb8 35f6fd44a9dc443b862590df95c24e74 - - default default] 10.0.0.63 "GET /v2.0/trunks/b8615a70-4a42-4072-9b30-fd62c6a00408/tags/green HTTP/1.1" status: 404 len: 299 time: 0.0200601
2026-04-27 22:19:09.646 10 INFO neutron.db.ovn_revision_numbers_db [None req-c18d7e4a-7e80-4302-a018-02e80292b3a5 1aecc63337ac47eeb2864b5a8410de81 522183c651334aae8111c14de1689a28 - - default default] Successfully bumped revision number for resource e76b4ddf-f4a0-497d-8dff-c99321ce169f (type: security_group_rules) to 0
2026-04-27 22:19:09.660 10 INFO neutron.wsgi [None req-ff5c9e75-493a-480d-be60-775e55c0b387 e26562ea87e64e13857d93ba5336fbb8 35f6fd44a9dc443b862590df95c24e74 - - default default] 10.0.0.63 "DELETE /v2.0/trunks/b8615a70-4a42-4072-9b30-fd62c6a00408/tags/red HTTP/1.1" status: 204 len: 168 time: 0.0397110
2026-04-27 22:19:09.675 10 INFO neutron.wsgi [None req-c18d7e4a-7e80-4302-a018-02e80292b3a5 1aecc63337ac47eeb2864b5a8410de81 522183c651334aae8111c14de1689a28 - - default default] 10.0.0.63 "POST /v2.0/security-group-rules HTTP/1.1" status: 201 len: 801 time: 0.2094505
2026-04-27 22:19:09.682 10 INFO neutron.wsgi [None req-4d8ab785-35e2-47ee-811e-560bed00f4af e26562ea87e64e13857d93ba5336fbb8 35f6fd44a9dc443b862590df95c24e74 - - default default] 10.0.0.63 "GET /v2.0/trunks/b8615a70-4a42-4072-9b30-fd62c6a00408/tags HTTP/1.1" status: 200 len: 223 time: 0.0171938
2026-04-27 22:19:09.687 9 WARNING neutron_lib.context [None req-7ca4ed7f-e109-471f-80e5-5d9760d64454 1aecc63337ac47eeb2864b5a8410de81 522183c651334aae8111c14de1689a28 - - default default] Method 'is_advsvc' is deprecated since 2023.2 release (neutron-lib 3.8.0) and will be removed once support for the old RBAC API policies will be removed from Neutron. Please use method 'is_service_role' instead.
2026-04-27 22:19:09.707 10 INFO neutron.api.v2.resource [None req-132b83af-aeba-407b-a36a-b5cfdb7844d5 e26562ea87e64e13857d93ba5336fbb8 35f6fd44a9dc443b862590df95c24e74 - - default default] delete failed (client error): The resource could not be found.
2026-04-27 22:19:09.710 10 INFO neutron.wsgi [None req-132b83af-aeba-407b-a36a-b5cfdb7844d5 e26562ea87e64e13857d93ba5336fbb8 35f6fd44a9dc443b862590df95c24e74 - - default default] 10.0.0.63 "DELETE /v2.0/trunks/b8615a70-4a42-4072-9b30-fd62c6a00408/tags/green HTTP/1.1" status: 404 len: 299 time: 0.0247893
2026-04-27 22:19:09.757 9 INFO neutron.wsgi [None req-9ba0308f-9aea-49a8-a187-1f1f5275f6e1 e26562ea87e64e13857d93ba5336fbb8 35f6fd44a9dc443b862590df95c24e74 - - default default] 10.0.0.63 "DELETE /v2.0/trunks/b8615a70-4a42-4072-9b30-fd62c6a00408/tags HTTP/1.1" status: 204 len: 168 time: 0.0427849
2026-04-27 22:19:09.786 10 INFO neutron.wsgi [None req-7357b03d-45a6-49a5-a7f5-cfbd737161a2 e26562ea87e64e13857d93ba5336fbb8 35f6fd44a9dc443b862590df95c24e74 - - default default] 10.0.0.63 "GET /v2.0/trunks/b8615a70-4a42-4072-9b30-fd62c6a00408/tags HTTP/1.1" status: 200 len: 205 time: 0.0236931
2026-04-27 22:19:09.819 9 INFO neutron.wsgi [None req-fe907701-5e4e-419b-95aa-afb58ea9e64b e26562ea87e64e13857d93ba5336fbb8 35f6fd44a9dc443b862590df95c24e74 - - default default] 10.0.0.63 "GET /v2.0/trunks/b8615a70-4a42-4072-9b30-fd62c6a00408 HTTP/1.1" status: 200 len: 603 time: 0.0251365
2026-04-27 22:19:09.875 9 INFO neutron.db.ovn_revision_numbers_db [None req-7ca4ed7f-e109-471f-80e5-5d9760d64454 1aecc63337ac47eeb2864b5a8410de81 522183c651334aae8111c14de1689a28 - - default default] Successfully bumped revision number for resource 98599574-4137-4e47-b8af-610d0d6bf9a1 (type: security_group_rules) to 0
2026-04-27 22:19:09.923 9 INFO neutron.wsgi [None req-7ca4ed7f-e109-471f-80e5-5d9760d64454 1aecc63337ac47eeb2864b5a8410de81 522183c651334aae8111c14de1689a28 - - default default] 10.0.0.63 "POST /v2.0/security-group-rules HTTP/1.1" status: 201 len: 800 time: 0.2426300
2026-04-27 22:19:09.944 9 WARNING neutron_lib.context [None req-04a0eccf-dd7c-4261-bfda-4e541036d479 1aecc63337ac47eeb2864b5a8410de81 522183c651334aae8111c14de1689a28 - - default default] Method 'is_advsvc' is deprecated since 2023.2 release (neutron-lib 3.8.0) and will be removed once support for the old RBAC API policies will be removed from Neutron. Please use method 'is_service_role' instead.
2026-04-27 22:19:09.987 9 INFO neutron.wsgi [None req-8fccd7a4-1691-4a01-a237-764935e96abe e26562ea87e64e13857d93ba5336fbb8 35f6fd44a9dc443b862590df95c24e74 - - default default] 10.0.0.63 "GET /v2.0/ports/b532bda9-ffc5-4d0c-99a2-1d42929088a5 HTTP/1.1" status: 200 len: 1020 time: 0.1636236
2026-04-27 22:19:10.011 9 INFO neutron.db.securitygroups_db [None req-04a0eccf-dd7c-4261-bfda-4e541036d479 1aecc63337ac47eeb2864b5a8410de81 522183c651334aae8111c14de1689a28 - - default default] Project 522183c651334aae8111c14de1689a28 added a security group rule with legacy IPv6 ICMP protocol name icmp, ipv6-icmp should be used instead. It was automatically converted.
2026-04-27 22:19:10.097 10 INFO neutron.wsgi [None req-37986794-93cb-423c-9d88-5197baa05d17 e26562ea87e64e13857d93ba5336fbb8 35f6fd44a9dc443b862590df95c24e74 - - default default] 10.0.0.63 "DELETE /v2.0/trunks/b8615a70-4a42-4072-9b30-fd62c6a00408 HTTP/1.1" status: 204 len: 168 time: 0.1043227
2026-04-27 22:19:10.222 9 INFO neutron.db.ovn_revision_numbers_db [None req-04a0eccf-dd7c-4261-bfda-4e541036d479 1aecc63337ac47eeb2864b5a8410de81 522183c651334aae8111c14de1689a28 - - default default] Successfully bumped revision number for resource 315774ef-f051-475d-bbeb-0d827dd540bd (type: security_group_rules) to 0
2026-04-27 22:19:10.255 9 INFO neutron.wsgi [None req-04a0eccf-dd7c-4261-bfda-4e541036d479 1aecc63337ac47eeb2864b5a8410de81 522183c651334aae8111c14de1689a28 - - default default] 10.0.0.63 "POST /v2.0/security-group-rules HTTP/1.1" status: 201 len: 806 time: 0.3163147
2026-04-27 22:19:10.266 9 WARNING neutron_lib.context [None req-d9113cef-6f65-46c3-acac-d20bd43a49d8 1aecc63337ac47eeb2864b5a8410de81 522183c651334aae8111c14de1689a28 - - default default] Method 'is_advsvc' is deprecated since 2023.2 release (neutron-lib 3.8.0) and will be removed once support for the old RBAC API policies will be removed from Neutron. Please use method 'is_service_role' instead.
2026-04-27 22:19:10.384 10 INFO neutron.wsgi [None req-5dc87646-fe64-4aac-8851-e0c53bc68319 e26562ea87e64e13857d93ba5336fbb8 35f6fd44a9dc443b862590df95c24e74 - - default default] 10.0.0.63 "DELETE /v2.0/ports/b532bda9-ffc5-4d0c-99a2-1d42929088a5 HTTP/1.1" status: 204 len: 168 time: 0.2817097
2026-04-27 22:19:10.471 9 INFO neutron.db.securitygroups_db [None req-d9113cef-6f65-46c3-acac-d20bd43a49d8 1aecc63337ac47eeb2864b5a8410de81 522183c651334aae8111c14de1689a28 - - default default] Project 522183c651334aae8111c14de1689a28 added a security group rule with legacy IPv6 ICMP protocol name icmp, ipv6-icmp should be used instead. It was automatically converted.
2026-04-27 22:19:10.642 9 INFO neutron.db.ovn_revision_numbers_db [None req-d9113cef-6f65-46c3-acac-d20bd43a49d8 1aecc63337ac47eeb2864b5a8410de81 522183c651334aae8111c14de1689a28 - - default default] Successfully bumped revision number for resource 59b979a5-df04-4fe1-991c-e4690ed20032 (type: security_group_rules) to 0
2026-04-27 22:19:10.673 9 INFO neutron.db.ovn_revision_numbers_db [None req-136934b6-bb0c-436d-bcb6-e0f659844d34 deb7f9436ba04777bdace9cc6d5bc8b0 815f3c67b503466886e031bf8324ba89 - - default default] Successfully bumped revision number for resource 752876ff-3f08-44ed-9506-7dd7e547b97c (type: security_groups) to 1
2026-04-27 22:19:10.678 9 INFO neutron.wsgi [None req-d9113cef-6f65-46c3-acac-d20bd43a49d8 1aecc63337ac47eeb2864b5a8410de81 522183c651334aae8111c14de1689a28 - - default default] 10.0.0.63 "POST /v2.0/security-group-rules HTTP/1.1" status: 201 len: 805 time: 0.4160287
2026-04-27 22:19:10.709 9 INFO neutron.db.ovn_revision_numbers_db [None req-136934b6-bb0c-436d-bcb6-e0f659844d34 deb7f9436ba04777bdace9cc6d5bc8b0 815f3c67b503466886e031bf8324ba89 - - default default] Successfully bumped revision number for resource 010050e6-443e-47ca-8970-43726f10d591 (type: security_group_rules) to 0
2026-04-27 22:19:10.727 9 INFO neutron.db.ovn_revision_numbers_db [None req-136934b6-bb0c-436d-bcb6-e0f659844d34 deb7f9436ba04777bdace9cc6d5bc8b0 815f3c67b503466886e031bf8324ba89 - - default default] Successfully bumped revision number for resource 30d4a18a-c26c-4e25-a677-221601da27f0 (type: security_group_rules) to 0
2026-04-27 22:19:10.742 9 INFO neutron.db.ovn_revision_numbers_db [None req-136934b6-bb0c-436d-bcb6-e0f659844d34 deb7f9436ba04777bdace9cc6d5bc8b0 815f3c67b503466886e031bf8324ba89 - - default default] Successfully bumped revision number for resource 44f8fbc4-d3c6-4325-ab6c-b866ff270d0c (type: security_group_rules) to 0
2026-04-27 22:19:10.764 9 INFO neutron.db.ovn_revision_numbers_db [None req-136934b6-bb0c-436d-bcb6-e0f659844d34 deb7f9436ba04777bdace9cc6d5bc8b0 815f3c67b503466886e031bf8324ba89 - - default default] Successfully bumped revision number for resource b2079500-7424-4d2e-9ffc-b8030a69e9f8 (type: security_group_rules) to 0
2026-04-27 22:19:10.791 10 INFO neutron.services.segments.plugin [-] Segment 261b5f70-5a70-4849-b864-1f7b262ef56b resource provider aggregate not found
2026-04-27 22:19:10.796 10 INFO neutron.services.segments.plugin [-] Segment 261b5f70-5a70-4849-b864-1f7b262ef56b resource provider aggregate not found
2026-04-27 22:19:10.800 9 INFO neutron.wsgi [None req-136934b6-bb0c-436d-bcb6-e0f659844d34 deb7f9436ba04777bdace9cc6d5bc8b0 815f3c67b503466886e031bf8324ba89 - - default default] 10.0.0.63 "GET /v2.0/security-groups?tenant_id=53a8e59d8862405e9a5a7194e569b6f8&name=default HTTP/1.1" status: 200 len: 3120 time: 0.6348288
2026-04-27 22:19:10.813 10 INFO neutron.services.segments.plugin [-] Segment 261b5f70-5a70-4849-b864-1f7b262ef56b resource provider not found; error: Placement Client Error (4xx): {"errors": [{"status": 404, "title": "Not Found", "detail": "The resource could not be found.\n\n No resource provider with uuid 261b5f70-5a70-4849-b864-1f7b262ef56b found for delete ", "request_id": "req-2a57817c-1aec-45d9-9551-1b82760815af"}]}
2026-04-27 22:19:10.817 10 INFO neutron.services.segments.plugin [-] Segment 261b5f70-5a70-4849-b864-1f7b262ef56b resource provider not found; error: Placement Client Error (4xx): {"errors": [{"status": 404, "title": "Not Found", "detail": "The resource could not be found.\n\n No resource provider with uuid 261b5f70-5a70-4849-b864-1f7b262ef56b found for delete ", "request_id": "req-3af1e6d3-4bde-407d-a333-2ab43f378f71"}]}
2026-04-27 22:19:10.840 10 INFO neutron.wsgi [None req-14c1cbe8-f79a-4952-9406-9f92f46c8d9b e26562ea87e64e13857d93ba5336fbb8 35f6fd44a9dc443b862590df95c24e74 - - default default] 10.0.0.63 "DELETE /v2.0/networks/3094cdc5-c398-4e0e-a332-e93384bfc539 HTTP/1.1" status: 204 len: 168 time: 0.4520140
2026-04-27 22:19:11.048 10 INFO neutron.wsgi [None req-43af2efb-f246-4d35-aeb9-37db2ffddb97 deb7f9436ba04777bdace9cc6d5bc8b0 815f3c67b503466886e031bf8324ba89 - - default default] 10.0.0.63 "DELETE /v2.0/security-groups/752876ff-3f08-44ed-9506-7dd7e547b97c HTTP/1.1" status: 204 len: 168 time: 0.2419453
2026-04-27 22:19:11.118 10 WARNING neutron_lib.context [None req-fb1d6fd4-f6cc-45da-bdb5-b238dd6d5c4f 1aecc63337ac47eeb2864b5a8410de81 522183c651334aae8111c14de1689a28 - - default default] Method 'is_advsvc' is deprecated since 2023.2 release (neutron-lib 3.8.0) and will be removed once support for the old RBAC API policies will be removed from Neutron. Please use method 'is_service_role' instead.
2026-04-27 22:19:11.134 10 INFO neutron.wsgi [-] 10.0.0.52 "GET / HTTP/1.1" status: 200 len: 247 time: 0.0022182
2026-04-27 22:19:11.136 10 INFO neutron.wsgi [-] 10.0.0.52 "GET / HTTP/1.1" status: 200 len: 247 time: 0.0013671
2026-04-27 22:19:11.288 10 INFO neutron.db.ovn_revision_numbers_db [None req-fb1d6fd4-f6cc-45da-bdb5-b238dd6d5c4f 1aecc63337ac47eeb2864b5a8410de81 522183c651334aae8111c14de1689a28 - - default default] Successfully bumped revision number for resource f020ff6b-ffb5-4590-996c-cf550002f0de (type: security_groups) to 1
2026-04-27 22:19:11.307 10 INFO neutron.db.ovn_revision_numbers_db [None req-fb1d6fd4-f6cc-45da-bdb5-b238dd6d5c4f 1aecc63337ac47eeb2864b5a8410de81 522183c651334aae8111c14de1689a28 - - default default] Successfully bumped revision number for resource 5390c9cd-2ad8-4fa6-924a-36bedc3b0b88 (type: security_group_rules) to 0
2026-04-27 22:19:11.336 10 INFO neutron.db.ovn_revision_numbers_db [None req-fb1d6fd4-f6cc-45da-bdb5-b238dd6d5c4f 1aecc63337ac47eeb2864b5a8410de81 522183c651334aae8111c14de1689a28 - - default default] Successfully bumped revision number for resource 79fc2bcd-029a-4372-9a99-4def620e8864 (type: security_group_rules) to 0
2026-04-27 22:19:11.366 10 INFO neutron.wsgi [None req-fb1d6fd4-f6cc-45da-bdb5-b238dd6d5c4f 1aecc63337ac47eeb2864b5a8410de81 522183c651334aae8111c14de1689a28 - - default default] 10.0.0.63 "POST /v2.0/security-groups HTTP/1.1" status: 201 len: 1860 time: 0.2560291
2026-04-27 22:19:11.383 10 WARNING neutron_lib.context [None req-75456587-301a-4061-94a9-cf03ce6060c8 1aecc63337ac47eeb2864b5a8410de81 522183c651334aae8111c14de1689a28 - - default default] Method 'is_advsvc' is deprecated since 2023.2 release (neutron-lib 3.8.0) and will be removed once support for the old RBAC API policies will be removed from Neutron. Please use method 'is_service_role' instead.
2026-04-27 22:19:11.448 10 INFO neutron.db.ovn_revision_numbers_db [None req-ebf11fb4-398b-4e83-b650-0c3418c6bf14 deb7f9436ba04777bdace9cc6d5bc8b0 815f3c67b503466886e031bf8324ba89 - - default default] Successfully bumped revision number for resource 41512db7-3a51-42c3-b0db-6c595ac5420f (type: security_groups) to 1
2026-04-27 22:19:11.467 10 INFO neutron.db.ovn_revision_numbers_db [None req-ebf11fb4-398b-4e83-b650-0c3418c6bf14 deb7f9436ba04777bdace9cc6d5bc8b0 815f3c67b503466886e031bf8324ba89 - - default default] Successfully bumped revision number for resource 450ac16a-d472-43a1-8956-691b44095dbf (type: security_group_rules) to 0
2026-04-27 22:19:11.484 10 INFO neutron.db.ovn_revision_numbers_db [None req-ebf11fb4-398b-4e83-b650-0c3418c6bf14 deb7f9436ba04777bdace9cc6d5bc8b0 815f3c67b503466886e031bf8324ba89 - - default default] Successfully bumped revision number for resource 47900738-b2d3-4ce4-a739-b715a5840adf (type: security_group_rules) to 0
2026-04-27 22:19:11.502 10 INFO neutron.db.ovn_revision_numbers_db [None req-ebf11fb4-398b-4e83-b650-0c3418c6bf14 deb7f9436ba04777bdace9cc6d5bc8b0 815f3c67b503466886e031bf8324ba89 - - default default] Successfully bumped revision number for resource 96639012-586d-4487-bfbb-3976fd142e5a (type: security_group_rules) to 0
2026-04-27 22:19:11.522 10 INFO neutron.db.ovn_revision_numbers_db [None req-ebf11fb4-398b-4e83-b650-0c3418c6bf14 deb7f9436ba04777bdace9cc6d5bc8b0 815f3c67b503466886e031bf8324ba89 - - default default] Successfully bumped revision number for resource ff04d0a7-fd7a-4681-839d-f121ac0c4fba (type: security_group_rules) to 0
2026-04-27 22:19:11.540 10 INFO neutron.db.ovn_revision_numbers_db [None req-75456587-301a-4061-94a9-cf03ce6060c8 1aecc63337ac47eeb2864b5a8410de81 522183c651334aae8111c14de1689a28 - - default default] Successfully bumped revision number for resource 3d25e532-400e-44fc-9afc-d70c1bb44ab8 (type: security_group_rules) to 0
2026-04-27 22:19:11.554 10 INFO neutron.wsgi [None req-ebf11fb4-398b-4e83-b650-0c3418c6bf14 deb7f9436ba04777bdace9cc6d5bc8b0 815f3c67b503466886e031bf8324ba89 - - default default] 10.0.0.63 "GET /v2.0/security-groups?tenant_id=18f83626bca84414acf8d2d853db3b4c&name=default HTTP/1.1" status: 200 len: 3120 time: 0.2991252
2026-04-27 22:19:11.574 10 INFO neutron.wsgi [None req-75456587-301a-4061-94a9-cf03ce6060c8 1aecc63337ac47eeb2864b5a8410de81 522183c651334aae8111c14de1689a28 - - default default] 10.0.0.63 "POST /v2.0/security-group-rules HTTP/1.1" status: 201 len: 796 time: 0.1994858
2026-04-27 22:19:11.585 10 WARNING neutron_lib.context [None req-3d9f3107-f78f-49a4-b2d9-82813d7b3a78 1aecc63337ac47eeb2864b5a8410de81 522183c651334aae8111c14de1689a28 - - default default] Method 'is_advsvc' is deprecated since 2023.2 release (neutron-lib 3.8.0) and will be removed once support for the old RBAC API policies will be removed from Neutron. Please use method 'is_service_role' instead.
2026-04-27 22:19:11.630 9 INFO neutron.wsgi [None req-76b60124-ca92-47ee-bcf2-6bce960c4c4e deb7f9436ba04777bdace9cc6d5bc8b0 815f3c67b503466886e031bf8324ba89 - - default default] 10.0.0.63 "PUT /v2.0/routers/1202d5cd-af7e-4310-953c-752b5a4e4b61/remove_router_interface HTTP/1.1" status: 200 len: 503 time: 1.7208292 /var/lib/openstack/lib/python3.10/site-packages/pycadf/identifier.py:71: UserWarning: Invalid uuid: neutron. To ensure interoperability, identifiers should be a valid uuid. warnings.warn(('Invalid uuid: %s. To ensure interoperability, '
2026-04-27 22:19:11.698 9 INFO neutron.wsgi [None req-e32860fd-0b0c-48c5-b05a-df96ecf1a1ca deb7f9436ba04777bdace9cc6d5bc8b0 815f3c67b503466886e031bf8324ba89 - - default default] 10.0.0.63 "GET /v2.0/security-groups?tenant_id=35f6fd44a9dc443b862590df95c24e74&name=default HTTP/1.1" status: 200 len: 3120 time: 0.2204638
2026-04-27 22:19:11.768 10 INFO neutron.db.ovn_revision_numbers_db [None req-3d9f3107-f78f-49a4-b2d9-82813d7b3a78 1aecc63337ac47eeb2864b5a8410de81 522183c651334aae8111c14de1689a28 - - default default] Successfully bumped revision number for resource a5ecf0ca-cc38-4d8b-a3f0-0748beadcb55 (type: security_group_rules) to 0
2026-04-27 22:19:11.825 10 INFO neutron.wsgi [None req-3d9f3107-f78f-49a4-b2d9-82813d7b3a78 1aecc63337ac47eeb2864b5a8410de81 522183c651334aae8111c14de1689a28 - - default default] 10.0.0.63 "POST /v2.0/security-group-rules HTTP/1.1" status: 201 len: 801 time: 0.2454453
2026-04-27 22:19:11.845 10 WARNING neutron_lib.context [None req-9aa3691f-1de5-4f41-bd1d-fa0319c17861 1aecc63337ac47eeb2864b5a8410de81 522183c651334aae8111c14de1689a28 - - default default] Method 'is_advsvc' is deprecated since 2023.2 release (neutron-lib 3.8.0) and will be removed once support for the old RBAC API policies will be removed from Neutron. Please use method 'is_service_role' instead.
2026-04-27 22:19:11.861 9 INFO neutron.wsgi [None req-30d7960c-d91b-424f-986b-9693f72e281d deb7f9436ba04777bdace9cc6d5bc8b0 815f3c67b503466886e031bf8324ba89 - - default default] 10.0.0.63 "DELETE /v2.0/security-groups/41512db7-3a51-42c3-b0db-6c595ac5420f HTTP/1.1" status: 204 len: 168 time: 0.3023791
2026-04-27 22:19:11.939 9 INFO neutron.wsgi [None req-1da2a31c-5f02-4e33-b2e1-24d0cfbd8f09 deb7f9436ba04777bdace9cc6d5bc8b0 815f3c67b503466886e031bf8324ba89 - - default default] 10.0.0.63 "DELETE /v2.0/security-groups/13730350-23df-4741-af17-b401a3e6a72c HTTP/1.1" status: 204 len: 168 time: 0.2348475
2026-04-27 22:19:12.148 9 INFO neutron.db.ovn_revision_numbers_db [None req-3da0d925-f9eb-45b3-b42a-94db22868699 deb7f9436ba04777bdace9cc6d5bc8b0 815f3c67b503466886e031bf8324ba89 - - default default] Successfully bumped revision number for resource 482e320c-1b6b-4691-bd63-f7dde9ea89b1 (type: security_groups) to 1
2026-04-27 22:19:12.162 9 INFO neutron.db.ovn_revision_numbers_db [None req-3da0d925-f9eb-45b3-b42a-94db22868699 deb7f9436ba04777bdace9cc6d5bc8b0 815f3c67b503466886e031bf8324ba89 - - default default] Successfully bumped revision number for resource 5da062d0-38de-478f-8861-f60f6907ec27 (type: security_group_rules) to 0
2026-04-27 22:19:12.165 10 WARNING neutron.scheduler.dhcp_agent_scheduler [None req-9aa3691f-1de5-4f41-bd1d-fa0319c17861 1aecc63337ac47eeb2864b5a8410de81 522183c651334aae8111c14de1689a28 - - default default] No more DHCP agents
2026-04-27 22:19:12.169 10 WARNING neutron.api.rpc.agentnotifiers.dhcp_rpc_agent_api [None req-9aa3691f-1de5-4f41-bd1d-fa0319c17861 1aecc63337ac47eeb2864b5a8410de81 522183c651334aae8111c14de1689a28 - - default default] Unable to schedule network 20ee4d84-be3b-4f8e-8c40-e21ddfc8e124: no agents available; will retry on subsequent port and subnet creation events.
2026-04-27 22:19:12.175 9 INFO neutron.db.ovn_revision_numbers_db [None req-3da0d925-f9eb-45b3-b42a-94db22868699 deb7f9436ba04777bdace9cc6d5bc8b0 815f3c67b503466886e031bf8324ba89 - - default default] Successfully bumped revision number for resource 99f91bfe-d4f3-4ceb-8186-e48c604b3b5b (type: security_group_rules) to 0
2026-04-27 22:19:12.188 9 INFO neutron.db.ovn_revision_numbers_db [None req-3da0d925-f9eb-45b3-b42a-94db22868699 deb7f9436ba04777bdace9cc6d5bc8b0 815f3c67b503466886e031bf8324ba89 - - default default] Successfully bumped revision number for resource b169b632-0056-4d26-a032-f37c69e51143 (type: security_group_rules) to 0
2026-04-27 22:19:12.203 9 INFO neutron.db.ovn_revision_numbers_db [None req-3da0d925-f9eb-45b3-b42a-94db22868699 deb7f9436ba04777bdace9cc6d5bc8b0 815f3c67b503466886e031bf8324ba89 - - default default] Successfully bumped revision number for resource c3971913-8c93-49db-b411-fa828f8e650d (type: security_group_rules) to 0
2026-04-27 22:19:12.225 9 INFO neutron.wsgi [None req-3da0d925-f9eb-45b3-b42a-94db22868699 deb7f9436ba04777bdace9cc6d5bc8b0 815f3c67b503466886e031bf8324ba89 - - default default] 10.0.0.63 "GET /v2.0/security-groups?tenant_id=7324a03d8c1b4133865881c5077ba1f8&name=default HTTP/1.1" status: 200 len: 3120 time: 0.1990964
2026-04-27 22:19:12.433 9 INFO neutron.wsgi [None req-a6175c39-5821-4c48-8972-2ff599c0c2e0 deb7f9436ba04777bdace9cc6d5bc8b0 815f3c67b503466886e031bf8324ba89 - - default default] 10.0.0.63 "DELETE /v2.0/security-groups/482e320c-1b6b-4691-bd63-f7dde9ea89b1 HTTP/1.1" status: 204 len: 168 time: 0.2040195
2026-04-27 22:19:12.865 10 INFO neutron.wsgi [None req-ccfb1aa1-109d-4124-883f-ad1b24091221 deb7f9436ba04777bdace9cc6d5bc8b0 815f3c67b503466886e031bf8324ba89 - - default default] 10.0.0.63 "DELETE /v2.0/routers/1202d5cd-af7e-4310-953c-752b5a4e4b61 HTTP/1.1" status: 204 len: 168 time: 1.2262461
2026-04-27 22:19:12.931 10 INFO neutron.wsgi [None req-9aa3691f-1de5-4f41-bd1d-fa0319c17861 1aecc63337ac47eeb2864b5a8410de81 522183c651334aae8111c14de1689a28 - - default default] 10.0.0.63 "POST /v2.0/floatingips HTTP/1.1" status: 201 len: 751 time: 1.0911620
2026-04-27 22:19:13.043 10 INFO neutron.wsgi [req-084bc044-7b26-4723-874d-53f67d5c3065 req-e601b0a0-23d0-4853-8d13-3aeca191b285 1aecc63337ac47eeb2864b5a8410de81 522183c651334aae8111c14de1689a28 - - default default] 10.0.0.182 "GET /v2.0/security-groups?name=tempest-securitygroup--644197547&fields=id&tenant_id=522183c651334aae8111c14de1689a28 HTTP/1.1" status: 200 len: 267 time: 0.0461524
2026-04-27 22:19:13.091 9 INFO neutron.wsgi [None req-d11d2a2b-e1e7-4d41-bc49-450494a07c36 deb7f9436ba04777bdace9cc6d5bc8b0 815f3c67b503466886e031bf8324ba89 - - default default] 10.0.0.63 "DELETE /v2.0/subnets/c5817fc9-dcfe-45c8-89a9-10eb6c92bc2f HTTP/1.1" status: 204 len: 168 time: 0.2207260
2026-04-27 22:19:13.108 10 INFO neutron.wsgi [req-084bc044-7b26-4723-874d-53f67d5c3065 req-e28624b8-0ed3-422d-abff-c3e1ce232818 1aecc63337ac47eeb2864b5a8410de81 522183c651334aae8111c14de1689a28 - - default default] 10.0.0.182 "GET /v2.0/security-groups?name=tempest-secgroup-smoke-965793929&fields=id&tenant_id=522183c651334aae8111c14de1689a28 HTTP/1.1" status: 200 len: 267 time: 0.0548298
2026-04-27 22:19:13.204 10 INFO neutron.wsgi [req-084bc044-7b26-4723-874d-53f67d5c3065 req-5a44a15a-a281-4452-a19c-4e8789edd041 1aecc63337ac47eeb2864b5a8410de81 522183c651334aae8111c14de1689a28 - - default default] 10.0.0.182 "GET /v2.0/networks?id=be531fd2-0b5c-40e1-a9fd-19a390ac5372 HTTP/1.1" status: 200 len: 872 time: 0.0862141
2026-04-27 22:19:13.224 10 INFO neutron.wsgi [req-084bc044-7b26-4723-874d-53f67d5c3065 req-214c1583-c3fc-4e07-a61f-fab499527968 1aecc63337ac47eeb2864b5a8410de81 522183c651334aae8111c14de1689a28 - - default default] 10.0.0.182 "GET /v2.0/quotas/522183c651334aae8111c14de1689a28 HTTP/1.1" status: 200 len: 491 time: 0.0145948
2026-04-27 22:19:13.330 10 INFO neutron.wsgi [req-084bc044-7b26-4723-874d-53f67d5c3065 req-7ffbb26b-09aa-456a-9e77-7fb592378bce 1aecc63337ac47eeb2864b5a8410de81 522183c651334aae8111c14de1689a28 - - default default] 10.0.0.182 "GET /v2.0/ports?tenant_id=522183c651334aae8111c14de1689a28&fields=id HTTP/1.1" status: 200 len: 302 time: 0.0995889
2026-04-27 22:19:13.410 10 INFO neutron.wsgi [req-084bc044-7b26-4723-874d-53f67d5c3065 req-8be90043-bf01-47e2-a148-69fd3a84c0ab 704a36a6de1240e18012a19f0f05f720 2f9b73de570f4c89af39e63d7cdb54cd - - 40fd682ceee84a83889ba67ab46e917c 40fd682ceee84a83889ba67ab46e917c] 10.0.0.182 "GET /v2.0/networks/be531fd2-0b5c-40e1-a9fd-19a390ac5372?fields=segments HTTP/1.1" status: 200 len: 212 time: 0.0664361
2026-04-27 22:19:13.475 10 INFO neutron.wsgi [req-084bc044-7b26-4723-874d-53f67d5c3065 req-1ade350c-b4ad-4142-a2fd-520ca582780e 704a36a6de1240e18012a19f0f05f720 2f9b73de570f4c89af39e63d7cdb54cd - - 40fd682ceee84a83889ba67ab46e917c 40fd682ceee84a83889ba67ab46e917c] 10.0.0.182 "GET /v2.0/networks/be531fd2-0b5c-40e1-a9fd-19a390ac5372?fields=provider%3Aphysical_network&fields=provider%3Anetwork_type HTTP/1.1" status: 200 len: 277 time: 0.0590363
2026-04-27 22:19:13.539 9 INFO neutron.services.segments.plugin [-] Segment 77bdba61-b320-41aa-8d10-751e6abe26e2 resource provider aggregate not found
2026-04-27 22:19:13.543 9 INFO neutron.services.segments.plugin [-] Segment 77bdba61-b320-41aa-8d10-751e6abe26e2 resource provider aggregate not found
2026-04-27 22:19:13.556 9 INFO neutron.services.segments.plugin [-] Segment 77bdba61-b320-41aa-8d10-751e6abe26e2 resource provider not found; error: Placement Client Error (4xx): {"errors": [{"status": 404, "title": "Not Found", "detail": "The resource could not be found.\n\n No resource provider with uuid 77bdba61-b320-41aa-8d10-751e6abe26e2 found for delete ", "request_id": "req-aceab321-9422-441a-a6fe-0675c0d74ab4"}]}
2026-04-27 22:19:13.559 9 INFO neutron.services.segments.plugin [-] Segment 77bdba61-b320-41aa-8d10-751e6abe26e2 resource provider not found; error: Placement Client Error (4xx): {"errors": [{"status": 404, "title": "Not Found", "detail": "The resource could not be found.\n\n No resource provider with uuid 77bdba61-b320-41aa-8d10-751e6abe26e2 found for delete ", "request_id": "req-881a4569-6b4b-43fa-a55b-3b9bbddd7788"}]}
2026-04-27 22:19:13.566 9 INFO neutron.wsgi [None req-bf9726ae-face-451c-98f3-ce358758238b deb7f9436ba04777bdace9cc6d5bc8b0 815f3c67b503466886e031bf8324ba89 - - default default] 10.0.0.63 "DELETE /v2.0/networks/89b4fe33-f375-4752-ad2f-838a1b564835 HTTP/1.1" status: 204 len: 168 time: 0.4586992
2026-04-27 22:19:13.666 10 INFO neutron.wsgi [req-011e74da-0044-4806-a2d5-0d61d3129d32 req-9d7afded-c672-4591-aadc-bd1a4b89cc4d 1aecc63337ac47eeb2864b5a8410de81 522183c651334aae8111c14de1689a28 - - default default] 10.0.0.182 "GET /v2.0/ports?device_id=17b44d80-96d0-4176-af4e-1fa19aac0c95 HTTP/1.1" status: 200 len: 210 time: 0.0223303
2026-04-27 22:19:13.754 9 INFO neutron.wsgi [None req-a26c3328-a9e3-4cef-8f91-c8e9f2c08cc1 deb7f9436ba04777bdace9cc6d5bc8b0 815f3c67b503466886e031bf8324ba89 - - default default] 10.0.0.63 "GET /v2.0/security-groups?tenant_id=2fead31254914fff95df3c528018c540&name=default HTTP/1.1" status: 200 len: 3120 time: 0.0500867
2026-04-27 22:19:13.917 9 WARNING neutron.plugins.ml2.drivers.ovn.mech_driver.ovsdb.ovn_client [None req-dfd8fd72-4598-4a77-b8a1-42d2eab836db - - - - - -] No hosting information found for port 8c8adb4c-418a-4186-bd27-ee68110d2f87: RuntimeError: No hosting information found for port 8c8adb4c-418a-4186-bd27-ee68110d2f87
2026-04-27 22:19:13.991 9 INFO neutron.wsgi [None req-8415e99a-9140-4fa2-8a26-8c8b3095fa5c deb7f9436ba04777bdace9cc6d5bc8b0 815f3c67b503466886e031bf8324ba89 - - default default] 10.0.0.63 "DELETE /v2.0/security-groups/cced25c2-deb1-480d-9631-60494a8fc228 HTTP/1.1" status: 204 len: 168 time: 0.2319946
2026-04-27 22:19:14.494 10 INFO neutron.wsgi [req-084bc044-7b26-4723-874d-53f67d5c3065 req-84a5553b-0f5a-4689-80e4-24a3d1e789b6 1aecc63337ac47eeb2864b5a8410de81 522183c651334aae8111c14de1689a28 - - default default] 199.204.45.250 "GET /v2.0/networks?id=be531fd2-0b5c-40e1-a9fd-19a390ac5372 HTTP/1.1" status: 200 len: 872 time: 0.0716038
2026-04-27 22:19:14.552 10 INFO neutron.wsgi [req-084bc044-7b26-4723-874d-53f67d5c3065 req-655273cc-1475-43a7-af5e-43d97f5891fa 1aecc63337ac47eeb2864b5a8410de81 522183c651334aae8111c14de1689a28 - - default default] 199.204.45.250 "GET /v2.0/security-groups?fields=id&fields=name&tenant_id=522183c651334aae8111c14de1689a28 HTTP/1.1" status: 200 len: 471 time: 0.0518854
2026-04-27 22:19:14.562 10 WARNING neutron_lib.context [req-084bc044-7b26-4723-874d-53f67d5c3065 req-e6422ce5-4afb-4658-9e80-795a575e52a7 1aecc63337ac47eeb2864b5a8410de81 522183c651334aae8111c14de1689a28 - - default default] Method 'is_advsvc' is deprecated since 2023.2 release (neutron-lib 3.8.0) and will be removed once support for the old RBAC API policies will be removed from Neutron. Please use method 'is_service_role' instead.
2026-04-27 22:19:14.751 10 INFO neutron.wsgi [req-41945af4-3b8a-4d5d-96ab-6fc8bd415032 req-6552a425-429f-43da-8954-8fb3728ac81f 1aecc63337ac47eeb2864b5a8410de81 522183c651334aae8111c14de1689a28 - - default default] 10.0.0.182 "GET /v2.0/ports?device_id=17b44d80-96d0-4176-af4e-1fa19aac0c95 HTTP/1.1" status: 200 len: 210 time: 0.0188429
2026-04-27 22:19:14.956 10 WARNING neutron.scheduler.dhcp_agent_scheduler [req-084bc044-7b26-4723-874d-53f67d5c3065 req-e6422ce5-4afb-4658-9e80-795a575e52a7 1aecc63337ac47eeb2864b5a8410de81 522183c651334aae8111c14de1689a28 - - default default] No more DHCP agents
2026-04-27 22:19:14.959 10 WARNING neutron.api.rpc.agentnotifiers.dhcp_rpc_agent_api [req-084bc044-7b26-4723-874d-53f67d5c3065 req-e6422ce5-4afb-4658-9e80-795a575e52a7 1aecc63337ac47eeb2864b5a8410de81 522183c651334aae8111c14de1689a28 - - default default] Unable to schedule network be531fd2-0b5c-40e1-a9fd-19a390ac5372: no agents available; will retry on subsequent port and subnet creation events.
2026-04-27 22:19:15.149 10 INFO neutron.db.ovn_revision_numbers_db [req-084bc044-7b26-4723-874d-53f67d5c3065 req-e6422ce5-4afb-4658-9e80-795a575e52a7 1aecc63337ac47eeb2864b5a8410de81 522183c651334aae8111c14de1689a28 - - default default] Successfully bumped revision number for resource 41c35c75-35bd-496a-a901-2f2cd6185199 (type: ports) to 1
2026-04-27 22:19:15.202 10 INFO neutron.wsgi [req-084bc044-7b26-4723-874d-53f67d5c3065 req-e6422ce5-4afb-4658-9e80-795a575e52a7 1aecc63337ac47eeb2864b5a8410de81 522183c651334aae8111c14de1689a28 - - default default] 199.204.45.250 "POST /v2.0/ports HTTP/1.1" status: 201 len: 1201 time: 0.6444542 /var/lib/openstack/lib/python3.10/site-packages/pycadf/identifier.py:71: UserWarning: Invalid uuid: neutron. To ensure interoperability, identifiers should be a valid uuid. warnings.warn(('Invalid uuid: %s. To ensure interoperability, '
2026-04-27 22:19:15.668 10 INFO neutron.db.ovn_revision_numbers_db [req-084bc044-7b26-4723-874d-53f67d5c3065 req-c9515823-e000-437a-b595-5cf6280b4215 704a36a6de1240e18012a19f0f05f720 2f9b73de570f4c89af39e63d7cdb54cd - - 40fd682ceee84a83889ba67ab46e917c 40fd682ceee84a83889ba67ab46e917c] Successfully bumped revision number for resource 41c35c75-35bd-496a-a901-2f2cd6185199 (type: ports) to 2 /var/lib/openstack/lib/python3.10/site-packages/pycadf/identifier.py:71: UserWarning: Invalid uuid: neutron. To ensure interoperability, identifiers should be a valid uuid. warnings.warn(('Invalid uuid: %s. To ensure interoperability, '
2026-04-27 22:19:15.880 10 INFO neutron.wsgi [req-fe16f3f4-40a6-4fb8-9c0a-17dd83ee52c5 req-15f4bdce-75ed-4c9f-a362-15a83e7fcff7 1aecc63337ac47eeb2864b5a8410de81 522183c651334aae8111c14de1689a28 - - default default] 10.0.0.182 "GET /v2.0/ports?device_id=17b44d80-96d0-4176-af4e-1fa19aac0c95 HTTP/1.1" status: 200 len: 1212 time: 0.0598443 /var/lib/openstack/lib/python3.10/site-packages/pycadf/identifier.py:71: UserWarning: Invalid uuid: neutron. To ensure interoperability, identifiers should be a valid uuid. warnings.warn(('Invalid uuid: %s. To ensure interoperability, '
2026-04-27 22:19:15.942 10 INFO neutron.db.ovn_revision_numbers_db [req-084bc044-7b26-4723-874d-53f67d5c3065 req-c9515823-e000-437a-b595-5cf6280b4215 704a36a6de1240e18012a19f0f05f720 2f9b73de570f4c89af39e63d7cdb54cd - - 40fd682ceee84a83889ba67ab46e917c 40fd682ceee84a83889ba67ab46e917c] Successfully bumped revision number for resource 41c35c75-35bd-496a-a901-2f2cd6185199 (type: ports) to 2
2026-04-27 22:19:15.947 10 INFO neutron.wsgi [req-fe16f3f4-40a6-4fb8-9c0a-17dd83ee52c5 req-b055b6f1-1ca5-4eed-a32c-9f2a1f162f1d 1aecc63337ac47eeb2864b5a8410de81 522183c651334aae8111c14de1689a28 - - default default] 10.0.0.182 "GET /v2.0/security-groups?id=f020ff6b-ffb5-4590-996c-cf550002f0de&id=a2a28df1-7971-4234-a4db-826f946a1d01&fields=id&fields=name HTTP/1.1" status: 200 len: 404 time: 0.0605390
2026-04-27 22:19:15.971 10 INFO neutron.wsgi [req-084bc044-7b26-4723-874d-53f67d5c3065 req-c9515823-e000-437a-b595-5cf6280b4215 704a36a6de1240e18012a19f0f05f720 2f9b73de570f4c89af39e63d7cdb54cd - - 40fd682ceee84a83889ba67ab46e917c 40fd682ceee84a83889ba67ab46e917c] 199.204.45.250 "PUT /v2.0/ports/41c35c75-35bd-496a-a901-2f2cd6185199 HTTP/1.1" status: 200 len: 1419 time: 0.7567401
2026-04-27 22:19:16.029 10 INFO neutron.notifiers.nova [-] Nova event matching ['req-d926dee0-6793-4281-87c2-f98af5b8cb18'] response: {'name': 'network-changed', 'server_uuid': '17b44d80-96d0-4176-af4e-1fa19aac0c95', 'tag': '41c35c75-35bd-496a-a901-2f2cd6185199', 'status': 'completed', 'code': 200}
2026-04-27 22:19:16.066 10 INFO neutron.wsgi [req-084bc044-7b26-4723-874d-53f67d5c3065 req-ffb82a61-5fc2-458f-ba4b-ab8331abb63b 704a36a6de1240e18012a19f0f05f720 2f9b73de570f4c89af39e63d7cdb54cd - - 40fd682ceee84a83889ba67ab46e917c 40fd682ceee84a83889ba67ab46e917c] 199.204.45.250 "GET /v2.0/ports?tenant_id=522183c651334aae8111c14de1689a28&device_id=17b44d80-96d0-4176-af4e-1fa19aac0c95 HTTP/1.1" status: 200 len: 1450 time: 0.0492582
2026-04-27 22:19:16.097 10 INFO neutron.wsgi [req-084bc044-7b26-4723-874d-53f67d5c3065 req-c540fdb7-771e-4e03-a6dc-fef281d4873a 704a36a6de1240e18012a19f0f05f720 2f9b73de570f4c89af39e63d7cdb54cd - - 40fd682ceee84a83889ba67ab46e917c 40fd682ceee84a83889ba67ab46e917c] 199.204.45.250 "GET /v2.0/floatingips?fixed_ip_address=10.100.0.10&port_id=41c35c75-35bd-496a-a901-2f2cd6185199 HTTP/1.1" status: 200 len: 217 time: 0.0240369
2026-04-27 22:19:16.140 10 INFO neutron.wsgi [req-084bc044-7b26-4723-874d-53f67d5c3065 req-5c1e70c7-e634-4aa3-9a69-42b0b7c0aeb4 704a36a6de1240e18012a19f0f05f720 2f9b73de570f4c89af39e63d7cdb54cd - - 40fd682ceee84a83889ba67ab46e917c 40fd682ceee84a83889ba67ab46e917c] 199.204.45.250 "GET /v2.0/subnets?id=38d8b408-f00a-49d4-9a9b-9581032e9c55 HTTP/1.1" status: 200 len: 866 time: 0.0346301
2026-04-27 22:19:16.170 10 INFO neutron.wsgi [req-084bc044-7b26-4723-874d-53f67d5c3065 req-7204db0b-ad7b-4e19-8a33-9bc2228feb85 704a36a6de1240e18012a19f0f05f720 2f9b73de570f4c89af39e63d7cdb54cd - - 40fd682ceee84a83889ba67ab46e917c 40fd682ceee84a83889ba67ab46e917c] 199.204.45.250 "GET /v2.0/ports?network_id=be531fd2-0b5c-40e1-a9fd-19a390ac5372&device_owner=network%3Adhcp HTTP/1.1" status: 200 len: 210 time: 0.0234816
2026-04-27 22:19:16.253 10 INFO neutron.wsgi [req-084bc044-7b26-4723-874d-53f67d5c3065 req-889b5afc-39e2-467b-b17d-6c4b8c478154 704a36a6de1240e18012a19f0f05f720 2f9b73de570f4c89af39e63d7cdb54cd - - 40fd682ceee84a83889ba67ab46e917c 40fd682ceee84a83889ba67ab46e917c] 199.204.45.250 "GET /v2.0/networks/be531fd2-0b5c-40e1-a9fd-19a390ac5372?fields=segments HTTP/1.1" status: 200 len: 212 time: 0.0758488
2026-04-27 22:19:16.273 9 WARNING neutron_lib.context [None req-a664fcd3-2c69-41c1-abc5-edc27b7d0092 29a29149602b49618c4aa27d1a58f9e5 c3d668abda4343c494b34b98046012a9 - - default default] Method 'is_advsvc' is deprecated since 2023.2 release (neutron-lib 3.8.0) and will be removed once support for the old RBAC API policies will be removed from Neutron. Please use method 'is_service_role' instead.
2026-04-27 22:19:16.320 10 INFO neutron.wsgi [req-084bc044-7b26-4723-874d-53f67d5c3065 req-cc38e3d2-af37-4f18-b5b0-474d25d14996 704a36a6de1240e18012a19f0f05f720 2f9b73de570f4c89af39e63d7cdb54cd - - 40fd682ceee84a83889ba67ab46e917c 40fd682ceee84a83889ba67ab46e917c] 199.204.45.250 "GET /v2.0/networks/be531fd2-0b5c-40e1-a9fd-19a390ac5372?fields=provider%3Aphysical_network&fields=provider%3Anetwork_type HTTP/1.1" status: 200 len: 277 time: 0.0580344
