2026-04-27 21:42:06.419 9 INFO neutron.db.ovn_revision_numbers_db [None req-b2ec46f9-feb4-493b-a3c2-f127ebd55cd9 deb7f9436ba04777bdace9cc6d5bc8b0 815f3c67b503466886e031bf8324ba89 - - default default] Successfully bumped revision number for resource 9e9aa463-7f0c-4f1f-8dc5-6317d6a7531a (type: security_group_rules) to 0
2026-04-27 21:42:06.431 9 INFO neutron.db.ovn_revision_numbers_db [None req-b2ec46f9-feb4-493b-a3c2-f127ebd55cd9 deb7f9436ba04777bdace9cc6d5bc8b0 815f3c67b503466886e031bf8324ba89 - - default default] Successfully bumped revision number for resource a276f7fd-f7d8-4a05-bcb9-dc72479f2528 (type: security_group_rules) to 0
2026-04-27 21:42:06.444 9 WARNING neutron.services.revisions.revision_plugin [None req-b2ec46f9-feb4-493b-a3c2-f127ebd55cd9 deb7f9436ba04777bdace9cc6d5bc8b0 815f3c67b503466886e031bf8324ba89 - - default default] Could not find related network for resource to bump revision.
2026-04-27 21:42:06.482 9 INFO neutron.db.segments_db [None req-b2ec46f9-feb4-493b-a3c2-f127ebd55cd9 deb7f9436ba04777bdace9cc6d5bc8b0 815f3c67b503466886e031bf8324ba89 - - default default] Added segment dccb34cb-07d5-402a-8352-dae636b98ff7 of type flat for network 20ee4d84-be3b-4f8e-8c40-e21ddfc8e124
2026-04-27 21:42:06.684 9 INFO neutron.db.ovn_revision_numbers_db [None req-b2ec46f9-feb4-493b-a3c2-f127ebd55cd9 deb7f9436ba04777bdace9cc6d5bc8b0 815f3c67b503466886e031bf8324ba89 - - default default] Successfully bumped revision number for resource 20ee4d84-be3b-4f8e-8c40-e21ddfc8e124 (type: networks) to 1
2026-04-27 21:42:06.953 9 WARNING neutron.scheduler.dhcp_agent_scheduler [None req-b2ec46f9-feb4-493b-a3c2-f127ebd55cd9 deb7f9436ba04777bdace9cc6d5bc8b0 815f3c67b503466886e031bf8324ba89 - - default default] No more DHCP agents
2026-04-27 21:42:06.959 9 WARNING neutron.api.rpc.agentnotifiers.dhcp_rpc_agent_api [None req-b2ec46f9-feb4-493b-a3c2-f127ebd55cd9 deb7f9436ba04777bdace9cc6d5bc8b0 815f3c67b503466886e031bf8324ba89 - - default default] Unable to schedule network 20ee4d84-be3b-4f8e-8c40-e21ddfc8e124: no agents available; will retry on subsequent port and subnet creation events.
2026-04-27 21:42:07.074 9 INFO neutron.db.ovn_revision_numbers_db [None req-b2ec46f9-feb4-493b-a3c2-f127ebd55cd9 deb7f9436ba04777bdace9cc6d5bc8b0 815f3c67b503466886e031bf8324ba89 - - default default] Successfully bumped revision number for resource 94844616-03fe-482d-a617-3880f2fcdb01 (type: ports) to 1
2026-04-27 21:42:07.102 9 INFO neutron.wsgi [None req-b2ec46f9-feb4-493b-a3c2-f127ebd55cd9 deb7f9436ba04777bdace9cc6d5bc8b0 815f3c67b503466886e031bf8324ba89 - - default default] 199.204.45.250,10.0.0.52 "POST /v2.0/networks HTTP/1.1" status: 201 len: 886 time: 0.9797561 /var/lib/openstack/lib/python3.10/site-packages/pycadf/identifier.py:71: UserWarning: Invalid uuid: unknown. To ensure interoperability, identifiers should be a valid uuid. warnings.warn(('Invalid uuid: %s. To ensure interoperability, '
2026-04-27 21:42:08.794 10 INFO neutron.pecan_wsgi.hooks.translation [None req-876c26e8-d498-40b6-a785-13654d09ed19 deb7f9436ba04777bdace9cc6d5bc8b0 815f3c67b503466886e031bf8324ba89 - - default default] GET failed (client error): The resource could not be found.
2026-04-27 21:42:08.797 10 INFO neutron.wsgi [None req-876c26e8-d498-40b6-a785-13654d09ed19 deb7f9436ba04777bdace9cc6d5bc8b0 815f3c67b503466886e031bf8324ba89 - - default default] 199.204.45.250,10.0.0.52 "GET /v2.0/networks/public HTTP/1.1" status: 404 len: 290 time: 0.6131084
2026-04-27 21:42:08.986 10 WARNING oslo_policy.policy [None req-04ef75eb-2443-439c-a7fb-43bde48d84bd deb7f9436ba04777bdace9cc6d5bc8b0 815f3c67b503466886e031bf8324ba89 - - default default] Policies ['get_subnets_tags'] reference a rule that is not defined.
2026-04-27 21:42:08.990 10 INFO neutron.wsgi [None req-04ef75eb-2443-439c-a7fb-43bde48d84bd deb7f9436ba04777bdace9cc6d5bc8b0 815f3c67b503466886e031bf8324ba89 - - default default] 199.204.45.250,10.0.0.52 "GET /v2.0/networks?name=public HTTP/1.1" status: 200 len: 890 time: 0.1895103
2026-04-27 21:42:09.018 10 INFO neutron.pecan_wsgi.hooks.translation [None req-8be382a9-3d21-4573-8769-2d2cc37e9a92 deb7f9436ba04777bdace9cc6d5bc8b0 815f3c67b503466886e031bf8324ba89 - - default default] GET failed (client error): The resource could not be found.
2026-04-27 21:42:09.019 10 INFO neutron.wsgi [None req-8be382a9-3d21-4573-8769-2d2cc37e9a92 deb7f9436ba04777bdace9cc6d5bc8b0 815f3c67b503466886e031bf8324ba89 - - default default] 199.204.45.250,10.0.0.52 "GET /v2.0/subnets/public-subnet?network_id=20ee4d84-be3b-4f8e-8c40-e21ddfc8e124 HTTP/1.1" status: 404 len: 295 time: 0.0226340
2026-04-27 21:42:09.048 10 INFO neutron.wsgi [None req-f44cc805-2e88-4746-a1b3-c9ef44dbdd4d deb7f9436ba04777bdace9cc6d5bc8b0 815f3c67b503466886e031bf8324ba89 - - default default] 199.204.45.250,10.0.0.52 "GET /v2.0/subnets?name=public-subnet&network_id=20ee4d84-be3b-4f8e-8c40-e21ddfc8e124 HTTP/1.1" status: 200 len: 188 time: 0.0251050
2026-04-27 21:42:09.390 10 WARNING neutron.scheduler.dhcp_agent_scheduler [None req-6eb6cfa8-86ef-4123-a950-bc056160ec46 deb7f9436ba04777bdace9cc6d5bc8b0 815f3c67b503466886e031bf8324ba89 - - default default] No more DHCP agents
2026-04-27 21:42:09.392 10 WARNING neutron.api.rpc.agentnotifiers.dhcp_rpc_agent_api [None req-6eb6cfa8-86ef-4123-a950-bc056160ec46 deb7f9436ba04777bdace9cc6d5bc8b0 815f3c67b503466886e031bf8324ba89 - - default default] Unable to schedule network 20ee4d84-be3b-4f8e-8c40-e21ddfc8e124: no agents available; will retry on subsequent port and subnet creation events.
2026-04-27 21:42:09.392 10 INFO neutron.plugins.ml2.drivers.ovn.mech_driver.ovsdb.extensions.qos [None req-6eb6cfa8-86ef-4123-a950-bc056160ec46 deb7f9436ba04777bdace9cc6d5bc8b0 815f3c67b503466886e031bf8324ba89 - - default default] Starting OVNClientQosExtension
2026-04-27 21:42:09.392 10 INFO neutron.plugins.ml2.drivers.ovn.mech_driver.ovsdb.extensions.placement [None req-6eb6cfa8-86ef-4123-a950-bc056160ec46 deb7f9436ba04777bdace9cc6d5bc8b0 815f3c67b503466886e031bf8324ba89 - - default default] Starting OVNClientPlacementExtension
2026-04-27 21:42:10.070 10 INFO neutron.db.ovn_revision_numbers_db [None req-6eb6cfa8-86ef-4123-a950-bc056160ec46 deb7f9436ba04777bdace9cc6d5bc8b0 815f3c67b503466886e031bf8324ba89 - - default default] Successfully bumped revision number for resource 94844616-03fe-482d-a617-3880f2fcdb01 (type: ports) to 2
2026-04-27 21:42:10.115 10 INFO neutron.db.ovn_revision_numbers_db [None req-6eb6cfa8-86ef-4123-a950-bc056160ec46 deb7f9436ba04777bdace9cc6d5bc8b0 815f3c67b503466886e031bf8324ba89 - - default default] Successfully bumped revision number for resource f80aee92-6753-4a84-8662-972dc1f22e67 (type: subnets) to 0
2026-04-27 21:42:10.136 10 INFO neutron.wsgi [None req-6eb6cfa8-86ef-4123-a950-bc056160ec46 deb7f9436ba04777bdace9cc6d5bc8b0 815f3c67b503466886e031bf8324ba89 - - default default] 199.204.45.250,10.0.0.52 "POST /v2.0/subnets HTTP/1.1" status: 201 len: 821 time: 1.0820343
2026-04-27 21:42:11.134 10 INFO neutron.wsgi [-] 10.0.0.52 "GET / HTTP/1.1" status: 200 len: 247 time: 0.0028038
2026-04-27 21:42:26.134 10 INFO neutron.wsgi [-] 10.0.0.52 "GET / HTTP/1.1" status: 200 len: 247 time: 0.0031638
2026-04-27 21:42:41.134 10 INFO neutron.wsgi [-] 10.0.0.52 "GET / HTTP/1.1" status: 200 len: 247 time: 0.0024292
2026-04-27 21:42:56.134 10 INFO neutron.wsgi [-] 10.0.0.52 "GET / HTTP/1.1" status: 200 len: 247 time: 0.0034161
2026-04-27 21:42:56.139 10 INFO neutron.wsgi [-] 10.0.0.52 "GET / HTTP/1.1" status: 200 len: 247 time: 0.0024266
2026-04-27 21:43:11.134 9 INFO neutron.wsgi [-] 10.0.0.52 "GET / HTTP/1.1" status: 200 len: 247 time: 0.0028908
2026-04-27 21:43:11.136 9 INFO neutron.wsgi [-] 10.0.0.52 "GET / HTTP/1.1" status: 200 len: 247 time: 0.0015745
2026-04-27 21:43:26.135 9 INFO neutron.wsgi [-] 10.0.0.52 "GET / HTTP/1.1" status: 200 len: 247 time: 0.0026548
2026-04-27 21:43:26.136 10 INFO neutron.wsgi [-] 10.0.0.52 "GET / HTTP/1.1" status: 200 len: 247 time: 0.0027750
2026-04-27 21:43:41.133 10 INFO neutron.wsgi [-] 10.0.0.52 "GET / HTTP/1.1" status: 200 len: 247 time: 0.0026705
2026-04-27 21:43:41.134 9 INFO neutron.wsgi [-] 10.0.0.52 "GET / HTTP/1.1" status: 200 len: 247 time: 0.0028491
2026-04-27 21:43:56.134 10 INFO neutron.wsgi [-] 10.0.0.52 "GET / HTTP/1.1" status: 200 len: 247 time: 0.0030324
2026-04-27 21:43:56.135 9 INFO neutron.wsgi [-] 10.0.0.52 "GET / HTTP/1.1" status: 200 len: 247 time: 0.0033929
2026-04-27 21:44:11.136 9 INFO neutron.wsgi [-] 10.0.0.52 "GET / HTTP/1.1" status: 200 len: 247 time: 0.0030351
2026-04-27 21:44:11.138 9 INFO neutron.wsgi [-] 10.0.0.52 "GET / HTTP/1.1" status: 200 len: 247 time: 0.0012140
2026-04-27 21:44:26.133 9 INFO neutron.wsgi [-] 10.0.0.52 "GET / HTTP/1.1" status: 200 len: 247 time: 0.0016925
2026-04-27 21:44:26.138 9 INFO neutron.wsgi [-] 10.0.0.52 "GET / HTTP/1.1" status: 200 len: 247 time: 0.0012746
2026-04-27 21:44:41.132 9 INFO neutron.wsgi [-] 10.0.0.52 "GET / HTTP/1.1" status: 200 len: 247 time: 0.0016074
2026-04-27 21:44:41.133 10 INFO neutron.wsgi [-] 10.0.0.52 "GET / HTTP/1.1" status: 200 len: 247 time: 0.0022833
2026-04-27 21:44:56.134 10 INFO neutron.wsgi [-] 10.0.0.52 "GET / HTTP/1.1" status: 200 len: 247 time: 0.0024457
2026-04-27 21:44:56.134 9 INFO neutron.wsgi [-] 10.0.0.52 "GET / HTTP/1.1" status: 200 len: 247 time: 0.0027208
2026-04-27 21:45:11.134 9 INFO neutron.wsgi [-] 10.0.0.52 "GET / HTTP/1.1" status: 200 len: 247 time: 0.0027788
2026-04-27 21:45:11.136 10 INFO neutron.wsgi [-] 10.0.0.52 "GET / HTTP/1.1" status: 200 len: 247 time: 0.0044131
2026-04-27 21:45:26.134 10 INFO neutron.wsgi [-] 10.0.0.52 "GET / HTTP/1.1" status: 200 len: 247 time: 0.0024991
2026-04-27 21:45:26.135 9 INFO neutron.wsgi [-] 10.0.0.52 "GET / HTTP/1.1" status: 200 len: 247 time: 0.0030460
2026-04-27 21:45:41.132 9 INFO neutron.wsgi [-] 10.0.0.52 "GET / HTTP/1.1" status: 200 len: 247 time: 0.0012498
2026-04-27 21:45:41.134 10 INFO neutron.wsgi [-] 10.0.0.52 "GET / HTTP/1.1" status: 200 len: 247 time: 0.0025165
2026-04-27 21:45:56.134 9 INFO neutron.wsgi [-] 10.0.0.52 "GET / HTTP/1.1" status: 200 len: 247 time: 0.0025194
2026-04-27 21:45:56.134 10 INFO neutron.wsgi [-] 10.0.0.52 "GET / HTTP/1.1" status: 200 len: 247 time: 0.0029438
2026-04-27 21:46:11.133 9 INFO neutron.wsgi [-] 10.0.0.52 "GET / HTTP/1.1" status: 200 len: 247 time: 0.0021708
2026-04-27 21:46:11.133 10 INFO neutron.wsgi [-] 10.0.0.52 "GET / HTTP/1.1" status: 200 len: 247 time: 0.0025330
2026-04-27 21:46:26.134 10 INFO neutron.wsgi [-] 10.0.0.52 "GET / HTTP/1.1" status: 200 len: 247 time: 0.0023439
2026-04-27 21:46:26.134 9 INFO neutron.wsgi [-] 10.0.0.52 "GET / HTTP/1.1" status: 200 len: 247 time: 0.0024669
2026-04-27 21:46:38.984 10 INFO neutron.pecan_wsgi.hooks.translation [None req-ee0f0830-9682-45ab-9045-3acece443914 deb7f9436ba04777bdace9cc6d5bc8b0 815f3c67b503466886e031bf8324ba89 - - default default] GET failed (client error): The resource could not be found.
2026-04-27 21:46:38.985 10 INFO neutron.wsgi [None req-ee0f0830-9682-45ab-9045-3acece443914 deb7f9436ba04777bdace9cc6d5bc8b0 815f3c67b503466886e031bf8324ba89 - - default default] 199.204.45.250,10.0.0.52 "GET /v2.0/networks/lb-mgmt-net HTTP/1.1" status: 404 len: 295 time: 0.1522796
2026-04-27 21:46:39.002 10 INFO neutron.wsgi [None req-4b99a9c0-090f-4a7c-8f2b-c918a67a7ec5 deb7f9436ba04777bdace9cc6d5bc8b0 815f3c67b503466886e031bf8324ba89 - - default default] 199.204.45.250,10.0.0.52 "GET /v2.0/networks?name=lb-mgmt-net HTTP/1.1" status: 200 len: 189 time: 0.0126927
2026-04-27 21:46:39.098 10 INFO neutron.db.segments_db [None req-21a49171-5af0-4a88-8a15-765f097942d8 deb7f9436ba04777bdace9cc6d5bc8b0 815f3c67b503466886e031bf8324ba89 - - default default] Added segment 6a559a73-dfd7-462a-8e43-6fae9a56f3a1 of type geneve for network 07d92285-bf8e-4f01-bd0e-9ee3185efd65
2026-04-27 21:46:39.299 10 INFO neutron.db.ovn_revision_numbers_db [None req-21a49171-5af0-4a88-8a15-765f097942d8 deb7f9436ba04777bdace9cc6d5bc8b0 815f3c67b503466886e031bf8324ba89 - - default default] Successfully bumped revision number for resource 07d92285-bf8e-4f01-bd0e-9ee3185efd65 (type: networks) to 1
2026-04-27 21:46:39.459 10 WARNING neutron.scheduler.dhcp_agent_scheduler [None req-21a49171-5af0-4a88-8a15-765f097942d8 deb7f9436ba04777bdace9cc6d5bc8b0 815f3c67b503466886e031bf8324ba89 - - default default] No more DHCP agents
2026-04-27 21:46:39.460 10 WARNING neutron.api.rpc.agentnotifiers.dhcp_rpc_agent_api [None req-21a49171-5af0-4a88-8a15-765f097942d8 deb7f9436ba04777bdace9cc6d5bc8b0 815f3c67b503466886e031bf8324ba89 - - default default] Unable to schedule network 07d92285-bf8e-4f01-bd0e-9ee3185efd65: no agents available; will retry on subsequent port and subnet creation events.
2026-04-27 21:46:39.541 10 INFO neutron.db.ovn_revision_numbers_db [None req-21a49171-5af0-4a88-8a15-765f097942d8 deb7f9436ba04777bdace9cc6d5bc8b0 815f3c67b503466886e031bf8324ba89 - - default default] Successfully bumped revision number for resource 9a044b3e-d5ba-49e4-9069-b44e263d3fd2 (type: ports) to 1
2026-04-27 21:46:39.563 10 INFO neutron.wsgi [None req-21a49171-5af0-4a88-8a15-765f097942d8 deb7f9436ba04777bdace9cc6d5bc8b0 815f3c67b503466886e031bf8324ba89 - - default default] 199.204.45.250,10.0.0.52 "POST /v2.0/networks HTTP/1.1" status: 201 len: 890 time: 0.5561893
2026-04-27 21:46:40.485 9 INFO neutron.pecan_wsgi.hooks.translation [None req-85f1a31f-4785-4b69-be33-8651e9a769d8 deb7f9436ba04777bdace9cc6d5bc8b0 815f3c67b503466886e031bf8324ba89 - - default default] GET failed (client error): The resource could not be found.
2026-04-27 21:46:40.486 9 INFO neutron.wsgi [None req-85f1a31f-4785-4b69-be33-8651e9a769d8 deb7f9436ba04777bdace9cc6d5bc8b0 815f3c67b503466886e031bf8324ba89 - - default default] 199.204.45.250,10.0.0.52 "GET /v2.0/networks/lb-mgmt-net HTTP/1.1" status: 404 len: 295 time: 0.0626328
2026-04-27 21:46:40.548 9 INFO neutron.wsgi [None req-58a5312f-819e-42b1-81e6-eb25f39b8541 deb7f9436ba04777bdace9cc6d5bc8b0 815f3c67b503466886e031bf8324ba89 - - default default] 199.204.45.250,10.0.0.52 "GET /v2.0/networks?name=lb-mgmt-net HTTP/1.1" status: 200 len: 875 time: 0.0574296
2026-04-27 21:46:40.581 9 INFO neutron.pecan_wsgi.hooks.translation [None req-5028139d-6d44-4150-a639-160d401834e9 deb7f9436ba04777bdace9cc6d5bc8b0 815f3c67b503466886e031bf8324ba89 - - default default] GET failed (client error): The resource could not be found.
2026-04-27 21:46:40.582 9 INFO neutron.wsgi [None req-5028139d-6d44-4150-a639-160d401834e9 deb7f9436ba04777bdace9cc6d5bc8b0 815f3c67b503466886e031bf8324ba89 - - default default] 199.204.45.250,10.0.0.52 "GET /v2.0/subnets/lb-mgmt-subnet?network_id=07d92285-bf8e-4f01-bd0e-9ee3185efd65 HTTP/1.1" status: 404 len: 296 time: 0.0241342
2026-04-27 21:46:40.604 9 INFO neutron.wsgi [None req-45786509-1aca-47e6-9939-215735493e54 deb7f9436ba04777bdace9cc6d5bc8b0 815f3c67b503466886e031bf8324ba89 - - default default] 199.204.45.250,10.0.0.52 "GET /v2.0/subnets?name=lb-mgmt-subnet&network_id=07d92285-bf8e-4f01-bd0e-9ee3185efd65 HTTP/1.1" status: 200 len: 188 time: 0.0174406
2026-04-27 21:46:40.771 9 WARNING neutron.scheduler.dhcp_agent_scheduler [None req-af7c2db6-bc40-45ca-94b4-62835d7541aa deb7f9436ba04777bdace9cc6d5bc8b0 815f3c67b503466886e031bf8324ba89 - - default default] No more DHCP agents
2026-04-27 21:46:40.772 9 WARNING neutron.api.rpc.agentnotifiers.dhcp_rpc_agent_api [None req-af7c2db6-bc40-45ca-94b4-62835d7541aa deb7f9436ba04777bdace9cc6d5bc8b0 815f3c67b503466886e031bf8324ba89 - - default default] Unable to schedule network 07d92285-bf8e-4f01-bd0e-9ee3185efd65: no agents available; will retry on subsequent port and subnet creation events.
2026-04-27 21:46:41.134 10 INFO neutron.wsgi [-] 10.0.0.52 "GET / HTTP/1.1" status: 200 len: 247 time: 0.0025811
2026-04-27 21:46:41.137 10 INFO neutron.wsgi [-] 10.0.0.52 "GET / HTTP/1.1" status: 200 len: 247 time: 0.0020278
2026-04-27 21:46:41.351 9 INFO neutron.db.ovn_revision_numbers_db [None req-af7c2db6-bc40-45ca-94b4-62835d7541aa deb7f9436ba04777bdace9cc6d5bc8b0 815f3c67b503466886e031bf8324ba89 - - default default] Successfully bumped revision number for resource 9a044b3e-d5ba-49e4-9069-b44e263d3fd2 (type: ports) to 2
2026-04-27 21:46:41.391 9 INFO neutron.db.ovn_revision_numbers_db [None req-af7c2db6-bc40-45ca-94b4-62835d7541aa deb7f9436ba04777bdace9cc6d5bc8b0 815f3c67b503466886e031bf8324ba89 - - default default] Successfully bumped revision number for resource bfa97413-88a9-48c3-b569-fe6dac523181 (type: subnets) to 0
2026-04-27 21:46:41.404 9 INFO neutron.wsgi [None req-af7c2db6-bc40-45ca-94b4-62835d7541aa deb7f9436ba04777bdace9cc6d5bc8b0 815f3c67b503466886e031bf8324ba89 - - default default] 199.204.45.250,10.0.0.52 "POST /v2.0/subnets HTTP/1.1" status: 201 len: 807 time: 0.7953129
2026-04-27 21:46:42.374 9 INFO neutron.api.v2.resource [None req-6059e39d-0b11-4a80-9f9d-f1fc758113d1 deb7f9436ba04777bdace9cc6d5bc8b0 815f3c67b503466886e031bf8324ba89 - - default default] show failed (client error): The resource could not be found.
2026-04-27 21:46:42.375 9 INFO neutron.wsgi [None req-6059e39d-0b11-4a80-9f9d-f1fc758113d1 deb7f9436ba04777bdace9cc6d5bc8b0 815f3c67b503466886e031bf8324ba89 - - default default] 199.204.45.250,10.0.0.52 "GET /v2.0/security-groups/lb-health-mgr-sec-grp HTTP/1.1" status: 404 len: 313 time: 0.0436425
2026-04-27 21:46:42.407 9 INFO neutron.wsgi [None req-9c28860e-1511-41a7-9e34-864071be35d8 deb7f9436ba04777bdace9cc6d5bc8b0 815f3c67b503466886e031bf8324ba89 - - default default] 199.204.45.250,10.0.0.52 "GET /v2.0/security-groups?name=lb-health-mgr-sec-grp HTTP/1.1" status: 200 len: 197 time: 0.0298612
2026-04-27 21:46:42.518 9 INFO neutron.db.ovn_revision_numbers_db [None req-4a7e2ab3-a5d6-4eda-ba61-ca100a05ea38 deb7f9436ba04777bdace9cc6d5bc8b0 815f3c67b503466886e031bf8324ba89 - - default default] Successfully bumped revision number for resource 10457994-a951-429b-8cc2-8da99829fee3 (type: security_groups) to 1
2026-04-27 21:46:42.531 9 INFO neutron.db.ovn_revision_numbers_db [None req-4a7e2ab3-a5d6-4eda-ba61-ca100a05ea38 deb7f9436ba04777bdace9cc6d5bc8b0 815f3c67b503466886e031bf8324ba89 - - default default] Successfully bumped revision number for resource 9ce9f71b-4bd3-4754-8be0-860b1d2bf950 (type: security_group_rules) to 0
2026-04-27 21:46:42.542 9 INFO neutron.db.ovn_revision_numbers_db [None req-4a7e2ab3-a5d6-4eda-ba61-ca100a05ea38 deb7f9436ba04777bdace9cc6d5bc8b0 815f3c67b503466886e031bf8324ba89 - - default default] Successfully bumped revision number for resource b23c2404-24e2-4462-877e-3a0f81ced7d5 (type: security_group_rules) to 0
2026-04-27 21:46:42.560 9 INFO neutron.wsgi [None req-4a7e2ab3-a5d6-4eda-ba61-ca100a05ea38 deb7f9436ba04777bdace9cc6d5bc8b0 815f3c67b503466886e031bf8324ba89 - - default default] 199.204.45.250,10.0.0.52 "POST /v2.0/security-groups HTTP/1.1" status: 201 len: 1797 time: 0.1489210
2026-04-27 21:46:43.565 10 INFO neutron.wsgi [None req-02eae2c8-4dc7-47f6-8977-693d3775fecd deb7f9436ba04777bdace9cc6d5bc8b0 815f3c67b503466886e031bf8324ba89 - - default default] 199.204.45.250,10.0.0.52 "GET /v2.0/security-groups/10457994-a951-429b-8cc2-8da99829fee3 HTTP/1.1" status: 200 len: 1792 time: 0.0686440
2026-04-27 21:46:43.603 10 INFO neutron.wsgi [None req-cda2cadb-d764-40fb-a587-422340bb1f47 deb7f9436ba04777bdace9cc6d5bc8b0 815f3c67b503466886e031bf8324ba89 - - default default] 199.204.45.250,10.0.0.52 "GET /v2.0/security-groups/10457994-a951-429b-8cc2-8da99829fee3 HTTP/1.1" status: 200 len: 1792 time: 0.0299687
2026-04-27 21:46:43.638 10 INFO neutron.wsgi [None req-ef6914f1-74d2-4ed1-8885-be7d1246312e deb7f9436ba04777bdace9cc6d5bc8b0 815f3c67b503466886e031bf8324ba89 - - default default] 199.204.45.250,10.0.0.52 "GET /v2.0/security-groups/10457994-a951-429b-8cc2-8da99829fee3 HTTP/1.1" status: 200 len: 1792 time: 0.0282166
2026-04-27 21:46:43.770 10 INFO neutron.db.ovn_revision_numbers_db [None req-bb1528b6-f3fa-4451-848f-75b42f4cd647 deb7f9436ba04777bdace9cc6d5bc8b0 815f3c67b503466886e031bf8324ba89 - - default default] Successfully bumped revision number for resource 22eb5aa8-9854-4b85-a698-4d65c3ffb076 (type: security_group_rules) to 0
2026-04-27 21:46:43.795 10 INFO neutron.wsgi [None req-bb1528b6-f3fa-4451-848f-75b42f4cd647 deb7f9436ba04777bdace9cc6d5bc8b0 815f3c67b503466886e031bf8324ba89 - - default default] 199.204.45.250,10.0.0.52 "POST /v2.0/security-group-rules HTTP/1.1" status: 201 len: 781 time: 0.1506021
2026-04-27 21:46:44.669 10 INFO neutron.wsgi [None req-75302217-6767-4beb-9a94-df78dc473d9d deb7f9436ba04777bdace9cc6d5bc8b0 815f3c67b503466886e031bf8324ba89 - - default default] 199.204.45.250,10.0.0.52 "GET /v2.0/security-groups/10457994-a951-429b-8cc2-8da99829fee3 HTTP/1.1" status: 200 len: 2406 time: 0.0542192
2026-04-27 21:46:44.704 10 INFO neutron.wsgi [None req-6607225b-8a31-471a-b578-ba46d92446e7 deb7f9436ba04777bdace9cc6d5bc8b0 815f3c67b503466886e031bf8324ba89 - - default default] 199.204.45.250,10.0.0.52 "GET /v2.0/security-groups/10457994-a951-429b-8cc2-8da99829fee3 HTTP/1.1" status: 200 len: 2406 time: 0.0296655
2026-04-27 21:46:44.739 10 INFO neutron.wsgi [None req-48577c0c-3e88-4110-8b5d-875e6869dbeb deb7f9436ba04777bdace9cc6d5bc8b0 815f3c67b503466886e031bf8324ba89 - - default default] 199.204.45.250,10.0.0.52 "GET /v2.0/security-groups/10457994-a951-429b-8cc2-8da99829fee3 HTTP/1.1" status: 200 len: 2406 time: 0.0269988
2026-04-27 21:46:44.872 10 INFO neutron.db.ovn_revision_numbers_db [None req-c7d97a0f-0f48-4c83-bd3e-1cd0220744ca deb7f9436ba04777bdace9cc6d5bc8b0 815f3c67b503466886e031bf8324ba89 - - default default] Successfully bumped revision number for resource 2587fa63-4eaa-464d-b57c-b15cb7a5f69a (type: security_group_rules) to 0
2026-04-27 21:46:44.900 10 INFO neutron.wsgi [None req-c7d97a0f-0f48-4c83-bd3e-1cd0220744ca deb7f9436ba04777bdace9cc6d5bc8b0 815f3c67b503466886e031bf8324ba89 - - default default] 199.204.45.250,10.0.0.52 "POST /v2.0/security-group-rules HTTP/1.1" status: 201 len: 783 time: 0.1537125
2026-04-27 21:46:45.772 10 INFO neutron.wsgi [None req-4c5afabb-c879-44a2-acf1-9beb39a58698 deb7f9436ba04777bdace9cc6d5bc8b0 815f3c67b503466886e031bf8324ba89 - - default default] 199.204.45.250,10.0.0.52 "GET /v2.0/security-groups/10457994-a951-429b-8cc2-8da99829fee3 HTTP/1.1" status: 200 len: 3022 time: 0.0578084
2026-04-27 21:46:45.808 10 INFO neutron.wsgi [None req-43944fb3-b5f0-4c74-851b-8e359c2c03a3 deb7f9436ba04777bdace9cc6d5bc8b0 815f3c67b503466886e031bf8324ba89 - - default default] 199.204.45.250,10.0.0.52 "GET /v2.0/security-groups/10457994-a951-429b-8cc2-8da99829fee3 HTTP/1.1" status: 200 len: 3022 time: 0.0274966
2026-04-27 21:46:45.845 10 INFO neutron.wsgi [None req-8123b896-f3e9-491c-8e82-8c354102714e deb7f9436ba04777bdace9cc6d5bc8b0 815f3c67b503466886e031bf8324ba89 - - default default] 199.204.45.250,10.0.0.52 "GET /v2.0/security-groups/10457994-a951-429b-8cc2-8da99829fee3 HTTP/1.1" status: 200 len: 3022 time: 0.0286481
2026-04-27 21:46:45.997 10 INFO neutron.db.ovn_revision_numbers_db [None req-8f07fce6-5a12-4a17-b621-ec06837ea945 deb7f9436ba04777bdace9cc6d5bc8b0 815f3c67b503466886e031bf8324ba89 - - default default] Successfully bumped revision number for resource caf7d640-92b7-4641-b937-79e3496bd55a (type: security_group_rules) to 0
2026-04-27 21:46:46.021 10 INFO neutron.wsgi [None req-8f07fce6-5a12-4a17-b621-ec06837ea945 deb7f9436ba04777bdace9cc6d5bc8b0 815f3c67b503466886e031bf8324ba89 - - default default] 199.204.45.250,10.0.0.52 "POST /v2.0/security-group-rules HTTP/1.1" status: 201 len: 783 time: 0.1685116
2026-04-27 21:46:46.868 10 INFO neutron.wsgi [None req-a46ae164-5418-418f-adde-afd18c478c24 deb7f9436ba04777bdace9cc6d5bc8b0 815f3c67b503466886e031bf8324ba89 - - default default] 199.204.45.250,10.0.0.52 "GET /v2.0/security-groups/10457994-a951-429b-8cc2-8da99829fee3 HTTP/1.1" status: 200 len: 3638 time: 0.0698462
2026-04-27 21:46:46.907 10 INFO neutron.wsgi [None req-fcae8a0e-1f89-43bf-bc9d-2226e562d91b deb7f9436ba04777bdace9cc6d5bc8b0 815f3c67b503466886e031bf8324ba89 - - default default] 199.204.45.250,10.0.0.52 "GET /v2.0/security-groups/10457994-a951-429b-8cc2-8da99829fee3 HTTP/1.1" status: 200 len: 3638 time: 0.0316436
2026-04-27 21:46:46.947 10 INFO neutron.wsgi [None req-0be8857c-099e-43c4-b45b-896f12ecffad deb7f9436ba04777bdace9cc6d5bc8b0 815f3c67b503466886e031bf8324ba89 - - default default] 199.204.45.250,10.0.0.52 "GET /v2.0/security-groups/10457994-a951-429b-8cc2-8da99829fee3 HTTP/1.1" status: 200 len: 3638 time: 0.0331945
2026-04-27 21:46:47.089 10 INFO neutron.db.ovn_revision_numbers_db [None req-057b768e-05b2-4082-866d-f82ea7fdf5cc deb7f9436ba04777bdace9cc6d5bc8b0 815f3c67b503466886e031bf8324ba89 - - default default] Successfully bumped revision number for resource 01407130-f409-46cb-86df-3c350ad817f5 (type: security_group_rules) to 0
2026-04-27 21:46:47.112 10 INFO neutron.wsgi [None req-057b768e-05b2-4082-866d-f82ea7fdf5cc deb7f9436ba04777bdace9cc6d5bc8b0 815f3c67b503466886e031bf8324ba89 - - default default] 199.204.45.250,10.0.0.52 "POST /v2.0/security-group-rules HTTP/1.1" status: 201 len: 783 time: 0.1563842
2026-04-27 21:46:47.997 10 INFO neutron.wsgi [None req-0ccd0960-dcc0-49a6-b184-a705fcaa3895 deb7f9436ba04777bdace9cc6d5bc8b0 815f3c67b503466886e031bf8324ba89 - - default default] 199.204.45.250,10.0.0.52 "GET /v2.0/security-groups/10457994-a951-429b-8cc2-8da99829fee3 HTTP/1.1" status: 200 len: 4254 time: 0.0851984
2026-04-27 21:46:48.035 10 INFO neutron.wsgi [None req-f7c827b5-7e0b-4349-b915-9fddb23b7f12 deb7f9436ba04777bdace9cc6d5bc8b0 815f3c67b503466886e031bf8324ba89 - - default default] 199.204.45.250,10.0.0.52 "GET /v2.0/security-groups/10457994-a951-429b-8cc2-8da99829fee3 HTTP/1.1" status: 200 len: 4254 time: 0.0296118
2026-04-27 21:46:48.088 10 INFO neutron.wsgi [None req-acaf6c96-dac8-4a86-b4a8-12579514e6a1 deb7f9436ba04777bdace9cc6d5bc8b0 815f3c67b503466886e031bf8324ba89 - - default default] 199.204.45.250,10.0.0.52 "GET /v2.0/security-groups/10457994-a951-429b-8cc2-8da99829fee3 HTTP/1.1" status: 200 len: 4254 time: 0.0460744
2026-04-27 21:46:48.233 10 INFO neutron.db.ovn_revision_numbers_db [None req-b451c50b-e74a-49c6-af33-25bcd0694de7 deb7f9436ba04777bdace9cc6d5bc8b0 815f3c67b503466886e031bf8324ba89 - - default default] Successfully bumped revision number for resource 1d02fdde-ff4d-4699-90f8-44289c8869b2 (type: security_group_rules) to 0
2026-04-27 21:46:48.261 10 INFO neutron.wsgi [None req-b451c50b-e74a-49c6-af33-25bcd0694de7 deb7f9436ba04777bdace9cc6d5bc8b0 815f3c67b503466886e031bf8324ba89 - - default default] 199.204.45.250,10.0.0.52 "POST /v2.0/security-group-rules HTTP/1.1" status: 201 len: 783 time: 0.1650114
2026-04-27 21:46:49.340 9 INFO neutron.wsgi [None req-e71db163-c0f7-49bc-8c24-daa13b6c1c48 deb7f9436ba04777bdace9cc6d5bc8b0 815f3c67b503466886e031bf8324ba89 - - default default] 199.204.45.250,10.0.0.52 "GET /v2.0/networks/07d92285-bf8e-4f01-bd0e-9ee3185efd65 HTTP/1.1" status: 200 len: 910 time: 0.0926068
2026-04-27 21:46:49.368 9 INFO neutron.pecan_wsgi.hooks.translation [None req-c93a0f8b-be8b-4ce9-b386-15ebb96c00a9 deb7f9436ba04777bdace9cc6d5bc8b0 815f3c67b503466886e031bf8324ba89 - - default default] GET failed (client error): The resource could not be found.
2026-04-27 21:46:49.370 9 INFO neutron.wsgi [None req-c93a0f8b-be8b-4ce9-b386-15ebb96c00a9 deb7f9436ba04777bdace9cc6d5bc8b0 815f3c67b503466886e031bf8324ba89 - - default default] 199.204.45.250,10.0.0.52 "GET /v2.0/ports/octavia-health-manager-port-instance?network_id=07d92285-bf8e-4f01-bd0e-9ee3185efd65 HTTP/1.1" status: 404 len: 314 time: 0.0198195
2026-04-27 21:46:49.403 9 INFO neutron.wsgi [None req-a9518144-8fae-40a3-b197-8f4f6c98c01f deb7f9436ba04777bdace9cc6d5bc8b0 815f3c67b503466886e031bf8324ba89 - - default default] 199.204.45.250,10.0.0.52 "GET /v2.0/ports?name=octavia-health-manager-port-instance&network_id=07d92285-bf8e-4f01-bd0e-9ee3185efd65 HTTP/1.1" status: 200 len: 186 time: 0.0293939
2026-04-27 21:46:49.441 9 INFO neutron.wsgi [None req-eea691ce-c37b-42fc-88ba-b71af68fc47d deb7f9436ba04777bdace9cc6d5bc8b0 815f3c67b503466886e031bf8324ba89 - - default default] 199.204.45.250,10.0.0.52 "GET /v2.0/security-groups/10457994-a951-429b-8cc2-8da99829fee3 HTTP/1.1" status: 200 len: 4870 time: 0.0321472
2026-04-27 21:46:49.720 9 WARNING neutron.scheduler.dhcp_agent_scheduler [None req-fb2ade0e-e606-44e3-9303-e2d32fca3ffe deb7f9436ba04777bdace9cc6d5bc8b0 815f3c67b503466886e031bf8324ba89 - - default default] No more DHCP agents
2026-04-27 21:46:49.722 9 WARNING neutron.api.rpc.agentnotifiers.dhcp_rpc_agent_api [None req-fb2ade0e-e606-44e3-9303-e2d32fca3ffe deb7f9436ba04777bdace9cc6d5bc8b0 815f3c67b503466886e031bf8324ba89 - - default default] Unable to schedule network 07d92285-bf8e-4f01-bd0e-9ee3185efd65: no agents available; will retry on subsequent port and subnet creation events.
2026-04-27 21:46:49.848 9 INFO neutron.db.ovn_revision_numbers_db [None req-fb2ade0e-e606-44e3-9303-e2d32fca3ffe deb7f9436ba04777bdace9cc6d5bc8b0 815f3c67b503466886e031bf8324ba89 - - default default] Successfully bumped revision number for resource 13c34fe5-a546-4645-9770-e2fbe85df6b3 (type: ports) to 1
2026-04-27 21:46:49.881 9 INFO neutron.wsgi [None req-fb2ade0e-e606-44e3-9303-e2d32fca3ffe deb7f9436ba04777bdace9cc6d5bc8b0 815f3c67b503466886e031bf8324ba89 - - default default] 199.204.45.250,10.0.0.52 "POST /v2.0/ports HTTP/1.1" status: 201 len: 1281 time: 0.4317837
2026-04-27 21:46:51.351 15 INFO neutron.db.ovn_revision_numbers_db [None req-f225cae7-aee9-4199-b7fa-35c77f14f102 - - - - - -] Successfully bumped revision number for resource 20ee4d84-be3b-4f8e-8c40-e21ddfc8e124 (type: networks) to 2
2026-04-27 21:46:51.351 15 INFO neutron.plugins.ml2.drivers.ovn.mech_driver.ovsdb.maintenance [None req-f225cae7-aee9-4199-b7fa-35c77f14f102 - - - - - -] Maintenance task: Synchronization completed (took 0.15 seconds)
2026-04-27 21:46:55.465 10 INFO neutron.pecan_wsgi.hooks.translation [None req-36e4531a-ba18-40a6-b160-1d3fb0181c98 deb7f9436ba04777bdace9cc6d5bc8b0 815f3c67b503466886e031bf8324ba89 - - default default] GET failed (client error): The resource could not be found.
2026-04-27 21:46:55.466 10 INFO neutron.wsgi [None req-36e4531a-ba18-40a6-b160-1d3fb0181c98 deb7f9436ba04777bdace9cc6d5bc8b0 815f3c67b503466886e031bf8324ba89 - - default default] 199.204.45.250,10.0.0.52 "GET /v2.0/ports/octavia-health-manager-port-instance HTTP/1.1" status: 404 len: 314 time: 0.0580084
2026-04-27 21:46:55.526 10 INFO neutron.wsgi [None req-6fafc8e1-9889-4ce2-ba85-b63a7ac4aa23 deb7f9436ba04777bdace9cc6d5bc8b0 815f3c67b503466886e031bf8324ba89 - - default default] 199.204.45.250,10.0.0.52 "GET /v2.0/ports?name=octavia-health-manager-port-instance HTTP/1.1" status: 200 len: 1279 time: 0.0550697
2026-04-27 21:46:55.953 10 INFO neutron.db.ovn_revision_numbers_db [None req-fcab4ced-7582-4195-a394-e82b4b9f4bd1 deb7f9436ba04777bdace9cc6d5bc8b0 815f3c67b503466886e031bf8324ba89 - - default default] Successfully bumped revision number for resource 13c34fe5-a546-4645-9770-e2fbe85df6b3 (type: ports) to 1
2026-04-27 21:46:56.134 9 INFO neutron.wsgi [-] 10.0.0.52 "GET / HTTP/1.1" status: 200 len: 247 time: 0.0026121
2026-04-27 21:46:56.137 9 INFO neutron.wsgi [-] 10.0.0.52 "GET / HTTP/1.1" status: 200 len: 247 time: 0.0019491
2026-04-27 21:46:56.221 10 INFO neutron.db.ovn_revision_numbers_db [None req-fcab4ced-7582-4195-a394-e82b4b9f4bd1 deb7f9436ba04777bdace9cc6d5bc8b0 815f3c67b503466886e031bf8324ba89 - - default default] Successfully bumped revision number for resource 13c34fe5-a546-4645-9770-e2fbe85df6b3 (type: ports) to 2
2026-04-27 21:46:56.237 10 INFO neutron.wsgi [None req-fcab4ced-7582-4195-a394-e82b4b9f4bd1 deb7f9436ba04777bdace9cc6d5bc8b0 815f3c67b503466886e031bf8324ba89 - - default default] 199.204.45.250,10.0.0.52 "PUT /v2.0/ports/13c34fe5-a546-4645-9770-e2fbe85df6b3 HTTP/1.1" status: 200 len: 1366 time: 0.7019706 /var/lib/openstack/lib/python3.10/site-packages/pycadf/identifier.py:71: UserWarning: Invalid uuid: unknown. To ensure interoperability, identifiers should be a valid uuid. warnings.warn(('Invalid uuid: %s. To ensure interoperability, '
2026-04-27 21:46:57.723 10 INFO neutron.wsgi [None req-763271c1-c46e-4e68-9f58-b5f7745fff81 deb7f9436ba04777bdace9cc6d5bc8b0 815f3c67b503466886e031bf8324ba89 - - default default] 199.204.45.250,10.0.0.52 "GET /v2.0/ports HTTP/1.1" status: 200 len: 3511 time: 0.0802085 /var/lib/openstack/lib/python3.10/site-packages/pycadf/identifier.py:71: UserWarning: Invalid uuid: unknown. To ensure interoperability, identifiers should be a valid uuid. warnings.warn(('Invalid uuid: %s. To ensure interoperability, '
2026-04-27 21:46:58.717 9 INFO neutron.api.v2.resource [None req-7ec928e2-7d60-4200-a491-a94ad4101209 deb7f9436ba04777bdace9cc6d5bc8b0 815f3c67b503466886e031bf8324ba89 - - default default] show failed (client error): The resource could not be found.
2026-04-27 21:46:58.718 9 INFO neutron.wsgi [None req-7ec928e2-7d60-4200-a491-a94ad4101209 deb7f9436ba04777bdace9cc6d5bc8b0 815f3c67b503466886e031bf8324ba89 - - default default] 199.204.45.250,10.0.0.52 "GET /v2.0/security-groups/lb-mgmt-sec-grp HTTP/1.1" status: 404 len: 307 time: 0.0410213
2026-04-27 21:46:58.747 9 INFO neutron.wsgi [None req-d22f41fc-003d-4882-b563-6e3ca3bb513e deb7f9436ba04777bdace9cc6d5bc8b0 815f3c67b503466886e031bf8324ba89 - - default default] 199.204.45.250,10.0.0.52 "GET /v2.0/security-groups?name=lb-mgmt-sec-grp HTTP/1.1" status: 200 len: 197 time: 0.0256903
2026-04-27 21:46:58.872 9 INFO neutron.db.ovn_revision_numbers_db [None req-a7883480-b286-43cb-8fb9-23677d9ae35f deb7f9436ba04777bdace9cc6d5bc8b0 815f3c67b503466886e031bf8324ba89 - - default default] Successfully bumped revision number for resource 17b81d65-8250-4595-be23-9a8ed015c857 (type: security_groups) to 1
2026-04-27 21:46:58.886 9 INFO neutron.db.ovn_revision_numbers_db [None req-a7883480-b286-43cb-8fb9-23677d9ae35f deb7f9436ba04777bdace9cc6d5bc8b0 815f3c67b503466886e031bf8324ba89 - - default default] Successfully bumped revision number for resource 1450b907-f607-457a-ac1a-a81a817760ba (type: security_group_rules) to 0
2026-04-27 21:46:58.898 9 INFO neutron.db.ovn_revision_numbers_db [None req-a7883480-b286-43cb-8fb9-23677d9ae35f deb7f9436ba04777bdace9cc6d5bc8b0 815f3c67b503466886e031bf8324ba89 - - default default] Successfully bumped revision number for resource d4e4db94-4397-4847-8ef1-73ad5b8362b5 (type: security_group_rules) to 0
2026-04-27 21:46:58.918 9 INFO neutron.wsgi [None req-a7883480-b286-43cb-8fb9-23677d9ae35f deb7f9436ba04777bdace9cc6d5bc8b0 815f3c67b503466886e031bf8324ba89 - - default default] 199.204.45.250,10.0.0.52 "POST /v2.0/security-groups HTTP/1.1" status: 201 len: 1791 time: 0.1627901
2026-04-27 21:46:59.902 9 INFO neutron.wsgi [None req-e5f014dc-c153-4a38-800b-3acdf088b369 deb7f9436ba04777bdace9cc6d5bc8b0 815f3c67b503466886e031bf8324ba89 - - default default] 199.204.45.250,10.0.0.52 "GET /v2.0/security-groups/17b81d65-8250-4595-be23-9a8ed015c857 HTTP/1.1" status: 200 len: 1786 time: 0.0878971
2026-04-27 21:46:59.931 9 INFO neutron.wsgi [None req-40fd9162-bc92-404b-b3a4-3d4059b1e8cd deb7f9436ba04777bdace9cc6d5bc8b0 815f3c67b503466886e031bf8324ba89 - - default default] 199.204.45.250,10.0.0.52 "GET /v2.0/security-groups/17b81d65-8250-4595-be23-9a8ed015c857 HTTP/1.1" status: 200 len: 1786 time: 0.0237861
2026-04-27 21:46:59.960 9 INFO neutron.wsgi [None req-a67295ef-1975-45a1-acf5-b38131c21379 deb7f9436ba04777bdace9cc6d5bc8b0 815f3c67b503466886e031bf8324ba89 - - default default] 199.204.45.250,10.0.0.52 "GET /v2.0/security-groups/17b81d65-8250-4595-be23-9a8ed015c857 HTTP/1.1" status: 200 len: 1786 time: 0.0246828
2026-04-27 21:47:00.089 9 INFO neutron.db.ovn_revision_numbers_db [None req-0feda857-0186-488b-a2f3-2eae33adc093 deb7f9436ba04777bdace9cc6d5bc8b0 815f3c67b503466886e031bf8324ba89 - - default default] Successfully bumped revision number for resource 1222b9b9-0ed5-48a5-8553-27363a8e5b89 (type: security_group_rules) to 0
2026-04-27 21:47:00.118 9 INFO neutron.wsgi [None req-0feda857-0186-488b-a2f3-2eae33adc093 deb7f9436ba04777bdace9cc6d5bc8b0 815f3c67b503466886e031bf8324ba89 - - default default] 199.204.45.250,10.0.0.52 "POST /v2.0/security-group-rules HTTP/1.1" status: 201 len: 803 time: 0.1510501
2026-04-27 21:47:00.988 10 INFO neutron.wsgi [None req-93262f7b-690f-4f15-a351-f30972419844 deb7f9436ba04777bdace9cc6d5bc8b0 815f3c67b503466886e031bf8324ba89 - - default default] 199.204.45.250,10.0.0.52 "GET /v2.0/security-groups/17b81d65-8250-4595-be23-9a8ed015c857 HTTP/1.1" status: 200 len: 2422 time: 0.0539095
2026-04-27 21:47:01.031 10 INFO neutron.wsgi [None req-b2874c1c-e18f-44bb-954a-c403868f1ba1 deb7f9436ba04777bdace9cc6d5bc8b0 815f3c67b503466886e031bf8324ba89 - - default default] 199.204.45.250,10.0.0.52 "GET /v2.0/security-groups/17b81d65-8250-4595-be23-9a8ed015c857 HTTP/1.1" status: 200 len: 2422 time: 0.0359499
2026-04-27 21:47:01.062 10 INFO neutron.wsgi [None req-2a631455-e1ce-427a-8ca9-8ec56258b0f7 deb7f9436ba04777bdace9cc6d5bc8b0 815f3c67b503466886e031bf8324ba89 - - default default] 199.204.45.250,10.0.0.52 "GET /v2.0/security-groups/17b81d65-8250-4595-be23-9a8ed015c857 HTTP/1.1" status: 200 len: 2422 time: 0.0249212
2026-04-27 21:47:01.212 10 INFO neutron.db.ovn_revision_numbers_db [None req-bc80cb68-a5fc-41bd-956c-7215dac850bd deb7f9436ba04777bdace9cc6d5bc8b0 815f3c67b503466886e031bf8324ba89 - - default default] Successfully bumped revision number for resource 11083571-b8bb-475d-a36c-3e073a4b46a0 (type: security_group_rules) to 0
2026-04-27 21:47:01.242 10 INFO neutron.wsgi [None req-bc80cb68-a5fc-41bd-956c-7215dac850bd deb7f9436ba04777bdace9cc6d5bc8b0 815f3c67b503466886e031bf8324ba89 - - default default] 199.204.45.250,10.0.0.52 "POST /v2.0/security-group-rules HTTP/1.1" status: 201 len: 807 time: 0.1724248
2026-04-27 21:47:11.135 10 INFO neutron.wsgi [-] 10.0.0.52 "GET / HTTP/1.1" status: 200 len: 247 time: 0.0024712
2026-04-27 21:47:11.135 9 INFO neutron.wsgi [-] 10.0.0.52 "GET / HTTP/1.1" status: 200 len: 247 time: 0.0026228
2026-04-27 21:47:26.134 10 INFO neutron.wsgi [-] 10.0.0.52 "GET / HTTP/1.1" status: 200 len: 247 time: 0.0023365
2026-04-27 21:47:26.134 9 INFO neutron.wsgi [-] 10.0.0.52 "GET / HTTP/1.1" status: 200 len: 247 time: 0.0025833
2026-04-27 21:47:41.133 10 INFO neutron.wsgi [-] 10.0.0.52 "GET / HTTP/1.1" status: 200 len: 247 time: 0.0027106
2026-04-27 21:47:41.134 9 INFO neutron.wsgi [-] 10.0.0.52 "GET / HTTP/1.1" status: 200 len: 247 time: 0.0035024
2026-04-27 21:47:56.135 10 INFO neutron.wsgi [-] 10.0.0.52 "GET / HTTP/1.1" status: 200 len: 247 time: 0.0032573
2026-04-27 21:47:56.136 9 INFO neutron.wsgi [-] 10.0.0.52 "GET / HTTP/1.1" status: 200 len: 247 time: 0.0038738
2026-04-27 21:48:11.132 9 INFO neutron.wsgi [-] 10.0.0.52 "GET / HTTP/1.1" status: 200 len: 247 time: 0.0012839
2026-04-27 21:48:11.134 10 INFO neutron.wsgi [-] 10.0.0.52 "GET / HTTP/1.1" status: 200 len: 247 time: 0.0031381
2026-04-27 21:48:26.132 10 INFO neutron.wsgi [-] 10.0.0.52 "GET / HTTP/1.1" status: 200 len: 247 time: 0.0016966
2026-04-27 21:48:26.133 9 INFO neutron.wsgi [-] 10.0.0.52 "GET / HTTP/1.1" status: 200 len: 247 time: 0.0026698
2026-04-27 21:48:40.806 10 INFO neutron.wsgi [None req-647d7935-9a82-4747-a65b-04be22ddca57 deb7f9436ba04777bdace9cc6d5bc8b0 815f3c67b503466886e031bf8324ba89 - - default default] 199.204.45.250,10.0.0.52 "GET /v2.0/quotas/815f3c67b503466886e031bf8324ba89 HTTP/1.1" status: 200 len: 467 time: 0.0145788
2026-04-27 21:48:41.133 10 INFO neutron.wsgi [-] 10.0.0.52 "GET / HTTP/1.1" status: 200 len: 247 time: 0.0017242
2026-04-27 21:48:41.135 9 INFO neutron.wsgi [-] 10.0.0.52 "GET / HTTP/1.1" status: 200 len: 247 time: 0.0027413 /var/lib/openstack/lib/python3.10/site-packages/neutron/extensions/quotasv2.py:139: UserWarning: Neutron quota engine will require "--force" parameter to set a quota limit without checking the resource usage. warnings.warn('Neutron quota engine will require "--force" '
2026-04-27 21:48:41.209 10 INFO neutron.wsgi [None req-80097d1a-1621-43c2-b198-7da10b64458b deb7f9436ba04777bdace9cc6d5bc8b0 815f3c67b503466886e031bf8324ba89 - - default default] 199.204.45.250,10.0.0.52 "PUT /v2.0/quotas/815f3c67b503466886e031bf8324ba89 HTTP/1.1" status: 200 len: 466 time: 0.0295806
2026-04-27 21:48:56.134 9 INFO neutron.wsgi [-] 10.0.0.52 "GET / HTTP/1.1" status: 200 len: 247 time: 0.0023110
2026-04-27 21:48:56.134 10 INFO neutron.wsgi [-] 10.0.0.52 "GET / HTTP/1.1" status: 200 len: 247 time: 0.0024486
2026-04-27 21:49:11.133 9 INFO neutron.wsgi [-] 10.0.0.52 "GET / HTTP/1.1" status: 200 len: 247 time: 0.0020444
2026-04-27 21:49:11.134 10 INFO neutron.wsgi [-] 10.0.0.52 "GET / HTTP/1.1" status: 200 len: 247 time: 0.0026090
2026-04-27 21:49:26.133 10 INFO neutron.wsgi [-] 10.0.0.52 "GET / HTTP/1.1" status: 200 len: 247 time: 0.0025218
2026-04-27 21:49:26.136 10 INFO neutron.wsgi [-] 10.0.0.52 "GET / HTTP/1.1" status: 200 len: 247 time: 0.0013587
2026-04-27 21:49:41.133 9 INFO neutron.wsgi [-] 10.0.0.52 "GET / HTTP/1.1" status: 200 len: 247 time: 0.0018637
2026-04-27 21:49:41.133 10 INFO neutron.wsgi [-] 10.0.0.52 "GET / HTTP/1.1" status: 200 len: 247 time: 0.0027044
2026-04-27 21:49:56.134 9 INFO neutron.wsgi [-] 10.0.0.52 "GET / HTTP/1.1" status: 200 len: 247 time: 0.0020857
2026-04-27 21:49:56.136 9 INFO neutron.wsgi [-] 10.0.0.52 "GET / HTTP/1.1" status: 200 len: 247 time: 0.0019350
2026-04-27 21:50:11.134 9 INFO neutron.wsgi [-] 10.0.0.52 "GET / HTTP/1.1" status: 200 len: 247 time: 0.0024400
2026-04-27 21:50:11.134 10 INFO neutron.wsgi [-] 10.0.0.52 "GET / HTTP/1.1" status: 200 len: 247 time: 0.0024161
2026-04-27 21:50:26.134 9 INFO neutron.wsgi [-] 10.0.0.52 "GET / HTTP/1.1" status: 200 len: 247 time: 0.0026224
2026-04-27 21:50:26.135 10 INFO neutron.wsgi [-] 10.0.0.52 "GET / HTTP/1.1" status: 200 len: 247 time: 0.0036778
2026-04-27 21:50:41.135 10 INFO neutron.wsgi [-] 10.0.0.52 "GET / HTTP/1.1" status: 200 len: 247 time: 0.0025446
2026-04-27 21:50:41.192 9 INFO neutron.wsgi [-] 10.0.0.52 "GET / HTTP/1.1" status: 200 len: 247 time: 0.0607519
2026-04-27 21:50:56.134 10 INFO neutron.wsgi [-] 10.0.0.52 "GET / HTTP/1.1" status: 200 len: 247 time: 0.0030971
2026-04-27 21:50:56.134 9 INFO neutron.wsgi [-] 10.0.0.52 "GET / HTTP/1.1" status: 200 len: 247 time: 0.0032282 /var/lib/openstack/lib/python3.10/site-packages/pycadf/identifier.py:71: UserWarning: Invalid uuid: neutron. To ensure interoperability, identifiers should be a valid uuid. warnings.warn(('Invalid uuid: %s. To ensure interoperability, '
2026-04-27 21:51:01.239 10 INFO neutron.pecan_wsgi.hooks.translation [None req-58a5b8e9-9a17-4630-a102-595d1a81d2e7 deb7f9436ba04777bdace9cc6d5bc8b0 815f3c67b503466886e031bf8324ba89 - - default default] GET failed (client error): The resource could not be found.
2026-04-27 21:51:01.241 10 INFO neutron.wsgi [None req-58a5b8e9-9a17-4630-a102-595d1a81d2e7 deb7f9436ba04777bdace9cc6d5bc8b0 815f3c67b503466886e031bf8324ba89 - - default default] 199.204.45.250 "GET /v2.0/ports/octavia-health-manager-port-instance HTTP/1.1" status: 404 len: 338 time: 0.2891667
2026-04-27 21:51:01.292 10 INFO neutron.wsgi [None req-4f98d976-e66c-44a8-9284-d7304d45cc65 deb7f9436ba04777bdace9cc6d5bc8b0 815f3c67b503466886e031bf8324ba89 - - default default] 199.204.45.250 "GET /v2.0/ports?name=octavia-health-manager-port-instance HTTP/1.1" status: 200 len: 1421 time: 0.0438018
2026-04-27 21:51:03.293 10 INFO neutron.pecan_wsgi.hooks.translation [None req-f1367b61-66a8-4393-9fd4-41c692ea47e9 deb7f9436ba04777bdace9cc6d5bc8b0 815f3c67b503466886e031bf8324ba89 - - default default] GET failed (client error): The resource could not be found.
2026-04-27 21:51:03.295 10 INFO neutron.wsgi [None req-f1367b61-66a8-4393-9fd4-41c692ea47e9 deb7f9436ba04777bdace9cc6d5bc8b0 815f3c67b503466886e031bf8324ba89 - - default default] 199.204.45.250 "GET /v2.0/ports/octavia-health-manager-port-instance HTTP/1.1" status: 404 len: 338 time: 0.0500042
2026-04-27 21:51:03.336 10 INFO neutron.wsgi [None req-7d96b6d4-10da-4a36-a3c8-82a9a0e3fc2c deb7f9436ba04777bdace9cc6d5bc8b0 815f3c67b503466886e031bf8324ba89 - - default default] 199.204.45.250 "GET /v2.0/ports?name=octavia-health-manager-port-instance HTTP/1.1" status: 200 len: 1421 time: 0.0361698
2026-04-27 21:51:04.820 10 INFO neutron.plugins.ml2.drivers.ovn.mech_driver.mech_driver [-] OVN reports status up for port: 13c34fe5-a546-4645-9770-e2fbe85df6b3
2026-04-27 21:51:04.841 10 INFO neutron.plugins.ml2.plugin [None req-e5eb291a-3077-41b0-9386-e75f14f0bea9 - - - - - -] Attempt 1 to provision port 13c34fe5-a546-4645-9770-e2fbe85df6b3
2026-04-27 21:51:05.130 10 INFO neutron.db.ovn_revision_numbers_db [None req-e5eb291a-3077-41b0-9386-e75f14f0bea9 - - - - - -] Successfully bumped revision number for resource 13c34fe5-a546-4645-9770-e2fbe85df6b3 (type: ports) to 4
2026-04-27 21:51:11.132 10 INFO neutron.wsgi [-] 10.0.0.52 "GET / HTTP/1.1" status: 200 len: 247 time: 0.0016222
2026-04-27 21:51:11.133 9 INFO neutron.wsgi [-] 10.0.0.52 "GET / HTTP/1.1" status: 200 len: 247 time: 0.0027506
2026-04-27 21:51:26.133 10 INFO neutron.wsgi [-] 10.0.0.52 "GET / HTTP/1.1" status: 200 len: 247 time: 0.0023603
2026-04-27 21:51:26.133 9 INFO neutron.wsgi [-] 10.0.0.52 "GET / HTTP/1.1" status: 200 len: 247 time: 0.0025208
2026-04-27 21:51:41.134 9 INFO neutron.wsgi [-] 10.0.0.52 "GET / HTTP/1.1" status: 200 len: 247 time: 0.0028830
2026-04-27 21:51:41.134 10 INFO neutron.wsgi [-] 10.0.0.52 "GET / HTTP/1.1" status: 200 len: 247 time: 0.0027595
2026-04-27 21:51:51.486 15 INFO neutron.db.ovn_revision_numbers_db [None req-f225cae7-aee9-4199-b7fa-35c77f14f102 - - - - - -] Successfully bumped revision number for resource 07d92285-bf8e-4f01-bd0e-9ee3185efd65 (type: networks) to 2
2026-04-27 21:51:51.583 15 INFO neutron.db.ovn_revision_numbers_db [None req-f225cae7-aee9-4199-b7fa-35c77f14f102 - - - - - -] Successfully bumped revision number for resource 10457994-a951-429b-8cc2-8da99829fee3 (type: security_groups) to 6
2026-04-27 21:51:51.684 15 INFO neutron.db.ovn_revision_numbers_db [None req-f225cae7-aee9-4199-b7fa-35c77f14f102 - - - - - -] Successfully bumped revision number for resource 17b81d65-8250-4595-be23-9a8ed015c857 (type: security_groups) to 3
2026-04-27 21:51:51.684 15 INFO neutron.plugins.ml2.drivers.ovn.mech_driver.ovsdb.maintenance [None req-f225cae7-aee9-4199-b7fa-35c77f14f102 - - - - - -] Maintenance task: Synchronization completed (took 0.44 seconds)
2026-04-27 21:51:56.133 9 INFO neutron.wsgi [-] 10.0.0.52 "GET / HTTP/1.1" status: 200 len: 247 time: 0.0022264
2026-04-27 21:51:56.134 10 INFO neutron.wsgi [-] 10.0.0.52 "GET / HTTP/1.1" status: 200 len: 247 time: 0.0032868
2026-04-27 21:52:11.134 9 INFO neutron.wsgi [-] 10.0.0.52 "GET / HTTP/1.1" status: 200 len: 247 time: 0.0024512
2026-04-27 21:52:11.135 10 INFO neutron.wsgi [-] 10.0.0.52 "GET / HTTP/1.1" status: 200 len: 247 time: 0.0025048
2026-04-27 21:52:26.133 9 INFO neutron.wsgi [-] 10.0.0.52 "GET / HTTP/1.1" status: 200 len: 247 time: 0.0024650
2026-04-27 21:52:26.134 10 INFO neutron.wsgi [-] 10.0.0.52 "GET / HTTP/1.1" status: 200 len: 247 time: 0.0028496
2026-04-27 21:52:41.133 9 INFO neutron.wsgi [-] 10.0.0.52 "GET / HTTP/1.1" status: 200 len: 247 time: 0.0016310
2026-04-27 21:52:41.133 10 INFO neutron.wsgi [-] 10.0.0.52 "GET / HTTP/1.1" status: 200 len: 247 time: 0.0023150
2026-04-27 21:52:56.133 9 INFO neutron.wsgi [-] 10.0.0.52 "GET / HTTP/1.1" status: 200 len: 247 time: 0.0021834
2026-04-27 21:52:56.133 10 INFO neutron.wsgi [-] 10.0.0.52 "GET / HTTP/1.1" status: 200 len: 247 time: 0.0023968
2026-04-27 21:53:11.134 9 INFO neutron.wsgi [-] 10.0.0.52 "GET / HTTP/1.1" status: 200 len: 247 time: 0.0028732
2026-04-27 21:53:11.134 10 INFO neutron.wsgi [-] 10.0.0.52 "GET / HTTP/1.1" status: 200 len: 247 time: 0.0026367
2026-04-27 21:53:26.132 9 INFO neutron.wsgi [-] 10.0.0.52 "GET / HTTP/1.1" status: 200 len: 247 time: 0.0017531
2026-04-27 21:53:26.133 10 INFO neutron.wsgi [-] 10.0.0.52 "GET / HTTP/1.1" status: 200 len: 247 time: 0.0020981
2026-04-27 21:53:41.135 10 INFO neutron.wsgi [-] 10.0.0.52 "GET / HTTP/1.1" status: 200 len: 247 time: 0.0031986
2026-04-27 21:53:41.139 10 INFO neutron.wsgi [-] 10.0.0.52 "GET / HTTP/1.1" status: 200 len: 247 time: 0.0023079
2026-04-27 21:53:56.133 10 INFO neutron.wsgi [-] 10.0.0.52 "GET / HTTP/1.1" status: 200 len: 247 time: 0.0017421
2026-04-27 21:53:56.134 9 INFO neutron.wsgi [-] 10.0.0.52 "GET / HTTP/1.1" status: 200 len: 247 time: 0.0024319
2026-04-27 21:54:11.132 9 INFO neutron.wsgi [-] 10.0.0.52 "GET / HTTP/1.1" status: 200 len: 247 time: 0.0015275
2026-04-27 21:54:11.134 9 INFO neutron.wsgi [-] 10.0.0.52 "GET / HTTP/1.1" status: 200 len: 247 time: 0.0016406
2026-04-27 21:54:26.133 10 INFO neutron.wsgi [-] 10.0.0.52 "GET / HTTP/1.1" status: 200 len: 247 time: 0.0018313
2026-04-27 21:54:26.134 9 INFO neutron.wsgi [-] 10.0.0.52 "GET / HTTP/1.1" status: 200 len: 247 time: 0.0028884
2026-04-27 21:54:41.132 10 INFO neutron.wsgi [-] 10.0.0.52 "GET / HTTP/1.1" status: 200 len: 247 time: 0.0015728
2026-04-27 21:54:41.134 9 INFO neutron.wsgi [-] 10.0.0.52 "GET / HTTP/1.1" status: 200 len: 247 time: 0.0027466
2026-04-27 21:54:56.133 10 INFO neutron.wsgi [-] 10.0.0.52 "GET / HTTP/1.1" status: 200 len: 247 time: 0.0018342
2026-04-27 21:54:56.135 9 INFO neutron.wsgi [-] 10.0.0.52 "GET / HTTP/1.1" status: 200 len: 247 time: 0.0034151
2026-04-27 21:55:11.135 9 INFO neutron.wsgi [-] 10.0.0.52 "GET / HTTP/1.1" status: 200 len: 247 time: 0.0016932
2026-04-27 21:55:11.137 9 INFO neutron.wsgi [-] 10.0.0.52 "GET / HTTP/1.1" status: 200 len: 247 time: 0.0009251
2026-04-27 21:55:26.133 9 INFO neutron.wsgi [-] 10.0.0.52 "GET / HTTP/1.1" status: 200 len: 247 time: 0.0021758
2026-04-27 21:55:26.134 10 INFO neutron.wsgi [-] 10.0.0.52 "GET / HTTP/1.1" status: 200 len: 247 time: 0.0026646
2026-04-27 21:55:41.134 10 INFO neutron.wsgi [-] 10.0.0.52 "GET / HTTP/1.1" status: 200 len: 247 time: 0.0023124
2026-04-27 21:55:41.142 9 INFO neutron.wsgi [-] 10.0.0.52 "GET / HTTP/1.1" status: 200 len: 247 time: 0.0048234
