2026-04-27 22:20:27.913 10 INFO neutron.plugins.ml2.drivers.ovn.mech_driver.mech_driver [None req-e5eb291a-3077-41b0-9386-e75f14f0bea9 - - - - - -] OVN reports status down for port: 5ec2cfd3-b420-4871-8e41-8c2ced0dbad3
2026-04-27 22:20:27.999 10 INFO neutron.wsgi [req-aab75734-3b55-4bf6-9bac-6ab20be45b2f req-65a02c49-1baf-40a0-9a2c-e20f3d1aa68b 1efd2807c7b44085a8893953afa0033b 1724e4b2e7d74027b2cd9c9f035345a9 - - default default] 10.0.0.182 "GET /v2.0/ports?device_id=2fbf52aa-ebc2-4722-b1a5-6f9b3d7fb09c HTTP/1.1" status: 200 len: 1174 time: 0.1494668
2026-04-27 22:20:28.002 9 INFO neutron.db.ovn_revision_numbers_db [None req-e0a52cbb-16e5-4b85-9266-17486f831c45 4d6ac96c21144735b8052695b14933f0 ae98bc94f60d47668d53b68f1edd1087 - - default default] Successfully bumped revision number for resource fc800bd9-5fe7-4c2a-888d-fcb3ae07dd2c (type: ports) to 1
2026-04-27 22:20:28.077 10 INFO neutron.wsgi [req-aab75734-3b55-4bf6-9bac-6ab20be45b2f req-0ba636de-3ddf-4a4d-8ade-9e9962e92ca0 1efd2807c7b44085a8893953afa0033b 1724e4b2e7d74027b2cd9c9f035345a9 - - default default] 10.0.0.182 "GET /v2.0/security-groups?id=6466a574-cfba-4998-bddc-5b6d8742cd01&fields=id&fields=name HTTP/1.1" status: 200 len: 312 time: 0.0706499
2026-04-27 22:20:28.107 10 INFO neutron.wsgi [None req-13634c3c-aef1-442b-bd50-602ac638df58 deb7f9436ba04777bdace9cc6d5bc8b0 815f3c67b503466886e031bf8324ba89 - - default default] 10.0.0.63 "DELETE /v2.0/security-groups/c5f934f0-9a8c-479a-b888-d70bc3fbc8f5 HTTP/1.1" status: 204 len: 168 time: 0.3799558
2026-04-27 22:20:28.125 10 INFO neutron.notifiers.nova [-] Nova event matching ['req-2b27a058-49d2-4e2a-87f9-237b820ba4eb'] response: {'server_uuid': '2fbf52aa-ebc2-4722-b1a5-6f9b3d7fb09c', 'name': 'network-vif-unplugged', 'status': 'completed', 'tag': '5ec2cfd3-b420-4871-8e41-8c2ced0dbad3', 'code': 200}
2026-04-27 22:20:28.263 10 INFO neutron.wsgi [req-35854144-6d29-41c8-b568-8700b3866e96 req-c878006a-774a-4295-b245-03d54a7fe5c6 1efd2807c7b44085a8893953afa0033b 1724e4b2e7d74027b2cd9c9f035345a9 - - default default] 199.204.45.250 "GET /v2.0/ports?device_id=2fbf52aa-ebc2-4722-b1a5-6f9b3d7fb09c HTTP/1.1" status: 200 len: 1172 time: 0.0523565
2026-04-27 22:20:28.394 10 INFO neutron.db.ovn_revision_numbers_db [None req-e5eb291a-3077-41b0-9386-e75f14f0bea9 - - - - - -] Successfully bumped revision number for resource 5ec2cfd3-b420-4871-8e41-8c2ced0dbad3 (type: ports) to 5
2026-04-27 22:20:28.461 10 INFO neutron.db.ovn_revision_numbers_db [None req-0e35b9c6-72f9-4805-ad1a-a6681f4b48a4 deb7f9436ba04777bdace9cc6d5bc8b0 815f3c67b503466886e031bf8324ba89 - - default default] Successfully bumped revision number for resource be378fd7-e7b4-4a8b-96a8-508aba057870 (type: security_groups) to 1
2026-04-27 22:20:28.488 10 INFO neutron.db.ovn_revision_numbers_db [None req-0e35b9c6-72f9-4805-ad1a-a6681f4b48a4 deb7f9436ba04777bdace9cc6d5bc8b0 815f3c67b503466886e031bf8324ba89 - - default default] Successfully bumped revision number for resource 72efaeeb-363b-4d58-b02a-222dda8038f1 (type: security_group_rules) to 0
2026-04-27 22:20:28.526 10 INFO neutron.db.ovn_revision_numbers_db [None req-0e35b9c6-72f9-4805-ad1a-a6681f4b48a4 deb7f9436ba04777bdace9cc6d5bc8b0 815f3c67b503466886e031bf8324ba89 - - default default] Successfully bumped revision number for resource a0d58991-7bea-4be2-b6f5-a26ca5c9ba61 (type: security_group_rules) to 0
2026-04-27 22:20:28.578 10 INFO neutron.db.ovn_revision_numbers_db [None req-0e35b9c6-72f9-4805-ad1a-a6681f4b48a4 deb7f9436ba04777bdace9cc6d5bc8b0 815f3c67b503466886e031bf8324ba89 - - default default] Successfully bumped revision number for resource f431ed23-34b7-4a4f-9fe4-d6cf3beec12b (type: security_group_rules) to 0
2026-04-27 22:20:28.636 10 INFO neutron.db.ovn_revision_numbers_db [None req-0e35b9c6-72f9-4805-ad1a-a6681f4b48a4 deb7f9436ba04777bdace9cc6d5bc8b0 815f3c67b503466886e031bf8324ba89 - - default default] Successfully bumped revision number for resource f562413b-9043-442e-af61-5e65b0f36efa (type: security_group_rules) to 0
2026-04-27 22:20:28.661 10 INFO neutron.wsgi [None req-0e35b9c6-72f9-4805-ad1a-a6681f4b48a4 deb7f9436ba04777bdace9cc6d5bc8b0 815f3c67b503466886e031bf8324ba89 - - default default] 10.0.0.63 "GET /v2.0/security-groups?tenant_id=b5edd5f693fd48499b43bf230403d48e&name=default HTTP/1.1" status: 200 len: 3120 time: 0.4469221
2026-04-27 22:20:28.727 9 INFO neutron.plugins.ml2.drivers.ovn.mech_driver.ovsdb.commands [None req-787c6f73-3bb2-41ee-9181-060f2eef7fec - - - - - -] Schedule LRP lrp-fc800bd9-5fe7-4c2a-888d-fcb3ae07dd2c on gateway c1157998-dc04-4441-bce6-311788f0d946 with priority 1
2026-04-27 22:20:28.739 9 INFO neutron.plugins.ml2.drivers.ovn.mech_driver.mech_driver [None req-dfd8fd72-4598-4a77-b8a1-42d2eab836db - - - - - -] OVN reports status up for port: fc800bd9-5fe7-4c2a-888d-fcb3ae07dd2c
2026-04-27 22:20:28.763 9 INFO neutron.plugins.ml2.plugin [None req-dfd8fd72-4598-4a77-b8a1-42d2eab836db - - - - - -] Attempt 1 to provision port fc800bd9-5fe7-4c2a-888d-fcb3ae07dd2c
2026-04-27 22:20:28.788 10 INFO neutron.db.l3_db [req-35854144-6d29-41c8-b568-8700b3866e96 req-47545854-3946-4261-a460-e845a38a185d 1efd2807c7b44085a8893953afa0033b 1724e4b2e7d74027b2cd9c9f035345a9 - - default default] Floating IP ca7cd5b5-a9d9-4d59-b6cb-f8de1cd08029 disassociated. External IP: 10.96.250.207, port: 5ec2cfd3-b420-4871-8e41-8c2ced0dbad3.
2026-04-27 22:20:28.799 9 INFO neutron.db.ovn_revision_numbers_db [None req-e0a52cbb-16e5-4b85-9266-17486f831c45 4d6ac96c21144735b8052695b14933f0 ae98bc94f60d47668d53b68f1edd1087 - - default default] Successfully bumped revision number for resource fc800bd9-5fe7-4c2a-888d-fcb3ae07dd2c (type: router_ports) to 1
2026-04-27 22:20:28.910 9 INFO neutron.db.ovn_revision_numbers_db [None req-e0a52cbb-16e5-4b85-9266-17486f831c45 4d6ac96c21144735b8052695b14933f0 ae98bc94f60d47668d53b68f1edd1087 - - default default] Successfully bumped revision number for resource 498d2563-1598-46e1-9fe6-8366a20c8857 (type: routers) to 2
2026-04-27 22:20:28.939 10 INFO neutron.wsgi [req-35854144-6d29-41c8-b568-8700b3866e96 req-47545854-3946-4261-a460-e845a38a185d 1efd2807c7b44085a8893953afa0033b 1724e4b2e7d74027b2cd9c9f035345a9 - - default default] 199.204.45.250 "DELETE /v2.0/ports/5ec2cfd3-b420-4871-8e41-8c2ced0dbad3 HTTP/1.1" status: 204 len: 173 time: 0.6662495
2026-04-27 22:20:28.940 9 INFO neutron.wsgi [None req-e0a52cbb-16e5-4b85-9266-17486f831c45 4d6ac96c21144735b8052695b14933f0 ae98bc94f60d47668d53b68f1edd1087 - - default default] 10.0.0.63 "POST /v2.0/routers HTTP/1.1" status: 201 len: 1135 time: 1.6413057 /var/lib/openstack/lib/python3.10/site-packages/pycadf/identifier.py:71: UserWarning: Invalid uuid: neutron. To ensure interoperability, identifiers should be a valid uuid. warnings.warn(('Invalid uuid: %s. To ensure interoperability, '
2026-04-27 22:20:29.182 10 INFO neutron.wsgi [req-f8c93004-1b48-41de-8eea-a261ea5ab98c req-1af917d7-edd9-4c0e-93e6-aa8a22ebe2ad 1efd2807c7b44085a8893953afa0033b 1724e4b2e7d74027b2cd9c9f035345a9 - - default default] 10.0.0.182 "GET /v2.0/ports?device_id=2fbf52aa-ebc2-4722-b1a5-6f9b3d7fb09c HTTP/1.1" status: 200 len: 210 time: 0.0248857
2026-04-27 22:20:29.279 9 INFO neutron.wsgi [None req-e0e3b62b-398d-47cf-9d64-14066955ca60 deb7f9436ba04777bdace9cc6d5bc8b0 815f3c67b503466886e031bf8324ba89 - - default default] 10.0.0.63 "DELETE /v2.0/security-groups/be378fd7-e7b4-4a8b-96a8-508aba057870 HTTP/1.1" status: 204 len: 168 time: 0.6115804
2026-04-27 22:20:29.643 10 INFO neutron.wsgi [req-3ad3656a-66b2-40b6-aeff-3b4bde826542 req-bf173532-3fb8-47e0-8c05-c057b4ffe3c2 704a36a6de1240e18012a19f0f05f720 2f9b73de570f4c89af39e63d7cdb54cd - - 40fd682ceee84a83889ba67ab46e917c 40fd682ceee84a83889ba67ab46e917c] 199.204.45.250 "GET /v2.0/ports?device_id=2d1208c3-5001-4f52-82dc-ae45821b0a15&fields=binding%3Ahost_id&fields=binding%3Avif_type HTTP/1.1" status: 200 len: 265 time: 0.0364451
2026-04-27 22:20:29.723 10 INFO neutron.wsgi [req-3ad3656a-66b2-40b6-aeff-3b4bde826542 req-5ab65556-40ea-4d35-83ef-3ccd2fa6baad 704a36a6de1240e18012a19f0f05f720 2f9b73de570f4c89af39e63d7cdb54cd - - 40fd682ceee84a83889ba67ab46e917c 40fd682ceee84a83889ba67ab46e917c] 199.204.45.250 "GET /v2.0/ports?tenant_id=1724e4b2e7d74027b2cd9c9f035345a9&device_id=2d1208c3-5001-4f52-82dc-ae45821b0a15 HTTP/1.1" status: 200 len: 1413 time: 0.0426576
2026-04-27 22:20:29.801 10 INFO neutron.wsgi [req-3ad3656a-66b2-40b6-aeff-3b4bde826542 req-d51ffe36-6c8f-40d5-9752-11481abe3e97 704a36a6de1240e18012a19f0f05f720 2f9b73de570f4c89af39e63d7cdb54cd - - 40fd682ceee84a83889ba67ab46e917c 40fd682ceee84a83889ba67ab46e917c] 199.204.45.250 "GET /v2.0/networks?id=284e8b88-0cbd-430d-918f-14f9019dc2de HTTP/1.1" status: 200 len: 957 time: 0.0541792
2026-04-27 22:20:29.818 9 WARNING neutron.scheduler.dhcp_agent_scheduler [None req-6f1f6223-b97e-48ed-ac6b-5b508867cfa1 4d6ac96c21144735b8052695b14933f0 ae98bc94f60d47668d53b68f1edd1087 - - default default] No more DHCP agents
2026-04-27 22:20:29.820 9 WARNING neutron.api.rpc.agentnotifiers.dhcp_rpc_agent_api [None req-6f1f6223-b97e-48ed-ac6b-5b508867cfa1 4d6ac96c21144735b8052695b14933f0 ae98bc94f60d47668d53b68f1edd1087 - - default default] Unable to schedule network 6824e127-f8ea-468e-b5a1-f016c35983fc: no agents available; will retry on subsequent port and subnet creation events.
2026-04-27 22:20:30.036 9 INFO neutron.db.ovn_revision_numbers_db [None req-6f1f6223-b97e-48ed-ac6b-5b508867cfa1 4d6ac96c21144735b8052695b14933f0 ae98bc94f60d47668d53b68f1edd1087 - - default default] Successfully bumped revision number for resource a5a5517c-4c42-4ca8-8c0c-fed59afc831d (type: ports) to 1
2026-04-27 22:20:30.114 10 INFO neutron.wsgi [req-3ad3656a-66b2-40b6-aeff-3b4bde826542 req-d19ea612-c285-4ced-bb90-ad3f9bf723d3 704a36a6de1240e18012a19f0f05f720 2f9b73de570f4c89af39e63d7cdb54cd - - 40fd682ceee84a83889ba67ab46e917c 40fd682ceee84a83889ba67ab46e917c] 199.204.45.250 "GET /v2.0/floatingips?fixed_ip_address=10.100.0.12&port_id=701014c1-cd50-4629-9f2e-b809c282ba31 HTTP/1.1" status: 200 len: 217 time: 0.3071687
2026-04-27 22:20:30.160 10 INFO neutron.wsgi [req-3ad3656a-66b2-40b6-aeff-3b4bde826542 req-1d1e4ae9-f29c-454e-b211-2f875022cb30 704a36a6de1240e18012a19f0f05f720 2f9b73de570f4c89af39e63d7cdb54cd - - 40fd682ceee84a83889ba67ab46e917c 40fd682ceee84a83889ba67ab46e917c] 199.204.45.250 "GET /v2.0/subnets?id=216cc00a-81b9-4821-be3d-17df38cedb2a HTTP/1.1" status: 200 len: 853 time: 0.0392950
2026-04-27 22:20:30.166 10 INFO neutron.notifiers.nova [-] Nova event matching ['req-40f1f622-0383-46a8-ac6c-471fe0c42d26'] response: {'server_uuid': '2fbf52aa-ebc2-4722-b1a5-6f9b3d7fb09c', 'name': 'network-vif-unplugged', 'status': 'completed', 'tag': '5ec2cfd3-b420-4871-8e41-8c2ced0dbad3', 'code': 200}
2026-04-27 22:20:30.166 10 INFO neutron.notifiers.nova [-] Nova event matching ['req-40f1f622-0383-46a8-ac6c-471fe0c42d26'] response: {'server_uuid': '2fbf52aa-ebc2-4722-b1a5-6f9b3d7fb09c', 'name': 'network-vif-deleted', 'tag': '5ec2cfd3-b420-4871-8e41-8c2ced0dbad3', 'status': 'completed', 'code': 200}
2026-04-27 22:20:30.187 10 INFO neutron.wsgi [req-3ad3656a-66b2-40b6-aeff-3b4bde826542 req-f4ada479-3860-4046-a92d-7266f09ce6e0 704a36a6de1240e18012a19f0f05f720 2f9b73de570f4c89af39e63d7cdb54cd - - 40fd682ceee84a83889ba67ab46e917c 40fd682ceee84a83889ba67ab46e917c] 199.204.45.250 "GET /v2.0/ports?network_id=284e8b88-0cbd-430d-918f-14f9019dc2de&device_owner=network%3Adhcp HTTP/1.1" status: 200 len: 210 time: 0.0202684
2026-04-27 22:20:30.270 10 INFO neutron.wsgi [req-3ad3656a-66b2-40b6-aeff-3b4bde826542 req-8a9198c1-eda3-4ba0-9931-4596fc563348 704a36a6de1240e18012a19f0f05f720 2f9b73de570f4c89af39e63d7cdb54cd - - 40fd682ceee84a83889ba67ab46e917c 40fd682ceee84a83889ba67ab46e917c] 199.204.45.250 "GET /v2.0/networks/284e8b88-0cbd-430d-918f-14f9019dc2de?fields=segments HTTP/1.1" status: 200 len: 212 time: 0.0757134
2026-04-27 22:20:30.333 10 INFO neutron.wsgi [req-3ad3656a-66b2-40b6-aeff-3b4bde826542 req-1eecb218-7c37-4ffe-b491-859ac954ef9f 704a36a6de1240e18012a19f0f05f720 2f9b73de570f4c89af39e63d7cdb54cd - - 40fd682ceee84a83889ba67ab46e917c 40fd682ceee84a83889ba67ab46e917c] 199.204.45.250 "GET /v2.0/networks/284e8b88-0cbd-430d-918f-14f9019dc2de?fields=provider%3Aphysical_network&fields=provider%3Anetwork_type HTTP/1.1" status: 200 len: 277 time: 0.0558302
2026-04-27 22:20:30.457 9 INFO neutron.wsgi [None req-7cdcfab5-7d11-44e7-a60f-91cab37519b2 1efd2807c7b44085a8893953afa0033b 1724e4b2e7d74027b2cd9c9f035345a9 - - default default] 10.0.0.63 "DELETE /v2.0/security-groups/6466a574-cfba-4998-bddc-5b6d8742cd01 HTTP/1.1" status: 204 len: 168 time: 0.2181079
2026-04-27 22:20:30.669 9 ERROR ovsdbapp.backend.ovs_idl.command [None req-6f1f6223-b97e-48ed-ac6b-5b508867cfa1 4d6ac96c21144735b8052695b14933f0 ae98bc94f60d47668d53b68f1edd1087 - - default default] Error executing command (DbGetCommand): ovsdbapp.backend.ovs_idl.idlutils.RowNotFound: Cannot find Logical_Router_Port with name=lrp-a5a5517c-4c42-4ca8-8c0c-fed59afc831d
2026-04-27 22:20:30.669 9 ERROR ovsdbapp.backend.ovs_idl.command
Traceback (most recent call last):
2026-04-27 22:20:30.669 9 ERROR ovsdbapp.backend.ovs_idl.command
File "/var/lib/openstack/lib/python3.10/site-packages/ovsdbapp/backend/ovs_idl/command.py", line 47, in execute
2026-04-27 22:20:30.669 9 ERROR ovsdbapp.backend.ovs_idl.command self.run_idl(None)
2026-04-27 22:20:30.669 9 ERROR ovsdbapp.backend.ovs_idl.command
File "/var/lib/openstack/lib/python3.10/site-packages/ovsdbapp/backend/ovs_idl/command.py", line 235, in run_idl
2026-04-27 22:20:30.669 9 ERROR ovsdbapp.backend.ovs_idl.command record = self.api.lookup(self.table, self.record)
2026-04-27 22:20:30.669 9 ERROR ovsdbapp.backend.ovs_idl.command
File "/var/lib/openstack/lib/python3.10/site-packages/ovsdbapp/backend/ovs_idl/__init__.py", line 184, in lookup
2026-04-27 22:20:30.669 9 ERROR ovsdbapp.backend.ovs_idl.command return self._lookup(table, record)
2026-04-27 22:20:30.669 9 ERROR ovsdbapp.backend.ovs_idl.command
File "/var/lib/openstack/lib/python3.10/site-packages/ovsdbapp/backend/ovs_idl/__init__.py", line 235, in _lookup
2026-04-27 22:20:30.669 9 ERROR ovsdbapp.backend.ovs_idl.command row = idlutils.row_by_value(self, rl.table, rl.column, record)
2026-04-27 22:20:30.669 9 ERROR ovsdbapp.backend.ovs_idl.command
File "/var/lib/openstack/lib/python3.10/site-packages/ovsdbapp/backend/ovs_idl/idlutils.py", line 114, in row_by_value
2026-04-27 22:20:30.669 9 ERROR ovsdbapp.backend.ovs_idl.command raise RowNotFound(table=table, col=column, match=match)
2026-04-27 22:20:30.669 9 ERROR ovsdbapp.backend.ovs_idl.command ovsdbapp.backend.ovs_idl.idlutils.RowNotFound: Cannot find Logical_Router_Port with name=lrp-a5a5517c-4c42-4ca8-8c0c-fed59afc831d
2026-04-27 22:20:30.669 9 ERROR ovsdbapp.backend.ovs_idl.command 
2026-04-27 22:20:30.670 9 ERROR neutron_lib.callbacks.manager [None req-6f1f6223-b97e-48ed-ac6b-5b508867cfa1 4d6ac96c21144735b8052695b14933f0 ae98bc94f60d47668d53b68f1edd1087 - - default default] Error during notification for neutron.services.ovn_l3.plugin.OVNL3RouterPlugin._port_update-8778383347430 port, after_update: ovsdbapp.backend.ovs_idl.idlutils.RowNotFound: Cannot find Logical_Router_Port with name=lrp-a5a5517c-4c42-4ca8-8c0c-fed59afc831d
2026-04-27 22:20:30.670 9 ERROR neutron_lib.callbacks.manager
Traceback (most recent call last):
2026-04-27 22:20:30.670 9 ERROR neutron_lib.callbacks.manager
File "/var/lib/openstack/lib/python3.10/site-packages/neutron_lib/callbacks/manager.py", line 189, in _notify_loop
2026-04-27 22:20:30.670 9 ERROR neutron_lib.callbacks.manager callback.method(resource, event, trigger, payload=payload)
2026-04-27 22:20:30.670 9 ERROR neutron_lib.callbacks.manager
File "/var/lib/openstack/lib/python3.10/site-packages/neutron/services/ovn_l3/plugin.py", line 391, in _port_update
2026-04-27 22:20:30.670 9 ERROR neutron_lib.callbacks.manager l3plugin._ovn_client.update_router_port(context,
2026-04-27 22:20:30.670 9 ERROR neutron_lib.callbacks.manager
File "/var/lib/openstack/lib/python3.10/site-packages/neutron/plugins/ml2/drivers/ovn/mech_driver/ovsdb/ovn_client.py", line 1878, in update_router_port
2026-04-27 22:20:30.670 9 ERROR neutron_lib.callbacks.manager self._update_lrouter_port(context, port, if_exists=if_exists,
2026-04-27 22:20:30.670 9 ERROR neutron_lib.callbacks.manager
File "/var/lib/openstack/lib/python3.10/site-packages/neutron/plugins/ml2/drivers/ovn/mech_driver/ovsdb/ovn_client.py", line 1855, in _update_lrouter_port
2026-04-27 22:20:30.670 9 ERROR neutron_lib.callbacks.manager external_ids = self._nb_idl.db_get(
2026-04-27 22:20:30.670 9 ERROR neutron_lib.callbacks.manager
File "/var/lib/openstack/lib/python3.10/site-packages/ovsdbapp/backend/ovs_idl/command.py", line 47, in execute
2026-04-27 22:20:30.670 9 ERROR neutron_lib.callbacks.manager self.run_idl(None)
2026-04-27 22:20:30.670 9 ERROR neutron_lib.callbacks.manager
File "/var/lib/openstack/lib/python3.10/site-packages/ovsdbapp/backend/ovs_idl/command.py", line 235, in run_idl
2026-04-27 22:20:30.670 9 ERROR neutron_lib.callbacks.manager record = self.api.lookup(self.table, self.record)
2026-04-27 22:20:30.670 9 ERROR neutron_lib.callbacks.manager
File "/var/lib/openstack/lib/python3.10/site-packages/ovsdbapp/backend/ovs_idl/__init__.py", line 184, in lookup
2026-04-27 22:20:30.670 9 ERROR neutron_lib.callbacks.manager return self._lookup(table, record)
2026-04-27 22:20:30.670 9 ERROR neutron_lib.callbacks.manager
File "/var/lib/openstack/lib/python3.10/site-packages/ovsdbapp/backend/ovs_idl/__init__.py", line 235, in _lookup
2026-04-27 22:20:30.670 9 ERROR neutron_lib.callbacks.manager row = idlutils.row_by_value(self, rl.table, rl.column, record)
2026-04-27 22:20:30.670 9 ERROR neutron_lib.callbacks.manager
File "/var/lib/openstack/lib/python3.10/site-packages/ovsdbapp/backend/ovs_idl/idlutils.py", line 114, in row_by_value
2026-04-27 22:20:30.670 9 ERROR neutron_lib.callbacks.manager raise RowNotFound(table=table, col=column, match=match)
2026-04-27 22:20:30.670 9 ERROR neutron_lib.callbacks.manager ovsdbapp.backend.ovs_idl.idlutils.RowNotFound: Cannot find Logical_Router_Port with name=lrp-a5a5517c-4c42-4ca8-8c0c-fed59afc831d
2026-04-27 22:20:30.670 9 ERROR neutron_lib.callbacks.manager 
2026-04-27 22:20:30.854 10 INFO neutron.wsgi [None req-efd64871-7b5a-4bf8-b89a-35fc2a431e7c 1efd2807c7b44085a8893953afa0033b 1724e4b2e7d74027b2cd9c9f035345a9 - - default default] 10.0.0.63 "DELETE /v2.0/floatingips/ca7cd5b5-a9d9-4d59-b6cb-f8de1cd08029 HTTP/1.1" status: 204 len: 168 time: 0.3553274
2026-04-27 22:20:30.864 10 INFO neutron.plugins.ml2.drivers.ovn.mech_driver.mech_driver [None req-e5eb291a-3077-41b0-9386-e75f14f0bea9 - - - - - -] OVN reports status up for port: a5a5517c-4c42-4ca8-8c0c-fed59afc831d
2026-04-27 22:20:30.871 10 INFO neutron.plugins.ml2.plugin [None req-e5eb291a-3077-41b0-9386-e75f14f0bea9 - - - - - -] Attempt 1 to provision port a5a5517c-4c42-4ca8-8c0c-fed59afc831d
2026-04-27 22:20:30.889 9 INFO neutron.db.ovn_revision_numbers_db [None req-6f1f6223-b97e-48ed-ac6b-5b508867cfa1 4d6ac96c21144735b8052695b14933f0 ae98bc94f60d47668d53b68f1edd1087 - - default default] Successfully bumped revision number for resource a5a5517c-4c42-4ca8-8c0c-fed59afc831d (type: ports) to 1
2026-04-27 22:20:30.965 9 WARNING neutron.scheduler.dhcp_agent_scheduler [None req-6f1f6223-b97e-48ed-ac6b-5b508867cfa1 4d6ac96c21144735b8052695b14933f0 ae98bc94f60d47668d53b68f1edd1087 - - default default] No more DHCP agents
2026-04-27 22:20:30.967 9 WARNING neutron.api.rpc.agentnotifiers.dhcp_rpc_agent_api [None req-6f1f6223-b97e-48ed-ac6b-5b508867cfa1 4d6ac96c21144735b8052695b14933f0 ae98bc94f60d47668d53b68f1edd1087 - - default default] Unable to schedule network 6824e127-f8ea-468e-b5a1-f016c35983fc: no agents available; will retry on subsequent port and subnet creation events.
2026-04-27 22:20:31.095 10 INFO neutron.wsgi [req-cb93b164-14be-4e55-abfb-e4ef1944546d req-7679dc7a-9a7f-43cf-be48-9c948df05ca8 1efd2807c7b44085a8893953afa0033b 1724e4b2e7d74027b2cd9c9f035345a9 - - default default] 10.0.0.182 "GET /v2.0/ports?device_id=2d1208c3-5001-4f52-82dc-ae45821b0a15 HTTP/1.1" status: 200 len: 1174 time: 0.0549967
2026-04-27 22:20:31.173 10 INFO neutron.wsgi [req-cb93b164-14be-4e55-abfb-e4ef1944546d req-946253bf-cf21-4bb6-ad63-739905079e1b 1efd2807c7b44085a8893953afa0033b 1724e4b2e7d74027b2cd9c9f035345a9 - - default default] 10.0.0.182 "GET /v2.0/security-groups?id=b67435c8-864c-4a13-8939-630728dbc158&fields=id&fields=name HTTP/1.1" status: 200 len: 313 time: 0.0672181
2026-04-27 22:20:31.367 9 INFO neutron.db.ovn_revision_numbers_db [None req-6f1f6223-b97e-48ed-ac6b-5b508867cfa1 4d6ac96c21144735b8052695b14933f0 ae98bc94f60d47668d53b68f1edd1087 - - default default] Successfully bumped revision number for resource a5a5517c-4c42-4ca8-8c0c-fed59afc831d (type: router_ports) to 1
2026-04-27 22:20:31.376 9 INFO neutron.wsgi [None req-6f1f6223-b97e-48ed-ac6b-5b508867cfa1 4d6ac96c21144735b8052695b14933f0 ae98bc94f60d47668d53b68f1edd1087 - - default default] 10.0.0.63 "PUT /v2.0/routers/498d2563-1598-46e1-9fe6-8366a20c8857/add_router_interface HTTP/1.1" status: 200 len: 503 time: 2.4321513
2026-04-27 22:20:31.389 10 WARNING neutron_lib.context [None req-5386325b-1593-4c54-ba7e-abd1596132ee 4d6ac96c21144735b8052695b14933f0 ae98bc94f60d47668d53b68f1edd1087 - - default default] Method 'is_advsvc' is deprecated since 2023.2 release (neutron-lib 3.8.0) and will be removed once support for the old RBAC API policies will be removed from Neutron. Please use method 'is_service_role' instead.
2026-04-27 22:20:31.417 10 INFO neutron.wsgi [req-8f785b03-60ae-42a7-9d4c-ea8780eabf75 req-d07b327c-9144-416a-91bc-a96191d88288 1efd2807c7b44085a8893953afa0033b 1724e4b2e7d74027b2cd9c9f035345a9 - - default default] 199.204.45.250 "GET /v2.0/ports?device_id=2d1208c3-5001-4f52-82dc-ae45821b0a15 HTTP/1.1" status: 200 len: 1174 time: 0.0592525
2026-04-27 22:20:31.500 10 INFO neutron.db.ovn_revision_numbers_db [None req-e5eb291a-3077-41b0-9386-e75f14f0bea9 - - - - - -] Successfully bumped revision number for resource a5a5517c-4c42-4ca8-8c0c-fed59afc831d (type: ports) to 2
2026-04-27 22:20:31.780 10 INFO neutron.db.ovn_revision_numbers_db [None req-e5eb291a-3077-41b0-9386-e75f14f0bea9 - - - - - -] Successfully bumped revision number for resource a5a5517c-4c42-4ca8-8c0c-fed59afc831d (type: router_ports) to 2
2026-04-27 22:20:32.405 10 INFO neutron.wsgi [req-f4803cc4-6553-4995-bc39-a2698138e106 req-8611b26c-8cb2-4a81-a991-ecebbffd6436 1efd2807c7b44085a8893953afa0033b 1724e4b2e7d74027b2cd9c9f035345a9 - - default default] 10.0.0.182 "GET /v2.0/ports?device_id=2d1208c3-5001-4f52-82dc-ae45821b0a15 HTTP/1.1" status: 200 len: 1174 time: 0.0943036
2026-04-27 22:20:32.527 10 INFO neutron.wsgi [req-f4803cc4-6553-4995-bc39-a2698138e106 req-26e0408f-36de-4c48-a9ea-b469d0f55335 1efd2807c7b44085a8893953afa0033b 1724e4b2e7d74027b2cd9c9f035345a9 - - default default] 10.0.0.182 "GET /v2.0/security-groups?id=b67435c8-864c-4a13-8939-630728dbc158&fields=id&fields=name HTTP/1.1" status: 200 len: 313 time: 0.1093233
2026-04-27 22:20:32.531 10 INFO neutron.wsgi [req-8f785b03-60ae-42a7-9d4c-ea8780eabf75 req-e751badb-4a19-40bb-a0ad-69e1086256e7 1efd2807c7b44085a8893953afa0033b 1724e4b2e7d74027b2cd9c9f035345a9 - - default default] 199.204.45.250 "DELETE /v2.0/ports/701014c1-cd50-4629-9f2e-b809c282ba31 HTTP/1.1" status: 204 len: 173 time: 1.1081026
2026-04-27 22:20:32.569 10 INFO neutron.notifiers.nova [-] Nova event matching ['req-0a514477-c9c5-4b3f-a96b-382d20dec489'] response: {'server_uuid': '2d1208c3-5001-4f52-82dc-ae45821b0a15', 'name': 'network-vif-deleted', 'tag': '701014c1-cd50-4629-9f2e-b809c282ba31', 'status': 'completed', 'code': 200}
2026-04-27 22:20:32.727 10 WARNING neutron.scheduler.dhcp_agent_scheduler [None req-5386325b-1593-4c54-ba7e-abd1596132ee 4d6ac96c21144735b8052695b14933f0 ae98bc94f60d47668d53b68f1edd1087 - - default default] No more DHCP agents
2026-04-27 22:20:32.731 10 WARNING neutron.api.rpc.agentnotifiers.dhcp_rpc_agent_api [None req-5386325b-1593-4c54-ba7e-abd1596132ee 4d6ac96c21144735b8052695b14933f0 ae98bc94f60d47668d53b68f1edd1087 - - default default] Unable to schedule network 20ee4d84-be3b-4f8e-8c40-e21ddfc8e124: no agents available; will retry on subsequent port and subnet creation events.
2026-04-27 22:20:32.910 10 INFO neutron.db.ovn_revision_numbers_db [None req-5386325b-1593-4c54-ba7e-abd1596132ee 4d6ac96c21144735b8052695b14933f0 ae98bc94f60d47668d53b68f1edd1087 - - default default] Successfully bumped revision number for resource a2a70e1d-c125-441d-82bf-299506588a00 (type: ports) to 1
2026-04-27 22:20:33.162 10 INFO neutron.db.ovn_revision_numbers_db [None req-5386325b-1593-4c54-ba7e-abd1596132ee 4d6ac96c21144735b8052695b14933f0 ae98bc94f60d47668d53b68f1edd1087 - - default default] Successfully bumped revision number for resource a2a70e1d-c125-441d-82bf-299506588a00 (type: ports) to 1
2026-04-27 22:20:33.218 10 INFO neutron.db.segments_db [None req-5386325b-1593-4c54-ba7e-abd1596132ee 4d6ac96c21144735b8052695b14933f0 ae98bc94f60d47668d53b68f1edd1087 - - default default] Added segment b5fb077c-5222-4cd1-94e0-a55410a0f564 of type geneve for network b0766a7e-5657-4cf7-8548-c827c0019cc3
2026-04-27 22:20:33.368 10 INFO neutron.db.ovn_revision_numbers_db [None req-5386325b-1593-4c54-ba7e-abd1596132ee 4d6ac96c21144735b8052695b14933f0 ae98bc94f60d47668d53b68f1edd1087 - - default default] Successfully bumped revision number for resource b0766a7e-5657-4cf7-8548-c827c0019cc3 (type: networks) to 1
2026-04-27 22:20:33.531 10 WARNING neutron.scheduler.dhcp_agent_scheduler [None req-5386325b-1593-4c54-ba7e-abd1596132ee 4d6ac96c21144735b8052695b14933f0 ae98bc94f60d47668d53b68f1edd1087 - - default default] No more DHCP agents
2026-04-27 22:20:33.533 10 WARNING neutron.api.rpc.agentnotifiers.dhcp_rpc_agent_api [None req-5386325b-1593-4c54-ba7e-abd1596132ee 4d6ac96c21144735b8052695b14933f0 ae98bc94f60d47668d53b68f1edd1087 - - default default] Unable to schedule network b0766a7e-5657-4cf7-8548-c827c0019cc3: no agents available; will retry on subsequent port and subnet creation events.
2026-04-27 22:20:33.640 10 INFO neutron.db.ovn_revision_numbers_db [None req-5386325b-1593-4c54-ba7e-abd1596132ee 4d6ac96c21144735b8052695b14933f0 ae98bc94f60d47668d53b68f1edd1087 - - default default] Successfully bumped revision number for resource bc90ac11-7a5e-45a4-8351-bf179427a30b (type: ports) to 1
2026-04-27 22:20:33.722 9 WARNING neutron.plugins.ml2.drivers.ovn.mech_driver.ovsdb.ovn_client [None req-dfd8fd72-4598-4a77-b8a1-42d2eab836db - - - - - -] No hosting information found for port fc800bd9-5fe7-4c2a-888d-fcb3ae07dd2c: RuntimeError: No hosting information found for port fc800bd9-5fe7-4c2a-888d-fcb3ae07dd2c
2026-04-27 22:20:33.798 10 WARNING neutron.scheduler.dhcp_agent_scheduler [None req-5386325b-1593-4c54-ba7e-abd1596132ee 4d6ac96c21144735b8052695b14933f0 ae98bc94f60d47668d53b68f1edd1087 - - default default] No more DHCP agents
2026-04-27 22:20:33.800 10 WARNING neutron.api.rpc.agentnotifiers.dhcp_rpc_agent_api [None req-5386325b-1593-4c54-ba7e-abd1596132ee 4d6ac96c21144735b8052695b14933f0 ae98bc94f60d47668d53b68f1edd1087 - - default default] Unable to schedule network b0766a7e-5657-4cf7-8548-c827c0019cc3: no agents available; will retry on subsequent port and subnet creation events.
2026-04-27 22:20:33.836 9 INFO neutron.db.ovn_revision_numbers_db [None req-03714837-8316-4cb6-81c3-6abee94d08dc deb7f9436ba04777bdace9cc6d5bc8b0 815f3c67b503466886e031bf8324ba89 - - default default] Successfully bumped revision number for resource 4a5daff0-b739-497b-8f29-0fa254338e7c (type: security_groups) to 1
2026-04-27 22:20:33.838 10 INFO neutron.wsgi [None req-154db889-e4c5-472e-971a-baf51fc466cf 1efd2807c7b44085a8893953afa0033b 1724e4b2e7d74027b2cd9c9f035345a9 - - default default] 10.0.0.63 "DELETE /v2.0/security-groups/b67435c8-864c-4a13-8939-630728dbc158 HTTP/1.1" status: 204 len: 168 time: 0.2542768
2026-04-27 22:20:33.844 10 INFO neutron.db.ovn_revision_numbers_db [None req-5386325b-1593-4c54-ba7e-abd1596132ee 4d6ac96c21144735b8052695b14933f0 ae98bc94f60d47668d53b68f1edd1087 - - default default] Successfully bumped revision number for resource 5ae55db1-b6f3-47a3-9cd8-d6605c188f45 (type: subnets) to 0
2026-04-27 22:20:33.854 9 INFO neutron.db.ovn_revision_numbers_db [None req-03714837-8316-4cb6-81c3-6abee94d08dc deb7f9436ba04777bdace9cc6d5bc8b0 815f3c67b503466886e031bf8324ba89 - - default default] Successfully bumped revision number for resource c29f7cff-1a3e-4413-8cd6-658593770f24 (type: security_group_rules) to 0
2026-04-27 22:20:33.871 9 INFO neutron.db.ovn_revision_numbers_db [None req-03714837-8316-4cb6-81c3-6abee94d08dc deb7f9436ba04777bdace9cc6d5bc8b0 815f3c67b503466886e031bf8324ba89 - - default default] Successfully bumped revision number for resource c81120ce-dfaa-4ba0-82fd-0adff2385bb8 (type: security_group_rules) to 0
2026-04-27 22:20:33.885 9 INFO neutron.db.ovn_revision_numbers_db [None req-03714837-8316-4cb6-81c3-6abee94d08dc deb7f9436ba04777bdace9cc6d5bc8b0 815f3c67b503466886e031bf8324ba89 - - default default] Successfully bumped revision number for resource c8986b0e-d997-4e71-96ab-36d0a056d298 (type: security_group_rules) to 0
2026-04-27 22:20:33.899 9 INFO neutron.db.ovn_revision_numbers_db [None req-03714837-8316-4cb6-81c3-6abee94d08dc deb7f9436ba04777bdace9cc6d5bc8b0 815f3c67b503466886e031bf8324ba89 - - default default] Successfully bumped revision number for resource ed9b035b-f34e-4a42-a884-4a2c96c86601 (type: security_group_rules) to 0
2026-04-27 22:20:33.926 9 INFO neutron.wsgi [None req-03714837-8316-4cb6-81c3-6abee94d08dc deb7f9436ba04777bdace9cc6d5bc8b0 815f3c67b503466886e031bf8324ba89 - - default default] 10.0.0.63 "GET /v2.0/security-groups?tenant_id=f896241c5fe74e818cc8ebb2d81ed410&name=default HTTP/1.1" status: 200 len: 3120 time: 0.4049120
2026-04-27 22:20:34.156 9 INFO neutron.wsgi [None req-cd414be3-5ce0-4091-9d77-c35af68ed3c3 deb7f9436ba04777bdace9cc6d5bc8b0 815f3c67b503466886e031bf8324ba89 - - default default] 10.0.0.63 "DELETE /v2.0/security-groups/4a5daff0-b739-497b-8f29-0fa254338e7c HTTP/1.1" status: 204 len: 168 time: 0.2231195
2026-04-27 22:20:34.506 10 WARNING neutron.scheduler.dhcp_agent_scheduler [None req-5386325b-1593-4c54-ba7e-abd1596132ee 4d6ac96c21144735b8052695b14933f0 ae98bc94f60d47668d53b68f1edd1087 - - default default] No more DHCP agents
2026-04-27 22:20:34.513 10 WARNING neutron.api.rpc.agentnotifiers.dhcp_rpc_agent_api [None req-5386325b-1593-4c54-ba7e-abd1596132ee 4d6ac96c21144735b8052695b14933f0 ae98bc94f60d47668d53b68f1edd1087 - - default default] Unable to schedule network b0766a7e-5657-4cf7-8548-c827c0019cc3: no agents available; will retry on subsequent port and subnet creation events.
2026-04-27 22:20:34.739 10 INFO neutron.db.ovn_revision_numbers_db [None req-5386325b-1593-4c54-ba7e-abd1596132ee 4d6ac96c21144735b8052695b14933f0 ae98bc94f60d47668d53b68f1edd1087 - - default default] Successfully bumped revision number for resource eba41b5e-4e25-4209-b827-64e4813e307b (type: ports) to 1
2026-04-27 22:20:35.539 10 INFO neutron.wsgi [None req-91c67618-3dfb-4091-98a7-432281ff1538 1efd2807c7b44085a8893953afa0033b 1724e4b2e7d74027b2cd9c9f035345a9 - - default default] 10.0.0.63 "PUT /v2.0/routers/f939c07e-30eb-4ec0-a4f3-df18a561b693/remove_router_interface HTTP/1.1" status: 200 len: 503 time: 1.6635900
2026-04-27 22:20:35.782 9 INFO neutron.wsgi [None req-d33e15a0-7b9d-44d2-b37f-96a1bb6e5a5f 1efd2807c7b44085a8893953afa0033b 1724e4b2e7d74027b2cd9c9f035345a9 - - default default] 10.0.0.63 "DELETE /v2.0/subnets/216cc00a-81b9-4821-be3d-17df38cedb2a HTTP/1.1" status: 204 len: 168 time: 0.2350571
2026-04-27 22:20:35.825 10 ERROR ovsdbapp.backend.ovs_idl.command [None req-5386325b-1593-4c54-ba7e-abd1596132ee 4d6ac96c21144735b8052695b14933f0 ae98bc94f60d47668d53b68f1edd1087 - - default default] Error executing command (DbGetCommand): ovsdbapp.backend.ovs_idl.idlutils.RowNotFound: Cannot find Logical_Router_Port with name=lrp-eba41b5e-4e25-4209-b827-64e4813e307b
2026-04-27 22:20:35.825 10 ERROR ovsdbapp.backend.ovs_idl.command
Traceback (most recent call last):
2026-04-27 22:20:35.825 10 ERROR ovsdbapp.backend.ovs_idl.command
File "/var/lib/openstack/lib/python3.10/site-packages/ovsdbapp/backend/ovs_idl/command.py", line 47, in execute
2026-04-27 22:20:35.825 10 ERROR ovsdbapp.backend.ovs_idl.command self.run_idl(None)
2026-04-27 22:20:35.825 10 ERROR ovsdbapp.backend.ovs_idl.command
File "/var/lib/openstack/lib/python3.10/site-packages/ovsdbapp/backend/ovs_idl/command.py", line 235, in run_idl
2026-04-27 22:20:35.825 10 ERROR ovsdbapp.backend.ovs_idl.command record = self.api.lookup(self.table, self.record)
2026-04-27 22:20:35.825 10 ERROR ovsdbapp.backend.ovs_idl.command
File "/var/lib/openstack/lib/python3.10/site-packages/ovsdbapp/backend/ovs_idl/__init__.py", line 184, in lookup
2026-04-27 22:20:35.825 10 ERROR ovsdbapp.backend.ovs_idl.command return self._lookup(table, record)
2026-04-27 22:20:35.825 10 ERROR ovsdbapp.backend.ovs_idl.command
File "/var/lib/openstack/lib/python3.10/site-packages/ovsdbapp/backend/ovs_idl/__init__.py", line 235, in _lookup
2026-04-27 22:20:35.825 10 ERROR ovsdbapp.backend.ovs_idl.command row = idlutils.row_by_value(self, rl.table, rl.column, record)
2026-04-27 22:20:35.825 10 ERROR ovsdbapp.backend.ovs_idl.command
File "/var/lib/openstack/lib/python3.10/site-packages/ovsdbapp/backend/ovs_idl/idlutils.py", line 114, in row_by_value
2026-04-27 22:20:35.825 10 ERROR ovsdbapp.backend.ovs_idl.command raise RowNotFound(table=table, col=column, match=match)
2026-04-27 22:20:35.825 10 ERROR ovsdbapp.backend.ovs_idl.command ovsdbapp.backend.ovs_idl.idlutils.RowNotFound: Cannot find Logical_Router_Port with name=lrp-eba41b5e-4e25-4209-b827-64e4813e307b
2026-04-27 22:20:35.825 10 ERROR ovsdbapp.backend.ovs_idl.command 
2026-04-27 22:20:35.826 10 ERROR neutron_lib.callbacks.manager [None req-5386325b-1593-4c54-ba7e-abd1596132ee 4d6ac96c21144735b8052695b14933f0 ae98bc94f60d47668d53b68f1edd1087 - - default default] Error during notification for neutron.services.ovn_l3.plugin.OVNL3RouterPlugin._port_update-8778383347430 port, after_update: ovsdbapp.backend.ovs_idl.idlutils.RowNotFound: Cannot find Logical_Router_Port with name=lrp-eba41b5e-4e25-4209-b827-64e4813e307b
2026-04-27 22:20:35.826 10 ERROR neutron_lib.callbacks.manager
Traceback (most recent call last):
2026-04-27 22:20:35.826 10 ERROR neutron_lib.callbacks.manager
File "/var/lib/openstack/lib/python3.10/site-packages/neutron_lib/callbacks/manager.py", line 189, in _notify_loop
2026-04-27 22:20:35.826 10 ERROR neutron_lib.callbacks.manager callback.method(resource, event, trigger, payload=payload)
2026-04-27 22:20:35.826 10 ERROR neutron_lib.callbacks.manager
File "/var/lib/openstack/lib/python3.10/site-packages/neutron/services/ovn_l3/plugin.py", line 391, in _port_update
2026-04-27 22:20:35.826 10 ERROR neutron_lib.callbacks.manager l3plugin._ovn_client.update_router_port(context,
2026-04-27 22:20:35.826 10 ERROR neutron_lib.callbacks.manager
File "/var/lib/openstack/lib/python3.10/site-packages/neutron/plugins/ml2/drivers/ovn/mech_driver/ovsdb/ovn_client.py", line 1878, in update_router_port
2026-04-27 22:20:35.826 10 ERROR neutron_lib.callbacks.manager self._update_lrouter_port(context, port, if_exists=if_exists,
2026-04-27 22:20:35.826 10 ERROR neutron_lib.callbacks.manager
File "/var/lib/openstack/lib/python3.10/site-packages/neutron/plugins/ml2/drivers/ovn/mech_driver/ovsdb/ovn_client.py", line 1855, in _update_lrouter_port
2026-04-27 22:20:35.826 10 ERROR neutron_lib.callbacks.manager external_ids = self._nb_idl.db_get(
2026-04-27 22:20:35.826 10 ERROR neutron_lib.callbacks.manager
File "/var/lib/openstack/lib/python3.10/site-packages/ovsdbapp/backend/ovs_idl/command.py", line 47, in execute
2026-04-27 22:20:35.826 10 ERROR neutron_lib.callbacks.manager self.run_idl(None)
2026-04-27 22:20:35.826 10 ERROR neutron_lib.callbacks.manager
File "/var/lib/openstack/lib/python3.10/site-packages/ovsdbapp/backend/ovs_idl/command.py", line 235, in run_idl
2026-04-27 22:20:35.826 10 ERROR neutron_lib.callbacks.manager record = self.api.lookup(self.table, self.record)
2026-04-27 22:20:35.826 10 ERROR neutron_lib.callbacks.manager
File "/var/lib/openstack/lib/python3.10/site-packages/ovsdbapp/backend/ovs_idl/__init__.py", line 184, in lookup
2026-04-27 22:20:35.826 10 ERROR neutron_lib.callbacks.manager return self._lookup(table, record)
2026-04-27 22:20:35.826 10 ERROR neutron_lib.callbacks.manager
File "/var/lib/openstack/lib/python3.10/site-packages/ovsdbapp/backend/ovs_idl/__init__.py", line 235, in _lookup
2026-04-27 22:20:35.826 10 ERROR neutron_lib.callbacks.manager row = idlutils.row_by_value(self, rl.table, rl.column, record)
2026-04-27 22:20:35.826 10 ERROR neutron_lib.callbacks.manager
File "/var/lib/openstack/lib/python3.10/site-packages/ovsdbapp/backend/ovs_idl/idlutils.py", line 114, in row_by_value
2026-04-27 22:20:35.826 10 ERROR neutron_lib.callbacks.manager raise RowNotFound(table=table, col=column, match=match)
2026-04-27 22:20:35.826 10 ERROR neutron_lib.callbacks.manager ovsdbapp.backend.ovs_idl.idlutils.RowNotFound: Cannot find Logical_Router_Port with name=lrp-eba41b5e-4e25-4209-b827-64e4813e307b
2026-04-27 22:20:35.826 10 ERROR neutron_lib.callbacks.manager 
2026-04-27 22:20:36.107 10 INFO neutron.db.ovn_revision_numbers_db [None req-5386325b-1593-4c54-ba7e-abd1596132ee 4d6ac96c21144735b8052695b14933f0 ae98bc94f60d47668d53b68f1edd1087 - - default default] Successfully bumped revision number for resource eba41b5e-4e25-4209-b827-64e4813e307b (type: ports) to 1
2026-04-27 22:20:36.172 10 WARNING neutron.scheduler.dhcp_agent_scheduler [None req-5386325b-1593-4c54-ba7e-abd1596132ee 4d6ac96c21144735b8052695b14933f0 ae98bc94f60d47668d53b68f1edd1087 - - default default] No more DHCP agents
2026-04-27 22:20:36.173 10 WARNING neutron.api.rpc.agentnotifiers.dhcp_rpc_agent_api [None req-5386325b-1593-4c54-ba7e-abd1596132ee 4d6ac96c21144735b8052695b14933f0 ae98bc94f60d47668d53b68f1edd1087 - - default default] Unable to schedule network b0766a7e-5657-4cf7-8548-c827c0019cc3: no agents available; will retry on subsequent port and subnet creation events.
2026-04-27 22:20:36.628 10 INFO neutron.db.ovn_revision_numbers_db [None req-5386325b-1593-4c54-ba7e-abd1596132ee 4d6ac96c21144735b8052695b14933f0 ae98bc94f60d47668d53b68f1edd1087 - - default default] Successfully bumped revision number for resource eba41b5e-4e25-4209-b827-64e4813e307b (type: router_ports) to 1
2026-04-27 22:20:36.654 9 INFO neutron.wsgi [None req-6e36aa00-0382-4ff5-9016-39615e5f3920 1efd2807c7b44085a8893953afa0033b 1724e4b2e7d74027b2cd9c9f035345a9 - - default default] 10.0.0.63 "DELETE /v2.0/routers/f939c07e-30eb-4ec0-a4f3-df18a561b693 HTTP/1.1" status: 204 len: 168 time: 0.8675830
2026-04-27 22:20:36.864 9 INFO neutron.db.ovn_revision_numbers_db [None req-e5b5dd8d-453d-44f7-8067-ed6f2d95d273 deb7f9436ba04777bdace9cc6d5bc8b0 815f3c67b503466886e031bf8324ba89 - - default default] Successfully bumped revision number for resource c7c92e30-1a5f-4d3b-9afe-7c6fe525f1cb (type: security_groups) to 1
2026-04-27 22:20:36.889 9 INFO neutron.db.ovn_revision_numbers_db [None req-e5b5dd8d-453d-44f7-8067-ed6f2d95d273 deb7f9436ba04777bdace9cc6d5bc8b0 815f3c67b503466886e031bf8324ba89 - - default default] Successfully bumped revision number for resource 110b9264-f0e0-4f37-886a-002ffc5344af (type: security_group_rules) to 0
2026-04-27 22:20:36.913 9 INFO neutron.db.ovn_revision_numbers_db [None req-e5b5dd8d-453d-44f7-8067-ed6f2d95d273 deb7f9436ba04777bdace9cc6d5bc8b0 815f3c67b503466886e031bf8324ba89 - - default default] Successfully bumped revision number for resource 11a7f09e-a3b3-4579-b5c1-8bb3d71b8123 (type: security_group_rules) to 0
2026-04-27 22:20:36.917 10 WARNING neutron.scheduler.dhcp_agent_scheduler [None req-6e0eb3bc-f108-4269-96b5-2a6d7835f12b - - - - - -] No more DHCP agents
2026-04-27 22:20:36.923 10 WARNING neutron.api.rpc.agentnotifiers.dhcp_rpc_agent_api [None req-6e0eb3bc-f108-4269-96b5-2a6d7835f12b - - - - - -] Unable to schedule network b0766a7e-5657-4cf7-8548-c827c0019cc3: no agents available; will retry on subsequent port and subnet creation events.
2026-04-27 22:20:36.941 9 INFO neutron.db.ovn_revision_numbers_db [None req-e5b5dd8d-453d-44f7-8067-ed6f2d95d273 deb7f9436ba04777bdace9cc6d5bc8b0 815f3c67b503466886e031bf8324ba89 - - default default] Successfully bumped revision number for resource e7a32425-852c-405d-866e-70d5414bdc54 (type: security_group_rules) to 0
2026-04-27 22:20:36.960 9 INFO neutron.db.ovn_revision_numbers_db [None req-e5b5dd8d-453d-44f7-8067-ed6f2d95d273 deb7f9436ba04777bdace9cc6d5bc8b0 815f3c67b503466886e031bf8324ba89 - - default default] Successfully bumped revision number for resource f4044ec6-59e8-4143-9187-5a3c055b39a0 (type: security_group_rules) to 0
2026-04-27 22:20:36.980 9 INFO neutron.wsgi [None req-e5b5dd8d-453d-44f7-8067-ed6f2d95d273 deb7f9436ba04777bdace9cc6d5bc8b0 815f3c67b503466886e031bf8324ba89 - - default default] 10.0.0.63 "GET /v2.0/security-groups?tenant_id=f2eb6a9afbde445e8b9a8125450f4815&name=default HTTP/1.1" status: 200 len: 3120 time: 0.4581141 /var/lib/openstack/lib/python3.10/site-packages/pycadf/identifier.py:71: UserWarning: Invalid uuid: neutron. To ensure interoperability, identifiers should be a valid uuid. warnings.warn(('Invalid uuid: %s. To ensure interoperability, '
2026-04-27 22:20:37.099 9 INFO neutron.services.segments.plugin [-] Segment 5286b2e3-7739-4b4a-9d4d-6696ec74be25 resource provider aggregate not found
2026-04-27 22:20:37.102 9 INFO neutron.services.segments.plugin [-] Segment 5286b2e3-7739-4b4a-9d4d-6696ec74be25 resource provider aggregate not found
2026-04-27 22:20:37.107 10 INFO neutron.db.ovn_revision_numbers_db [None req-6e0eb3bc-f108-4269-96b5-2a6d7835f12b - - - - - -] Successfully bumped revision number for resource 76dbcff0-a159-4048-889b-5212f121cf9b (type: ports) to 1
2026-04-27 22:20:37.118 9 INFO neutron.services.segments.plugin [-] Segment 5286b2e3-7739-4b4a-9d4d-6696ec74be25 resource provider not found; error: Placement Client Error (4xx): {"errors": [{"status": 404, "title": "Not Found", "detail": "The resource could not be found.\n\n No resource provider with uuid 5286b2e3-7739-4b4a-9d4d-6696ec74be25 found for delete ", "request_id": "req-9f2d7921-db54-485f-aa8e-fdaf4726f662"}]}
2026-04-27 22:20:37.119 9 INFO neutron.services.segments.plugin [-] Segment 5286b2e3-7739-4b4a-9d4d-6696ec74be25 resource provider not found; error: Placement Client Error (4xx): {"errors": [{"status": 404, "title": "Not Found", "detail": "The resource could not be found.\n\n No resource provider with uuid 5286b2e3-7739-4b4a-9d4d-6696ec74be25 found for delete ", "request_id": "req-07f6dc12-5a79-459f-9c07-d63f96063196"}]}
2026-04-27 22:20:37.141 9 INFO neutron.wsgi [None req-3c7a7455-b58e-48af-b0c0-9857ae036c44 1efd2807c7b44085a8893953afa0033b 1724e4b2e7d74027b2cd9c9f035345a9 - - default default] 10.0.0.63 "DELETE /v2.0/networks/284e8b88-0cbd-430d-918f-14f9019dc2de HTTP/1.1" status: 204 len: 168 time: 0.4817653
2026-04-27 22:20:37.277 10 INFO neutron.wsgi [None req-b9b2f68a-a669-4627-88b3-c634e6791571 deb7f9436ba04777bdace9cc6d5bc8b0 815f3c67b503466886e031bf8324ba89 - - default default] 10.0.0.63 "DELETE /v2.0/security-groups/c7c92e30-1a5f-4d3b-9afe-7c6fe525f1cb HTTP/1.1" status: 204 len: 168 time: 0.2922020
2026-04-27 22:20:37.355 10 WARNING neutron.plugins.ml2.drivers.ovn.mech_driver.ovsdb.ovn_client [None req-e5eb291a-3077-41b0-9386-e75f14f0bea9 - - - - - -] No hosting information found for port a5a5517c-4c42-4ca8-8c0c-fed59afc831d: RuntimeError: No hosting information found for port a5a5517c-4c42-4ca8-8c0c-fed59afc831d
2026-04-27 22:20:37.356 10 INFO neutron.plugins.ml2.drivers.ovn.mech_driver.mech_driver [None req-e5eb291a-3077-41b0-9386-e75f14f0bea9 - - - - - -] OVN reports status down for port: 701014c1-cd50-4629-9f2e-b809c282ba31
2026-04-27 22:20:37.374 10 INFO neutron.plugins.ml2.drivers.ovn.mech_driver.mech_driver [None req-e5eb291a-3077-41b0-9386-e75f14f0bea9 - - - - - -] OVN reports status up for port: eba41b5e-4e25-4209-b827-64e4813e307b
2026-04-27 22:20:37.381 10 INFO neutron.plugins.ml2.plugin [None req-e5eb291a-3077-41b0-9386-e75f14f0bea9 - - - - - -] Attempt 1 to provision port eba41b5e-4e25-4209-b827-64e4813e307b
2026-04-27 22:20:37.399 10 INFO neutron.db.ovn_revision_numbers_db [None req-6e0eb3bc-f108-4269-96b5-2a6d7835f12b - - - - - -] Successfully bumped revision number for resource 76dbcff0-a159-4048-889b-5212f121cf9b (type: ports) to 1
2026-04-27 22:20:37.915 10 INFO neutron.wsgi [None req-5386325b-1593-4c54-ba7e-abd1596132ee 4d6ac96c21144735b8052695b14933f0 ae98bc94f60d47668d53b68f1edd1087 - - default default] 10.0.0.63 "POST /v2.0/vpn/vpnservices HTTP/1.1" status: 201 len: 657 time: 6.5331829
2026-04-27 22:20:37.927 10 WARNING neutron_lib.context [None req-1798fd83-2b07-4d95-8e4e-1f33dfc3e408 4d6ac96c21144735b8052695b14933f0 ae98bc94f60d47668d53b68f1edd1087 - - default default] Method 'is_advsvc' is deprecated since 2023.2 release (neutron-lib 3.8.0) and will be removed once support for the old RBAC API policies will be removed from Neutron. Please use method 'is_service_role' instead.
2026-04-27 22:20:38.224 10 INFO neutron.db.ovn_revision_numbers_db [None req-e5eb291a-3077-41b0-9386-e75f14f0bea9 - - - - - -] Successfully bumped revision number for resource eba41b5e-4e25-4209-b827-64e4813e307b (type: ports) to 2
2026-04-27 22:20:38.426 10 INFO neutron.db.ovn_revision_numbers_db [None req-e5eb291a-3077-41b0-9386-e75f14f0bea9 - - - - - -] Successfully bumped revision number for resource eba41b5e-4e25-4209-b827-64e4813e307b (type: router_ports) to 2
2026-04-27 22:20:38.465 10 INFO neutron.wsgi [None req-1798fd83-2b07-4d95-8e4e-1f33dfc3e408 4d6ac96c21144735b8052695b14933f0 ae98bc94f60d47668d53b68f1edd1087 - - default default] 10.0.0.63 "POST /v2.0/vpn/vpnservices HTTP/1.1" status: 201 len: 623 time: 0.5434165
2026-04-27 22:20:38.477 9 WARNING neutron_lib.context [None req-4c45eab3-5175-4b66-b2a3-18a75e333e42 4d6ac96c21144735b8052695b14933f0 ae98bc94f60d47668d53b68f1edd1087 - - default default] Method 'is_advsvc' is deprecated since 2023.2 release (neutron-lib 3.8.0) and will be removed once support for the old RBAC API policies will be removed from Neutron. Please use method 'is_service_role' instead.
2026-04-27 22:20:38.482 9 INFO neutron.db.ovn_revision_numbers_db [None req-7bac9f73-053e-40ac-a105-22b9070d80a1 deb7f9436ba04777bdace9cc6d5bc8b0 815f3c67b503466886e031bf8324ba89 - - default default] Successfully bumped revision number for resource 90ab790b-6181-42fa-859d-ca8f342c0a9c (type: security_groups) to 1
2026-04-27 22:20:38.516 9 INFO neutron.db.ovn_revision_numbers_db [None req-7bac9f73-053e-40ac-a105-22b9070d80a1 deb7f9436ba04777bdace9cc6d5bc8b0 815f3c67b503466886e031bf8324ba89 - - default default] Successfully bumped revision number for resource 2fa196d6-47f0-474b-a860-828edd006c49 (type: security_group_rules) to 0
2026-04-27 22:20:38.535 9 INFO neutron.db.ovn_revision_numbers_db [None req-7bac9f73-053e-40ac-a105-22b9070d80a1 deb7f9436ba04777bdace9cc6d5bc8b0 815f3c67b503466886e031bf8324ba89 - - default default] Successfully bumped revision number for resource 974d7041-1e83-4785-99cc-ac61ec66f3d3 (type: security_group_rules) to 0
2026-04-27 22:20:38.551 9 INFO neutron.wsgi [None req-4c45eab3-5175-4b66-b2a3-18a75e333e42 4d6ac96c21144735b8052695b14933f0 ae98bc94f60d47668d53b68f1edd1087 - - default default] 10.0.0.63 "POST /v2.0/vpn/ikepolicies HTTP/1.1" status: 201 len: 602 time: 0.0817106
2026-04-27 22:20:38.553 9 INFO neutron.db.ovn_revision_numbers_db [None req-7bac9f73-053e-40ac-a105-22b9070d80a1 deb7f9436ba04777bdace9cc6d5bc8b0 815f3c67b503466886e031bf8324ba89 - - default default] Successfully bumped revision number for resource b00fc8e2-0d86-4207-8d0b-7716cbd3cbc2 (type: security_group_rules) to 0
2026-04-27 22:20:38.564 10 WARNING neutron_lib.context [None req-8bfcd280-2373-4811-94e5-0be9bc881bf8 4d6ac96c21144735b8052695b14933f0 ae98bc94f60d47668d53b68f1edd1087 - - default default] Method 'is_advsvc' is deprecated since 2023.2 release (neutron-lib 3.8.0) and will be removed once support for the old RBAC API policies will be removed from Neutron. Please use method 'is_service_role' instead.
2026-04-27 22:20:38.568 9 INFO neutron.db.ovn_revision_numbers_db [None req-7bac9f73-053e-40ac-a105-22b9070d80a1 deb7f9436ba04777bdace9cc6d5bc8b0 815f3c67b503466886e031bf8324ba89 - - default default] Successfully bumped revision number for resource d67b1430-1917-4e48-9ca0-c6fbb491bffa (type: security_group_rules) to 0
2026-04-27 22:20:38.589 9 INFO neutron.wsgi [None req-7bac9f73-053e-40ac-a105-22b9070d80a1 deb7f9436ba04777bdace9cc6d5bc8b0 815f3c67b503466886e031bf8324ba89 - - default default] 10.0.0.63 "GET /v2.0/security-groups?tenant_id=9d8c59f9dfce4d3fb4e20fac903c260a&name=default HTTP/1.1" status: 200 len: 3120 time: 0.7140477
2026-04-27 22:20:38.644 10 INFO neutron.wsgi [None req-8bfcd280-2373-4811-94e5-0be9bc881bf8 4d6ac96c21144735b8052695b14933f0 ae98bc94f60d47668d53b68f1edd1087 - - default default] 10.0.0.63 "POST /v2.0/vpn/ipsecpolicies HTTP/1.1" status: 201 len: 611 time: 0.0877833
2026-04-27 22:20:38.659 9 WARNING neutron_lib.context [None req-9dfb6efc-eeab-4770-8428-e8fe6d43f066 4d6ac96c21144735b8052695b14933f0 ae98bc94f60d47668d53b68f1edd1087 - - default default] Method 'is_advsvc' is deprecated since 2023.2 release (neutron-lib 3.8.0) and will be removed once support for the old RBAC API policies will be removed from Neutron. Please use method 'is_service_role' instead.
2026-04-27 22:20:38.732 9 INFO neutron.wsgi [None req-9dfb6efc-eeab-4770-8428-e8fe6d43f066 4d6ac96c21144735b8052695b14933f0 ae98bc94f60d47668d53b68f1edd1087 - - default default] 10.0.0.63 "POST /v2.0/vpn/endpoint-groups HTTP/1.1" status: 201 len: 528 time: 0.0820649
