2026-04-27 22:17:15.152 9 WARNING neutron.api.rpc.agentnotifiers.dhcp_rpc_agent_api [None req-93043f3e-d7db-44c4-ae26-cbfcfcc26b29 deb7f9436ba04777bdace9cc6d5bc8b0 815f3c67b503466886e031bf8324ba89 - - default default] Unable to schedule network 87d4a1a3-692e-49f1-9d51-44d131b00a1b: no agents available; will retry on subsequent port and subnet creation events.
2026-04-27 22:17:15.181 10 INFO neutron.wsgi [req-8c171d7e-21fa-4d2e-9b48-217b13027b92 req-aa6812c4-d3d8-4e32-bc83-bbeaf9b6bfb1 704a36a6de1240e18012a19f0f05f720 2f9b73de570f4c89af39e63d7cdb54cd - - 40fd682ceee84a83889ba67ab46e917c 40fd682ceee84a83889ba67ab46e917c] 199.204.45.250 "GET /v2.0/ports?tenant_id=cfbc6a6487de414aafbdadc94d7e7edb&device_id=9eb82a4c-92ad-4b8e-b663-2a67f5af93a8 HTTP/1.1" status: 200 len: 1590 time: 0.0452995
2026-04-27 22:17:15.275 10 INFO neutron.wsgi [req-8c171d7e-21fa-4d2e-9b48-217b13027b92 req-d5830da6-599f-4670-9497-2c139fe296c4 704a36a6de1240e18012a19f0f05f720 2f9b73de570f4c89af39e63d7cdb54cd - - 40fd682ceee84a83889ba67ab46e917c 40fd682ceee84a83889ba67ab46e917c] 199.204.45.250 "GET /v2.0/networks?id=7dc9a798-ad17-402b-9180-026e7077dec7 HTTP/1.1" status: 200 len: 982 time: 0.0868094
2026-04-27 22:17:15.289 9 INFO neutron.db.ovn_revision_numbers_db [None req-8c9b5242-f212-47c1-aa62-6d6174d30855 71b731fcd95c43709e42184cf1e66fa6 3dbf2db2dc6b47c8b797a63ffc1636d1 - - default default] Successfully bumped revision number for resource 41dbfd33-0529-43b7-a4db-40b390183486 (type: security_groups) to 1
2026-04-27 22:17:15.312 10 INFO neutron.wsgi [req-8c171d7e-21fa-4d2e-9b48-217b13027b92 req-ec84e7dc-71e7-49f1-ba5a-785a3731491f 704a36a6de1240e18012a19f0f05f720 2f9b73de570f4c89af39e63d7cdb54cd - - 40fd682ceee84a83889ba67ab46e917c 40fd682ceee84a83889ba67ab46e917c] 199.204.45.250 "GET /v2.0/floatingips?fixed_ip_address=10.100.0.13&port_id=c5eef504-8253-49a3-96df-cecabb1c8b3a HTTP/1.1" status: 200 len: 217 time: 0.0308928
2026-04-27 22:17:15.313 9 INFO neutron.db.ovn_revision_numbers_db [None req-8c9b5242-f212-47c1-aa62-6d6174d30855 71b731fcd95c43709e42184cf1e66fa6 3dbf2db2dc6b47c8b797a63ffc1636d1 - - default default] Successfully bumped revision number for resource 2196b9eb-ef39-4120-b72f-ef9baebe8434 (type: security_group_rules) to 0
2026-04-27 22:17:15.326 9 INFO neutron.db.ovn_revision_numbers_db [None req-93043f3e-d7db-44c4-ae26-cbfcfcc26b29 deb7f9436ba04777bdace9cc6d5bc8b0 815f3c67b503466886e031bf8324ba89 - - default default] Successfully bumped revision number for resource aac1d7cb-dfc8-4f69-afcf-04184847d3b9 (type: ports) to 1
2026-04-27 22:17:15.328 9 INFO neutron.db.ovn_revision_numbers_db [None req-8c9b5242-f212-47c1-aa62-6d6174d30855 71b731fcd95c43709e42184cf1e66fa6 3dbf2db2dc6b47c8b797a63ffc1636d1 - - default default] Successfully bumped revision number for resource 5b7fcf41-c071-4f03-bcb9-2b726c424f88 (type: security_group_rules) to 0
2026-04-27 22:17:15.363 9 INFO neutron.db.ovn_revision_numbers_db [None req-8c9b5242-f212-47c1-aa62-6d6174d30855 71b731fcd95c43709e42184cf1e66fa6 3dbf2db2dc6b47c8b797a63ffc1636d1 - - default default] Successfully bumped revision number for resource 67fc9427-0480-401f-b61f-e836d588238c (type: security_group_rules) to 0
2026-04-27 22:17:15.366 10 INFO neutron.wsgi [req-8c171d7e-21fa-4d2e-9b48-217b13027b92 req-d029c6d5-8ece-422d-b6c0-700d985712dc 704a36a6de1240e18012a19f0f05f720 2f9b73de570f4c89af39e63d7cdb54cd - - 40fd682ceee84a83889ba67ab46e917c 40fd682ceee84a83889ba67ab46e917c] 199.204.45.250 "GET /v2.0/floatingips?fixed_ip_address=10.100.0.7&port_id=c5eef504-8253-49a3-96df-cecabb1c8b3a HTTP/1.1" status: 200 len: 1059 time: 0.0471773
2026-04-27 22:17:15.389 9 INFO neutron.db.ovn_revision_numbers_db [None req-8c9b5242-f212-47c1-aa62-6d6174d30855 71b731fcd95c43709e42184cf1e66fa6 3dbf2db2dc6b47c8b797a63ffc1636d1 - - default default] Successfully bumped revision number for resource b81d5bc5-5fb8-40a6-a2f0-b6df6cc0d803 (type: security_group_rules) to 0
2026-04-27 22:17:15.422 10 INFO neutron.wsgi [req-8c171d7e-21fa-4d2e-9b48-217b13027b92 req-9a01e513-f3d8-459d-a1a4-1decc3b49c9a 704a36a6de1240e18012a19f0f05f720 2f9b73de570f4c89af39e63d7cdb54cd - - 40fd682ceee84a83889ba67ab46e917c 40fd682ceee84a83889ba67ab46e917c] 199.204.45.250 "GET /v2.0/subnets?id=5ac7c087-05a6-4e41-8381-0e6933d30821 HTTP/1.1" status: 200 len: 877 time: 0.0497224
2026-04-27 22:17:15.455 10 INFO neutron.wsgi [req-8c171d7e-21fa-4d2e-9b48-217b13027b92 req-ee6575dc-f990-4749-a0a8-b88e0df9c223 704a36a6de1240e18012a19f0f05f720 2f9b73de570f4c89af39e63d7cdb54cd - - 40fd682ceee84a83889ba67ab46e917c 40fd682ceee84a83889ba67ab46e917c] 199.204.45.250 "GET /v2.0/ports?network_id=7dc9a798-ad17-402b-9180-026e7077dec7&device_owner=network%3Adhcp HTTP/1.1" status: 200 len: 210 time: 0.0251544
2026-04-27 22:17:15.489 9 INFO neutron.db.segments_db [None req-8c9b5242-f212-47c1-aa62-6d6174d30855 71b731fcd95c43709e42184cf1e66fa6 3dbf2db2dc6b47c8b797a63ffc1636d1 - - default default] Added segment bd626671-4eea-4d23-b86e-bdb69ec603d4 of type geneve for network bfb9db3e-2800-4a13-96d4-8d71e14277de
2026-04-27 22:17:15.539 10 INFO neutron.wsgi [req-8c171d7e-21fa-4d2e-9b48-217b13027b92 req-a794e1ef-8276-4727-a87d-8ef67908c2b7 704a36a6de1240e18012a19f0f05f720 2f9b73de570f4c89af39e63d7cdb54cd - - 40fd682ceee84a83889ba67ab46e917c 40fd682ceee84a83889ba67ab46e917c] 199.204.45.250 "GET /v2.0/networks/7dc9a798-ad17-402b-9180-026e7077dec7?fields=segments HTTP/1.1" status: 200 len: 212 time: 0.0778780
2026-04-27 22:17:15.639 9 INFO neutron.db.segments_db [None req-8c9b5242-f212-47c1-aa62-6d6174d30855 71b731fcd95c43709e42184cf1e66fa6 3dbf2db2dc6b47c8b797a63ffc1636d1 - - default default] Added segment 25c02a3f-22f1-439f-8f27-9180c653d226 of type geneve for network 72d74fc4-af87-46a3-9cff-d3307b0abc11
2026-04-27 22:17:15.818 10 INFO neutron.wsgi [req-8c171d7e-21fa-4d2e-9b48-217b13027b92 req-aec54e69-81f7-4072-b0ba-4251c3d49aa5 704a36a6de1240e18012a19f0f05f720 2f9b73de570f4c89af39e63d7cdb54cd - - 40fd682ceee84a83889ba67ab46e917c 40fd682ceee84a83889ba67ab46e917c] 199.204.45.250 "GET /v2.0/networks/7dc9a798-ad17-402b-9180-026e7077dec7?fields=provider%3Aphysical_network&fields=provider%3Anetwork_type HTTP/1.1" status: 200 len: 277 time: 0.2657804
2026-04-27 22:17:15.859 10 INFO neutron.db.ovn_revision_numbers_db [None req-fc282113-b1fb-4d00-8310-4d11897e860e - - - - - -] Successfully bumped revision number for resource fe5ac501-921d-4230-832b-b3f3a3e356fd (type: ports) to 1
2026-04-27 22:17:15.891 10 INFO neutron.wsgi [req-338d76e8-307e-49ef-a4f1-9cf260655d9e req-b7fc9ae3-d7a0-4185-af5e-81b829164a15 704a36a6de1240e18012a19f0f05f720 2f9b73de570f4c89af39e63d7cdb54cd - - 40fd682ceee84a83889ba67ab46e917c 40fd682ceee84a83889ba67ab46e917c] 199.204.45.250 "GET /v2.0/ports?tenant_id=cfbc6a6487de414aafbdadc94d7e7edb&device_id=9eb82a4c-92ad-4b8e-b663-2a67f5af93a8 HTTP/1.1" status: 200 len: 1590 time: 0.0418210
2026-04-27 22:17:16.000 10 INFO neutron.wsgi [req-338d76e8-307e-49ef-a4f1-9cf260655d9e req-b08dff58-a2da-4fec-b7a8-25d8dae2ef37 704a36a6de1240e18012a19f0f05f720 2f9b73de570f4c89af39e63d7cdb54cd - - 40fd682ceee84a83889ba67ab46e917c 40fd682ceee84a83889ba67ab46e917c] 199.204.45.250 "GET /v2.0/networks?id=7dc9a798-ad17-402b-9180-026e7077dec7 HTTP/1.1" status: 200 len: 982 time: 0.1003160
2026-04-27 22:17:16.003 9 INFO neutron.db.ovn_revision_numbers_db [None req-8c9b5242-f212-47c1-aa62-6d6174d30855 71b731fcd95c43709e42184cf1e66fa6 3dbf2db2dc6b47c8b797a63ffc1636d1 - - default default] Successfully bumped revision number for resource bfb9db3e-2800-4a13-96d4-8d71e14277de (type: networks) to 1
2026-04-27 22:17:16.033 10 INFO neutron.wsgi [req-338d76e8-307e-49ef-a4f1-9cf260655d9e req-60737eac-0f74-486c-8b7a-10a276891c72 704a36a6de1240e18012a19f0f05f720 2f9b73de570f4c89af39e63d7cdb54cd - - 40fd682ceee84a83889ba67ab46e917c 40fd682ceee84a83889ba67ab46e917c] 199.204.45.250 "GET /v2.0/floatingips?fixed_ip_address=10.100.0.13&port_id=c5eef504-8253-49a3-96df-cecabb1c8b3a HTTP/1.1" status: 200 len: 217 time: 0.0235045
2026-04-27 22:17:16.076 10 INFO neutron.wsgi [req-df31013d-84d2-4f92-8af2-a2cb692512af req-f1865661-7db8-4304-a542-b4ab69168dba df0fd71f2cf743b0949ddcd5b8fb0aec cfbc6a6487de414aafbdadc94d7e7edb - - default default] 10.0.0.182 "GET /v2.0/ports?device_id=9eb82a4c-92ad-4b8e-b663-2a67f5af93a8 HTTP/1.1" status: 200 len: 1352 time: 0.0913658
2026-04-27 22:17:16.112 10 INFO neutron.wsgi [req-338d76e8-307e-49ef-a4f1-9cf260655d9e req-31bdd242-65f6-4315-b961-44355287dea0 704a36a6de1240e18012a19f0f05f720 2f9b73de570f4c89af39e63d7cdb54cd - - 40fd682ceee84a83889ba67ab46e917c 40fd682ceee84a83889ba67ab46e917c] 199.204.45.250 "GET /v2.0/floatingips?fixed_ip_address=10.100.0.7&port_id=c5eef504-8253-49a3-96df-cecabb1c8b3a HTTP/1.1" status: 200 len: 1059 time: 0.0737355
2026-04-27 22:17:16.183 10 INFO neutron.wsgi [req-338d76e8-307e-49ef-a4f1-9cf260655d9e req-33f49681-bb52-4cee-84c4-6123f8182745 704a36a6de1240e18012a19f0f05f720 2f9b73de570f4c89af39e63d7cdb54cd - - 40fd682ceee84a83889ba67ab46e917c 40fd682ceee84a83889ba67ab46e917c] 199.204.45.250 "GET /v2.0/subnets?id=5ac7c087-05a6-4e41-8381-0e6933d30821 HTTP/1.1" status: 200 len: 877 time: 0.0483255
2026-04-27 22:17:16.185 10 INFO neutron.wsgi [req-df31013d-84d2-4f92-8af2-a2cb692512af req-f91e7472-98aa-4ea9-8e6a-75a4014801fd df0fd71f2cf743b0949ddcd5b8fb0aec cfbc6a6487de414aafbdadc94d7e7edb - - default default] 10.0.0.182 "GET /v2.0/security-groups?id=3c27650f-4a49-4c21-a7b9-6375d830e654&fields=id&fields=name HTTP/1.1" status: 200 len: 313 time: 0.1001201
2026-04-27 22:17:16.219 10 INFO neutron.wsgi [req-338d76e8-307e-49ef-a4f1-9cf260655d9e req-8a86385b-492a-4729-8cdc-20787e0b29bf 704a36a6de1240e18012a19f0f05f720 2f9b73de570f4c89af39e63d7cdb54cd - - 40fd682ceee84a83889ba67ab46e917c 40fd682ceee84a83889ba67ab46e917c] 199.204.45.250 "GET /v2.0/ports?network_id=7dc9a798-ad17-402b-9180-026e7077dec7&device_owner=network%3Adhcp HTTP/1.1" status: 200 len: 210 time: 0.0203722
2026-04-27 22:17:16.229 9 ERROR ovsdbapp.backend.ovs_idl.command [None req-93043f3e-d7db-44c4-ae26-cbfcfcc26b29 deb7f9436ba04777bdace9cc6d5bc8b0 815f3c67b503466886e031bf8324ba89 - - default default] Error executing command (DbGetCommand): ovsdbapp.backend.ovs_idl.idlutils.RowNotFound: Cannot find Logical_Router_Port with name=lrp-aac1d7cb-dfc8-4f69-afcf-04184847d3b9
2026-04-27 22:17:16.229 9 ERROR ovsdbapp.backend.ovs_idl.command
Traceback (most recent call last):
2026-04-27 22:17:16.229 9 ERROR ovsdbapp.backend.ovs_idl.command
File "/var/lib/openstack/lib/python3.10/site-packages/ovsdbapp/backend/ovs_idl/command.py", line 47, in execute
2026-04-27 22:17:16.229 9 ERROR ovsdbapp.backend.ovs_idl.command self.run_idl(None)
2026-04-27 22:17:16.229 9 ERROR ovsdbapp.backend.ovs_idl.command
File "/var/lib/openstack/lib/python3.10/site-packages/ovsdbapp/backend/ovs_idl/command.py", line 235, in run_idl
2026-04-27 22:17:16.229 9 ERROR ovsdbapp.backend.ovs_idl.command record = self.api.lookup(self.table, self.record)
2026-04-27 22:17:16.229 9 ERROR ovsdbapp.backend.ovs_idl.command
File "/var/lib/openstack/lib/python3.10/site-packages/ovsdbapp/backend/ovs_idl/__init__.py", line 184, in lookup
2026-04-27 22:17:16.229 9 ERROR ovsdbapp.backend.ovs_idl.command return self._lookup(table, record)
2026-04-27 22:17:16.229 9 ERROR ovsdbapp.backend.ovs_idl.command
File "/var/lib/openstack/lib/python3.10/site-packages/ovsdbapp/backend/ovs_idl/__init__.py", line 235, in _lookup
2026-04-27 22:17:16.229 9 ERROR ovsdbapp.backend.ovs_idl.command row = idlutils.row_by_value(self, rl.table, rl.column, record)
2026-04-27 22:17:16.229 9 ERROR ovsdbapp.backend.ovs_idl.command
File "/var/lib/openstack/lib/python3.10/site-packages/ovsdbapp/backend/ovs_idl/idlutils.py", line 114, in row_by_value
2026-04-27 22:17:16.229 9 ERROR ovsdbapp.backend.ovs_idl.command raise RowNotFound(table=table, col=column, match=match)
2026-04-27 22:17:16.229 9 ERROR ovsdbapp.backend.ovs_idl.command ovsdbapp.backend.ovs_idl.idlutils.RowNotFound: Cannot find Logical_Router_Port with name=lrp-aac1d7cb-dfc8-4f69-afcf-04184847d3b9
2026-04-27 22:17:16.229 9 ERROR ovsdbapp.backend.ovs_idl.command 
2026-04-27 22:17:16.230 9 ERROR neutron_lib.callbacks.manager [None req-93043f3e-d7db-44c4-ae26-cbfcfcc26b29 deb7f9436ba04777bdace9cc6d5bc8b0 815f3c67b503466886e031bf8324ba89 - - default default] Error during notification for neutron.services.ovn_l3.plugin.OVNL3RouterPlugin._port_update-8778383347430 port, after_update: ovsdbapp.backend.ovs_idl.idlutils.RowNotFound: Cannot find Logical_Router_Port with name=lrp-aac1d7cb-dfc8-4f69-afcf-04184847d3b9
2026-04-27 22:17:16.230 9 ERROR neutron_lib.callbacks.manager
Traceback (most recent call last):
2026-04-27 22:17:16.230 9 ERROR neutron_lib.callbacks.manager
File "/var/lib/openstack/lib/python3.10/site-packages/neutron_lib/callbacks/manager.py", line 189, in _notify_loop
2026-04-27 22:17:16.230 9 ERROR neutron_lib.callbacks.manager callback.method(resource, event, trigger, payload=payload)
2026-04-27 22:17:16.230 9 ERROR neutron_lib.callbacks.manager
File "/var/lib/openstack/lib/python3.10/site-packages/neutron/services/ovn_l3/plugin.py", line 391, in _port_update
2026-04-27 22:17:16.230 9 ERROR neutron_lib.callbacks.manager l3plugin._ovn_client.update_router_port(context,
2026-04-27 22:17:16.230 9 ERROR neutron_lib.callbacks.manager
File "/var/lib/openstack/lib/python3.10/site-packages/neutron/plugins/ml2/drivers/ovn/mech_driver/ovsdb/ovn_client.py", line 1878, in update_router_port
2026-04-27 22:17:16.230 9 ERROR neutron_lib.callbacks.manager self._update_lrouter_port(context, port, if_exists=if_exists,
2026-04-27 22:17:16.230 9 ERROR neutron_lib.callbacks.manager
File "/var/lib/openstack/lib/python3.10/site-packages/neutron/plugins/ml2/drivers/ovn/mech_driver/ovsdb/ovn_client.py", line 1855, in _update_lrouter_port
2026-04-27 22:17:16.230 9 ERROR neutron_lib.callbacks.manager external_ids = self._nb_idl.db_get(
2026-04-27 22:17:16.230 9 ERROR neutron_lib.callbacks.manager
File "/var/lib/openstack/lib/python3.10/site-packages/ovsdbapp/backend/ovs_idl/command.py", line 47, in execute
2026-04-27 22:17:16.230 9 ERROR neutron_lib.callbacks.manager self.run_idl(None)
2026-04-27 22:17:16.230 9 ERROR neutron_lib.callbacks.manager
File "/var/lib/openstack/lib/python3.10/site-packages/ovsdbapp/backend/ovs_idl/command.py", line 235, in run_idl
2026-04-27 22:17:16.230 9 ERROR neutron_lib.callbacks.manager record = self.api.lookup(self.table, self.record)
2026-04-27 22:17:16.230 9 ERROR neutron_lib.callbacks.manager
File "/var/lib/openstack/lib/python3.10/site-packages/ovsdbapp/backend/ovs_idl/__init__.py", line 184, in lookup
2026-04-27 22:17:16.230 9 ERROR neutron_lib.callbacks.manager return self._lookup(table, record)
2026-04-27 22:17:16.230 9 ERROR neutron_lib.callbacks.manager
File "/var/lib/openstack/lib/python3.10/site-packages/ovsdbapp/backend/ovs_idl/__init__.py", line 235, in _lookup
2026-04-27 22:17:16.230 9 ERROR neutron_lib.callbacks.manager row = idlutils.row_by_value(self, rl.table, rl.column, record)
2026-04-27 22:17:16.230 9 ERROR neutron_lib.callbacks.manager
File "/var/lib/openstack/lib/python3.10/site-packages/ovsdbapp/backend/ovs_idl/idlutils.py", line 114, in row_by_value
2026-04-27 22:17:16.230 9 ERROR neutron_lib.callbacks.manager raise RowNotFound(table=table, col=column, match=match)
2026-04-27 22:17:16.230 9 ERROR neutron_lib.callbacks.manager ovsdbapp.backend.ovs_idl.idlutils.RowNotFound: Cannot find Logical_Router_Port with name=lrp-aac1d7cb-dfc8-4f69-afcf-04184847d3b9
2026-04-27 22:17:16.230 9 ERROR neutron_lib.callbacks.manager 
2026-04-27 22:17:16.305 10 INFO neutron.wsgi [req-338d76e8-307e-49ef-a4f1-9cf260655d9e req-c0e5f34e-47a2-45fa-aca3-f34dfdfe833d 704a36a6de1240e18012a19f0f05f720 2f9b73de570f4c89af39e63d7cdb54cd - - 40fd682ceee84a83889ba67ab46e917c 40fd682ceee84a83889ba67ab46e917c] 199.204.45.250 "GET /v2.0/networks/7dc9a798-ad17-402b-9180-026e7077dec7?fields=segments HTTP/1.1" status: 200 len: 212 time: 0.0788035
2026-04-27 22:17:16.310 9 WARNING neutron.scheduler.dhcp_agent_scheduler [None req-8c9b5242-f212-47c1-aa62-6d6174d30855 71b731fcd95c43709e42184cf1e66fa6 3dbf2db2dc6b47c8b797a63ffc1636d1 - - default default] No more DHCP agents
2026-04-27 22:17:16.315 9 WARNING neutron.api.rpc.agentnotifiers.dhcp_rpc_agent_api [None req-8c9b5242-f212-47c1-aa62-6d6174d30855 71b731fcd95c43709e42184cf1e66fa6 3dbf2db2dc6b47c8b797a63ffc1636d1 - - default default] Unable to schedule network bfb9db3e-2800-4a13-96d4-8d71e14277de: no agents available; will retry on subsequent port and subnet creation events.
2026-04-27 22:17:16.383 10 INFO neutron.wsgi [req-338d76e8-307e-49ef-a4f1-9cf260655d9e req-0c5ac7c7-adc1-4782-b453-221f8b804d6a 704a36a6de1240e18012a19f0f05f720 2f9b73de570f4c89af39e63d7cdb54cd - - 40fd682ceee84a83889ba67ab46e917c 40fd682ceee84a83889ba67ab46e917c] 199.204.45.250 "GET /v2.0/networks/7dc9a798-ad17-402b-9180-026e7077dec7?fields=provider%3Aphysical_network&fields=provider%3Anetwork_type HTTP/1.1" status: 200 len: 277 time: 0.0736907
2026-04-27 22:17:16.447 9 INFO neutron.db.ovn_revision_numbers_db [None req-8c9b5242-f212-47c1-aa62-6d6174d30855 71b731fcd95c43709e42184cf1e66fa6 3dbf2db2dc6b47c8b797a63ffc1636d1 - - default default] Successfully bumped revision number for resource 2b6b32e8-9649-4c74-8398-ddbd476a2bec (type: ports) to 1
2026-04-27 22:17:16.459 10 INFO neutron.wsgi [req-d6c2f76a-bb53-47bd-ae52-e6433699a171 req-f80d5307-7748-4bcb-9793-e7ce7f70dc31 df0fd71f2cf743b0949ddcd5b8fb0aec cfbc6a6487de414aafbdadc94d7e7edb - - default default] 199.204.45.250 "GET /v2.0/ports?device_id=9eb82a4c-92ad-4b8e-b663-2a67f5af93a8&device_owner=compute%3Anova&fixed_ips=ip_address%3D10.100.0.13 HTTP/1.1" status: 200 len: 1352 time: 0.0568302
2026-04-27 22:17:16.544 9 INFO neutron.db.ovn_revision_numbers_db [None req-8c9b5242-f212-47c1-aa62-6d6174d30855 71b731fcd95c43709e42184cf1e66fa6 3dbf2db2dc6b47c8b797a63ffc1636d1 - - default default] Successfully bumped revision number for resource 72d74fc4-af87-46a3-9cff-d3307b0abc11 (type: networks) to 1
2026-04-27 22:17:16.551 10 INFO neutron.db.ovn_revision_numbers_db [None req-fc282113-b1fb-4d00-8310-4d11897e860e - - - - - -] Successfully bumped revision number for resource fe5ac501-921d-4230-832b-b3f3a3e356fd (type: router_ports) to 3
2026-04-27 22:17:16.593 9 INFO neutron.db.ovn_revision_numbers_db [None req-93043f3e-d7db-44c4-ae26-cbfcfcc26b29 deb7f9436ba04777bdace9cc6d5bc8b0 815f3c67b503466886e031bf8324ba89 - - default default] Successfully bumped revision number for resource aac1d7cb-dfc8-4f69-afcf-04184847d3b9 (type: ports) to 1
2026-04-27 22:17:16.698 9 WARNING neutron.scheduler.dhcp_agent_scheduler [None req-93043f3e-d7db-44c4-ae26-cbfcfcc26b29 deb7f9436ba04777bdace9cc6d5bc8b0 815f3c67b503466886e031bf8324ba89 - - default default] No more DHCP agents
2026-04-27 22:17:16.700 9 WARNING neutron.api.rpc.agentnotifiers.dhcp_rpc_agent_api [None req-93043f3e-d7db-44c4-ae26-cbfcfcc26b29 deb7f9436ba04777bdace9cc6d5bc8b0 815f3c67b503466886e031bf8324ba89 - - default default] Unable to schedule network 87d4a1a3-692e-49f1-9d51-44d131b00a1b: no agents available; will retry on subsequent port and subnet creation events.
2026-04-27 22:17:16.776 10 WARNING neutron_lib.context [None req-3085058e-c2f5-4a7a-af94-4e0a326f674a 9a28786a83004caea759142e112bd2a0 61757c2f7b3b4c35a8aa0aa13852c411 - - default default] Method 'is_advsvc' is deprecated since 2023.2 release (neutron-lib 3.8.0) and will be removed once support for the old RBAC API policies will be removed from Neutron. Please use method 'is_service_role' instead.
2026-04-27 22:17:16.777 10 WARNING neutron_lib.context [None req-3085058e-c2f5-4a7a-af94-4e0a326f674a 9a28786a83004caea759142e112bd2a0 61757c2f7b3b4c35a8aa0aa13852c411 - - default default] Method 'is_advsvc' is deprecated since 2023.2 release (neutron-lib 3.8.0) and will be removed once support for the old RBAC API policies will be removed from Neutron. Please use method 'is_service_role' instead.
2026-04-27 22:17:16.780 9 WARNING neutron.scheduler.dhcp_agent_scheduler [None req-8c9b5242-f212-47c1-aa62-6d6174d30855 71b731fcd95c43709e42184cf1e66fa6 3dbf2db2dc6b47c8b797a63ffc1636d1 - - default default] No more DHCP agents
2026-04-27 22:17:16.784 9 WARNING neutron.api.rpc.agentnotifiers.dhcp_rpc_agent_api [None req-8c9b5242-f212-47c1-aa62-6d6174d30855 71b731fcd95c43709e42184cf1e66fa6 3dbf2db2dc6b47c8b797a63ffc1636d1 - - default default] Unable to schedule network 72d74fc4-af87-46a3-9cff-d3307b0abc11: no agents available; will retry on subsequent port and subnet creation events.
2026-04-27 22:17:16.895 10 INFO neutron.db.ovn_revision_numbers_db [None req-fc282113-b1fb-4d00-8310-4d11897e860e - - - - - -] Successfully bumped revision number for resource fe5ac501-921d-4230-832b-b3f3a3e356fd (type: ports) to 2
2026-04-27 22:17:16.895 9 INFO neutron.db.ovn_revision_numbers_db [None req-8c9b5242-f212-47c1-aa62-6d6174d30855 71b731fcd95c43709e42184cf1e66fa6 3dbf2db2dc6b47c8b797a63ffc1636d1 - - default default] Successfully bumped revision number for resource c14b9e40-dd67-4b74-a503-770aad438beb (type: ports) to 1
2026-04-27 22:17:16.934 9 INFO neutron.wsgi [None req-8c9b5242-f212-47c1-aa62-6d6174d30855 71b731fcd95c43709e42184cf1e66fa6 3dbf2db2dc6b47c8b797a63ffc1636d1 - - default default] 10.0.0.63 "POST /v2.0/networks HTTP/1.1" status: 201 len: 1445 time: 2.0612466
2026-04-27 22:17:17.332 10 INFO neutron.wsgi [None req-75fe040c-5d40-4bbd-8384-10fe319855a7 71b731fcd95c43709e42184cf1e66fa6 3dbf2db2dc6b47c8b797a63ffc1636d1 - - default default] 10.0.0.63 "GET /v2.0/networks HTTP/1.1" status: 200 len: 2051 time: 0.3934228
2026-04-27 22:17:17.366 10 INFO neutron.db.ovn_revision_numbers_db [None req-3085058e-c2f5-4a7a-af94-4e0a326f674a 9a28786a83004caea759142e112bd2a0 61757c2f7b3b4c35a8aa0aa13852c411 - - default default] Successfully bumped revision number for resource 6c2f6abf-6fa9-445a-8bc7-cc2bae440fd8 (type: security_groups) to 1
2026-04-27 22:17:17.400 10 INFO neutron.db.ovn_revision_numbers_db [None req-3085058e-c2f5-4a7a-af94-4e0a326f674a 9a28786a83004caea759142e112bd2a0 61757c2f7b3b4c35a8aa0aa13852c411 - - default default] Successfully bumped revision number for resource 3996bb7b-4325-4259-94cb-f9ece07a38c1 (type: security_group_rules) to 0
2026-04-27 22:17:17.409 9 INFO neutron.db.ovn_revision_numbers_db [None req-93043f3e-d7db-44c4-ae26-cbfcfcc26b29 deb7f9436ba04777bdace9cc6d5bc8b0 815f3c67b503466886e031bf8324ba89 - - default default] Successfully bumped revision number for resource aac1d7cb-dfc8-4f69-afcf-04184847d3b9 (type: router_ports) to 1
2026-04-27 22:17:17.416 9 INFO neutron.wsgi [None req-93043f3e-d7db-44c4-ae26-cbfcfcc26b29 deb7f9436ba04777bdace9cc6d5bc8b0 815f3c67b503466886e031bf8324ba89 - - default default] 10.0.0.63 "PUT /v2.0/routers/f59dae0b-aed8-4fb4-bc1e-9fe921cd52c9/add_router_interface HTTP/1.1" status: 200 len: 503 time: 2.8077033
2026-04-27 22:17:17.427 10 INFO neutron.db.ovn_revision_numbers_db [None req-3085058e-c2f5-4a7a-af94-4e0a326f674a 9a28786a83004caea759142e112bd2a0 61757c2f7b3b4c35a8aa0aa13852c411 - - default default] Successfully bumped revision number for resource b64f15c4-ef36-44fe-b74e-59353e058da8 (type: security_group_rules) to 0
2026-04-27 22:17:17.460 10 INFO neutron.db.ovn_revision_numbers_db [None req-3085058e-c2f5-4a7a-af94-4e0a326f674a 9a28786a83004caea759142e112bd2a0 61757c2f7b3b4c35a8aa0aa13852c411 - - default default] Successfully bumped revision number for resource b6bce894-b369-4184-b6a0-4749ad2ae0bd (type: security_group_rules) to 0
2026-04-27 22:17:17.484 10 INFO neutron.db.ovn_revision_numbers_db [req-d6c2f76a-bb53-47bd-ae52-e6433699a171 req-5425beb8-5d60-4293-a065-552d3815862d df0fd71f2cf743b0949ddcd5b8fb0aec cfbc6a6487de414aafbdadc94d7e7edb - - default default] Successfully bumped revision number for resource c5eef504-8253-49a3-96df-cecabb1c8b3a (type: ports) to 6
2026-04-27 22:17:17.488 10 INFO neutron.db.ovn_revision_numbers_db [None req-3085058e-c2f5-4a7a-af94-4e0a326f674a 9a28786a83004caea759142e112bd2a0 61757c2f7b3b4c35a8aa0aa13852c411 - - default default] Successfully bumped revision number for resource d61d14b7-116e-40e1-8de8-510bde83cd72 (type: security_group_rules) to 0
2026-04-27 22:17:17.513 10 INFO neutron.wsgi [req-d6c2f76a-bb53-47bd-ae52-e6433699a171 req-5425beb8-5d60-4293-a065-552d3815862d df0fd71f2cf743b0949ddcd5b8fb0aec cfbc6a6487de414aafbdadc94d7e7edb - - default default] 199.204.45.250 "PUT /v2.0/ports/c5eef504-8253-49a3-96df-cecabb1c8b3a HTTP/1.1" status: 200 len: 1167 time: 1.0497172 /var/lib/openstack/lib/python3.10/site-packages/pycadf/identifier.py:71: UserWarning: Invalid uuid: neutron. To ensure interoperability, identifiers should be a valid uuid. warnings.warn(('Invalid uuid: %s. To ensure interoperability, '
2026-04-27 22:17:17.552 10 INFO neutron.notifiers.nova [-] Nova event matching ['req-fef882fd-0571-4b58-b6d7-cda0eadad51e'] response: {'name': 'network-changed', 'server_uuid': '9eb82a4c-92ad-4b8e-b663-2a67f5af93a8', 'tag': 'c5eef504-8253-49a3-96df-cecabb1c8b3a', 'status': 'completed', 'code': 200}
2026-04-27 22:17:17.592 10 INFO neutron.wsgi [req-d6c2f76a-bb53-47bd-ae52-e6433699a171 req-8f5ec369-276b-4a1d-bf7e-28327d6c9430 704a36a6de1240e18012a19f0f05f720 2f9b73de570f4c89af39e63d7cdb54cd - - 40fd682ceee84a83889ba67ab46e917c 40fd682ceee84a83889ba67ab46e917c] 199.204.45.250 "GET /v2.0/ports?tenant_id=cfbc6a6487de414aafbdadc94d7e7edb&device_id=9eb82a4c-92ad-4b8e-b663-2a67f5af93a8 HTTP/1.1" status: 200 len: 1409 time: 0.0552905
2026-04-27 22:17:17.635 10 INFO neutron.db.segments_db [None req-3085058e-c2f5-4a7a-af94-4e0a326f674a 9a28786a83004caea759142e112bd2a0 61757c2f7b3b4c35a8aa0aa13852c411 - - default default] Added segment 1d830476-fd06-4734-a890-68fcf91b1acb of type geneve for network 3584521a-dfe7-4b82-9f18-9bfd97b0c5b9
2026-04-27 22:17:17.730 10 INFO neutron.plugins.ml2.drivers.ovn.mech_driver.mech_driver [None req-e5eb291a-3077-41b0-9386-e75f14f0bea9 - - - - - -] OVN reports status up for port: aac1d7cb-dfc8-4f69-afcf-04184847d3b9
2026-04-27 22:17:17.737 9 INFO neutron.services.segments.plugin [-] Segment bd626671-4eea-4d23-b86e-bdb69ec603d4 resource provider aggregate not found
2026-04-27 22:17:17.752 9 INFO neutron.services.segments.plugin [-] Segment bd626671-4eea-4d23-b86e-bdb69ec603d4 resource provider aggregate not found
2026-04-27 22:17:17.753 10 INFO neutron.wsgi [req-d6c2f76a-bb53-47bd-ae52-e6433699a171 req-b9a10cb1-2146-4aea-a42a-7de381e596d8 704a36a6de1240e18012a19f0f05f720 2f9b73de570f4c89af39e63d7cdb54cd - - 40fd682ceee84a83889ba67ab46e917c 40fd682ceee84a83889ba67ab46e917c] 199.204.45.250 "GET /v2.0/networks?id=7dc9a798-ad17-402b-9180-026e7077dec7 HTTP/1.1" status: 200 len: 982 time: 0.1553321
2026-04-27 22:17:17.756 9 INFO neutron.services.segments.plugin [-] Segment bd626671-4eea-4d23-b86e-bdb69ec603d4 resource provider not found; error: Placement Client Error (4xx): {"errors": [{"status": 404, "title": "Not Found", "detail": "The resource could not be found.\n\n No resource provider with uuid bd626671-4eea-4d23-b86e-bdb69ec603d4 found for delete ", "request_id": "req-6d932e7b-51da-4398-abea-9d2a6a85eb82"}]}
2026-04-27 22:17:17.759 10 INFO neutron.plugins.ml2.plugin [None req-e5eb291a-3077-41b0-9386-e75f14f0bea9 - - - - - -] Attempt 1 to provision port aac1d7cb-dfc8-4f69-afcf-04184847d3b9
2026-04-27 22:17:17.769 9 INFO neutron.services.segments.plugin [-] Segment bd626671-4eea-4d23-b86e-bdb69ec603d4 resource provider not found; error: Placement Client Error (4xx): {"errors": [{"status": 404, "title": "Not Found", "detail": "The resource could not be found.\n\n No resource provider with uuid bd626671-4eea-4d23-b86e-bdb69ec603d4 found for delete ", "request_id": "req-f2bbceff-f86b-4060-9593-ae19024c7f64"}]}
2026-04-27 22:17:17.784 9 INFO neutron.wsgi [None req-819fe204-59c0-4a9f-aa7b-d452182f21c0 71b731fcd95c43709e42184cf1e66fa6 3dbf2db2dc6b47c8b797a63ffc1636d1 - - default default] 10.0.0.63 "DELETE /v2.0/networks/bfb9db3e-2800-4a13-96d4-8d71e14277de HTTP/1.1" status: 204 len: 168 time: 0.4445677
2026-04-27 22:17:17.907 10 INFO neutron.wsgi [req-d6c2f76a-bb53-47bd-ae52-e6433699a171 req-0d969ed5-b119-4b4d-b722-8a7753fc34ca 704a36a6de1240e18012a19f0f05f720 2f9b73de570f4c89af39e63d7cdb54cd - - 40fd682ceee84a83889ba67ab46e917c 40fd682ceee84a83889ba67ab46e917c] 199.204.45.250 "GET /v2.0/floatingips?fixed_ip_address=10.100.0.7&port_id=c5eef504-8253-49a3-96df-cecabb1c8b3a HTTP/1.1" status: 200 len: 1059 time: 0.1283398
2026-04-27 22:17:17.912 10 INFO neutron.db.segments_db [None req-3085058e-c2f5-4a7a-af94-4e0a326f674a 9a28786a83004caea759142e112bd2a0 61757c2f7b3b4c35a8aa0aa13852c411 - - default default] Added segment 190799de-f2c2-4c8a-895b-e50221247e07 of type geneve for network ff05a6c1-7408-4913-9590-1b21f5ea0442
2026-04-27 22:17:18.005 10 INFO neutron.wsgi [req-d6c2f76a-bb53-47bd-ae52-e6433699a171 req-30a82c25-5c7d-42ee-a655-80705c711c40 704a36a6de1240e18012a19f0f05f720 2f9b73de570f4c89af39e63d7cdb54cd - - 40fd682ceee84a83889ba67ab46e917c 40fd682ceee84a83889ba67ab46e917c] 199.204.45.250 "GET /v2.0/subnets?id=5ac7c087-05a6-4e41-8381-0e6933d30821 HTTP/1.1" status: 200 len: 877 time: 0.0905733
2026-04-27 22:17:18.012 10 INFO neutron.db.ovn_revision_numbers_db [None req-fc282113-b1fb-4d00-8310-4d11897e860e - - - - - -] Successfully bumped revision number for resource fe5ac501-921d-4230-832b-b3f3a3e356fd (type: ports) to 4
2026-04-27 22:17:18.027 9 WARNING neutron_lib.context [None req-e154758c-3089-49d5-80ab-a202f34fe219 88bd2c6eb8764627aa7b7a32d3de9596 46ca02a7f12d4b86ac0ad5deb5a984d1 - - default default] Method 'is_advsvc' is deprecated since 2023.2 release (neutron-lib 3.8.0) and will be removed once support for the old RBAC API policies will be removed from Neutron. Please use method 'is_service_role' instead.
2026-04-27 22:17:18.056 10 INFO neutron.wsgi [req-d6c2f76a-bb53-47bd-ae52-e6433699a171 req-0485ab53-7966-4270-8d2e-d33364f30374 704a36a6de1240e18012a19f0f05f720 2f9b73de570f4c89af39e63d7cdb54cd - - 40fd682ceee84a83889ba67ab46e917c 40fd682ceee84a83889ba67ab46e917c] 199.204.45.250 "GET /v2.0/ports?network_id=7dc9a798-ad17-402b-9180-026e7077dec7&device_owner=network%3Adhcp HTTP/1.1" status: 200 len: 210 time: 0.0426476
2026-04-27 22:17:18.146 9 INFO neutron.db.ovn_revision_numbers_db [None req-e154758c-3089-49d5-80ab-a202f34fe219 88bd2c6eb8764627aa7b7a32d3de9596 46ca02a7f12d4b86ac0ad5deb5a984d1 - - default default] Successfully bumped revision number for resource 36640650-b5c6-4258-b682-0462597ba61c (type: security_groups) to 1
2026-04-27 22:17:18.163 9 INFO neutron.db.ovn_revision_numbers_db [None req-e154758c-3089-49d5-80ab-a202f34fe219 88bd2c6eb8764627aa7b7a32d3de9596 46ca02a7f12d4b86ac0ad5deb5a984d1 - - default default] Successfully bumped revision number for resource 223f3963-39c3-41d0-953b-76991d7d5db8 (type: security_group_rules) to 0
2026-04-27 22:17:18.177 9 INFO neutron.db.ovn_revision_numbers_db [None req-e154758c-3089-49d5-80ab-a202f34fe219 88bd2c6eb8764627aa7b7a32d3de9596 46ca02a7f12d4b86ac0ad5deb5a984d1 - - default default] Successfully bumped revision number for resource 8473ab7e-827c-4f3a-9ff4-fa2522070d8a (type: security_group_rules) to 0
2026-04-27 22:17:18.198 9 INFO neutron.wsgi [None req-e154758c-3089-49d5-80ab-a202f34fe219 88bd2c6eb8764627aa7b7a32d3de9596 46ca02a7f12d4b86ac0ad5deb5a984d1 - - default default] 10.0.0.63 "POST /v2.0/security-groups HTTP/1.1" status: 201 len: 1861 time: 0.1754348
2026-04-27 22:17:18.207 9 WARNING neutron_lib.context [None req-99aa54d8-bc07-43fc-b397-f152d5a69a5a 88bd2c6eb8764627aa7b7a32d3de9596 46ca02a7f12d4b86ac0ad5deb5a984d1 - - default default] Method 'is_advsvc' is deprecated since 2023.2 release (neutron-lib 3.8.0) and will be removed once support for the old RBAC API policies will be removed from Neutron. Please use method 'is_service_role' instead.
2026-04-27 22:17:18.282 10 INFO neutron.wsgi [req-d6c2f76a-bb53-47bd-ae52-e6433699a171 req-19d6670c-3194-4343-8737-6a698df2e2c0 704a36a6de1240e18012a19f0f05f720 2f9b73de570f4c89af39e63d7cdb54cd - - 40fd682ceee84a83889ba67ab46e917c 40fd682ceee84a83889ba67ab46e917c] 199.204.45.250 "GET /v2.0/networks/7dc9a798-ad17-402b-9180-026e7077dec7?fields=segments HTTP/1.1" status: 200 len: 212 time: 0.2169902
2026-04-27 22:17:18.339 9 INFO neutron.db.ovn_revision_numbers_db [None req-99aa54d8-bc07-43fc-b397-f152d5a69a5a 88bd2c6eb8764627aa7b7a32d3de9596 46ca02a7f12d4b86ac0ad5deb5a984d1 - - default default] Successfully bumped revision number for resource 2e5705a6-17e4-416d-87ac-cfe447788f9f (type: security_group_rules) to 0
2026-04-27 22:17:18.365 9 INFO neutron.wsgi [None req-99aa54d8-bc07-43fc-b397-f152d5a69a5a 88bd2c6eb8764627aa7b7a32d3de9596 46ca02a7f12d4b86ac0ad5deb5a984d1 - - default default] 10.0.0.63 "POST /v2.0/security-group-rules HTTP/1.1" status: 201 len: 796 time: 0.1623814
2026-04-27 22:17:18.376 9 WARNING neutron_lib.context [None req-506ffcd4-4616-4e19-98b0-c2fbf7b6de4f 88bd2c6eb8764627aa7b7a32d3de9596 46ca02a7f12d4b86ac0ad5deb5a984d1 - - default default] Method 'is_advsvc' is deprecated since 2023.2 release (neutron-lib 3.8.0) and will be removed once support for the old RBAC API policies will be removed from Neutron. Please use method 'is_service_role' instead.
2026-04-27 22:17:18.515 9 INFO neutron.db.ovn_revision_numbers_db [None req-506ffcd4-4616-4e19-98b0-c2fbf7b6de4f 88bd2c6eb8764627aa7b7a32d3de9596 46ca02a7f12d4b86ac0ad5deb5a984d1 - - default default] Successfully bumped revision number for resource e840dad2-8a0b-48ec-9f5d-930cbba395f1 (type: security_group_rules) to 0
2026-04-27 22:17:18.555 9 INFO neutron.wsgi [None req-506ffcd4-4616-4e19-98b0-c2fbf7b6de4f 88bd2c6eb8764627aa7b7a32d3de9596 46ca02a7f12d4b86ac0ad5deb5a984d1 - - default default] 10.0.0.63 "POST /v2.0/security-group-rules HTTP/1.1" status: 201 len: 801 time: 0.1827970
2026-04-27 22:17:18.557 10 INFO neutron.db.ovn_revision_numbers_db [None req-3085058e-c2f5-4a7a-af94-4e0a326f674a 9a28786a83004caea759142e112bd2a0 61757c2f7b3b4c35a8aa0aa13852c411 - - default default] Successfully bumped revision number for resource 3584521a-dfe7-4b82-9f18-9bfd97b0c5b9 (type: networks) to 1
2026-04-27 22:17:18.565 9 WARNING neutron_lib.context [None req-9f19e931-8916-40cf-b109-f7346900212b 88bd2c6eb8764627aa7b7a32d3de9596 46ca02a7f12d4b86ac0ad5deb5a984d1 - - default default] Method 'is_advsvc' is deprecated since 2023.2 release (neutron-lib 3.8.0) and will be removed once support for the old RBAC API policies will be removed from Neutron. Please use method 'is_service_role' instead.
2026-04-27 22:17:18.692 10 INFO neutron.wsgi [req-d6c2f76a-bb53-47bd-ae52-e6433699a171 req-eb41f94e-ff6b-4f0e-94ac-ab24562abed3 704a36a6de1240e18012a19f0f05f720 2f9b73de570f4c89af39e63d7cdb54cd - - 40fd682ceee84a83889ba67ab46e917c 40fd682ceee84a83889ba67ab46e917c] 199.204.45.250 "GET /v2.0/networks/7dc9a798-ad17-402b-9180-026e7077dec7?fields=provider%3Aphysical_network&fields=provider%3Anetwork_type HTTP/1.1" status: 200 len: 277 time: 0.3910575
2026-04-27 22:17:18.830 9 WARNING neutron.scheduler.dhcp_agent_scheduler [None req-9f19e931-8916-40cf-b109-f7346900212b 88bd2c6eb8764627aa7b7a32d3de9596 46ca02a7f12d4b86ac0ad5deb5a984d1 - - default default] No more DHCP agents
2026-04-27 22:17:18.832 9 WARNING neutron.api.rpc.agentnotifiers.dhcp_rpc_agent_api [None req-9f19e931-8916-40cf-b109-f7346900212b 88bd2c6eb8764627aa7b7a32d3de9596 46ca02a7f12d4b86ac0ad5deb5a984d1 - - default default] Unable to schedule network 20ee4d84-be3b-4f8e-8c40-e21ddfc8e124: no agents available; will retry on subsequent port and subnet creation events.
2026-04-27 22:17:18.845 10 INFO neutron.wsgi [req-fcd906c0-9135-4cbd-a498-2434f0f1c57b req-1648c6ec-ce22-4ef9-b042-83142a787f9d 704a36a6de1240e18012a19f0f05f720 2f9b73de570f4c89af39e63d7cdb54cd - - 40fd682ceee84a83889ba67ab46e917c 40fd682ceee84a83889ba67ab46e917c] 199.204.45.250 "GET /v2.0/ports?tenant_id=cfbc6a6487de414aafbdadc94d7e7edb&device_id=9eb82a4c-92ad-4b8e-b663-2a67f5af93a8 HTTP/1.1" status: 200 len: 1409 time: 0.0940957
2026-04-27 22:17:19.051 10 INFO neutron.wsgi [req-fcd906c0-9135-4cbd-a498-2434f0f1c57b req-19f8ff42-d8de-4532-8e81-8ecfd609068d 704a36a6de1240e18012a19f0f05f720 2f9b73de570f4c89af39e63d7cdb54cd - - 40fd682ceee84a83889ba67ab46e917c 40fd682ceee84a83889ba67ab46e917c] 199.204.45.250 "GET /v2.0/networks?id=7dc9a798-ad17-402b-9180-026e7077dec7 HTTP/1.1" status: 200 len: 982 time: 0.1966975
2026-04-27 22:17:19.112 10 INFO neutron.db.ovn_revision_numbers_db [None req-fc282113-b1fb-4d00-8310-4d11897e860e - - - - - -] Successfully bumped revision number for resource fe5ac501-921d-4230-832b-b3f3a3e356fd (type: router_ports) to 4
2026-04-27 22:17:19.115 10 WARNING neutron.scheduler.dhcp_agent_scheduler [None req-3085058e-c2f5-4a7a-af94-4e0a326f674a 9a28786a83004caea759142e112bd2a0 61757c2f7b3b4c35a8aa0aa13852c411 - - default default] No more DHCP agents
2026-04-27 22:17:19.127 10 WARNING neutron.api.rpc.agentnotifiers.dhcp_rpc_agent_api [None req-3085058e-c2f5-4a7a-af94-4e0a326f674a 9a28786a83004caea759142e112bd2a0 61757c2f7b3b4c35a8aa0aa13852c411 - - default default] Unable to schedule network 3584521a-dfe7-4b82-9f18-9bfd97b0c5b9: no agents available; will retry on subsequent port and subnet creation events.
2026-04-27 22:17:19.133 9 INFO neutron.wsgi [None req-9f19e931-8916-40cf-b109-f7346900212b 88bd2c6eb8764627aa7b7a32d3de9596 46ca02a7f12d4b86ac0ad5deb5a984d1 - - default default] 10.0.0.63 "POST /v2.0/floatingips HTTP/1.1" status: 201 len: 751 time: 0.5738716
2026-04-27 22:17:19.223 10 INFO neutron.wsgi [req-fcd906c0-9135-4cbd-a498-2434f0f1c57b req-afcc6482-2e4f-4fd7-ad03-90f87eda91e2 704a36a6de1240e18012a19f0f05f720 2f9b73de570f4c89af39e63d7cdb54cd - - 40fd682ceee84a83889ba67ab46e917c 40fd682ceee84a83889ba67ab46e917c] 199.204.45.250 "GET /v2.0/floatingips?fixed_ip_address=10.100.0.7&port_id=c5eef504-8253-49a3-96df-cecabb1c8b3a HTTP/1.1" status: 200 len: 1059 time: 0.1612716
2026-04-27 22:17:19.225 10 INFO neutron.services.segments.plugin [-] Segment 25c02a3f-22f1-439f-8f27-9180c653d226 resource provider aggregate not found
2026-04-27 22:17:19.230 10 INFO neutron.services.segments.plugin [-] Segment 25c02a3f-22f1-439f-8f27-9180c653d226 resource provider aggregate not found
2026-04-27 22:17:19.261 10 INFO neutron.services.segments.plugin [-] Segment 25c02a3f-22f1-439f-8f27-9180c653d226 resource provider not found; error: Placement Client Error (4xx): {"errors": [{"status": 404, "title": "Not Found", "detail": "The resource could not be found.\n\n No resource provider with uuid 25c02a3f-22f1-439f-8f27-9180c653d226 found for delete ", "request_id": "req-5506caa0-3760-4988-93cb-6d16aed36f56"}]}
2026-04-27 22:17:19.261 10 INFO neutron.services.segments.plugin [-] Segment 25c02a3f-22f1-439f-8f27-9180c653d226 resource provider not found; error: Placement Client Error (4xx): {"errors": [{"status": 404, "title": "Not Found", "detail": "The resource could not be found.\n\n No resource provider with uuid 25c02a3f-22f1-439f-8f27-9180c653d226 found for delete ", "request_id": "req-b7c4dc79-73fe-4f34-9b96-45b488fc8391"}]}
2026-04-27 22:17:19.302 10 INFO neutron.wsgi [req-fcd906c0-9135-4cbd-a498-2434f0f1c57b req-e6830049-8bec-46b3-9a32-3f54688d3cdd 704a36a6de1240e18012a19f0f05f720 2f9b73de570f4c89af39e63d7cdb54cd - - 40fd682ceee84a83889ba67ab46e917c 40fd682ceee84a83889ba67ab46e917c] 199.204.45.250 "GET /v2.0/subnets?id=5ac7c087-05a6-4e41-8381-0e6933d30821 HTTP/1.1" status: 200 len: 877 time: 0.0727596
2026-04-27 22:17:19.318 10 INFO neutron.wsgi [None req-fea3f2cd-174e-441b-a292-07e98b149ad1 71b731fcd95c43709e42184cf1e66fa6 3dbf2db2dc6b47c8b797a63ffc1636d1 - - default default] 10.0.0.63 "DELETE /v2.0/networks/72d74fc4-af87-46a3-9cff-d3307b0abc11 HTTP/1.1" status: 204 len: 168 time: 1.5251174
2026-04-27 22:17:19.333 10 INFO neutron.db.ovn_revision_numbers_db [None req-e5eb291a-3077-41b0-9386-e75f14f0bea9 - - - - - -] Successfully bumped revision number for resource aac1d7cb-dfc8-4f69-afcf-04184847d3b9 (type: ports) to 2
2026-04-27 22:17:19.347 10 INFO neutron.wsgi [req-fcd906c0-9135-4cbd-a498-2434f0f1c57b req-6ac5c1cc-b1eb-4546-89f1-c12d9d0727af 704a36a6de1240e18012a19f0f05f720 2f9b73de570f4c89af39e63d7cdb54cd - - 40fd682ceee84a83889ba67ab46e917c 40fd682ceee84a83889ba67ab46e917c] 199.204.45.250 "GET /v2.0/ports?network_id=7dc9a798-ad17-402b-9180-026e7077dec7&device_owner=network%3Adhcp HTTP/1.1" status: 200 len: 210 time: 0.0343947
2026-04-27 22:17:19.420 10 INFO neutron.db.ovn_revision_numbers_db [None req-3085058e-c2f5-4a7a-af94-4e0a326f674a 9a28786a83004caea759142e112bd2a0 61757c2f7b3b4c35a8aa0aa13852c411 - - default default] Successfully bumped revision number for resource 26771b73-2d6a-4a3b-b14c-2fd61ef62ee4 (type: ports) to 1
2026-04-27 22:17:19.481 10 INFO neutron.wsgi [req-fcd906c0-9135-4cbd-a498-2434f0f1c57b req-16dc9619-b738-4752-930e-f311630c7ab3 704a36a6de1240e18012a19f0f05f720 2f9b73de570f4c89af39e63d7cdb54cd - - 40fd682ceee84a83889ba67ab46e917c 40fd682ceee84a83889ba67ab46e917c] 199.204.45.250 "GET /v2.0/networks/7dc9a798-ad17-402b-9180-026e7077dec7?fields=segments HTTP/1.1" status: 200 len: 212 time: 0.1238251
2026-04-27 22:17:19.572 10 INFO neutron.db.ovn_revision_numbers_db [None req-3085058e-c2f5-4a7a-af94-4e0a326f674a 9a28786a83004caea759142e112bd2a0 61757c2f7b3b4c35a8aa0aa13852c411 - - default default] Successfully bumped revision number for resource ff05a6c1-7408-4913-9590-1b21f5ea0442 (type: networks) to 1
2026-04-27 22:17:19.655 9 INFO neutron.wsgi [None req-26717f32-8209-406b-bd1e-4fa28e3678f5 71b731fcd95c43709e42184cf1e66fa6 3dbf2db2dc6b47c8b797a63ffc1636d1 - - default default] 10.0.0.63 "GET /v2.0/networks HTTP/1.1" status: 200 len: 845 time: 0.3199751
2026-04-27 22:17:19.674 9 WARNING neutron_lib.context [None req-24c23709-e6d3-489b-821a-cc954a50b5fa 71b731fcd95c43709e42184cf1e66fa6 3dbf2db2dc6b47c8b797a63ffc1636d1 - - default default] Method 'is_advsvc' is deprecated since 2023.2 release (neutron-lib 3.8.0) and will be removed once support for the old RBAC API policies will be removed from Neutron. Please use method 'is_service_role' instead.
2026-04-27 22:17:19.784 9 INFO neutron.db.segments_db [None req-24c23709-e6d3-489b-821a-cc954a50b5fa 71b731fcd95c43709e42184cf1e66fa6 3dbf2db2dc6b47c8b797a63ffc1636d1 - - default default] Added segment 7e631644-ffe0-40d4-9306-336159cdf4d7 of type geneve for network e94db939-f716-4d4d-b62d-b1a86f4540d7
2026-04-27 22:17:19.854 10 INFO neutron.wsgi [req-fcd906c0-9135-4cbd-a498-2434f0f1c57b req-a0b4742f-df52-405a-9bb9-2e528b918186 704a36a6de1240e18012a19f0f05f720 2f9b73de570f4c89af39e63d7cdb54cd - - 40fd682ceee84a83889ba67ab46e917c 40fd682ceee84a83889ba67ab46e917c] 199.204.45.250 "GET /v2.0/networks/7dc9a798-ad17-402b-9180-026e7077dec7?fields=provider%3Aphysical_network&fields=provider%3Anetwork_type HTTP/1.1" status: 200 len: 277 time: 0.3603492
2026-04-27 22:17:19.869 10 INFO neutron.wsgi [req-907c686b-8a64-433e-9d37-a58ca1bff595 req-5b9afb6d-0fdf-41cd-ab36-f73b9729c9cc 88bd2c6eb8764627aa7b7a32d3de9596 46ca02a7f12d4b86ac0ad5deb5a984d1 - - default default] 10.0.0.182 "GET /v2.0/security-groups?name=tempest-securitygroup--1012456928&fields=id&tenant_id=46ca02a7f12d4b86ac0ad5deb5a984d1 HTTP/1.1" status: 200 len: 267 time: 0.3358319
2026-04-27 22:17:19.923 10 INFO neutron.db.ovn_revision_numbers_db [None req-e5eb291a-3077-41b0-9386-e75f14f0bea9 - - - - - -] Successfully bumped revision number for resource aac1d7cb-dfc8-4f69-afcf-04184847d3b9 (type: router_ports) to 2
2026-04-27 22:17:19.930 9 INFO neutron.db.ovn_revision_numbers_db [None req-24c23709-e6d3-489b-821a-cc954a50b5fa 71b731fcd95c43709e42184cf1e66fa6 3dbf2db2dc6b47c8b797a63ffc1636d1 - - default default] Successfully bumped revision number for resource e94db939-f716-4d4d-b62d-b1a86f4540d7 (type: networks) to 1
2026-04-27 22:17:20.110 10 INFO neutron.wsgi [req-907c686b-8a64-433e-9d37-a58ca1bff595 req-74b6cc12-78c1-4231-a976-b6e0a2ed7457 88bd2c6eb8764627aa7b7a32d3de9596 46ca02a7f12d4b86ac0ad5deb5a984d1 - - default default] 10.0.0.182 "GET /v2.0/networks?id=87d4a1a3-692e-49f1-9d51-44d131b00a1b HTTP/1.1" status: 200 len: 869 time: 0.2230830
2026-04-27 22:17:20.139 10 INFO neutron.wsgi [req-a49ba9f1-7ecf-401a-8452-4fd9c187b5e1 req-c8292a2c-b051-4bdd-9acc-bf33256901ce df0fd71f2cf743b0949ddcd5b8fb0aec cfbc6a6487de414aafbdadc94d7e7edb - - default default] 10.0.0.182 "GET /v2.0/ports?device_id=9eb82a4c-92ad-4b8e-b663-2a67f5af93a8 HTTP/1.1" status: 200 len: 1170 time: 0.3363304
2026-04-27 22:17:20.177 9 WARNING neutron.scheduler.dhcp_agent_scheduler [None req-24c23709-e6d3-489b-821a-cc954a50b5fa 71b731fcd95c43709e42184cf1e66fa6 3dbf2db2dc6b47c8b797a63ffc1636d1 - - default default] No more DHCP agents
2026-04-27 22:17:20.179 9 WARNING neutron.api.rpc.agentnotifiers.dhcp_rpc_agent_api [None req-24c23709-e6d3-489b-821a-cc954a50b5fa 71b731fcd95c43709e42184cf1e66fa6 3dbf2db2dc6b47c8b797a63ffc1636d1 - - default default] Unable to schedule network e94db939-f716-4d4d-b62d-b1a86f4540d7: no agents available; will retry on subsequent port and subnet creation events.
2026-04-27 22:17:20.182 10 INFO neutron.wsgi [req-907c686b-8a64-433e-9d37-a58ca1bff595 req-2c1c01c7-c372-4b67-806b-40cd9a72d857 88bd2c6eb8764627aa7b7a32d3de9596 46ca02a7f12d4b86ac0ad5deb5a984d1 - - default default] 10.0.0.182 "GET /v2.0/quotas/46ca02a7f12d4b86ac0ad5deb5a984d1 HTTP/1.1" status: 200 len: 491 time: 0.0577548
2026-04-27 22:17:20.264 9 INFO neutron.db.ovn_revision_numbers_db [None req-24c23709-e6d3-489b-821a-cc954a50b5fa 71b731fcd95c43709e42184cf1e66fa6 3dbf2db2dc6b47c8b797a63ffc1636d1 - - default default] Successfully bumped revision number for resource 037afeef-64db-4245-a1cf-a118db27a87e (type: ports) to 1
2026-04-27 22:17:20.270 10 INFO neutron.wsgi [req-c4d52119-1906-44e8-99f7-caedb50d7573 req-0bc6c067-6991-41e0-8523-f3b507debc01 df0fd71f2cf743b0949ddcd5b8fb0aec cfbc6a6487de414aafbdadc94d7e7edb - - default default] 199.204.45.250 "GET /v2.0/ports?device_id=9eb82a4c-92ad-4b8e-b663-2a67f5af93a8 HTTP/1.1" status: 200 len: 1170 time: 0.3043411
2026-04-27 22:17:20.288 9 INFO neutron.wsgi [None req-24c23709-e6d3-489b-821a-cc954a50b5fa 71b731fcd95c43709e42184cf1e66fa6 3dbf2db2dc6b47c8b797a63ffc1636d1 - - default default] 10.0.0.63 "POST /v2.0/networks HTTP/1.1" status: 201 len: 849 time: 0.6213014
2026-04-27 22:17:20.289 10 INFO neutron.wsgi [req-a49ba9f1-7ecf-401a-8452-4fd9c187b5e1 req-f327aab2-aa42-426c-9b51-ee1b32278318 df0fd71f2cf743b0949ddcd5b8fb0aec cfbc6a6487de414aafbdadc94d7e7edb - - default default] 10.0.0.182 "GET /v2.0/security-groups?id=3c27650f-4a49-4c21-a7b9-6375d830e654&fields=id&fields=name HTTP/1.1" status: 200 len: 313 time: 0.1417844
2026-04-27 22:17:20.300 9 WARNING neutron_lib.context [None req-cd31b807-1d6a-4911-b655-5a1079a746a4 71b731fcd95c43709e42184cf1e66fa6 3dbf2db2dc6b47c8b797a63ffc1636d1 - - default default] Method 'is_advsvc' is deprecated since 2023.2 release (neutron-lib 3.8.0) and will be removed once support for the old RBAC API policies will be removed from Neutron. Please use method 'is_service_role' instead.
2026-04-27 22:17:20.346 10 WARNING neutron.scheduler.dhcp_agent_scheduler [None req-3085058e-c2f5-4a7a-af94-4e0a326f674a 9a28786a83004caea759142e112bd2a0 61757c2f7b3b4c35a8aa0aa13852c411 - - default default] No more DHCP agents
2026-04-27 22:17:20.353 10 WARNING neutron.api.rpc.agentnotifiers.dhcp_rpc_agent_api [None req-3085058e-c2f5-4a7a-af94-4e0a326f674a 9a28786a83004caea759142e112bd2a0 61757c2f7b3b4c35a8aa0aa13852c411 - - default default] Unable to schedule network ff05a6c1-7408-4913-9590-1b21f5ea0442: no agents available; will retry on subsequent port and subnet creation events.
2026-04-27 22:17:20.370 10 INFO neutron.wsgi [req-907c686b-8a64-433e-9d37-a58ca1bff595 req-40b82da8-8407-447c-b056-5c310387d16f 88bd2c6eb8764627aa7b7a32d3de9596 46ca02a7f12d4b86ac0ad5deb5a984d1 - - default default] 10.0.0.182 "GET /v2.0/ports?tenant_id=46ca02a7f12d4b86ac0ad5deb5a984d1&fields=id HTTP/1.1" status: 200 len: 302 time: 0.1815403
2026-04-27 22:17:20.395 9 INFO neutron.db.segments_db [None req-cd31b807-1d6a-4911-b655-5a1079a746a4 71b731fcd95c43709e42184cf1e66fa6 3dbf2db2dc6b47c8b797a63ffc1636d1 - - default default] Added segment 607ceeb9-a295-4f4d-897a-8f630b604c66 of type geneve for network f5d0f49d-2636-4261-a480-bcda21774844
2026-04-27 22:17:20.493 10 INFO neutron.wsgi [req-907c686b-8a64-433e-9d37-a58ca1bff595 req-3fce9c61-2bfb-415f-8c5d-677b847b0233 704a36a6de1240e18012a19f0f05f720 2f9b73de570f4c89af39e63d7cdb54cd - - 40fd682ceee84a83889ba67ab46e917c 40fd682ceee84a83889ba67ab46e917c] 10.0.0.182 "GET /v2.0/networks/87d4a1a3-692e-49f1-9d51-44d131b00a1b?fields=segments HTTP/1.1" status: 200 len: 212 time: 0.1034093
2026-04-27 22:17:20.527 10 INFO neutron.db.ovn_revision_numbers_db [None req-3085058e-c2f5-4a7a-af94-4e0a326f674a 9a28786a83004caea759142e112bd2a0 61757c2f7b3b4c35a8aa0aa13852c411 - - default default] Successfully bumped revision number for resource 573d64c4-fcbf-4046-a118-be4bf0b19e1c (type: ports) to 1
2026-04-27 22:17:20.547 9 INFO neutron.db.ovn_revision_numbers_db [None req-cd31b807-1d6a-4911-b655-5a1079a746a4 71b731fcd95c43709e42184cf1e66fa6 3dbf2db2dc6b47c8b797a63ffc1636d1 - - default default] Successfully bumped revision number for resource f5d0f49d-2636-4261-a480-bcda21774844 (type: networks) to 1
2026-04-27 22:17:20.591 10 INFO neutron.wsgi [None req-3085058e-c2f5-4a7a-af94-4e0a326f674a 9a28786a83004caea759142e112bd2a0 61757c2f7b3b4c35a8aa0aa13852c411 - - default default] 10.0.0.63 "POST /v2.0/networks HTTP/1.1" status: 201 len: 1444 time: 3.9989302
2026-04-27 22:17:20.643 10 INFO neutron.wsgi [req-907c686b-8a64-433e-9d37-a58ca1bff595 req-b8fd73ce-fd99-4933-bb11-370fc0611567 704a36a6de1240e18012a19f0f05f720 2f9b73de570f4c89af39e63d7cdb54cd - - 40fd682ceee84a83889ba67ab46e917c 40fd682ceee84a83889ba67ab46e917c] 10.0.0.182 "GET /v2.0/networks/87d4a1a3-692e-49f1-9d51-44d131b00a1b?fields=provider%3Aphysical_network&fields=provider%3Anetwork_type HTTP/1.1" status: 200 len: 277 time: 0.1397154
