2026-04-27 22:19:39.769 9 INFO neutron.db.ovn_revision_numbers_db [None req-89dafcae-7b12-4204-a9e8-dcdf90e8920c bacc94d135e14fc8a2602cbb2e99377a dfb6bce5d8b54c068e21793ecb27e84f - - default default] Successfully bumped revision number for resource 920b70e9-a7c8-42c8-95c8-1f4c3c99d632 (type: floatingips) to 2
2026-04-27 22:19:39.769 9 INFO neutron.db.l3_db [None req-89dafcae-7b12-4204-a9e8-dcdf90e8920c bacc94d135e14fc8a2602cbb2e99377a dfb6bce5d8b54c068e21793ecb27e84f - - default default] Floating IP 920b70e9-a7c8-42c8-95c8-1f4c3c99d632 associated. External IP: 10.96.250.204, port: f6b6f412-22f9-4086-9d4b-adc17817c9f1.
2026-04-27 22:19:39.824 9 INFO neutron.wsgi [None req-89dafcae-7b12-4204-a9e8-dcdf90e8920c bacc94d135e14fc8a2602cbb2e99377a dfb6bce5d8b54c068e21793ecb27e84f - - default default] 10.0.0.63 "PUT /v2.0/floatingips/920b70e9-a7c8-42c8-95c8-1f4c3c99d632 HTTP/1.1" status: 200 len: 1038 time: 0.8884032
2026-04-27 22:19:39.842 10 INFO neutron.wsgi [None req-e5a8aac6-db2e-4be8-8428-559c71cad67e deb7f9436ba04777bdace9cc6d5bc8b0 815f3c67b503466886e031bf8324ba89 - - default default] 10.0.0.218 "GET /v2.0/networks HTTP/1.1" status: 200 len: 5373 time: 0.0782897
2026-04-27 22:19:39.843 10 INFO neutron.db.ovn_revision_numbers_db [None req-326539f9-73f6-4277-91c5-8bbc4a39d726 1efd2807c7b44085a8893953afa0033b 1724e4b2e7d74027b2cd9c9f035345a9 - - default default] Successfully bumped revision number for resource cf2b4d73-ed2a-4032-b3bb-29f77430e6c6 (type: security_group_rules) to 0
2026-04-27 22:19:39.874 10 INFO neutron.wsgi [None req-30bf7eff-36b2-42ca-a41b-23b88c9a42be deb7f9436ba04777bdace9cc6d5bc8b0 815f3c67b503466886e031bf8324ba89 - - default default] 10.0.0.218 "GET /v2.0/network-ip-availabilities HTTP/1.1" status: 200 len: 3102 time: 0.0223689
2026-04-27 22:19:39.884 10 INFO neutron.wsgi [None req-326539f9-73f6-4277-91c5-8bbc4a39d726 1efd2807c7b44085a8893953afa0033b 1724e4b2e7d74027b2cd9c9f035345a9 - - default default] 10.0.0.63 "POST /v2.0/security-group-rules HTTP/1.1" status: 201 len: 795 time: 0.4462335
2026-04-27 22:19:39.894 10 WARNING neutron_lib.context [None req-fff44580-b6e8-4d5e-aef3-c9e7b7242037 1efd2807c7b44085a8893953afa0033b 1724e4b2e7d74027b2cd9c9f035345a9 - - default default] Method 'is_advsvc' is deprecated since 2023.2 release (neutron-lib 3.8.0) and will be removed once support for the old RBAC API policies will be removed from Neutron. Please use method 'is_service_role' instead.
2026-04-27 22:19:39.922 10 INFO neutron.wsgi [None req-09bcb148-917d-4e85-a267-d7c8f9671345 deb7f9436ba04777bdace9cc6d5bc8b0 815f3c67b503466886e031bf8324ba89 - - default default] 10.0.0.218 "GET /v2.0/subnets HTTP/1.1" status: 200 len: 3997 time: 0.0472133
2026-04-27 22:19:39.937 10 INFO neutron.wsgi [None req-6eb186c8-5013-4d55-ba98-2a4687e83169 deb7f9436ba04777bdace9cc6d5bc8b0 815f3c67b503466886e031bf8324ba89 - - default default] 10.0.0.218 "GET /v2.0/subnetpools HTTP/1.1" status: 200 len: 193 time: 0.0128992
2026-04-27 22:19:39.998 10 INFO neutron.wsgi [None req-4a71bf46-5f7c-4a93-865a-0f12057bf496 deb7f9436ba04777bdace9cc6d5bc8b0 815f3c67b503466886e031bf8324ba89 - - default default] 10.0.0.218 "GET /v2.0/floatingips HTTP/1.1" status: 200 len: 1561 time: 0.0608647
2026-04-27 22:19:40.027 9 INFO neutron.db.ovn_revision_numbers_db [None req-5287c7a7-dfbb-4f12-b060-1f3bc1b84c53 bacc94d135e14fc8a2602cbb2e99377a dfb6bce5d8b54c068e21793ecb27e84f - - default default] Successfully bumped revision number for resource 920b70e9-a7c8-42c8-95c8-1f4c3c99d632 (type: floatingips) to 3
2026-04-27 22:19:40.089 10 INFO neutron.wsgi [None req-e1a50db2-f6a2-4ee4-baf2-88ec8c40ba25 deb7f9436ba04777bdace9cc6d5bc8b0 815f3c67b503466886e031bf8324ba89 - - default default] 10.0.0.218 "GET /v2.0/routers HTTP/1.1" status: 200 len: 4038 time: 0.0876114
2026-04-27 22:19:40.097 9 INFO neutron.db.l3_db [None req-5287c7a7-dfbb-4f12-b060-1f3bc1b84c53 bacc94d135e14fc8a2602cbb2e99377a dfb6bce5d8b54c068e21793ecb27e84f - - default default] Floating IP 920b70e9-a7c8-42c8-95c8-1f4c3c99d632 disassociated. External IP: 10.96.250.204, port: c6eacb2d-5a0a-409b-a4dc-b37f544b375c.
2026-04-27 22:19:40.105 10 INFO neutron.wsgi [None req-78573363-1d10-43c0-8086-27a97af77ccc deb7f9436ba04777bdace9cc6d5bc8b0 815f3c67b503466886e031bf8324ba89 - - default default] 10.0.0.218 "GET /v2.0/agents?binary=ovn-controller HTTP/1.1" status: 200 len: 591 time: 0.0139368
2026-04-27 22:19:40.114 10 INFO neutron.db.ovn_revision_numbers_db [None req-fff44580-b6e8-4d5e-aef3-c9e7b7242037 1efd2807c7b44085a8893953afa0033b 1724e4b2e7d74027b2cd9c9f035345a9 - - default default] Successfully bumped revision number for resource 2b3319df-b9b8-4d35-81ec-f6eee4b5541f (type: security_group_rules) to 0
2026-04-27 22:19:40.126 9 INFO neutron.wsgi [None req-5287c7a7-dfbb-4f12-b060-1f3bc1b84c53 bacc94d135e14fc8a2602cbb2e99377a dfb6bce5d8b54c068e21793ecb27e84f - - default default] 10.0.0.63 "PUT /v2.0/floatingips/920b70e9-a7c8-42c8-95c8-1f4c3c99d632 HTTP/1.1" status: 200 len: 748 time: 0.2967963
2026-04-27 22:19:40.138 10 INFO neutron.wsgi [None req-fff44580-b6e8-4d5e-aef3-c9e7b7242037 1efd2807c7b44085a8893953afa0033b 1724e4b2e7d74027b2cd9c9f035345a9 - - default default] 10.0.0.63 "POST /v2.0/security-group-rules HTTP/1.1" status: 201 len: 801 time: 0.2482769
2026-04-27 22:19:40.148 10 WARNING neutron_lib.context [None req-80f03cc6-0997-4807-9c6a-9cf1b022d771 1efd2807c7b44085a8893953afa0033b 1724e4b2e7d74027b2cd9c9f035345a9 - - default default] Method 'is_advsvc' is deprecated since 2023.2 release (neutron-lib 3.8.0) and will be removed once support for the old RBAC API policies will be removed from Neutron. Please use method 'is_service_role' instead.
2026-04-27 22:19:40.304 10 INFO neutron.db.ovn_revision_numbers_db [None req-80f03cc6-0997-4807-9c6a-9cf1b022d771 1efd2807c7b44085a8893953afa0033b 1724e4b2e7d74027b2cd9c9f035345a9 - - default default] Successfully bumped revision number for resource 82776227-3454-4ec2-b6c7-3f3cbb6606be (type: security_group_rules) to 0
2026-04-27 22:19:40.327 10 INFO neutron.wsgi [None req-80f03cc6-0997-4807-9c6a-9cf1b022d771 1efd2807c7b44085a8893953afa0033b 1724e4b2e7d74027b2cd9c9f035345a9 - - default default] 10.0.0.63 "POST /v2.0/security-group-rules HTTP/1.1" status: 201 len: 800 time: 0.1841094
2026-04-27 22:19:40.336 10 WARNING neutron_lib.context [None req-62241903-617a-47e7-a502-e0013f79e26e 1efd2807c7b44085a8893953afa0033b 1724e4b2e7d74027b2cd9c9f035345a9 - - default default] Method 'is_advsvc' is deprecated since 2023.2 release (neutron-lib 3.8.0) and will be removed once support for the old RBAC API policies will be removed from Neutron. Please use method 'is_service_role' instead.
2026-04-27 22:19:40.374 10 INFO neutron.db.securitygroups_db [None req-62241903-617a-47e7-a502-e0013f79e26e 1efd2807c7b44085a8893953afa0033b 1724e4b2e7d74027b2cd9c9f035345a9 - - default default] Project 1724e4b2e7d74027b2cd9c9f035345a9 added a security group rule with legacy IPv6 ICMP protocol name icmp, ipv6-icmp should be used instead. It was automatically converted.
2026-04-27 22:19:40.478 10 INFO neutron.db.ovn_revision_numbers_db [None req-62241903-617a-47e7-a502-e0013f79e26e 1efd2807c7b44085a8893953afa0033b 1724e4b2e7d74027b2cd9c9f035345a9 - - default default] Successfully bumped revision number for resource 63eb4692-e7e5-4033-8dbb-330eabdf7447 (type: security_group_rules) to 0
2026-04-27 22:19:40.490 9 INFO neutron.wsgi [None req-65966cdb-cad5-476f-972d-f7b9aecf659c bacc94d135e14fc8a2602cbb2e99377a dfb6bce5d8b54c068e21793ecb27e84f - - default default] 10.0.0.63 "DELETE /v2.0/floatingips/920b70e9-a7c8-42c8-95c8-1f4c3c99d632 HTTP/1.1" status: 204 len: 168 time: 0.3569973
2026-04-27 22:19:40.510 10 INFO neutron.wsgi [None req-62241903-617a-47e7-a502-e0013f79e26e 1efd2807c7b44085a8893953afa0033b 1724e4b2e7d74027b2cd9c9f035345a9 - - default default] 10.0.0.63 "POST /v2.0/security-group-rules HTTP/1.1" status: 201 len: 806 time: 0.1786399
2026-04-27 22:19:40.518 9 INFO neutron.api.v2.resource [None req-d2aeacdd-6a30-44f7-b9de-50dc3fd93fab bacc94d135e14fc8a2602cbb2e99377a dfb6bce5d8b54c068e21793ecb27e84f - - default default] delete failed (client error): The resource could not be found.
2026-04-27 22:19:40.520 9 INFO neutron.wsgi [None req-d2aeacdd-6a30-44f7-b9de-50dc3fd93fab bacc94d135e14fc8a2602cbb2e99377a dfb6bce5d8b54c068e21793ecb27e84f - - default default] 10.0.0.63 "DELETE /v2.0/floatingips/920b70e9-a7c8-42c8-95c8-1f4c3c99d632 HTTP/1.1" status: 404 len: 345 time: 0.0246370
2026-04-27 22:19:40.523 10 WARNING neutron_lib.context [None req-62c93bb5-6fcd-4e67-b1e2-74050ac824f5 1efd2807c7b44085a8893953afa0033b 1724e4b2e7d74027b2cd9c9f035345a9 - - default default] Method 'is_advsvc' is deprecated since 2023.2 release (neutron-lib 3.8.0) and will be removed once support for the old RBAC API policies will be removed from Neutron. Please use method 'is_service_role' instead.
2026-04-27 22:19:40.567 10 INFO neutron.db.securitygroups_db [None req-62c93bb5-6fcd-4e67-b1e2-74050ac824f5 1efd2807c7b44085a8893953afa0033b 1724e4b2e7d74027b2cd9c9f035345a9 - - default default] Project 1724e4b2e7d74027b2cd9c9f035345a9 added a security group rule with legacy IPv6 ICMP protocol name icmp, ipv6-icmp should be used instead. It was automatically converted.
2026-04-27 22:19:40.672 10 INFO neutron.db.ovn_revision_numbers_db [None req-62c93bb5-6fcd-4e67-b1e2-74050ac824f5 1efd2807c7b44085a8893953afa0033b 1724e4b2e7d74027b2cd9c9f035345a9 - - default default] Successfully bumped revision number for resource 5a57c8dc-0c88-4212-b138-f2714c0fbd64 (type: security_group_rules) to 0
2026-04-27 22:19:40.703 10 INFO neutron.wsgi [None req-62c93bb5-6fcd-4e67-b1e2-74050ac824f5 1efd2807c7b44085a8893953afa0033b 1724e4b2e7d74027b2cd9c9f035345a9 - - default default] 10.0.0.63 "POST /v2.0/security-group-rules HTTP/1.1" status: 201 len: 805 time: 0.1872599
2026-04-27 22:19:40.899 10 INFO neutron.wsgi [None req-78b4c66c-d74d-405c-a362-0c91ac817fb0 1aecc63337ac47eeb2864b5a8410de81 522183c651334aae8111c14de1689a28 - - default default] 10.0.0.63 "DELETE /v2.0/security-groups/f020ff6b-ffb5-4590-996c-cf550002f0de HTTP/1.1" status: 204 len: 168 time: 0.1090648
2026-04-27 22:19:40.914 10 INFO neutron.api.v2.resource [None req-eae61afe-9c01-4a06-8237-7f2b6ae3c7de 1aecc63337ac47eeb2864b5a8410de81 522183c651334aae8111c14de1689a28 - - default default] show failed (client error): The resource could not be found.
2026-04-27 22:19:40.915 10 INFO neutron.wsgi [None req-eae61afe-9c01-4a06-8237-7f2b6ae3c7de 1aecc63337ac47eeb2864b5a8410de81 522183c651334aae8111c14de1689a28 - - default default] 10.0.0.63 "GET /v2.0/security-groups/f020ff6b-ffb5-4590-996c-cf550002f0de HTTP/1.1" status: 404 len: 347 time: 0.0099480
2026-04-27 22:19:41.133 10 INFO neutron.wsgi [-] 10.0.0.52 "GET / HTTP/1.1" status: 200 len: 247 time: 0.0017390
2026-04-27 22:19:41.134 10 INFO neutron.wsgi [-] 10.0.0.52 "GET / HTTP/1.1" status: 200 len: 247 time: 0.0008638
2026-04-27 22:19:41.172 9 INFO neutron.wsgi [None req-277acff5-49bf-48a9-b8c1-711f6c9b168b 1efd2807c7b44085a8893953afa0033b 1724e4b2e7d74027b2cd9c9f035345a9 - - default default] 10.0.0.63 "GET /v2.0/networks HTTP/1.1" status: 200 len: 1491 time: 0.1528823
2026-04-27 22:19:41.221 9 INFO neutron.wsgi [None req-2b84817b-b0ac-4fbf-846f-31c0be22fa0e bacc94d135e14fc8a2602cbb2e99377a dfb6bce5d8b54c068e21793ecb27e84f - - default default] 10.0.0.63 "DELETE /v2.0/ports/c6eacb2d-5a0a-409b-a4dc-b37f544b375c HTTP/1.1" status: 204 len: 168 time: 0.6933465
2026-04-27 22:19:41.272 10 INFO neutron.wsgi [None req-ba052ad4-529e-45a5-acdf-d7b779ee02a3 1aecc63337ac47eeb2864b5a8410de81 522183c651334aae8111c14de1689a28 - - default default] 10.0.0.63 "DELETE /v2.0/floatingips/7c2c3d2c-10ba-4f49-a71a-b10c648891d0 HTTP/1.1" status: 204 len: 168 time: 0.3513701
2026-04-27 22:19:41.434 10 INFO neutron.wsgi [req-95f5d163-45cf-4287-ab7d-ee377d571328 req-9680050a-29cf-4249-8fcd-0a532207d47c 1efd2807c7b44085a8893953afa0033b 1724e4b2e7d74027b2cd9c9f035345a9 - - default default] 10.0.0.182 "GET /v2.0/security-groups?name=tempest-secgroup-smoke-1400435061&fields=id&tenant_id=1724e4b2e7d74027b2cd9c9f035345a9 HTTP/1.1" status: 200 len: 267 time: 0.0586812
2026-04-27 22:19:41.447 9 INFO neutron.wsgi [None req-d63e6d9d-72ca-4e5d-88fe-158458cdc3cf 1aecc63337ac47eeb2864b5a8410de81 522183c651334aae8111c14de1689a28 - - default default] 10.0.0.63 "DELETE /v2.0/security-groups/a2a28df1-7971-4234-a4db-826f946a1d01 HTTP/1.1" status: 204 len: 168 time: 0.1697252
2026-04-27 22:19:41.524 9 WARNING neutron.plugins.ml2.drivers.ovn.mech_driver.ovsdb.ovn_client [None req-dfd8fd72-4598-4a77-b8a1-42d2eab836db - - - - - -] No hosting information found for port cda8b3bb-32fd-49bb-a888-b912661eeae2: RuntimeError: No hosting information found for port cda8b3bb-32fd-49bb-a888-b912661eeae2
2026-04-27 22:19:41.525 9 INFO neutron.plugins.ml2.drivers.ovn.mech_driver.mech_driver [None req-dfd8fd72-4598-4a77-b8a1-42d2eab836db - - - - - -] OVN reports status up for port: de9925f4-1395-420f-b0ba-0897dbd9eefb
2026-04-27 22:19:41.550 9 INFO neutron.plugins.ml2.plugin [None req-dfd8fd72-4598-4a77-b8a1-42d2eab836db - - - - - -] Attempt 1 to provision port de9925f4-1395-420f-b0ba-0897dbd9eefb
2026-04-27 22:19:41.665 9 INFO neutron.plugins.ml2.drivers.ovn.mech_driver.mech_driver [None req-dfd8fd72-4598-4a77-b8a1-42d2eab836db - - - - - -] OVN reports status down for port: 41c35c75-35bd-496a-a901-2f2cd6185199
2026-04-27 22:19:41.744 10 INFO neutron.wsgi [req-95f5d163-45cf-4287-ab7d-ee377d571328 req-8e4881d5-840d-40d5-b212-b8d4da3c068c 1efd2807c7b44085a8893953afa0033b 1724e4b2e7d74027b2cd9c9f035345a9 - - default default] 10.0.0.182 "GET /v2.0/networks?id=284e8b88-0cbd-430d-918f-14f9019dc2de HTTP/1.1" status: 200 len: 858 time: 0.3048558
2026-04-27 22:19:41.769 10 INFO neutron.wsgi [req-95f5d163-45cf-4287-ab7d-ee377d571328 req-0287a5c1-3ef9-45c0-9104-65f5e796439a 1efd2807c7b44085a8893953afa0033b 1724e4b2e7d74027b2cd9c9f035345a9 - - default default] 10.0.0.182 "GET /v2.0/quotas/1724e4b2e7d74027b2cd9c9f035345a9 HTTP/1.1" status: 200 len: 491 time: 0.0166581
2026-04-27 22:19:41.907 10 INFO neutron.wsgi [req-95f5d163-45cf-4287-ab7d-ee377d571328 req-9f59b3eb-164c-466a-a91c-ceb605ac1c04 1efd2807c7b44085a8893953afa0033b 1724e4b2e7d74027b2cd9c9f035345a9 - - default default] 10.0.0.182 "GET /v2.0/ports?tenant_id=1724e4b2e7d74027b2cd9c9f035345a9&fields=id HTTP/1.1" status: 200 len: 302 time: 0.1303618
2026-04-27 22:19:41.967 10 INFO neutron.wsgi [None req-ed628ad7-9c2b-43eb-ad1e-9b739f7714e4 bacc94d135e14fc8a2602cbb2e99377a dfb6bce5d8b54c068e21793ecb27e84f - - default default] 10.0.0.63 "DELETE /v2.0/ports/f6b6f412-22f9-4086-9d4b-adc17817c9f1 HTTP/1.1" status: 204 len: 168 time: 0.7410169 /var/lib/openstack/lib/python3.10/site-packages/pycadf/identifier.py:71: UserWarning: Invalid uuid: neutron. To ensure interoperability, identifiers should be a valid uuid. warnings.warn(('Invalid uuid: %s. To ensure interoperability, '
2026-04-27 22:19:41.987 10 INFO neutron.wsgi [req-95f5d163-45cf-4287-ab7d-ee377d571328 req-8eafc932-438d-4169-b116-aaec705a08f1 704a36a6de1240e18012a19f0f05f720 2f9b73de570f4c89af39e63d7cdb54cd - - 40fd682ceee84a83889ba67ab46e917c 40fd682ceee84a83889ba67ab46e917c] 10.0.0.182 "GET /v2.0/networks/284e8b88-0cbd-430d-918f-14f9019dc2de?fields=segments HTTP/1.1" status: 200 len: 212 time: 0.0666051
2026-04-27 22:19:42.028 9 INFO neutron.wsgi [None req-081593e9-0c33-412a-9d2e-fef58b99056b bacc94d135e14fc8a2602cbb2e99377a dfb6bce5d8b54c068e21793ecb27e84f - - default default] 10.0.0.63 "GET /v2.0/ports?device_id=d14ad3ee-9cc3-43c3-ad36-293b45fa53cb HTTP/1.1" status: 200 len: 1140 time: 0.0569212
2026-04-27 22:19:42.079 10 INFO neutron.wsgi [req-95f5d163-45cf-4287-ab7d-ee377d571328 req-ef686433-c864-4678-8405-fd9ff0fb5e82 704a36a6de1240e18012a19f0f05f720 2f9b73de570f4c89af39e63d7cdb54cd - - 40fd682ceee84a83889ba67ab46e917c 40fd682ceee84a83889ba67ab46e917c] 10.0.0.182 "GET /v2.0/networks/284e8b88-0cbd-430d-918f-14f9019dc2de?fields=provider%3Aphysical_network&fields=provider%3Anetwork_type HTTP/1.1" status: 200 len: 277 time: 0.0849400
2026-04-27 22:19:42.236 10 INFO neutron.wsgi [req-35eb0be4-2cbe-44d2-8059-5b0fadb501b1 req-8f61b17d-cd24-43ed-96c6-8aed27ab4a89 1efd2807c7b44085a8893953afa0033b 1724e4b2e7d74027b2cd9c9f035345a9 - - default default] 10.0.0.182 "GET /v2.0/ports?device_id=2d1208c3-5001-4f52-82dc-ae45821b0a15 HTTP/1.1" status: 200 len: 210 time: 0.0304337
2026-04-27 22:19:42.389 10 WARNING neutron.plugins.ml2.drivers.ovn.mech_driver.ovsdb.ovn_client [None req-e5eb291a-3077-41b0-9386-e75f14f0bea9 - - - - - -] No hosting information found for port d0c77c49-5b29-4418-95ed-9e3e242d9ca7: RuntimeError: No hosting information found for port d0c77c49-5b29-4418-95ed-9e3e242d9ca7 /var/lib/openstack/lib/python3.10/site-packages/pycadf/identifier.py:71: UserWarning: Invalid uuid: neutron. To ensure interoperability, identifiers should be a valid uuid. warnings.warn(('Invalid uuid: %s. To ensure interoperability, '
2026-04-27 22:19:42.924 10 INFO neutron.wsgi [req-95f5d163-45cf-4287-ab7d-ee377d571328 req-70551538-74c0-4cd4-b9a1-c2a52efc3467 1efd2807c7b44085a8893953afa0033b 1724e4b2e7d74027b2cd9c9f035345a9 - - default default] 199.204.45.250 "GET /v2.0/networks?id=284e8b88-0cbd-430d-918f-14f9019dc2de HTTP/1.1" status: 200 len: 858 time: 0.0852892
2026-04-27 22:19:42.993 10 INFO neutron.wsgi [req-95f5d163-45cf-4287-ab7d-ee377d571328 req-02dd9551-0ded-426d-80b8-c46b25982c3b 1efd2807c7b44085a8893953afa0033b 1724e4b2e7d74027b2cd9c9f035345a9 - - default default] 199.204.45.250 "GET /v2.0/security-groups?fields=id&fields=name&tenant_id=1724e4b2e7d74027b2cd9c9f035345a9 HTTP/1.1" status: 200 len: 380 time: 0.0528378
2026-04-27 22:19:43.016 10 WARNING neutron_lib.context [req-95f5d163-45cf-4287-ab7d-ee377d571328 req-3f047578-5f75-4e49-ba50-66a2f1068446 1efd2807c7b44085a8893953afa0033b 1724e4b2e7d74027b2cd9c9f035345a9 - - default default] Method 'is_advsvc' is deprecated since 2023.2 release (neutron-lib 3.8.0) and will be removed once support for the old RBAC API policies will be removed from Neutron. Please use method 'is_service_role' instead.
2026-04-27 22:19:43.042 9 INFO neutron.wsgi [None req-df883a3d-507c-46e5-a9cc-561c0f9dd0dc deb7f9436ba04777bdace9cc6d5bc8b0 815f3c67b503466886e031bf8324ba89 - - default default] 10.0.0.63 "PUT /v2.0/routers/070083d6-6f56-482f-a5b1-a19362cc65fc/remove_router_interface HTTP/1.1" status: 200 len: 503 time: 1.5509708 /var/lib/openstack/lib/python3.10/site-packages/pycadf/identifier.py:71: UserWarning: Invalid uuid: neutron. To ensure interoperability, identifiers should be a valid uuid. warnings.warn(('Invalid uuid: %s. To ensure interoperability, '
2026-04-27 22:19:43.245 10 INFO neutron.wsgi [None req-2cd39b85-0840-4747-a745-f13bd79abfa4 bacc94d135e14fc8a2602cbb2e99377a dfb6bce5d8b54c068e21793ecb27e84f - - default default] 10.0.0.63 "PUT /v2.0/routers/d14ad3ee-9cc3-43c3-ad36-293b45fa53cb/remove_router_interface HTTP/1.1" status: 200 len: 503 time: 1.2098343 /var/lib/openstack/lib/python3.10/site-packages/pycadf/identifier.py:71: UserWarning: Invalid uuid: neutron. To ensure interoperability, identifiers should be a valid uuid. warnings.warn(('Invalid uuid: %s. To ensure interoperability, '
2026-04-27 22:19:43.341 10 INFO neutron.wsgi [req-ed8875d7-37d7-4581-90fd-f6785cd0e616 req-1035eb50-322a-4320-aa10-3c8494f169f7 1efd2807c7b44085a8893953afa0033b 1724e4b2e7d74027b2cd9c9f035345a9 - - default default] 10.0.0.182 "GET /v2.0/ports?device_id=2d1208c3-5001-4f52-82dc-ae45821b0a15 HTTP/1.1" status: 200 len: 210 time: 0.0408170
2026-04-27 22:19:43.538 10 WARNING neutron.scheduler.dhcp_agent_scheduler [req-95f5d163-45cf-4287-ab7d-ee377d571328 req-3f047578-5f75-4e49-ba50-66a2f1068446 1efd2807c7b44085a8893953afa0033b 1724e4b2e7d74027b2cd9c9f035345a9 - - default default] No more DHCP agents
2026-04-27 22:19:43.543 10 WARNING neutron.api.rpc.agentnotifiers.dhcp_rpc_agent_api [req-95f5d163-45cf-4287-ab7d-ee377d571328 req-3f047578-5f75-4e49-ba50-66a2f1068446 1efd2807c7b44085a8893953afa0033b 1724e4b2e7d74027b2cd9c9f035345a9 - - default default] Unable to schedule network 284e8b88-0cbd-430d-918f-14f9019dc2de: no agents available; will retry on subsequent port and subnet creation events.
2026-04-27 22:19:44.055 10 INFO neutron.db.ovn_revision_numbers_db [req-95f5d163-45cf-4287-ab7d-ee377d571328 req-3f047578-5f75-4e49-ba50-66a2f1068446 1efd2807c7b44085a8893953afa0033b 1724e4b2e7d74027b2cd9c9f035345a9 - - default default] Successfully bumped revision number for resource 701014c1-cd50-4629-9f2e-b809c282ba31 (type: ports) to 1
2026-04-27 22:19:44.089 10 INFO neutron.wsgi [req-95f5d163-45cf-4287-ab7d-ee377d571328 req-3f047578-5f75-4e49-ba50-66a2f1068446 1efd2807c7b44085a8893953afa0033b 1724e4b2e7d74027b2cd9c9f035345a9 - - default default] 199.204.45.250 "POST /v2.0/ports HTTP/1.1" status: 201 len: 1162 time: 1.0821474 /var/lib/openstack/lib/python3.10/site-packages/pycadf/identifier.py:71: UserWarning: Invalid uuid: neutron. To ensure interoperability, identifiers should be a valid uuid. warnings.warn(('Invalid uuid: %s. To ensure interoperability, '
2026-04-27 22:19:44.141 9 INFO neutron.wsgi [None req-4789f4bc-46e4-401e-b1ba-90fe0f623192 deb7f9436ba04777bdace9cc6d5bc8b0 815f3c67b503466886e031bf8324ba89 - - default default] 10.0.0.63 "DELETE /v2.0/routers/070083d6-6f56-482f-a5b1-a19362cc65fc HTTP/1.1" status: 204 len: 168 time: 1.0934474
2026-04-27 22:19:44.362 9 INFO neutron.wsgi [None req-e02befde-04fa-445c-8d86-a7a9fb9da3e3 deb7f9436ba04777bdace9cc6d5bc8b0 815f3c67b503466886e031bf8324ba89 - - default default] 10.0.0.63 "DELETE /v2.0/subnets/38d8b408-f00a-49d4-9a9b-9581032e9c55 HTTP/1.1" status: 204 len: 168 time: 0.2153978
2026-04-27 22:19:44.484 10 INFO neutron.wsgi [req-57e78d31-d27c-46c6-931d-bce2deb25c3d req-05d090fd-8e56-4158-a057-83de0b5f7697 1efd2807c7b44085a8893953afa0033b 1724e4b2e7d74027b2cd9c9f035345a9 - - default default] 10.0.0.182 "GET /v2.0/ports?device_id=2d1208c3-5001-4f52-82dc-ae45821b0a15 HTTP/1.1" status: 200 len: 1160 time: 0.0835025
2026-04-27 22:19:44.614 10 INFO neutron.wsgi [req-57e78d31-d27c-46c6-931d-bce2deb25c3d req-115b4f90-12fb-4c2e-86e4-b26c19d0ea3f 1efd2807c7b44085a8893953afa0033b 1724e4b2e7d74027b2cd9c9f035345a9 - - default default] 10.0.0.182 "GET /v2.0/security-groups?id=b67435c8-864c-4a13-8939-630728dbc158&fields=id&fields=name HTTP/1.1" status: 200 len: 313 time: 0.1155632
2026-04-27 22:19:44.676 10 INFO neutron.wsgi [None req-a7afbfeb-52b8-4e19-bed0-541b039b2245 bacc94d135e14fc8a2602cbb2e99377a dfb6bce5d8b54c068e21793ecb27e84f - - default default] 10.0.0.63 "DELETE /v2.0/routers/d14ad3ee-9cc3-43c3-ad36-293b45fa53cb HTTP/1.1" status: 204 len: 168 time: 1.4230423
2026-04-27 22:19:44.766 10 INFO neutron.db.ovn_revision_numbers_db [req-95f5d163-45cf-4287-ab7d-ee377d571328 req-352995b4-fc8b-499a-a77e-3b6df785343d 704a36a6de1240e18012a19f0f05f720 2f9b73de570f4c89af39e63d7cdb54cd - - 40fd682ceee84a83889ba67ab46e917c 40fd682ceee84a83889ba67ab46e917c] Successfully bumped revision number for resource 701014c1-cd50-4629-9f2e-b809c282ba31 (type: ports) to 2
2026-04-27 22:19:44.776 9 INFO neutron.services.segments.plugin [-] Segment 17895da1-8a74-4d19-b4dc-0f3a70d7bae9 resource provider aggregate not found
2026-04-27 22:19:44.780 9 INFO neutron.services.segments.plugin [-] Segment 17895da1-8a74-4d19-b4dc-0f3a70d7bae9 resource provider aggregate not found
2026-04-27 22:19:44.799 9 INFO neutron.services.segments.plugin [-] Segment 17895da1-8a74-4d19-b4dc-0f3a70d7bae9 resource provider not found; error: Placement Client Error (4xx): {"errors": [{"status": 404, "title": "Not Found", "detail": "The resource could not be found.\n\n No resource provider with uuid 17895da1-8a74-4d19-b4dc-0f3a70d7bae9 found for delete ", "request_id": "req-6dc8c6db-c363-4f9f-b058-b2bed80ca462"}]}
2026-04-27 22:19:44.803 9 INFO neutron.services.segments.plugin [-] Segment 17895da1-8a74-4d19-b4dc-0f3a70d7bae9 resource provider not found; error: Placement Client Error (4xx): {"errors": [{"status": 404, "title": "Not Found", "detail": "The resource could not be found.\n\n No resource provider with uuid 17895da1-8a74-4d19-b4dc-0f3a70d7bae9 found for delete ", "request_id": "req-530eef9b-a184-48c2-ba82-50a5157cd1c6"}]}
2026-04-27 22:19:44.822 9 INFO neutron.wsgi [None req-a17c7ee1-f60a-4b92-b919-735b411b0d46 deb7f9436ba04777bdace9cc6d5bc8b0 815f3c67b503466886e031bf8324ba89 - - default default] 10.0.0.63 "DELETE /v2.0/networks/be531fd2-0b5c-40e1-a9fd-19a390ac5372 HTTP/1.1" status: 204 len: 168 time: 0.4535303 /var/lib/openstack/lib/python3.10/site-packages/pycadf/identifier.py:71: UserWarning: Invalid uuid: neutron. To ensure interoperability, identifiers should be a valid uuid. warnings.warn(('Invalid uuid: %s. To ensure interoperability, '
2026-04-27 22:19:44.895 9 INFO neutron.wsgi [None req-63e9faa0-c574-48a5-8652-83724701cd33 bacc94d135e14fc8a2602cbb2e99377a dfb6bce5d8b54c068e21793ecb27e84f - - default default] 10.0.0.63 "DELETE /v2.0/subnets/c700d7d8-8478-4dd6-8dd7-9e7bde4b01b4 HTTP/1.1" status: 204 len: 168 time: 0.2144952
2026-04-27 22:19:45.033 10 INFO neutron.db.ovn_revision_numbers_db [req-95f5d163-45cf-4287-ab7d-ee377d571328 req-352995b4-fc8b-499a-a77e-3b6df785343d 704a36a6de1240e18012a19f0f05f720 2f9b73de570f4c89af39e63d7cdb54cd - - 40fd682ceee84a83889ba67ab46e917c 40fd682ceee84a83889ba67ab46e917c] Successfully bumped revision number for resource 701014c1-cd50-4629-9f2e-b809c282ba31 (type: ports) to 2
2026-04-27 22:19:45.066 10 INFO neutron.wsgi [req-95f5d163-45cf-4287-ab7d-ee377d571328 req-352995b4-fc8b-499a-a77e-3b6df785343d 704a36a6de1240e18012a19f0f05f720 2f9b73de570f4c89af39e63d7cdb54cd - - 40fd682ceee84a83889ba67ab46e917c 40fd682ceee84a83889ba67ab46e917c] 199.204.45.250 "PUT /v2.0/ports/701014c1-cd50-4629-9f2e-b809c282ba31 HTTP/1.1" status: 200 len: 1380 time: 0.9714026
2026-04-27 22:19:45.100 10 INFO neutron.notifiers.nova [-] Nova event matching ['req-6f4a458d-7d00-46a1-9b93-ff717269d1fc'] response: {'name': 'network-changed', 'server_uuid': '2d1208c3-5001-4f52-82dc-ae45821b0a15', 'tag': '701014c1-cd50-4629-9f2e-b809c282ba31', 'status': 'completed', 'code': 200} /var/lib/openstack/lib/python3.10/site-packages/pycadf/identifier.py:71: UserWarning: Invalid uuid: neutron. To ensure interoperability, identifiers should be a valid uuid. warnings.warn(('Invalid uuid: %s. To ensure interoperability, '
2026-04-27 22:19:45.169 10 INFO neutron.wsgi [req-95f5d163-45cf-4287-ab7d-ee377d571328 req-8212e210-fee0-4399-93de-25e4149cd00b 704a36a6de1240e18012a19f0f05f720 2f9b73de570f4c89af39e63d7cdb54cd - - 40fd682ceee84a83889ba67ab46e917c 40fd682ceee84a83889ba67ab46e917c] 199.204.45.250 "GET /v2.0/ports?tenant_id=1724e4b2e7d74027b2cd9c9f035345a9&device_id=2d1208c3-5001-4f52-82dc-ae45821b0a15 HTTP/1.1" status: 200 len: 1411 time: 0.0620062
2026-04-27 22:19:45.212 10 INFO neutron.wsgi [req-95f5d163-45cf-4287-ab7d-ee377d571328 req-e23b33a7-e540-4275-be63-a06dc731fc84 704a36a6de1240e18012a19f0f05f720 2f9b73de570f4c89af39e63d7cdb54cd - - 40fd682ceee84a83889ba67ab46e917c 40fd682ceee84a83889ba67ab46e917c] 199.204.45.250 "GET /v2.0/floatingips?fixed_ip_address=10.100.0.12&port_id=701014c1-cd50-4629-9f2e-b809c282ba31 HTTP/1.1" status: 200 len: 217 time: 0.0355067
2026-04-27 22:19:45.263 10 INFO neutron.wsgi [req-95f5d163-45cf-4287-ab7d-ee377d571328 req-cdac710d-a972-4a54-9960-e897cf0b641f 704a36a6de1240e18012a19f0f05f720 2f9b73de570f4c89af39e63d7cdb54cd - - 40fd682ceee84a83889ba67ab46e917c 40fd682ceee84a83889ba67ab46e917c] 199.204.45.250 "GET /v2.0/subnets?id=216cc00a-81b9-4821-be3d-17df38cedb2a HTTP/1.1" status: 200 len: 853 time: 0.0432720
2026-04-27 22:19:45.296 10 INFO neutron.wsgi [req-95f5d163-45cf-4287-ab7d-ee377d571328 req-25c83e95-51bd-42d0-badc-c839a9ccf59e 704a36a6de1240e18012a19f0f05f720 2f9b73de570f4c89af39e63d7cdb54cd - - 40fd682ceee84a83889ba67ab46e917c 40fd682ceee84a83889ba67ab46e917c] 199.204.45.250 "GET /v2.0/ports?network_id=284e8b88-0cbd-430d-918f-14f9019dc2de&device_owner=network%3Adhcp HTTP/1.1" status: 200 len: 210 time: 0.0262733
2026-04-27 22:19:45.311 9 INFO neutron.wsgi [None req-94ee2b89-dcd6-4646-a52b-5b9548a8d072 bacc94d135e14fc8a2602cbb2e99377a dfb6bce5d8b54c068e21793ecb27e84f - - default default] 10.0.0.63 "DELETE /v2.0/networks/88fa99c4-1968-44fb-9c49-cf8a64c0254a HTTP/1.1" status: 204 len: 168 time: 0.4120793
2026-04-27 22:19:45.372 10 INFO neutron.wsgi [req-95f5d163-45cf-4287-ab7d-ee377d571328 req-1ef5967f-c85c-47a1-b9c1-59c19a4b004e 704a36a6de1240e18012a19f0f05f720 2f9b73de570f4c89af39e63d7cdb54cd - - 40fd682ceee84a83889ba67ab46e917c 40fd682ceee84a83889ba67ab46e917c] 199.204.45.250 "GET /v2.0/networks/284e8b88-0cbd-430d-918f-14f9019dc2de?fields=segments HTTP/1.1" status: 200 len: 212 time: 0.0700848
2026-04-27 22:19:45.452 10 INFO neutron.wsgi [req-95f5d163-45cf-4287-ab7d-ee377d571328 req-2fe703c7-43b6-4073-b38c-3ff7540aff27 704a36a6de1240e18012a19f0f05f720 2f9b73de570f4c89af39e63d7cdb54cd - - 40fd682ceee84a83889ba67ab46e917c 40fd682ceee84a83889ba67ab46e917c] 199.204.45.250 "GET /v2.0/networks/284e8b88-0cbd-430d-918f-14f9019dc2de?fields=provider%3Aphysical_network&fields=provider%3Anetwork_type HTTP/1.1" status: 200 len: 277 time: 0.0591500
2026-04-27 22:19:45.550 10 INFO neutron.wsgi [req-ef9563bd-d491-4e87-a32b-1984ca353e3f req-2803bc49-8149-43ae-9710-af47a9ff0634 704a36a6de1240e18012a19f0f05f720 2f9b73de570f4c89af39e63d7cdb54cd - - 40fd682ceee84a83889ba67ab46e917c 40fd682ceee84a83889ba67ab46e917c] 199.204.45.250 "GET /v2.0/ports?tenant_id=1724e4b2e7d74027b2cd9c9f035345a9&device_id=2d1208c3-5001-4f52-82dc-ae45821b0a15 HTTP/1.1" status: 200 len: 1411 time: 0.0445356
2026-04-27 22:19:45.635 10 INFO neutron.wsgi [req-ef9563bd-d491-4e87-a32b-1984ca353e3f req-723b7367-5ebb-426b-a17f-8c660b71f1fb 704a36a6de1240e18012a19f0f05f720 2f9b73de570f4c89af39e63d7cdb54cd - - 40fd682ceee84a83889ba67ab46e917c 40fd682ceee84a83889ba67ab46e917c] 199.204.45.250 "GET /v2.0/networks?id=284e8b88-0cbd-430d-918f-14f9019dc2de HTTP/1.1" status: 200 len: 957 time: 0.0805409
2026-04-27 22:19:45.677 10 INFO neutron.plugins.ml2.drivers.ovn.mech_driver.mech_driver [None req-e5eb291a-3077-41b0-9386-e75f14f0bea9 - - - - - -] OVN reports status up for port: 701014c1-cd50-4629-9f2e-b809c282ba31
2026-04-27 22:19:45.679 10 INFO neutron.wsgi [req-ef9563bd-d491-4e87-a32b-1984ca353e3f req-30976c4b-5e3a-4899-9af3-7077bab51ae1 704a36a6de1240e18012a19f0f05f720 2f9b73de570f4c89af39e63d7cdb54cd - - 40fd682ceee84a83889ba67ab46e917c 40fd682ceee84a83889ba67ab46e917c] 199.204.45.250 "GET /v2.0/floatingips?fixed_ip_address=10.100.0.12&port_id=701014c1-cd50-4629-9f2e-b809c282ba31 HTTP/1.1" status: 200 len: 217 time: 0.0357130
2026-04-27 22:19:45.709 10 INFO neutron.plugins.ml2.plugin [None req-e5eb291a-3077-41b0-9386-e75f14f0bea9 - - - - - -] Attempt 1 to provision port 701014c1-cd50-4629-9f2e-b809c282ba31
2026-04-27 22:19:46.002 10 INFO neutron.wsgi [req-ef9563bd-d491-4e87-a32b-1984ca353e3f req-a2934e38-f394-4b18-b6fe-4737eeb7684d 704a36a6de1240e18012a19f0f05f720 2f9b73de570f4c89af39e63d7cdb54cd - - 40fd682ceee84a83889ba67ab46e917c 40fd682ceee84a83889ba67ab46e917c] 199.204.45.250 "GET /v2.0/subnets?id=216cc00a-81b9-4821-be3d-17df38cedb2a HTTP/1.1" status: 200 len: 853 time: 0.3106279
2026-04-27 22:19:46.010 9 INFO neutron.wsgi [None req-511531fd-aaf8-4201-988a-c49a60ee9503 deb7f9436ba04777bdace9cc6d5bc8b0 815f3c67b503466886e031bf8324ba89 - - default default] 10.0.0.63 "GET /v2.0/security-groups?tenant_id=dfb6bce5d8b54c068e21793ecb27e84f&name=default HTTP/1.1" status: 200 len: 3120 time: 0.1868646
2026-04-27 22:19:46.021 10 INFO neutron.wsgi [req-ab6eb8e7-c867-4cfd-b10b-7ce21d6b08f3 req-d646c24a-90c3-4ec0-ab7b-4e016892732d 1efd2807c7b44085a8893953afa0033b 1724e4b2e7d74027b2cd9c9f035345a9 - - default default] 10.0.0.182 "GET /v2.0/ports?device_id=2d1208c3-5001-4f52-82dc-ae45821b0a15 HTTP/1.1" status: 200 len: 1172 time: 0.3075910
2026-04-27 22:19:46.069 10 INFO neutron.wsgi [req-ef9563bd-d491-4e87-a32b-1984ca353e3f req-90ec6df5-3af6-46b0-a640-6d50c47e7e29 704a36a6de1240e18012a19f0f05f720 2f9b73de570f4c89af39e63d7cdb54cd - - 40fd682ceee84a83889ba67ab46e917c 40fd682ceee84a83889ba67ab46e917c] 199.204.45.250 "GET /v2.0/ports?network_id=284e8b88-0cbd-430d-918f-14f9019dc2de&device_owner=network%3Adhcp HTTP/1.1" status: 200 len: 210 time: 0.0524728
2026-04-27 22:19:46.154 10 INFO neutron.wsgi [req-ab6eb8e7-c867-4cfd-b10b-7ce21d6b08f3 req-e004d6fc-0cc8-410e-9151-a4e58adb2191 1efd2807c7b44085a8893953afa0033b 1724e4b2e7d74027b2cd9c9f035345a9 - - default default] 10.0.0.182 "GET /v2.0/security-groups?id=b67435c8-864c-4a13-8939-630728dbc158&fields=id&fields=name HTTP/1.1" status: 200 len: 313 time: 0.1034749
2026-04-27 22:19:46.196 10 INFO neutron.wsgi [req-ef9563bd-d491-4e87-a32b-1984ca353e3f req-151b90bb-0a8f-46b4-ab7f-24425b586e00 704a36a6de1240e18012a19f0f05f720 2f9b73de570f4c89af39e63d7cdb54cd - - 40fd682ceee84a83889ba67ab46e917c 40fd682ceee84a83889ba67ab46e917c] 199.204.45.250 "GET /v2.0/networks/284e8b88-0cbd-430d-918f-14f9019dc2de?fields=segments HTTP/1.1" status: 200 len: 212 time: 0.1196892
2026-04-27 22:19:46.271 9 INFO neutron.wsgi [None req-a6f3228f-c312-4c9c-8ad5-19542912ed0a deb7f9436ba04777bdace9cc6d5bc8b0 815f3c67b503466886e031bf8324ba89 - - default default] 10.0.0.63 "DELETE /v2.0/security-groups/867dd052-9811-4feb-af30-dec99d5ea475 HTTP/1.1" status: 204 len: 168 time: 0.2553496
2026-04-27 22:19:46.300 10 INFO neutron.wsgi [req-ef9563bd-d491-4e87-a32b-1984ca353e3f req-745f5f60-e21d-43cb-ba01-89b9318c4197 704a36a6de1240e18012a19f0f05f720 2f9b73de570f4c89af39e63d7cdb54cd - - 40fd682ceee84a83889ba67ab46e917c 40fd682ceee84a83889ba67ab46e917c] 199.204.45.250 "GET /v2.0/networks/284e8b88-0cbd-430d-918f-14f9019dc2de?fields=provider%3Aphysical_network&fields=provider%3Anetwork_type HTTP/1.1" status: 200 len: 277 time: 0.0920148
2026-04-27 22:19:46.472 10 INFO neutron.db.ovn_revision_numbers_db [None req-e5eb291a-3077-41b0-9386-e75f14f0bea9 - - - - - -] Successfully bumped revision number for resource 701014c1-cd50-4629-9f2e-b809c282ba31 (type: ports) to 4
2026-04-27 22:19:46.710 10 INFO neutron.wsgi [None req-484e9d52-413b-4676-b758-1611525c652f deb7f9436ba04777bdace9cc6d5bc8b0 815f3c67b503466886e031bf8324ba89 - - default default] 10.0.0.63 "PUT /v2.0/routers/94b9af48-79e1-4d30-86b2-a90fa09f93ba/remove_router_interface HTTP/1.1" status: 200 len: 503 time: 1.8824587 /var/lib/openstack/lib/python3.10/site-packages/pycadf/identifier.py:71: UserWarning: Invalid uuid: neutron. To ensure interoperability, identifiers should be a valid uuid. warnings.warn(('Invalid uuid: %s. To ensure interoperability, '
2026-04-27 22:19:46.819 9 INFO neutron.services.segments.plugin [-] Segment 3c6aeaa1-af49-43a7-be43-e89b46a803e7 resource provider aggregate not found
2026-04-27 22:19:46.828 9 INFO neutron.services.segments.plugin [-] Segment 3c6aeaa1-af49-43a7-be43-e89b46a803e7 resource provider aggregate not found
2026-04-27 22:19:46.841 9 INFO neutron.services.segments.plugin [-] Segment 3c6aeaa1-af49-43a7-be43-e89b46a803e7 resource provider not found; error: Placement Client Error (4xx): {"errors": [{"status": 404, "title": "Not Found", "detail": "The resource could not be found.\n\n No resource provider with uuid 3c6aeaa1-af49-43a7-be43-e89b46a803e7 found for delete ", "request_id": "req-562d0b78-9fc6-405f-8b39-81a1a4dec82f"}]}
2026-04-27 22:19:46.843 9 INFO neutron.services.segments.plugin [-] Segment 3c6aeaa1-af49-43a7-be43-e89b46a803e7 resource provider not found; error: Placement Client Error (4xx): {"errors": [{"status": 404, "title": "Not Found", "detail": "The resource could not be found.\n\n No resource provider with uuid 3c6aeaa1-af49-43a7-be43-e89b46a803e7 found for delete ", "request_id": "req-450911eb-685e-4e40-bb73-2a9a4520d069"}]}
2026-04-27 22:19:47.152 10 INFO neutron.notifiers.nova [-] Nova event matching ['req-54e664a8-6d13-4039-b521-088a4c6ee7ea'] response: {'server_uuid': '2d1208c3-5001-4f52-82dc-ae45821b0a15', 'name': 'network-vif-plugged', 'status': 'completed', 'tag': '701014c1-cd50-4629-9f2e-b809c282ba31', 'code': 200}
2026-04-27 22:19:47.153 10 INFO neutron.notifiers.nova [-] Nova event matching ['req-54e664a8-6d13-4039-b521-088a4c6ee7ea'] response: {'server_uuid': '2d1208c3-5001-4f52-82dc-ae45821b0a15', 'name': 'network-vif-plugged', 'status': 'completed', 'tag': '701014c1-cd50-4629-9f2e-b809c282ba31', 'code': 200}
2026-04-27 22:19:47.386 10 INFO neutron.wsgi [req-239da297-468a-46cc-8aac-35c8c3246226 req-0814d9ce-341e-4910-94f5-67b893182b43 1efd2807c7b44085a8893953afa0033b 1724e4b2e7d74027b2cd9c9f035345a9 - - default default] 10.0.0.182 "GET /v2.0/ports?device_id=2d1208c3-5001-4f52-82dc-ae45821b0a15 HTTP/1.1" status: 200 len: 1174 time: 0.1421306
2026-04-27 22:19:47.452 10 INFO neutron.wsgi [req-239da297-468a-46cc-8aac-35c8c3246226 req-8fd0b270-e53c-43b2-aed7-c77bfa40d0ab 1efd2807c7b44085a8893953afa0033b 1724e4b2e7d74027b2cd9c9f035345a9 - - default default] 10.0.0.182 "GET /v2.0/security-groups?id=b67435c8-864c-4a13-8939-630728dbc158&fields=id&fields=name HTTP/1.1" status: 200 len: 313 time: 0.0574970
2026-04-27 22:19:47.752 10 INFO neutron.wsgi [None req-4e460338-b9e4-4467-9328-f0ec7590f174 deb7f9436ba04777bdace9cc6d5bc8b0 815f3c67b503466886e031bf8324ba89 - - default default] 10.0.0.63 "DELETE /v2.0/routers/94b9af48-79e1-4d30-86b2-a90fa09f93ba HTTP/1.1" status: 204 len: 168 time: 1.0380962
2026-04-27 22:19:47.992 10 INFO neutron.wsgi [None req-a8d3280d-081b-4353-9d5c-89078691ca46 deb7f9436ba04777bdace9cc6d5bc8b0 815f3c67b503466886e031bf8324ba89 - - default default] 10.0.0.63 "DELETE /v2.0/subnets/9280d091-8607-4ce6-a4f3-1f0f844cdc42 HTTP/1.1" status: 204 len: 168 time: 0.2212358
2026-04-27 22:19:48.179 10 WARNING neutron_lib.context [None req-829ef751-779c-40ca-b6bf-42faf34ad6ff 6daacb5125084248b245db235a0ea2f4 5f5646f449a6434b863fa2f65922ecea - - default default] Method 'is_advsvc' is deprecated since 2023.2 release (neutron-lib 3.8.0) and will be removed once support for the old RBAC API policies will be removed from Neutron. Please use method 'is_service_role' instead.
2026-04-27 22:19:48.360 10 INFO neutron.db.ovn_revision_numbers_db [None req-829ef751-779c-40ca-b6bf-42faf34ad6ff 6daacb5125084248b245db235a0ea2f4 5f5646f449a6434b863fa2f65922ecea - - default default] Successfully bumped revision number for resource 0e0524e7-a580-4425-a89f-f22cf56e2fd2 (type: security_groups) to 1
2026-04-27 22:19:48.387 10 INFO neutron.db.ovn_revision_numbers_db [None req-829ef751-779c-40ca-b6bf-42faf34ad6ff 6daacb5125084248b245db235a0ea2f4 5f5646f449a6434b863fa2f65922ecea - - default default] Successfully bumped revision number for resource 22f0886b-3143-45bb-82aa-20c9cabe5eb2 (type: security_group_rules) to 0
2026-04-27 22:19:48.401 9 INFO neutron.wsgi [None req-bf4a994a-413c-4bcc-92b5-2b1c20f90a2d deb7f9436ba04777bdace9cc6d5bc8b0 815f3c67b503466886e031bf8324ba89 - - default default] 10.0.0.63 "DELETE /v2.0/networks/1a6d2923-81e4-4d97-bcc0-9f1817a639dc HTTP/1.1" status: 204 len: 168 time: 0.3997667
2026-04-27 22:19:48.408 10 INFO neutron.db.ovn_revision_numbers_db [None req-829ef751-779c-40ca-b6bf-42faf34ad6ff 6daacb5125084248b245db235a0ea2f4 5f5646f449a6434b863fa2f65922ecea - - default default] Successfully bumped revision number for resource 50c36add-5b55-4569-939d-9f04af8d995f (type: security_group_rules) to 0
2026-04-27 22:19:48.430 10 INFO neutron.db.ovn_revision_numbers_db [None req-829ef751-779c-40ca-b6bf-42faf34ad6ff 6daacb5125084248b245db235a0ea2f4 5f5646f449a6434b863fa2f65922ecea - - default default] Successfully bumped revision number for resource 7ee1a3e8-aa59-487b-8a23-c286a930e787 (type: security_group_rules) to 0
2026-04-27 22:19:48.453 10 INFO neutron.db.ovn_revision_numbers_db [None req-829ef751-779c-40ca-b6bf-42faf34ad6ff 6daacb5125084248b245db235a0ea2f4 5f5646f449a6434b863fa2f65922ecea - - default default] Successfully bumped revision number for resource acf81201-7367-47bd-acd1-0c48043e9c34 (type: security_group_rules) to 0
2026-04-27 22:19:48.509 10 INFO neutron.db.segments_db [None req-829ef751-779c-40ca-b6bf-42faf34ad6ff 6daacb5125084248b245db235a0ea2f4 5f5646f449a6434b863fa2f65922ecea - - default default] Added segment c1f252df-ceda-472e-81ec-0c0792113844 of type geneve for network 56600314-d413-4166-a3a0-8e2d12766817
2026-04-27 22:19:48.854 10 INFO neutron.wsgi [req-ccdaadc6-9edd-4ef8-bedc-2494f476ed48 req-1baf4941-0636-4ff8-8fc0-a13351626a20 1efd2807c7b44085a8893953afa0033b 1724e4b2e7d74027b2cd9c9f035345a9 - - default default] 10.0.0.182 "GET /v2.0/ports?device_id=2d1208c3-5001-4f52-82dc-ae45821b0a15 HTTP/1.1" status: 200 len: 1174 time: 0.3233528
2026-04-27 22:19:48.862 9 INFO neutron.services.segments.plugin [-] Segment b7357046-7295-4287-8067-a550ea0026d3 resource provider aggregate not found
2026-04-27 22:19:48.873 9 INFO neutron.services.segments.plugin [-] Segment b7357046-7295-4287-8067-a550ea0026d3 resource provider not found; error: Placement Client Error (4xx): {"errors": [{"status": 404, "title": "Not Found", "detail": "The resource could not be found.\n\n No resource provider with uuid b7357046-7295-4287-8067-a550ea0026d3 found for delete ", "request_id": "req-6055a9aa-6b1a-4b7e-8bfa-e29ae0a7a0fe"}]}
2026-04-27 22:19:48.876 9 INFO neutron.services.segments.plugin [-] Segment b7357046-7295-4287-8067-a550ea0026d3 resource provider aggregate not found
2026-04-27 22:19:48.893 9 INFO neutron.services.segments.plugin [-] Segment b7357046-7295-4287-8067-a550ea0026d3 resource provider not found; error: Placement Client Error (4xx): {"errors": [{"status": 404, "title": "Not Found", "detail": "The resource could not be found.\n\n No resource provider with uuid b7357046-7295-4287-8067-a550ea0026d3 found for delete ", "request_id": "req-5067bab7-37c7-4291-8e1c-47c04361542c"}]}
2026-04-27 22:19:48.940 10 INFO neutron.wsgi [req-ccdaadc6-9edd-4ef8-bedc-2494f476ed48 req-784e7595-10bd-48bd-a5e7-39f64f312918 1efd2807c7b44085a8893953afa0033b 1724e4b2e7d74027b2cd9c9f035345a9 - - default default] 10.0.0.182 "GET /v2.0/security-groups?id=b67435c8-864c-4a13-8939-630728dbc158&fields=id&fields=name HTTP/1.1" status: 200 len: 313 time: 0.0802426
2026-04-27 22:19:48.941 9 INFO neutron.wsgi [None req-5cbf5c19-7edb-4639-bca1-9311e0b99e08 deb7f9436ba04777bdace9cc6d5bc8b0 815f3c67b503466886e031bf8324ba89 - - default default] 10.0.0.63 "GET /v2.0/security-groups?tenant_id=522183c651334aae8111c14de1689a28&name=default HTTP/1.1" status: 200 len: 3120 time: 0.0448217
2026-04-27 22:19:48.988 10 INFO neutron.db.ovn_revision_numbers_db [None req-829ef751-779c-40ca-b6bf-42faf34ad6ff 6daacb5125084248b245db235a0ea2f4 5f5646f449a6434b863fa2f65922ecea - - default default] Successfully bumped revision number for resource 56600314-d413-4166-a3a0-8e2d12766817 (type: networks) to 1
2026-04-27 22:19:49.066 10 INFO neutron.wsgi [req-481e1bec-3a4b-4d6e-9afc-0bb675c47256 req-55cec19b-e1d2-4d1f-b557-90c3e87baf0e 1efd2807c7b44085a8893953afa0033b 1724e4b2e7d74027b2cd9c9f035345a9 - - default default] 10.0.0.182 "GET /v2.0/ports?device_id=2d1208c3-5001-4f52-82dc-ae45821b0a15 HTTP/1.1" status: 200 len: 1174 time: 0.0471311
2026-04-27 22:19:49.139 10 INFO neutron.wsgi [req-481e1bec-3a4b-4d6e-9afc-0bb675c47256 req-c2c132b1-187a-4cc6-ae8b-f0d370864c32 1efd2807c7b44085a8893953afa0033b 1724e4b2e7d74027b2cd9c9f035345a9 - - default default] 10.0.0.182 "GET /v2.0/security-groups?id=b67435c8-864c-4a13-8939-630728dbc158&fields=id&fields=name HTTP/1.1" status: 200 len: 313 time: 0.0623946
2026-04-27 22:19:49.211 9 INFO neutron.wsgi [None req-3c9f9f2a-37c6-4a80-82b3-7db2c155c8f0 e9f4321df2fa4a8ab628544ee745f4d6 9d8c59f9dfce4d3fb4e20fac903c260a - - default default] 10.0.0.63 "GET /v2.0/ports?device_id=2d1208c3-5001-4f52-82dc-ae45821b0a15 HTTP/1.1" status: 200 len: 1408 time: 0.0435882
2026-04-27 22:19:49.225 9 WARNING neutron_lib.context [None req-7a3bf189-c6a5-4483-9d34-b45cc3c011e5 1efd2807c7b44085a8893953afa0033b 1724e4b2e7d74027b2cd9c9f035345a9 - - default default] Method 'is_advsvc' is deprecated since 2023.2 release (neutron-lib 3.8.0) and will be removed once support for the old RBAC API policies will be removed from Neutron. Please use method 'is_service_role' instead.
2026-04-27 22:19:49.227 10 WARNING neutron.scheduler.dhcp_agent_scheduler [None req-829ef751-779c-40ca-b6bf-42faf34ad6ff 6daacb5125084248b245db235a0ea2f4 5f5646f449a6434b863fa2f65922ecea - - default default] No more DHCP agents
2026-04-27 22:19:49.229 10 WARNING neutron.api.rpc.agentnotifiers.dhcp_rpc_agent_api [None req-829ef751-779c-40ca-b6bf-42faf34ad6ff 6daacb5125084248b245db235a0ea2f4 5f5646f449a6434b863fa2f65922ecea - - default default] Unable to schedule network 56600314-d413-4166-a3a0-8e2d12766817: no agents available; will retry on subsequent port and subnet creation events.
2026-04-27 22:19:49.689 10 INFO neutron.db.ovn_revision_numbers_db [None req-829ef751-779c-40ca-b6bf-42faf34ad6ff 6daacb5125084248b245db235a0ea2f4 5f5646f449a6434b863fa2f65922ecea - - default default] Successfully bumped revision number for resource e9e8a4e7-f253-441e-8e1d-f88dc8ac7dd0 (type: ports) to 1
2026-04-27 22:19:49.706 9 INFO neutron.wsgi [None req-c8fc6272-96f0-45e0-b60a-9f2f498b3dba deb7f9436ba04777bdace9cc6d5bc8b0 815f3c67b503466886e031bf8324ba89 - - default default] 10.0.0.63 "DELETE /v2.0/security-groups/4c6cd1cc-3815-4e79-98e2-2b056b641ecd HTTP/1.1" status: 204 len: 168 time: 0.7609959
2026-04-27 22:19:49.761 10 INFO neutron.wsgi [None req-829ef751-779c-40ca-b6bf-42faf34ad6ff 6daacb5125084248b245db235a0ea2f4 5f5646f449a6434b863fa2f65922ecea - - default default] 10.0.0.63 "POST /v2.0/networks HTTP/1.1" status: 201 len: 833 time: 1.7558653
2026-04-27 22:19:49.775 9 WARNING neutron_lib.context [None req-6442f27a-5f79-4550-8652-1ce016ff613e 6daacb5125084248b245db235a0ea2f4 5f5646f449a6434b863fa2f65922ecea - - default default] Method 'is_advsvc' is deprecated since 2023.2 release (neutron-lib 3.8.0) and will be removed once support for the old RBAC API policies will be removed from Neutron. Please use method 'is_service_role' instead.
2026-04-27 22:19:50.006 9 INFO neutron.db.segments_db [None req-6442f27a-5f79-4550-8652-1ce016ff613e 6daacb5125084248b245db235a0ea2f4 5f5646f449a6434b863fa2f65922ecea - - default default] Added segment ad1d831b-4709-43d1-9bbc-2c03e9a7f5dc of type geneve for network 4a39a900-47d8-440e-94f5-6c462528c22c
2026-04-27 22:19:50.015 9 WARNING neutron.scheduler.dhcp_agent_scheduler [None req-7a3bf189-c6a5-4483-9d34-b45cc3c011e5 1efd2807c7b44085a8893953afa0033b 1724e4b2e7d74027b2cd9c9f035345a9 - - default default] No more DHCP agents
2026-04-27 22:19:50.018 9 WARNING neutron.api.rpc.agentnotifiers.dhcp_rpc_agent_api [None req-7a3bf189-c6a5-4483-9d34-b45cc3c011e5 1efd2807c7b44085a8893953afa0033b 1724e4b2e7d74027b2cd9c9f035345a9 - - default default] Unable to schedule network 20ee4d84-be3b-4f8e-8c40-e21ddfc8e124: no agents available; will retry on subsequent port and subnet creation events.
2026-04-27 22:19:50.082 10 INFO neutron.wsgi [None req-72086f42-31cc-4618-a897-165bf6ee2bbe deb7f9436ba04777bdace9cc6d5bc8b0 815f3c67b503466886e031bf8324ba89 - - default default] 10.0.0.63 "GET /v2.0/security-groups?tenant_id=350d2a1890a34aef80748889f481327a&name=default HTTP/1.1" status: 200 len: 3120 time: 0.0427644
2026-04-27 22:19:50.315 9 INFO neutron.db.ovn_revision_numbers_db [None req-6442f27a-5f79-4550-8652-1ce016ff613e 6daacb5125084248b245db235a0ea2f4 5f5646f449a6434b863fa2f65922ecea - - default default] Successfully bumped revision number for resource 4a39a900-47d8-440e-94f5-6c462528c22c (type: networks) to 1
2026-04-27 22:19:50.438 10 INFO neutron.wsgi [None req-21406b4b-2ab2-4e60-8fa2-541aa4cf1793 deb7f9436ba04777bdace9cc6d5bc8b0 815f3c67b503466886e031bf8324ba89 - - default default] 10.0.0.63 "DELETE /v2.0/security-groups/b114dbbc-c342-49c3-8431-b80f7d1649e3 HTTP/1.1" status: 204 len: 168 time: 0.3512046
2026-04-27 22:19:50.557 9 WARNING neutron.scheduler.dhcp_agent_scheduler [None req-6442f27a-5f79-4550-8652-1ce016ff613e 6daacb5125084248b245db235a0ea2f4 5f5646f449a6434b863fa2f65922ecea - - default default] No more DHCP agents
2026-04-27 22:19:50.563 9 WARNING neutron.api.rpc.agentnotifiers.dhcp_rpc_agent_api [None req-6442f27a-5f79-4550-8652-1ce016ff613e 6daacb5125084248b245db235a0ea2f4 5f5646f449a6434b863fa2f65922ecea - - default default] Unable to schedule network 4a39a900-47d8-440e-94f5-6c462528c22c: no agents available; will retry on subsequent port and subnet creation events.
2026-04-27 22:19:50.683 9 INFO neutron.db.ovn_revision_numbers_db [None req-6442f27a-5f79-4550-8652-1ce016ff613e 6daacb5125084248b245db235a0ea2f4 5f5646f449a6434b863fa2f65922ecea - - default default] Successfully bumped revision number for resource b10a176b-7139-4f5a-bb3e-ebe7eccb4ee5 (type: ports) to 1
2026-04-27 22:19:50.716 9 INFO neutron.wsgi [None req-6442f27a-5f79-4550-8652-1ce016ff613e 6daacb5125084248b245db235a0ea2f4 5f5646f449a6434b863fa2f65922ecea - - default default] 10.0.0.63 "POST /v2.0/networks HTTP/1.1" status: 201 len: 833 time: 0.9498060
2026-04-27 22:19:50.737 9 WARNING neutron_lib.context [None req-ddfa7fc7-f008-4126-b343-7a3b79b1b6f3 6daacb5125084248b245db235a0ea2f4 5f5646f449a6434b863fa2f65922ecea - - default default] Method 'is_advsvc' is deprecated since 2023.2 release (neutron-lib 3.8.0) and will be removed once support for the old RBAC API policies will be removed from Neutron. Please use method 'is_service_role' instead.
2026-04-27 22:19:51.006 9 INFO neutron.db.ovn_revision_numbers_db [None req-7a3bf189-c6a5-4483-9d34-b45cc3c011e5 1efd2807c7b44085a8893953afa0033b 1724e4b2e7d74027b2cd9c9f035345a9 - - default default] Successfully bumped revision number for resource ca7cd5b5-a9d9-4d59-b6cb-f8de1cd08029 (type: floatingips) to -1
2026-04-27 22:19:51.063 9 WARNING neutron.scheduler.dhcp_agent_scheduler [None req-ddfa7fc7-f008-4126-b343-7a3b79b1b6f3 6daacb5125084248b245db235a0ea2f4 5f5646f449a6434b863fa2f65922ecea - - default default] No more DHCP agents
