2026-04-27 22:18:20.309 9 INFO neutron.wsgi [None req-26d2183b-b068-4548-8ead-442848a6f59b ad9867e1180240d9b8bf24a8a5e8fac7 a61e39169f6f4d50ac65980dc39a8458 - - default default] 10.0.0.63 "DELETE /v2.0/routers/5cfdf3c7-3aa2-4f25-8414-ff7cfefafb9c HTTP/1.1" status: 404 len: 336 time: 0.0326352
2026-04-27 22:18:20.334 9 INFO neutron.pecan_wsgi.hooks.translation [None req-f31d689b-c0b6-4b91-bc2f-8ca11ff7941a ad9867e1180240d9b8bf24a8a5e8fac7 a61e39169f6f4d50ac65980dc39a8458 - - default default] DELETE failed (client error): The resource could not be found.
2026-04-27 22:18:20.337 9 INFO neutron.wsgi [None req-f31d689b-c0b6-4b91-bc2f-8ca11ff7941a ad9867e1180240d9b8bf24a8a5e8fac7 a61e39169f6f4d50ac65980dc39a8458 - - default default] 10.0.0.63 "DELETE /v2.0/subnets/d37646f0-63dc-400b-8c34-46813edfa37a HTTP/1.1" status: 404 len: 337 time: 0.0232682
2026-04-27 22:18:20.361 9 INFO neutron.wsgi [None req-22d1216f-2e35-414b-9c74-3cf0f0b12fa7 ad9867e1180240d9b8bf24a8a5e8fac7 a61e39169f6f4d50ac65980dc39a8458 - - default default] 10.0.0.63 "GET /v2.0/ports?device_id=40e7ffcd-6752-47e1-952f-3e109175430c HTTP/1.1" status: 200 len: 205 time: 0.0202680
2026-04-27 22:18:20.367 10 WARNING neutron.scheduler.dhcp_agent_scheduler [None req-e05e9ee2-d4ef-47bf-93b3-c8e2908ab64a df19cbf880a54a538ee6600d0de1d5a9 5a713d58066e49f5a4d94e19c2fdb419 - - default default] No more DHCP agents
2026-04-27 22:18:20.370 10 WARNING neutron.api.rpc.agentnotifiers.dhcp_rpc_agent_api [None req-e05e9ee2-d4ef-47bf-93b3-c8e2908ab64a df19cbf880a54a538ee6600d0de1d5a9 5a713d58066e49f5a4d94e19c2fdb419 - - default default] Unable to schedule network 0ebbd478-ea1c-43ba-a4ea-799ec3befd89: no agents available; will retry on subsequent port and subnet creation events.
2026-04-27 22:18:20.394 9 INFO neutron.api.v2.resource [None req-43887ea1-095d-482d-9558-f3cd6a7871f1 ad9867e1180240d9b8bf24a8a5e8fac7 a61e39169f6f4d50ac65980dc39a8458 - - default default] delete failed (client error): The resource could not be found.
2026-04-27 22:18:20.395 9 INFO neutron.wsgi [None req-43887ea1-095d-482d-9558-f3cd6a7871f1 ad9867e1180240d9b8bf24a8a5e8fac7 a61e39169f6f4d50ac65980dc39a8458 - - default default] 10.0.0.63 "DELETE /v2.0/routers/40e7ffcd-6752-47e1-952f-3e109175430c HTTP/1.1" status: 404 len: 336 time: 0.0315166
2026-04-27 22:18:20.416 9 INFO neutron.pecan_wsgi.hooks.translation [None req-3f317620-d6f0-4bb6-88b7-5829b94f63bd ad9867e1180240d9b8bf24a8a5e8fac7 a61e39169f6f4d50ac65980dc39a8458 - - default default] DELETE failed (client error): The resource could not be found.
2026-04-27 22:18:20.419 9 INFO neutron.wsgi [None req-3f317620-d6f0-4bb6-88b7-5829b94f63bd ad9867e1180240d9b8bf24a8a5e8fac7 a61e39169f6f4d50ac65980dc39a8458 - - default default] 10.0.0.63 "DELETE /v2.0/subnets/fb4ad00b-0cb1-4d6d-89d9-60d6fd5e643c HTTP/1.1" status: 404 len: 337 time: 0.0183790
2026-04-27 22:18:20.452 9 INFO neutron.wsgi [None req-34e378f7-3d47-4cde-93af-1bce159649df ad9867e1180240d9b8bf24a8a5e8fac7 a61e39169f6f4d50ac65980dc39a8458 - - default default] 10.0.0.63 "GET /v2.0/ports?device_id=b4cbf03c-604b-46d0-8287-9b75b9006b6c HTTP/1.1" status: 200 len: 205 time: 0.0288091
2026-04-27 22:18:20.480 9 INFO neutron.api.v2.resource [None req-9968c336-e8ad-4c74-bb59-2674434fad8d ad9867e1180240d9b8bf24a8a5e8fac7 a61e39169f6f4d50ac65980dc39a8458 - - default default] delete failed (client error): The resource could not be found.
2026-04-27 22:18:20.481 9 INFO neutron.wsgi [None req-9968c336-e8ad-4c74-bb59-2674434fad8d ad9867e1180240d9b8bf24a8a5e8fac7 a61e39169f6f4d50ac65980dc39a8458 - - default default] 10.0.0.63 "DELETE /v2.0/routers/b4cbf03c-604b-46d0-8287-9b75b9006b6c HTTP/1.1" status: 404 len: 336 time: 0.0258298
2026-04-27 22:18:20.495 10 INFO neutron.db.ovn_revision_numbers_db [None req-e05e9ee2-d4ef-47bf-93b3-c8e2908ab64a df19cbf880a54a538ee6600d0de1d5a9 5a713d58066e49f5a4d94e19c2fdb419 - - default default] Successfully bumped revision number for resource d0560f2e-89e2-407c-9d60-b9193047211d (type: ports) to 1
2026-04-27 22:18:20.503 9 INFO neutron.pecan_wsgi.hooks.translation [None req-630c417f-3b58-41ea-af94-be1e78427185 ad9867e1180240d9b8bf24a8a5e8fac7 a61e39169f6f4d50ac65980dc39a8458 - - default default] DELETE failed (client error): The resource could not be found.
2026-04-27 22:18:20.506 9 INFO neutron.wsgi [None req-630c417f-3b58-41ea-af94-be1e78427185 ad9867e1180240d9b8bf24a8a5e8fac7 a61e39169f6f4d50ac65980dc39a8458 - - default default] 10.0.0.63 "DELETE /v2.0/subnets/8649ddcb-2ba5-416e-a015-775d3512c8cb HTTP/1.1" status: 404 len: 337 time: 0.0195611
2026-04-27 22:18:20.527 9 INFO neutron.pecan_wsgi.hooks.translation [None req-353c8bbe-a798-4ca1-8ae8-cb5af8b1adb7 ad9867e1180240d9b8bf24a8a5e8fac7 a61e39169f6f4d50ac65980dc39a8458 - - default default] DELETE failed (client error): The resource could not be found.
2026-04-27 22:18:20.530 9 INFO neutron.wsgi [None req-353c8bbe-a798-4ca1-8ae8-cb5af8b1adb7 ad9867e1180240d9b8bf24a8a5e8fac7 a61e39169f6f4d50ac65980dc39a8458 - - default default] 10.0.0.63 "DELETE /v2.0/subnets/86ef9c2b-e8c4-4be7-8f7f-0a370daeff69 HTTP/1.1" status: 404 len: 337 time: 0.0170186
2026-04-27 22:18:20.530 10 INFO neutron.wsgi [None req-e05e9ee2-d4ef-47bf-93b3-c8e2908ab64a df19cbf880a54a538ee6600d0de1d5a9 5a713d58066e49f5a4d94e19c2fdb419 - - default default] 10.0.0.63 "POST /v2.0/networks HTTP/1.1" status: 201 len: 843 time: 1.0835810
2026-04-27 22:18:20.569 9 WARNING neutron_lib.context [None req-6364e33d-b939-4eb7-8741-a6d0acf620f4 df19cbf880a54a538ee6600d0de1d5a9 5a713d58066e49f5a4d94e19c2fdb419 - - default default] Method 'is_advsvc' is deprecated since 2023.2 release (neutron-lib 3.8.0) and will be removed once support for the old RBAC API policies will be removed from Neutron. Please use method 'is_service_role' instead.
2026-04-27 22:18:20.722 10 INFO neutron.wsgi [None req-9ae4726f-8c0c-4ac9-9926-7141c4020da5 990bf0e5c0804a65bb770da2e9879c21 3c8fbc2775334082a4f36bfda586cdd1 - - default default] 10.0.0.63 "DELETE /v2.0/networks/08f8a0e4-dd1b-43ef-a5d6-0b8b5d189430 HTTP/1.1" status: 204 len: 168 time: 0.4879811
2026-04-27 22:18:20.843 9 WARNING neutron.scheduler.dhcp_agent_scheduler [None req-6364e33d-b939-4eb7-8741-a6d0acf620f4 df19cbf880a54a538ee6600d0de1d5a9 5a713d58066e49f5a4d94e19c2fdb419 - - default default] No more DHCP agents
2026-04-27 22:18:20.846 9 WARNING neutron.api.rpc.agentnotifiers.dhcp_rpc_agent_api [None req-6364e33d-b939-4eb7-8741-a6d0acf620f4 df19cbf880a54a538ee6600d0de1d5a9 5a713d58066e49f5a4d94e19c2fdb419 - - default default] Unable to schedule network 0ebbd478-ea1c-43ba-a4ea-799ec3befd89: no agents available; will retry on subsequent port and subnet creation events.
2026-04-27 22:18:21.206 10 INFO neutron.wsgi [None req-e7dc1636-551f-4a04-b8f8-534ecc1e31de deb7f9436ba04777bdace9cc6d5bc8b0 815f3c67b503466886e031bf8324ba89 - - default default] 10.0.0.63 "GET /v2.0/security-groups?tenant_id=a61e39169f6f4d50ac65980dc39a8458&name=default HTTP/1.1" status: 200 len: 3120 time: 0.1342158
2026-04-27 22:18:21.213 9 INFO neutron.wsgi [None req-3d06b792-ba45-46a1-8f8a-81f988a1da14 990bf0e5c0804a65bb770da2e9879c21 3c8fbc2775334082a4f36bfda586cdd1 - - default default] 10.0.0.63 "DELETE /v2.0/networks/a1698b4b-f6d0-454e-ab68-920e33d39900 HTTP/1.1" status: 204 len: 168 time: 0.4845202
2026-04-27 22:18:21.422 9 INFO neutron.db.ovn_revision_numbers_db [None req-6364e33d-b939-4eb7-8741-a6d0acf620f4 df19cbf880a54a538ee6600d0de1d5a9 5a713d58066e49f5a4d94e19c2fdb419 - - default default] Successfully bumped revision number for resource d0560f2e-89e2-407c-9d60-b9193047211d (type: ports) to 2
2026-04-27 22:18:21.458 9 INFO neutron.db.ovn_revision_numbers_db [None req-6364e33d-b939-4eb7-8741-a6d0acf620f4 df19cbf880a54a538ee6600d0de1d5a9 5a713d58066e49f5a4d94e19c2fdb419 - - default default] Successfully bumped revision number for resource 9ffffeb7-13a8-42bd-9db5-e7b91297f351 (type: subnets) to 0
2026-04-27 22:18:21.474 9 INFO neutron.wsgi [None req-6364e33d-b939-4eb7-8741-a6d0acf620f4 df19cbf880a54a538ee6600d0de1d5a9 5a713d58066e49f5a4d94e19c2fdb419 - - default default] 10.0.0.63 "POST /v2.0/subnets HTTP/1.1" status: 201 len: 816 time: 0.9114296
2026-04-27 22:18:21.483 9 WARNING neutron_lib.context [None req-1f2cd7d5-9ab0-428b-9bec-d0b5b66ee9c9 df19cbf880a54a538ee6600d0de1d5a9 5a713d58066e49f5a4d94e19c2fdb419 - - default default] Method 'is_advsvc' is deprecated since 2023.2 release (neutron-lib 3.8.0) and will be removed once support for the old RBAC API policies will be removed from Neutron. Please use method 'is_service_role' instead.
2026-04-27 22:18:21.495 10 INFO neutron.wsgi [None req-51d5e4d3-e877-40dd-972f-f68a1ed9f940 deb7f9436ba04777bdace9cc6d5bc8b0 815f3c67b503466886e031bf8324ba89 - - default default] 10.0.0.63 "DELETE /v2.0/security-groups/88337847-f4ec-49b5-8eaf-82c2dd1a025c HTTP/1.1" status: 204 len: 168 time: 0.2829437
2026-04-27 22:18:21.554 9 INFO neutron.db.segments_db [None req-1f2cd7d5-9ab0-428b-9bec-d0b5b66ee9c9 df19cbf880a54a538ee6600d0de1d5a9 5a713d58066e49f5a4d94e19c2fdb419 - - default default] Added segment 6582d1ca-4c2d-4385-b0e6-65fc49634340 of type geneve for network 8bd28954-7943-4482-943c-d83cbefe18d6
2026-04-27 22:18:21.618 10 INFO neutron.services.segments.plugin [-] Segment a9b9f720-6205-4f65-9431-fbab59b96da5 resource provider aggregate not found
2026-04-27 22:18:21.623 10 INFO neutron.services.segments.plugin [-] Segment a9b9f720-6205-4f65-9431-fbab59b96da5 resource provider aggregate not found
2026-04-27 22:18:21.643 10 INFO neutron.wsgi [None req-126f7ea0-7adf-4039-b36a-7bd5a96e5ab5 990bf0e5c0804a65bb770da2e9879c21 3c8fbc2775334082a4f36bfda586cdd1 - - default default] 10.0.0.63 "DELETE /v2.0/networks/62c5e3d6-c2f9-4ec2-a389-bd89a947c701 HTTP/1.1" status: 204 len: 168 time: 0.4246049
2026-04-27 22:18:21.644 10 INFO neutron.services.segments.plugin [-] Segment a9b9f720-6205-4f65-9431-fbab59b96da5 resource provider not found; error: Placement Client Error (4xx): {"errors": [{"status": 404, "title": "Not Found", "detail": "The resource could not be found.\n\n No resource provider with uuid a9b9f720-6205-4f65-9431-fbab59b96da5 found for delete ", "request_id": "req-e1091ef9-6018-4b7e-8efe-f073964c3251"}]}
2026-04-27 22:18:21.648 10 INFO neutron.services.segments.plugin [-] Segment a9b9f720-6205-4f65-9431-fbab59b96da5 resource provider not found; error: Placement Client Error (4xx): {"errors": [{"status": 404, "title": "Not Found", "detail": "The resource could not be found.\n\n No resource provider with uuid a9b9f720-6205-4f65-9431-fbab59b96da5 found for delete ", "request_id": "req-922d7f1f-c608-436f-8c6f-f6d82bd91dae"}]}
2026-04-27 22:18:21.664 10 INFO neutron.services.segments.plugin [-] Segment e65e0565-c8ce-49a3-b081-6f50bbdd9fbd resource provider aggregate not found
2026-04-27 22:18:21.668 10 INFO neutron.services.segments.plugin [-] Segment e65e0565-c8ce-49a3-b081-6f50bbdd9fbd resource provider aggregate not found
2026-04-27 22:18:21.678 10 INFO neutron.services.segments.plugin [-] Segment e65e0565-c8ce-49a3-b081-6f50bbdd9fbd resource provider not found; error: Placement Client Error (4xx): {"errors": [{"status": 404, "title": "Not Found", "detail": "The resource could not be found.\n\n No resource provider with uuid e65e0565-c8ce-49a3-b081-6f50bbdd9fbd found for delete ", "request_id": "req-8fd1a99d-4943-424e-80a4-ba198b7edbd3"}]}
2026-04-27 22:18:21.684 10 INFO neutron.services.segments.plugin [-] Segment e65e0565-c8ce-49a3-b081-6f50bbdd9fbd resource provider not found; error: Placement Client Error (4xx): {"errors": [{"status": 404, "title": "Not Found", "detail": "The resource could not be found.\n\n No resource provider with uuid e65e0565-c8ce-49a3-b081-6f50bbdd9fbd found for delete ", "request_id": "req-abdad216-2de0-4b3d-a1ab-d9306902d8f1"}]}
2026-04-27 22:18:21.697 9 INFO neutron.db.ovn_revision_numbers_db [None req-1f2cd7d5-9ab0-428b-9bec-d0b5b66ee9c9 df19cbf880a54a538ee6600d0de1d5a9 5a713d58066e49f5a4d94e19c2fdb419 - - default default] Successfully bumped revision number for resource 8bd28954-7943-4482-943c-d83cbefe18d6 (type: networks) to 1
2026-04-27 22:18:21.863 9 WARNING neutron.scheduler.dhcp_agent_scheduler [None req-1f2cd7d5-9ab0-428b-9bec-d0b5b66ee9c9 df19cbf880a54a538ee6600d0de1d5a9 5a713d58066e49f5a4d94e19c2fdb419 - - default default] No more DHCP agents
2026-04-27 22:18:21.865 9 WARNING neutron.api.rpc.agentnotifiers.dhcp_rpc_agent_api [None req-1f2cd7d5-9ab0-428b-9bec-d0b5b66ee9c9 df19cbf880a54a538ee6600d0de1d5a9 5a713d58066e49f5a4d94e19c2fdb419 - - default default] Unable to schedule network 8bd28954-7943-4482-943c-d83cbefe18d6: no agents available; will retry on subsequent port and subnet creation events.
2026-04-27 22:18:21.960 9 INFO neutron.db.ovn_revision_numbers_db [None req-1f2cd7d5-9ab0-428b-9bec-d0b5b66ee9c9 df19cbf880a54a538ee6600d0de1d5a9 5a713d58066e49f5a4d94e19c2fdb419 - - default default] Successfully bumped revision number for resource b395aaa2-4a28-4666-9ef9-240534886775 (type: ports) to 1
2026-04-27 22:18:21.992 9 INFO neutron.wsgi [None req-1f2cd7d5-9ab0-428b-9bec-d0b5b66ee9c9 df19cbf880a54a538ee6600d0de1d5a9 5a713d58066e49f5a4d94e19c2fdb419 - - default default] 10.0.0.63 "POST /v2.0/networks HTTP/1.1" status: 201 len: 843 time: 0.5122774
2026-04-27 22:18:22.231 9 INFO neutron.services.segments.plugin [-] Segment 78df67b3-785a-47ad-a481-1818d840ea3c resource provider aggregate not found
2026-04-27 22:18:22.236 9 INFO neutron.services.segments.plugin [-] Segment 78df67b3-785a-47ad-a481-1818d840ea3c resource provider aggregate not found
2026-04-27 22:18:22.243 9 INFO neutron.services.segments.plugin [-] Segment 78df67b3-785a-47ad-a481-1818d840ea3c resource provider not found; error: Placement Client Error (4xx): {"errors": [{"status": 404, "title": "Not Found", "detail": "The resource could not be found.\n\n No resource provider with uuid 78df67b3-785a-47ad-a481-1818d840ea3c found for delete ", "request_id": "req-e0941b06-e233-411e-844b-2f405d19a23c"}]}
2026-04-27 22:18:22.258 9 INFO neutron.services.segments.plugin [-] Segment 78df67b3-785a-47ad-a481-1818d840ea3c resource provider not found; error: Placement Client Error (4xx): {"errors": [{"status": 404, "title": "Not Found", "detail": "The resource could not be found.\n\n No resource provider with uuid 78df67b3-785a-47ad-a481-1818d840ea3c found for delete ", "request_id": "req-13b7cd82-ec3e-4ead-8bcb-308af235cc89"}]}
2026-04-27 22:18:22.269 9 INFO neutron.db.ovn_revision_numbers_db [None req-b5910ae5-a810-4178-ac44-4f5f3810c4bf df19cbf880a54a538ee6600d0de1d5a9 5a713d58066e49f5a4d94e19c2fdb419 - - default default] Successfully bumped revision number for resource 8bd28954-7943-4482-943c-d83cbefe18d6 (type: networks) to 2
2026-04-27 22:18:22.277 9 INFO neutron.wsgi [None req-b5910ae5-a810-4178-ac44-4f5f3810c4bf df19cbf880a54a538ee6600d0de1d5a9 5a713d58066e49f5a4d94e19c2fdb419 - - default default] 10.0.0.63 "PUT /v2.0/networks/8bd28954-7943-4482-943c-d83cbefe18d6 HTTP/1.1" status: 200 len: 792 time: 0.2779682
2026-04-27 22:18:22.284 9 WARNING neutron_lib.context [None req-92c20093-fb72-457c-afff-44e58f90287d df19cbf880a54a538ee6600d0de1d5a9 5a713d58066e49f5a4d94e19c2fdb419 - - default default] Method 'is_advsvc' is deprecated since 2023.2 release (neutron-lib 3.8.0) and will be removed once support for the old RBAC API policies will be removed from Neutron. Please use method 'is_service_role' instead.
2026-04-27 22:18:22.526 10 INFO neutron.wsgi [req-644e689f-142c-4067-bbeb-244dd01e4bc4 req-6965caaf-a1fa-40d2-80b4-8195d1b36ccd 704a36a6de1240e18012a19f0f05f720 2f9b73de570f4c89af39e63d7cdb54cd - - 40fd682ceee84a83889ba67ab46e917c 40fd682ceee84a83889ba67ab46e917c] 10.0.0.39 "GET /v2.0/ports?device_id=3fdd87ee-8016-4a96-9e48-153c49f245a8 HTTP/1.1" status: 200 len: 1409 time: 0.0611665
2026-04-27 22:18:22.563 9 WARNING neutron.scheduler.dhcp_agent_scheduler [None req-92c20093-fb72-457c-afff-44e58f90287d df19cbf880a54a538ee6600d0de1d5a9 5a713d58066e49f5a4d94e19c2fdb419 - - default default] No more DHCP agents
2026-04-27 22:18:22.568 9 WARNING neutron.api.rpc.agentnotifiers.dhcp_rpc_agent_api [None req-92c20093-fb72-457c-afff-44e58f90287d df19cbf880a54a538ee6600d0de1d5a9 5a713d58066e49f5a4d94e19c2fdb419 - - default default] Unable to schedule network 8bd28954-7943-4482-943c-d83cbefe18d6: no agents available; will retry on subsequent port and subnet creation events.
2026-04-27 22:18:22.577 9 WARNING neutron.plugins.ml2.drivers.ovn.mech_driver.ovsdb.ovn_client [None req-dfd8fd72-4598-4a77-b8a1-42d2eab836db - - - - - -] No port found with ID a701cee7-5763-4eb9-b5ca-c975c5e2cb4a: RuntimeError: No port found with ID a701cee7-5763-4eb9-b5ca-c975c5e2cb4a
2026-04-27 22:18:22.585 10 INFO neutron.wsgi [req-644e689f-142c-4067-bbeb-244dd01e4bc4 req-ca805e77-5416-44ee-b09e-86356bdd183b 704a36a6de1240e18012a19f0f05f720 2f9b73de570f4c89af39e63d7cdb54cd - - 40fd682ceee84a83889ba67ab46e917c 40fd682ceee84a83889ba67ab46e917c] 10.0.0.39 "GET /v2.0/security-groups?id=b6746900-22cd-4246-9760-71c6bf99b313&fields=id&fields=name HTTP/1.1" status: 200 len: 312 time: 0.0523279
2026-04-27 22:18:22.876 9 INFO neutron.db.ovn_revision_numbers_db [None req-61b7e225-ebc5-44e5-bf59-e3fad82704a6 deb7f9436ba04777bdace9cc6d5bc8b0 815f3c67b503466886e031bf8324ba89 - - default default] Successfully bumped revision number for resource ee2c1800-4bb0-4f21-a8b8-3f38999a3b98 (type: security_groups) to 1
2026-04-27 22:18:22.895 9 INFO neutron.db.ovn_revision_numbers_db [None req-61b7e225-ebc5-44e5-bf59-e3fad82704a6 deb7f9436ba04777bdace9cc6d5bc8b0 815f3c67b503466886e031bf8324ba89 - - default default] Successfully bumped revision number for resource 29ed7a0c-b298-4c98-a084-f5f210e94446 (type: security_group_rules) to 0
2026-04-27 22:18:22.923 9 INFO neutron.db.ovn_revision_numbers_db [None req-61b7e225-ebc5-44e5-bf59-e3fad82704a6 deb7f9436ba04777bdace9cc6d5bc8b0 815f3c67b503466886e031bf8324ba89 - - default default] Successfully bumped revision number for resource 3ae94e89-d74d-421f-89cf-4ed3bcede222 (type: security_group_rules) to 0
2026-04-27 22:18:22.957 9 INFO neutron.db.ovn_revision_numbers_db [None req-61b7e225-ebc5-44e5-bf59-e3fad82704a6 deb7f9436ba04777bdace9cc6d5bc8b0 815f3c67b503466886e031bf8324ba89 - - default default] Successfully bumped revision number for resource e594326c-fcaa-4aca-b3a2-3e6465d64cd9 (type: security_group_rules) to 0
2026-04-27 22:18:22.976 9 INFO neutron.db.ovn_revision_numbers_db [None req-61b7e225-ebc5-44e5-bf59-e3fad82704a6 deb7f9436ba04777bdace9cc6d5bc8b0 815f3c67b503466886e031bf8324ba89 - - default default] Successfully bumped revision number for resource f3232010-c056-4a72-a914-3985dc57eda1 (type: security_group_rules) to 0
2026-04-27 22:18:23.001 9 INFO neutron.wsgi [None req-61b7e225-ebc5-44e5-bf59-e3fad82704a6 deb7f9436ba04777bdace9cc6d5bc8b0 815f3c67b503466886e031bf8324ba89 - - default default] 10.0.0.63 "GET /v2.0/security-groups?tenant_id=461389ed3df7405787914db1fa71ab4e&name=default HTTP/1.1" status: 200 len: 3120 time: 0.4947660
2026-04-27 22:18:23.331 9 INFO neutron.db.ovn_revision_numbers_db [None req-92c20093-fb72-457c-afff-44e58f90287d df19cbf880a54a538ee6600d0de1d5a9 5a713d58066e49f5a4d94e19c2fdb419 - - default default] Successfully bumped revision number for resource b395aaa2-4a28-4666-9ef9-240534886775 (type: ports) to 2
2026-04-27 22:18:23.359 9 INFO neutron.db.ovn_revision_numbers_db [None req-92c20093-fb72-457c-afff-44e58f90287d df19cbf880a54a538ee6600d0de1d5a9 5a713d58066e49f5a4d94e19c2fdb419 - - default default] Successfully bumped revision number for resource a6ad4fbc-54b8-4d13-9119-2c8626d28c85 (type: subnets) to 0
2026-04-27 22:18:23.372 9 INFO neutron.wsgi [None req-92c20093-fb72-457c-afff-44e58f90287d df19cbf880a54a538ee6600d0de1d5a9 5a713d58066e49f5a4d94e19c2fdb419 - - default default] 10.0.0.63 "POST /v2.0/subnets HTTP/1.1" status: 201 len: 801 time: 1.0918527
2026-04-27 22:18:23.393 9 WARNING neutron_lib.context [None req-c97142ca-9abc-4e8d-942a-8fa287175f4b 222e4948edb14ab68ba60f797f2b34db ee0d522c54854a6ca257efaf1793bfce - - default default] Method 'is_advsvc' is deprecated since 2023.2 release (neutron-lib 3.8.0) and will be removed once support for the old RBAC API policies will be removed from Neutron. Please use method 'is_service_role' instead.
2026-04-27 22:18:23.472 10 INFO neutron.wsgi [None req-716f3087-05bb-4706-823b-7e9c39aaced0 deb7f9436ba04777bdace9cc6d5bc8b0 815f3c67b503466886e031bf8324ba89 - - default default] 10.0.0.63 "DELETE /v2.0/security-groups/ee2c1800-4bb0-4f21-a8b8-3f38999a3b98 HTTP/1.1" status: 204 len: 168 time: 0.4654281
2026-04-27 22:18:23.596 9 INFO neutron.db.ovn_revision_numbers_db [None req-c97142ca-9abc-4e8d-942a-8fa287175f4b 222e4948edb14ab68ba60f797f2b34db ee0d522c54854a6ca257efaf1793bfce - - default default] Successfully bumped revision number for resource add95fb8-0d19-43d1-b0f2-afbe9241111f (type: security_groups) to 1
2026-04-27 22:18:23.618 9 INFO neutron.db.ovn_revision_numbers_db [None req-c97142ca-9abc-4e8d-942a-8fa287175f4b 222e4948edb14ab68ba60f797f2b34db ee0d522c54854a6ca257efaf1793bfce - - default default] Successfully bumped revision number for resource 03122f01-f7a6-48e7-9d23-87707354195c (type: security_group_rules) to 0
2026-04-27 22:18:23.638 9 INFO neutron.db.ovn_revision_numbers_db [None req-c97142ca-9abc-4e8d-942a-8fa287175f4b 222e4948edb14ab68ba60f797f2b34db ee0d522c54854a6ca257efaf1793bfce - - default default] Successfully bumped revision number for resource 82558bc2-e5be-43c5-b398-6cbf1b64a549 (type: security_group_rules) to 0
2026-04-27 22:18:23.659 9 INFO neutron.db.ovn_revision_numbers_db [None req-c97142ca-9abc-4e8d-942a-8fa287175f4b 222e4948edb14ab68ba60f797f2b34db ee0d522c54854a6ca257efaf1793bfce - - default default] Successfully bumped revision number for resource d004b3b5-c915-4422-a283-3b39f4a18137 (type: security_group_rules) to 0
2026-04-27 22:18:23.680 9 INFO neutron.db.ovn_revision_numbers_db [None req-c97142ca-9abc-4e8d-942a-8fa287175f4b 222e4948edb14ab68ba60f797f2b34db ee0d522c54854a6ca257efaf1793bfce - - default default] Successfully bumped revision number for resource f9888fde-0c8a-4874-987c-4da2371848a8 (type: security_group_rules) to 0
2026-04-27 22:18:23.681 10 INFO neutron.wsgi [None req-0a811e92-a037-4820-8301-3a79281241e7 deb7f9436ba04777bdace9cc6d5bc8b0 815f3c67b503466886e031bf8324ba89 - - default default] 10.0.0.63 "GET /v2.0/security-groups?tenant_id=3c8fbc2775334082a4f36bfda586cdd1&name=default HTTP/1.1" status: 200 len: 3120 time: 0.0495477
2026-04-27 22:18:23.737 9 INFO neutron.db.ovn_revision_numbers_db [None req-5229042d-1b6d-42a4-8cf9-c8d440c05f69 df19cbf880a54a538ee6600d0de1d5a9 5a713d58066e49f5a4d94e19c2fdb419 - - default default] Successfully bumped revision number for resource a6ad4fbc-54b8-4d13-9119-2c8626d28c85 (type: subnets) to 1
2026-04-27 22:18:23.740 9 INFO neutron.wsgi [None req-5229042d-1b6d-42a4-8cf9-c8d440c05f69 df19cbf880a54a538ee6600d0de1d5a9 5a713d58066e49f5a4d94e19c2fdb419 - - default default] 10.0.0.63 "PUT /v2.0/subnets/a6ad4fbc-54b8-4d13-9119-2c8626d28c85 HTTP/1.1" status: 200 len: 806 time: 0.3634591
2026-04-27 22:18:23.809 9 INFO neutron.db.ovn_revision_numbers_db [None req-c97142ca-9abc-4e8d-942a-8fa287175f4b 222e4948edb14ab68ba60f797f2b34db ee0d522c54854a6ca257efaf1793bfce - - default default] Successfully bumped revision number for resource 53cc9255-e4ee-4a24-9439-2829eabebcb7 (type: security_groups) to 1
2026-04-27 22:18:23.824 9 INFO neutron.db.ovn_revision_numbers_db [None req-c97142ca-9abc-4e8d-942a-8fa287175f4b 222e4948edb14ab68ba60f797f2b34db ee0d522c54854a6ca257efaf1793bfce - - default default] Successfully bumped revision number for resource 23d58455-5bfd-4115-9544-41179e0d7e5a (type: security_group_rules) to 0
2026-04-27 22:18:23.846 9 INFO neutron.db.ovn_revision_numbers_db [None req-c97142ca-9abc-4e8d-942a-8fa287175f4b 222e4948edb14ab68ba60f797f2b34db ee0d522c54854a6ca257efaf1793bfce - - default default] Successfully bumped revision number for resource 6db4b5b9-9326-4db3-9816-26468de907c6 (type: security_group_rules) to 0
2026-04-27 22:18:23.873 9 INFO neutron.wsgi [None req-c97142ca-9abc-4e8d-942a-8fa287175f4b 222e4948edb14ab68ba60f797f2b34db ee0d522c54854a6ca257efaf1793bfce - - default default] 10.0.0.63 "POST /v2.0/security-groups HTTP/1.1" status: 201 len: 1823 time: 0.5863795
2026-04-27 22:18:23.929 9 INFO neutron.wsgi [None req-7e8bbb53-fa7d-4e35-b1fc-717b134e3a4d 222e4948edb14ab68ba60f797f2b34db ee0d522c54854a6ca257efaf1793bfce - - default default] 10.0.0.63 "GET /v2.0/security-groups HTTP/1.1" status: 200 len: 4723 time: 0.0504191
2026-04-27 22:18:23.932 10 INFO neutron.wsgi [None req-40c66896-2995-4eab-844b-e8ca47c3f3ea deb7f9436ba04777bdace9cc6d5bc8b0 815f3c67b503466886e031bf8324ba89 - - default default] 10.0.0.63 "DELETE /v2.0/security-groups/760b71e9-2bd2-479a-9341-e5bd1614418b HTTP/1.1" status: 204 len: 168 time: 0.2464967
2026-04-27 22:18:24.051 9 INFO neutron.db.ovn_revision_numbers_db [None req-272ad241-384c-44ad-a24c-ed94771c83be 222e4948edb14ab68ba60f797f2b34db ee0d522c54854a6ca257efaf1793bfce - - default default] Successfully bumped revision number for resource 53cc9255-e4ee-4a24-9439-2829eabebcb7 (type: security_groups) to 2
2026-04-27 22:18:24.054 9 INFO neutron.wsgi [None req-272ad241-384c-44ad-a24c-ed94771c83be 222e4948edb14ab68ba60f797f2b34db ee0d522c54854a6ca257efaf1793bfce - - default default] 10.0.0.63 "PUT /v2.0/security-groups/53cc9255-e4ee-4a24-9439-2829eabebcb7 HTTP/1.1" status: 200 len: 1859 time: 0.1202641
2026-04-27 22:18:24.094 10 INFO neutron.wsgi [None req-56b9ef65-2468-4305-9e15-f702bfef6fad 222e4948edb14ab68ba60f797f2b34db ee0d522c54854a6ca257efaf1793bfce - - default default] 10.0.0.63 "GET /v2.0/security-groups/53cc9255-e4ee-4a24-9439-2829eabebcb7 HTTP/1.1" status: 200 len: 1859 time: 0.0305977
2026-04-27 22:18:24.257 10 INFO neutron.wsgi [None req-a326c816-4930-4c39-8d21-5399bb2b499c 222e4948edb14ab68ba60f797f2b34db ee0d522c54854a6ca257efaf1793bfce - - default default] 10.0.0.63 "DELETE /v2.0/security-groups/53cc9255-e4ee-4a24-9439-2829eabebcb7 HTTP/1.1" status: 204 len: 168 time: 0.1571395
2026-04-27 22:18:24.293 10 INFO neutron.db.ovn_revision_numbers_db [None req-89768e21-2d02-4863-bdc8-dbc1cb37c7ea deb7f9436ba04777bdace9cc6d5bc8b0 815f3c67b503466886e031bf8324ba89 - - default default] Successfully bumped revision number for resource bf168297-b10f-421d-b5c7-c2ea330d204e (type: security_groups) to 1
2026-04-27 22:18:24.310 10 INFO neutron.wsgi [None req-8140e1af-9fd7-4989-8562-7faa3c284602 222e4948edb14ab68ba60f797f2b34db ee0d522c54854a6ca257efaf1793bfce - - default default] 10.0.0.63 "GET /v2.0/security-groups HTTP/1.1" status: 200 len: 3120 time: 0.0475938
2026-04-27 22:18:24.327 10 INFO neutron.api.v2.resource [None req-d395e25f-2be5-451a-926b-5e75abc43de2 222e4948edb14ab68ba60f797f2b34db ee0d522c54854a6ca257efaf1793bfce - - default default] delete failed (client error): The resource could not be found.
2026-04-27 22:18:24.328 10 INFO neutron.wsgi [None req-d395e25f-2be5-451a-926b-5e75abc43de2 222e4948edb14ab68ba60f797f2b34db ee0d522c54854a6ca257efaf1793bfce - - default default] 10.0.0.63 "DELETE /v2.0/security-groups/53cc9255-e4ee-4a24-9439-2829eabebcb7 HTTP/1.1" status: 404 len: 347 time: 0.0120065
2026-04-27 22:18:24.328 10 INFO neutron.db.ovn_revision_numbers_db [None req-89768e21-2d02-4863-bdc8-dbc1cb37c7ea deb7f9436ba04777bdace9cc6d5bc8b0 815f3c67b503466886e031bf8324ba89 - - default default] Successfully bumped revision number for resource 33d37348-7f0b-4bcd-a19d-3854b1b1d05b (type: security_group_rules) to 0
2026-04-27 22:18:24.340 9 WARNING neutron_lib.context [None req-4389efdc-7529-4d06-9ca3-9d0b61ed257a 222e4948edb14ab68ba60f797f2b34db ee0d522c54854a6ca257efaf1793bfce - - default default] Method 'is_advsvc' is deprecated since 2023.2 release (neutron-lib 3.8.0) and will be removed once support for the old RBAC API policies will be removed from Neutron. Please use method 'is_service_role' instead.
2026-04-27 22:18:24.349 10 INFO neutron.db.ovn_revision_numbers_db [None req-89768e21-2d02-4863-bdc8-dbc1cb37c7ea deb7f9436ba04777bdace9cc6d5bc8b0 815f3c67b503466886e031bf8324ba89 - - default default] Successfully bumped revision number for resource 88de078f-c5d6-490f-9b3b-6b50d679a735 (type: security_group_rules) to 0
2026-04-27 22:18:24.365 10 INFO neutron.db.ovn_revision_numbers_db [None req-89768e21-2d02-4863-bdc8-dbc1cb37c7ea deb7f9436ba04777bdace9cc6d5bc8b0 815f3c67b503466886e031bf8324ba89 - - default default] Successfully bumped revision number for resource bc6cab57-b46c-440b-aaa4-88ee49f75be7 (type: security_group_rules) to 0
2026-04-27 22:18:24.381 10 INFO neutron.db.ovn_revision_numbers_db [None req-89768e21-2d02-4863-bdc8-dbc1cb37c7ea deb7f9436ba04777bdace9cc6d5bc8b0 815f3c67b503466886e031bf8324ba89 - - default default] Successfully bumped revision number for resource f0e6911b-71a1-45c1-b684-d060f0142c19 (type: security_group_rules) to 0
2026-04-27 22:18:24.402 10 INFO neutron.wsgi [None req-89768e21-2d02-4863-bdc8-dbc1cb37c7ea deb7f9436ba04777bdace9cc6d5bc8b0 815f3c67b503466886e031bf8324ba89 - - default default] 10.0.0.63 "GET /v2.0/security-groups?tenant_id=1cb30a24115843aebfd9b67706c63dc3&name=default HTTP/1.1" status: 200 len: 3120 time: 0.2793820
2026-04-27 22:18:24.416 9 INFO neutron.services.segments.plugin [-] Segment 6582d1ca-4c2d-4385-b0e6-65fc49634340 resource provider aggregate not found
2026-04-27 22:18:24.420 9 INFO neutron.services.segments.plugin [-] Segment 6582d1ca-4c2d-4385-b0e6-65fc49634340 resource provider aggregate not found
2026-04-27 22:18:24.440 9 INFO neutron.services.segments.plugin [-] Segment 6582d1ca-4c2d-4385-b0e6-65fc49634340 resource provider not found; error: Placement Client Error (4xx): {"errors": [{"status": 404, "title": "Not Found", "detail": "The resource could not be found.\n\n No resource provider with uuid 6582d1ca-4c2d-4385-b0e6-65fc49634340 found for delete ", "request_id": "req-ae335756-5131-4a96-b46f-9b5067764df5"}]}
2026-04-27 22:18:24.441 9 INFO neutron.services.segments.plugin [-] Segment 6582d1ca-4c2d-4385-b0e6-65fc49634340 resource provider not found; error: Placement Client Error (4xx): {"errors": [{"status": 404, "title": "Not Found", "detail": "The resource could not be found.\n\n No resource provider with uuid 6582d1ca-4c2d-4385-b0e6-65fc49634340 found for delete ", "request_id": "req-b7574cb5-fe53-493d-80a7-a581f10c0d66"}]}
2026-04-27 22:18:24.470 9 INFO neutron.wsgi [None req-4d5cb5c8-aa02-4c38-b761-68f03d565bda df19cbf880a54a538ee6600d0de1d5a9 5a713d58066e49f5a4d94e19c2fdb419 - - default default] 10.0.0.63 "DELETE /v2.0/networks/8bd28954-7943-4482-943c-d83cbefe18d6 HTTP/1.1" status: 204 len: 168 time: 0.7240417
2026-04-27 22:18:24.498 10 INFO neutron.pecan_wsgi.hooks.translation [None req-9376bc0b-d6b7-4057-9d87-62c16dc97595 df19cbf880a54a538ee6600d0de1d5a9 5a713d58066e49f5a4d94e19c2fdb419 - - default default] DELETE failed (client error): The resource could not be found.
2026-04-27 22:18:24.500 10 INFO neutron.wsgi [None req-9376bc0b-d6b7-4057-9d87-62c16dc97595 df19cbf880a54a538ee6600d0de1d5a9 5a713d58066e49f5a4d94e19c2fdb419 - - default default] 10.0.0.63 "DELETE /v2.0/networks/8bd28954-7943-4482-943c-d83cbefe18d6 HTTP/1.1" status: 404 len: 339 time: 0.0237422
2026-04-27 22:18:24.524 9 INFO neutron.db.ovn_revision_numbers_db [None req-4389efdc-7529-4d06-9ca3-9d0b61ed257a 222e4948edb14ab68ba60f797f2b34db ee0d522c54854a6ca257efaf1793bfce - - default default] Successfully bumped revision number for resource 6567b5a2-8575-4f4c-b19c-117c13f5e9b4 (type: security_groups) to 1
2026-04-27 22:18:24.565 9 INFO neutron.db.ovn_revision_numbers_db [None req-4389efdc-7529-4d06-9ca3-9d0b61ed257a 222e4948edb14ab68ba60f797f2b34db ee0d522c54854a6ca257efaf1793bfce - - default default] Successfully bumped revision number for resource 7bde2b87-de41-4907-a357-def53f569fc0 (type: security_group_rules) to 0
2026-04-27 22:18:24.614 9 INFO neutron.wsgi [None req-a4e404f2-7f00-41cc-bc3b-585210c9ec9f df19cbf880a54a538ee6600d0de1d5a9 5a713d58066e49f5a4d94e19c2fdb419 - - default default] 10.0.0.63 "GET /v2.0/networks?router%3Aexternal=True HTTP/1.1" status: 200 len: 845 time: 0.1056802
2026-04-27 22:18:24.643 9 INFO neutron.db.ovn_revision_numbers_db [None req-4389efdc-7529-4d06-9ca3-9d0b61ed257a 222e4948edb14ab68ba60f797f2b34db ee0d522c54854a6ca257efaf1793bfce - - default default] Successfully bumped revision number for resource af6d70ba-5f0a-4aaf-8c06-e8a48238e09f (type: security_group_rules) to 0
2026-04-27 22:18:24.678 9 INFO neutron.wsgi [None req-4389efdc-7529-4d06-9ca3-9d0b61ed257a 222e4948edb14ab68ba60f797f2b34db ee0d522c54854a6ca257efaf1793bfce - - default default] 10.0.0.63 "POST /v2.0/security-groups HTTP/1.1" status: 201 len: 1824 time: 0.3437402
2026-04-27 22:18:24.681 10 INFO neutron.wsgi [None req-e788cda4-7c00-41f0-bd40-db3048f61dfb deb7f9436ba04777bdace9cc6d5bc8b0 815f3c67b503466886e031bf8324ba89 - - default default] 10.0.0.63 "DELETE /v2.0/security-groups/bf168297-b10f-421d-b5c7-c2ea330d204e HTTP/1.1" status: 204 len: 168 time: 0.2737803
2026-04-27 22:18:24.685 9 INFO neutron.wsgi [None req-90cd8917-f6bd-4b7a-88e7-215bce2bb4ea df19cbf880a54a538ee6600d0de1d5a9 5a713d58066e49f5a4d94e19c2fdb419 - - default default] 10.0.0.63 "GET /v2.0/subnets?network_id=20ee4d84-be3b-4f8e-8c40-e21ddfc8e124 HTTP/1.1" status: 200 len: 820 time: 0.0578012
2026-04-27 22:18:24.689 10 WARNING neutron_lib.context [None req-e38e8394-a0f5-456e-9bd6-514eb3521e25 222e4948edb14ab68ba60f797f2b34db ee0d522c54854a6ca257efaf1793bfce - - default default] Method 'is_advsvc' is deprecated since 2023.2 release (neutron-lib 3.8.0) and will be removed once support for the old RBAC API policies will be removed from Neutron. Please use method 'is_service_role' instead.
2026-04-27 22:18:24.695 9 INFO neutron.wsgi [None req-29ab8767-bb63-47b7-94eb-a6a3fce8c152 df19cbf880a54a538ee6600d0de1d5a9 5a713d58066e49f5a4d94e19c2fdb419 - - default default] 10.0.0.63 "GET /v2.0/extensions HTTP/1.1" status: 200 len: 18678 time: 0.0052795
2026-04-27 22:18:24.802 9 INFO neutron.wsgi [None req-75992d2c-512c-40de-9c81-0abd8a31132e df19cbf880a54a538ee6600d0de1d5a9 5a713d58066e49f5a4d94e19c2fdb419 - - default default] 10.0.0.63 "GET /v2.0/networks HTTP/1.1" status: 200 len: 1504 time: 0.0987031
2026-04-27 22:18:24.857 9 INFO neutron.wsgi [None req-f5e8451f-df4e-4e91-8252-42dcaef9eb8f df19cbf880a54a538ee6600d0de1d5a9 5a713d58066e49f5a4d94e19c2fdb419 - - default default] 10.0.0.63 "GET /v2.0/subnets HTTP/1.1" status: 200 len: 1428 time: 0.0495179
2026-04-27 22:18:24.912 10 INFO neutron.db.ovn_revision_numbers_db [None req-e38e8394-a0f5-456e-9bd6-514eb3521e25 222e4948edb14ab68ba60f797f2b34db ee0d522c54854a6ca257efaf1793bfce - - default default] Successfully bumped revision number for resource 5f9e05be-62d6-43bc-89d1-1c6495086213 (type: security_group_rules) to 0
2026-04-27 22:18:24.939 9 INFO neutron.wsgi [None req-796806cc-d8f9-4f39-bc20-bb79181c4896 df19cbf880a54a538ee6600d0de1d5a9 5a713d58066e49f5a4d94e19c2fdb419 - - default default] 10.0.0.63 "GET /v2.0/networks/0ebbd478-ea1c-43ba-a4ea-799ec3befd89 HTTP/1.1" status: 200 len: 863 time: 0.0761135
2026-04-27 22:18:24.947 10 INFO neutron.wsgi [None req-e38e8394-a0f5-456e-9bd6-514eb3521e25 222e4948edb14ab68ba60f797f2b34db ee0d522c54854a6ca257efaf1793bfce - - default default] 10.0.0.63 "POST /v2.0/security-group-rules HTTP/1.1" status: 201 len: 800 time: 0.2619286
2026-04-27 22:18:24.970 10 INFO neutron.wsgi [None req-b055b600-2d6d-4510-bfe6-e57a26bbcc66 222e4948edb14ab68ba60f797f2b34db ee0d522c54854a6ca257efaf1793bfce - - default default] 10.0.0.63 "GET /v2.0/security-group-rules/5f9e05be-62d6-43bc-89d1-1c6495086213 HTTP/1.1" status: 200 len: 795 time: 0.0180421
2026-04-27 22:18:24.976 9 INFO neutron.wsgi [None req-6eca02b1-d184-4ca3-9808-1703ccbdb679 df19cbf880a54a538ee6600d0de1d5a9 5a713d58066e49f5a4d94e19c2fdb419 - - default default] 10.0.0.63 "GET /v2.0/subnets/9ffffeb7-13a8-42bd-9db5-e7b91297f351 HTTP/1.1" status: 200 len: 811 time: 0.0308695
2026-04-27 22:18:24.996 9 INFO neutron.pecan_wsgi.hooks.translation [None req-ddd68ecd-df2a-4bc9-bc19-d639fef21ea8 df19cbf880a54a538ee6600d0de1d5a9 5a713d58066e49f5a4d94e19c2fdb419 - - default default] DELETE failed (client error): The resource could not be found.
2026-04-27 22:18:24.999 9 INFO neutron.wsgi [None req-ddd68ecd-df2a-4bc9-bc19-d639fef21ea8 df19cbf880a54a538ee6600d0de1d5a9 5a713d58066e49f5a4d94e19c2fdb419 - - default default] 10.0.0.63 "DELETE /v2.0/subnets/a6ad4fbc-54b8-4d13-9119-2c8626d28c85 HTTP/1.1" status: 404 len: 337 time: 0.0184236
2026-04-27 22:18:25.016 9 INFO neutron.pecan_wsgi.hooks.translation [None req-ffece59b-bc37-426e-920c-13e86dbdd442 df19cbf880a54a538ee6600d0de1d5a9 5a713d58066e49f5a4d94e19c2fdb419 - - default default] DELETE failed (client error): The resource could not be found.
2026-04-27 22:18:25.018 9 INFO neutron.wsgi [None req-ffece59b-bc37-426e-920c-13e86dbdd442 df19cbf880a54a538ee6600d0de1d5a9 5a713d58066e49f5a4d94e19c2fdb419 - - default default] 10.0.0.63 "DELETE /v2.0/networks/8bd28954-7943-4482-943c-d83cbefe18d6 HTTP/1.1" status: 404 len: 339 time: 0.0141618
2026-04-27 22:18:25.065 10 INFO neutron.wsgi [None req-3db3b64a-3d97-4e4c-986b-263df6b4244a 222e4948edb14ab68ba60f797f2b34db ee0d522c54854a6ca257efaf1793bfce - - default default] 10.0.0.63 "GET /v2.0/security-group-rules HTTP/1.1" status: 200 len: 4333 time: 0.0899339
2026-04-27 22:18:25.200 10 INFO neutron.wsgi [None req-070c71d5-e720-4b1e-83f3-f7213f714344 222e4948edb14ab68ba60f797f2b34db ee0d522c54854a6ca257efaf1793bfce - - default default] 10.0.0.63 "DELETE /v2.0/security-group-rules/5f9e05be-62d6-43bc-89d1-1c6495086213 HTTP/1.1" status: 204 len: 168 time: 0.1271265
2026-04-27 22:18:25.268 10 INFO neutron.wsgi [None req-4b4e824e-c4f2-4deb-9bf4-4711efe61a51 222e4948edb14ab68ba60f797f2b34db ee0d522c54854a6ca257efaf1793bfce - - default default] 10.0.0.63 "GET /v2.0/security-group-rules HTTP/1.1" status: 200 len: 3755 time: 0.0624895
2026-04-27 22:18:25.271 9 INFO neutron.wsgi [None req-46d06ddc-95ea-4dce-9c66-ea6d5b20a017 df19cbf880a54a538ee6600d0de1d5a9 5a713d58066e49f5a4d94e19c2fdb419 - - default default] 10.0.0.63 "DELETE /v2.0/subnets/9ffffeb7-13a8-42bd-9db5-e7b91297f351 HTTP/1.1" status: 204 len: 168 time: 0.2467675
2026-04-27 22:18:25.277 10 WARNING neutron_lib.context [None req-a4f2e2fc-b961-4bac-8087-3818634edd9d 222e4948edb14ab68ba60f797f2b34db ee0d522c54854a6ca257efaf1793bfce - - default default] Method 'is_advsvc' is deprecated since 2023.2 release (neutron-lib 3.8.0) and will be removed once support for the old RBAC API policies will be removed from Neutron. Please use method 'is_service_role' instead.
2026-04-27 22:18:25.429 10 INFO neutron.db.ovn_revision_numbers_db [None req-a4f2e2fc-b961-4bac-8087-3818634edd9d 222e4948edb14ab68ba60f797f2b34db ee0d522c54854a6ca257efaf1793bfce - - default default] Successfully bumped revision number for resource 6ef4cb70-1da7-4423-b3b7-9773f6bfa776 (type: security_group_rules) to 0
2026-04-27 22:18:25.456 10 INFO neutron.wsgi [None req-a4f2e2fc-b961-4bac-8087-3818634edd9d 222e4948edb14ab68ba60f797f2b34db ee0d522c54854a6ca257efaf1793bfce - - default default] 10.0.0.63 "POST /v2.0/security-group-rules HTTP/1.1" status: 201 len: 800 time: 0.1831274
2026-04-27 22:18:25.480 10 INFO neutron.wsgi [None req-9f9838b7-db7d-4809-bb12-f0b90776ee55 222e4948edb14ab68ba60f797f2b34db ee0d522c54854a6ca257efaf1793bfce - - default default] 10.0.0.63 "GET /v2.0/security-group-rules/6ef4cb70-1da7-4423-b3b7-9773f6bfa776 HTTP/1.1" status: 200 len: 795 time: 0.0175743
2026-04-27 22:18:25.601 9 INFO neutron.wsgi [None req-063f9b04-992a-4ef4-b40b-6ba2dabf68cb 222e4948edb14ab68ba60f797f2b34db ee0d522c54854a6ca257efaf1793bfce - - default default] 10.0.0.63 "GET /v2.0/security-group-rules HTTP/1.1" status: 200 len: 4333 time: 0.1150248
2026-04-27 22:18:25.665 9 INFO neutron.wsgi [None req-a4b2db84-b08f-48a2-a1ab-d98c27c032b8 df19cbf880a54a538ee6600d0de1d5a9 5a713d58066e49f5a4d94e19c2fdb419 - - default default] 10.0.0.63 "DELETE /v2.0/networks/0ebbd478-ea1c-43ba-a4ea-799ec3befd89 HTTP/1.1" status: 204 len: 168 time: 0.3901763
2026-04-27 22:18:25.738 10 INFO neutron.wsgi [None req-900f416c-4d07-4644-ab5b-ace5dd666574 222e4948edb14ab68ba60f797f2b34db ee0d522c54854a6ca257efaf1793bfce - - default default] 10.0.0.63 "DELETE /v2.0/security-group-rules/6ef4cb70-1da7-4423-b3b7-9773f6bfa776 HTTP/1.1" status: 204 len: 168 time: 0.1302977
2026-04-27 22:18:25.829 10 INFO neutron.wsgi [None req-491e3e53-3950-4274-844f-937e3b97ee10 222e4948edb14ab68ba60f797f2b34db ee0d522c54854a6ca257efaf1793bfce - - default default] 10.0.0.63 "GET /v2.0/security-group-rules HTTP/1.1" status: 200 len: 3755 time: 0.0777187
2026-04-27 22:18:25.838 10 WARNING neutron_lib.context [None req-8a7c8977-ec98-4cd0-9bea-48ce8a549aca 222e4948edb14ab68ba60f797f2b34db ee0d522c54854a6ca257efaf1793bfce - - default default] Method 'is_advsvc' is deprecated since 2023.2 release (neutron-lib 3.8.0) and will be removed once support for the old RBAC API policies will be removed from Neutron. Please use method 'is_service_role' instead.
2026-04-27 22:18:25.889 10 INFO neutron.db.securitygroups_db [None req-8a7c8977-ec98-4cd0-9bea-48ce8a549aca 222e4948edb14ab68ba60f797f2b34db ee0d522c54854a6ca257efaf1793bfce - - default default] Project ee0d522c54854a6ca257efaf1793bfce added a security group rule with legacy IPv6 ICMP protocol name icmp, ipv6-icmp should be used instead. It was automatically converted.
2026-04-27 22:18:25.994 10 INFO neutron.db.ovn_revision_numbers_db [None req-8a7c8977-ec98-4cd0-9bea-48ce8a549aca 222e4948edb14ab68ba60f797f2b34db ee0d522c54854a6ca257efaf1793bfce - - default default] Successfully bumped revision number for resource a099b620-00a3-4953-af08-e57ee1a429c8 (type: security_group_rules) to 0
2026-04-27 22:18:26.015 10 INFO neutron.wsgi [None req-8a7c8977-ec98-4cd0-9bea-48ce8a549aca 222e4948edb14ab68ba60f797f2b34db ee0d522c54854a6ca257efaf1793bfce - - default default] 10.0.0.63 "POST /v2.0/security-group-rules HTTP/1.1" status: 201 len: 806 time: 0.1816587
2026-04-27 22:18:26.037 10 INFO neutron.wsgi [None req-8df358cb-985f-42c7-a890-9b5cc3550dc3 222e4948edb14ab68ba60f797f2b34db ee0d522c54854a6ca257efaf1793bfce - - default default] 10.0.0.63 "GET /v2.0/security-group-rules/a099b620-00a3-4953-af08-e57ee1a429c8 HTTP/1.1" status: 200 len: 801 time: 0.0147793
2026-04-27 22:18:26.116 10 INFO neutron.wsgi [None req-d85fa16e-79fd-4b30-8a12-ede7b3bc59f4 222e4948edb14ab68ba60f797f2b34db ee0d522c54854a6ca257efaf1793bfce - - default default] 10.0.0.63 "GET /v2.0/security-group-rules HTTP/1.1" status: 200 len: 4339 time: 0.0742979
2026-04-27 22:18:26.134 9 INFO neutron.wsgi [-] 10.0.0.52 "GET / HTTP/1.1" status: 200 len: 247 time: 0.0027332
2026-04-27 22:18:26.142 9 INFO neutron.wsgi [-] 10.0.0.52 "GET / HTTP/1.1" status: 200 len: 247 time: 0.0067146
2026-04-27 22:18:26.285 10 INFO neutron.wsgi [None req-7d53bef8-10fb-4638-a35d-fa63a20aab8c 222e4948edb14ab68ba60f797f2b34db ee0d522c54854a6ca257efaf1793bfce - - default default] 10.0.0.63 "DELETE /v2.0/security-group-rules/a099b620-00a3-4953-af08-e57ee1a429c8 HTTP/1.1" status: 204 len: 168 time: 0.1599817
2026-04-27 22:18:26.371 10 INFO neutron.wsgi [req-f247ce76-d3aa-472e-8aa6-f8e55e86895b req-80f17620-f079-48f1-8770-c9c96c32cc5a bfe300d330934601af73dac231ad2764 a4d6bb95721141f5aa04d43ca2a2c96f - - default default] 10.0.0.182 "GET /v2.0/ports?device_id=3fdd87ee-8016-4a96-9e48-153c49f245a8 HTTP/1.1" status: 200 len: 1170 time: 0.1253254
2026-04-27 22:18:26.392 10 INFO neutron.wsgi [None req-8949f646-69e4-4e20-9613-a75216deb6bc 222e4948edb14ab68ba60f797f2b34db ee0d522c54854a6ca257efaf1793bfce - - default default] 10.0.0.63 "GET /v2.0/security-group-rules HTTP/1.1" status: 200 len: 3755 time: 0.0997772
2026-04-27 22:18:26.450 10 INFO neutron.wsgi [req-f247ce76-d3aa-472e-8aa6-f8e55e86895b req-b07b04f7-0939-4a4e-89b3-639d6763b158 bfe300d330934601af73dac231ad2764 a4d6bb95721141f5aa04d43ca2a2c96f - - default default] 10.0.0.182 "GET /v2.0/security-groups?id=b6746900-22cd-4246-9760-71c6bf99b313&fields=id&fields=name HTTP/1.1" status: 200 len: 312 time: 0.0711298
2026-04-27 22:18:26.463 9 INFO neutron.services.segments.plugin [-] Segment 87cc607c-986d-4972-b874-0aec83d459bf resource provider aggregate not found
2026-04-27 22:18:26.473 9 INFO neutron.services.segments.plugin [-] Segment 87cc607c-986d-4972-b874-0aec83d459bf resource provider aggregate not found
2026-04-27 22:18:26.481 9 INFO neutron.services.segments.plugin [-] Segment 87cc607c-986d-4972-b874-0aec83d459bf resource provider not found; error: Placement Client Error (4xx): {"errors": [{"status": 404, "title": "Not Found", "detail": "The resource could not be found.\n\n No resource provider with uuid 87cc607c-986d-4972-b874-0aec83d459bf found for delete ", "request_id": "req-f9427661-b6a8-4013-b075-02de4aba04ad"}]}
2026-04-27 22:18:26.486 9 INFO neutron.services.segments.plugin [-] Segment 87cc607c-986d-4972-b874-0aec83d459bf resource provider not found; error: Placement Client Error (4xx): {"errors": [{"status": 404, "title": "Not Found", "detail": "The resource could not be found.\n\n No resource provider with uuid 87cc607c-986d-4972-b874-0aec83d459bf found for delete ", "request_id": "req-d1e0bbbb-7435-4dc4-8ae4-ae88357e81fa"}]}
2026-04-27 22:18:26.540 10 INFO neutron.wsgi [None req-325e610f-4297-4fa2-b4f7-7037acb718cc deb7f9436ba04777bdace9cc6d5bc8b0 815f3c67b503466886e031bf8324ba89 - - default default] 10.0.0.63 "GET /v2.0/security-groups?tenant_id=5a713d58066e49f5a4d94e19c2fdb419&name=default HTTP/1.1" status: 200 len: 3120 time: 0.3050525
2026-04-27 22:18:26.582 10 INFO neutron.wsgi [None req-13e3fb6a-07a0-46b5-82e2-5e650869c536 222e4948edb14ab68ba60f797f2b34db ee0d522c54854a6ca257efaf1793bfce - - default default] 10.0.0.63 "DELETE /v2.0/security-groups/6567b5a2-8575-4f4c-b19c-117c13f5e9b4 HTTP/1.1" status: 204 len: 168 time: 0.1833687
2026-04-27 22:18:26.642 10 INFO neutron.wsgi [None req-6f14c7e2-117a-47c9-bb4d-7d2dc097f0a2 222e4948edb14ab68ba60f797f2b34db ee0d522c54854a6ca257efaf1793bfce - - default default] 10.0.0.63 "GET /v2.0/security-groups HTTP/1.1" status: 200 len: 3120 time: 0.0545571
2026-04-27 22:18:26.674 10 INFO neutron.wsgi [req-7746a47d-673b-4bef-8184-b40b0fbf5114 req-5dc402b6-3a41-4e18-938e-be6b48d5f15b bfe300d330934601af73dac231ad2764 a4d6bb95721141f5aa04d43ca2a2c96f - - default default] 10.0.0.182 "GET /v2.0/ports?device_id=3fdd87ee-8016-4a96-9e48-153c49f245a8 HTTP/1.1" status: 200 len: 1170 time: 0.0644155
2026-04-27 22:18:26.694 9 INFO neutron.plugins.ml2.drivers.ovn.mech_driver.mech_driver [None req-dfd8fd72-4598-4a77-b8a1-42d2eab836db - - - - - -] OVN reports status down for port: 05b032ef-157e-4e69-9131-65b85be2c939
2026-04-27 22:18:26.737 10 INFO neutron.wsgi [None req-d04abba1-7a66-4c87-9a51-fc5538c87bdf 222e4948edb14ab68ba60f797f2b34db ee0d522c54854a6ca257efaf1793bfce - - default default] 10.0.0.63 "GET /v2.0/security-groups HTTP/1.1" status: 200 len: 3120 time: 0.0717893
2026-04-27 22:18:26.744 10 INFO neutron.wsgi [req-7746a47d-673b-4bef-8184-b40b0fbf5114 req-ba4975ff-5189-4a8d-820d-da44f0d4b973 bfe300d330934601af73dac231ad2764 a4d6bb95721141f5aa04d43ca2a2c96f - - default default] 10.0.0.182 "GET /v2.0/security-groups?id=b6746900-22cd-4246-9760-71c6bf99b313&fields=id&fields=name HTTP/1.1" status: 200 len: 312 time: 0.0643706
2026-04-27 22:18:26.825 9 INFO neutron.wsgi [None req-f802d9bb-e59f-450a-8acf-f585039b46a8 deb7f9436ba04777bdace9cc6d5bc8b0 815f3c67b503466886e031bf8324ba89 - - default default] 10.0.0.63 "DELETE /v2.0/security-groups/b9273ab6-7b88-4f07-b0ad-4bd4cf572139 HTTP/1.1" status: 204 len: 168 time: 0.2793159
2026-04-27 22:18:26.882 9 INFO neutron.notifiers.nova [-] Nova event matching ['req-768e4a40-b59b-4109-a6c0-359da08b6090'] response: {'server_uuid': '3fdd87ee-8016-4a96-9e48-153c49f245a8', 'name': 'network-vif-unplugged', 'status': 'completed', 'tag': '05b032ef-157e-4e69-9131-65b85be2c939', 'code': 200}
2026-04-27 22:18:26.984 10 INFO neutron.wsgi [req-e77e310b-2927-45eb-a2b0-b94249074373 req-94f573fe-305e-4006-88d8-2326ddefc790 bfe300d330934601af73dac231ad2764 a4d6bb95721141f5aa04d43ca2a2c96f - - default default] 199.204.45.250 "GET /v2.0/ports?device_id=3fdd87ee-8016-4a96-9e48-153c49f245a8 HTTP/1.1" status: 200 len: 1168 time: 0.0511670
2026-04-27 22:18:27.047 9 INFO neutron.db.ovn_revision_numbers_db [None req-dfd8fd72-4598-4a77-b8a1-42d2eab836db - - - - - -] Successfully bumped revision number for resource 05b032ef-157e-4e69-9131-65b85be2c939 (type: ports) to 7
2026-04-27 22:18:27.328 10 INFO neutron.wsgi [None req-9de4eca9-a007-46f7-8d7f-19432b80e3e0 deb7f9436ba04777bdace9cc6d5bc8b0 815f3c67b503466886e031bf8324ba89 - - default default] 10.0.0.63 "GET /v2.0/security-groups?tenant_id=ee0d522c54854a6ca257efaf1793bfce&name=default HTTP/1.1" status: 200 len: 3120 time: 0.1554861 /var/lib/openstack/lib/python3.10/site-packages/pycadf/identifier.py:71: UserWarning: Invalid uuid: neutron. To ensure interoperability, identifiers should be a valid uuid. warnings.warn(('Invalid uuid: %s. To ensure interoperability, '
2026-04-27 22:18:27.393 10 INFO neutron.db.l3_db [req-e77e310b-2927-45eb-a2b0-b94249074373 req-fc2ba654-96ca-476d-b61c-fe4ec58e8f3e bfe300d330934601af73dac231ad2764 a4d6bb95721141f5aa04d43ca2a2c96f - - default default] Floating IP 5213b0eb-6d24-46d7-ae49-5293c7f271d5 disassociated. External IP: 10.96.250.216, port: 05b032ef-157e-4e69-9131-65b85be2c939.
2026-04-27 22:18:27.518 10 INFO neutron.wsgi [req-e77e310b-2927-45eb-a2b0-b94249074373 req-fc2ba654-96ca-476d-b61c-fe4ec58e8f3e bfe300d330934601af73dac231ad2764 a4d6bb95721141f5aa04d43ca2a2c96f - - default default] 199.204.45.250 "DELETE /v2.0/ports/05b032ef-157e-4e69-9131-65b85be2c939 HTTP/1.1" status: 204 len: 173 time: 0.5312634
