2026-04-27 22:17:46.656 9 INFO neutron.wsgi [None req-8623ce60-466d-4dc8-bf81-b421e6bbed0a ad9867e1180240d9b8bf24a8a5e8fac7 a61e39169f6f4d50ac65980dc39a8458 - - default default] 10.0.0.63 "POST /v2.0/networks HTTP/1.1" status: 201 len: 828 time: 1.2591243
2026-04-27 22:17:46.670 10 WARNING neutron_lib.context [None req-35672f35-9d65-4b62-8de3-4ea284293d7c ad9867e1180240d9b8bf24a8a5e8fac7 a61e39169f6f4d50ac65980dc39a8458 - - default default] Method 'is_advsvc' is deprecated since 2023.2 release (neutron-lib 3.8.0) and will be removed once support for the old RBAC API policies will be removed from Neutron. Please use method 'is_service_role' instead.
2026-04-27 22:17:46.675 9 WARNING neutron.scheduler.dhcp_agent_scheduler [None req-25c2cda3-0f27-438c-89a7-f24205f88910 e830b261d29c4bfb9f8ef7dd33d212ec b9cfcd1d6669471e8b93512fd72bd2c6 - - default default] No more DHCP agents
2026-04-27 22:17:46.677 9 WARNING neutron.api.rpc.agentnotifiers.dhcp_rpc_agent_api [None req-25c2cda3-0f27-438c-89a7-f24205f88910 e830b261d29c4bfb9f8ef7dd33d212ec b9cfcd1d6669471e8b93512fd72bd2c6 - - default default] Unable to schedule network 20ee4d84-be3b-4f8e-8c40-e21ddfc8e124: no agents available; will retry on subsequent port and subnet creation events.
2026-04-27 22:17:46.813 10 INFO neutron.wsgi [req-fcda511c-1e00-4412-a6f8-aa8e394c9079 req-b092e06e-1a02-48bb-a2c2-2b7a3bbaa1bc bfe300d330934601af73dac231ad2764 a4d6bb95721141f5aa04d43ca2a2c96f - - default default] 10.0.0.182 "GET /v2.0/ports?device_id=3fdd87ee-8016-4a96-9e48-153c49f245a8 HTTP/1.1" status: 200 len: 1168 time: 0.1399598
2026-04-27 22:17:46.817 10 INFO neutron.db.segments_db [None req-35672f35-9d65-4b62-8de3-4ea284293d7c ad9867e1180240d9b8bf24a8a5e8fac7 a61e39169f6f4d50ac65980dc39a8458 - - default default] Added segment 5f3e7674-69d5-4e0a-910b-356b12043b16 of type geneve for network 0a02392e-66d1-48ef-a694-484b80046af8
2026-04-27 22:17:46.875 10 INFO neutron.plugins.ml2.drivers.ovn.mech_driver.mech_driver [None req-e5eb291a-3077-41b0-9386-e75f14f0bea9 - - - - - -] OVN reports status down for port: c55a34e3-ca3a-456f-99c5-185527aeec7b
2026-04-27 22:17:46.953 10 INFO neutron.wsgi [req-fcda511c-1e00-4412-a6f8-aa8e394c9079 req-0a09cc0b-5095-4d62-8e60-cceb880e434c bfe300d330934601af73dac231ad2764 a4d6bb95721141f5aa04d43ca2a2c96f - - default default] 10.0.0.182 "GET /v2.0/security-groups?id=b6746900-22cd-4246-9760-71c6bf99b313&fields=id&fields=name HTTP/1.1" status: 200 len: 312 time: 0.1250808
2026-04-27 22:17:46.985 10 INFO neutron.db.ovn_revision_numbers_db [None req-b7a49182-3d92-4f48-b48a-f6fcf532f946 c43551e16b63400dbe3a5cad85531144 7bd6d9aa65714ac9a9addf0d8d6bb7a7 - - default default] Successfully bumped revision number for resource c55a34e3-ca3a-456f-99c5-185527aeec7b (type: ports) to 2
2026-04-27 22:17:46.988 9 INFO neutron.wsgi [None req-25c2cda3-0f27-438c-89a7-f24205f88910 e830b261d29c4bfb9f8ef7dd33d212ec b9cfcd1d6669471e8b93512fd72bd2c6 - - default default] 10.0.0.63 "POST /v2.0/floatingips HTTP/1.1" status: 201 len: 751 time: 0.6975267
2026-04-27 22:17:47.000 10 INFO neutron.wsgi [None req-b7a49182-3d92-4f48-b48a-f6fcf532f946 c43551e16b63400dbe3a5cad85531144 7bd6d9aa65714ac9a9addf0d8d6bb7a7 - - default default] 10.0.0.63 "PUT /v2.0/ports/c55a34e3-ca3a-456f-99c5-185527aeec7b HTTP/1.1" status: 200 len: 946 time: 0.4577112
2026-04-27 22:17:47.079 10 INFO neutron.db.ovn_revision_numbers_db [None req-35672f35-9d65-4b62-8de3-4ea284293d7c ad9867e1180240d9b8bf24a8a5e8fac7 a61e39169f6f4d50ac65980dc39a8458 - - default default] Successfully bumped revision number for resource 0a02392e-66d1-48ef-a694-484b80046af8 (type: networks) to 1
2026-04-27 22:17:47.307 10 WARNING neutron.scheduler.dhcp_agent_scheduler [None req-35672f35-9d65-4b62-8de3-4ea284293d7c ad9867e1180240d9b8bf24a8a5e8fac7 a61e39169f6f4d50ac65980dc39a8458 - - default default] No more DHCP agents
2026-04-27 22:17:47.310 10 WARNING neutron.api.rpc.agentnotifiers.dhcp_rpc_agent_api [None req-35672f35-9d65-4b62-8de3-4ea284293d7c ad9867e1180240d9b8bf24a8a5e8fac7 a61e39169f6f4d50ac65980dc39a8458 - - default default] Unable to schedule network 0a02392e-66d1-48ef-a694-484b80046af8: no agents available; will retry on subsequent port and subnet creation events.
2026-04-27 22:17:47.339 9 INFO neutron.wsgi [None req-9e1a7bfd-ef6d-427e-ae7d-0dd088afc1d4 c43551e16b63400dbe3a5cad85531144 7bd6d9aa65714ac9a9addf0d8d6bb7a7 - - default default] 10.0.0.63 "DELETE /v2.0/ports/c55a34e3-ca3a-456f-99c5-185527aeec7b HTTP/1.1" status: 204 len: 168 time: 0.3335283
2026-04-27 22:17:47.390 9 INFO neutron.wsgi [None req-38e67203-9a6d-4005-a8c9-6ad49c582fa9 c43551e16b63400dbe3a5cad85531144 7bd6d9aa65714ac9a9addf0d8d6bb7a7 - - default default] 10.0.0.63 "GET /v2.0/ports HTTP/1.1" status: 200 len: 1732 time: 0.0455024 /var/lib/openstack/lib/python3.10/site-packages/pycadf/identifier.py:71: UserWarning: Invalid uuid: neutron. To ensure interoperability, identifiers should be a valid uuid. warnings.warn(('Invalid uuid: %s. To ensure interoperability, '
2026-04-27 22:17:47.403 10 INFO neutron.db.ovn_revision_numbers_db [None req-35672f35-9d65-4b62-8de3-4ea284293d7c ad9867e1180240d9b8bf24a8a5e8fac7 a61e39169f6f4d50ac65980dc39a8458 - - default default] Successfully bumped revision number for resource f6ddce57-b67d-42e9-b4b1-01c35bba9dd2 (type: ports) to 1
2026-04-27 22:17:47.411 9 INFO neutron.pecan_wsgi.hooks.translation [None req-f32d178c-0feb-470a-a326-848a87d9b0b9 c43551e16b63400dbe3a5cad85531144 7bd6d9aa65714ac9a9addf0d8d6bb7a7 - - default default] GET failed (client error): The resource could not be found.
2026-04-27 22:17:47.412 9 INFO neutron.wsgi [None req-f32d178c-0feb-470a-a326-848a87d9b0b9 c43551e16b63400dbe3a5cad85531144 7bd6d9aa65714ac9a9addf0d8d6bb7a7 - - default default] 10.0.0.63 "GET /v2.0/ports/c55a34e3-ca3a-456f-99c5-185527aeec7b HTTP/1.1" status: 404 len: 333 time: 0.0173762
2026-04-27 22:17:47.427 10 INFO neutron.wsgi [None req-35672f35-9d65-4b62-8de3-4ea284293d7c ad9867e1180240d9b8bf24a8a5e8fac7 a61e39169f6f4d50ac65980dc39a8458 - - default default] 10.0.0.63 "POST /v2.0/networks HTTP/1.1" status: 201 len: 828 time: 0.7635932
2026-04-27 22:17:47.437 10 WARNING neutron_lib.context [None req-63b2654b-2c36-43d8-8e68-551044d84741 ad9867e1180240d9b8bf24a8a5e8fac7 a61e39169f6f4d50ac65980dc39a8458 - - default default] Method 'is_advsvc' is deprecated since 2023.2 release (neutron-lib 3.8.0) and will be removed once support for the old RBAC API policies will be removed from Neutron. Please use method 'is_service_role' instead.
2026-04-27 22:17:47.442 10 INFO neutron.wsgi [req-8584c083-b188-4710-a6c5-ec2593691157 req-df91ed9d-a7f5-49d6-b66b-07d47dfe12d3 e830b261d29c4bfb9f8ef7dd33d212ec b9cfcd1d6669471e8b93512fd72bd2c6 - - default default] 10.0.0.182 "GET /v2.0/security-groups?name=tempest-securitygroup--155926051&fields=id&tenant_id=b9cfcd1d6669471e8b93512fd72bd2c6 HTTP/1.1" status: 200 len: 267 time: 0.0533910
2026-04-27 22:17:47.455 9 INFO neutron.wsgi [None req-19782ec8-c84d-4dda-a5dc-0d2825765888 c43551e16b63400dbe3a5cad85531144 7bd6d9aa65714ac9a9addf0d8d6bb7a7 - - default default] 10.0.0.63 "GET /v2.0/ports HTTP/1.1" status: 200 len: 1732 time: 0.0362513
2026-04-27 22:17:47.495 9 INFO neutron.wsgi [None req-df0c8b32-155f-42be-86d8-1c74bf0ff98c c43551e16b63400dbe3a5cad85531144 7bd6d9aa65714ac9a9addf0d8d6bb7a7 - - default default] 10.0.0.63 "GET /v2.0/ports/0c3a9f49-a7e7-4910-8bc7-2b9171296f59 HTTP/1.1" status: 200 len: 972 time: 0.0359118
2026-04-27 22:17:47.524 9 INFO neutron.pecan_wsgi.hooks.translation [None req-32da57b2-4edd-4c44-96c7-df0987983cc4 c43551e16b63400dbe3a5cad85531144 7bd6d9aa65714ac9a9addf0d8d6bb7a7 - - default default] DELETE failed (client error): The resource could not be found.
2026-04-27 22:17:47.527 9 INFO neutron.wsgi [None req-32da57b2-4edd-4c44-96c7-df0987983cc4 c43551e16b63400dbe3a5cad85531144 7bd6d9aa65714ac9a9addf0d8d6bb7a7 - - default default] 10.0.0.63 "DELETE /v2.0/ports/1c65bcad-97e3-4430-82b2-960edfb91015 HTTP/1.1" status: 404 len: 333 time: 0.0259917
2026-04-27 22:17:47.535 10 INFO neutron.wsgi [req-8584c083-b188-4710-a6c5-ec2593691157 req-ece59a83-0af0-46a4-a6ca-7c1c38890c76 e830b261d29c4bfb9f8ef7dd33d212ec b9cfcd1d6669471e8b93512fd72bd2c6 - - default default] 10.0.0.182 "GET /v2.0/networks?id=bb930be5-c4c0-42d9-96f4-d5ba9e458527 HTTP/1.1" status: 200 len: 875 time: 0.0856738
2026-04-27 22:17:47.547 9 INFO neutron.pecan_wsgi.hooks.translation [None req-1c9583e4-689c-4038-94e6-bfb249a273d2 c43551e16b63400dbe3a5cad85531144 7bd6d9aa65714ac9a9addf0d8d6bb7a7 - - default default] DELETE failed (client error): The resource could not be found.
2026-04-27 22:17:47.549 9 INFO neutron.wsgi [None req-1c9583e4-689c-4038-94e6-bfb249a273d2 c43551e16b63400dbe3a5cad85531144 7bd6d9aa65714ac9a9addf0d8d6bb7a7 - - default default] 10.0.0.63 "DELETE /v2.0/subnets/b4497979-76ec-4033-8fc9-ab5c7629f1e3 HTTP/1.1" status: 404 len: 337 time: 0.0181100
2026-04-27 22:17:47.564 10 INFO neutron.wsgi [req-8584c083-b188-4710-a6c5-ec2593691157 req-f78ce8b8-16f3-44ba-812b-1cc8a5fac347 e830b261d29c4bfb9f8ef7dd33d212ec b9cfcd1d6669471e8b93512fd72bd2c6 - - default default] 10.0.0.182 "GET /v2.0/quotas/b9cfcd1d6669471e8b93512fd72bd2c6 HTTP/1.1" status: 200 len: 491 time: 0.0147474
2026-04-27 22:17:47.567 9 INFO neutron.pecan_wsgi.hooks.translation [None req-f10ab1ea-d169-478b-b6e1-2c1d2ec93269 c43551e16b63400dbe3a5cad85531144 7bd6d9aa65714ac9a9addf0d8d6bb7a7 - - default default] DELETE failed (client error): The resource could not be found.
2026-04-27 22:17:47.570 9 INFO neutron.wsgi [None req-f10ab1ea-d169-478b-b6e1-2c1d2ec93269 c43551e16b63400dbe3a5cad85531144 7bd6d9aa65714ac9a9addf0d8d6bb7a7 - - default default] 10.0.0.63 "DELETE /v2.0/subnets/3d912bd2-1cdb-45b0-bfd4-4a78bfaff2f9 HTTP/1.1" status: 404 len: 337 time: 0.0164399
2026-04-27 22:17:47.796 9 INFO neutron.wsgi [None req-f5cf15d7-82f0-4f2a-93f1-9d53186b85b6 c43551e16b63400dbe3a5cad85531144 7bd6d9aa65714ac9a9addf0d8d6bb7a7 - - default default] 10.0.0.63 "DELETE /v2.0/ports/0c3a9f49-a7e7-4910-8bc7-2b9171296f59 HTTP/1.1" status: 204 len: 168 time: 0.2216930
2026-04-27 22:17:47.915 10 INFO neutron.wsgi [req-8584c083-b188-4710-a6c5-ec2593691157 req-d8e8575a-9f73-4b49-a0be-7b5534746785 e830b261d29c4bfb9f8ef7dd33d212ec b9cfcd1d6669471e8b93512fd72bd2c6 - - default default] 10.0.0.182 "GET /v2.0/ports?tenant_id=b9cfcd1d6669471e8b93512fd72bd2c6&fields=id HTTP/1.1" status: 200 len: 302 time: 0.3412812
2026-04-27 22:17:47.974 10 WARNING neutron.scheduler.dhcp_agent_scheduler [None req-63b2654b-2c36-43d8-8e68-551044d84741 ad9867e1180240d9b8bf24a8a5e8fac7 a61e39169f6f4d50ac65980dc39a8458 - - default default] No more DHCP agents
2026-04-27 22:17:47.977 10 WARNING neutron.api.rpc.agentnotifiers.dhcp_rpc_agent_api [None req-63b2654b-2c36-43d8-8e68-551044d84741 ad9867e1180240d9b8bf24a8a5e8fac7 a61e39169f6f4d50ac65980dc39a8458 - - default default] Unable to schedule network 70f28112-cb7d-4b2c-860b-c0cb91107db2: no agents available; will retry on subsequent port and subnet creation events.
2026-04-27 22:17:48.003 10 INFO neutron.wsgi [req-8584c083-b188-4710-a6c5-ec2593691157 req-7249c9f2-3597-4d12-a1b1-dddaf5e2e709 704a36a6de1240e18012a19f0f05f720 2f9b73de570f4c89af39e63d7cdb54cd - - 40fd682ceee84a83889ba67ab46e917c 40fd682ceee84a83889ba67ab46e917c] 10.0.0.182 "GET /v2.0/networks/bb930be5-c4c0-42d9-96f4-d5ba9e458527?fields=segments HTTP/1.1" status: 200 len: 212 time: 0.0773003
2026-04-27 22:17:48.085 10 INFO neutron.wsgi [req-316d2a92-2950-4b8d-a2ba-2b7b18c86e0c req-6b0a58a9-376d-4cdc-a964-d3db62a90828 bfe300d330934601af73dac231ad2764 a4d6bb95721141f5aa04d43ca2a2c96f - - default default] 10.0.0.182 "GET /v2.0/ports?device_id=3fdd87ee-8016-4a96-9e48-153c49f245a8 HTTP/1.1" status: 200 len: 1168 time: 0.0583389
2026-04-27 22:17:48.106 10 INFO neutron.wsgi [req-8584c083-b188-4710-a6c5-ec2593691157 req-15ae0e80-2bb4-4501-a53b-7b586f685dff 704a36a6de1240e18012a19f0f05f720 2f9b73de570f4c89af39e63d7cdb54cd - - 40fd682ceee84a83889ba67ab46e917c 40fd682ceee84a83889ba67ab46e917c] 10.0.0.182 "GET /v2.0/networks/bb930be5-c4c0-42d9-96f4-d5ba9e458527?fields=provider%3Aphysical_network&fields=provider%3Anetwork_type HTTP/1.1" status: 200 len: 277 time: 0.0945215
2026-04-27 22:17:48.125 9 INFO neutron.services.segments.plugin [-] Segment 534807ca-2d98-4d26-bea0-c0cd19bff8fa resource provider aggregate not found
2026-04-27 22:17:48.129 9 INFO neutron.services.segments.plugin [-] Segment 534807ca-2d98-4d26-bea0-c0cd19bff8fa resource provider aggregate not found
2026-04-27 22:17:48.143 9 INFO neutron.services.segments.plugin [-] Segment 534807ca-2d98-4d26-bea0-c0cd19bff8fa resource provider not found; error: Placement Client Error (4xx): {"errors": [{"status": 404, "title": "Not Found", "detail": "The resource could not be found.\n\n No resource provider with uuid 534807ca-2d98-4d26-bea0-c0cd19bff8fa found for delete ", "request_id": "req-a7831ca3-c966-46a2-8c9b-cca5cb81f903"}]}
2026-04-27 22:17:48.148 9 INFO neutron.services.segments.plugin [-] Segment 534807ca-2d98-4d26-bea0-c0cd19bff8fa resource provider not found; error: Placement Client Error (4xx): {"errors": [{"status": 404, "title": "Not Found", "detail": "The resource could not be found.\n\n No resource provider with uuid 534807ca-2d98-4d26-bea0-c0cd19bff8fa found for delete ", "request_id": "req-9ff40cda-7bb5-4a43-8ac7-fb4f62240254"}]}
2026-04-27 22:17:48.149 10 INFO neutron.wsgi [req-316d2a92-2950-4b8d-a2ba-2b7b18c86e0c req-ec43bc77-9abd-4177-a983-fdbb49b1383a bfe300d330934601af73dac231ad2764 a4d6bb95721141f5aa04d43ca2a2c96f - - default default] 10.0.0.182 "GET /v2.0/security-groups?id=b6746900-22cd-4246-9760-71c6bf99b313&fields=id&fields=name HTTP/1.1" status: 200 len: 312 time: 0.0565553
2026-04-27 22:17:48.173 9 INFO neutron.wsgi [None req-18607a03-e797-4df9-9584-abf5c952b48e c43551e16b63400dbe3a5cad85531144 7bd6d9aa65714ac9a9addf0d8d6bb7a7 - - default default] 10.0.0.63 "DELETE /v2.0/networks/4edddb4e-1711-492d-b23c-fdef3a8d85c7 HTTP/1.1" status: 204 len: 168 time: 0.3721426
2026-04-27 22:17:48.259 10 INFO neutron.wsgi [req-4c3625bf-f3b9-45b1-a98b-71ba59e3eee2 req-baf42360-ee64-444c-9a93-9ad8d472b453 e830b261d29c4bfb9f8ef7dd33d212ec b9cfcd1d6669471e8b93512fd72bd2c6 - - default default] 10.0.0.182 "GET /v2.0/ports?device_id=82ae73fb-8464-449b-9ff0-52ce028bde95 HTTP/1.1" status: 200 len: 210 time: 0.0180497
2026-04-27 22:17:48.495 10 INFO neutron.db.ovn_revision_numbers_db [None req-63b2654b-2c36-43d8-8e68-551044d84741 ad9867e1180240d9b8bf24a8a5e8fac7 a61e39169f6f4d50ac65980dc39a8458 - - default default] Successfully bumped revision number for resource c98441e6-340b-49cd-9dd9-5612408ab6b6 (type: ports) to 2
2026-04-27 22:17:48.531 10 INFO neutron.db.ovn_revision_numbers_db [None req-63b2654b-2c36-43d8-8e68-551044d84741 ad9867e1180240d9b8bf24a8a5e8fac7 a61e39169f6f4d50ac65980dc39a8458 - - default default] Successfully bumped revision number for resource 86ef9c2b-e8c4-4be7-8f7f-0a370daeff69 (type: subnets) to 0
2026-04-27 22:17:48.545 10 INFO neutron.wsgi [None req-63b2654b-2c36-43d8-8e68-551044d84741 ad9867e1180240d9b8bf24a8a5e8fac7 a61e39169f6f4d50ac65980dc39a8458 - - default default] 10.0.0.63 "POST /v2.0/subnets HTTP/1.1" status: 201 len: 801 time: 1.1125617
2026-04-27 22:17:48.556 10 WARNING neutron_lib.context [None req-ba86aa10-53e0-4ed6-ab0b-0a18469d2b9b ad9867e1180240d9b8bf24a8a5e8fac7 a61e39169f6f4d50ac65980dc39a8458 - - default default] Method 'is_advsvc' is deprecated since 2023.2 release (neutron-lib 3.8.0) and will be removed once support for the old RBAC API policies will be removed from Neutron. Please use method 'is_service_role' instead.
2026-04-27 22:17:48.801 10 WARNING neutron.scheduler.dhcp_agent_scheduler [None req-ba86aa10-53e0-4ed6-ab0b-0a18469d2b9b ad9867e1180240d9b8bf24a8a5e8fac7 a61e39169f6f4d50ac65980dc39a8458 - - default default] No more DHCP agents
2026-04-27 22:17:48.805 10 WARNING neutron.api.rpc.agentnotifiers.dhcp_rpc_agent_api [None req-ba86aa10-53e0-4ed6-ab0b-0a18469d2b9b ad9867e1180240d9b8bf24a8a5e8fac7 a61e39169f6f4d50ac65980dc39a8458 - - default default] Unable to schedule network 0a02392e-66d1-48ef-a694-484b80046af8: no agents available; will retry on subsequent port and subnet creation events.
2026-04-27 22:17:48.866 9 INFO neutron.wsgi [None req-f2f4e067-13fc-47d9-9a8b-de5e168b14ee deb7f9436ba04777bdace9cc6d5bc8b0 815f3c67b503466886e031bf8324ba89 - - default default] 10.0.0.63 "GET /v2.0/security-groups?tenant_id=7bd6d9aa65714ac9a9addf0d8d6bb7a7&name=default HTTP/1.1" status: 200 len: 3120 time: 0.1519356
2026-04-27 22:17:48.975 10 INFO neutron.wsgi [req-8584c083-b188-4710-a6c5-ec2593691157 req-aa551dda-56fa-441e-b6f4-63b68840f184 e830b261d29c4bfb9f8ef7dd33d212ec b9cfcd1d6669471e8b93512fd72bd2c6 - - default default] 199.204.45.250 "GET /v2.0/networks?id=bb930be5-c4c0-42d9-96f4-d5ba9e458527 HTTP/1.1" status: 200 len: 875 time: 0.0773637
2026-04-27 22:17:49.048 10 INFO neutron.wsgi [req-8584c083-b188-4710-a6c5-ec2593691157 req-0789f023-c308-44ba-9ed9-727f5dfcb25f e830b261d29c4bfb9f8ef7dd33d212ec b9cfcd1d6669471e8b93512fd72bd2c6 - - default default] 199.204.45.250 "GET /v2.0/security-groups?fields=id&fields=name&tenant_id=b9cfcd1d6669471e8b93512fd72bd2c6 HTTP/1.1" status: 200 len: 379 time: 0.0648546
2026-04-27 22:17:49.061 10 WARNING neutron_lib.context [req-8584c083-b188-4710-a6c5-ec2593691157 req-8f35fe64-6373-4971-a52e-acf0cd9a90a1 e830b261d29c4bfb9f8ef7dd33d212ec b9cfcd1d6669471e8b93512fd72bd2c6 - - default default] Method 'is_advsvc' is deprecated since 2023.2 release (neutron-lib 3.8.0) and will be removed once support for the old RBAC API policies will be removed from Neutron. Please use method 'is_service_role' instead.
2026-04-27 22:17:49.116 9 INFO neutron.wsgi [None req-52c7b27f-cea2-4be3-8ee0-8371742ac7b6 deb7f9436ba04777bdace9cc6d5bc8b0 815f3c67b503466886e031bf8324ba89 - - default default] 10.0.0.63 "DELETE /v2.0/security-groups/69203034-828a-4dd9-9c2e-be3cacf918f2 HTTP/1.1" status: 204 len: 168 time: 0.2453344
2026-04-27 22:17:49.285 10 INFO neutron.wsgi [req-2b485457-a566-4fb2-8f16-8566d1d31335 req-639f0cd7-e6b2-426a-871f-48b812db72c9 bfe300d330934601af73dac231ad2764 a4d6bb95721141f5aa04d43ca2a2c96f - - default default] 10.0.0.182 "GET /v2.0/ports?device_id=3fdd87ee-8016-4a96-9e48-153c49f245a8 HTTP/1.1" status: 200 len: 1168 time: 0.0682740
2026-04-27 22:17:49.362 10 INFO neutron.wsgi [req-7cc8ec38-8d95-4818-aa86-cdc0375ae9cb req-5e76bf9b-d097-4514-910a-e76f63bb5051 e830b261d29c4bfb9f8ef7dd33d212ec b9cfcd1d6669471e8b93512fd72bd2c6 - - default default] 10.0.0.182 "GET /v2.0/ports?device_id=82ae73fb-8464-449b-9ff0-52ce028bde95 HTTP/1.1" status: 200 len: 210 time: 0.0407839
2026-04-27 22:17:49.402 10 INFO neutron.wsgi [req-2b485457-a566-4fb2-8f16-8566d1d31335 req-dd6149ba-6ea2-4696-b678-af56a0c7a061 bfe300d330934601af73dac231ad2764 a4d6bb95721141f5aa04d43ca2a2c96f - - default default] 10.0.0.182 "GET /v2.0/security-groups?id=b6746900-22cd-4246-9760-71c6bf99b313&fields=id&fields=name HTTP/1.1" status: 200 len: 312 time: 0.1072962
2026-04-27 22:17:49.526 10 INFO neutron.db.ovn_revision_numbers_db [None req-ba86aa10-53e0-4ed6-ab0b-0a18469d2b9b ad9867e1180240d9b8bf24a8a5e8fac7 a61e39169f6f4d50ac65980dc39a8458 - - default default] Successfully bumped revision number for resource f6ddce57-b67d-42e9-b4b1-01c35bba9dd2 (type: ports) to 2
2026-04-27 22:17:49.568 10 INFO neutron.db.ovn_revision_numbers_db [None req-ba86aa10-53e0-4ed6-ab0b-0a18469d2b9b ad9867e1180240d9b8bf24a8a5e8fac7 a61e39169f6f4d50ac65980dc39a8458 - - default default] Successfully bumped revision number for resource 8649ddcb-2ba5-416e-a015-775d3512c8cb (type: subnets) to 0
2026-04-27 22:17:49.583 9 WARNING neutron.plugins.ml2.drivers.ovn.mech_driver.ovsdb.ovn_client [None req-dfd8fd72-4598-4a77-b8a1-42d2eab836db - - - - - -] No hosting information found for port 71659ce6-a0f5-4ea2-aaa8-f1fda6f599ec: RuntimeError: No hosting information found for port 71659ce6-a0f5-4ea2-aaa8-f1fda6f599ec
2026-04-27 22:17:49.584 9 INFO neutron.plugins.ml2.drivers.ovn.mech_driver.mech_driver [None req-dfd8fd72-4598-4a77-b8a1-42d2eab836db - - - - - -] OVN reports status up for port: 05b032ef-157e-4e69-9131-65b85be2c939
2026-04-27 22:17:49.594 10 INFO neutron.wsgi [None req-ba86aa10-53e0-4ed6-ab0b-0a18469d2b9b ad9867e1180240d9b8bf24a8a5e8fac7 a61e39169f6f4d50ac65980dc39a8458 - - default default] 10.0.0.63 "POST /v2.0/subnets HTTP/1.1" status: 201 len: 801 time: 1.0418077
2026-04-27 22:17:49.598 10 WARNING neutron.scheduler.dhcp_agent_scheduler [req-8584c083-b188-4710-a6c5-ec2593691157 req-8f35fe64-6373-4971-a52e-acf0cd9a90a1 e830b261d29c4bfb9f8ef7dd33d212ec b9cfcd1d6669471e8b93512fd72bd2c6 - - default default] No more DHCP agents
2026-04-27 22:17:49.599 9 INFO neutron.plugins.ml2.plugin [None req-dfd8fd72-4598-4a77-b8a1-42d2eab836db - - - - - -] Attempt 1 to provision port 05b032ef-157e-4e69-9131-65b85be2c939
2026-04-27 22:17:49.602 10 WARNING neutron.api.rpc.agentnotifiers.dhcp_rpc_agent_api [req-8584c083-b188-4710-a6c5-ec2593691157 req-8f35fe64-6373-4971-a52e-acf0cd9a90a1 e830b261d29c4bfb9f8ef7dd33d212ec b9cfcd1d6669471e8b93512fd72bd2c6 - - default default] Unable to schedule network bb930be5-c4c0-42d9-96f4-d5ba9e458527: no agents available; will retry on subsequent port and subnet creation events. /var/lib/openstack/lib/python3.10/site-packages/pycadf/identifier.py:71: UserWarning: Invalid uuid: neutron. To ensure interoperability, identifiers should be a valid uuid. warnings.warn(('Invalid uuid: %s. To ensure interoperability, '
2026-04-27 22:17:49.606 10 WARNING neutron_lib.context [None req-c5c3432b-8ea4-4d63-ae6f-759ef8a8887a ad9867e1180240d9b8bf24a8a5e8fac7 a61e39169f6f4d50ac65980dc39a8458 - - default default] Method 'is_advsvc' is deprecated since 2023.2 release (neutron-lib 3.8.0) and will be removed once support for the old RBAC API policies will be removed from Neutron. Please use method 'is_service_role' instead.
2026-04-27 22:17:49.735 9 INFO neutron.notifiers.nova [-] Nova event matching ['req-3992316c-e626-4e1c-9397-c3208f6cb798'] response: {'server_uuid': '3fdd87ee-8016-4a96-9e48-153c49f245a8', 'name': 'network-vif-plugged', 'status': 'completed', 'tag': '05b032ef-157e-4e69-9131-65b85be2c939', 'code': 200}
2026-04-27 22:17:49.759 10 INFO neutron.db.ovn_revision_numbers_db [None req-c5c3432b-8ea4-4d63-ae6f-759ef8a8887a ad9867e1180240d9b8bf24a8a5e8fac7 a61e39169f6f4d50ac65980dc39a8458 - - default default] Successfully bumped revision number for resource b4cbf03c-604b-46d0-8287-9b75b9006b6c (type: routers) to 1
2026-04-27 22:17:49.784 10 INFO neutron.wsgi [None req-c5c3432b-8ea4-4d63-ae6f-759ef8a8887a ad9867e1180240d9b8bf24a8a5e8fac7 a61e39169f6f4d50ac65980dc39a8458 - - default default] 10.0.0.63 "POST /v2.0/routers HTTP/1.1" status: 201 len: 802 time: 0.1834867 /var/lib/openstack/lib/python3.10/site-packages/pycadf/identifier.py:71: UserWarning: Invalid uuid: neutron. To ensure interoperability, identifiers should be a valid uuid. warnings.warn(('Invalid uuid: %s. To ensure interoperability, '
2026-04-27 22:17:49.893 9 INFO neutron.db.ovn_revision_numbers_db [None req-dfd8fd72-4598-4a77-b8a1-42d2eab836db - - - - - -] Successfully bumped revision number for resource 05b032ef-157e-4e69-9131-65b85be2c939 (type: ports) to 4
2026-04-27 22:17:49.921 10 INFO neutron.db.ovn_revision_numbers_db [req-8584c083-b188-4710-a6c5-ec2593691157 req-8f35fe64-6373-4971-a52e-acf0cd9a90a1 e830b261d29c4bfb9f8ef7dd33d212ec b9cfcd1d6669471e8b93512fd72bd2c6 - - default default] Successfully bumped revision number for resource 85e45c8b-84c4-429d-9f88-b7b02ddcc7eb (type: ports) to 1
2026-04-27 22:17:49.960 10 INFO neutron.wsgi [req-8584c083-b188-4710-a6c5-ec2593691157 req-8f35fe64-6373-4971-a52e-acf0cd9a90a1 e830b261d29c4bfb9f8ef7dd33d212ec b9cfcd1d6669471e8b93512fd72bd2c6 - - default default] 199.204.45.250 "POST /v2.0/ports HTTP/1.1" status: 201 len: 1162 time: 0.9068017
2026-04-27 22:17:50.503 10 INFO neutron.wsgi [req-bed45a6b-2198-4de8-9cbd-f50dbdfea823 req-6763a05d-4e7a-4fc0-b330-ec8fe6b1d626 e830b261d29c4bfb9f8ef7dd33d212ec b9cfcd1d6669471e8b93512fd72bd2c6 - - default default] 10.0.0.182 "GET /v2.0/ports?device_id=82ae73fb-8464-449b-9ff0-52ce028bde95 HTTP/1.1" status: 200 len: 1160 time: 0.0804610
2026-04-27 22:17:50.575 10 INFO neutron.wsgi [req-4c08376f-5f42-4a9d-b178-676b1d4bade7 req-614c9e61-9c52-41b0-aea9-86d802882515 bfe300d330934601af73dac231ad2764 a4d6bb95721141f5aa04d43ca2a2c96f - - default default] 10.0.0.182 "GET /v2.0/ports?device_id=3fdd87ee-8016-4a96-9e48-153c49f245a8 HTTP/1.1" status: 200 len: 1170 time: 0.1047010
2026-04-27 22:17:50.651 10 INFO neutron.wsgi [req-bed45a6b-2198-4de8-9cbd-f50dbdfea823 req-1460a49b-f807-4f87-b51c-4f31971de5fb e830b261d29c4bfb9f8ef7dd33d212ec b9cfcd1d6669471e8b93512fd72bd2c6 - - default default] 10.0.0.182 "GET /v2.0/security-groups?id=90bbe0dc-05e9-45a3-a71b-54a2768ad1bd&fields=id&fields=name HTTP/1.1" status: 200 len: 312 time: 0.1313887
2026-04-27 22:17:50.651 10 WARNING neutron.scheduler.dhcp_agent_scheduler [None req-8876a789-e669-48d6-b828-7c44a7b00943 ad9867e1180240d9b8bf24a8a5e8fac7 a61e39169f6f4d50ac65980dc39a8458 - - default default] No more DHCP agents
2026-04-27 22:17:50.657 10 WARNING neutron.api.rpc.agentnotifiers.dhcp_rpc_agent_api [None req-8876a789-e669-48d6-b828-7c44a7b00943 ad9867e1180240d9b8bf24a8a5e8fac7 a61e39169f6f4d50ac65980dc39a8458 - - default default] Unable to schedule network 70f28112-cb7d-4b2c-860b-c0cb91107db2: no agents available; will retry on subsequent port and subnet creation events.
2026-04-27 22:17:50.686 10 INFO neutron.wsgi [req-4c08376f-5f42-4a9d-b178-676b1d4bade7 req-e963a8f6-bce1-4133-83f6-91c009c73c67 bfe300d330934601af73dac231ad2764 a4d6bb95721141f5aa04d43ca2a2c96f - - default default] 10.0.0.182 "GET /v2.0/security-groups?id=b6746900-22cd-4246-9760-71c6bf99b313&fields=id&fields=name HTTP/1.1" status: 200 len: 312 time: 0.0948436 /var/lib/openstack/lib/python3.10/site-packages/pycadf/identifier.py:71: UserWarning: Invalid uuid: neutron. To ensure interoperability, identifiers should be a valid uuid. warnings.warn(('Invalid uuid: %s. To ensure interoperability, '
2026-04-27 22:17:50.799 10 INFO neutron.wsgi [req-bc707b4d-dc97-499a-9874-e6080bb611b4 req-c80fc41e-9778-4df4-8688-0faf7ce378e0 bfe300d330934601af73dac231ad2764 a4d6bb95721141f5aa04d43ca2a2c96f - - default default] 10.0.0.182 "GET /v2.0/ports?device_id=3fdd87ee-8016-4a96-9e48-153c49f245a8 HTTP/1.1" status: 200 len: 1170 time: 0.0520785 /var/lib/openstack/lib/python3.10/site-packages/pycadf/identifier.py:71: UserWarning: Invalid uuid: neutron. To ensure interoperability, identifiers should be a valid uuid. warnings.warn(('Invalid uuid: %s. To ensure interoperability, '
2026-04-27 22:17:50.882 10 INFO neutron.wsgi [-] 10.0.0.63 "GET / HTTP/1.1" status: 200 len: 279 time: 0.0012522
2026-04-27 22:17:50.894 10 INFO neutron.db.ovn_revision_numbers_db [req-8584c083-b188-4710-a6c5-ec2593691157 req-c3e926ec-5661-413e-8976-97e0c4973a9b 704a36a6de1240e18012a19f0f05f720 2f9b73de570f4c89af39e63d7cdb54cd - - 40fd682ceee84a83889ba67ab46e917c 40fd682ceee84a83889ba67ab46e917c] Successfully bumped revision number for resource 85e45c8b-84c4-429d-9f88-b7b02ddcc7eb (type: ports) to 2
2026-04-27 22:17:50.916 10 INFO neutron.db.ovn_revision_numbers_db [None req-8876a789-e669-48d6-b828-7c44a7b00943 ad9867e1180240d9b8bf24a8a5e8fac7 a61e39169f6f4d50ac65980dc39a8458 - - default default] Successfully bumped revision number for resource 627e921a-acf7-4cfd-9f0d-6b9f30c63b5d (type: ports) to 1
2026-04-27 22:17:51.095 9 INFO neutron.wsgi [None req-11061453-9026-4c5b-bc60-cfc17ccf5b80 0eb8e09f893a4046bf6abb5051e4ec84 ad0bde70e9774050b3f23bce8677b294 - - default default] 10.0.0.63 "GET /v2.0/ HTTP/1.1" status: 200 len: 826 time: 0.2018452
2026-04-27 22:17:51.217 10 INFO neutron.db.ovn_revision_numbers_db [req-8584c083-b188-4710-a6c5-ec2593691157 req-c3e926ec-5661-413e-8976-97e0c4973a9b 704a36a6de1240e18012a19f0f05f720 2f9b73de570f4c89af39e63d7cdb54cd - - 40fd682ceee84a83889ba67ab46e917c 40fd682ceee84a83889ba67ab46e917c] Successfully bumped revision number for resource 85e45c8b-84c4-429d-9f88-b7b02ddcc7eb (type: ports) to 2
2026-04-27 22:17:51.243 10 INFO neutron.wsgi [req-8584c083-b188-4710-a6c5-ec2593691157 req-c3e926ec-5661-413e-8976-97e0c4973a9b 704a36a6de1240e18012a19f0f05f720 2f9b73de570f4c89af39e63d7cdb54cd - - 40fd682ceee84a83889ba67ab46e917c 40fd682ceee84a83889ba67ab46e917c] 199.204.45.250 "PUT /v2.0/ports/85e45c8b-84c4-429d-9f88-b7b02ddcc7eb HTTP/1.1" status: 200 len: 1380 time: 1.2747059
2026-04-27 22:17:51.291 10 INFO neutron.notifiers.nova [-] Nova event matching ['req-f473f015-6fd4-4924-991d-404beb005823'] response: {'name': 'network-changed', 'server_uuid': '82ae73fb-8464-449b-9ff0-52ce028bde95', 'tag': '85e45c8b-84c4-429d-9f88-b7b02ddcc7eb', 'status': 'completed', 'code': 200} /var/lib/openstack/lib/python3.10/site-packages/pycadf/identifier.py:71: UserWarning: Invalid uuid: neutron. To ensure interoperability, identifiers should be a valid uuid. warnings.warn(('Invalid uuid: %s. To ensure interoperability, '
2026-04-27 22:17:51.382 10 INFO neutron.wsgi [req-8584c083-b188-4710-a6c5-ec2593691157 req-7d9dfb7e-9820-4426-8373-4c12cbd887f0 704a36a6de1240e18012a19f0f05f720 2f9b73de570f4c89af39e63d7cdb54cd - - 40fd682ceee84a83889ba67ab46e917c 40fd682ceee84a83889ba67ab46e917c] 199.204.45.250 "GET /v2.0/ports?tenant_id=b9cfcd1d6669471e8b93512fd72bd2c6&device_id=82ae73fb-8464-449b-9ff0-52ce028bde95 HTTP/1.1" status: 200 len: 1411 time: 0.0917537
2026-04-27 22:17:51.419 10 INFO neutron.wsgi [req-8584c083-b188-4710-a6c5-ec2593691157 req-42b68e25-8e2c-488a-9245-8c017fa2b50b 704a36a6de1240e18012a19f0f05f720 2f9b73de570f4c89af39e63d7cdb54cd - - 40fd682ceee84a83889ba67ab46e917c 40fd682ceee84a83889ba67ab46e917c] 199.204.45.250 "GET /v2.0/floatingips?fixed_ip_address=10.100.0.12&port_id=85e45c8b-84c4-429d-9f88-b7b02ddcc7eb HTTP/1.1" status: 200 len: 217 time: 0.0245488
2026-04-27 22:17:51.471 9 INFO neutron.db.ovn_revision_numbers_db [None req-50158627-c238-461e-9bb0-2fc4c28c2da3 bfe300d330934601af73dac231ad2764 a4d6bb95721141f5aa04d43ca2a2c96f - - default default] Successfully bumped revision number for resource 5213b0eb-6d24-46d7-ae49-5293c7f271d5 (type: floatingips) to 1
2026-04-27 22:17:51.498 10 INFO neutron.wsgi [req-8584c083-b188-4710-a6c5-ec2593691157 req-26fd5c66-e7ad-4e60-a314-b8cd48e725bc 704a36a6de1240e18012a19f0f05f720 2f9b73de570f4c89af39e63d7cdb54cd - - 40fd682ceee84a83889ba67ab46e917c 40fd682ceee84a83889ba67ab46e917c] 199.204.45.250 "GET /v2.0/subnets?id=4904c325-f74b-491f-b6b2-692dc261db74 HTTP/1.1" status: 200 len: 869 time: 0.0726986
2026-04-27 22:17:51.532 10 INFO neutron.wsgi [req-8584c083-b188-4710-a6c5-ec2593691157 req-373c2648-85e9-47f4-89fc-98fb101263b6 704a36a6de1240e18012a19f0f05f720 2f9b73de570f4c89af39e63d7cdb54cd - - 40fd682ceee84a83889ba67ab46e917c 40fd682ceee84a83889ba67ab46e917c] 199.204.45.250 "GET /v2.0/ports?network_id=bb930be5-c4c0-42d9-96f4-d5ba9e458527&device_owner=network%3Adhcp HTTP/1.1" status: 200 len: 210 time: 0.0280836
2026-04-27 22:17:51.621 9 INFO neutron.db.ovn_revision_numbers_db [None req-50158627-c238-461e-9bb0-2fc4c28c2da3 bfe300d330934601af73dac231ad2764 a4d6bb95721141f5aa04d43ca2a2c96f - - default default] Successfully bumped revision number for resource 5213b0eb-6d24-46d7-ae49-5293c7f271d5 (type: floatingips) to 2
2026-04-27 22:17:51.622 9 INFO neutron.db.l3_db [None req-50158627-c238-461e-9bb0-2fc4c28c2da3 bfe300d330934601af73dac231ad2764 a4d6bb95721141f5aa04d43ca2a2c96f - - default default] Floating IP 5213b0eb-6d24-46d7-ae49-5293c7f271d5 associated. External IP: 10.96.250.216, port: 05b032ef-157e-4e69-9131-65b85be2c939.
2026-04-27 22:17:51.651 9 INFO neutron.wsgi [None req-50158627-c238-461e-9bb0-2fc4c28c2da3 bfe300d330934601af73dac231ad2764 a4d6bb95721141f5aa04d43ca2a2c96f - - default default] 10.0.0.63 "PUT /v2.0/floatingips/5213b0eb-6d24-46d7-ae49-5293c7f271d5 HTTP/1.1" status: 200 len: 1049 time: 0.8398736 /var/lib/openstack/lib/python3.10/site-packages/pycadf/identifier.py:71: UserWarning: Invalid uuid: neutron. To ensure interoperability, identifiers should be a valid uuid. warnings.warn(('Invalid uuid: %s. To ensure interoperability, '
2026-04-27 22:17:51.776 9 INFO neutron.notifiers.nova [-] Nova event matching ['req-686727d7-28c4-47f5-b732-65ac66c249c0'] response: {'server_uuid': '3fdd87ee-8016-4a96-9e48-153c49f245a8', 'name': 'network-vif-plugged', 'status': 'completed', 'tag': '05b032ef-157e-4e69-9131-65b85be2c939', 'code': 200}
2026-04-27 22:17:51.777 9 INFO neutron.notifiers.nova [-] Nova event matching ['req-686727d7-28c4-47f5-b732-65ac66c249c0'] response: {'name': 'network-changed', 'server_uuid': '3fdd87ee-8016-4a96-9e48-153c49f245a8', 'tag': '05b032ef-157e-4e69-9131-65b85be2c939', 'status': 'completed', 'code': 200}
2026-04-27 22:17:51.800 10 ERROR ovsdbapp.backend.ovs_idl.command [None req-8876a789-e669-48d6-b828-7c44a7b00943 ad9867e1180240d9b8bf24a8a5e8fac7 a61e39169f6f4d50ac65980dc39a8458 - - default default] Error executing command (DbGetCommand): ovsdbapp.backend.ovs_idl.idlutils.RowNotFound: Cannot find Logical_Router_Port with name=lrp-627e921a-acf7-4cfd-9f0d-6b9f30c63b5d
2026-04-27 22:17:51.800 10 ERROR ovsdbapp.backend.ovs_idl.command
Traceback (most recent call last):
2026-04-27 22:17:51.800 10 ERROR ovsdbapp.backend.ovs_idl.command
File "/var/lib/openstack/lib/python3.10/site-packages/ovsdbapp/backend/ovs_idl/command.py", line 47, in execute
2026-04-27 22:17:51.800 10 ERROR ovsdbapp.backend.ovs_idl.command self.run_idl(None)
2026-04-27 22:17:51.800 10 ERROR ovsdbapp.backend.ovs_idl.command
File "/var/lib/openstack/lib/python3.10/site-packages/ovsdbapp/backend/ovs_idl/command.py", line 235, in run_idl
2026-04-27 22:17:51.800 10 ERROR ovsdbapp.backend.ovs_idl.command record = self.api.lookup(self.table, self.record)
2026-04-27 22:17:51.800 10 ERROR ovsdbapp.backend.ovs_idl.command
File "/var/lib/openstack/lib/python3.10/site-packages/ovsdbapp/backend/ovs_idl/__init__.py", line 184, in lookup
2026-04-27 22:17:51.800 10 ERROR ovsdbapp.backend.ovs_idl.command return self._lookup(table, record)
2026-04-27 22:17:51.800 10 ERROR ovsdbapp.backend.ovs_idl.command
File "/var/lib/openstack/lib/python3.10/site-packages/ovsdbapp/backend/ovs_idl/__init__.py", line 235, in _lookup
2026-04-27 22:17:51.800 10 ERROR ovsdbapp.backend.ovs_idl.command row = idlutils.row_by_value(self, rl.table, rl.column, record)
2026-04-27 22:17:51.800 10 ERROR ovsdbapp.backend.ovs_idl.command
File "/var/lib/openstack/lib/python3.10/site-packages/ovsdbapp/backend/ovs_idl/idlutils.py", line 114, in row_by_value
2026-04-27 22:17:51.800 10 ERROR ovsdbapp.backend.ovs_idl.command raise RowNotFound(table=table, col=column, match=match)
2026-04-27 22:17:51.800 10 ERROR ovsdbapp.backend.ovs_idl.command ovsdbapp.backend.ovs_idl.idlutils.RowNotFound: Cannot find Logical_Router_Port with name=lrp-627e921a-acf7-4cfd-9f0d-6b9f30c63b5d
2026-04-27 22:17:51.800 10 ERROR ovsdbapp.backend.ovs_idl.command 
2026-04-27 22:17:51.801 10 ERROR neutron_lib.callbacks.manager [None req-8876a789-e669-48d6-b828-7c44a7b00943 ad9867e1180240d9b8bf24a8a5e8fac7 a61e39169f6f4d50ac65980dc39a8458 - - default default] Error during notification for neutron.services.ovn_l3.plugin.OVNL3RouterPlugin._port_update-8778383347430 port, after_update: ovsdbapp.backend.ovs_idl.idlutils.RowNotFound: Cannot find Logical_Router_Port with name=lrp-627e921a-acf7-4cfd-9f0d-6b9f30c63b5d
2026-04-27 22:17:51.801 10 ERROR neutron_lib.callbacks.manager
Traceback (most recent call last):
2026-04-27 22:17:51.801 10 ERROR neutron_lib.callbacks.manager
File "/var/lib/openstack/lib/python3.10/site-packages/neutron_lib/callbacks/manager.py", line 189, in _notify_loop
2026-04-27 22:17:51.801 10 ERROR neutron_lib.callbacks.manager callback.method(resource, event, trigger, payload=payload)
2026-04-27 22:17:51.801 10 ERROR neutron_lib.callbacks.manager
File "/var/lib/openstack/lib/python3.10/site-packages/neutron/services/ovn_l3/plugin.py", line 391, in _port_update
2026-04-27 22:17:51.801 10 ERROR neutron_lib.callbacks.manager l3plugin._ovn_client.update_router_port(context,
2026-04-27 22:17:51.801 10 ERROR neutron_lib.callbacks.manager
File "/var/lib/openstack/lib/python3.10/site-packages/neutron/plugins/ml2/drivers/ovn/mech_driver/ovsdb/ovn_client.py", line 1878, in update_router_port
2026-04-27 22:17:51.801 10 ERROR neutron_lib.callbacks.manager self._update_lrouter_port(context, port, if_exists=if_exists,
2026-04-27 22:17:51.801 10 ERROR neutron_lib.callbacks.manager
File "/var/lib/openstack/lib/python3.10/site-packages/neutron/plugins/ml2/drivers/ovn/mech_driver/ovsdb/ovn_client.py", line 1855, in _update_lrouter_port
2026-04-27 22:17:51.801 10 ERROR neutron_lib.callbacks.manager external_ids = self._nb_idl.db_get(
2026-04-27 22:17:51.801 10 ERROR neutron_lib.callbacks.manager
File "/var/lib/openstack/lib/python3.10/site-packages/ovsdbapp/backend/ovs_idl/command.py", line 47, in execute
2026-04-27 22:17:51.801 10 ERROR neutron_lib.callbacks.manager self.run_idl(None)
2026-04-27 22:17:51.801 10 ERROR neutron_lib.callbacks.manager
File "/var/lib/openstack/lib/python3.10/site-packages/ovsdbapp/backend/ovs_idl/command.py", line 235, in run_idl
2026-04-27 22:17:51.801 10 ERROR neutron_lib.callbacks.manager record = self.api.lookup(self.table, self.record)
2026-04-27 22:17:51.801 10 ERROR neutron_lib.callbacks.manager
File "/var/lib/openstack/lib/python3.10/site-packages/ovsdbapp/backend/ovs_idl/__init__.py", line 184, in lookup
2026-04-27 22:17:51.801 10 ERROR neutron_lib.callbacks.manager return self._lookup(table, record)
2026-04-27 22:17:51.801 10 ERROR neutron_lib.callbacks.manager
File "/var/lib/openstack/lib/python3.10/site-packages/ovsdbapp/backend/ovs_idl/__init__.py", line 235, in _lookup
2026-04-27 22:17:51.801 10 ERROR neutron_lib.callbacks.manager row = idlutils.row_by_value(self, rl.table, rl.column, record)
2026-04-27 22:17:51.801 10 ERROR neutron_lib.callbacks.manager
File "/var/lib/openstack/lib/python3.10/site-packages/ovsdbapp/backend/ovs_idl/idlutils.py", line 114, in row_by_value
2026-04-27 22:17:51.801 10 ERROR neutron_lib.callbacks.manager raise RowNotFound(table=table, col=column, match=match)
2026-04-27 22:17:51.801 10 ERROR neutron_lib.callbacks.manager ovsdbapp.backend.ovs_idl.idlutils.RowNotFound: Cannot find Logical_Router_Port with name=lrp-627e921a-acf7-4cfd-9f0d-6b9f30c63b5d
2026-04-27 22:17:51.801 10 ERROR neutron_lib.callbacks.manager 
2026-04-27 22:17:51.835 9 INFO neutron.db.ovn_revision_numbers_db [None req-230c677e-34ab-4b11-9fe4-d89fc153f740 deb7f9436ba04777bdace9cc6d5bc8b0 815f3c67b503466886e031bf8324ba89 - - default default] Successfully bumped revision number for resource 075c7015-f176-4e98-8d67-ce1381f9f6c7 (type: security_groups) to 1
2026-04-27 22:17:51.848 9 INFO neutron.db.ovn_revision_numbers_db [None req-230c677e-34ab-4b11-9fe4-d89fc153f740 deb7f9436ba04777bdace9cc6d5bc8b0 815f3c67b503466886e031bf8324ba89 - - default default] Successfully bumped revision number for resource 3ce2e697-8d5f-40c9-bf5d-46aef4690f1a (type: security_group_rules) to 0
2026-04-27 22:17:51.862 9 INFO neutron.db.ovn_revision_numbers_db [None req-230c677e-34ab-4b11-9fe4-d89fc153f740 deb7f9436ba04777bdace9cc6d5bc8b0 815f3c67b503466886e031bf8324ba89 - - default default] Successfully bumped revision number for resource 7526dc61-d5da-4b0a-b395-c55c2c104b75 (type: security_group_rules) to 0
2026-04-27 22:17:51.864 10 INFO neutron.wsgi [req-0df58ce8-269d-4e5d-9248-8256a50b82af req-e2566175-3816-4357-bce9-04f155b9d9f3 e830b261d29c4bfb9f8ef7dd33d212ec b9cfcd1d6669471e8b93512fd72bd2c6 - - default default] 10.0.0.182 "GET /v2.0/ports?device_id=82ae73fb-8464-449b-9ff0-52ce028bde95 HTTP/1.1" status: 200 len: 1172 time: 0.0754712
2026-04-27 22:17:51.868 10 INFO neutron.wsgi [req-8584c083-b188-4710-a6c5-ec2593691157 req-6ba79394-b8b4-460d-8903-8bdf54523f28 704a36a6de1240e18012a19f0f05f720 2f9b73de570f4c89af39e63d7cdb54cd - - 40fd682ceee84a83889ba67ab46e917c 40fd682ceee84a83889ba67ab46e917c] 199.204.45.250 "GET /v2.0/networks/bb930be5-c4c0-42d9-96f4-d5ba9e458527?fields=segments HTTP/1.1" status: 200 len: 212 time: 0.3287530
2026-04-27 22:17:51.882 9 INFO neutron.db.ovn_revision_numbers_db [None req-230c677e-34ab-4b11-9fe4-d89fc153f740 deb7f9436ba04777bdace9cc6d5bc8b0 815f3c67b503466886e031bf8324ba89 - - default default] Successfully bumped revision number for resource 8aa9112b-9e06-4454-b591-fb10a1a35f4f (type: security_group_rules) to 0
2026-04-27 22:17:51.893 10 INFO neutron.wsgi [req-73118087-cee9-4283-9b18-573a4674d6a2 req-02cf7117-3b4e-4d59-a9f5-86b2967bb230 704a36a6de1240e18012a19f0f05f720 2f9b73de570f4c89af39e63d7cdb54cd - - 40fd682ceee84a83889ba67ab46e917c 40fd682ceee84a83889ba67ab46e917c] 199.204.45.250 "GET /v2.0/ports?tenant_id=a4d6bb95721141f5aa04d43ca2a2c96f&device_id=3fdd87ee-8016-4a96-9e48-153c49f245a8 HTTP/1.1" status: 200 len: 1409 time: 0.0691433
2026-04-27 22:17:51.901 9 INFO neutron.db.ovn_revision_numbers_db [None req-230c677e-34ab-4b11-9fe4-d89fc153f740 deb7f9436ba04777bdace9cc6d5bc8b0 815f3c67b503466886e031bf8324ba89 - - default default] Successfully bumped revision number for resource abd9d2ab-19cf-4c89-b78f-9ea1623aef52 (type: security_group_rules) to 0
2026-04-27 22:17:51.929 9 INFO neutron.wsgi [None req-230c677e-34ab-4b11-9fe4-d89fc153f740 deb7f9436ba04777bdace9cc6d5bc8b0 815f3c67b503466886e031bf8324ba89 - - default default] 10.0.0.63 "GET /v2.0/security-groups?tenant_id=ad0bde70e9774050b3f23bce8677b294&name=default HTTP/1.1" status: 200 len: 3120 time: 0.3267941
2026-04-27 22:17:51.997 10 INFO neutron.wsgi [req-0df58ce8-269d-4e5d-9248-8256a50b82af req-8c37aaa1-03b5-4e0c-9c7a-58f37dd59039 e830b261d29c4bfb9f8ef7dd33d212ec b9cfcd1d6669471e8b93512fd72bd2c6 - - default default] 10.0.0.182 "GET /v2.0/security-groups?id=90bbe0dc-05e9-45a3-a71b-54a2768ad1bd&fields=id&fields=name HTTP/1.1" status: 200 len: 312 time: 0.1217880
2026-04-27 22:17:52.014 10 INFO neutron.wsgi [req-8584c083-b188-4710-a6c5-ec2593691157 req-983556d6-eccd-4c0e-9a16-8d73ca83be7a 704a36a6de1240e18012a19f0f05f720 2f9b73de570f4c89af39e63d7cdb54cd - - 40fd682ceee84a83889ba67ab46e917c 40fd682ceee84a83889ba67ab46e917c] 199.204.45.250 "GET /v2.0/networks/bb930be5-c4c0-42d9-96f4-d5ba9e458527?fields=provider%3Aphysical_network&fields=provider%3Anetwork_type HTTP/1.1" status: 200 len: 277 time: 0.1396694
2026-04-27 22:17:52.020 10 INFO neutron.wsgi [req-73118087-cee9-4283-9b18-573a4674d6a2 req-6aba1ef0-aeec-467c-bef4-fd05f540c880 704a36a6de1240e18012a19f0f05f720 2f9b73de570f4c89af39e63d7cdb54cd - - 40fd682ceee84a83889ba67ab46e917c 40fd682ceee84a83889ba67ab46e917c] 199.204.45.250 "GET /v2.0/networks?id=30ccc110-8774-4b80-a4f6-38a288f51c20 HTTP/1.1" status: 200 len: 973 time: 0.1186540
2026-04-27 22:17:52.138 10 INFO neutron.wsgi [req-73118087-cee9-4283-9b18-573a4674d6a2 req-61e3b168-20ba-4029-8aa8-fd9afa64defc 704a36a6de1240e18012a19f0f05f720 2f9b73de570f4c89af39e63d7cdb54cd - - 40fd682ceee84a83889ba67ab46e917c 40fd682ceee84a83889ba67ab46e917c] 199.204.45.250 "GET /v2.0/floatingips?fixed_ip_address=10.100.0.7&port_id=05b032ef-157e-4e69-9131-65b85be2c939 HTTP/1.1" status: 200 len: 1059 time: 0.1073995
2026-04-27 22:17:52.168 10 INFO neutron.wsgi [req-a7b5fd3a-c399-402c-947d-6f7bc6f2b4c7 req-0eeb3b3d-b66b-4c19-bdb7-3e3b8d2c6a9b 704a36a6de1240e18012a19f0f05f720 2f9b73de570f4c89af39e63d7cdb54cd - - 40fd682ceee84a83889ba67ab46e917c 40fd682ceee84a83889ba67ab46e917c] 199.204.45.250 "GET /v2.0/ports?tenant_id=b9cfcd1d6669471e8b93512fd72bd2c6&device_id=82ae73fb-8464-449b-9ff0-52ce028bde95 HTTP/1.1" status: 200 len: 1411 time: 0.0783503
2026-04-27 22:17:52.192 10 INFO neutron.plugins.ml2.drivers.ovn.mech_driver.mech_driver [None req-e5eb291a-3077-41b0-9386-e75f14f0bea9 - - - - - -] OVN reports status up for port: 627e921a-acf7-4cfd-9f0d-6b9f30c63b5d
2026-04-27 22:17:52.208 10 INFO neutron.wsgi [req-73118087-cee9-4283-9b18-573a4674d6a2 req-efbebb1d-c692-480b-aa1f-50bc0c5a6b7d 704a36a6de1240e18012a19f0f05f720 2f9b73de570f4c89af39e63d7cdb54cd - - 40fd682ceee84a83889ba67ab46e917c 40fd682ceee84a83889ba67ab46e917c] 199.204.45.250 "GET /v2.0/subnets?id=e3c4f326-aaef-4ae6-9b4f-d8567f6bd211 HTTP/1.1" status: 200 len: 869 time: 0.0585921
2026-04-27 22:17:52.224 9 INFO neutron.wsgi [None req-52780576-2062-4639-b7af-4287aec6942a deb7f9436ba04777bdace9cc6d5bc8b0 815f3c67b503466886e031bf8324ba89 - - default default] 10.0.0.63 "DELETE /v2.0/security-groups/075c7015-f176-4e98-8d67-ce1381f9f6c7 HTTP/1.1" status: 204 len: 168 time: 0.2885036
2026-04-27 22:17:52.236 10 INFO neutron.plugins.ml2.plugin [None req-e5eb291a-3077-41b0-9386-e75f14f0bea9 - - - - - -] Attempt 1 to provision port 627e921a-acf7-4cfd-9f0d-6b9f30c63b5d
2026-04-27 22:17:52.241 9 INFO neutron.plugins.ml2.drivers.ovn.mech_driver.mech_driver [None req-dfd8fd72-4598-4a77-b8a1-42d2eab836db - - - - - -] OVN reports status up for port: 85e45c8b-84c4-429d-9f88-b7b02ddcc7eb
2026-04-27 22:17:52.262 9 INFO neutron.plugins.ml2.plugin [None req-dfd8fd72-4598-4a77-b8a1-42d2eab836db - - - - - -] Attempt 1 to provision port 85e45c8b-84c4-429d-9f88-b7b02ddcc7eb
2026-04-27 22:17:52.271 10 INFO neutron.wsgi [req-73118087-cee9-4283-9b18-573a4674d6a2 req-e421d93d-6ddf-4c33-80d3-3b7b4d9c210b 704a36a6de1240e18012a19f0f05f720 2f9b73de570f4c89af39e63d7cdb54cd - - 40fd682ceee84a83889ba67ab46e917c 40fd682ceee84a83889ba67ab46e917c] 199.204.45.250 "GET /v2.0/ports?network_id=30ccc110-8774-4b80-a4f6-38a288f51c20&device_owner=network%3Adhcp HTTP/1.1" status: 200 len: 210 time: 0.0521939
2026-04-27 22:17:52.273 10 INFO neutron.db.ovn_revision_numbers_db [None req-8876a789-e669-48d6-b828-7c44a7b00943 ad9867e1180240d9b8bf24a8a5e8fac7 a61e39169f6f4d50ac65980dc39a8458 - - default default] Successfully bumped revision number for resource 627e921a-acf7-4cfd-9f0d-6b9f30c63b5d (type: ports) to 1
2026-04-27 22:17:52.309 10 INFO neutron.wsgi [req-a7b5fd3a-c399-402c-947d-6f7bc6f2b4c7 req-58559b02-ee17-4c1d-9352-0ba1397499cd 704a36a6de1240e18012a19f0f05f720 2f9b73de570f4c89af39e63d7cdb54cd - - 40fd682ceee84a83889ba67ab46e917c 40fd682ceee84a83889ba67ab46e917c] 199.204.45.250 "GET /v2.0/networks?id=bb930be5-c4c0-42d9-96f4-d5ba9e458527 HTTP/1.1" status: 200 len: 974 time: 0.1318934
2026-04-27 22:17:52.354 10 INFO neutron.wsgi [req-a7b5fd3a-c399-402c-947d-6f7bc6f2b4c7 req-5eaf2525-c820-4351-b847-cb4d971e84b0 704a36a6de1240e18012a19f0f05f720 2f9b73de570f4c89af39e63d7cdb54cd - - 40fd682ceee84a83889ba67ab46e917c 40fd682ceee84a83889ba67ab46e917c] 199.204.45.250 "GET /v2.0/floatingips?fixed_ip_address=10.100.0.12&port_id=85e45c8b-84c4-429d-9f88-b7b02ddcc7eb HTTP/1.1" status: 200 len: 217 time: 0.0346220
2026-04-27 22:17:52.455 10 INFO neutron.wsgi [req-a7b5fd3a-c399-402c-947d-6f7bc6f2b4c7 req-7fc27c20-66fe-4fac-895f-86d5ca27d7e1 704a36a6de1240e18012a19f0f05f720 2f9b73de570f4c89af39e63d7cdb54cd - - 40fd682ceee84a83889ba67ab46e917c 40fd682ceee84a83889ba67ab46e917c] 199.204.45.250 "GET /v2.0/subnets?id=4904c325-f74b-491f-b6b2-692dc261db74 HTTP/1.1" status: 200 len: 869 time: 0.0854943
2026-04-27 22:17:52.480 10 INFO neutron.wsgi [req-73118087-cee9-4283-9b18-573a4674d6a2 req-40340c19-a1ed-4232-8d45-f891f648b672 704a36a6de1240e18012a19f0f05f720 2f9b73de570f4c89af39e63d7cdb54cd - - 40fd682ceee84a83889ba67ab46e917c 40fd682ceee84a83889ba67ab46e917c] 199.204.45.250 "GET /v2.0/networks/30ccc110-8774-4b80-a4f6-38a288f51c20?fields=segments HTTP/1.1" status: 200 len: 212 time: 0.2014554
2026-04-27 22:17:52.492 10 INFO neutron.wsgi [req-a7b5fd3a-c399-402c-947d-6f7bc6f2b4c7 req-38ff0127-babd-4a78-a245-1aa03890edfa 704a36a6de1240e18012a19f0f05f720 2f9b73de570f4c89af39e63d7cdb54cd - - 40fd682ceee84a83889ba67ab46e917c 40fd682ceee84a83889ba67ab46e917c] 199.204.45.250 "GET /v2.0/ports?network_id=bb930be5-c4c0-42d9-96f4-d5ba9e458527&device_owner=network%3Adhcp HTTP/1.1" status: 200 len: 210 time: 0.0304737
2026-04-27 22:17:52.528 10 WARNING neutron.scheduler.dhcp_agent_scheduler [None req-8876a789-e669-48d6-b828-7c44a7b00943 ad9867e1180240d9b8bf24a8a5e8fac7 a61e39169f6f4d50ac65980dc39a8458 - - default default] No more DHCP agents
2026-04-27 22:17:52.535 10 WARNING neutron.api.rpc.agentnotifiers.dhcp_rpc_agent_api [None req-8876a789-e669-48d6-b828-7c44a7b00943 ad9867e1180240d9b8bf24a8a5e8fac7 a61e39169f6f4d50ac65980dc39a8458 - - default default] Unable to schedule network 70f28112-cb7d-4b2c-860b-c0cb91107db2: no agents available; will retry on subsequent port and subnet creation events.
2026-04-27 22:17:52.664 10 INFO neutron.wsgi [req-73118087-cee9-4283-9b18-573a4674d6a2 req-caa6b075-d29a-4a40-91e8-537fc98a8832 704a36a6de1240e18012a19f0f05f720 2f9b73de570f4c89af39e63d7cdb54cd - - 40fd682ceee84a83889ba67ab46e917c 40fd682ceee84a83889ba67ab46e917c] 199.204.45.250 "GET /v2.0/networks/30ccc110-8774-4b80-a4f6-38a288f51c20?fields=provider%3Aphysical_network&fields=provider%3Anetwork_type HTTP/1.1" status: 200 len: 277 time: 0.1741655
2026-04-27 22:17:52.669 10 INFO neutron.wsgi [req-a7b5fd3a-c399-402c-947d-6f7bc6f2b4c7 req-77ccfbe3-8017-48da-abb7-ce92505cfb6d 704a36a6de1240e18012a19f0f05f720 2f9b73de570f4c89af39e63d7cdb54cd - - 40fd682ceee84a83889ba67ab46e917c 40fd682ceee84a83889ba67ab46e917c] 199.204.45.250 "GET /v2.0/networks/bb930be5-c4c0-42d9-96f4-d5ba9e458527?fields=segments HTTP/1.1" status: 200 len: 212 time: 0.1684618
2026-04-27 22:17:52.770 10 INFO neutron.wsgi [req-a7b5fd3a-c399-402c-947d-6f7bc6f2b4c7 req-c14c993e-d30e-4666-991d-0a941f7d12d0 704a36a6de1240e18012a19f0f05f720 2f9b73de570f4c89af39e63d7cdb54cd - - 40fd682ceee84a83889ba67ab46e917c 40fd682ceee84a83889ba67ab46e917c] 199.204.45.250 "GET /v2.0/networks/bb930be5-c4c0-42d9-96f4-d5ba9e458527?fields=provider%3Aphysical_network&fields=provider%3Anetwork_type HTTP/1.1" status: 200 len: 277 time: 0.0941164
2026-04-27 22:17:52.806 9 INFO neutron.db.ovn_revision_numbers_db [None req-dfd8fd72-4598-4a77-b8a1-42d2eab836db - - - - - -] Successfully bumped revision number for resource 85e45c8b-84c4-429d-9f88-b7b02ddcc7eb (type: ports) to 4
