2026-04-27 22:18:35.238 9 INFO neutron.wsgi [None req-6b880557-8a93-4842-8860-a3221244d6c2 deb7f9436ba04777bdace9cc6d5bc8b0 815f3c67b503466886e031bf8324ba89 - - default default] 10.0.0.63 "DELETE /v2.0/security-groups/ed995081-c5c9-43dd-b17d-35e52719f442 HTTP/1.1" status: 204 len: 168 time: 0.2317884
2026-04-27 22:18:35.288 10 INFO neutron.wsgi [None req-673ed733-049e-4ff1-85fb-9978c1abf835 deb7f9436ba04777bdace9cc6d5bc8b0 815f3c67b503466886e031bf8324ba89 - - default default] 10.0.0.63 "DELETE /v2.0/security-groups/8c7758e3-5780-469e-b358-185906de3684 HTTP/1.1" status: 204 len: 168 time: 0.3214736
2026-04-27 22:18:35.781 10 INFO neutron.db.ovn_revision_numbers_db [None req-e3989a37-d78d-403e-b16a-8f97faf9074b d8149c16f5a14945a89bf9bfd19612b3 4386af262c97461fa787cbb3e38ca352 - - default default] Successfully bumped revision number for resource a990933f-6600-4809-bc4c-92ebabc99636 (type: ports) to 2
2026-04-27 22:18:35.817 10 INFO neutron.db.ovn_revision_numbers_db [None req-e3989a37-d78d-403e-b16a-8f97faf9074b d8149c16f5a14945a89bf9bfd19612b3 4386af262c97461fa787cbb3e38ca352 - - default default] Successfully bumped revision number for resource 460165f8-b2a9-471b-8180-5f87b0ccf52a (type: subnets) to 0
2026-04-27 22:18:35.820 10 INFO neutron.db.ovn_revision_numbers_db [None req-f3f9010b-9d77-4ba2-afdc-b1b2c8a50132 deb7f9436ba04777bdace9cc6d5bc8b0 815f3c67b503466886e031bf8324ba89 - - default default] Successfully bumped revision number for resource 3af0415e-f2c1-4855-9a79-97642ef344ba (type: security_groups) to 1
2026-04-27 22:18:35.834 10 INFO neutron.wsgi [None req-e3989a37-d78d-403e-b16a-8f97faf9074b d8149c16f5a14945a89bf9bfd19612b3 4386af262c97461fa787cbb3e38ca352 - - default default] 10.0.0.63 "POST /v2.0/subnets HTTP/1.1" status: 201 len: 801 time: 0.9183121
2026-04-27 22:18:35.838 10 INFO neutron.db.ovn_revision_numbers_db [None req-f3f9010b-9d77-4ba2-afdc-b1b2c8a50132 deb7f9436ba04777bdace9cc6d5bc8b0 815f3c67b503466886e031bf8324ba89 - - default default] Successfully bumped revision number for resource 663bb370-980b-4835-b438-ed21460e7998 (type: security_group_rules) to 0
2026-04-27 22:18:35.849 10 WARNING neutron_lib.context [None req-cc38e95d-7686-4f2e-9c4c-1590f3089a61 d8149c16f5a14945a89bf9bfd19612b3 4386af262c97461fa787cbb3e38ca352 - - default default] Method 'is_advsvc' is deprecated since 2023.2 release (neutron-lib 3.8.0) and will be removed once support for the old RBAC API policies will be removed from Neutron. Please use method 'is_service_role' instead.
2026-04-27 22:18:35.865 10 INFO neutron.db.ovn_revision_numbers_db [None req-f3f9010b-9d77-4ba2-afdc-b1b2c8a50132 deb7f9436ba04777bdace9cc6d5bc8b0 815f3c67b503466886e031bf8324ba89 - - default default] Successfully bumped revision number for resource ab4c00ae-2210-4c66-9d5c-b4cc3cf02bd8 (type: security_group_rules) to 0
2026-04-27 22:18:35.891 10 INFO neutron.db.ovn_revision_numbers_db [None req-f3f9010b-9d77-4ba2-afdc-b1b2c8a50132 deb7f9436ba04777bdace9cc6d5bc8b0 815f3c67b503466886e031bf8324ba89 - - default default] Successfully bumped revision number for resource ae1e8dc6-0aa9-49c1-9b47-b629f35fe95a (type: security_group_rules) to 0
2026-04-27 22:18:35.916 10 INFO neutron.db.ovn_revision_numbers_db [None req-f3f9010b-9d77-4ba2-afdc-b1b2c8a50132 deb7f9436ba04777bdace9cc6d5bc8b0 815f3c67b503466886e031bf8324ba89 - - default default] Successfully bumped revision number for resource ca724274-3c65-4592-a698-63fb4839e5d3 (type: security_group_rules) to 0
2026-04-27 22:18:35.996 10 INFO neutron.db.segments_db [None req-f3f9010b-9d77-4ba2-afdc-b1b2c8a50132 deb7f9436ba04777bdace9cc6d5bc8b0 815f3c67b503466886e031bf8324ba89 - - default default] Added segment daa7d3d4-fa2f-4d18-8624-d6f651b4c918 of type geneve for network 427bb35a-4001-4a6a-ae28-d08219492aa8
2026-04-27 22:18:36.407 10 INFO neutron.db.ovn_revision_numbers_db [None req-f3f9010b-9d77-4ba2-afdc-b1b2c8a50132 deb7f9436ba04777bdace9cc6d5bc8b0 815f3c67b503466886e031bf8324ba89 - - default default] Successfully bumped revision number for resource 427bb35a-4001-4a6a-ae28-d08219492aa8 (type: networks) to 1
2026-04-27 22:18:36.533 10 WARNING neutron.scheduler.dhcp_agent_scheduler [None req-cc38e95d-7686-4f2e-9c4c-1590f3089a61 d8149c16f5a14945a89bf9bfd19612b3 4386af262c97461fa787cbb3e38ca352 - - default default] No more DHCP agents
2026-04-27 22:18:36.539 10 WARNING neutron.api.rpc.agentnotifiers.dhcp_rpc_agent_api [None req-cc38e95d-7686-4f2e-9c4c-1590f3089a61 d8149c16f5a14945a89bf9bfd19612b3 4386af262c97461fa787cbb3e38ca352 - - default default] Unable to schedule network 324adaa4-9664-4e7d-bdae-d10fd75b7924: no agents available; will retry on subsequent port and subnet creation events.
2026-04-27 22:18:36.624 10 WARNING neutron.scheduler.dhcp_agent_scheduler [None req-f3f9010b-9d77-4ba2-afdc-b1b2c8a50132 deb7f9436ba04777bdace9cc6d5bc8b0 815f3c67b503466886e031bf8324ba89 - - default default] No more DHCP agents
2026-04-27 22:18:36.628 10 WARNING neutron.api.rpc.agentnotifiers.dhcp_rpc_agent_api [None req-f3f9010b-9d77-4ba2-afdc-b1b2c8a50132 deb7f9436ba04777bdace9cc6d5bc8b0 815f3c67b503466886e031bf8324ba89 - - default default] Unable to schedule network 427bb35a-4001-4a6a-ae28-d08219492aa8: no agents available; will retry on subsequent port and subnet creation events.
2026-04-27 22:18:36.755 10 INFO neutron.db.ovn_revision_numbers_db [None req-f3f9010b-9d77-4ba2-afdc-b1b2c8a50132 deb7f9436ba04777bdace9cc6d5bc8b0 815f3c67b503466886e031bf8324ba89 - - default default] Successfully bumped revision number for resource 8b6c5a82-8910-440f-8fb0-13e00ab044c3 (type: ports) to 1
2026-04-27 22:18:36.766 10 INFO neutron.db.ovn_revision_numbers_db [None req-cc38e95d-7686-4f2e-9c4c-1590f3089a61 d8149c16f5a14945a89bf9bfd19612b3 4386af262c97461fa787cbb3e38ca352 - - default default] Successfully bumped revision number for resource 4514a473-20c5-4d59-8ea1-41fc56150d86 (type: ports) to 1
2026-04-27 22:18:36.780 10 INFO neutron.wsgi [None req-f3f9010b-9d77-4ba2-afdc-b1b2c8a50132 deb7f9436ba04777bdace9cc6d5bc8b0 815f3c67b503466886e031bf8324ba89 - - default default] 10.0.0.63 "POST /v2.0/networks HTTP/1.1" status: 201 len: 946 time: 1.4007781
2026-04-27 22:18:36.793 10 INFO neutron.wsgi [None req-cc38e95d-7686-4f2e-9c4c-1590f3089a61 d8149c16f5a14945a89bf9bfd19612b3 4386af262c97461fa787cbb3e38ca352 - - default default] 10.0.0.63 "POST /v2.0/ports HTTP/1.1" status: 201 len: 1111 time: 0.9536011
2026-04-27 22:18:37.013 10 WARNING neutron.scheduler.dhcp_agent_scheduler [None req-c8d8f094-9a97-4b40-b1f6-ebb9a15c5cb4 deb7f9436ba04777bdace9cc6d5bc8b0 815f3c67b503466886e031bf8324ba89 - - default default] No more DHCP agents
2026-04-27 22:18:37.018 10 WARNING neutron.api.rpc.agentnotifiers.dhcp_rpc_agent_api [None req-c8d8f094-9a97-4b40-b1f6-ebb9a15c5cb4 deb7f9436ba04777bdace9cc6d5bc8b0 815f3c67b503466886e031bf8324ba89 - - default default] Unable to schedule network 427bb35a-4001-4a6a-ae28-d08219492aa8: no agents available; will retry on subsequent port and subnet creation events.
2026-04-27 22:18:37.225 10 INFO neutron.wsgi [None req-c00cdd62-b499-4e07-9a1c-32e0820900d2 d8149c16f5a14945a89bf9bfd19612b3 4386af262c97461fa787cbb3e38ca352 - - default default] 10.0.0.63 "DELETE /v2.0/ports/4514a473-20c5-4d59-8ea1-41fc56150d86 HTTP/1.1" status: 204 len: 168 time: 0.4270933
2026-04-27 22:18:37.252 9 INFO neutron.pecan_wsgi.hooks.translation [None req-eff67e4f-d084-4c38-9301-205948f18fec d8149c16f5a14945a89bf9bfd19612b3 4386af262c97461fa787cbb3e38ca352 - - default default] GET failed (client error): The resource could not be found.
2026-04-27 22:18:37.254 9 INFO neutron.wsgi [None req-eff67e4f-d084-4c38-9301-205948f18fec d8149c16f5a14945a89bf9bfd19612b3 4386af262c97461fa787cbb3e38ca352 - - default default] 10.0.0.63 "GET /v2.0/ports/4514a473-20c5-4d59-8ea1-41fc56150d86 HTTP/1.1" status: 404 len: 333 time: 0.0229380
2026-04-27 22:18:37.468 9 INFO neutron.wsgi [None req-dda6b45b-852a-4ee5-8a13-2d08c5aeb964 d8149c16f5a14945a89bf9bfd19612b3 4386af262c97461fa787cbb3e38ca352 - - default default] 10.0.0.63 "DELETE /v2.0/subnets/460165f8-b2a9-471b-8180-5f87b0ccf52a HTTP/1.1" status: 204 len: 168 time: 0.2099445
2026-04-27 22:18:37.574 10 INFO neutron.db.ovn_revision_numbers_db [None req-c8d8f094-9a97-4b40-b1f6-ebb9a15c5cb4 deb7f9436ba04777bdace9cc6d5bc8b0 815f3c67b503466886e031bf8324ba89 - - default default] Successfully bumped revision number for resource 8b6c5a82-8910-440f-8fb0-13e00ab044c3 (type: ports) to 2
2026-04-27 22:18:37.611 10 INFO neutron.db.ovn_revision_numbers_db [None req-c8d8f094-9a97-4b40-b1f6-ebb9a15c5cb4 deb7f9436ba04777bdace9cc6d5bc8b0 815f3c67b503466886e031bf8324ba89 - - default default] Successfully bumped revision number for resource 984cda19-4f46-43ca-ab0e-ca4d76c3fc4f (type: subnets) to 0
2026-04-27 22:18:37.629 10 INFO neutron.wsgi [None req-c8d8f094-9a97-4b40-b1f6-ebb9a15c5cb4 deb7f9436ba04777bdace9cc6d5bc8b0 815f3c67b503466886e031bf8324ba89 - - default default] 10.0.0.63 "POST /v2.0/subnets HTTP/1.1" status: 201 len: 868 time: 0.8445902
2026-04-27 22:18:37.926 9 INFO neutron.services.segments.plugin [-] Segment 8b376af8-54ab-48fd-804e-f5bdcbf86fc5 resource provider aggregate not found
2026-04-27 22:18:37.933 9 INFO neutron.services.segments.plugin [-] Segment 8b376af8-54ab-48fd-804e-f5bdcbf86fc5 resource provider aggregate not found
2026-04-27 22:18:37.942 9 INFO neutron.services.segments.plugin [-] Segment 8b376af8-54ab-48fd-804e-f5bdcbf86fc5 resource provider not found; error: Placement Client Error (4xx): {"errors": [{"status": 404, "title": "Not Found", "detail": "The resource could not be found.\n\n No resource provider with uuid 8b376af8-54ab-48fd-804e-f5bdcbf86fc5 found for delete ", "request_id": "req-80038fb3-2371-4476-ada7-b717548a09dc"}]}
2026-04-27 22:18:37.948 9 INFO neutron.services.segments.plugin [-] Segment 8b376af8-54ab-48fd-804e-f5bdcbf86fc5 resource provider not found; error: Placement Client Error (4xx): {"errors": [{"status": 404, "title": "Not Found", "detail": "The resource could not be found.\n\n No resource provider with uuid 8b376af8-54ab-48fd-804e-f5bdcbf86fc5 found for delete ", "request_id": "req-0187cc3b-8aaa-4f36-b1ca-a10c28e205df"}]}
2026-04-27 22:18:37.971 9 INFO neutron.wsgi [None req-e5735e75-554a-4d92-a741-ce71e534747b d8149c16f5a14945a89bf9bfd19612b3 4386af262c97461fa787cbb3e38ca352 - - default default] 10.0.0.63 "DELETE /v2.0/networks/324adaa4-9664-4e7d-bdae-d10fd75b7924 HTTP/1.1" status: 204 len: 168 time: 0.4976599
2026-04-27 22:18:37.982 9 WARNING neutron_lib.context [None req-757c5414-b046-4852-9995-41535b5dd1e4 d8149c16f5a14945a89bf9bfd19612b3 4386af262c97461fa787cbb3e38ca352 - - default default] Method 'is_advsvc' is deprecated since 2023.2 release (neutron-lib 3.8.0) and will be removed once support for the old RBAC API policies will be removed from Neutron. Please use method 'is_service_role' instead.
2026-04-27 22:18:38.206 10 WARNING neutron.scheduler.dhcp_agent_scheduler [None req-93f6a8a6-97f8-4c3c-ab0e-572001697051 deb7f9436ba04777bdace9cc6d5bc8b0 815f3c67b503466886e031bf8324ba89 - - default default] No more DHCP agents
2026-04-27 22:18:38.208 10 WARNING neutron.api.rpc.agentnotifiers.dhcp_rpc_agent_api [None req-93f6a8a6-97f8-4c3c-ab0e-572001697051 deb7f9436ba04777bdace9cc6d5bc8b0 815f3c67b503466886e031bf8324ba89 - - default default] Unable to schedule network 20ee4d84-be3b-4f8e-8c40-e21ddfc8e124: no agents available; will retry on subsequent port and subnet creation events.
2026-04-27 22:18:38.232 9 WARNING neutron.scheduler.dhcp_agent_scheduler [None req-757c5414-b046-4852-9995-41535b5dd1e4 d8149c16f5a14945a89bf9bfd19612b3 4386af262c97461fa787cbb3e38ca352 - - default default] No more DHCP agents
2026-04-27 22:18:38.234 9 WARNING neutron.api.rpc.agentnotifiers.dhcp_rpc_agent_api [None req-757c5414-b046-4852-9995-41535b5dd1e4 d8149c16f5a14945a89bf9bfd19612b3 4386af262c97461fa787cbb3e38ca352 - - default default] Unable to schedule network 515d83d6-60bb-44dd-878b-30cb1b78f73f: no agents available; will retry on subsequent port and subnet creation events.
2026-04-27 22:18:38.324 9 INFO neutron.db.ovn_revision_numbers_db [None req-757c5414-b046-4852-9995-41535b5dd1e4 d8149c16f5a14945a89bf9bfd19612b3 4386af262c97461fa787cbb3e38ca352 - - default default] Successfully bumped revision number for resource afd9167c-e018-436a-9dcd-292971f6cfee (type: ports) to 1
2026-04-27 22:18:38.357 9 INFO neutron.wsgi [None req-757c5414-b046-4852-9995-41535b5dd1e4 d8149c16f5a14945a89bf9bfd19612b3 4386af262c97461fa787cbb3e38ca352 - - default default] 10.0.0.63 "POST /v2.0/ports HTTP/1.1" status: 201 len: 974 time: 0.3792138 /var/lib/openstack/lib/python3.10/site-packages/pycadf/identifier.py:71: UserWarning: Invalid uuid: neutron. To ensure interoperability, identifiers should be a valid uuid. warnings.warn(('Invalid uuid: %s. To ensure interoperability, '
2026-04-27 22:18:38.370 10 INFO neutron.db.ovn_revision_numbers_db [None req-93f6a8a6-97f8-4c3c-ab0e-572001697051 deb7f9436ba04777bdace9cc6d5bc8b0 815f3c67b503466886e031bf8324ba89 - - default default] Successfully bumped revision number for resource 85b7adb2-b9c1-4871-8b04-92340f7ff79c (type: ports) to 1
2026-04-27 22:18:38.649 9 INFO neutron.db.ovn_revision_numbers_db [None req-049cb7f4-f79e-4087-946a-3f5f4464e18d d8149c16f5a14945a89bf9bfd19612b3 4386af262c97461fa787cbb3e38ca352 - - default default] Successfully bumped revision number for resource afd9167c-e018-436a-9dcd-292971f6cfee (type: ports) to 2 /var/lib/openstack/lib/python3.10/site-packages/pycadf/identifier.py:71: UserWarning: Invalid uuid: neutron. To ensure interoperability, identifiers should be a valid uuid. warnings.warn(('Invalid uuid: %s. To ensure interoperability, '
2026-04-27 22:18:38.665 9 WARNING neutron_lib.context [None req-d60c5765-4868-4b18-8181-a3883c4e6593 9fc0f617336748b2acb716f44310605a 50ab192cbd9a464c988db7c363802fa1 - - default default] Method 'is_advsvc' is deprecated since 2023.2 release (neutron-lib 3.8.0) and will be removed once support for the old RBAC API policies will be removed from Neutron. Please use method 'is_service_role' instead.
2026-04-27 22:18:38.676 9 INFO neutron.wsgi [None req-049cb7f4-f79e-4087-946a-3f5f4464e18d d8149c16f5a14945a89bf9bfd19612b3 4386af262c97461fa787cbb3e38ca352 - - default default] 10.0.0.63 "PUT /v2.0/ports/afd9167c-e018-436a-9dcd-292971f6cfee HTTP/1.1" status: 200 len: 946 time: 0.3137412
2026-04-27 22:18:38.821 10 INFO neutron.plugins.ml2.drivers.ovn.mech_driver.mech_driver [None req-e5eb291a-3077-41b0-9386-e75f14f0bea9 - - - - - -] OVN reports status down for port: afd9167c-e018-436a-9dcd-292971f6cfee
2026-04-27 22:18:38.859 9 INFO neutron.db.ovn_revision_numbers_db [None req-d60c5765-4868-4b18-8181-a3883c4e6593 9fc0f617336748b2acb716f44310605a 50ab192cbd9a464c988db7c363802fa1 - - default default] Successfully bumped revision number for resource 60b3bab6-19cf-4e1f-a554-0f6c55e32282 (type: security_groups) to 1
2026-04-27 22:18:38.885 9 INFO neutron.db.ovn_revision_numbers_db [None req-d60c5765-4868-4b18-8181-a3883c4e6593 9fc0f617336748b2acb716f44310605a 50ab192cbd9a464c988db7c363802fa1 - - default default] Successfully bumped revision number for resource bd198d88-5bb2-418b-9141-c306ab995527 (type: security_group_rules) to 0
2026-04-27 22:18:38.910 9 INFO neutron.db.ovn_revision_numbers_db [None req-d60c5765-4868-4b18-8181-a3883c4e6593 9fc0f617336748b2acb716f44310605a 50ab192cbd9a464c988db7c363802fa1 - - default default] Successfully bumped revision number for resource d901db5f-9491-4fbc-a628-c63b60de87d9 (type: security_group_rules) to 0
2026-04-27 22:18:38.924 9 INFO neutron.db.ovn_revision_numbers_db [None req-d60c5765-4868-4b18-8181-a3883c4e6593 9fc0f617336748b2acb716f44310605a 50ab192cbd9a464c988db7c363802fa1 - - default default] Successfully bumped revision number for resource de6ef582-f65f-4b3a-9e25-9987bb00bb8c (type: security_group_rules) to 0
2026-04-27 22:18:38.939 9 INFO neutron.db.ovn_revision_numbers_db [None req-d60c5765-4868-4b18-8181-a3883c4e6593 9fc0f617336748b2acb716f44310605a 50ab192cbd9a464c988db7c363802fa1 - - default default] Successfully bumped revision number for resource f22f4dde-727e-4ec6-86d8-c0e6d0600406 (type: security_group_rules) to 0
2026-04-27 22:18:38.996 9 INFO neutron.wsgi [None req-bbb44bcf-8e21-4844-86ea-3a6d361332cd d8149c16f5a14945a89bf9bfd19612b3 4386af262c97461fa787cbb3e38ca352 - - default default] 10.0.0.63 "DELETE /v2.0/ports/afd9167c-e018-436a-9dcd-292971f6cfee HTTP/1.1" status: 204 len: 168 time: 0.3153629
2026-04-27 22:18:39.001 9 INFO neutron.db.segments_db [None req-d60c5765-4868-4b18-8181-a3883c4e6593 9fc0f617336748b2acb716f44310605a 50ab192cbd9a464c988db7c363802fa1 - - default default] Added segment 6b6a0ebc-ebab-418b-aab2-516e91981963 of type geneve for network 1532ace4-9c03-4312-85da-7c57ccfd75e2
2026-04-27 22:18:39.015 10 INFO neutron.db.ovn_revision_numbers_db [None req-3e684e3b-bde7-45dd-833c-21c5f287442c deb7f9436ba04777bdace9cc6d5bc8b0 815f3c67b503466886e031bf8324ba89 - - default default] Successfully bumped revision number for resource 6deca20e-dc91-4e5f-8c86-c7bb20530470 (type: security_groups) to 1
2026-04-27 22:18:39.034 10 INFO neutron.db.ovn_revision_numbers_db [None req-3e684e3b-bde7-45dd-833c-21c5f287442c deb7f9436ba04777bdace9cc6d5bc8b0 815f3c67b503466886e031bf8324ba89 - - default default] Successfully bumped revision number for resource 57da7d29-2822-47f8-b995-04b6b1e52262 (type: security_group_rules) to 0
2026-04-27 22:18:39.052 9 INFO neutron.wsgi [None req-b45c1dc8-5487-4ce7-bd74-b7042b118653 d8149c16f5a14945a89bf9bfd19612b3 4386af262c97461fa787cbb3e38ca352 - - default default] 10.0.0.63 "GET /v2.0/ports HTTP/1.1" status: 200 len: 1729 time: 0.0514708
2026-04-27 22:18:39.062 10 INFO neutron.db.ovn_revision_numbers_db [None req-3e684e3b-bde7-45dd-833c-21c5f287442c deb7f9436ba04777bdace9cc6d5bc8b0 815f3c67b503466886e031bf8324ba89 - - default default] Successfully bumped revision number for resource 6d82a9e6-7f58-4285-94ec-8f867d081053 (type: security_group_rules) to 0
2026-04-27 22:18:39.075 10 INFO neutron.db.ovn_revision_numbers_db [None req-3e684e3b-bde7-45dd-833c-21c5f287442c deb7f9436ba04777bdace9cc6d5bc8b0 815f3c67b503466886e031bf8324ba89 - - default default] Successfully bumped revision number for resource e3c17c17-79f0-467d-9eac-85dd1f89f108 (type: security_group_rules) to 0
2026-04-27 22:18:39.081 9 INFO neutron.pecan_wsgi.hooks.translation [None req-49994296-98fb-417c-9db0-68f28e62a881 d8149c16f5a14945a89bf9bfd19612b3 4386af262c97461fa787cbb3e38ca352 - - default default] GET failed (client error): The resource could not be found.
2026-04-27 22:18:39.082 9 INFO neutron.wsgi [None req-49994296-98fb-417c-9db0-68f28e62a881 d8149c16f5a14945a89bf9bfd19612b3 4386af262c97461fa787cbb3e38ca352 - - default default] 10.0.0.63 "GET /v2.0/ports/afd9167c-e018-436a-9dcd-292971f6cfee HTTP/1.1" status: 404 len: 333 time: 0.0195947
2026-04-27 22:18:39.129 10 INFO neutron.db.ovn_revision_numbers_db [None req-3e684e3b-bde7-45dd-833c-21c5f287442c deb7f9436ba04777bdace9cc6d5bc8b0 815f3c67b503466886e031bf8324ba89 - - default default] Successfully bumped revision number for resource ed39b3e4-b4bb-4e99-9cdd-1b55ea6436f3 (type: security_group_rules) to 0
2026-04-27 22:18:39.170 10 INFO neutron.wsgi [None req-3e684e3b-bde7-45dd-833c-21c5f287442c deb7f9436ba04777bdace9cc6d5bc8b0 815f3c67b503466886e031bf8324ba89 - - default default] 10.0.0.63 "GET /v2.0/security-groups?tenant_id=5cb3e82509f54825878ca4a89060723f&name=default HTTP/1.1" status: 200 len: 3120 time: 0.6636450
2026-04-27 22:18:39.173 9 INFO neutron.db.ovn_revision_numbers_db [None req-d60c5765-4868-4b18-8181-a3883c4e6593 9fc0f617336748b2acb716f44310605a 50ab192cbd9a464c988db7c363802fa1 - - default default] Successfully bumped revision number for resource 1532ace4-9c03-4312-85da-7c57ccfd75e2 (type: networks) to 1
2026-04-27 22:18:39.230 10 INFO neutron.wsgi [None req-c8c44f97-22c5-481f-8100-90fe16150bf3 d8149c16f5a14945a89bf9bfd19612b3 4386af262c97461fa787cbb3e38ca352 - - default default] 10.0.0.63 "GET /v2.0/ports HTTP/1.1" status: 200 len: 1729 time: 0.1386070
2026-04-27 22:18:39.281 10 INFO neutron.wsgi [None req-66d09f05-0a51-433e-b047-d45eef2cf7f3 d8149c16f5a14945a89bf9bfd19612b3 4386af262c97461fa787cbb3e38ca352 - - default default] 10.0.0.63 "GET /v2.0/ports/ac608753-eeb8-44c2-bdfe-28229f8cd7f2 HTTP/1.1" status: 200 len: 969 time: 0.0440707
2026-04-27 22:18:39.318 9 INFO neutron.pecan_wsgi.hooks.translation [None req-c19392d4-4eca-41cd-bd7a-90e786ee36b0 d8149c16f5a14945a89bf9bfd19612b3 4386af262c97461fa787cbb3e38ca352 - - default default] DELETE failed (client error): The resource could not be found.
2026-04-27 22:18:39.321 9 INFO neutron.wsgi [None req-c19392d4-4eca-41cd-bd7a-90e786ee36b0 d8149c16f5a14945a89bf9bfd19612b3 4386af262c97461fa787cbb3e38ca352 - - default default] 10.0.0.63 "DELETE /v2.0/ports/4514a473-20c5-4d59-8ea1-41fc56150d86 HTTP/1.1" status: 404 len: 333 time: 0.0280354
2026-04-27 22:18:39.349 10 INFO neutron.pecan_wsgi.hooks.translation [None req-eeb717a7-514c-4318-a995-b880cfeb036d d8149c16f5a14945a89bf9bfd19612b3 4386af262c97461fa787cbb3e38ca352 - - default default] DELETE failed (client error): The resource could not be found.
2026-04-27 22:18:39.351 10 INFO neutron.wsgi [None req-eeb717a7-514c-4318-a995-b880cfeb036d d8149c16f5a14945a89bf9bfd19612b3 4386af262c97461fa787cbb3e38ca352 - - default default] 10.0.0.63 "DELETE /v2.0/subnets/460165f8-b2a9-471b-8180-5f87b0ccf52a HTTP/1.1" status: 404 len: 337 time: 0.0203259
2026-04-27 22:18:39.375 9 INFO neutron.pecan_wsgi.hooks.translation [None req-07790509-b816-4192-80d1-9905b35312ed d8149c16f5a14945a89bf9bfd19612b3 4386af262c97461fa787cbb3e38ca352 - - default default] DELETE failed (client error): The resource could not be found.
2026-04-27 22:18:39.377 9 INFO neutron.wsgi [None req-07790509-b816-4192-80d1-9905b35312ed d8149c16f5a14945a89bf9bfd19612b3 4386af262c97461fa787cbb3e38ca352 - - default default] 10.0.0.63 "DELETE /v2.0/subnets/e2ecce08-2837-4399-bafc-07492f4299fb HTTP/1.1" status: 404 len: 337 time: 0.0201800
2026-04-27 22:18:39.437 9 WARNING neutron.scheduler.dhcp_agent_scheduler [None req-d60c5765-4868-4b18-8181-a3883c4e6593 9fc0f617336748b2acb716f44310605a 50ab192cbd9a464c988db7c363802fa1 - - default default] No more DHCP agents
2026-04-27 22:18:39.439 9 WARNING neutron.api.rpc.agentnotifiers.dhcp_rpc_agent_api [None req-d60c5765-4868-4b18-8181-a3883c4e6593 9fc0f617336748b2acb716f44310605a 50ab192cbd9a464c988db7c363802fa1 - - default default] Unable to schedule network 1532ace4-9c03-4312-85da-7c57ccfd75e2: no agents available; will retry on subsequent port and subnet creation events.
2026-04-27 22:18:39.441 10 INFO neutron.plugins.ml2.drivers.ovn.mech_driver.ovsdb.commands [None req-b46b6a8d-5a2a-44f4-8002-f1afcc6ef766 - - - - - -] Schedule LRP lrp-85b7adb2-b9c1-4871-8b04-92340f7ff79c on gateway c1157998-dc04-4441-bce6-311788f0d946 with priority 1
2026-04-27 22:18:39.473 10 INFO neutron.plugins.ml2.drivers.ovn.mech_driver.ovsdb.ovsdb_monitor [None req-fc282113-b1fb-4d00-8310-4d11897e860e - - - - - -] Router fbe57c4a-d771-4bd7-878f-c3128f84239d is bound to host instance
2026-04-27 22:18:39.476 9 INFO neutron.plugins.ml2.drivers.ovn.mech_driver.mech_driver [None req-dfd8fd72-4598-4a77-b8a1-42d2eab836db - - - - - -] OVN reports status up for port: 85b7adb2-b9c1-4871-8b04-92340f7ff79c
2026-04-27 22:18:39.497 10 INFO neutron.wsgi [None req-40d6b73b-4dbd-4bdb-bceb-519be5e16f4a deb7f9436ba04777bdace9cc6d5bc8b0 815f3c67b503466886e031bf8324ba89 - - default default] 10.0.0.218 "GET /v2.0/networks HTTP/1.1" status: 200 len: 4536 time: 0.1715016
2026-04-27 22:18:39.509 9 INFO neutron.plugins.ml2.plugin [None req-dfd8fd72-4598-4a77-b8a1-42d2eab836db - - - - - -] Attempt 1 to provision port 85b7adb2-b9c1-4871-8b04-92340f7ff79c
2026-04-27 22:18:39.591 10 INFO neutron.db.ovn_revision_numbers_db [None req-93f6a8a6-97f8-4c3c-ab0e-572001697051 deb7f9436ba04777bdace9cc6d5bc8b0 815f3c67b503466886e031bf8324ba89 - - default default] Successfully bumped revision number for resource 85b7adb2-b9c1-4871-8b04-92340f7ff79c (type: router_ports) to 1
2026-04-27 22:18:39.597 9 INFO neutron.wsgi [None req-8d2d040e-ea31-4cd4-a2a2-03167b15dc43 deb7f9436ba04777bdace9cc6d5bc8b0 815f3c67b503466886e031bf8324ba89 - - default default] 10.0.0.63 "DELETE /v2.0/security-groups/6deca20e-dc91-4e5f-8c86-c7bb20530470 HTTP/1.1" status: 204 len: 168 time: 0.4208460
2026-04-27 22:18:39.615 9 INFO neutron.db.ovn_revision_numbers_db [None req-d60c5765-4868-4b18-8181-a3883c4e6593 9fc0f617336748b2acb716f44310605a 50ab192cbd9a464c988db7c363802fa1 - - default default] Successfully bumped revision number for resource 28860cbc-89bd-4cde-8186-98873d6cdd70 (type: ports) to 1
2026-04-27 22:18:39.658 9 INFO neutron.wsgi [None req-d60c5765-4868-4b18-8181-a3883c4e6593 9fc0f617336748b2acb716f44310605a 50ab192cbd9a464c988db7c363802fa1 - - default default] 10.0.0.63 "POST /v2.0/networks HTTP/1.1" status: 201 len: 830 time: 1.1107454
2026-04-27 22:18:39.688 10 INFO neutron.wsgi [None req-07b80692-30e4-4fdd-9f76-8f63f0c2b2d1 deb7f9436ba04777bdace9cc6d5bc8b0 815f3c67b503466886e031bf8324ba89 - - default default] 10.0.0.218 "GET /v2.0/routers HTTP/1.1" status: 200 len: 1155 time: 0.1823885
2026-04-27 22:18:39.732 9 INFO neutron.wsgi [None req-ed846676-feb5-430c-9a2e-da4dad3e77b7 9fc0f617336748b2acb716f44310605a 50ab192cbd9a464c988db7c363802fa1 - - default default] 10.0.0.63 "PUT /v2.0/networks/1532ace4-9c03-4312-85da-7c57ccfd75e2/tags HTTP/1.1" status: 200 len: 218 time: 0.0657582
2026-04-27 22:18:39.801 9 INFO neutron.wsgi [None req-db44f4a1-de29-4621-8807-e56d75692007 d8149c16f5a14945a89bf9bfd19612b3 4386af262c97461fa787cbb3e38ca352 - - default default] 10.0.0.63 "DELETE /v2.0/ports/ac608753-eeb8-44c2-bdfe-28229f8cd7f2 HTTP/1.1" status: 204 len: 168 time: 0.4192924
2026-04-27 22:18:39.806 9 INFO neutron.wsgi [None req-6b1fc4f3-6534-466a-b6d1-a1b70e38a138 9fc0f617336748b2acb716f44310605a 50ab192cbd9a464c988db7c363802fa1 - - default default] 10.0.0.63 "GET /v2.0/networks/1532ace4-9c03-4312-85da-7c57ccfd75e2/tags HTTP/1.1" status: 200 len: 218 time: 0.0680635
2026-04-27 22:18:39.902 9 INFO neutron.wsgi [None req-ff801dca-3674-4fe4-8251-86f937587399 9fc0f617336748b2acb716f44310605a 50ab192cbd9a464c988db7c363802fa1 - - default default] 10.0.0.63 "PUT /v2.0/networks/1532ace4-9c03-4312-85da-7c57ccfd75e2/tags/green HTTP/1.1" status: 201 len: 201 time: 0.0899544
2026-04-27 22:18:39.948 10 INFO neutron.wsgi [None req-e568fe62-7e0d-47a3-bb69-0209247325ac deb7f9436ba04777bdace9cc6d5bc8b0 815f3c67b503466886e031bf8324ba89 - - default default] 10.0.0.218 "GET /v2.0/agents?binary=ovn-controller HTTP/1.1" status: 200 len: 591 time: 0.2579937
2026-04-27 22:18:39.956 10 INFO neutron.db.ovn_revision_numbers_db [None req-93f6a8a6-97f8-4c3c-ab0e-572001697051 deb7f9436ba04777bdace9cc6d5bc8b0 815f3c67b503466886e031bf8324ba89 - - default default] Successfully bumped revision number for resource fbe57c4a-d771-4bd7-878f-c3128f84239d (type: routers) to 2
2026-04-27 22:18:39.967 9 INFO neutron.wsgi [None req-2f2b4291-0863-4a29-a932-17a477102732 9fc0f617336748b2acb716f44310605a 50ab192cbd9a464c988db7c363802fa1 - - default default] 10.0.0.63 "GET /v2.0/networks/1532ace4-9c03-4312-85da-7c57ccfd75e2/tags HTTP/1.1" status: 200 len: 227 time: 0.0599887
2026-04-27 22:18:39.992 10 INFO neutron.wsgi [None req-93819890-e94b-4aea-8488-9d801324e48e deb7f9436ba04777bdace9cc6d5bc8b0 815f3c67b503466886e031bf8324ba89 - - default default] 10.0.0.218 "GET /v2.0/agents HTTP/1.1" status: 200 len: 1390 time: 0.0396960
2026-04-27 22:18:40.017 10 INFO neutron.wsgi [None req-93f6a8a6-97f8-4c3c-ab0e-572001697051 deb7f9436ba04777bdace9cc6d5bc8b0 815f3c67b503466886e031bf8324ba89 - - default default] 10.0.0.63 "POST /v2.0/routers HTTP/1.1" status: 201 len: 1170 time: 2.3812435
2026-04-27 22:18:40.038 10 INFO neutron.wsgi [None req-aeb1f32f-22bc-4a3c-9081-340d49bc3272 deb7f9436ba04777bdace9cc6d5bc8b0 815f3c67b503466886e031bf8324ba89 - - default default] 10.0.0.218 "GET /v2.0/network-ip-availabilities HTTP/1.1" status: 200 len: 2309 time: 0.0422752
2026-04-27 22:18:40.109 10 INFO neutron.wsgi [None req-25f6e62f-2620-4dae-b723-73b26ac7570a deb7f9436ba04777bdace9cc6d5bc8b0 815f3c67b503466886e031bf8324ba89 - - default default] 10.0.0.218 "GET /v2.0/floatingips HTTP/1.1" status: 200 len: 193 time: 0.0611739
2026-04-27 22:18:40.119 10 INFO neutron.wsgi [None req-e74da28e-6cd7-4d59-80de-2252818f97e9 9fc0f617336748b2acb716f44310605a 50ab192cbd9a464c988db7c363802fa1 - - default default] 10.0.0.63 "PUT /v2.0/networks/1532ace4-9c03-4312-85da-7c57ccfd75e2/tags/red HTTP/1.1" status: 201 len: 201 time: 0.1413529
2026-04-27 22:18:40.190 9 INFO neutron.wsgi [None req-1f03690f-4aca-4a54-91b6-6a7eb8f9dc35 9fc0f617336748b2acb716f44310605a 50ab192cbd9a464c988db7c363802fa1 - - default default] 10.0.0.63 "GET /v2.0/networks/1532ace4-9c03-4312-85da-7c57ccfd75e2/tags HTTP/1.1" status: 200 len: 227 time: 0.0604293
2026-04-27 22:18:40.209 10 INFO neutron.wsgi [None req-2d73dc6f-e2c6-42eb-8ccd-8168d4ef2f68 deb7f9436ba04777bdace9cc6d5bc8b0 815f3c67b503466886e031bf8324ba89 - - default default] 10.0.0.218 "GET /v2.0/security-groups HTTP/1.1" status: 200 len: 26290 time: 0.0983403
2026-04-27 22:18:40.262 9 INFO neutron.wsgi [None req-ee6bda33-af93-4c64-96c0-40192facae61 9fc0f617336748b2acb716f44310605a 50ab192cbd9a464c988db7c363802fa1 - - default default] 10.0.0.63 "PUT /v2.0/networks/1532ace4-9c03-4312-85da-7c57ccfd75e2/tags/black.or.white HTTP/1.1" status: 201 len: 201 time: 0.0662181
2026-04-27 22:18:40.286 10 INFO neutron.wsgi [None req-741e841d-11ed-4fca-bf0f-f284e718a6dc deb7f9436ba04777bdace9cc6d5bc8b0 815f3c67b503466886e031bf8324ba89 - - default default] 10.0.0.218 "GET /v2.0/subnets HTTP/1.1" status: 200 len: 2096 time: 0.0623114
2026-04-27 22:18:40.323 9 INFO neutron.services.segments.plugin [-] Segment c06388ea-da80-4d92-b597-d2643b756ee2 resource provider aggregate not found
2026-04-27 22:18:40.333 9 INFO neutron.services.segments.plugin [-] Segment c06388ea-da80-4d92-b597-d2643b756ee2 resource provider aggregate not found
2026-04-27 22:18:40.341 10 INFO neutron.wsgi [None req-1513d933-227e-471e-89fb-648cec743bd6 deb7f9436ba04777bdace9cc6d5bc8b0 815f3c67b503466886e031bf8324ba89 - - default default] 10.0.0.218 "GET /v2.0/subnets HTTP/1.1" status: 200 len: 2096 time: 0.0507953
2026-04-27 22:18:40.343 9 INFO neutron.wsgi [None req-4f29fe75-201b-4d88-9071-89f2d7f15d94 9fc0f617336748b2acb716f44310605a 50ab192cbd9a464c988db7c363802fa1 - - default default] 10.0.0.63 "GET /v2.0/networks/1532ace4-9c03-4312-85da-7c57ccfd75e2/tags HTTP/1.1" status: 200 len: 245 time: 0.0744910
2026-04-27 22:18:40.349 9 INFO neutron.services.segments.plugin [-] Segment c06388ea-da80-4d92-b597-d2643b756ee2 resource provider not found; error: Placement Client Error (4xx): {"errors": [{"status": 404, "title": "Not Found", "detail": "The resource could not be found.\n\n No resource provider with uuid c06388ea-da80-4d92-b597-d2643b756ee2 found for delete ", "request_id": "req-03184265-b37f-4815-add7-79ab87f7d7e5"}]}
2026-04-27 22:18:40.359 9 INFO neutron.services.segments.plugin [-] Segment c06388ea-da80-4d92-b597-d2643b756ee2 resource provider not found; error: Placement Client Error (4xx): {"errors": [{"status": 404, "title": "Not Found", "detail": "The resource could not be found.\n\n No resource provider with uuid c06388ea-da80-4d92-b597-d2643b756ee2 found for delete ", "request_id": "req-672904c0-8430-4e83-9554-c3ae33d97b97"}]}
2026-04-27 22:18:40.375 10 INFO neutron.wsgi [None req-bd7622bb-a90c-4497-abdf-5f0033b61756 deb7f9436ba04777bdace9cc6d5bc8b0 815f3c67b503466886e031bf8324ba89 - - default default] 10.0.0.218 "GET /v2.0/subnetpools HTTP/1.1" status: 200 len: 193 time: 0.0293126
2026-04-27 22:18:40.396 9 INFO neutron.wsgi [None req-4ea866bf-226b-43b9-82a2-0bd14142d3c6 d8149c16f5a14945a89bf9bfd19612b3 4386af262c97461fa787cbb3e38ca352 - - default default] 10.0.0.63 "DELETE /v2.0/networks/515d83d6-60bb-44dd-878b-30cb1b78f73f HTTP/1.1" status: 204 len: 168 time: 0.5743713
2026-04-27 22:18:40.418 9 INFO neutron.wsgi [None req-0e7d87ef-2525-4e54-b385-70b481217886 9fc0f617336748b2acb716f44310605a 50ab192cbd9a464c988db7c363802fa1 - - default default] 10.0.0.63 "PUT /v2.0/networks/1532ace4-9c03-4312-85da-7c57ccfd75e2/tags HTTP/1.1" status: 200 len: 230 time: 0.0669246
2026-04-27 22:18:40.471 9 INFO neutron.wsgi [None req-985907a2-3501-449d-b7e7-3801ecee8ff7 9fc0f617336748b2acb716f44310605a 50ab192cbd9a464c988db7c363802fa1 - - default default] 10.0.0.63 "GET /v2.0/networks/1532ace4-9c03-4312-85da-7c57ccfd75e2/tags HTTP/1.1" status: 200 len: 230 time: 0.0478172
2026-04-27 22:18:40.475 10 INFO neutron.wsgi [None req-1711e6ae-bf98-46eb-87ab-6544d944b3ed deb7f9436ba04777bdace9cc6d5bc8b0 815f3c67b503466886e031bf8324ba89 - - default default] 10.0.0.218 "GET /v2.0/ports HTTP/1.1" status: 200 len: 8277 time: 0.0975785
2026-04-27 22:18:40.520 9 INFO neutron.wsgi [None req-1373a6f3-cb05-4814-8dd0-33f8fbb8b18e 9fc0f617336748b2acb716f44310605a 50ab192cbd9a464c988db7c363802fa1 - - default default] 10.0.0.63 "GET /v2.0/networks/1532ace4-9c03-4312-85da-7c57ccfd75e2/tags/red HTTP/1.1" status: 204 len: 168 time: 0.0406361
2026-04-27 22:18:40.568 9 INFO neutron.api.v2.resource [None req-0665845d-cea8-4779-9b90-68a3db28c6dc 9fc0f617336748b2acb716f44310605a 50ab192cbd9a464c988db7c363802fa1 - - default default] show failed (client error): The resource could not be found.
2026-04-27 22:18:40.569 9 INFO neutron.wsgi [None req-0665845d-cea8-4779-9b90-68a3db28c6dc 9fc0f617336748b2acb716f44310605a 50ab192cbd9a464c988db7c363802fa1 - - default default] 10.0.0.63 "GET /v2.0/networks/1532ace4-9c03-4312-85da-7c57ccfd75e2/tags/green HTTP/1.1" status: 404 len: 299 time: 0.0428262
2026-04-27 22:18:40.641 9 INFO neutron.wsgi [None req-acd1d57c-e1f4-4364-a7df-649ecbce0864 9fc0f617336748b2acb716f44310605a 50ab192cbd9a464c988db7c363802fa1 - - default default] 10.0.0.63 "DELETE /v2.0/networks/1532ace4-9c03-4312-85da-7c57ccfd75e2/tags/red HTTP/1.1" status: 204 len: 168 time: 0.0614190
2026-04-27 22:18:40.692 9 INFO neutron.wsgi [None req-06ee6ff0-8d5b-4f11-98c6-02c476249623 9fc0f617336748b2acb716f44310605a 50ab192cbd9a464c988db7c363802fa1 - - default default] 10.0.0.63 "GET /v2.0/networks/1532ace4-9c03-4312-85da-7c57ccfd75e2/tags HTTP/1.1" status: 200 len: 223 time: 0.0464282
2026-04-27 22:18:40.754 9 INFO neutron.api.v2.resource [None req-410457e9-e080-4727-bfeb-88b7943b8648 9fc0f617336748b2acb716f44310605a 50ab192cbd9a464c988db7c363802fa1 - - default default] delete failed (client error): The resource could not be found.
2026-04-27 22:18:40.756 9 INFO neutron.wsgi [None req-410457e9-e080-4727-bfeb-88b7943b8648 9fc0f617336748b2acb716f44310605a 50ab192cbd9a464c988db7c363802fa1 - - default default] 10.0.0.63 "DELETE /v2.0/networks/1532ace4-9c03-4312-85da-7c57ccfd75e2/tags/green HTTP/1.1" status: 404 len: 299 time: 0.0557363
2026-04-27 22:18:40.834 9 INFO neutron.wsgi [None req-7d84c0d9-03fe-489c-b9db-238f18db86ca 9fc0f617336748b2acb716f44310605a 50ab192cbd9a464c988db7c363802fa1 - - default default] 10.0.0.63 "DELETE /v2.0/networks/1532ace4-9c03-4312-85da-7c57ccfd75e2/tags HTTP/1.1" status: 204 len: 168 time: 0.0723202
2026-04-27 22:18:40.882 9 INFO neutron.wsgi [None req-d6d32a3d-f403-45a6-85af-aa237c85ca90 9fc0f617336748b2acb716f44310605a 50ab192cbd9a464c988db7c363802fa1 - - default default] 10.0.0.63 "GET /v2.0/networks/1532ace4-9c03-4312-85da-7c57ccfd75e2/tags HTTP/1.1" status: 200 len: 205 time: 0.0419898
2026-04-27 22:18:40.922 10 WARNING neutron.scheduler.dhcp_agent_scheduler [None req-aec94cf3-76a2-4bc1-8a43-fff99f553f1e deb7f9436ba04777bdace9cc6d5bc8b0 815f3c67b503466886e031bf8324ba89 - - default default] No more DHCP agents
2026-04-27 22:18:40.928 10 WARNING neutron.api.rpc.agentnotifiers.dhcp_rpc_agent_api [None req-aec94cf3-76a2-4bc1-8a43-fff99f553f1e deb7f9436ba04777bdace9cc6d5bc8b0 815f3c67b503466886e031bf8324ba89 - - default default] Unable to schedule network 427bb35a-4001-4a6a-ae28-d08219492aa8: no agents available; will retry on subsequent port and subnet creation events.
2026-04-27 22:18:41.132 9 INFO neutron.wsgi [-] 10.0.0.52 "GET / HTTP/1.1" status: 200 len: 247 time: 0.0018942
2026-04-27 22:18:41.134 9 INFO neutron.wsgi [-] 10.0.0.52 "GET / HTTP/1.1" status: 200 len: 247 time: 0.0010390
2026-04-27 22:18:41.278 9 INFO neutron.wsgi [None req-1761ea75-561a-4dc7-b89c-18f0b067d158 9fc0f617336748b2acb716f44310605a 50ab192cbd9a464c988db7c363802fa1 - - default default] 10.0.0.63 "DELETE /v2.0/networks/1532ace4-9c03-4312-85da-7c57ccfd75e2 HTTP/1.1" status: 204 len: 168 time: 0.3876631
2026-04-27 22:18:41.316 10 INFO neutron.wsgi [None req-42eaeb03-fd96-41a6-af2e-9173b3ec74f7 deb7f9436ba04777bdace9cc6d5bc8b0 815f3c67b503466886e031bf8324ba89 - - default default] 10.0.0.63 "GET /v2.0/security-groups?tenant_id=4386af262c97461fa787cbb3e38ca352&name=default HTTP/1.1" status: 200 len: 3120 time: 0.4100919
2026-04-27 22:18:41.323 10 INFO neutron.db.ovn_revision_numbers_db [None req-fc282113-b1fb-4d00-8310-4d11897e860e - - - - - -] Successfully bumped revision number for resource 85b7adb2-b9c1-4871-8b04-92340f7ff79c (type: ports) to 1
2026-04-27 22:18:41.381 10 INFO neutron.db.ovn_revision_numbers_db [None req-aec94cf3-76a2-4bc1-8a43-fff99f553f1e deb7f9436ba04777bdace9cc6d5bc8b0 815f3c67b503466886e031bf8324ba89 - - default default] Successfully bumped revision number for resource 1e78d37a-16b6-4ae2-9cb0-b81e4d2b6b39 (type: ports) to 1
2026-04-27 22:18:41.558 9 INFO neutron.wsgi [None req-64a3eee6-bcb7-4b00-9be2-9477bd2afb5e deb7f9436ba04777bdace9cc6d5bc8b0 815f3c67b503466886e031bf8324ba89 - - default default] 10.0.0.63 "DELETE /v2.0/security-groups/ee5419fd-9c37-437d-a523-aa1bd6c7de2c HTTP/1.1" status: 204 len: 168 time: 0.2360973
2026-04-27 22:18:41.913 10 INFO neutron.db.ovn_revision_numbers_db [None req-fc282113-b1fb-4d00-8310-4d11897e860e - - - - - -] Successfully bumped revision number for resource 85b7adb2-b9c1-4871-8b04-92340f7ff79c (type: router_ports) to 3
2026-04-27 22:18:42.190 10 ERROR ovsdbapp.backend.ovs_idl.command [None req-aec94cf3-76a2-4bc1-8a43-fff99f553f1e deb7f9436ba04777bdace9cc6d5bc8b0 815f3c67b503466886e031bf8324ba89 - - default default] Error executing command (DbGetCommand): ovsdbapp.backend.ovs_idl.idlutils.RowNotFound: Cannot find Logical_Router_Port with name=lrp-1e78d37a-16b6-4ae2-9cb0-b81e4d2b6b39
2026-04-27 22:18:42.190 10 ERROR ovsdbapp.backend.ovs_idl.command
Traceback (most recent call last):
2026-04-27 22:18:42.190 10 ERROR ovsdbapp.backend.ovs_idl.command
File "/var/lib/openstack/lib/python3.10/site-packages/ovsdbapp/backend/ovs_idl/command.py", line 47, in execute
2026-04-27 22:18:42.190 10 ERROR ovsdbapp.backend.ovs_idl.command self.run_idl(None)
2026-04-27 22:18:42.190 10 ERROR ovsdbapp.backend.ovs_idl.command
File "/var/lib/openstack/lib/python3.10/site-packages/ovsdbapp/backend/ovs_idl/command.py", line 235, in run_idl
2026-04-27 22:18:42.190 10 ERROR ovsdbapp.backend.ovs_idl.command record = self.api.lookup(self.table, self.record)
2026-04-27 22:18:42.190 10 ERROR ovsdbapp.backend.ovs_idl.command
File "/var/lib/openstack/lib/python3.10/site-packages/ovsdbapp/backend/ovs_idl/__init__.py", line 184, in lookup
2026-04-27 22:18:42.190 10 ERROR ovsdbapp.backend.ovs_idl.command return self._lookup(table, record)
2026-04-27 22:18:42.190 10 ERROR ovsdbapp.backend.ovs_idl.command
File "/var/lib/openstack/lib/python3.10/site-packages/ovsdbapp/backend/ovs_idl/__init__.py", line 235, in _lookup
2026-04-27 22:18:42.190 10 ERROR ovsdbapp.backend.ovs_idl.command row = idlutils.row_by_value(self, rl.table, rl.column, record)
2026-04-27 22:18:42.190 10 ERROR ovsdbapp.backend.ovs_idl.command
File "/var/lib/openstack/lib/python3.10/site-packages/ovsdbapp/backend/ovs_idl/idlutils.py", line 114, in row_by_value
2026-04-27 22:18:42.190 10 ERROR ovsdbapp.backend.ovs_idl.command raise RowNotFound(table=table, col=column, match=match)
2026-04-27 22:18:42.190 10 ERROR ovsdbapp.backend.ovs_idl.command ovsdbapp.backend.ovs_idl.idlutils.RowNotFound: Cannot find Logical_Router_Port with name=lrp-1e78d37a-16b6-4ae2-9cb0-b81e4d2b6b39
2026-04-27 22:18:42.190 10 ERROR ovsdbapp.backend.ovs_idl.command 
2026-04-27 22:18:42.190 10 ERROR neutron_lib.callbacks.manager [None req-aec94cf3-76a2-4bc1-8a43-fff99f553f1e deb7f9436ba04777bdace9cc6d5bc8b0 815f3c67b503466886e031bf8324ba89 - - default default] Error during notification for neutron.services.ovn_l3.plugin.OVNL3RouterPlugin._port_update-8778383347430 port, after_update: ovsdbapp.backend.ovs_idl.idlutils.RowNotFound: Cannot find Logical_Router_Port with name=lrp-1e78d37a-16b6-4ae2-9cb0-b81e4d2b6b39
2026-04-27 22:18:42.190 10 ERROR neutron_lib.callbacks.manager
Traceback (most recent call last):
2026-04-27 22:18:42.190 10 ERROR neutron_lib.callbacks.manager
File "/var/lib/openstack/lib/python3.10/site-packages/neutron_lib/callbacks/manager.py", line 189, in _notify_loop
2026-04-27 22:18:42.190 10 ERROR neutron_lib.callbacks.manager callback.method(resource, event, trigger, payload=payload)
2026-04-27 22:18:42.190 10 ERROR neutron_lib.callbacks.manager
File "/var/lib/openstack/lib/python3.10/site-packages/neutron/services/ovn_l3/plugin.py", line 391, in _port_update
2026-04-27 22:18:42.190 10 ERROR neutron_lib.callbacks.manager l3plugin._ovn_client.update_router_port(context,
2026-04-27 22:18:42.190 10 ERROR neutron_lib.callbacks.manager
File "/var/lib/openstack/lib/python3.10/site-packages/neutron/plugins/ml2/drivers/ovn/mech_driver/ovsdb/ovn_client.py", line 1878, in update_router_port
2026-04-27 22:18:42.190 10 ERROR neutron_lib.callbacks.manager self._update_lrouter_port(context, port, if_exists=if_exists,
2026-04-27 22:18:42.190 10 ERROR neutron_lib.callbacks.manager
File "/var/lib/openstack/lib/python3.10/site-packages/neutron/plugins/ml2/drivers/ovn/mech_driver/ovsdb/ovn_client.py", line 1855, in _update_lrouter_port
2026-04-27 22:18:42.190 10 ERROR neutron_lib.callbacks.manager external_ids = self._nb_idl.db_get(
2026-04-27 22:18:42.190 10 ERROR neutron_lib.callbacks.manager
File "/var/lib/openstack/lib/python3.10/site-packages/ovsdbapp/backend/ovs_idl/command.py", line 47, in execute
2026-04-27 22:18:42.190 10 ERROR neutron_lib.callbacks.manager self.run_idl(None)
2026-04-27 22:18:42.190 10 ERROR neutron_lib.callbacks.manager
File "/var/lib/openstack/lib/python3.10/site-packages/ovsdbapp/backend/ovs_idl/command.py", line 235, in run_idl
2026-04-27 22:18:42.190 10 ERROR neutron_lib.callbacks.manager record = self.api.lookup(self.table, self.record)
2026-04-27 22:18:42.190 10 ERROR neutron_lib.callbacks.manager
File "/var/lib/openstack/lib/python3.10/site-packages/ovsdbapp/backend/ovs_idl/__init__.py", line 184, in lookup
2026-04-27 22:18:42.190 10 ERROR neutron_lib.callbacks.manager return self._lookup(table, record)
2026-04-27 22:18:42.190 10 ERROR neutron_lib.callbacks.manager
File "/var/lib/openstack/lib/python3.10/site-packages/ovsdbapp/backend/ovs_idl/__init__.py", line 235, in _lookup
2026-04-27 22:18:42.190 10 ERROR neutron_lib.callbacks.manager row = idlutils.row_by_value(self, rl.table, rl.column, record)
2026-04-27 22:18:42.190 10 ERROR neutron_lib.callbacks.manager
File "/var/lib/openstack/lib/python3.10/site-packages/ovsdbapp/backend/ovs_idl/idlutils.py", line 114, in row_by_value
2026-04-27 22:18:42.190 10 ERROR neutron_lib.callbacks.manager raise RowNotFound(table=table, col=column, match=match)
2026-04-27 22:18:42.190 10 ERROR neutron_lib.callbacks.manager ovsdbapp.backend.ovs_idl.idlutils.RowNotFound: Cannot find Logical_Router_Port with name=lrp-1e78d37a-16b6-4ae2-9cb0-b81e4d2b6b39
2026-04-27 22:18:42.190 10 ERROR neutron_lib.callbacks.manager 
2026-04-27 22:18:42.199 10 INFO neutron.db.ovn_revision_numbers_db [None req-fc282113-b1fb-4d00-8310-4d11897e860e - - - - - -] Successfully bumped revision number for resource 85b7adb2-b9c1-4871-8b04-92340f7ff79c (type: ports) to 2
2026-04-27 22:18:42.297 9 INFO neutron.db.ovn_revision_numbers_db [None req-cc5e8ffe-bafd-47b1-86a6-e2e91e835f0b deb7f9436ba04777bdace9cc6d5bc8b0 815f3c67b503466886e031bf8324ba89 - - default default] Successfully bumped revision number for resource 11323e4e-59bf-42b5-9738-c16e6b7f7550 (type: security_groups) to 1
2026-04-27 22:18:42.313 9 INFO neutron.db.ovn_revision_numbers_db [None req-cc5e8ffe-bafd-47b1-86a6-e2e91e835f0b deb7f9436ba04777bdace9cc6d5bc8b0 815f3c67b503466886e031bf8324ba89 - - default default] Successfully bumped revision number for resource 49fc5390-22cf-44dc-914d-fc5e9d743677 (type: security_group_rules) to 0
2026-04-27 22:18:42.325 9 INFO neutron.db.ovn_revision_numbers_db [None req-cc5e8ffe-bafd-47b1-86a6-e2e91e835f0b deb7f9436ba04777bdace9cc6d5bc8b0 815f3c67b503466886e031bf8324ba89 - - default default] Successfully bumped revision number for resource 7f0ff980-4472-46d8-94ce-4aa381b01449 (type: security_group_rules) to 0
2026-04-27 22:18:42.342 9 INFO neutron.db.ovn_revision_numbers_db [None req-cc5e8ffe-bafd-47b1-86a6-e2e91e835f0b deb7f9436ba04777bdace9cc6d5bc8b0 815f3c67b503466886e031bf8324ba89 - - default default] Successfully bumped revision number for resource 8a2a77b5-e106-4764-970c-eb532dddb282 (type: security_group_rules) to 0
2026-04-27 22:18:42.370 9 INFO neutron.services.segments.plugin [-] Segment 6b6a0ebc-ebab-418b-aab2-516e91981963 resource provider aggregate not found
2026-04-27 22:18:42.376 9 INFO neutron.db.ovn_revision_numbers_db [None req-cc5e8ffe-bafd-47b1-86a6-e2e91e835f0b deb7f9436ba04777bdace9cc6d5bc8b0 815f3c67b503466886e031bf8324ba89 - - default default] Successfully bumped revision number for resource e7a7bfcf-5b55-4a03-9356-ed40d69cd826 (type: security_group_rules) to 0
2026-04-27 22:18:42.388 9 INFO neutron.services.segments.plugin [-] Segment 6b6a0ebc-ebab-418b-aab2-516e91981963 resource provider aggregate not found
2026-04-27 22:18:42.394 9 INFO neutron.services.segments.plugin [-] Segment 6b6a0ebc-ebab-418b-aab2-516e91981963 resource provider not found; error: Placement Client Error (4xx): {"errors": [{"status": 404, "title": "Not Found", "detail": "The resource could not be found.\n\n No resource provider with uuid 6b6a0ebc-ebab-418b-aab2-516e91981963 found for delete ", "request_id": "req-92559bad-8eb7-4e3c-912f-79e9e0d5229b"}]}
2026-04-27 22:18:42.403 9 INFO neutron.wsgi [None req-cc5e8ffe-bafd-47b1-86a6-e2e91e835f0b deb7f9436ba04777bdace9cc6d5bc8b0 815f3c67b503466886e031bf8324ba89 - - default default] 10.0.0.63 "GET /v2.0/security-groups?tenant_id=13a151992790499a9f79804a1d488076&name=default HTTP/1.1" status: 200 len: 3120 time: 0.3737764
2026-04-27 22:18:42.410 9 INFO neutron.services.segments.plugin [-] Segment 6b6a0ebc-ebab-418b-aab2-516e91981963 resource provider not found; error: Placement Client Error (4xx): {"errors": [{"status": 404, "title": "Not Found", "detail": "The resource could not be found.\n\n No resource provider with uuid 6b6a0ebc-ebab-418b-aab2-516e91981963 found for delete ", "request_id": "req-20ffdbc4-8f8c-4024-905e-d6236b94250b"}]}
2026-04-27 22:18:42.694 10 INFO neutron.db.ovn_revision_numbers_db [None req-aec94cf3-76a2-4bc1-8a43-fff99f553f1e deb7f9436ba04777bdace9cc6d5bc8b0 815f3c67b503466886e031bf8324ba89 - - default default] Successfully bumped revision number for resource 1e78d37a-16b6-4ae2-9cb0-b81e4d2b6b39 (type: ports) to 1
2026-04-27 22:18:42.728 9 INFO neutron.plugins.ml2.drivers.ovn.mech_driver.mech_driver [None req-dfd8fd72-4598-4a77-b8a1-42d2eab836db - - - - - -] OVN reports status up for port: 1e78d37a-16b6-4ae2-9cb0-b81e4d2b6b39
2026-04-27 22:18:42.741 9 INFO neutron.plugins.ml2.plugin [None req-dfd8fd72-4598-4a77-b8a1-42d2eab836db - - - - - -] Attempt 1 to provision port 1e78d37a-16b6-4ae2-9cb0-b81e4d2b6b39
2026-04-27 22:18:42.784 10 WARNING neutron.scheduler.dhcp_agent_scheduler [None req-aec94cf3-76a2-4bc1-8a43-fff99f553f1e deb7f9436ba04777bdace9cc6d5bc8b0 815f3c67b503466886e031bf8324ba89 - - default default] No more DHCP agents
2026-04-27 22:18:42.786 10 WARNING neutron.api.rpc.agentnotifiers.dhcp_rpc_agent_api [None req-aec94cf3-76a2-4bc1-8a43-fff99f553f1e deb7f9436ba04777bdace9cc6d5bc8b0 815f3c67b503466886e031bf8324ba89 - - default default] Unable to schedule network 427bb35a-4001-4a6a-ae28-d08219492aa8: no agents available; will retry on subsequent port and subnet creation events.
2026-04-27 22:18:42.935 10 INFO neutron.db.ovn_revision_numbers_db [None req-fc282113-b1fb-4d00-8310-4d11897e860e - - - - - -] Successfully bumped revision number for resource 85b7adb2-b9c1-4871-8b04-92340f7ff79c (type: ports) to 4
2026-04-27 22:18:43.009 9 INFO neutron.wsgi [None req-f6300ba4-4d99-441a-97cc-2a1400d98e64 deb7f9436ba04777bdace9cc6d5bc8b0 815f3c67b503466886e031bf8324ba89 - - default default] 10.0.0.63 "DELETE /v2.0/security-groups/11323e4e-59bf-42b5-9738-c16e6b7f7550 HTTP/1.1" status: 204 len: 168 time: 0.6007085
2026-04-27 22:18:43.157 10 INFO neutron.wsgi [None req-a7b4c9a3-b941-45b7-934a-c8ac6bfac019 d72844c5a8834948a9255a3acedc721f a79f854385634f498ee766657c9776c9 - - default default] 10.0.0.112 "GET /v2.0/extensions HTTP/1.1" status: 200 len: 18683 time: 0.2258747
2026-04-27 22:18:43.301 9 INFO neutron.db.ovn_revision_numbers_db [None req-dfd8fd72-4598-4a77-b8a1-42d2eab836db - - - - - -] Successfully bumped revision number for resource 1e78d37a-16b6-4ae2-9cb0-b81e4d2b6b39 (type: ports) to 2
2026-04-27 22:18:43.338 9 INFO neutron.wsgi [None req-5b59637a-811d-410a-ac35-bb3394851008 deb7f9436ba04777bdace9cc6d5bc8b0 815f3c67b503466886e031bf8324ba89 - - default default] 10.0.0.63 "GET /v2.0/security-groups?tenant_id=50ab192cbd9a464c988db7c363802fa1&name=default HTTP/1.1" status: 200 len: 3120 time: 0.1052344
2026-04-27 22:18:43.344 10 INFO neutron.db.ovn_revision_numbers_db [None req-fc282113-b1fb-4d00-8310-4d11897e860e - - - - - -] Successfully bumped revision number for resource 85b7adb2-b9c1-4871-8b04-92340f7ff79c (type: router_ports) to 4
