File "/var/lib/openstack/lib/python3.10/site-packages/ovsdbapp/backend/ovs_idl/idlutils.py", line 114, in row_by_value
2026-04-27 22:20:08.126 10 ERROR neutron_lib.callbacks.manager raise RowNotFound(table=table, col=column, match=match)
2026-04-27 22:20:08.126 10 ERROR neutron_lib.callbacks.manager ovsdbapp.backend.ovs_idl.idlutils.RowNotFound: Cannot find Logical_Router_Port with name=lrp-2f2c8d7c-989b-49a2-9ac3-67048415f33c
2026-04-27 22:20:08.126 10 ERROR neutron_lib.callbacks.manager 
2026-04-27 22:20:08.203 10 INFO neutron.wsgi [req-ad2c6622-8260-4f03-b16a-91fce2a1e12a req-550f2d29-2141-4d16-a133-5e4716faacb5 1efd2807c7b44085a8893953afa0033b 1724e4b2e7d74027b2cd9c9f035345a9 - - default default] 199.204.45.250 "GET /v2.0/security-groups?fields=id&fields=name&tenant_id=1724e4b2e7d74027b2cd9c9f035345a9 HTTP/1.1" status: 200 len: 472 time: 0.1097450
2026-04-27 22:20:08.208 10 INFO neutron.db.ovn_revision_numbers_db [None req-c8d40fdb-5591-4301-ac07-9802338e76d0 52e6d5a4e2194709b2332c9aa359ac6a 8563ba133450408db481bd5967668b40 - - default default] Successfully bumped revision number for resource e6aa6f81-b613-4ef4-9aeb-6841e698a7d6 (type: networks) to 1
2026-04-27 22:20:08.219 10 WARNING neutron_lib.context [req-ad2c6622-8260-4f03-b16a-91fce2a1e12a req-223ae57b-9097-43bc-9e17-3cc5f50b76be 1efd2807c7b44085a8893953afa0033b 1724e4b2e7d74027b2cd9c9f035345a9 - - default default] Method 'is_advsvc' is deprecated since 2023.2 release (neutron-lib 3.8.0) and will be removed once support for the old RBAC API policies will be removed from Neutron. Please use method 'is_service_role' instead.
2026-04-27 22:20:08.398 10 INFO neutron.wsgi [req-27a80dfc-f210-4ba5-a81f-325db9930a44 req-6f617e57-843a-4703-847c-8fdcae42e336 1efd2807c7b44085a8893953afa0033b 1724e4b2e7d74027b2cd9c9f035345a9 - - default default] 10.0.0.182 "GET /v2.0/ports?device_id=2fbf52aa-ebc2-4722-b1a5-6f9b3d7fb09c HTTP/1.1" status: 200 len: 210 time: 0.0353394
2026-04-27 22:20:08.468 10 INFO neutron.db.ovn_revision_numbers_db [None req-4de53da4-1292-4caf-861e-797b2b10912d 6daacb5125084248b245db235a0ea2f4 5f5646f449a6434b863fa2f65922ecea - - default default] Successfully bumped revision number for resource 2f2c8d7c-989b-49a2-9ac3-67048415f33c (type: ports) to 3
2026-04-27 22:20:08.560 10 WARNING neutron.scheduler.dhcp_agent_scheduler [None req-c8d40fdb-5591-4301-ac07-9802338e76d0 52e6d5a4e2194709b2332c9aa359ac6a 8563ba133450408db481bd5967668b40 - - default default] No more DHCP agents
2026-04-27 22:20:08.569 10 WARNING neutron.api.rpc.agentnotifiers.dhcp_rpc_agent_api [None req-c8d40fdb-5591-4301-ac07-9802338e76d0 52e6d5a4e2194709b2332c9aa359ac6a 8563ba133450408db481bd5967668b40 - - default default] Unable to schedule network e6aa6f81-b613-4ef4-9aeb-6841e698a7d6: no agents available; will retry on subsequent port and subnet creation events.
2026-04-27 22:20:08.603 10 WARNING neutron.scheduler.dhcp_agent_scheduler [None req-4de53da4-1292-4caf-861e-797b2b10912d 6daacb5125084248b245db235a0ea2f4 5f5646f449a6434b863fa2f65922ecea - - default default] No more DHCP agents
2026-04-27 22:20:08.606 10 WARNING neutron.api.rpc.agentnotifiers.dhcp_rpc_agent_api [None req-4de53da4-1292-4caf-861e-797b2b10912d 6daacb5125084248b245db235a0ea2f4 5f5646f449a6434b863fa2f65922ecea - - default default] Unable to schedule network d15865b6-2622-4dd4-96e3-a7622ff52909: no agents available; will retry on subsequent port and subnet creation events.
2026-04-27 22:20:08.735 10 INFO neutron.db.ovn_revision_numbers_db [None req-c8d40fdb-5591-4301-ac07-9802338e76d0 52e6d5a4e2194709b2332c9aa359ac6a 8563ba133450408db481bd5967668b40 - - default default] Successfully bumped revision number for resource 7692e093-5e48-4491-96f4-b18ed17c779d (type: ports) to 1
2026-04-27 22:20:08.781 10 INFO neutron.wsgi [None req-c8d40fdb-5591-4301-ac07-9802338e76d0 52e6d5a4e2194709b2332c9aa359ac6a 8563ba133450408db481bd5967668b40 - - default default] 10.0.0.63 "POST /v2.0/networks HTTP/1.1" status: 201 len: 831 time: 1.2894361 /var/lib/openstack/lib/python3.10/site-packages/pycadf/identifier.py:71: UserWarning: Invalid uuid: neutron. To ensure interoperability, identifiers should be a valid uuid. warnings.warn(('Invalid uuid: %s. To ensure interoperability, '
2026-04-27 22:20:08.800 9 WARNING neutron_lib.context [None req-c2ebd7ab-95c4-4858-81e0-710521fabe05 52e6d5a4e2194709b2332c9aa359ac6a 8563ba133450408db481bd5967668b40 - - default default] Method 'is_advsvc' is deprecated since 2023.2 release (neutron-lib 3.8.0) and will be removed once support for the old RBAC API policies will be removed from Neutron. Please use method 'is_service_role' instead.
2026-04-27 22:20:08.873 10 WARNING neutron.scheduler.dhcp_agent_scheduler [req-ad2c6622-8260-4f03-b16a-91fce2a1e12a req-223ae57b-9097-43bc-9e17-3cc5f50b76be 1efd2807c7b44085a8893953afa0033b 1724e4b2e7d74027b2cd9c9f035345a9 - - default default] No more DHCP agents
2026-04-27 22:20:08.877 10 WARNING neutron.api.rpc.agentnotifiers.dhcp_rpc_agent_api [req-ad2c6622-8260-4f03-b16a-91fce2a1e12a req-223ae57b-9097-43bc-9e17-3cc5f50b76be 1efd2807c7b44085a8893953afa0033b 1724e4b2e7d74027b2cd9c9f035345a9 - - default default] Unable to schedule network 284e8b88-0cbd-430d-918f-14f9019dc2de: no agents available; will retry on subsequent port and subnet creation events.
2026-04-27 22:20:08.891 10 INFO neutron.db.ovn_revision_numbers_db [None req-4de53da4-1292-4caf-861e-797b2b10912d 6daacb5125084248b245db235a0ea2f4 5f5646f449a6434b863fa2f65922ecea - - default default] Successfully bumped revision number for resource 2f2c8d7c-989b-49a2-9ac3-67048415f33c (type: router_ports) to 3
2026-04-27 22:20:08.898 10 INFO neutron.wsgi [None req-4de53da4-1292-4caf-861e-797b2b10912d 6daacb5125084248b245db235a0ea2f4 5f5646f449a6434b863fa2f65922ecea - - default default] 10.0.0.63 "PUT /v2.0/routers/3e94e0ac-75ec-49e3-b072-3a9f98c56789/add_router_interface HTTP/1.1" status: 200 len: 503 time: 3.3621259
2026-04-27 22:20:09.024 9 INFO neutron.wsgi [None req-237594b7-4f81-4d3e-8df4-b43621faed50 6daacb5125084248b245db235a0ea2f4 5f5646f449a6434b863fa2f65922ecea - - default default] 10.0.0.63 "GET /v2.0/ports/2f2c8d7c-989b-49a2-9ac3-67048415f33c HTTP/1.1" status: 200 len: 1220 time: 0.1195199 /var/lib/openstack/lib/python3.10/site-packages/pycadf/identifier.py:71: UserWarning: Invalid uuid: neutron. To ensure interoperability, identifiers should be a valid uuid. warnings.warn(('Invalid uuid: %s. To ensure interoperability, '
2026-04-27 22:20:09.102 10 INFO neutron.db.ovn_revision_numbers_db [req-ad2c6622-8260-4f03-b16a-91fce2a1e12a req-223ae57b-9097-43bc-9e17-3cc5f50b76be 1efd2807c7b44085a8893953afa0033b 1724e4b2e7d74027b2cd9c9f035345a9 - - default default] Successfully bumped revision number for resource 5ec2cfd3-b420-4871-8e41-8c2ced0dbad3 (type: ports) to 1
2026-04-27 22:20:09.106 9 WARNING neutron.scheduler.dhcp_agent_scheduler [None req-c2ebd7ab-95c4-4858-81e0-710521fabe05 52e6d5a4e2194709b2332c9aa359ac6a 8563ba133450408db481bd5967668b40 - - default default] No more DHCP agents
2026-04-27 22:20:09.108 9 WARNING neutron.api.rpc.agentnotifiers.dhcp_rpc_agent_api [None req-c2ebd7ab-95c4-4858-81e0-710521fabe05 52e6d5a4e2194709b2332c9aa359ac6a 8563ba133450408db481bd5967668b40 - - default default] Unable to schedule network e6aa6f81-b613-4ef4-9aeb-6841e698a7d6: no agents available; will retry on subsequent port and subnet creation events.
2026-04-27 22:20:09.154 10 INFO neutron.wsgi [req-ad2c6622-8260-4f03-b16a-91fce2a1e12a req-223ae57b-9097-43bc-9e17-3cc5f50b76be 1efd2807c7b44085a8893953afa0033b 1724e4b2e7d74027b2cd9c9f035345a9 - - default default] 199.204.45.250 "POST /v2.0/ports HTTP/1.1" status: 201 len: 1162 time: 0.9439468
2026-04-27 22:20:09.190 9 INFO neutron.db.ovn_revision_numbers_db [None req-c2ebd7ab-95c4-4858-81e0-710521fabe05 52e6d5a4e2194709b2332c9aa359ac6a 8563ba133450408db481bd5967668b40 - - default default] Successfully bumped revision number for resource a5406050-8eca-4622-a50d-75d4d786b304 (type: ports) to 1
2026-04-27 22:20:09.214 9 INFO neutron.wsgi [None req-c2ebd7ab-95c4-4858-81e0-710521fabe05 52e6d5a4e2194709b2332c9aa359ac6a 8563ba133450408db481bd5967668b40 - - default default] 10.0.0.63 "POST /v2.0/ports HTTP/1.1" status: 201 len: 942 time: 0.4225502 /var/lib/openstack/lib/python3.10/site-packages/pycadf/identifier.py:71: UserWarning: Invalid uuid: neutron. To ensure interoperability, identifiers should be a valid uuid. warnings.warn(('Invalid uuid: %s. To ensure interoperability, '
2026-04-27 22:20:09.224 9 WARNING neutron_lib.context [None req-4c0c02d7-5bb7-4197-8e68-3e0910cd9511 52e6d5a4e2194709b2332c9aa359ac6a 8563ba133450408db481bd5967668b40 - - default default] Method 'is_advsvc' is deprecated since 2023.2 release (neutron-lib 3.8.0) and will be removed once support for the old RBAC API policies will be removed from Neutron. Please use method 'is_service_role' instead. /var/lib/openstack/lib/python3.10/site-packages/pycadf/identifier.py:71: UserWarning: Invalid uuid: neutron. To ensure interoperability, identifiers should be a valid uuid. warnings.warn(('Invalid uuid: %s. To ensure interoperability, '
2026-04-27 22:20:09.412 9 INFO neutron.wsgi [None req-4c0c02d7-5bb7-4197-8e68-3e0910cd9511 52e6d5a4e2194709b2332c9aa359ac6a 8563ba133450408db481bd5967668b40 - - default default] 10.0.0.63 "POST /v2.0/trunks HTTP/1.1" status: 201 len: 608 time: 0.1926699
2026-04-27 22:20:09.421 9 WARNING neutron_lib.context [None req-6059076d-e0a1-4cfb-9a68-7717c00ecde2 52e6d5a4e2194709b2332c9aa359ac6a 8563ba133450408db481bd5967668b40 - - default default] Method 'is_advsvc' is deprecated since 2023.2 release (neutron-lib 3.8.0) and will be removed once support for the old RBAC API policies will be removed from Neutron. Please use method 'is_service_role' instead. /var/lib/openstack/lib/python3.10/site-packages/pycadf/identifier.py:71: UserWarning: Invalid uuid: neutron. To ensure interoperability, identifiers should be a valid uuid. warnings.warn(('Invalid uuid: %s. To ensure interoperability, '
2026-04-27 22:20:09.520 9 INFO neutron.db.segments_db [None req-6059076d-e0a1-4cfb-9a68-7717c00ecde2 52e6d5a4e2194709b2332c9aa359ac6a 8563ba133450408db481bd5967668b40 - - default default] Added segment c1f1b49a-fe8c-4cd7-ab16-72e380eb7d88 of type geneve for network aa9a6e6f-9faf-43e9-8057-f51e57c825d4
2026-04-27 22:20:09.561 10 INFO neutron.wsgi [req-8bc75c06-b0fb-41d8-a9a0-d1380d0997c3 req-1e930cfb-d756-4a8b-8bf6-05d44bb09c34 1efd2807c7b44085a8893953afa0033b 1724e4b2e7d74027b2cd9c9f035345a9 - - default default] 10.0.0.182 "GET /v2.0/ports?device_id=2fbf52aa-ebc2-4722-b1a5-6f9b3d7fb09c HTTP/1.1" status: 200 len: 1160 time: 0.0982788
2026-04-27 22:20:09.664 9 INFO neutron.db.ovn_revision_numbers_db [None req-6059076d-e0a1-4cfb-9a68-7717c00ecde2 52e6d5a4e2194709b2332c9aa359ac6a 8563ba133450408db481bd5967668b40 - - default default] Successfully bumped revision number for resource aa9a6e6f-9faf-43e9-8057-f51e57c825d4 (type: networks) to 1
2026-04-27 22:20:09.675 10 INFO neutron.wsgi [req-8bc75c06-b0fb-41d8-a9a0-d1380d0997c3 req-119b2635-7fae-497a-a95b-12f3bc1984c1 1efd2807c7b44085a8893953afa0033b 1724e4b2e7d74027b2cd9c9f035345a9 - - default default] 10.0.0.182 "GET /v2.0/security-groups?id=6466a574-cfba-4998-bddc-5b6d8742cd01&fields=id&fields=name HTTP/1.1" status: 200 len: 312 time: 0.1061535
2026-04-27 22:20:09.883 9 WARNING neutron.scheduler.dhcp_agent_scheduler [None req-6059076d-e0a1-4cfb-9a68-7717c00ecde2 52e6d5a4e2194709b2332c9aa359ac6a 8563ba133450408db481bd5967668b40 - - default default] No more DHCP agents
2026-04-27 22:20:09.886 9 WARNING neutron.api.rpc.agentnotifiers.dhcp_rpc_agent_api [None req-6059076d-e0a1-4cfb-9a68-7717c00ecde2 52e6d5a4e2194709b2332c9aa359ac6a 8563ba133450408db481bd5967668b40 - - default default] Unable to schedule network aa9a6e6f-9faf-43e9-8057-f51e57c825d4: no agents available; will retry on subsequent port and subnet creation events.
2026-04-27 22:20:09.983 9 INFO neutron.db.ovn_revision_numbers_db [None req-6059076d-e0a1-4cfb-9a68-7717c00ecde2 52e6d5a4e2194709b2332c9aa359ac6a 8563ba133450408db481bd5967668b40 - - default default] Successfully bumped revision number for resource 550f6149-9a82-4dd7-ba0e-ebf49fd3ae22 (type: ports) to 1
2026-04-27 22:20:10.004 9 INFO neutron.wsgi [None req-6059076d-e0a1-4cfb-9a68-7717c00ecde2 52e6d5a4e2194709b2332c9aa359ac6a 8563ba133450408db481bd5967668b40 - - default default] 10.0.0.63 "POST /v2.0/networks HTTP/1.1" status: 201 len: 831 time: 0.5880408 /var/lib/openstack/lib/python3.10/site-packages/pycadf/identifier.py:71: UserWarning: Invalid uuid: neutron. To ensure interoperability, identifiers should be a valid uuid. warnings.warn(('Invalid uuid: %s. To ensure interoperability, '
2026-04-27 22:20:10.020 10 WARNING neutron_lib.context [None req-b229a5a4-016d-4d5d-bd83-f6bbed35d86b 52e6d5a4e2194709b2332c9aa359ac6a 8563ba133450408db481bd5967668b40 - - default default] Method 'is_advsvc' is deprecated since 2023.2 release (neutron-lib 3.8.0) and will be removed once support for the old RBAC API policies will be removed from Neutron. Please use method 'is_service_role' instead.
2026-04-27 22:20:10.132 10 INFO neutron.db.ovn_revision_numbers_db [req-ad2c6622-8260-4f03-b16a-91fce2a1e12a req-21d7656b-788b-42c9-8173-f868ddb8b629 704a36a6de1240e18012a19f0f05f720 2f9b73de570f4c89af39e63d7cdb54cd - - 40fd682ceee84a83889ba67ab46e917c 40fd682ceee84a83889ba67ab46e917c] Successfully bumped revision number for resource 5ec2cfd3-b420-4871-8e41-8c2ced0dbad3 (type: ports) to 2
2026-04-27 22:20:10.231 10 INFO neutron.wsgi [None req-7b7319c4-eb15-4fd5-a34f-7500afc3f30d 6daacb5125084248b245db235a0ea2f4 5f5646f449a6434b863fa2f65922ecea - - default default] 10.0.0.63 "PUT /v2.0/routers/3e94e0ac-75ec-49e3-b072-3a9f98c56789/remove_router_interface HTTP/1.1" status: 200 len: 503 time: 1.1980989
2026-04-27 22:20:10.307 9 INFO neutron.api.v2.resource [None req-72971a81-7348-4d25-839e-e73c096ec55b 6daacb5125084248b245db235a0ea2f4 5f5646f449a6434b863fa2f65922ecea - - default default] remove_router_interface failed (client error): The resource could not be found.
2026-04-27 22:20:10.308 9 INFO neutron.wsgi [None req-72971a81-7348-4d25-839e-e73c096ec55b 6daacb5125084248b245db235a0ea2f4 5f5646f449a6434b863fa2f65922ecea - - default default] 10.0.0.63 "PUT /v2.0/routers/3e94e0ac-75ec-49e3-b072-3a9f98c56789/remove_router_interface HTTP/1.1" status: 404 len: 398 time: 0.0710676
2026-04-27 22:20:10.332 9 INFO neutron.wsgi [None req-7415c6fe-c36b-4dcd-95ed-842bc912c3ea 6daacb5125084248b245db235a0ea2f4 5f5646f449a6434b863fa2f65922ecea - - default default] 10.0.0.63 "GET /v2.0/ports?device_id=3e94e0ac-75ec-49e3-b072-3a9f98c56789 HTTP/1.1" status: 200 len: 205 time: 0.0181413
2026-04-27 22:20:10.460 10 WARNING neutron.scheduler.dhcp_agent_scheduler [None req-b229a5a4-016d-4d5d-bd83-f6bbed35d86b 52e6d5a4e2194709b2332c9aa359ac6a 8563ba133450408db481bd5967668b40 - - default default] No more DHCP agents
2026-04-27 22:20:10.466 10 WARNING neutron.api.rpc.agentnotifiers.dhcp_rpc_agent_api [None req-b229a5a4-016d-4d5d-bd83-f6bbed35d86b 52e6d5a4e2194709b2332c9aa359ac6a 8563ba133450408db481bd5967668b40 - - default default] Unable to schedule network aa9a6e6f-9faf-43e9-8057-f51e57c825d4: no agents available; will retry on subsequent port and subnet creation events.
2026-04-27 22:20:10.525 10 INFO neutron.db.ovn_revision_numbers_db [req-ad2c6622-8260-4f03-b16a-91fce2a1e12a req-21d7656b-788b-42c9-8173-f868ddb8b629 704a36a6de1240e18012a19f0f05f720 2f9b73de570f4c89af39e63d7cdb54cd - - 40fd682ceee84a83889ba67ab46e917c 40fd682ceee84a83889ba67ab46e917c] Successfully bumped revision number for resource 5ec2cfd3-b420-4871-8e41-8c2ced0dbad3 (type: ports) to 2
2026-04-27 22:20:10.544 9 INFO neutron.wsgi [None req-ce64cfa3-0a8d-4ae7-bf8c-5958432b3bcd 6daacb5125084248b245db235a0ea2f4 5f5646f449a6434b863fa2f65922ecea - - default default] 10.0.0.63 "DELETE /v2.0/routers/3e94e0ac-75ec-49e3-b072-3a9f98c56789 HTTP/1.1" status: 204 len: 168 time: 0.2069709
2026-04-27 22:20:10.562 10 INFO neutron.wsgi [req-ad2c6622-8260-4f03-b16a-91fce2a1e12a req-21d7656b-788b-42c9-8173-f868ddb8b629 704a36a6de1240e18012a19f0f05f720 2f9b73de570f4c89af39e63d7cdb54cd - - 40fd682ceee84a83889ba67ab46e917c 40fd682ceee84a83889ba67ab46e917c] 199.204.45.250 "PUT /v2.0/ports/5ec2cfd3-b420-4871-8e41-8c2ced0dbad3 HTTP/1.1" status: 200 len: 1380 time: 1.3990097
2026-04-27 22:20:10.586 10 INFO neutron.db.ovn_revision_numbers_db [None req-b229a5a4-016d-4d5d-bd83-f6bbed35d86b 52e6d5a4e2194709b2332c9aa359ac6a 8563ba133450408db481bd5967668b40 - - default default] Successfully bumped revision number for resource a835a907-9091-42b3-b1d7-85f06b64f91b (type: ports) to 1 /var/lib/openstack/lib/python3.10/site-packages/pycadf/identifier.py:71: UserWarning: Invalid uuid: neutron. To ensure interoperability, identifiers should be a valid uuid. warnings.warn(('Invalid uuid: %s. To ensure interoperability, '
2026-04-27 22:20:10.618 10 INFO neutron.wsgi [None req-b229a5a4-016d-4d5d-bd83-f6bbed35d86b 52e6d5a4e2194709b2332c9aa359ac6a 8563ba133450408db481bd5967668b40 - - default default] 10.0.0.63 "POST /v2.0/ports HTTP/1.1" status: 201 len: 942 time: 0.6074901
2026-04-27 22:20:10.626 10 INFO neutron.notifiers.nova [-] Nova event matching ['req-e277040f-35b7-4d0b-95ba-354f6cba0d78'] response: {'name': 'network-changed', 'server_uuid': '2fbf52aa-ebc2-4722-b1a5-6f9b3d7fb09c', 'tag': '5ec2cfd3-b420-4871-8e41-8c2ced0dbad3', 'status': 'completed', 'code': 200}
2026-04-27 22:20:10.633 9 WARNING neutron_lib.context [None req-5b348ed6-a9cc-4507-81e8-408af124dece 52e6d5a4e2194709b2332c9aa359ac6a 8563ba133450408db481bd5967668b40 - - default default] Method 'is_advsvc' is deprecated since 2023.2 release (neutron-lib 3.8.0) and will be removed once support for the old RBAC API policies will be removed from Neutron. Please use method 'is_service_role' instead.
2026-04-27 22:20:10.645 10 INFO neutron.wsgi [req-ad2c6622-8260-4f03-b16a-91fce2a1e12a req-27bea2c2-cf7a-4845-aa7f-e9dea52492fb 704a36a6de1240e18012a19f0f05f720 2f9b73de570f4c89af39e63d7cdb54cd - - 40fd682ceee84a83889ba67ab46e917c 40fd682ceee84a83889ba67ab46e917c] 199.204.45.250 "GET /v2.0/ports?tenant_id=1724e4b2e7d74027b2cd9c9f035345a9&device_id=2fbf52aa-ebc2-4722-b1a5-6f9b3d7fb09c HTTP/1.1" status: 200 len: 1411 time: 0.0413239
2026-04-27 22:20:10.675 10 INFO neutron.wsgi [req-ad2c6622-8260-4f03-b16a-91fce2a1e12a req-233778bb-c48c-4ef4-8fe6-2372367170b6 704a36a6de1240e18012a19f0f05f720 2f9b73de570f4c89af39e63d7cdb54cd - - 40fd682ceee84a83889ba67ab46e917c 40fd682ceee84a83889ba67ab46e917c] 199.204.45.250 "GET /v2.0/floatingips?fixed_ip_address=10.100.0.10&port_id=5ec2cfd3-b420-4871-8e41-8c2ced0dbad3 HTTP/1.1" status: 200 len: 217 time: 0.0249774
2026-04-27 22:20:10.716 10 INFO neutron.wsgi [req-ad2c6622-8260-4f03-b16a-91fce2a1e12a req-6c9ece57-e145-45d7-a95c-a829f2616c14 704a36a6de1240e18012a19f0f05f720 2f9b73de570f4c89af39e63d7cdb54cd - - 40fd682ceee84a83889ba67ab46e917c 40fd682ceee84a83889ba67ab46e917c] 199.204.45.250 "GET /v2.0/subnets?id=216cc00a-81b9-4821-be3d-17df38cedb2a HTTP/1.1" status: 200 len: 853 time: 0.0363083
2026-04-27 22:20:10.747 10 INFO neutron.wsgi [req-ad2c6622-8260-4f03-b16a-91fce2a1e12a req-57a61a7d-8f95-4890-9a85-9c6ae519cdb0 704a36a6de1240e18012a19f0f05f720 2f9b73de570f4c89af39e63d7cdb54cd - - 40fd682ceee84a83889ba67ab46e917c 40fd682ceee84a83889ba67ab46e917c] 199.204.45.250 "GET /v2.0/ports?network_id=284e8b88-0cbd-430d-918f-14f9019dc2de&device_owner=network%3Adhcp HTTP/1.1" status: 200 len: 210 time: 0.0237081
2026-04-27 22:20:10.775 9 INFO neutron.wsgi [None req-d9802a1b-3f5e-416e-89ba-416812509f65 6daacb5125084248b245db235a0ea2f4 5f5646f449a6434b863fa2f65922ecea - - default default] 10.0.0.63 "DELETE /v2.0/subnets/f9618337-05b3-45c5-9f3a-979e1bbc5440 HTTP/1.1" status: 204 len: 168 time: 0.2270441
2026-04-27 22:20:10.794 10 INFO neutron.wsgi [req-ec18ffeb-41b7-4489-9622-178eeecdb117 req-6656098e-8131-40fb-b64d-fb438b897164 1efd2807c7b44085a8893953afa0033b 1724e4b2e7d74027b2cd9c9f035345a9 - - default default] 10.0.0.182 "GET /v2.0/ports?device_id=2fbf52aa-ebc2-4722-b1a5-6f9b3d7fb09c HTTP/1.1" status: 200 len: 1172 time: 0.0495965
2026-04-27 22:20:10.845 10 INFO neutron.wsgi [req-ad2c6622-8260-4f03-b16a-91fce2a1e12a req-4eef2ce6-c4d6-4867-8046-10e184f6a6e8 704a36a6de1240e18012a19f0f05f720 2f9b73de570f4c89af39e63d7cdb54cd - - 40fd682ceee84a83889ba67ab46e917c 40fd682ceee84a83889ba67ab46e917c] 199.204.45.250 "GET /v2.0/networks/284e8b88-0cbd-430d-918f-14f9019dc2de?fields=segments HTTP/1.1" status: 200 len: 212 time: 0.0900340
2026-04-27 22:20:10.855 10 INFO neutron.wsgi [req-ec18ffeb-41b7-4489-9622-178eeecdb117 req-ae0aa918-a084-4f33-b2e1-6608222c8ed3 1efd2807c7b44085a8893953afa0033b 1724e4b2e7d74027b2cd9c9f035345a9 - - default default] 10.0.0.182 "GET /v2.0/security-groups?id=6466a574-cfba-4998-bddc-5b6d8742cd01&fields=id&fields=name HTTP/1.1" status: 200 len: 312 time: 0.0519204
2026-04-27 22:20:10.909 9 INFO neutron.wsgi [None req-5b348ed6-a9cc-4507-81e8-408af124dece 52e6d5a4e2194709b2332c9aa359ac6a 8563ba133450408db481bd5967668b40 - - default default] 10.0.0.63 "POST /v2.0/trunks HTTP/1.1" status: 201 len: 608 time: 0.2830973
2026-04-27 22:20:10.925 9 WARNING neutron_lib.context [None req-37101281-9df4-40b5-84ca-c38144811c0a 52e6d5a4e2194709b2332c9aa359ac6a 8563ba133450408db481bd5967668b40 - - default default] Method 'is_advsvc' is deprecated since 2023.2 release (neutron-lib 3.8.0) and will be removed once support for the old RBAC API policies will be removed from Neutron. Please use method 'is_service_role' instead.
2026-04-27 22:20:11.033 9 INFO neutron.db.segments_db [None req-37101281-9df4-40b5-84ca-c38144811c0a 52e6d5a4e2194709b2332c9aa359ac6a 8563ba133450408db481bd5967668b40 - - default default] Added segment 32e0ad53-240b-4b7a-927f-4e83ceaea9a0 of type geneve for network 3b628eb5-6338-447a-8ba4-f494517ba28e
2026-04-27 22:20:11.111 10 INFO neutron.wsgi [req-ad2c6622-8260-4f03-b16a-91fce2a1e12a req-9cb27b1b-9190-4cc7-b127-516d6a47aeae 704a36a6de1240e18012a19f0f05f720 2f9b73de570f4c89af39e63d7cdb54cd - - 40fd682ceee84a83889ba67ab46e917c 40fd682ceee84a83889ba67ab46e917c] 199.204.45.250 "GET /v2.0/networks/284e8b88-0cbd-430d-918f-14f9019dc2de?fields=provider%3Aphysical_network&fields=provider%3Anetwork_type HTTP/1.1" status: 200 len: 277 time: 0.2592692
2026-04-27 22:20:11.136 10 INFO neutron.wsgi [-] 10.0.0.52 "GET / HTTP/1.1" status: 200 len: 247 time: 0.0023987
2026-04-27 22:20:11.139 10 INFO neutron.wsgi [-] 10.0.0.52 "GET / HTTP/1.1" status: 200 len: 247 time: 0.0013916
2026-04-27 22:20:11.209 10 INFO neutron.wsgi [req-6f75b6a6-8fa7-4568-9798-e09ae71949c7 req-91d562f1-6066-44bc-933c-1274eb5ce285 704a36a6de1240e18012a19f0f05f720 2f9b73de570f4c89af39e63d7cdb54cd - - 40fd682ceee84a83889ba67ab46e917c 40fd682ceee84a83889ba67ab46e917c] 199.204.45.250 "GET /v2.0/ports?tenant_id=1724e4b2e7d74027b2cd9c9f035345a9&device_id=2fbf52aa-ebc2-4722-b1a5-6f9b3d7fb09c HTTP/1.1" status: 200 len: 1411 time: 0.0472710
2026-04-27 22:20:11.307 10 INFO neutron.plugins.ml2.drivers.ovn.mech_driver.mech_driver [None req-e5eb291a-3077-41b0-9386-e75f14f0bea9 - - - - - -] OVN reports status up for port: 5ec2cfd3-b420-4871-8e41-8c2ced0dbad3
2026-04-27 22:20:11.313 10 INFO neutron.wsgi [req-6f75b6a6-8fa7-4568-9798-e09ae71949c7 req-aa7a4bcb-91a9-4b9c-81f8-d7ff7e5c67f1 704a36a6de1240e18012a19f0f05f720 2f9b73de570f4c89af39e63d7cdb54cd - - 40fd682ceee84a83889ba67ab46e917c 40fd682ceee84a83889ba67ab46e917c] 199.204.45.250 "GET /v2.0/networks?id=284e8b88-0cbd-430d-918f-14f9019dc2de HTTP/1.1" status: 200 len: 957 time: 0.0989604
2026-04-27 22:20:11.321 10 INFO neutron.plugins.ml2.plugin [None req-e5eb291a-3077-41b0-9386-e75f14f0bea9 - - - - - -] Attempt 1 to provision port 5ec2cfd3-b420-4871-8e41-8c2ced0dbad3
2026-04-27 22:20:11.351 10 INFO neutron.wsgi [req-6f75b6a6-8fa7-4568-9798-e09ae71949c7 req-0a092d5e-af34-4f0d-8142-9ccc2de39f4f 704a36a6de1240e18012a19f0f05f720 2f9b73de570f4c89af39e63d7cdb54cd - - 40fd682ceee84a83889ba67ab46e917c 40fd682ceee84a83889ba67ab46e917c] 199.204.45.250 "GET /v2.0/floatingips?fixed_ip_address=10.100.0.10&port_id=5ec2cfd3-b420-4871-8e41-8c2ced0dbad3 HTTP/1.1" status: 200 len: 217 time: 0.0307386
2026-04-27 22:20:11.412 10 INFO neutron.wsgi [req-6f75b6a6-8fa7-4568-9798-e09ae71949c7 req-33eb7446-4826-4c97-8cef-81cb8908a576 704a36a6de1240e18012a19f0f05f720 2f9b73de570f4c89af39e63d7cdb54cd - - 40fd682ceee84a83889ba67ab46e917c 40fd682ceee84a83889ba67ab46e917c] 199.204.45.250 "GET /v2.0/subnets?id=216cc00a-81b9-4821-be3d-17df38cedb2a HTTP/1.1" status: 200 len: 853 time: 0.0523658
2026-04-27 22:20:11.416 9 INFO neutron.db.ovn_revision_numbers_db [None req-37101281-9df4-40b5-84ca-c38144811c0a 52e6d5a4e2194709b2332c9aa359ac6a 8563ba133450408db481bd5967668b40 - - default default] Successfully bumped revision number for resource 3b628eb5-6338-447a-8ba4-f494517ba28e (type: networks) to 1
2026-04-27 22:20:11.445 10 INFO neutron.wsgi [req-6f75b6a6-8fa7-4568-9798-e09ae71949c7 req-dad297ae-c7b4-4af4-9e88-75b2ba6c8e64 704a36a6de1240e18012a19f0f05f720 2f9b73de570f4c89af39e63d7cdb54cd - - 40fd682ceee84a83889ba67ab46e917c 40fd682ceee84a83889ba67ab46e917c] 199.204.45.250 "GET /v2.0/ports?network_id=284e8b88-0cbd-430d-918f-14f9019dc2de&device_owner=network%3Adhcp HTTP/1.1" status: 200 len: 210 time: 0.0244093
2026-04-27 22:20:11.469 9 INFO neutron.services.segments.plugin [-] Segment 909cac87-f56e-4716-8628-0d3bcd787649 resource provider aggregate not found
2026-04-27 22:20:11.473 9 INFO neutron.services.segments.plugin [-] Segment 909cac87-f56e-4716-8628-0d3bcd787649 resource provider aggregate not found
2026-04-27 22:20:11.498 9 INFO neutron.services.segments.plugin [-] Segment 909cac87-f56e-4716-8628-0d3bcd787649 resource provider not found; error: Placement Client Error (4xx): {"errors": [{"status": 404, "title": "Not Found", "detail": "The resource could not be found.\n\n No resource provider with uuid 909cac87-f56e-4716-8628-0d3bcd787649 found for delete ", "request_id": "req-7d019831-226d-417d-9a50-b6d419935473"}]}
2026-04-27 22:20:11.513 9 INFO neutron.wsgi [None req-1f2948fe-ddf8-4e3f-aeab-7239f0327774 6daacb5125084248b245db235a0ea2f4 5f5646f449a6434b863fa2f65922ecea - - default default] 10.0.0.63 "DELETE /v2.0/networks/d15865b6-2622-4dd4-96e3-a7622ff52909 HTTP/1.1" status: 204 len: 168 time: 0.7322667
2026-04-27 22:20:11.530 10 INFO neutron.wsgi [req-6f75b6a6-8fa7-4568-9798-e09ae71949c7 req-023c58cd-ccdc-4406-a765-cd6dbe8a59e1 704a36a6de1240e18012a19f0f05f720 2f9b73de570f4c89af39e63d7cdb54cd - - 40fd682ceee84a83889ba67ab46e917c 40fd682ceee84a83889ba67ab46e917c] 199.204.45.250 "GET /v2.0/networks/284e8b88-0cbd-430d-918f-14f9019dc2de?fields=segments HTTP/1.1" status: 200 len: 212 time: 0.0772984
2026-04-27 22:20:11.534 9 WARNING neutron_lib.context [None req-afeb2abd-b2d8-4368-b33a-f186536d85c1 6daacb5125084248b245db235a0ea2f4 5f5646f449a6434b863fa2f65922ecea - - default default] Method 'is_advsvc' is deprecated since 2023.2 release (neutron-lib 3.8.0) and will be removed once support for the old RBAC API policies will be removed from Neutron. Please use method 'is_service_role' instead.
2026-04-27 22:20:11.547 9 INFO neutron.services.segments.plugin [-] Segment 909cac87-f56e-4716-8628-0d3bcd787649 resource provider not found; error: Placement Client Error (4xx): {"errors": [{"status": 404, "title": "Not Found", "detail": "The resource could not be found.\n\n No resource provider with uuid 909cac87-f56e-4716-8628-0d3bcd787649 found for delete ", "request_id": "req-b05a743d-09f1-423a-87c4-76e952dd323b"}]}
2026-04-27 22:20:11.616 10 INFO neutron.wsgi [req-6f75b6a6-8fa7-4568-9798-e09ae71949c7 req-0d133209-20ce-49f2-bd0b-2ac2a25f852d 704a36a6de1240e18012a19f0f05f720 2f9b73de570f4c89af39e63d7cdb54cd - - 40fd682ceee84a83889ba67ab46e917c 40fd682ceee84a83889ba67ab46e917c] 199.204.45.250 "GET /v2.0/networks/284e8b88-0cbd-430d-918f-14f9019dc2de?fields=provider%3Aphysical_network&fields=provider%3Anetwork_type HTTP/1.1" status: 200 len: 277 time: 0.0763161
2026-04-27 22:20:11.630 9 INFO neutron.db.segments_db [None req-afeb2abd-b2d8-4368-b33a-f186536d85c1 6daacb5125084248b245db235a0ea2f4 5f5646f449a6434b863fa2f65922ecea - - default default] Added segment 0e6b639c-be6e-4753-823c-67991897a693 of type geneve for network da537560-1f0e-4dcc-bf3e-dcd133d82e6b
2026-04-27 22:20:11.665 9 WARNING neutron.scheduler.dhcp_agent_scheduler [None req-37101281-9df4-40b5-84ca-c38144811c0a 52e6d5a4e2194709b2332c9aa359ac6a 8563ba133450408db481bd5967668b40 - - default default] No more DHCP agents
2026-04-27 22:20:11.673 9 WARNING neutron.api.rpc.agentnotifiers.dhcp_rpc_agent_api [None req-37101281-9df4-40b5-84ca-c38144811c0a 52e6d5a4e2194709b2332c9aa359ac6a 8563ba133450408db481bd5967668b40 - - default default] Unable to schedule network 3b628eb5-6338-447a-8ba4-f494517ba28e: no agents available; will retry on subsequent port and subnet creation events.
2026-04-27 22:20:11.705 10 INFO neutron.db.ovn_revision_numbers_db [None req-e5eb291a-3077-41b0-9386-e75f14f0bea9 - - - - - -] Successfully bumped revision number for resource 5ec2cfd3-b420-4871-8e41-8c2ced0dbad3 (type: ports) to 4
2026-04-27 22:20:11.806 9 INFO neutron.db.ovn_revision_numbers_db [None req-37101281-9df4-40b5-84ca-c38144811c0a 52e6d5a4e2194709b2332c9aa359ac6a 8563ba133450408db481bd5967668b40 - - default default] Successfully bumped revision number for resource 9db967c4-a333-42cb-b6f3-5960107f76e0 (type: ports) to 1
2026-04-27 22:20:11.822 9 INFO neutron.db.ovn_revision_numbers_db [None req-afeb2abd-b2d8-4368-b33a-f186536d85c1 6daacb5125084248b245db235a0ea2f4 5f5646f449a6434b863fa2f65922ecea - - default default] Successfully bumped revision number for resource da537560-1f0e-4dcc-bf3e-dcd133d82e6b (type: networks) to 1
2026-04-27 22:20:11.838 9 INFO neutron.wsgi [None req-37101281-9df4-40b5-84ca-c38144811c0a 52e6d5a4e2194709b2332c9aa359ac6a 8563ba133450408db481bd5967668b40 - - default default] 10.0.0.63 "POST /v2.0/networks HTTP/1.1" status: 201 len: 830 time: 0.9171963 /var/lib/openstack/lib/python3.10/site-packages/pycadf/identifier.py:71: UserWarning: Invalid uuid: neutron. To ensure interoperability, identifiers should be a valid uuid. warnings.warn(('Invalid uuid: %s. To ensure interoperability, '
2026-04-27 22:20:11.851 10 WARNING neutron_lib.context [None req-ffad870f-9c9a-416c-a7b5-a765246083aa 52e6d5a4e2194709b2332c9aa359ac6a 8563ba133450408db481bd5967668b40 - - default default] Method 'is_advsvc' is deprecated since 2023.2 release (neutron-lib 3.8.0) and will be removed once support for the old RBAC API policies will be removed from Neutron. Please use method 'is_service_role' instead.
2026-04-27 22:20:11.990 9 WARNING neutron.scheduler.dhcp_agent_scheduler [None req-afeb2abd-b2d8-4368-b33a-f186536d85c1 6daacb5125084248b245db235a0ea2f4 5f5646f449a6434b863fa2f65922ecea - - default default] No more DHCP agents
2026-04-27 22:20:12.001 9 WARNING neutron.api.rpc.agentnotifiers.dhcp_rpc_agent_api [None req-afeb2abd-b2d8-4368-b33a-f186536d85c1 6daacb5125084248b245db235a0ea2f4 5f5646f449a6434b863fa2f65922ecea - - default default] Unable to schedule network da537560-1f0e-4dcc-bf3e-dcd133d82e6b: no agents available; will retry on subsequent port and subnet creation events.
2026-04-27 22:20:12.040 10 INFO neutron.wsgi [req-d26e80a3-972f-45fb-be73-5ac5c9476ce2 req-27b934e5-bd27-46c0-bcb6-577b25de2c19 1efd2807c7b44085a8893953afa0033b 1724e4b2e7d74027b2cd9c9f035345a9 - - default default] 10.0.0.182 "GET /v2.0/ports?device_id=2fbf52aa-ebc2-4722-b1a5-6f9b3d7fb09c HTTP/1.1" status: 200 len: 1174 time: 0.1207480
2026-04-27 22:20:12.076 9 INFO neutron.db.ovn_revision_numbers_db [None req-afeb2abd-b2d8-4368-b33a-f186536d85c1 6daacb5125084248b245db235a0ea2f4 5f5646f449a6434b863fa2f65922ecea - - default default] Successfully bumped revision number for resource 5b1859f6-5f2e-4624-bb48-82f2e6d34842 (type: ports) to 1
2026-04-27 22:20:12.098 9 INFO neutron.wsgi [None req-afeb2abd-b2d8-4368-b33a-f186536d85c1 6daacb5125084248b245db235a0ea2f4 5f5646f449a6434b863fa2f65922ecea - - default default] 10.0.0.63 "POST /v2.0/networks HTTP/1.1" status: 201 len: 832 time: 0.5738871
2026-04-27 22:20:12.098 9 WARNING neutron.plugins.ml2.drivers.ovn.mech_driver.ovsdb.ovn_client [None req-dfd8fd72-4598-4a77-b8a1-42d2eab836db - - - - - -] No port found with ID 2f2c8d7c-989b-49a2-9ac3-67048415f33c: RuntimeError: No port found with ID 2f2c8d7c-989b-49a2-9ac3-67048415f33c
2026-04-27 22:20:12.109 9 WARNING neutron_lib.context [None req-f3ac7ab9-0e0f-4e94-b1f5-ca26c98dffc9 6daacb5125084248b245db235a0ea2f4 5f5646f449a6434b863fa2f65922ecea - - default default] Method 'is_advsvc' is deprecated since 2023.2 release (neutron-lib 3.8.0) and will be removed once support for the old RBAC API policies will be removed from Neutron. Please use method 'is_service_role' instead.
2026-04-27 22:20:12.111 10 INFO neutron.wsgi [req-d26e80a3-972f-45fb-be73-5ac5c9476ce2 req-ac61a38d-8d86-4d13-81ad-4cf434b5e8b2 1efd2807c7b44085a8893953afa0033b 1724e4b2e7d74027b2cd9c9f035345a9 - - default default] 10.0.0.182 "GET /v2.0/security-groups?id=6466a574-cfba-4998-bddc-5b6d8742cd01&fields=id&fields=name HTTP/1.1" status: 200 len: 312 time: 0.0651324
2026-04-27 22:20:12.184 10 WARNING neutron.scheduler.dhcp_agent_scheduler [None req-ffad870f-9c9a-416c-a7b5-a765246083aa 52e6d5a4e2194709b2332c9aa359ac6a 8563ba133450408db481bd5967668b40 - - default default] No more DHCP agents
2026-04-27 22:20:12.186 10 WARNING neutron.api.rpc.agentnotifiers.dhcp_rpc_agent_api [None req-ffad870f-9c9a-416c-a7b5-a765246083aa 52e6d5a4e2194709b2332c9aa359ac6a 8563ba133450408db481bd5967668b40 - - default default] Unable to schedule network 3b628eb5-6338-447a-8ba4-f494517ba28e: no agents available; will retry on subsequent port and subnet creation events.
2026-04-27 22:20:12.271 10 INFO neutron.db.ovn_revision_numbers_db [None req-ffad870f-9c9a-416c-a7b5-a765246083aa 52e6d5a4e2194709b2332c9aa359ac6a 8563ba133450408db481bd5967668b40 - - default default] Successfully bumped revision number for resource 8201b4ee-959c-483b-ba6d-3452ae2b529d (type: ports) to 1
2026-04-27 22:20:12.297 10 INFO neutron.wsgi [None req-ffad870f-9c9a-416c-a7b5-a765246083aa 52e6d5a4e2194709b2332c9aa359ac6a 8563ba133450408db481bd5967668b40 - - default default] 10.0.0.63 "POST /v2.0/ports HTTP/1.1" status: 201 len: 942 time: 0.4530356
2026-04-27 22:20:12.309 9 WARNING neutron_lib.context [None req-c4fd2fce-70cb-4bab-8511-ae9adbc73a4e 52e6d5a4e2194709b2332c9aa359ac6a 8563ba133450408db481bd5967668b40 - - default default] Method 'is_advsvc' is deprecated since 2023.2 release (neutron-lib 3.8.0) and will be removed once support for the old RBAC API policies will be removed from Neutron. Please use method 'is_service_role' instead.
2026-04-27 22:20:12.362 9 WARNING neutron.scheduler.dhcp_agent_scheduler [None req-f3ac7ab9-0e0f-4e94-b1f5-ca26c98dffc9 6daacb5125084248b245db235a0ea2f4 5f5646f449a6434b863fa2f65922ecea - - default default] No more DHCP agents
2026-04-27 22:20:12.366 9 WARNING neutron.api.rpc.agentnotifiers.dhcp_rpc_agent_api [None req-f3ac7ab9-0e0f-4e94-b1f5-ca26c98dffc9 6daacb5125084248b245db235a0ea2f4 5f5646f449a6434b863fa2f65922ecea - - default default] Unable to schedule network da537560-1f0e-4dcc-bf3e-dcd133d82e6b: no agents available; will retry on subsequent port and subnet creation events.
2026-04-27 22:20:12.406 9 INFO neutron.db.ovn_revision_numbers_db [None req-f3ac7ab9-0e0f-4e94-b1f5-ca26c98dffc9 6daacb5125084248b245db235a0ea2f4 5f5646f449a6434b863fa2f65922ecea - - default default] Successfully bumped revision number for resource ae31a26d-66e0-48b7-8eec-f9e6cc586b35 (type: subnets) to 0
2026-04-27 22:20:12.430 9 INFO neutron.wsgi [None req-f3ac7ab9-0e0f-4e94-b1f5-ca26c98dffc9 6daacb5125084248b245db235a0ea2f4 5f5646f449a6434b863fa2f65922ecea - - default default] 10.0.0.63 "POST /v2.0/subnets HTTP/1.1" status: 201 len: 821 time: 0.3246510
2026-04-27 22:20:12.440 9 WARNING neutron_lib.context [None req-b50abc00-db81-4d4a-83e6-b8679b950d24 6daacb5125084248b245db235a0ea2f4 5f5646f449a6434b863fa2f65922ecea - - default default] Method 'is_advsvc' is deprecated since 2023.2 release (neutron-lib 3.8.0) and will be removed once support for the old RBAC API policies will be removed from Neutron. Please use method 'is_service_role' instead.
2026-04-27 22:20:12.555 9 INFO neutron.wsgi [None req-c4fd2fce-70cb-4bab-8511-ae9adbc73a4e 52e6d5a4e2194709b2332c9aa359ac6a 8563ba133450408db481bd5967668b40 - - default default] 10.0.0.63 "POST /v2.0/trunks HTTP/1.1" status: 201 len: 608 time: 0.2528336
2026-04-27 22:20:12.566 9 INFO neutron.db.ovn_revision_numbers_db [None req-b50abc00-db81-4d4a-83e6-b8679b950d24 6daacb5125084248b245db235a0ea2f4 5f5646f449a6434b863fa2f65922ecea - - default default] Successfully bumped revision number for resource 8e00eba2-f48b-4686-a17a-6387f10bdf87 (type: routers) to 1
2026-04-27 22:20:12.583 9 INFO neutron.wsgi [None req-b50abc00-db81-4d4a-83e6-b8679b950d24 6daacb5125084248b245db235a0ea2f4 5f5646f449a6434b863fa2f65922ecea - - default default] 10.0.0.63 "POST /v2.0/routers HTTP/1.1" status: 201 len: 806 time: 0.1469631
2026-04-27 22:20:12.594 9 INFO neutron.wsgi [None req-cca2b1fb-bc6c-493e-aaea-cf9165cf6aba 52e6d5a4e2194709b2332c9aa359ac6a 8563ba133450408db481bd5967668b40 - - default default] 10.0.0.63 "PUT /v2.0/trunks/de164935-2a9d-44bb-8798-c4f3d79992ce/tags HTTP/1.1" status: 200 len: 210 time: 0.0326986 /var/lib/openstack/lib/python3.10/site-packages/pycadf/identifier.py:71: UserWarning: Invalid uuid: neutron. To ensure interoperability, identifiers should be a valid uuid. warnings.warn(('Invalid uuid: %s. To ensure interoperability, '
2026-04-27 22:20:12.649 10 INFO neutron.wsgi [None req-66a4370b-de81-4826-9e96-afd0a927fc3d 52e6d5a4e2194709b2332c9aa359ac6a 8563ba133450408db481bd5967668b40 - - default default] 10.0.0.63 "PUT /v2.0/trunks/e7ee59f3-9c19-41e6-a41f-28cb98a40f6c/tags HTTP/1.1" status: 200 len: 218 time: 0.0499790
2026-04-27 22:20:12.664 10 INFO neutron.notifiers.nova [-] Nova event matching ['req-46d875e6-0edf-4558-8e30-ebba0e6386e4'] response: {'server_uuid': '2fbf52aa-ebc2-4722-b1a5-6f9b3d7fb09c', 'name': 'network-vif-plugged', 'status': 'completed', 'tag': '5ec2cfd3-b420-4871-8e41-8c2ced0dbad3', 'code': 200}
2026-04-27 22:20:12.665 10 INFO neutron.notifiers.nova [-] Nova event matching ['req-46d875e6-0edf-4558-8e30-ebba0e6386e4'] response: {'server_uuid': '2fbf52aa-ebc2-4722-b1a5-6f9b3d7fb09c', 'name': 'network-vif-plugged', 'status': 'completed', 'tag': '5ec2cfd3-b420-4871-8e41-8c2ced0dbad3', 'code': 200}
2026-04-27 22:20:12.709 9 INFO neutron.wsgi [None req-fa148e6e-3f93-451d-808f-dedfe670d5b4 52e6d5a4e2194709b2332c9aa359ac6a 8563ba133450408db481bd5967668b40 - - default default] 10.0.0.63 "PUT /v2.0/trunks/3eec9ac8-2d2f-417e-811b-181954ed2c4f/tags HTTP/1.1" status: 200 len: 227 time: 0.0543303
2026-04-27 22:20:12.746 10 INFO neutron.wsgi [None req-cb52758c-a94d-43f9-8efb-ba3e2ebe42f8 52e6d5a4e2194709b2332c9aa359ac6a 8563ba133450408db481bd5967668b40 - - default default] 10.0.0.63 "PUT /v2.0/trunks/8139553a-b8b1-4b96-a040-8a11ac168f78/tags HTTP/1.1" status: 200 len: 212 time: 0.0324070
2026-04-27 22:20:12.769 10 INFO neutron.wsgi [None req-238bbfdf-fb3a-4b65-80a0-012c4e7aca6b 52e6d5a4e2194709b2332c9aa359ac6a 8563ba133450408db481bd5967668b40 - - default default] 10.0.0.63 "GET /v2.0/trunks?tags=red HTTP/1.1" status: 200 len: 1447 time: 0.0191982
2026-04-27 22:20:12.795 10 INFO neutron.wsgi [None req-1b881915-1749-45cb-b802-da42e2c0f29f 52e6d5a4e2194709b2332c9aa359ac6a 8563ba133450408db481bd5967668b40 - - default default] 10.0.0.63 "GET /v2.0/trunks?tags=red%2Cblue HTTP/1.1" status: 200 len: 1041 time: 0.0211520
2026-04-27 22:20:12.820 10 INFO neutron.wsgi [None req-66e7a9e6-8f9f-4143-94fc-e8fccfbb315e 52e6d5a4e2194709b2332c9aa359ac6a 8563ba133450408db481bd5967668b40 - - default default] 10.0.0.63 "GET /v2.0/trunks?tags-any=blue HTTP/1.1" status: 200 len: 1041 time: 0.0196052
2026-04-27 22:20:12.844 10 INFO neutron.wsgi [None req-dd27eb5f-e7a3-464d-9605-34f3c492912b 52e6d5a4e2194709b2332c9aa359ac6a 8563ba133450408db481bd5967668b40 - - default default] 10.0.0.63 "GET /v2.0/trunks?tags-any=red%2Cblue HTTP/1.1" status: 200 len: 1447 time: 0.0195749
2026-04-27 22:20:12.868 10 INFO neutron.wsgi [None req-c3856bde-2bc4-4179-a5e7-4904cbd4435f 52e6d5a4e2194709b2332c9aa359ac6a 8563ba133450408db481bd5967668b40 - - default default] 10.0.0.63 "GET /v2.0/trunks?not-tags=red HTTP/1.1" status: 200 len: 1013 time: 0.0195501
2026-04-27 22:20:12.920 9 INFO neutron.wsgi [None req-be31f506-e5b4-433a-8113-e059410a0578 52e6d5a4e2194709b2332c9aa359ac6a 8563ba133450408db481bd5967668b40 - - default default] 10.0.0.63 "GET /v2.0/trunks?not-tags=red%2Cblue HTTP/1.1" status: 200 len: 1419 time: 0.0467632
2026-04-27 22:20:12.952 9 INFO neutron.wsgi [None req-f6e35add-6e67-4687-935f-c7b8c6c95ae7 52e6d5a4e2194709b2332c9aa359ac6a 8563ba133450408db481bd5967668b40 - - default default] 10.0.0.63 "GET /v2.0/trunks?not-tags-any=blue HTTP/1.1" status: 200 len: 1419 time: 0.0266504
2026-04-27 22:20:12.979 10 INFO neutron.wsgi [None req-fb64beae-8823-43fd-b18e-cef0ca565fe0 52e6d5a4e2194709b2332c9aa359ac6a 8563ba133450408db481bd5967668b40 - - default default] 10.0.0.63 "GET /v2.0/trunks?not-tags-any=red%2Cblue HTTP/1.1" status: 200 len: 1013 time: 0.0215945
2026-04-27 22:20:13.012 10 INFO neutron.wsgi [None req-1c7cd18b-1061-47d1-9367-7e9d6fb58285 52e6d5a4e2194709b2332c9aa359ac6a 8563ba133450408db481bd5967668b40 - - default default] 10.0.0.63 "GET /v2.0/trunks/de164935-2a9d-44bb-8798-c4f3d79992ce HTTP/1.1" status: 200 len: 608 time: 0.0167313
2026-04-27 22:20:13.113 9 WARNING neutron.scheduler.dhcp_agent_scheduler [None req-9fef3d5e-478e-470a-ab30-6c6950d31373 6daacb5125084248b245db235a0ea2f4 5f5646f449a6434b863fa2f65922ecea - - default default] No more DHCP agents
2026-04-27 22:20:13.114 9 WARNING neutron.api.rpc.agentnotifiers.dhcp_rpc_agent_api [None req-9fef3d5e-478e-470a-ab30-6c6950d31373 6daacb5125084248b245db235a0ea2f4 5f5646f449a6434b863fa2f65922ecea - - default default] Unable to schedule network da537560-1f0e-4dcc-bf3e-dcd133d82e6b: no agents available; will retry on subsequent port and subnet creation events.
2026-04-27 22:20:13.121 10 INFO neutron.wsgi [None req-c049984d-815d-4c99-a6e3-eab413d69efd 52e6d5a4e2194709b2332c9aa359ac6a 8563ba133450408db481bd5967668b40 - - default default] 10.0.0.63 "GET /v2.0/ports/14d93cef-fe08-4c2a-a02b-e93d08e92b92 HTTP/1.1" status: 200 len: 1020 time: 0.1044147
2026-04-27 22:20:13.210 10 INFO neutron.wsgi [req-2d18e983-01ad-4b8b-80f9-2bd26537ae07 req-e17ea38d-9b7e-4d79-af47-b26f9b265b18 1efd2807c7b44085a8893953afa0033b 1724e4b2e7d74027b2cd9c9f035345a9 - - default default] 10.0.0.182 "GET /v2.0/ports?device_id=2fbf52aa-ebc2-4722-b1a5-6f9b3d7fb09c HTTP/1.1" status: 200 len: 1174 time: 0.0364625
2026-04-27 22:20:13.230 9 INFO neutron.wsgi [None req-d29c85f5-cd72-464a-a124-3bea1e2e10d4 52e6d5a4e2194709b2332c9aa359ac6a 8563ba133450408db481bd5967668b40 - - default default] 10.0.0.63 "DELETE /v2.0/trunks/de164935-2a9d-44bb-8798-c4f3d79992ce HTTP/1.1" status: 204 len: 168 time: 0.1037695
2026-04-27 22:20:13.254 10 INFO neutron.wsgi [None req-50666249-9d8e-4fe4-ad9f-31659da084c5 52e6d5a4e2194709b2332c9aa359ac6a 8563ba133450408db481bd5967668b40 - - default default] 10.0.0.63 "GET /v2.0/trunks/e7ee59f3-9c19-41e6-a41f-28cb98a40f6c HTTP/1.1" status: 200 len: 616 time: 0.0157115
2026-04-27 22:20:13.256 9 INFO neutron.db.ovn_revision_numbers_db [None req-9fef3d5e-478e-470a-ab30-6c6950d31373 6daacb5125084248b245db235a0ea2f4 5f5646f449a6434b863fa2f65922ecea - - default default] Successfully bumped revision number for resource a8175e79-11f1-410a-aca1-9a0380199de9 (type: ports) to 1
2026-04-27 22:20:13.268 10 INFO neutron.wsgi [req-2d18e983-01ad-4b8b-80f9-2bd26537ae07 req-1ed3b225-5fbc-41ec-952b-29bbf1cb8c62 1efd2807c7b44085a8893953afa0033b 1724e4b2e7d74027b2cd9c9f035345a9 - - default default] 10.0.0.182 "GET /v2.0/security-groups?id=6466a574-cfba-4998-bddc-5b6d8742cd01&fields=id&fields=name HTTP/1.1" status: 200 len: 312 time: 0.0524936
2026-04-27 22:20:13.383 9 INFO neutron.wsgi [None req-44204074-35bd-4734-9bbf-f2a269debc0f 52e6d5a4e2194709b2332c9aa359ac6a 8563ba133450408db481bd5967668b40 - - default default] 10.0.0.63 "GET /v2.0/ports/d856c7dd-48cc-4ff5-839c-5c02ebfa5866 HTTP/1.1" status: 200 len: 1020 time: 0.1214571
2026-04-27 22:20:13.388 10 INFO neutron.wsgi [req-29e1d9c3-20be-459d-a95e-cacea1330030 req-62e69f31-cfe4-4280-968e-a7d45a6316fe 1efd2807c7b44085a8893953afa0033b 1724e4b2e7d74027b2cd9c9f035345a9 - - default default] 10.0.0.182 "GET /v2.0/ports?device_id=2fbf52aa-ebc2-4722-b1a5-6f9b3d7fb09c HTTP/1.1" status: 200 len: 1174 time: 0.0477779
2026-04-27 22:20:13.464 10 INFO neutron.wsgi [req-29e1d9c3-20be-459d-a95e-cacea1330030 req-ad812ce8-1009-48e7-9b29-9ab7352eb559 1efd2807c7b44085a8893953afa0033b 1724e4b2e7d74027b2cd9c9f035345a9 - - default default] 10.0.0.182 "GET /v2.0/security-groups?id=6466a574-cfba-4998-bddc-5b6d8742cd01&fields=id&fields=name HTTP/1.1" status: 200 len: 312 time: 0.0682256
2026-04-27 22:20:13.483 10 INFO neutron.wsgi [None req-0bf5cb8a-3ee3-4441-90d2-d6ae6140acce 52e6d5a4e2194709b2332c9aa359ac6a 8563ba133450408db481bd5967668b40 - - default default] 10.0.0.63 "DELETE /v2.0/trunks/e7ee59f3-9c19-41e6-a41f-28cb98a40f6c HTTP/1.1" status: 204 len: 168 time: 0.0941582
2026-04-27 22:20:13.519 10 INFO neutron.wsgi [None req-3e232fc2-2c2f-4959-b370-3af759568519 52e6d5a4e2194709b2332c9aa359ac6a 8563ba133450408db481bd5967668b40 - - default default] 10.0.0.63 "GET /v2.0/trunks/3eec9ac8-2d2f-417e-811b-181954ed2c4f HTTP/1.1" status: 200 len: 625 time: 0.0305295
2026-04-27 22:20:13.551 10 INFO neutron.wsgi [None req-2ff46334-598a-4948-ab2e-4a9d1ed2362a e9f4321df2fa4a8ab628544ee745f4d6 9d8c59f9dfce4d3fb4e20fac903c260a - - default default] 10.0.0.63 "GET /v2.0/ports?device_id=2fbf52aa-ebc2-4722-b1a5-6f9b3d7fb09c HTTP/1.1" status: 200 len: 1408 time: 0.0567496
2026-04-27 22:20:13.657 10 INFO neutron.wsgi [None req-20a860a2-7d97-4610-8619-615e47b4d2e4 52e6d5a4e2194709b2332c9aa359ac6a 8563ba133450408db481bd5967668b40 - - default default] 10.0.0.63 "GET /v2.0/ports/a5406050-8eca-4622-a50d-75d4d786b304 HTTP/1.1" status: 200 len: 1020 time: 0.1337817
2026-04-27 22:20:14.014 9 INFO neutron.wsgi [None req-ecf225ce-f407-4f73-aa36-c7fdc5297495 52e6d5a4e2194709b2332c9aa359ac6a 8563ba133450408db481bd5967668b40 - - default default] 10.0.0.63 "DELETE /v2.0/trunks/3eec9ac8-2d2f-417e-811b-181954ed2c4f HTTP/1.1" status: 204 len: 168 time: 0.3520579
2026-04-27 22:20:14.025 9 ERROR ovsdbapp.backend.ovs_idl.command [None req-9fef3d5e-478e-470a-ab30-6c6950d31373 6daacb5125084248b245db235a0ea2f4 5f5646f449a6434b863fa2f65922ecea - - default default] Error executing command (DbGetCommand): ovsdbapp.backend.ovs_idl.idlutils.RowNotFound: Cannot find Logical_Router_Port with name=lrp-a8175e79-11f1-410a-aca1-9a0380199de9
2026-04-27 22:20:14.025 9 ERROR ovsdbapp.backend.ovs_idl.command
Traceback (most recent call last):
2026-04-27 22:20:14.025 9 ERROR ovsdbapp.backend.ovs_idl.command
File "/var/lib/openstack/lib/python3.10/site-packages/ovsdbapp/backend/ovs_idl/command.py", line 47, in execute
2026-04-27 22:20:14.025 9 ERROR ovsdbapp.backend.ovs_idl.command self.run_idl(None)
2026-04-27 22:20:14.025 9 ERROR ovsdbapp.backend.ovs_idl.command
File "/var/lib/openstack/lib/python3.10/site-packages/ovsdbapp/backend/ovs_idl/command.py", line 235, in run_idl
2026-04-27 22:20:14.025 9 ERROR ovsdbapp.backend.ovs_idl.command record = self.api.lookup(self.table, self.record)
2026-04-27 22:20:14.025 9 ERROR ovsdbapp.backend.ovs_idl.command
File "/var/lib/openstack/lib/python3.10/site-packages/ovsdbapp/backend/ovs_idl/__init__.py", line 184, in lookup
2026-04-27 22:20:14.025 9 ERROR ovsdbapp.backend.ovs_idl.command return self._lookup(table, record)
2026-04-27 22:20:14.025 9 ERROR ovsdbapp.backend.ovs_idl.command
File "/var/lib/openstack/lib/python3.10/site-packages/ovsdbapp/backend/ovs_idl/__init__.py", line 235, in _lookup
2026-04-27 22:20:14.025 9 ERROR ovsdbapp.backend.ovs_idl.command row = idlutils.row_by_value(self, rl.table, rl.column, record)
2026-04-27 22:20:14.025 9 ERROR ovsdbapp.backend.ovs_idl.command
File "/var/lib/openstack/lib/python3.10/site-packages/ovsdbapp/backend/ovs_idl/idlutils.py", line 114, in row_by_value
2026-04-27 22:20:14.025 9 ERROR ovsdbapp.backend.ovs_idl.command raise RowNotFound(table=table, col=column, match=match)
2026-04-27 22:20:14.025 9 ERROR ovsdbapp.backend.ovs_idl.command ovsdbapp.backend.ovs_idl.idlutils.RowNotFound: Cannot find Logical_Router_Port with name=lrp-a8175e79-11f1-410a-aca1-9a0380199de9
2026-04-27 22:20:14.025 9 ERROR ovsdbapp.backend.ovs_idl.command 
2026-04-27 22:20:14.025 9 ERROR neutron_lib.callbacks.manager [None req-9fef3d5e-478e-470a-ab30-6c6950d31373 6daacb5125084248b245db235a0ea2f4 5f5646f449a6434b863fa2f65922ecea - - default default] Error during notification for neutron.services.ovn_l3.plugin.OVNL3RouterPlugin._port_update-8778383347430 port, after_update: ovsdbapp.backend.ovs_idl.idlutils.RowNotFound: Cannot find Logical_Router_Port with name=lrp-a8175e79-11f1-410a-aca1-9a0380199de9
2026-04-27 22:20:14.025 9 ERROR neutron_lib.callbacks.manager
Traceback (most recent call last):
2026-04-27 22:20:14.025 9 ERROR neutron_lib.callbacks.manager
File "/var/lib/openstack/lib/python3.10/site-packages/neutron_lib/callbacks/manager.py", line 189, in _notify_loop
2026-04-27 22:20:14.025 9 ERROR neutron_lib.callbacks.manager callback.method(resource, event, trigger, payload=payload)
2026-04-27 22:20:14.025 9 ERROR neutron_lib.callbacks.manager
File "/var/lib/openstack/lib/python3.10/site-packages/neutron/services/ovn_l3/plugin.py", line 391, in _port_update
2026-04-27 22:20:14.025 9 ERROR neutron_lib.callbacks.manager l3plugin._ovn_client.update_router_port(context,
2026-04-27 22:20:14.025 9 ERROR neutron_lib.callbacks.manager
