2026-04-27 22:18:10.873 9 INFO neutron.notifiers.nova [-] Nova event matching ['req-baca1873-5d61-4a37-8e08-a131e4572f75'] response: {'server_uuid': '3fdd87ee-8016-4a96-9e48-153c49f245a8', 'name': 'network-vif-plugged', 'status': 'completed', 'tag': '05b032ef-157e-4e69-9131-65b85be2c939', 'code': 200}
2026-04-27 22:18:10.875 9 INFO neutron.db.ovn_revision_numbers_db [None req-95ae67b2-586c-4cf7-9862-3fda9755a7b5 ad9867e1180240d9b8bf24a8a5e8fac7 a61e39169f6f4d50ac65980dc39a8458 - - default default] Successfully bumped revision number for resource 50b2cbe6-d0db-44f3-843e-ef3379116ea6 (type: ports) to 2
2026-04-27 22:18:10.912 9 INFO neutron.db.ovn_revision_numbers_db [None req-95ae67b2-586c-4cf7-9862-3fda9755a7b5 ad9867e1180240d9b8bf24a8a5e8fac7 a61e39169f6f4d50ac65980dc39a8458 - - default default] Successfully bumped revision number for resource d37646f0-63dc-400b-8c34-46813edfa37a (type: subnets) to 0
2026-04-27 22:18:10.937 9 INFO neutron.wsgi [None req-95ae67b2-586c-4cf7-9862-3fda9755a7b5 ad9867e1180240d9b8bf24a8a5e8fac7 a61e39169f6f4d50ac65980dc39a8458 - - default default] 10.0.0.63 "POST /v2.0/subnets HTTP/1.1" status: 201 len: 801 time: 0.9750378
2026-04-27 22:18:10.949 10 WARNING neutron_lib.context [None req-c7dccf82-9290-4876-b546-84137908a74d ad9867e1180240d9b8bf24a8a5e8fac7 a61e39169f6f4d50ac65980dc39a8458 - - default default] Method 'is_advsvc' is deprecated since 2023.2 release (neutron-lib 3.8.0) and will be removed once support for the old RBAC API policies will be removed from Neutron. Please use method 'is_service_role' instead.
2026-04-27 22:18:11.085 10 INFO neutron.db.ovn_revision_numbers_db [None req-c7dccf82-9290-4876-b546-84137908a74d ad9867e1180240d9b8bf24a8a5e8fac7 a61e39169f6f4d50ac65980dc39a8458 - - default default] Successfully bumped revision number for resource 5cfdf3c7-3aa2-4f25-8414-ff7cfefafb9c (type: routers) to 1
2026-04-27 22:18:11.111 10 INFO neutron.wsgi [None req-c7dccf82-9290-4876-b546-84137908a74d ad9867e1180240d9b8bf24a8a5e8fac7 a61e39169f6f4d50ac65980dc39a8458 - - default default] 10.0.0.63 "POST /v2.0/routers HTTP/1.1" status: 201 len: 802 time: 0.1701727
2026-04-27 22:18:11.134 10 INFO neutron.wsgi [-] 10.0.0.52 "GET / HTTP/1.1" status: 200 len: 247 time: 0.0023911
2026-04-27 22:18:11.136 10 INFO neutron.wsgi [-] 10.0.0.52 "GET / HTTP/1.1" status: 200 len: 247 time: 0.0014358
2026-04-27 22:18:11.543 9 WARNING neutron.scheduler.dhcp_agent_scheduler [None req-12236ecb-35f8-464d-93ef-765a2c88ff7b ad9867e1180240d9b8bf24a8a5e8fac7 a61e39169f6f4d50ac65980dc39a8458 - - default default] No more DHCP agents
2026-04-27 22:18:11.545 9 WARNING neutron.api.rpc.agentnotifiers.dhcp_rpc_agent_api [None req-12236ecb-35f8-464d-93ef-765a2c88ff7b ad9867e1180240d9b8bf24a8a5e8fac7 a61e39169f6f4d50ac65980dc39a8458 - - default default] Unable to schedule network decdf8cd-62af-42ca-a639-2dc9cc9e7a58: no agents available; will retry on subsequent port and subnet creation events.
2026-04-27 22:18:11.701 9 INFO neutron.db.ovn_revision_numbers_db [None req-12236ecb-35f8-464d-93ef-765a2c88ff7b ad9867e1180240d9b8bf24a8a5e8fac7 a61e39169f6f4d50ac65980dc39a8458 - - default default] Successfully bumped revision number for resource 4b5eabfb-4624-4cc6-9e42-85e08598f035 (type: ports) to 1
2026-04-27 22:18:11.959 10 WARNING neutron.plugins.ml2.drivers.ovn.mech_driver.ovsdb.ovn_client [None req-e5eb291a-3077-41b0-9386-e75f14f0bea9 - - - - - -] No port found with ID c66335d9-0aab-4e5e-9ca7-d1dd2877b4da: RuntimeError: No port found with ID c66335d9-0aab-4e5e-9ca7-d1dd2877b4da
2026-04-27 22:18:12.413 9 ERROR ovsdbapp.backend.ovs_idl.command [None req-12236ecb-35f8-464d-93ef-765a2c88ff7b ad9867e1180240d9b8bf24a8a5e8fac7 a61e39169f6f4d50ac65980dc39a8458 - - default default] Error executing command (DbGetCommand): ovsdbapp.backend.ovs_idl.idlutils.RowNotFound: Cannot find Logical_Router_Port with name=lrp-4b5eabfb-4624-4cc6-9e42-85e08598f035
2026-04-27 22:18:12.413 9 ERROR ovsdbapp.backend.ovs_idl.command
Traceback (most recent call last):
2026-04-27 22:18:12.413 9 ERROR ovsdbapp.backend.ovs_idl.command
File "/var/lib/openstack/lib/python3.10/site-packages/ovsdbapp/backend/ovs_idl/command.py", line 47, in execute
2026-04-27 22:18:12.413 9 ERROR ovsdbapp.backend.ovs_idl.command self.run_idl(None)
2026-04-27 22:18:12.413 9 ERROR ovsdbapp.backend.ovs_idl.command
File "/var/lib/openstack/lib/python3.10/site-packages/ovsdbapp/backend/ovs_idl/command.py", line 235, in run_idl
2026-04-27 22:18:12.413 9 ERROR ovsdbapp.backend.ovs_idl.command record = self.api.lookup(self.table, self.record)
2026-04-27 22:18:12.413 9 ERROR ovsdbapp.backend.ovs_idl.command
File "/var/lib/openstack/lib/python3.10/site-packages/ovsdbapp/backend/ovs_idl/__init__.py", line 184, in lookup
2026-04-27 22:18:12.413 9 ERROR ovsdbapp.backend.ovs_idl.command return self._lookup(table, record)
2026-04-27 22:18:12.413 9 ERROR ovsdbapp.backend.ovs_idl.command
File "/var/lib/openstack/lib/python3.10/site-packages/ovsdbapp/backend/ovs_idl/__init__.py", line 235, in _lookup
2026-04-27 22:18:12.413 9 ERROR ovsdbapp.backend.ovs_idl.command row = idlutils.row_by_value(self, rl.table, rl.column, record)
2026-04-27 22:18:12.413 9 ERROR ovsdbapp.backend.ovs_idl.command
File "/var/lib/openstack/lib/python3.10/site-packages/ovsdbapp/backend/ovs_idl/idlutils.py", line 114, in row_by_value
2026-04-27 22:18:12.413 9 ERROR ovsdbapp.backend.ovs_idl.command raise RowNotFound(table=table, col=column, match=match)
2026-04-27 22:18:12.413 9 ERROR ovsdbapp.backend.ovs_idl.command ovsdbapp.backend.ovs_idl.idlutils.RowNotFound: Cannot find Logical_Router_Port with name=lrp-4b5eabfb-4624-4cc6-9e42-85e08598f035
2026-04-27 22:18:12.413 9 ERROR ovsdbapp.backend.ovs_idl.command 
2026-04-27 22:18:12.414 9 ERROR neutron_lib.callbacks.manager [None req-12236ecb-35f8-464d-93ef-765a2c88ff7b ad9867e1180240d9b8bf24a8a5e8fac7 a61e39169f6f4d50ac65980dc39a8458 - - default default] Error during notification for neutron.services.ovn_l3.plugin.OVNL3RouterPlugin._port_update-8778383347430 port, after_update: ovsdbapp.backend.ovs_idl.idlutils.RowNotFound: Cannot find Logical_Router_Port with name=lrp-4b5eabfb-4624-4cc6-9e42-85e08598f035
2026-04-27 22:18:12.414 9 ERROR neutron_lib.callbacks.manager
Traceback (most recent call last):
2026-04-27 22:18:12.414 9 ERROR neutron_lib.callbacks.manager
File "/var/lib/openstack/lib/python3.10/site-packages/neutron_lib/callbacks/manager.py", line 189, in _notify_loop
2026-04-27 22:18:12.414 9 ERROR neutron_lib.callbacks.manager callback.method(resource, event, trigger, payload=payload)
2026-04-27 22:18:12.414 9 ERROR neutron_lib.callbacks.manager
File "/var/lib/openstack/lib/python3.10/site-packages/neutron/services/ovn_l3/plugin.py", line 391, in _port_update
2026-04-27 22:18:12.414 9 ERROR neutron_lib.callbacks.manager l3plugin._ovn_client.update_router_port(context,
2026-04-27 22:18:12.414 9 ERROR neutron_lib.callbacks.manager
File "/var/lib/openstack/lib/python3.10/site-packages/neutron/plugins/ml2/drivers/ovn/mech_driver/ovsdb/ovn_client.py", line 1878, in update_router_port
2026-04-27 22:18:12.414 9 ERROR neutron_lib.callbacks.manager self._update_lrouter_port(context, port, if_exists=if_exists,
2026-04-27 22:18:12.414 9 ERROR neutron_lib.callbacks.manager
File "/var/lib/openstack/lib/python3.10/site-packages/neutron/plugins/ml2/drivers/ovn/mech_driver/ovsdb/ovn_client.py", line 1855, in _update_lrouter_port
2026-04-27 22:18:12.414 9 ERROR neutron_lib.callbacks.manager external_ids = self._nb_idl.db_get(
2026-04-27 22:18:12.414 9 ERROR neutron_lib.callbacks.manager
File "/var/lib/openstack/lib/python3.10/site-packages/ovsdbapp/backend/ovs_idl/command.py", line 47, in execute
2026-04-27 22:18:12.414 9 ERROR neutron_lib.callbacks.manager self.run_idl(None)
2026-04-27 22:18:12.414 9 ERROR neutron_lib.callbacks.manager
File "/var/lib/openstack/lib/python3.10/site-packages/ovsdbapp/backend/ovs_idl/command.py", line 235, in run_idl
2026-04-27 22:18:12.414 9 ERROR neutron_lib.callbacks.manager record = self.api.lookup(self.table, self.record)
2026-04-27 22:18:12.414 9 ERROR neutron_lib.callbacks.manager
File "/var/lib/openstack/lib/python3.10/site-packages/ovsdbapp/backend/ovs_idl/__init__.py", line 184, in lookup
2026-04-27 22:18:12.414 9 ERROR neutron_lib.callbacks.manager return self._lookup(table, record)
2026-04-27 22:18:12.414 9 ERROR neutron_lib.callbacks.manager
File "/var/lib/openstack/lib/python3.10/site-packages/ovsdbapp/backend/ovs_idl/__init__.py", line 235, in _lookup
2026-04-27 22:18:12.414 9 ERROR neutron_lib.callbacks.manager row = idlutils.row_by_value(self, rl.table, rl.column, record)
2026-04-27 22:18:12.414 9 ERROR neutron_lib.callbacks.manager
File "/var/lib/openstack/lib/python3.10/site-packages/ovsdbapp/backend/ovs_idl/idlutils.py", line 114, in row_by_value
2026-04-27 22:18:12.414 9 ERROR neutron_lib.callbacks.manager raise RowNotFound(table=table, col=column, match=match)
2026-04-27 22:18:12.414 9 ERROR neutron_lib.callbacks.manager ovsdbapp.backend.ovs_idl.idlutils.RowNotFound: Cannot find Logical_Router_Port with name=lrp-4b5eabfb-4624-4cc6-9e42-85e08598f035
2026-04-27 22:18:12.414 9 ERROR neutron_lib.callbacks.manager 
2026-04-27 22:18:12.620 10 INFO neutron.plugins.ml2.drivers.ovn.mech_driver.mech_driver [None req-e5eb291a-3077-41b0-9386-e75f14f0bea9 - - - - - -] OVN reports status up for port: 4b5eabfb-4624-4cc6-9e42-85e08598f035
2026-04-27 22:18:12.627 10 INFO neutron.plugins.ml2.plugin [None req-e5eb291a-3077-41b0-9386-e75f14f0bea9 - - - - - -] Attempt 1 to provision port 4b5eabfb-4624-4cc6-9e42-85e08598f035
2026-04-27 22:18:12.646 9 INFO neutron.db.ovn_revision_numbers_db [None req-12236ecb-35f8-464d-93ef-765a2c88ff7b ad9867e1180240d9b8bf24a8a5e8fac7 a61e39169f6f4d50ac65980dc39a8458 - - default default] Successfully bumped revision number for resource 4b5eabfb-4624-4cc6-9e42-85e08598f035 (type: ports) to 1
2026-04-27 22:18:12.722 9 WARNING neutron.scheduler.dhcp_agent_scheduler [None req-12236ecb-35f8-464d-93ef-765a2c88ff7b ad9867e1180240d9b8bf24a8a5e8fac7 a61e39169f6f4d50ac65980dc39a8458 - - default default] No more DHCP agents
2026-04-27 22:18:12.723 9 WARNING neutron.api.rpc.agentnotifiers.dhcp_rpc_agent_api [None req-12236ecb-35f8-464d-93ef-765a2c88ff7b ad9867e1180240d9b8bf24a8a5e8fac7 a61e39169f6f4d50ac65980dc39a8458 - - default default] Unable to schedule network decdf8cd-62af-42ca-a639-2dc9cc9e7a58: no agents available; will retry on subsequent port and subnet creation events.
2026-04-27 22:18:12.906 9 INFO neutron.db.ovn_revision_numbers_db [None req-12236ecb-35f8-464d-93ef-765a2c88ff7b ad9867e1180240d9b8bf24a8a5e8fac7 a61e39169f6f4d50ac65980dc39a8458 - - default default] Successfully bumped revision number for resource 4b5eabfb-4624-4cc6-9e42-85e08598f035 (type: router_ports) to 1
2026-04-27 22:18:12.913 9 INFO neutron.wsgi [None req-12236ecb-35f8-464d-93ef-765a2c88ff7b ad9867e1180240d9b8bf24a8a5e8fac7 a61e39169f6f4d50ac65980dc39a8458 - - default default] 10.0.0.63 "PUT /v2.0/routers/5cfdf3c7-3aa2-4f25-8414-ff7cfefafb9c/add_router_interface HTTP/1.1" status: 200 len: 503 time: 1.7943316
2026-04-27 22:18:12.963 9 INFO neutron.wsgi [None req-c04573c9-3163-45ed-9ee4-632fac52ca64 ad9867e1180240d9b8bf24a8a5e8fac7 a61e39169f6f4d50ac65980dc39a8458 - - default default] 10.0.0.63 "GET /v2.0/ports/4b5eabfb-4624-4cc6-9e42-85e08598f035 HTTP/1.1" status: 200 len: 1135 time: 0.0456438
2026-04-27 22:18:13.001 9 INFO neutron.wsgi [None req-b0794c7a-646d-4e68-b14a-f5e057f11d9b ad9867e1180240d9b8bf24a8a5e8fac7 a61e39169f6f4d50ac65980dc39a8458 - - default default] 10.0.0.63 "GET /v2.0/ports/4b5eabfb-4624-4cc6-9e42-85e08598f035 HTTP/1.1" status: 200 len: 1135 time: 0.0331233
2026-04-27 22:18:13.197 9 INFO neutron.db.ovn_revision_numbers_db [None req-f297546b-4dea-4559-8c6a-0d6038e22527 deb7f9436ba04777bdace9cc6d5bc8b0 815f3c67b503466886e031bf8324ba89 - - default default] Successfully bumped revision number for resource 2ae4b817-c8bb-4b37-a456-d6f53ac07812 (type: security_groups) to 1
2026-04-27 22:18:13.209 9 INFO neutron.db.ovn_revision_numbers_db [None req-f297546b-4dea-4559-8c6a-0d6038e22527 deb7f9436ba04777bdace9cc6d5bc8b0 815f3c67b503466886e031bf8324ba89 - - default default] Successfully bumped revision number for resource 8e3972d6-0d69-4f83-b65e-8e628e3964c8 (type: security_group_rules) to 0
2026-04-27 22:18:13.224 9 INFO neutron.db.ovn_revision_numbers_db [None req-f297546b-4dea-4559-8c6a-0d6038e22527 deb7f9436ba04777bdace9cc6d5bc8b0 815f3c67b503466886e031bf8324ba89 - - default default] Successfully bumped revision number for resource 8f97b6c4-7d0b-4b68-adc6-ffe4a95a5336 (type: security_group_rules) to 0
2026-04-27 22:18:13.238 9 INFO neutron.db.ovn_revision_numbers_db [None req-f297546b-4dea-4559-8c6a-0d6038e22527 deb7f9436ba04777bdace9cc6d5bc8b0 815f3c67b503466886e031bf8324ba89 - - default default] Successfully bumped revision number for resource c08b92e9-8862-4ce4-a3a8-2e8aaeaeee3f (type: security_group_rules) to 0
2026-04-27 22:18:13.252 9 INFO neutron.db.ovn_revision_numbers_db [None req-f297546b-4dea-4559-8c6a-0d6038e22527 deb7f9436ba04777bdace9cc6d5bc8b0 815f3c67b503466886e031bf8324ba89 - - default default] Successfully bumped revision number for resource f2c0673f-3ddb-4ee1-ba3e-e938df0c55a4 (type: security_group_rules) to 0
2026-04-27 22:18:13.278 9 INFO neutron.wsgi [None req-f297546b-4dea-4559-8c6a-0d6038e22527 deb7f9436ba04777bdace9cc6d5bc8b0 815f3c67b503466886e031bf8324ba89 - - default default] 10.0.0.63 "GET /v2.0/security-groups?tenant_id=54ad41bd1869470cb145cecba23562d0&name=default HTTP/1.1" status: 200 len: 3120 time: 0.4712698
2026-04-27 22:18:13.311 10 INFO neutron.db.ovn_revision_numbers_db [None req-e5eb291a-3077-41b0-9386-e75f14f0bea9 - - - - - -] Successfully bumped revision number for resource 4b5eabfb-4624-4cc6-9e42-85e08598f035 (type: ports) to 2
2026-04-27 22:18:13.449 10 INFO neutron.db.ovn_revision_numbers_db [None req-e5eb291a-3077-41b0-9386-e75f14f0bea9 - - - - - -] Successfully bumped revision number for resource 4b5eabfb-4624-4cc6-9e42-85e08598f035 (type: router_ports) to 2
2026-04-27 22:18:13.559 9 INFO neutron.wsgi [None req-1833cd70-45f2-4124-9981-ba715049f79c deb7f9436ba04777bdace9cc6d5bc8b0 815f3c67b503466886e031bf8324ba89 - - default default] 10.0.0.63 "DELETE /v2.0/security-groups/2ae4b817-c8bb-4b37-a456-d6f53ac07812 HTTP/1.1" status: 204 len: 168 time: 0.2754447
2026-04-27 22:18:13.884 9 INFO neutron.db.ovn_revision_numbers_db [None req-79d0fe6f-8170-49c8-885f-92169723d775 deb7f9436ba04777bdace9cc6d5bc8b0 815f3c67b503466886e031bf8324ba89 - - default default] Successfully bumped revision number for resource 9da27f25-dcb7-452b-8d35-9acea4a1b2e8 (type: security_groups) to 1
2026-04-27 22:18:13.897 9 INFO neutron.db.ovn_revision_numbers_db [None req-79d0fe6f-8170-49c8-885f-92169723d775 deb7f9436ba04777bdace9cc6d5bc8b0 815f3c67b503466886e031bf8324ba89 - - default default] Successfully bumped revision number for resource 039eea74-7812-49af-ba75-dd708ec13d9a (type: security_group_rules) to 0
2026-04-27 22:18:13.911 9 INFO neutron.db.ovn_revision_numbers_db [None req-79d0fe6f-8170-49c8-885f-92169723d775 deb7f9436ba04777bdace9cc6d5bc8b0 815f3c67b503466886e031bf8324ba89 - - default default] Successfully bumped revision number for resource 114603da-231a-4e7e-887d-d84997907941 (type: security_group_rules) to 0
2026-04-27 22:18:13.926 9 INFO neutron.db.ovn_revision_numbers_db [None req-79d0fe6f-8170-49c8-885f-92169723d775 deb7f9436ba04777bdace9cc6d5bc8b0 815f3c67b503466886e031bf8324ba89 - - default default] Successfully bumped revision number for resource 4ee21680-2121-49d4-b078-3eb9600a9f76 (type: security_group_rules) to 0
2026-04-27 22:18:13.939 9 INFO neutron.db.ovn_revision_numbers_db [None req-79d0fe6f-8170-49c8-885f-92169723d775 deb7f9436ba04777bdace9cc6d5bc8b0 815f3c67b503466886e031bf8324ba89 - - default default] Successfully bumped revision number for resource a2bb3948-0145-42ba-a0c1-3a2c3aae8046 (type: security_group_rules) to 0
2026-04-27 22:18:13.960 9 INFO neutron.wsgi [None req-79d0fe6f-8170-49c8-885f-92169723d775 deb7f9436ba04777bdace9cc6d5bc8b0 815f3c67b503466886e031bf8324ba89 - - default default] 10.0.0.63 "GET /v2.0/security-groups?tenant_id=faabffbb62394d51a33ef43266d15647&name=default HTTP/1.1" status: 200 len: 3120 time: 0.2006052
2026-04-27 22:18:14.024 9 WARNING neutron_lib.context [None req-0d8cce96-4a22-4cda-9fa1-cfe414ce0f5e 990bf0e5c0804a65bb770da2e9879c21 3c8fbc2775334082a4f36bfda586cdd1 - - default default] Method 'is_advsvc' is deprecated since 2023.2 release (neutron-lib 3.8.0) and will be removed once support for the old RBAC API policies will be removed from Neutron. Please use method 'is_service_role' instead.
2026-04-27 22:18:14.050 9 INFO neutron.wsgi [None req-5687418f-908d-462e-a3f9-8c0dced0e5e2 ad9867e1180240d9b8bf24a8a5e8fac7 a61e39169f6f4d50ac65980dc39a8458 - - default default] 10.0.0.63 "GET /v2.0/ports/4b5eabfb-4624-4cc6-9e42-85e08598f035 HTTP/1.1" status: 200 len: 1137 time: 0.0418177
2026-04-27 22:18:14.228 10 INFO neutron.wsgi [None req-cb4cafe3-6173-45a5-8b22-5ff374637551 deb7f9436ba04777bdace9cc6d5bc8b0 815f3c67b503466886e031bf8324ba89 - - default default] 10.0.0.63 "DELETE /v2.0/security-groups/9da27f25-dcb7-452b-8d35-9acea4a1b2e8 HTTP/1.1" status: 204 len: 168 time: 0.2602451
2026-04-27 22:18:14.249 9 INFO neutron.db.ovn_revision_numbers_db [None req-0d8cce96-4a22-4cda-9fa1-cfe414ce0f5e 990bf0e5c0804a65bb770da2e9879c21 3c8fbc2775334082a4f36bfda586cdd1 - - default default] Successfully bumped revision number for resource 760b71e9-2bd2-479a-9341-e5bd1614418b (type: security_groups) to 1
2026-04-27 22:18:14.265 9 INFO neutron.db.ovn_revision_numbers_db [None req-0d8cce96-4a22-4cda-9fa1-cfe414ce0f5e 990bf0e5c0804a65bb770da2e9879c21 3c8fbc2775334082a4f36bfda586cdd1 - - default default] Successfully bumped revision number for resource 229a1c15-ff53-45b5-9957-3205fbdeda98 (type: security_group_rules) to 0
2026-04-27 22:18:14.289 9 INFO neutron.db.ovn_revision_numbers_db [None req-0d8cce96-4a22-4cda-9fa1-cfe414ce0f5e 990bf0e5c0804a65bb770da2e9879c21 3c8fbc2775334082a4f36bfda586cdd1 - - default default] Successfully bumped revision number for resource 50f6191e-01aa-4c67-8e20-66abd198b2b0 (type: security_group_rules) to 0
2026-04-27 22:18:14.309 9 INFO neutron.db.ovn_revision_numbers_db [None req-0d8cce96-4a22-4cda-9fa1-cfe414ce0f5e 990bf0e5c0804a65bb770da2e9879c21 3c8fbc2775334082a4f36bfda586cdd1 - - default default] Successfully bumped revision number for resource 520677c9-c801-4a02-a46f-63bc133d408a (type: security_group_rules) to 0
2026-04-27 22:18:14.328 9 INFO neutron.db.ovn_revision_numbers_db [None req-0d8cce96-4a22-4cda-9fa1-cfe414ce0f5e 990bf0e5c0804a65bb770da2e9879c21 3c8fbc2775334082a4f36bfda586cdd1 - - default default] Successfully bumped revision number for resource e73132d7-3a46-4efa-8ea4-2c4f96eeae02 (type: security_group_rules) to 0
2026-04-27 22:18:14.395 9 INFO neutron.db.segments_db [None req-0d8cce96-4a22-4cda-9fa1-cfe414ce0f5e 990bf0e5c0804a65bb770da2e9879c21 3c8fbc2775334082a4f36bfda586cdd1 - - default default] Added segment b632356c-99c4-455d-8177-5cb80659be44 of type geneve for network d3420489-6b94-4bca-84e4-0d0e5bbb1ccc
2026-04-27 22:18:14.583 9 INFO neutron.db.ovn_revision_numbers_db [None req-0d8cce96-4a22-4cda-9fa1-cfe414ce0f5e 990bf0e5c0804a65bb770da2e9879c21 3c8fbc2775334082a4f36bfda586cdd1 - - default default] Successfully bumped revision number for resource d3420489-6b94-4bca-84e4-0d0e5bbb1ccc (type: networks) to 1
2026-04-27 22:18:14.831 9 WARNING neutron.scheduler.dhcp_agent_scheduler [None req-0d8cce96-4a22-4cda-9fa1-cfe414ce0f5e 990bf0e5c0804a65bb770da2e9879c21 3c8fbc2775334082a4f36bfda586cdd1 - - default default] No more DHCP agents
2026-04-27 22:18:14.834 9 WARNING neutron.api.rpc.agentnotifiers.dhcp_rpc_agent_api [None req-0d8cce96-4a22-4cda-9fa1-cfe414ce0f5e 990bf0e5c0804a65bb770da2e9879c21 3c8fbc2775334082a4f36bfda586cdd1 - - default default] Unable to schedule network d3420489-6b94-4bca-84e4-0d0e5bbb1ccc: no agents available; will retry on subsequent port and subnet creation events.
2026-04-27 22:18:14.952 9 INFO neutron.wsgi [None req-8f0d3d34-5262-40a6-b4e8-1dc198987af7 ad9867e1180240d9b8bf24a8a5e8fac7 a61e39169f6f4d50ac65980dc39a8458 - - default default] 10.0.0.63 "PUT /v2.0/routers/5cfdf3c7-3aa2-4f25-8414-ff7cfefafb9c/remove_router_interface HTTP/1.1" status: 200 len: 503 time: 0.8974824 /var/lib/openstack/lib/python3.10/site-packages/pycadf/identifier.py:71: UserWarning: Invalid uuid: neutron. To ensure interoperability, identifiers should be a valid uuid. warnings.warn(('Invalid uuid: %s. To ensure interoperability, '
2026-04-27 22:18:14.984 9 INFO neutron.wsgi [None req-5b1d3ae2-92c2-4bf3-bc8a-84501b1518c4 ad9867e1180240d9b8bf24a8a5e8fac7 a61e39169f6f4d50ac65980dc39a8458 - - default default] 10.0.0.63 "GET /v2.0/ports?device_id=5cfdf3c7-3aa2-4f25-8414-ff7cfefafb9c HTTP/1.1" status: 200 len: 205 time: 0.0251868
2026-04-27 22:18:14.987 9 INFO neutron.db.ovn_revision_numbers_db [None req-0d8cce96-4a22-4cda-9fa1-cfe414ce0f5e 990bf0e5c0804a65bb770da2e9879c21 3c8fbc2775334082a4f36bfda586cdd1 - - default default] Successfully bumped revision number for resource 9126402b-167c-4163-a6cc-61d11200ed75 (type: ports) to 1
2026-04-27 22:18:15.041 9 INFO neutron.wsgi [None req-0d8cce96-4a22-4cda-9fa1-cfe414ce0f5e 990bf0e5c0804a65bb770da2e9879c21 3c8fbc2775334082a4f36bfda586cdd1 - - default default] 10.0.0.63 "POST /v2.0/networks HTTP/1.1" status: 201 len: 831 time: 1.1920865
2026-04-27 22:18:15.050 9 WARNING neutron_lib.context [None req-95fa2c66-e116-4f71-b1e8-9f00f2b58892 990bf0e5c0804a65bb770da2e9879c21 3c8fbc2775334082a4f36bfda586cdd1 - - default default] Method 'is_advsvc' is deprecated since 2023.2 release (neutron-lib 3.8.0) and will be removed once support for the old RBAC API policies will be removed from Neutron. Please use method 'is_service_role' instead.
2026-04-27 22:18:15.208 9 INFO neutron.db.segments_db [None req-95fa2c66-e116-4f71-b1e8-9f00f2b58892 990bf0e5c0804a65bb770da2e9879c21 3c8fbc2775334082a4f36bfda586cdd1 - - default default] Added segment 2a23afda-8de5-49ad-b25d-2025820eef70 of type geneve for network 9447bcc9-31e4-4456-b33f-2746183f9c12
2026-04-27 22:18:15.260 9 INFO neutron.wsgi [None req-37ecc8ac-dad0-4b32-9f97-5e6dcd2a7ab4 ad9867e1180240d9b8bf24a8a5e8fac7 a61e39169f6f4d50ac65980dc39a8458 - - default default] 10.0.0.63 "DELETE /v2.0/routers/5cfdf3c7-3aa2-4f25-8414-ff7cfefafb9c HTTP/1.1" status: 204 len: 168 time: 0.2698159
2026-04-27 22:18:15.399 9 INFO neutron.db.ovn_revision_numbers_db [None req-95fa2c66-e116-4f71-b1e8-9f00f2b58892 990bf0e5c0804a65bb770da2e9879c21 3c8fbc2775334082a4f36bfda586cdd1 - - default default] Successfully bumped revision number for resource 9447bcc9-31e4-4456-b33f-2746183f9c12 (type: networks) to 1
2026-04-27 22:18:15.569 9 INFO neutron.wsgi [None req-e7c4d1b3-d7b5-4f96-b070-e7fed3983cc5 ad9867e1180240d9b8bf24a8a5e8fac7 a61e39169f6f4d50ac65980dc39a8458 - - default default] 10.0.0.63 "DELETE /v2.0/subnets/d37646f0-63dc-400b-8c34-46813edfa37a HTTP/1.1" status: 204 len: 168 time: 0.3036377
2026-04-27 22:18:15.622 9 WARNING neutron.scheduler.dhcp_agent_scheduler [None req-95fa2c66-e116-4f71-b1e8-9f00f2b58892 990bf0e5c0804a65bb770da2e9879c21 3c8fbc2775334082a4f36bfda586cdd1 - - default default] No more DHCP agents
2026-04-27 22:18:15.623 9 WARNING neutron.api.rpc.agentnotifiers.dhcp_rpc_agent_api [None req-95fa2c66-e116-4f71-b1e8-9f00f2b58892 990bf0e5c0804a65bb770da2e9879c21 3c8fbc2775334082a4f36bfda586cdd1 - - default default] Unable to schedule network 9447bcc9-31e4-4456-b33f-2746183f9c12: no agents available; will retry on subsequent port and subnet creation events.
2026-04-27 22:18:15.750 9 INFO neutron.db.ovn_revision_numbers_db [None req-95fa2c66-e116-4f71-b1e8-9f00f2b58892 990bf0e5c0804a65bb770da2e9879c21 3c8fbc2775334082a4f36bfda586cdd1 - - default default] Successfully bumped revision number for resource 43dad808-486c-4827-973f-4a0a052f82cb (type: ports) to 1
2026-04-27 22:18:15.776 9 INFO neutron.wsgi [None req-95fa2c66-e116-4f71-b1e8-9f00f2b58892 990bf0e5c0804a65bb770da2e9879c21 3c8fbc2775334082a4f36bfda586cdd1 - - default default] 10.0.0.63 "POST /v2.0/networks HTTP/1.1" status: 201 len: 830 time: 0.7291188
2026-04-27 22:18:15.789 10 WARNING neutron_lib.context [None req-7a8648a2-268f-4ebb-81fb-6454c99f8c16 990bf0e5c0804a65bb770da2e9879c21 3c8fbc2775334082a4f36bfda586cdd1 - - default default] Method 'is_advsvc' is deprecated since 2023.2 release (neutron-lib 3.8.0) and will be removed once support for the old RBAC API policies will be removed from Neutron. Please use method 'is_service_role' instead.
2026-04-27 22:18:15.934 10 INFO neutron.db.segments_db [None req-7a8648a2-268f-4ebb-81fb-6454c99f8c16 990bf0e5c0804a65bb770da2e9879c21 3c8fbc2775334082a4f36bfda586cdd1 - - default default] Added segment a9b9f720-6205-4f65-9431-fbab59b96da5 of type geneve for network 08f8a0e4-dd1b-43ef-a5d6-0b8b5d189430
2026-04-27 22:18:16.128 10 INFO neutron.services.segments.plugin [-] Segment 133d8b8f-5b37-463b-8bb4-81b450183fa0 resource provider aggregate not found
2026-04-27 22:18:16.136 10 INFO neutron.services.segments.plugin [-] Segment 133d8b8f-5b37-463b-8bb4-81b450183fa0 resource provider aggregate not found
2026-04-27 22:18:16.157 10 INFO neutron.services.segments.plugin [-] Segment 133d8b8f-5b37-463b-8bb4-81b450183fa0 resource provider not found; error: Placement Client Error (4xx): {"errors": [{"status": 404, "title": "Not Found", "detail": "The resource could not be found.\n\n No resource provider with uuid 133d8b8f-5b37-463b-8bb4-81b450183fa0 found for delete ", "request_id": "req-f94fc1e9-9e86-40d9-a4d5-f1bb91776f99"}]}
2026-04-27 22:18:16.159 10 INFO neutron.services.segments.plugin [-] Segment 133d8b8f-5b37-463b-8bb4-81b450183fa0 resource provider not found; error: Placement Client Error (4xx): {"errors": [{"status": 404, "title": "Not Found", "detail": "The resource could not be found.\n\n No resource provider with uuid 133d8b8f-5b37-463b-8bb4-81b450183fa0 found for delete ", "request_id": "req-bc426d0f-3771-4c37-9bbf-c53b58f7438c"}]}
2026-04-27 22:18:16.187 10 INFO neutron.db.ovn_revision_numbers_db [None req-7a8648a2-268f-4ebb-81fb-6454c99f8c16 990bf0e5c0804a65bb770da2e9879c21 3c8fbc2775334082a4f36bfda586cdd1 - - default default] Successfully bumped revision number for resource 08f8a0e4-dd1b-43ef-a5d6-0b8b5d189430 (type: networks) to 1
2026-04-27 22:18:16.216 10 INFO neutron.wsgi [None req-b219432e-d3ab-45e2-be4c-2e7676af174e ad9867e1180240d9b8bf24a8a5e8fac7 a61e39169f6f4d50ac65980dc39a8458 - - default default] 10.0.0.63 "DELETE /v2.0/networks/decdf8cd-62af-42ca-a639-2dc9cc9e7a58 HTTP/1.1" status: 204 len: 168 time: 0.6418169
2026-04-27 22:18:16.235 10 WARNING neutron_lib.context [None req-2ecb0892-82cc-451a-a8a9-5f01d791a6c9 ad9867e1180240d9b8bf24a8a5e8fac7 a61e39169f6f4d50ac65980dc39a8458 - - default default] Method 'is_advsvc' is deprecated since 2023.2 release (neutron-lib 3.8.0) and will be removed once support for the old RBAC API policies will be removed from Neutron. Please use method 'is_service_role' instead.
2026-04-27 22:18:16.535 10 WARNING neutron.scheduler.dhcp_agent_scheduler [None req-7a8648a2-268f-4ebb-81fb-6454c99f8c16 990bf0e5c0804a65bb770da2e9879c21 3c8fbc2775334082a4f36bfda586cdd1 - - default default] No more DHCP agents
2026-04-27 22:18:16.553 10 WARNING neutron.api.rpc.agentnotifiers.dhcp_rpc_agent_api [None req-7a8648a2-268f-4ebb-81fb-6454c99f8c16 990bf0e5c0804a65bb770da2e9879c21 3c8fbc2775334082a4f36bfda586cdd1 - - default default] Unable to schedule network 08f8a0e4-dd1b-43ef-a5d6-0b8b5d189430: no agents available; will retry on subsequent port and subnet creation events.
2026-04-27 22:18:16.696 10 INFO neutron.db.ovn_revision_numbers_db [None req-7a8648a2-268f-4ebb-81fb-6454c99f8c16 990bf0e5c0804a65bb770da2e9879c21 3c8fbc2775334082a4f36bfda586cdd1 - - default default] Successfully bumped revision number for resource 64ab6c36-8a64-4027-b1f6-d368fd78fc91 (type: ports) to 1
2026-04-27 22:18:16.726 10 INFO neutron.wsgi [None req-7a8648a2-268f-4ebb-81fb-6454c99f8c16 990bf0e5c0804a65bb770da2e9879c21 3c8fbc2775334082a4f36bfda586cdd1 - - default default] 10.0.0.63 "POST /v2.0/networks HTTP/1.1" status: 201 len: 830 time: 0.9435463
2026-04-27 22:18:16.739 9 WARNING neutron_lib.context [None req-699e03a3-0ec3-4918-8723-a67cca7bc2e3 990bf0e5c0804a65bb770da2e9879c21 3c8fbc2775334082a4f36bfda586cdd1 - - default default] Method 'is_advsvc' is deprecated since 2023.2 release (neutron-lib 3.8.0) and will be removed once support for the old RBAC API policies will be removed from Neutron. Please use method 'is_service_role' instead.
2026-04-27 22:18:16.825 9 INFO neutron.db.segments_db [None req-699e03a3-0ec3-4918-8723-a67cca7bc2e3 990bf0e5c0804a65bb770da2e9879c21 3c8fbc2775334082a4f36bfda586cdd1 - - default default] Added segment 78df67b3-785a-47ad-a481-1818d840ea3c of type geneve for network a1698b4b-f6d0-454e-ab68-920e33d39900
2026-04-27 22:18:16.910 10 WARNING neutron.scheduler.dhcp_agent_scheduler [None req-2ecb0892-82cc-451a-a8a9-5f01d791a6c9 ad9867e1180240d9b8bf24a8a5e8fac7 a61e39169f6f4d50ac65980dc39a8458 - - default default] No more DHCP agents
2026-04-27 22:18:16.913 10 WARNING neutron.api.rpc.agentnotifiers.dhcp_rpc_agent_api [None req-2ecb0892-82cc-451a-a8a9-5f01d791a6c9 ad9867e1180240d9b8bf24a8a5e8fac7 a61e39169f6f4d50ac65980dc39a8458 - - default default] Unable to schedule network 20ee4d84-be3b-4f8e-8c40-e21ddfc8e124: no agents available; will retry on subsequent port and subnet creation events.
2026-04-27 22:18:16.996 9 INFO neutron.db.ovn_revision_numbers_db [None req-699e03a3-0ec3-4918-8723-a67cca7bc2e3 990bf0e5c0804a65bb770da2e9879c21 3c8fbc2775334082a4f36bfda586cdd1 - - default default] Successfully bumped revision number for resource a1698b4b-f6d0-454e-ab68-920e33d39900 (type: networks) to 1
2026-04-27 22:18:17.063 9 INFO neutron.db.ovn_revision_numbers_db [None req-1b81b7f7-c675-4b1c-b315-a68d12a99628 deb7f9436ba04777bdace9cc6d5bc8b0 815f3c67b503466886e031bf8324ba89 - - default default] Successfully bumped revision number for resource c6e57bf3-29ff-45bb-9f1a-4cc0c645b787 (type: security_groups) to 1
2026-04-27 22:18:17.094 10 INFO neutron.db.ovn_revision_numbers_db [None req-2ecb0892-82cc-451a-a8a9-5f01d791a6c9 ad9867e1180240d9b8bf24a8a5e8fac7 a61e39169f6f4d50ac65980dc39a8458 - - default default] Successfully bumped revision number for resource a701cee7-5763-4eb9-b5ca-c975c5e2cb4a (type: ports) to 1
2026-04-27 22:18:17.311 9 INFO neutron.db.ovn_revision_numbers_db [None req-1b81b7f7-c675-4b1c-b315-a68d12a99628 deb7f9436ba04777bdace9cc6d5bc8b0 815f3c67b503466886e031bf8324ba89 - - default default] Successfully bumped revision number for resource 217b3f22-5854-413a-89f9-3a447425408b (type: security_group_rules) to 0
2026-04-27 22:18:17.337 9 INFO neutron.db.ovn_revision_numbers_db [None req-1b81b7f7-c675-4b1c-b315-a68d12a99628 deb7f9436ba04777bdace9cc6d5bc8b0 815f3c67b503466886e031bf8324ba89 - - default default] Successfully bumped revision number for resource 2620bcf1-b859-496c-84d5-aa12dfe76049 (type: security_group_rules) to 0
2026-04-27 22:18:17.363 9 INFO neutron.db.ovn_revision_numbers_db [None req-1b81b7f7-c675-4b1c-b315-a68d12a99628 deb7f9436ba04777bdace9cc6d5bc8b0 815f3c67b503466886e031bf8324ba89 - - default default] Successfully bumped revision number for resource 80355c11-24f8-440d-a4ae-55dcd5960e3c (type: security_group_rules) to 0
2026-04-27 22:18:17.387 9 INFO neutron.db.ovn_revision_numbers_db [None req-1b81b7f7-c675-4b1c-b315-a68d12a99628 deb7f9436ba04777bdace9cc6d5bc8b0 815f3c67b503466886e031bf8324ba89 - - default default] Successfully bumped revision number for resource 8f17d456-e75a-4cc0-b17e-32d8b6bacc8b (type: security_group_rules) to 0
2026-04-27 22:18:17.413 9 INFO neutron.wsgi [None req-1b81b7f7-c675-4b1c-b315-a68d12a99628 deb7f9436ba04777bdace9cc6d5bc8b0 815f3c67b503466886e031bf8324ba89 - - default default] 10.0.0.63 "GET /v2.0/security-groups?tenant_id=d73cc44344d44af09b702acb84ccf983&name=default HTTP/1.1" status: 200 len: 3120 time: 0.7175641
2026-04-27 22:18:17.474 9 WARNING neutron.scheduler.dhcp_agent_scheduler [None req-699e03a3-0ec3-4918-8723-a67cca7bc2e3 990bf0e5c0804a65bb770da2e9879c21 3c8fbc2775334082a4f36bfda586cdd1 - - default default] No more DHCP agents
2026-04-27 22:18:17.478 9 WARNING neutron.api.rpc.agentnotifiers.dhcp_rpc_agent_api [None req-699e03a3-0ec3-4918-8723-a67cca7bc2e3 990bf0e5c0804a65bb770da2e9879c21 3c8fbc2775334082a4f36bfda586cdd1 - - default default] Unable to schedule network a1698b4b-f6d0-454e-ab68-920e33d39900: no agents available; will retry on subsequent port and subnet creation events.
2026-04-27 22:18:17.580 9 INFO neutron.db.ovn_revision_numbers_db [None req-699e03a3-0ec3-4918-8723-a67cca7bc2e3 990bf0e5c0804a65bb770da2e9879c21 3c8fbc2775334082a4f36bfda586cdd1 - - default default] Successfully bumped revision number for resource f7ad2753-5dc0-4d34-ac88-95e75506be1a (type: ports) to 1
2026-04-27 22:18:17.601 9 INFO neutron.wsgi [None req-699e03a3-0ec3-4918-8723-a67cca7bc2e3 990bf0e5c0804a65bb770da2e9879c21 3c8fbc2775334082a4f36bfda586cdd1 - - default default] 10.0.0.63 "POST /v2.0/networks HTTP/1.1" status: 201 len: 830 time: 0.8694308
2026-04-27 22:18:17.611 9 WARNING neutron_lib.context [None req-67591bd3-b7f4-4eac-95c4-94ef9a29e841 990bf0e5c0804a65bb770da2e9879c21 3c8fbc2775334082a4f36bfda586cdd1 - - default default] Method 'is_advsvc' is deprecated since 2023.2 release (neutron-lib 3.8.0) and will be removed once support for the old RBAC API policies will be removed from Neutron. Please use method 'is_service_role' instead.
2026-04-27 22:18:17.699 9 INFO neutron.wsgi [None req-0348c13e-76ee-4e3c-81c7-7a80e999f46f deb7f9436ba04777bdace9cc6d5bc8b0 815f3c67b503466886e031bf8324ba89 - - default default] 10.0.0.63 "DELETE /v2.0/security-groups/c6e57bf3-29ff-45bb-9f1a-4cc0c645b787 HTTP/1.1" status: 204 len: 168 time: 0.2792008
2026-04-27 22:18:17.713 9 INFO neutron.db.segments_db [None req-67591bd3-b7f4-4eac-95c4-94ef9a29e841 990bf0e5c0804a65bb770da2e9879c21 3c8fbc2775334082a4f36bfda586cdd1 - - default default] Added segment e65e0565-c8ce-49a3-b081-6f50bbdd9fbd of type geneve for network 62c5e3d6-c2f9-4ec2-a389-bd89a947c701
2026-04-27 22:18:17.865 9 INFO neutron.db.ovn_revision_numbers_db [None req-67591bd3-b7f4-4eac-95c4-94ef9a29e841 990bf0e5c0804a65bb770da2e9879c21 3c8fbc2775334082a4f36bfda586cdd1 - - default default] Successfully bumped revision number for resource 62c5e3d6-c2f9-4ec2-a389-bd89a947c701 (type: networks) to 1
2026-04-27 22:18:18.059 9 WARNING neutron.scheduler.dhcp_agent_scheduler [None req-67591bd3-b7f4-4eac-95c4-94ef9a29e841 990bf0e5c0804a65bb770da2e9879c21 3c8fbc2775334082a4f36bfda586cdd1 - - default default] No more DHCP agents
2026-04-27 22:18:18.059 10 INFO neutron.plugins.ml2.drivers.ovn.mech_driver.ovsdb.commands [None req-b46b6a8d-5a2a-44f4-8002-f1afcc6ef766 - - - - - -] Schedule LRP lrp-a701cee7-5763-4eb9-b5ca-c975c5e2cb4a on gateway c1157998-dc04-4441-bce6-311788f0d946 with priority 1
2026-04-27 22:18:18.061 9 WARNING neutron.api.rpc.agentnotifiers.dhcp_rpc_agent_api [None req-67591bd3-b7f4-4eac-95c4-94ef9a29e841 990bf0e5c0804a65bb770da2e9879c21 3c8fbc2775334082a4f36bfda586cdd1 - - default default] Unable to schedule network 62c5e3d6-c2f9-4ec2-a389-bd89a947c701: no agents available; will retry on subsequent port and subnet creation events.
2026-04-27 22:18:18.082 9 INFO neutron.plugins.ml2.drivers.ovn.mech_driver.mech_driver [None req-dfd8fd72-4598-4a77-b8a1-42d2eab836db - - - - - -] OVN reports status up for port: a701cee7-5763-4eb9-b5ca-c975c5e2cb4a
2026-04-27 22:18:18.092 9 INFO neutron.plugins.ml2.plugin [None req-dfd8fd72-4598-4a77-b8a1-42d2eab836db - - - - - -] Attempt 1 to provision port a701cee7-5763-4eb9-b5ca-c975c5e2cb4a
2026-04-27 22:18:18.095 10 INFO neutron.db.ovn_revision_numbers_db [None req-2ecb0892-82cc-451a-a8a9-5f01d791a6c9 ad9867e1180240d9b8bf24a8a5e8fac7 a61e39169f6f4d50ac65980dc39a8458 - - default default] Successfully bumped revision number for resource a701cee7-5763-4eb9-b5ca-c975c5e2cb4a (type: router_ports) to 1
2026-04-27 22:18:18.168 9 INFO neutron.db.ovn_revision_numbers_db [None req-67591bd3-b7f4-4eac-95c4-94ef9a29e841 990bf0e5c0804a65bb770da2e9879c21 3c8fbc2775334082a4f36bfda586cdd1 - - default default] Successfully bumped revision number for resource 61996ded-ee12-4894-bd4b-217d91b0a86c (type: ports) to 1
2026-04-27 22:18:18.186 10 INFO neutron.db.ovn_revision_numbers_db [None req-2ecb0892-82cc-451a-a8a9-5f01d791a6c9 ad9867e1180240d9b8bf24a8a5e8fac7 a61e39169f6f4d50ac65980dc39a8458 - - default default] Successfully bumped revision number for resource 071695d8-c9c3-414a-acf3-1f584283beef (type: routers) to 2
2026-04-27 22:18:18.194 9 INFO neutron.wsgi [None req-67591bd3-b7f4-4eac-95c4-94ef9a29e841 990bf0e5c0804a65bb770da2e9879c21 3c8fbc2775334082a4f36bfda586cdd1 - - default default] 10.0.0.63 "POST /v2.0/networks HTTP/1.1" status: 201 len: 831 time: 0.5876505
2026-04-27 22:18:18.209 10 INFO neutron.wsgi [None req-2ecb0892-82cc-451a-a8a9-5f01d791a6c9 ad9867e1180240d9b8bf24a8a5e8fac7 a61e39169f6f4d50ac65980dc39a8458 - - default default] 10.0.0.63 "POST /v2.0/routers HTTP/1.1" status: 201 len: 1147 time: 1.9846418
2026-04-27 22:18:18.256 10 INFO neutron.wsgi [None req-061ea762-abc1-47c7-8e07-7a7846ac2f5d 990bf0e5c0804a65bb770da2e9879c21 3c8fbc2775334082a4f36bfda586cdd1 - - default default] 10.0.0.63 "PUT /v2.0/networks/d3420489-6b94-4bca-84e4-0d0e5bbb1ccc/tags HTTP/1.1" status: 200 len: 210 time: 0.0571203
2026-04-27 22:18:18.309 9 INFO neutron.wsgi [None req-f6483f31-967d-40f6-b754-09e40ef3c772 ad9867e1180240d9b8bf24a8a5e8fac7 a61e39169f6f4d50ac65980dc39a8458 - - default default] 10.0.0.63 "GET /v2.0/routers/071695d8-c9c3-414a-acf3-1f584283beef HTTP/1.1" status: 200 len: 1148 time: 0.0942442
2026-04-27 22:18:18.321 10 INFO neutron.wsgi [None req-e9a36c24-47bc-414b-917c-a70243a2a442 990bf0e5c0804a65bb770da2e9879c21 3c8fbc2775334082a4f36bfda586cdd1 - - default default] 10.0.0.63 "PUT /v2.0/networks/9447bcc9-31e4-4456-b33f-2746183f9c12/tags HTTP/1.1" status: 200 len: 218 time: 0.0581894
2026-04-27 22:18:18.382 10 INFO neutron.wsgi [None req-527e1cf1-1e17-4828-a169-b11ae3dfd3ed 990bf0e5c0804a65bb770da2e9879c21 3c8fbc2775334082a4f36bfda586cdd1 - - default default] 10.0.0.63 "PUT /v2.0/networks/08f8a0e4-dd1b-43ef-a5d6-0b8b5d189430/tags HTTP/1.1" status: 200 len: 227 time: 0.0564761
2026-04-27 22:18:18.438 10 INFO neutron.wsgi [None req-0f3234a1-d15c-4a59-9f8c-1c85675e348b 990bf0e5c0804a65bb770da2e9879c21 3c8fbc2775334082a4f36bfda586cdd1 - - default default] 10.0.0.63 "PUT /v2.0/networks/a1698b4b-f6d0-454e-ab68-920e33d39900/tags HTTP/1.1" status: 200 len: 212 time: 0.0522637
2026-04-27 22:18:18.447 9 INFO neutron.wsgi [None req-d4275555-3bc7-4aae-955a-1ac736142ab4 ad9867e1180240d9b8bf24a8a5e8fac7 a61e39169f6f4d50ac65980dc39a8458 - - default default] 10.0.0.63 "GET /v2.0/routers HTTP/1.1" status: 200 len: 1151 time: 0.1323717
2026-04-27 22:18:18.520 10 WARNING neutron.plugins.ml2.drivers.ovn.mech_driver.ovsdb.ovn_client [None req-e5eb291a-3077-41b0-9386-e75f14f0bea9 - - - - - -] No port found with ID 4b5eabfb-4624-4cc6-9e42-85e08598f035: RuntimeError: No port found with ID 4b5eabfb-4624-4cc6-9e42-85e08598f035
2026-04-27 22:18:18.532 10 INFO neutron.wsgi [None req-1c164ea8-e0af-4818-afaa-2848ca9ac0fc 990bf0e5c0804a65bb770da2e9879c21 3c8fbc2775334082a4f36bfda586cdd1 - - default default] 10.0.0.63 "GET /v2.0/networks?tags=red HTTP/1.1" status: 200 len: 2068 time: 0.0879436
2026-04-27 22:18:18.625 10 INFO neutron.wsgi [None req-f6cbc0f7-2342-4c03-a084-1b0cb9d56e6f 990bf0e5c0804a65bb770da2e9879c21 3c8fbc2775334082a4f36bfda586cdd1 - - default default] 10.0.0.63 "GET /v2.0/networks?tags=red%2Cblue HTTP/1.1" status: 200 len: 1455 time: 0.0877366
2026-04-27 22:18:18.706 10 INFO neutron.wsgi [None req-74f71b6c-7b9e-45a4-88cc-5ac15eb1278e 990bf0e5c0804a65bb770da2e9879c21 3c8fbc2775334082a4f36bfda586cdd1 - - default default] 10.0.0.63 "GET /v2.0/networks?tags-any=blue HTTP/1.1" status: 200 len: 1455 time: 0.0751681
2026-04-27 22:18:18.777 10 INFO neutron.wsgi [None req-17acce9a-be23-4398-b2d6-957e9c381f46 990bf0e5c0804a65bb770da2e9879c21 3c8fbc2775334082a4f36bfda586cdd1 - - default default] 10.0.0.63 "GET /v2.0/networks?tags-any=red%2Cblue HTTP/1.1" status: 200 len: 2068 time: 0.0631697
2026-04-27 22:18:18.880 10 INFO neutron.wsgi [None req-6a0c348a-4d89-42b4-8aab-5047af46730e 990bf0e5c0804a65bb770da2e9879c21 3c8fbc2775334082a4f36bfda586cdd1 - - default default] 10.0.0.63 "GET /v2.0/networks?not-tags=red HTTP/1.1" status: 200 len: 2068 time: 0.0977497
2026-04-27 22:18:18.908 9 INFO neutron.db.ovn_revision_numbers_db [None req-d0a85c36-7dbb-4e90-b65d-695bab8981d8 ad9867e1180240d9b8bf24a8a5e8fac7 a61e39169f6f4d50ac65980dc39a8458 - - default default] Successfully bumped revision number for resource 071695d8-c9c3-414a-acf3-1f584283beef (type: routers) to 3
2026-04-27 22:18:18.915 9 INFO neutron.wsgi [None req-d0a85c36-7dbb-4e90-b65d-695bab8981d8 ad9867e1180240d9b8bf24a8a5e8fac7 a61e39169f6f4d50ac65980dc39a8458 - - default default] 10.0.0.63 "PUT /v2.0/routers/071695d8-c9c3-414a-acf3-1f584283beef HTTP/1.1" status: 200 len: 1155 time: 0.4609392
2026-04-27 22:18:18.983 10 INFO neutron.wsgi [None req-342f8009-61ca-4556-a2be-260b5e5ac8de 990bf0e5c0804a65bb770da2e9879c21 3c8fbc2775334082a4f36bfda586cdd1 - - default default] 10.0.0.63 "GET /v2.0/networks?not-tags=red%2Cblue HTTP/1.1" status: 200 len: 2681 time: 0.0966976
2026-04-27 22:18:18.990 9 INFO neutron.wsgi [None req-86de85d1-5720-41af-a346-611a855ba19e ad9867e1180240d9b8bf24a8a5e8fac7 a61e39169f6f4d50ac65980dc39a8458 - - default default] 10.0.0.63 "GET /v2.0/routers/071695d8-c9c3-414a-acf3-1f584283beef HTTP/1.1" status: 200 len: 1155 time: 0.0704203
2026-04-27 22:18:19.015 9 INFO neutron.wsgi [None req-db1f8922-e10a-44c1-adb0-0d536623ac4b ad9867e1180240d9b8bf24a8a5e8fac7 a61e39169f6f4d50ac65980dc39a8458 - - default default] 10.0.0.63 "GET /v2.0/ports?device_id=071695d8-c9c3-414a-acf3-1f584283beef HTTP/1.1" status: 200 len: 205 time: 0.0207727
2026-04-27 22:18:19.105 10 INFO neutron.wsgi [None req-e121a153-d9fa-4eb8-8372-5ba403f76bb2 990bf0e5c0804a65bb770da2e9879c21 3c8fbc2775334082a4f36bfda586cdd1 - - default default] 10.0.0.63 "GET /v2.0/networks?not-tags-any=blue HTTP/1.1" status: 200 len: 2681 time: 0.1168046
2026-04-27 22:18:19.201 10 INFO neutron.wsgi [None req-70264ded-c918-4892-9189-521e401e3540 990bf0e5c0804a65bb770da2e9879c21 3c8fbc2775334082a4f36bfda586cdd1 - - default default] 10.0.0.63 "GET /v2.0/networks?not-tags-any=red%2Cblue HTTP/1.1" status: 200 len: 2068 time: 0.0903225
2026-04-27 22:18:19.570 10 INFO neutron.services.segments.plugin [-] Segment b632356c-99c4-455d-8177-5cb80659be44 resource provider aggregate not found
2026-04-27 22:18:19.574 10 INFO neutron.services.segments.plugin [-] Segment b632356c-99c4-455d-8177-5cb80659be44 resource provider aggregate not found
2026-04-27 22:18:19.599 10 INFO neutron.services.segments.plugin [-] Segment b632356c-99c4-455d-8177-5cb80659be44 resource provider not found; error: Placement Client Error (4xx): {"errors": [{"status": 404, "title": "Not Found", "detail": "The resource could not be found.\n\n No resource provider with uuid b632356c-99c4-455d-8177-5cb80659be44 found for delete ", "request_id": "req-04b4cabe-08cb-496c-9047-34b00f5acdd5"}]}
2026-04-27 22:18:19.603 10 INFO neutron.services.segments.plugin [-] Segment b632356c-99c4-455d-8177-5cb80659be44 resource provider not found; error: Placement Client Error (4xx): {"errors": [{"status": 404, "title": "Not Found", "detail": "The resource could not be found.\n\n No resource provider with uuid b632356c-99c4-455d-8177-5cb80659be44 found for delete ", "request_id": "req-f61014a3-43d8-4780-9075-c20b9f82c029"}]}
2026-04-27 22:18:19.627 10 INFO neutron.wsgi [None req-68ad32e1-30d8-4fb3-9fef-2e7780ccead7 990bf0e5c0804a65bb770da2e9879c21 3c8fbc2775334082a4f36bfda586cdd1 - - default default] 10.0.0.63 "DELETE /v2.0/networks/d3420489-6b94-4bca-84e4-0d0e5bbb1ccc HTTP/1.1" status: 204 len: 168 time: 0.4184659
2026-04-27 22:18:19.651 10 WARNING neutron_lib.context [None req-e05e9ee2-d4ef-47bf-93b3-c8e2908ab64a df19cbf880a54a538ee6600d0de1d5a9 5a713d58066e49f5a4d94e19c2fdb419 - - default default] Method 'is_advsvc' is deprecated since 2023.2 release (neutron-lib 3.8.0) and will be removed once support for the old RBAC API policies will be removed from Neutron. Please use method 'is_service_role' instead.
2026-04-27 22:18:19.809 10 INFO neutron.db.ovn_revision_numbers_db [None req-e05e9ee2-d4ef-47bf-93b3-c8e2908ab64a df19cbf880a54a538ee6600d0de1d5a9 5a713d58066e49f5a4d94e19c2fdb419 - - default default] Successfully bumped revision number for resource b9273ab6-7b88-4f07-b0ad-4bd4cf572139 (type: security_groups) to 1
2026-04-27 22:18:19.821 10 INFO neutron.db.ovn_revision_numbers_db [None req-e05e9ee2-d4ef-47bf-93b3-c8e2908ab64a df19cbf880a54a538ee6600d0de1d5a9 5a713d58066e49f5a4d94e19c2fdb419 - - default default] Successfully bumped revision number for resource 03acf5c1-6073-4357-9d27-624792702deb (type: security_group_rules) to 0
2026-04-27 22:18:19.839 10 INFO neutron.db.ovn_revision_numbers_db [None req-e05e9ee2-d4ef-47bf-93b3-c8e2908ab64a df19cbf880a54a538ee6600d0de1d5a9 5a713d58066e49f5a4d94e19c2fdb419 - - default default] Successfully bumped revision number for resource 7aa13d31-10e4-40da-991d-a9a0193d5521 (type: security_group_rules) to 0
2026-04-27 22:18:19.857 10 INFO neutron.db.ovn_revision_numbers_db [None req-e05e9ee2-d4ef-47bf-93b3-c8e2908ab64a df19cbf880a54a538ee6600d0de1d5a9 5a713d58066e49f5a4d94e19c2fdb419 - - default default] Successfully bumped revision number for resource d38d2b18-27f4-4f5e-b6b6-0c7b7bce842d (type: security_group_rules) to 0
2026-04-27 22:18:19.882 10 INFO neutron.db.ovn_revision_numbers_db [None req-e05e9ee2-d4ef-47bf-93b3-c8e2908ab64a df19cbf880a54a538ee6600d0de1d5a9 5a713d58066e49f5a4d94e19c2fdb419 - - default default] Successfully bumped revision number for resource d5137df4-0a50-4937-9311-4ca83cfd6ba8 (type: security_group_rules) to 0
2026-04-27 22:18:19.934 10 INFO neutron.db.segments_db [None req-e05e9ee2-d4ef-47bf-93b3-c8e2908ab64a df19cbf880a54a538ee6600d0de1d5a9 5a713d58066e49f5a4d94e19c2fdb419 - - default default] Added segment 87cc607c-986d-4972-b874-0aec83d459bf of type geneve for network 0ebbd478-ea1c-43ba-a4ea-799ec3befd89
2026-04-27 22:18:20.077 10 INFO neutron.db.ovn_revision_numbers_db [None req-e05e9ee2-d4ef-47bf-93b3-c8e2908ab64a df19cbf880a54a538ee6600d0de1d5a9 5a713d58066e49f5a4d94e19c2fdb419 - - default default] Successfully bumped revision number for resource 0ebbd478-ea1c-43ba-a4ea-799ec3befd89 (type: networks) to 1
2026-04-27 22:18:20.154 9 INFO neutron.wsgi [None req-6fdd334f-7e64-4d67-936e-774c7897988d ad9867e1180240d9b8bf24a8a5e8fac7 a61e39169f6f4d50ac65980dc39a8458 - - default default] 10.0.0.63 "DELETE /v2.0/routers/071695d8-c9c3-414a-acf3-1f584283beef HTTP/1.1" status: 204 len: 168 time: 1.1353111
2026-04-27 22:18:20.190 10 INFO neutron.wsgi [None req-f8c53eaf-8319-456f-b4a8-c24903987553 ad9867e1180240d9b8bf24a8a5e8fac7 a61e39169f6f4d50ac65980dc39a8458 - - default default] 10.0.0.63 "GET /v2.0/ports?device_id=071695d8-c9c3-414a-acf3-1f584283beef HTTP/1.1" status: 200 len: 205 time: 0.0225906
2026-04-27 22:18:20.193 9 INFO neutron.services.segments.plugin [-] Segment 2a23afda-8de5-49ad-b25d-2025820eef70 resource provider aggregate not found
2026-04-27 22:18:20.201 9 INFO neutron.services.segments.plugin [-] Segment 2a23afda-8de5-49ad-b25d-2025820eef70 resource provider aggregate not found
2026-04-27 22:18:20.207 9 INFO neutron.services.segments.plugin [-] Segment 2a23afda-8de5-49ad-b25d-2025820eef70 resource provider not found; error: Placement Client Error (4xx): {"errors": [{"status": 404, "title": "Not Found", "detail": "The resource could not be found.\n\n No resource provider with uuid 2a23afda-8de5-49ad-b25d-2025820eef70 found for delete ", "request_id": "req-f57e7733-e2e2-427e-9380-45366223d1de"}]}
2026-04-27 22:18:20.214 9 INFO neutron.services.segments.plugin [-] Segment 2a23afda-8de5-49ad-b25d-2025820eef70 resource provider not found; error: Placement Client Error (4xx): {"errors": [{"status": 404, "title": "Not Found", "detail": "The resource could not be found.\n\n No resource provider with uuid 2a23afda-8de5-49ad-b25d-2025820eef70 found for delete ", "request_id": "req-b0d4be59-7034-461e-8003-3c341f5aea8f"}]}
2026-04-27 22:18:20.229 9 INFO neutron.wsgi [None req-ea099a7c-4677-439d-b41e-9de59699e3dd 990bf0e5c0804a65bb770da2e9879c21 3c8fbc2775334082a4f36bfda586cdd1 - - default default] 10.0.0.63 "DELETE /v2.0/networks/9447bcc9-31e4-4456-b33f-2746183f9c12 HTTP/1.1" status: 204 len: 168 time: 0.5912602
2026-04-27 22:18:20.230 10 INFO neutron.api.v2.resource [None req-a3dd6cef-37bc-4d17-9813-76260cc98e64 ad9867e1180240d9b8bf24a8a5e8fac7 a61e39169f6f4d50ac65980dc39a8458 - - default default] delete failed (client error): The resource could not be found.
2026-04-27 22:18:20.231 10 INFO neutron.wsgi [None req-a3dd6cef-37bc-4d17-9813-76260cc98e64 ad9867e1180240d9b8bf24a8a5e8fac7 a61e39169f6f4d50ac65980dc39a8458 - - default default] 10.0.0.63 "DELETE /v2.0/routers/071695d8-c9c3-414a-acf3-1f584283beef HTTP/1.1" status: 404 len: 336 time: 0.0362539
2026-04-27 22:18:20.270 10 INFO neutron.wsgi [None req-1870a2e1-eecc-4f7d-8117-94a73a5088b2 ad9867e1180240d9b8bf24a8a5e8fac7 a61e39169f6f4d50ac65980dc39a8458 - - default default] 10.0.0.63 "GET /v2.0/ports?device_id=5cfdf3c7-3aa2-4f25-8414-ff7cfefafb9c HTTP/1.1" status: 200 len: 205 time: 0.0327029
2026-04-27 22:18:20.307 9 INFO neutron.api.v2.resource [None req-26d2183b-b068-4548-8ead-442848a6f59b ad9867e1180240d9b8bf24a8a5e8fac7 a61e39169f6f4d50ac65980dc39a8458 - - default default] delete failed (client error): The resource could not be found.
