2026-04-27 22:20:57.343 9 INFO neutron.wsgi [None req-01e43b23-5092-4160-82b3-193c3595b086 d3c82cb2830e47f4ae2d5568b493bfc0 9b2b2ec34e6741e388a264385ef9e894 - - default default] 10.0.0.63 "DELETE /v2.0/vpn/vpnservices/f50e592d-7451-4e72-b3dd-c01aed479272 HTTP/1.1" status: 204 len: 168 time: 3.1856351 /var/lib/openstack/lib/python3.10/site-packages/pycadf/identifier.py:71: UserWarning: Invalid uuid: neutron. To ensure interoperability, identifiers should be a valid uuid. warnings.warn(('Invalid uuid: %s. To ensure interoperability, '
2026-04-27 22:20:57.357 9 WARNING neutron_lib.context [None req-9b8ccd13-7e9e-4240-8012-e3d95cb41ff7 4d6ac96c21144735b8052695b14933f0 ae98bc94f60d47668d53b68f1edd1087 - - default default] Method 'is_advsvc' is deprecated since 2023.2 release (neutron-lib 3.8.0) and will be removed once support for the old RBAC API policies will be removed from Neutron. Please use method 'is_service_role' instead.
2026-04-27 22:20:57.423 9 INFO neutron.wsgi [None req-9b8ccd13-7e9e-4240-8012-e3d95cb41ff7 4d6ac96c21144735b8052695b14933f0 ae98bc94f60d47668d53b68f1edd1087 - - default default] 10.0.0.63 "POST /v2.0/vpn/endpoint-groups HTTP/1.1" status: 201 len: 501 time: 0.0727327
2026-04-27 22:20:57.434 9 WARNING neutron_lib.context [None req-1445b635-e873-4635-8223-080e8ea1edd8 4d6ac96c21144735b8052695b14933f0 ae98bc94f60d47668d53b68f1edd1087 - - default default] Method 'is_advsvc' is deprecated since 2023.2 release (neutron-lib 3.8.0) and will be removed once support for the old RBAC API policies will be removed from Neutron. Please use method 'is_service_role' instead.
2026-04-27 22:20:57.500 9 INFO neutron.wsgi [None req-1445b635-e873-4635-8223-080e8ea1edd8 4d6ac96c21144735b8052695b14933f0 ae98bc94f60d47668d53b68f1edd1087 - - default default] 10.0.0.63 "POST /v2.0/vpn/endpoint-groups HTTP/1.1" status: 201 len: 493 time: 0.0712645
2026-04-27 22:20:57.510 9 WARNING neutron.api.v2.base [None req-86331a86-2ee2-42a6-b436-77d113cccb91 4d6ac96c21144735b8052695b14933f0 ae98bc94f60d47668d53b68f1edd1087 - - default default] An exception happened while processing the request body. The exception message is [Unrecognized attribute(s) 'peer_cidr'].: webob.exc.HTTPBadRequest: Unrecognized attribute(s) 'peer_cidr'
2026-04-27 22:20:57.511 9 INFO neutron.api.v2.resource [None req-86331a86-2ee2-42a6-b436-77d113cccb91 4d6ac96c21144735b8052695b14933f0 ae98bc94f60d47668d53b68f1edd1087 - - default default] create failed (client error): Unrecognized attribute(s) 'peer_cidr'
2026-04-27 22:20:57.512 9 INFO neutron.wsgi [None req-86331a86-2ee2-42a6-b436-77d113cccb91 4d6ac96c21144735b8052695b14933f0 ae98bc94f60d47668d53b68f1edd1087 - - default default] 10.0.0.63 "POST /v2.0/vpn/ipsec-site-connections HTTP/1.1" status: 400 len: 313 time: 0.0066128
2026-04-27 22:20:57.538 10 INFO neutron.wsgi [None req-bf7bb553-1df4-443a-933c-a4b6cda9239c 4d6ac96c21144735b8052695b14933f0 ae98bc94f60d47668d53b68f1edd1087 - - default default] 10.0.0.63 "GET /v2.0/vpn/endpoint-groups HTTP/1.1" status: 200 len: 1388 time: 0.0177124
2026-04-27 22:20:57.574 10 INFO neutron.wsgi [None req-f1028b11-386a-4768-aaff-1a02c851bdae 4d6ac96c21144735b8052695b14933f0 ae98bc94f60d47668d53b68f1edd1087 - - default default] 10.0.0.63 "DELETE /v2.0/vpn/endpoint-groups/339c1a66-e330-48ba-a88e-83502fe0bc96 HTTP/1.1" status: 204 len: 168 time: 0.0329347
2026-04-27 22:20:57.593 10 INFO neutron.wsgi [None req-29c34f70-6c2d-40d1-80e6-456fe3a23ef6 4d6ac96c21144735b8052695b14933f0 ae98bc94f60d47668d53b68f1edd1087 - - default default] 10.0.0.63 "GET /v2.0/vpn/endpoint-groups HTTP/1.1" status: 200 len: 1111 time: 0.0118451
2026-04-27 22:20:57.606 10 INFO neutron.wsgi [None req-83d4bf91-03e9-42e0-8b94-d3bf68024128 4d6ac96c21144735b8052695b14933f0 ae98bc94f60d47668d53b68f1edd1087 - - default default] 10.0.0.63 "GET /v2.0/vpn/endpoint-groups HTTP/1.1" status: 200 len: 1111 time: 0.0094488
2026-04-27 22:20:57.633 10 INFO neutron.wsgi [None req-286960dd-b206-4063-a5d2-006056b0b44f 4d6ac96c21144735b8052695b14933f0 ae98bc94f60d47668d53b68f1edd1087 - - default default] 10.0.0.63 "DELETE /v2.0/vpn/endpoint-groups/6ab8ce29-3250-4f4f-834c-40998522b45d HTTP/1.1" status: 204 len: 168 time: 0.0226028
2026-04-27 22:20:57.649 10 INFO neutron.wsgi [None req-d0befa53-d395-410a-bb71-f085f8984e10 4d6ac96c21144735b8052695b14933f0 ae98bc94f60d47668d53b68f1edd1087 - - default default] 10.0.0.63 "GET /v2.0/vpn/endpoint-groups HTTP/1.1" status: 200 len: 827 time: 0.0110543
2026-04-27 22:20:57.662 10 WARNING neutron_lib.context [None req-94f997fe-c759-48a2-ae8c-cec2b6936794 4d6ac96c21144735b8052695b14933f0 ae98bc94f60d47668d53b68f1edd1087 - - default default] Method 'is_advsvc' is deprecated since 2023.2 release (neutron-lib 3.8.0) and will be removed once support for the old RBAC API policies will be removed from Neutron. Please use method 'is_service_role' instead.
2026-04-27 22:20:57.766 10 INFO neutron.wsgi [None req-94f997fe-c759-48a2-ae8c-cec2b6936794 4d6ac96c21144735b8052695b14933f0 ae98bc94f60d47668d53b68f1edd1087 - - default default] 10.0.0.63 "POST /v2.0/vpn/endpoint-groups HTTP/1.1" status: 201 len: 501 time: 0.1081452
2026-04-27 22:20:57.776 10 WARNING neutron_lib.context [None req-f3f521c2-324c-434f-ba71-d9d3aeb60737 4d6ac96c21144735b8052695b14933f0 ae98bc94f60d47668d53b68f1edd1087 - - default default] Method 'is_advsvc' is deprecated since 2023.2 release (neutron-lib 3.8.0) and will be removed once support for the old RBAC API policies will be removed from Neutron. Please use method 'is_service_role' instead.
2026-04-27 22:20:57.833 10 INFO neutron.wsgi [None req-f3f521c2-324c-434f-ba71-d9d3aeb60737 4d6ac96c21144735b8052695b14933f0 ae98bc94f60d47668d53b68f1edd1087 - - default default] 10.0.0.63 "POST /v2.0/vpn/endpoint-groups HTTP/1.1" status: 201 len: 493 time: 0.0621929
2026-04-27 22:20:57.845 10 WARNING neutron_lib.context [None req-121f184e-125d-4234-a467-50f5631014c8 4d6ac96c21144735b8052695b14933f0 ae98bc94f60d47668d53b68f1edd1087 - - default default] Method 'is_advsvc' is deprecated since 2023.2 release (neutron-lib 3.8.0) and will be removed once support for the old RBAC API policies will be removed from Neutron. Please use method 'is_service_role' instead.
2026-04-27 22:20:57.921 10 INFO neutron.api.v2.resource [None req-121f184e-125d-4234-a467-50f5631014c8 4d6ac96c21144735b8052695b14933f0 ae98bc94f60d47668d53b68f1edd1087 - - default default] create failed (client error): The server could not comply with the request since it is either malformed or otherwise incorrect.
2026-04-27 22:20:57.924 10 INFO neutron.wsgi [None req-121f184e-125d-4234-a467-50f5631014c8 4d6ac96c21144735b8052695b14933f0 ae98bc94f60d47668d53b68f1edd1087 - - default default] 10.0.0.63 "POST /v2.0/vpn/ipsec-site-connections HTTP/1.1" status: 400 len: 373 time: 0.0847414
2026-04-27 22:20:57.936 9 INFO neutron.services.segments.plugin [-] Segment 3aef3bfe-d765-441f-ab21-741509957867 resource provider aggregate not found
2026-04-27 22:20:57.941 9 INFO neutron.services.segments.plugin [-] Segment 3aef3bfe-d765-441f-ab21-741509957867 resource provider aggregate not found
2026-04-27 22:20:57.942 10 INFO neutron.wsgi [None req-cf495aff-d8cc-4a63-b1a9-ef91a4e19d83 4d6ac96c21144735b8052695b14933f0 ae98bc94f60d47668d53b68f1edd1087 - - default default] 10.0.0.63 "GET /v2.0/vpn/endpoint-groups HTTP/1.1" status: 200 len: 1388 time: 0.0124216
2026-04-27 22:20:57.958 9 INFO neutron.services.segments.plugin [-] Segment 3aef3bfe-d765-441f-ab21-741509957867 resource provider not found; error: Placement Client Error (4xx): {"errors": [{"status": 404, "title": "Not Found", "detail": "The resource could not be found.\n\n No resource provider with uuid 3aef3bfe-d765-441f-ab21-741509957867 found for delete ", "request_id": "req-6f3f6af1-f7e3-4262-86a4-21d007d31e69"}]}
2026-04-27 22:20:57.958 9 INFO neutron.services.segments.plugin [-] Segment 3aef3bfe-d765-441f-ab21-741509957867 resource provider not found; error: Placement Client Error (4xx): {"errors": [{"status": 404, "title": "Not Found", "detail": "The resource could not be found.\n\n No resource provider with uuid 3aef3bfe-d765-441f-ab21-741509957867 found for delete ", "request_id": "req-9226ae01-37ae-42a9-9796-6db973c51b17"}]}
2026-04-27 22:20:57.986 10 INFO neutron.wsgi [None req-0ff4b3c2-607a-476d-a9b8-069402cc5e44 4d6ac96c21144735b8052695b14933f0 ae98bc94f60d47668d53b68f1edd1087 - - default default] 10.0.0.63 "DELETE /v2.0/vpn/endpoint-groups/6005e75e-fdd2-450f-8ad3-24a93fadefa0 HTTP/1.1" status: 204 len: 168 time: 0.0404229
2026-04-27 22:20:57.998 10 INFO neutron.wsgi [None req-246c3e9d-6156-4fe0-9a69-bea4b44ea3b0 4d6ac96c21144735b8052695b14933f0 ae98bc94f60d47668d53b68f1edd1087 - - default default] 10.0.0.63 "GET /v2.0/vpn/endpoint-groups HTTP/1.1" status: 200 len: 1111 time: 0.0099852
2026-04-27 22:20:58.009 10 INFO neutron.wsgi [None req-b3ae52b2-3854-4dc7-9d33-d0c2dbbf0bf3 4d6ac96c21144735b8052695b14933f0 ae98bc94f60d47668d53b68f1edd1087 - - default default] 10.0.0.63 "GET /v2.0/vpn/endpoint-groups HTTP/1.1" status: 200 len: 1111 time: 0.0081561
2026-04-27 22:20:58.042 9 INFO neutron.wsgi [None req-ba9187b4-38da-484a-8a26-194e80ff3923 4d6ac96c21144735b8052695b14933f0 ae98bc94f60d47668d53b68f1edd1087 - - default default] 10.0.0.63 "DELETE /v2.0/vpn/endpoint-groups/280cb076-d00e-4f99-8aca-6bbc87f4322e HTTP/1.1" status: 204 len: 168 time: 0.0295608
2026-04-27 22:20:58.061 10 INFO neutron.wsgi [None req-8eb5d7cd-6b25-49b1-a26d-5edff4451e17 4d6ac96c21144735b8052695b14933f0 ae98bc94f60d47668d53b68f1edd1087 - - default default] 10.0.0.63 "GET /v2.0/vpn/endpoint-groups HTTP/1.1" status: 200 len: 827 time: 0.0137846
2026-04-27 22:20:58.070 10 WARNING neutron_lib.context [None req-26a9c6a6-87bf-41ac-a6fe-47d3ce34fef9 4d6ac96c21144735b8052695b14933f0 ae98bc94f60d47668d53b68f1edd1087 - - default default] Method 'is_advsvc' is deprecated since 2023.2 release (neutron-lib 3.8.0) and will be removed once support for the old RBAC API policies will be removed from Neutron. Please use method 'is_service_role' instead.
2026-04-27 22:20:58.081 9 INFO neutron.db.ovn_revision_numbers_db [None req-1eea90c8-064b-4daf-906c-15ed0784c1e2 deb7f9436ba04777bdace9cc6d5bc8b0 815f3c67b503466886e031bf8324ba89 - - default default] Successfully bumped revision number for resource e535b4e0-69ed-413c-9a62-dfc006abc25b (type: security_groups) to 1
2026-04-27 22:20:58.095 9 INFO neutron.db.ovn_revision_numbers_db [None req-1eea90c8-064b-4daf-906c-15ed0784c1e2 deb7f9436ba04777bdace9cc6d5bc8b0 815f3c67b503466886e031bf8324ba89 - - default default] Successfully bumped revision number for resource 32bd4404-6a55-4552-9282-09c011a8d0c7 (type: security_group_rules) to 0
2026-04-27 22:20:58.110 9 INFO neutron.db.ovn_revision_numbers_db [None req-1eea90c8-064b-4daf-906c-15ed0784c1e2 deb7f9436ba04777bdace9cc6d5bc8b0 815f3c67b503466886e031bf8324ba89 - - default default] Successfully bumped revision number for resource 5b37a2dd-3e7e-4806-bc9b-4e5e2feacd7d (type: security_group_rules) to 0
2026-04-27 22:20:58.123 9 INFO neutron.db.ovn_revision_numbers_db [None req-1eea90c8-064b-4daf-906c-15ed0784c1e2 deb7f9436ba04777bdace9cc6d5bc8b0 815f3c67b503466886e031bf8324ba89 - - default default] Successfully bumped revision number for resource bf1229c9-9bc5-4e75-b0e6-4473ef870626 (type: security_group_rules) to 0
2026-04-27 22:20:58.133 10 INFO neutron.wsgi [None req-26a9c6a6-87bf-41ac-a6fe-47d3ce34fef9 4d6ac96c21144735b8052695b14933f0 ae98bc94f60d47668d53b68f1edd1087 - - default default] 10.0.0.63 "POST /v2.0/vpn/endpoint-groups HTTP/1.1" status: 201 len: 500 time: 0.0679786
2026-04-27 22:20:58.137 9 INFO neutron.db.ovn_revision_numbers_db [None req-1eea90c8-064b-4daf-906c-15ed0784c1e2 deb7f9436ba04777bdace9cc6d5bc8b0 815f3c67b503466886e031bf8324ba89 - - default default] Successfully bumped revision number for resource d83ba762-f406-4596-b02e-a9f975f99780 (type: security_group_rules) to 0
2026-04-27 22:20:58.144 10 WARNING neutron.api.v2.base [None req-2be1ece4-8fc7-4dfa-b2eb-99e78ea32f41 4d6ac96c21144735b8052695b14933f0 ae98bc94f60d47668d53b68f1edd1087 - - default default] An exception happened while processing the request body. The exception message is [Failed to parse request. Required attribute 'peer_id' not specified].: webob.exc.HTTPBadRequest: Failed to parse request. Required attribute 'peer_id' not specified
2026-04-27 22:20:58.144 10 INFO neutron.api.v2.resource [None req-2be1ece4-8fc7-4dfa-b2eb-99e78ea32f41 4d6ac96c21144735b8052695b14933f0 ae98bc94f60d47668d53b68f1edd1087 - - default default] create failed (client error): Failed to parse request. Required attribute 'peer_id' not specified
2026-04-27 22:20:58.146 10 INFO neutron.wsgi [None req-2be1ece4-8fc7-4dfa-b2eb-99e78ea32f41 4d6ac96c21144735b8052695b14933f0 ae98bc94f60d47668d53b68f1edd1087 - - default default] 10.0.0.63 "POST /v2.0/vpn/ipsec-site-connections HTTP/1.1" status: 400 len: 343 time: 0.0074410
2026-04-27 22:20:58.162 9 INFO neutron.wsgi [None req-1eea90c8-064b-4daf-906c-15ed0784c1e2 deb7f9436ba04777bdace9cc6d5bc8b0 815f3c67b503466886e031bf8324ba89 - - default default] 10.0.0.63 "GET /v2.0/security-groups?tenant_id=ffc8098656cc43ed86628fa3bbb9a514&name=default HTTP/1.1" status: 200 len: 3120 time: 0.4111130
2026-04-27 22:20:58.169 9 INFO neutron.wsgi [None req-e81e6f94-b310-4e38-bcd3-30225cc962a5 4d6ac96c21144735b8052695b14933f0 ae98bc94f60d47668d53b68f1edd1087 - - default default] 10.0.0.63 "GET /v2.0/vpn/endpoint-groups HTTP/1.1" status: 200 len: 1110 time: 0.0162313
2026-04-27 22:20:58.199 9 INFO neutron.wsgi [None req-d9b79a47-276f-464a-8f91-bdcd6e471541 4d6ac96c21144735b8052695b14933f0 ae98bc94f60d47668d53b68f1edd1087 - - default default] 10.0.0.63 "DELETE /v2.0/vpn/endpoint-groups/eda41dc6-5757-44ee-8936-cd16598ab0f6 HTTP/1.1" status: 204 len: 168 time: 0.0250969
2026-04-27 22:20:58.215 10 INFO neutron.wsgi [None req-92eeabff-b3ff-4066-9558-ff0afb85672b 4d6ac96c21144735b8052695b14933f0 ae98bc94f60d47668d53b68f1edd1087 - - default default] 10.0.0.63 "GET /v2.0/vpn/endpoint-groups HTTP/1.1" status: 200 len: 827 time: 0.0123005
2026-04-27 22:20:58.230 9 WARNING neutron_lib.context [None req-58521183-5c9c-4c1f-83a3-151764825f2a 4d6ac96c21144735b8052695b14933f0 ae98bc94f60d47668d53b68f1edd1087 - - default default] Method 'is_advsvc' is deprecated since 2023.2 release (neutron-lib 3.8.0) and will be removed once support for the old RBAC API policies will be removed from Neutron. Please use method 'is_service_role' instead.
2026-04-27 22:20:58.332 9 INFO neutron.wsgi [None req-58521183-5c9c-4c1f-83a3-151764825f2a 4d6ac96c21144735b8052695b14933f0 ae98bc94f60d47668d53b68f1edd1087 - - default default] 10.0.0.63 "POST /v2.0/vpn/endpoint-groups HTTP/1.1" status: 201 len: 493 time: 0.1100097
2026-04-27 22:20:58.342 9 WARNING neutron.api.v2.base [None req-4a3bf836-a294-42ed-a77d-2ca66c7de54e 4d6ac96c21144735b8052695b14933f0 ae98bc94f60d47668d53b68f1edd1087 - - default default] An exception happened while processing the request body. The exception message is [Failed to parse request. Required attribute 'peer_id' not specified].: webob.exc.HTTPBadRequest: Failed to parse request. Required attribute 'peer_id' not specified
2026-04-27 22:20:58.343 9 INFO neutron.api.v2.resource [None req-4a3bf836-a294-42ed-a77d-2ca66c7de54e 4d6ac96c21144735b8052695b14933f0 ae98bc94f60d47668d53b68f1edd1087 - - default default] create failed (client error): Failed to parse request. Required attribute 'peer_id' not specified
2026-04-27 22:20:58.344 9 INFO neutron.wsgi [None req-4a3bf836-a294-42ed-a77d-2ca66c7de54e 4d6ac96c21144735b8052695b14933f0 ae98bc94f60d47668d53b68f1edd1087 - - default default] 10.0.0.63 "POST /v2.0/vpn/ipsec-site-connections HTTP/1.1" status: 400 len: 343 time: 0.0066924
2026-04-27 22:20:58.362 9 INFO neutron.wsgi [None req-6610e671-e9da-4962-b50b-567927daa6c4 4d6ac96c21144735b8052695b14933f0 ae98bc94f60d47668d53b68f1edd1087 - - default default] 10.0.0.63 "GET /v2.0/vpn/endpoint-groups HTTP/1.1" status: 200 len: 1103 time: 0.0143692
2026-04-27 22:20:58.415 9 INFO neutron.wsgi [None req-aaf14e61-9a09-4e41-8188-48a4001ca5a7 4d6ac96c21144735b8052695b14933f0 ae98bc94f60d47668d53b68f1edd1087 - - default default] 10.0.0.63 "DELETE /v2.0/vpn/endpoint-groups/370014be-73f6-456b-9132-bc7621f35b94 HTTP/1.1" status: 204 len: 168 time: 0.0489841
2026-04-27 22:20:58.430 9 INFO neutron.wsgi [None req-43321202-df1c-48ca-9c64-d57b02a77df9 4d6ac96c21144735b8052695b14933f0 ae98bc94f60d47668d53b68f1edd1087 - - default default] 10.0.0.63 "GET /v2.0/vpn/endpoint-groups HTTP/1.1" status: 200 len: 827 time: 0.0101497
2026-04-27 22:20:58.437 9 WARNING neutron_lib.context [None req-601bed2a-25b9-4af8-ae60-0ea7b8c7442f 4d6ac96c21144735b8052695b14933f0 ae98bc94f60d47668d53b68f1edd1087 - - default default] Method 'is_advsvc' is deprecated since 2023.2 release (neutron-lib 3.8.0) and will be removed once support for the old RBAC API policies will be removed from Neutron. Please use method 'is_service_role' instead.
2026-04-27 22:20:58.439 10 INFO neutron.wsgi [None req-f53ab266-3ea6-491a-86ba-fcefbba28574 deb7f9436ba04777bdace9cc6d5bc8b0 815f3c67b503466886e031bf8324ba89 - - default default] 10.0.0.63 "DELETE /v2.0/security-groups/e535b4e0-69ed-413c-9a62-dfc006abc25b HTTP/1.1" status: 204 len: 168 time: 0.2715063
2026-04-27 22:20:58.549 9 INFO neutron.wsgi [None req-601bed2a-25b9-4af8-ae60-0ea7b8c7442f 4d6ac96c21144735b8052695b14933f0 ae98bc94f60d47668d53b68f1edd1087 - - default default] 10.0.0.63 "POST /v2.0/vpn/endpoint-groups HTTP/1.1" status: 201 len: 488 time: 0.1153288
2026-04-27 22:20:58.559 9 WARNING neutron_lib.context [None req-d173cb25-b3f3-422e-9123-286c25983724 4d6ac96c21144735b8052695b14933f0 ae98bc94f60d47668d53b68f1edd1087 - - default default] Method 'is_advsvc' is deprecated since 2023.2 release (neutron-lib 3.8.0) and will be removed once support for the old RBAC API policies will be removed from Neutron. Please use method 'is_service_role' instead.
2026-04-27 22:20:58.616 9 INFO neutron.wsgi [None req-d173cb25-b3f3-422e-9123-286c25983724 4d6ac96c21144735b8052695b14933f0 ae98bc94f60d47668d53b68f1edd1087 - - default default] 10.0.0.63 "POST /v2.0/vpn/endpoint-groups HTTP/1.1" status: 201 len: 500 time: 0.0619917
2026-04-27 22:20:58.627 9 WARNING neutron_lib.context [None req-944b8e30-81c5-4e5c-963f-c0476615f74f 4d6ac96c21144735b8052695b14933f0 ae98bc94f60d47668d53b68f1edd1087 - - default default] Method 'is_advsvc' is deprecated since 2023.2 release (neutron-lib 3.8.0) and will be removed once support for the old RBAC API policies will be removed from Neutron. Please use method 'is_service_role' instead.
2026-04-27 22:20:58.633 10 INFO neutron.wsgi [None req-c7d34e56-19cc-4655-9e30-8c3743bf4299 deb7f9436ba04777bdace9cc6d5bc8b0 815f3c67b503466886e031bf8324ba89 - - default default] 10.0.0.63 "GET /v2.0/security-groups?tenant_id=d67e1796721d4df481cff8f8783bfb91&name=default HTTP/1.1" status: 200 len: 3120 time: 0.0374084
2026-04-27 22:20:58.676 10 INFO neutron.services.segments.plugin [-] Segment 933b482a-c959-4e3e-a7e0-a441cf736086 resource provider aggregate not found
2026-04-27 22:20:58.681 10 INFO neutron.services.segments.plugin [-] Segment 933b482a-c959-4e3e-a7e0-a441cf736086 resource provider aggregate not found
2026-04-27 22:20:58.696 10 INFO neutron.services.segments.plugin [-] Segment 933b482a-c959-4e3e-a7e0-a441cf736086 resource provider not found; error: Placement Client Error (4xx): {"errors": [{"status": 404, "title": "Not Found", "detail": "The resource could not be found.\n\n No resource provider with uuid 933b482a-c959-4e3e-a7e0-a441cf736086 found for delete ", "request_id": "req-164be993-f16b-4a3e-8c17-f64f409ed8e3"}]}
2026-04-27 22:20:58.698 10 INFO neutron.services.segments.plugin [-] Segment 933b482a-c959-4e3e-a7e0-a441cf736086 resource provider not found; error: Placement Client Error (4xx): {"errors": [{"status": 404, "title": "Not Found", "detail": "The resource could not be found.\n\n No resource provider with uuid 933b482a-c959-4e3e-a7e0-a441cf736086 found for delete ", "request_id": "req-4874e105-92f5-469f-a584-9a42fd2e677c"}]}
2026-04-27 22:20:58.980 9 INFO neutron.wsgi [None req-e46f6a63-5d8c-4376-9107-3fd7bb763649 deb7f9436ba04777bdace9cc6d5bc8b0 815f3c67b503466886e031bf8324ba89 - - default default] 10.0.0.63 "DELETE /v2.0/security-groups/90518431-662d-4409-9c15-aad303d2cb7d HTTP/1.1" status: 204 len: 168 time: 0.3412635
2026-04-27 22:20:59.269 10 INFO neutron.db.ovn_revision_numbers_db [None req-3c86aad3-9c09-454d-b47b-f756eda14c03 deb7f9436ba04777bdace9cc6d5bc8b0 815f3c67b503466886e031bf8324ba89 - - default default] Successfully bumped revision number for resource d3199f91-923a-4bc4-86f2-79f011f25c57 (type: security_groups) to 1
2026-04-27 22:20:59.292 10 INFO neutron.db.ovn_revision_numbers_db [None req-3c86aad3-9c09-454d-b47b-f756eda14c03 deb7f9436ba04777bdace9cc6d5bc8b0 815f3c67b503466886e031bf8324ba89 - - default default] Successfully bumped revision number for resource 642113f7-e087-4768-a2d7-c72f43dfb715 (type: security_group_rules) to 0
2026-04-27 22:20:59.311 10 INFO neutron.db.ovn_revision_numbers_db [None req-3c86aad3-9c09-454d-b47b-f756eda14c03 deb7f9436ba04777bdace9cc6d5bc8b0 815f3c67b503466886e031bf8324ba89 - - default default] Successfully bumped revision number for resource 72a69677-8544-4ae9-91b2-019ff173152f (type: security_group_rules) to 0
2026-04-27 22:20:59.336 10 INFO neutron.db.ovn_revision_numbers_db [None req-3c86aad3-9c09-454d-b47b-f756eda14c03 deb7f9436ba04777bdace9cc6d5bc8b0 815f3c67b503466886e031bf8324ba89 - - default default] Successfully bumped revision number for resource 8e8daf1a-38eb-406a-a7c6-0f218cb2bf28 (type: security_group_rules) to 0
2026-04-27 22:20:59.357 10 INFO neutron.db.ovn_revision_numbers_db [None req-3c86aad3-9c09-454d-b47b-f756eda14c03 deb7f9436ba04777bdace9cc6d5bc8b0 815f3c67b503466886e031bf8324ba89 - - default default] Successfully bumped revision number for resource ca95a39a-fc9e-4136-a71c-ec39c056e94f (type: security_group_rules) to 0
2026-04-27 22:20:59.378 10 INFO neutron.wsgi [None req-3c86aad3-9c09-454d-b47b-f756eda14c03 deb7f9436ba04777bdace9cc6d5bc8b0 815f3c67b503466886e031bf8324ba89 - - default default] 10.0.0.63 "GET /v2.0/security-groups?tenant_id=b5e772b7cc994509af877d0e8b774778&name=default HTTP/1.1" status: 200 len: 3120 time: 0.2789142
2026-04-27 22:20:59.614 10 INFO neutron.wsgi [None req-3fb5d82a-deb7-4930-9167-57b1e22a7a95 deb7f9436ba04777bdace9cc6d5bc8b0 815f3c67b503466886e031bf8324ba89 - - default default] 10.0.0.63 "DELETE /v2.0/security-groups/d3199f91-923a-4bc4-86f2-79f011f25c57 HTTP/1.1" status: 204 len: 168 time: 0.2316010
2026-04-27 22:20:59.668 9 INFO neutron.db.ovn_revision_numbers_db [None req-944b8e30-81c5-4e5c-963f-c0476615f74f 4d6ac96c21144735b8052695b14933f0 ae98bc94f60d47668d53b68f1edd1087 - - default default] Successfully bumped revision number for resource 498d2563-1598-46e1-9fe6-8366a20c8857 (type: routers) to 6
2026-04-27 22:20:59.707 9 INFO neutron.wsgi [None req-944b8e30-81c5-4e5c-963f-c0476615f74f 4d6ac96c21144735b8052695b14933f0 ae98bc94f60d47668d53b68f1edd1087 - - default default] 10.0.0.63 "POST /v2.0/vpn/ipsec-site-connections HTTP/1.1" status: 201 len: 1043 time: 1.0849555
2026-04-27 22:21:00.334 9 WARNING neutron_lib.context [None req-89c52c79-c7a3-4d53-9489-233cd5be6213 07279a8bf04d48b582adec943d09ff79 a9c5eda5d9584d02a41a3d170b303bae - - default default] Method 'is_advsvc' is deprecated since 2023.2 release (neutron-lib 3.8.0) and will be removed once support for the old RBAC API policies will be removed from Neutron. Please use method 'is_service_role' instead.
2026-04-27 22:21:00.404 9 INFO neutron.db.ovn_revision_numbers_db [None req-2b7243b4-3482-49e4-bc80-4093402f5dcf 4d6ac96c21144735b8052695b14933f0 ae98bc94f60d47668d53b68f1edd1087 - - default default] Successfully bumped revision number for resource 498d2563-1598-46e1-9fe6-8366a20c8857 (type: routers) to 7
2026-04-27 22:21:00.435 9 INFO neutron.wsgi [None req-2b7243b4-3482-49e4-bc80-4093402f5dcf 4d6ac96c21144735b8052695b14933f0 ae98bc94f60d47668d53b68f1edd1087 - - default default] 10.0.0.63 "DELETE /v2.0/vpn/ipsec-site-connections/a8973222-60a0-4a86-ba54-788a9629a271 HTTP/1.1" status: 204 len: 168 time: 0.7227905
2026-04-27 22:21:00.454 9 INFO neutron.wsgi [None req-87192c3a-ffa0-495f-ae09-3fe0fe55647c 4d6ac96c21144735b8052695b14933f0 ae98bc94f60d47668d53b68f1edd1087 - - default default] 10.0.0.63 "GET /v2.0/vpn/ipsec-site-connections HTTP/1.1" status: 200 len: 990 time: 0.0123417
2026-04-27 22:21:00.477 10 INFO neutron.api.v2.resource [None req-1a724cb5-b1e8-4541-bff5-b8955abadd6f 4d6ac96c21144735b8052695b14933f0 ae98bc94f60d47668d53b68f1edd1087 - - default default] delete failed (client error): The resource could not be found.
2026-04-27 22:21:00.478 10 INFO neutron.wsgi [None req-1a724cb5-b1e8-4541-bff5-b8955abadd6f 4d6ac96c21144735b8052695b14933f0 ae98bc94f60d47668d53b68f1edd1087 - - default default] 10.0.0.63 "DELETE /v2.0/vpn/ipsec-site-connections/a8973222-60a0-4a86-ba54-788a9629a271 HTTP/1.1" status: 404 len: 355 time: 0.0190713
2026-04-27 22:21:00.498 10 INFO neutron.wsgi [None req-fa4ce9f9-0605-4de3-9cef-b8a501ec9fdf 4d6ac96c21144735b8052695b14933f0 ae98bc94f60d47668d53b68f1edd1087 - - default default] 10.0.0.63 "GET /v2.0/vpn/endpoint-groups HTTP/1.1" status: 200 len: 1382 time: 0.0152130
2026-04-27 22:21:00.533 10 INFO neutron.wsgi [None req-8566f1d1-c788-4dff-bea6-6abc4e86465f 4d6ac96c21144735b8052695b14933f0 ae98bc94f60d47668d53b68f1edd1087 - - default default] 10.0.0.63 "DELETE /v2.0/vpn/endpoint-groups/4b0b38f4-01a5-4b57-ad8a-3b5718ff32d2 HTTP/1.1" status: 204 len: 168 time: 0.0291510
2026-04-27 22:21:00.552 10 INFO neutron.wsgi [None req-bce05785-3a4a-4739-804b-18d85fa7b40f 4d6ac96c21144735b8052695b14933f0 ae98bc94f60d47668d53b68f1edd1087 - - default default] 10.0.0.63 "GET /v2.0/vpn/endpoint-groups HTTP/1.1" status: 200 len: 1098 time: 0.0115435
2026-04-27 22:21:00.571 10 INFO neutron.wsgi [None req-aae99cc2-2cb1-45c4-abba-6e7ba1b6c44c 4d6ac96c21144735b8052695b14933f0 ae98bc94f60d47668d53b68f1edd1087 - - default default] 10.0.0.63 "GET /v2.0/vpn/endpoint-groups HTTP/1.1" status: 200 len: 1098 time: 0.0126045
2026-04-27 22:21:00.604 10 INFO neutron.wsgi [None req-df1fa270-3c90-454a-90fe-dff8d1301bde 4d6ac96c21144735b8052695b14933f0 ae98bc94f60d47668d53b68f1edd1087 - - default default] 10.0.0.63 "DELETE /v2.0/vpn/endpoint-groups/c0cbbbe6-7fdc-4f24-98a0-a385723f8a07 HTTP/1.1" status: 204 len: 168 time: 0.0260031
2026-04-27 22:21:00.605 9 WARNING neutron.scheduler.dhcp_agent_scheduler [None req-89c52c79-c7a3-4d53-9489-233cd5be6213 07279a8bf04d48b582adec943d09ff79 a9c5eda5d9584d02a41a3d170b303bae - - default default] No more DHCP agents
2026-04-27 22:21:00.607 9 WARNING neutron.api.rpc.agentnotifiers.dhcp_rpc_agent_api [None req-89c52c79-c7a3-4d53-9489-233cd5be6213 07279a8bf04d48b582adec943d09ff79 a9c5eda5d9584d02a41a3d170b303bae - - default default] Unable to schedule network 20ee4d84-be3b-4f8e-8c40-e21ddfc8e124: no agents available; will retry on subsequent port and subnet creation events.
2026-04-27 22:21:00.621 10 INFO neutron.wsgi [None req-f9416078-1827-4610-91c9-f682ba7eef1d 4d6ac96c21144735b8052695b14933f0 ae98bc94f60d47668d53b68f1edd1087 - - default default] 10.0.0.63 "GET /v2.0/vpn/endpoint-groups HTTP/1.1" status: 200 len: 827 time: 0.0113037
2026-04-27 22:21:00.644 10 WARNING neutron_lib.context [None req-d31f4f88-3ffb-454e-94bd-d4d930a96487 4d6ac96c21144735b8052695b14933f0 ae98bc94f60d47668d53b68f1edd1087 - - default default] Method 'is_advsvc' is deprecated since 2023.2 release (neutron-lib 3.8.0) and will be removed once support for the old RBAC API policies will be removed from Neutron. Please use method 'is_service_role' instead.
2026-04-27 22:21:00.932 9 INFO neutron.wsgi [None req-89c52c79-c7a3-4d53-9489-233cd5be6213 07279a8bf04d48b582adec943d09ff79 a9c5eda5d9584d02a41a3d170b303bae - - default default] 10.0.0.63 "POST /v2.0/floatingips HTTP/1.1" status: 201 len: 751 time: 0.7758040
2026-04-27 22:21:00.948 9 WARNING neutron_lib.context [None req-e2b56de4-e2b0-48c1-a062-4e6c1c6a45e1 07279a8bf04d48b582adec943d09ff79 a9c5eda5d9584d02a41a3d170b303bae - - default default] Method 'is_advsvc' is deprecated since 2023.2 release (neutron-lib 3.8.0) and will be removed once support for the old RBAC API policies will be removed from Neutron. Please use method 'is_service_role' instead.
2026-04-27 22:21:01.249 9 WARNING neutron.scheduler.dhcp_agent_scheduler [None req-e2b56de4-e2b0-48c1-a062-4e6c1c6a45e1 07279a8bf04d48b582adec943d09ff79 a9c5eda5d9584d02a41a3d170b303bae - - default default] No more DHCP agents
2026-04-27 22:21:01.252 9 WARNING neutron.api.rpc.agentnotifiers.dhcp_rpc_agent_api [None req-e2b56de4-e2b0-48c1-a062-4e6c1c6a45e1 07279a8bf04d48b582adec943d09ff79 a9c5eda5d9584d02a41a3d170b303bae - - default default] Unable to schedule network 20ee4d84-be3b-4f8e-8c40-e21ddfc8e124: no agents available; will retry on subsequent port and subnet creation events.
2026-04-27 22:21:01.590 9 INFO neutron.wsgi [None req-e2b56de4-e2b0-48c1-a062-4e6c1c6a45e1 07279a8bf04d48b582adec943d09ff79 a9c5eda5d9584d02a41a3d170b303bae - - default default] 10.0.0.63 "POST /v2.0/floatingips HTTP/1.1" status: 201 len: 751 time: 0.6478283
2026-04-27 22:21:01.604 9 WARNING neutron_lib.context [None req-cc7d0194-0e3a-4575-bab1-ce9b97dbf8c4 07279a8bf04d48b582adec943d09ff79 a9c5eda5d9584d02a41a3d170b303bae - - default default] Method 'is_advsvc' is deprecated since 2023.2 release (neutron-lib 3.8.0) and will be removed once support for the old RBAC API policies will be removed from Neutron. Please use method 'is_service_role' instead.
2026-04-27 22:21:01.655 10 INFO neutron.db.ovn_revision_numbers_db [None req-d31f4f88-3ffb-454e-94bd-d4d930a96487 4d6ac96c21144735b8052695b14933f0 ae98bc94f60d47668d53b68f1edd1087 - - default default] Successfully bumped revision number for resource 498d2563-1598-46e1-9fe6-8366a20c8857 (type: routers) to 8
2026-04-27 22:21:01.690 10 INFO neutron.wsgi [None req-d31f4f88-3ffb-454e-94bd-d4d930a96487 4d6ac96c21144735b8052695b14933f0 ae98bc94f60d47668d53b68f1edd1087 - - default default] 10.0.0.63 "POST /v2.0/vpn/ipsec-site-connections HTTP/1.1" status: 201 len: 1003 time: 1.0584884
2026-04-27 22:21:01.897 9 WARNING neutron.scheduler.dhcp_agent_scheduler [None req-cc7d0194-0e3a-4575-bab1-ce9b97dbf8c4 07279a8bf04d48b582adec943d09ff79 a9c5eda5d9584d02a41a3d170b303bae - - default default] No more DHCP agents
2026-04-27 22:21:01.901 9 WARNING neutron.api.rpc.agentnotifiers.dhcp_rpc_agent_api [None req-cc7d0194-0e3a-4575-bab1-ce9b97dbf8c4 07279a8bf04d48b582adec943d09ff79 a9c5eda5d9584d02a41a3d170b303bae - - default default] Unable to schedule network 20ee4d84-be3b-4f8e-8c40-e21ddfc8e124: no agents available; will retry on subsequent port and subnet creation events.
2026-04-27 22:21:02.329 9 INFO neutron.wsgi [None req-cc7d0194-0e3a-4575-bab1-ce9b97dbf8c4 07279a8bf04d48b582adec943d09ff79 a9c5eda5d9584d02a41a3d170b303bae - - default default] 10.0.0.63 "POST /v2.0/floatingips HTTP/1.1" status: 201 len: 751 time: 0.7301650
2026-04-27 22:21:02.338 10 WARNING neutron_lib.context [None req-d3ddc4fb-a0b8-4a5a-8213-21970350f9b3 07279a8bf04d48b582adec943d09ff79 a9c5eda5d9584d02a41a3d170b303bae - - default default] Method 'is_advsvc' is deprecated since 2023.2 release (neutron-lib 3.8.0) and will be removed once support for the old RBAC API policies will be removed from Neutron. Please use method 'is_service_role' instead.
2026-04-27 22:21:02.622 10 WARNING neutron.scheduler.dhcp_agent_scheduler [None req-d3ddc4fb-a0b8-4a5a-8213-21970350f9b3 07279a8bf04d48b582adec943d09ff79 a9c5eda5d9584d02a41a3d170b303bae - - default default] No more DHCP agents
2026-04-27 22:21:02.623 10 WARNING neutron.api.rpc.agentnotifiers.dhcp_rpc_agent_api [None req-d3ddc4fb-a0b8-4a5a-8213-21970350f9b3 07279a8bf04d48b582adec943d09ff79 a9c5eda5d9584d02a41a3d170b303bae - - default default] Unable to schedule network 20ee4d84-be3b-4f8e-8c40-e21ddfc8e124: no agents available; will retry on subsequent port and subnet creation events.
2026-04-27 22:21:02.682 9 INFO neutron.db.ovn_revision_numbers_db [None req-aa15ce48-8b72-499b-9792-2bc7e837af98 4d6ac96c21144735b8052695b14933f0 ae98bc94f60d47668d53b68f1edd1087 - - default default] Successfully bumped revision number for resource 498d2563-1598-46e1-9fe6-8366a20c8857 (type: routers) to 9
2026-04-27 22:21:02.703 9 INFO neutron.wsgi [None req-aa15ce48-8b72-499b-9792-2bc7e837af98 4d6ac96c21144735b8052695b14933f0 ae98bc94f60d47668d53b68f1edd1087 - - default default] 10.0.0.63 "DELETE /v2.0/vpn/ipsec-site-connections/26245ca1-1f5c-444b-a2c0-d172d11c40df HTTP/1.1" status: 204 len: 168 time: 1.0070252
2026-04-27 22:21:02.725 9 INFO neutron.wsgi [None req-e7dfed4d-ae2c-4275-96cf-9a3e7f28d6bc 4d6ac96c21144735b8052695b14933f0 ae98bc94f60d47668d53b68f1edd1087 - - default default] 10.0.0.63 "GET /v2.0/vpn/ipsec-site-connections HTTP/1.1" status: 200 len: 990 time: 0.0163991
2026-04-27 22:21:02.738 9 INFO neutron.api.v2.resource [None req-0690067b-d197-490e-a8e7-d899667dcb4f 4d6ac96c21144735b8052695b14933f0 ae98bc94f60d47668d53b68f1edd1087 - - default default] delete failed (client error): The resource could not be found.
2026-04-27 22:21:02.739 9 INFO neutron.wsgi [None req-0690067b-d197-490e-a8e7-d899667dcb4f 4d6ac96c21144735b8052695b14933f0 ae98bc94f60d47668d53b68f1edd1087 - - default default] 10.0.0.63 "DELETE /v2.0/vpn/ipsec-site-connections/26245ca1-1f5c-444b-a2c0-d172d11c40df HTTP/1.1" status: 404 len: 355 time: 0.0099230
2026-04-27 22:21:02.750 9 WARNING neutron_lib.context [None req-20c7bd0d-419d-4131-82ea-159ffddc061c 4d6ac96c21144735b8052695b14933f0 ae98bc94f60d47668d53b68f1edd1087 - - default default] Method 'is_advsvc' is deprecated since 2023.2 release (neutron-lib 3.8.0) and will be removed once support for the old RBAC API policies will be removed from Neutron. Please use method 'is_service_role' instead.
2026-04-27 22:21:02.800 9 INFO neutron.wsgi [None req-20c7bd0d-419d-4131-82ea-159ffddc061c 4d6ac96c21144735b8052695b14933f0 ae98bc94f60d47668d53b68f1edd1087 - - default default] 10.0.0.63 "POST /v2.0/vpn/endpoint-groups HTTP/1.1" status: 201 len: 489 time: 0.0554044
2026-04-27 22:21:02.820 9 INFO neutron.wsgi [None req-e1de75e1-4aea-420c-8601-2e79488f1eab 4d6ac96c21144735b8052695b14933f0 ae98bc94f60d47668d53b68f1edd1087 - - default default] 10.0.0.63 "PUT /v2.0/vpn/endpoint-groups/2bab1b70-5db4-4b50-b202-719e51282408 HTTP/1.1" status: 200 len: 484 time: 0.0144479
2026-04-27 22:21:02.837 9 INFO neutron.wsgi [None req-d11e361a-cd90-48c8-bc5e-0f5f92dae89a 4d6ac96c21144735b8052695b14933f0 ae98bc94f60d47668d53b68f1edd1087 - - default default] 10.0.0.63 "GET /v2.0/vpn/endpoint-groups/2bab1b70-5db4-4b50-b202-719e51282408 HTTP/1.1" status: 200 len: 484 time: 0.0117617
2026-04-27 22:21:02.870 9 INFO neutron.wsgi [None req-7e678475-cf8c-4faf-a7b9-5a6c4b505e2a 4d6ac96c21144735b8052695b14933f0 ae98bc94f60d47668d53b68f1edd1087 - - default default] 10.0.0.63 "DELETE /v2.0/vpn/endpoint-groups/2bab1b70-5db4-4b50-b202-719e51282408 HTTP/1.1" status: 204 len: 168 time: 0.0279858
2026-04-27 22:21:02.885 9 INFO neutron.wsgi [None req-34b369dc-3c15-4d00-9507-a0623d5f4dc4 4d6ac96c21144735b8052695b14933f0 ae98bc94f60d47668d53b68f1edd1087 - - default default] 10.0.0.63 "GET /v2.0/vpn/endpoint-groups HTTP/1.1" status: 200 len: 827 time: 0.0098965
2026-04-27 22:21:02.906 9 INFO neutron.wsgi [None req-89e20ad8-e8ea-44c5-ae1d-1e1320e6f744 4d6ac96c21144735b8052695b14933f0 ae98bc94f60d47668d53b68f1edd1087 - - default default] 10.0.0.63 "GET /v2.0/vpn/endpoint-groups HTTP/1.1" status: 200 len: 827 time: 0.0113733
2026-04-27 22:21:02.928 10 WARNING neutron_lib.context [None req-d90aeb42-e4c2-4aeb-808e-c24e5ef0f2ad 4d6ac96c21144735b8052695b14933f0 ae98bc94f60d47668d53b68f1edd1087 - - default default] Method 'is_advsvc' is deprecated since 2023.2 release (neutron-lib 3.8.0) and will be removed once support for the old RBAC API policies will be removed from Neutron. Please use method 'is_service_role' instead.
2026-04-27 22:21:02.976 10 INFO neutron.wsgi [None req-d90aeb42-e4c2-4aeb-808e-c24e5ef0f2ad 4d6ac96c21144735b8052695b14933f0 ae98bc94f60d47668d53b68f1edd1087 - - default default] 10.0.0.63 "POST /v2.0/vpn/ikepolicies HTTP/1.1" status: 201 len: 601 time: 0.0561697
2026-04-27 22:21:02.979 10 INFO neutron.wsgi [None req-d3ddc4fb-a0b8-4a5a-8213-21970350f9b3 07279a8bf04d48b582adec943d09ff79 a9c5eda5d9584d02a41a3d170b303bae - - default default] 10.0.0.63 "POST /v2.0/floatingips HTTP/1.1" status: 201 len: 751 time: 0.6457314
2026-04-27 22:21:02.987 10 WARNING neutron_lib.context [None req-e1f8c878-8f59-44b3-a136-a76a2ad7a6ea 07279a8bf04d48b582adec943d09ff79 a9c5eda5d9584d02a41a3d170b303bae - - default default] Method 'is_advsvc' is deprecated since 2023.2 release (neutron-lib 3.8.0) and will be removed once support for the old RBAC API policies will be removed from Neutron. Please use method 'is_service_role' instead.
2026-04-27 22:21:03.023 10 INFO neutron.wsgi [None req-254906bb-5382-43fa-a91a-0303dc077fb0 4d6ac96c21144735b8052695b14933f0 ae98bc94f60d47668d53b68f1edd1087 - - default default] 10.0.0.63 "PUT /v2.0/vpn/ikepolicies/fc0afd5a-2008-4dea-b8a3-07222d2e151a HTTP/1.1" status: 200 len: 612 time: 0.0423369
2026-04-27 22:21:03.040 10 INFO neutron.wsgi [None req-48d8a80c-9a78-4e28-b03a-ae8ac1204201 4d6ac96c21144735b8052695b14933f0 ae98bc94f60d47668d53b68f1edd1087 - - default default] 10.0.0.63 "GET /v2.0/vpn/ikepolicies/fc0afd5a-2008-4dea-b8a3-07222d2e151a HTTP/1.1" status: 200 len: 612 time: 0.0122783
2026-04-27 22:21:03.083 9 INFO neutron.wsgi [None req-866f51d7-0a2f-4a24-b535-6ac26f753347 4d6ac96c21144735b8052695b14933f0 ae98bc94f60d47668d53b68f1edd1087 - - default default] 10.0.0.63 "DELETE /v2.0/vpn/ikepolicies/fc0afd5a-2008-4dea-b8a3-07222d2e151a HTTP/1.1" status: 204 len: 168 time: 0.0393462
2026-04-27 22:21:03.113 9 INFO neutron.wsgi [None req-90443795-f854-491b-ac16-a07db4441510 4d6ac96c21144735b8052695b14933f0 ae98bc94f60d47668d53b68f1edd1087 - - default default] 10.0.0.63 "GET /v2.0/vpn/ikepolicies HTTP/1.1" status: 200 len: 601 time: 0.0259037
2026-04-27 22:21:03.127 9 INFO neutron.wsgi [None req-e1908e81-4515-4cf3-a1af-9ed4220f2e9d 4d6ac96c21144735b8052695b14933f0 ae98bc94f60d47668d53b68f1edd1087 - - default default] 10.0.0.63 "GET /v2.0/vpn/ikepolicies HTTP/1.1" status: 200 len: 601 time: 0.0087466
2026-04-27 22:21:03.137 9 WARNING neutron_lib.context [None req-511c5738-e1a6-4d97-9f1b-b36dfde7b91d 4d6ac96c21144735b8052695b14933f0 ae98bc94f60d47668d53b68f1edd1087 - - default default] Method 'is_advsvc' is deprecated since 2023.2 release (neutron-lib 3.8.0) and will be removed once support for the old RBAC API policies will be removed from Neutron. Please use method 'is_service_role' instead.
2026-04-27 22:21:03.177 9 INFO neutron.wsgi [None req-511c5738-e1a6-4d97-9f1b-b36dfde7b91d 4d6ac96c21144735b8052695b14933f0 ae98bc94f60d47668d53b68f1edd1087 - - default default] 10.0.0.63 "POST /v2.0/vpn/ipsecpolicies HTTP/1.1" status: 201 len: 610 time: 0.0430257
2026-04-27 22:21:03.206 9 INFO neutron.wsgi [None req-d0fd4013-35a4-4061-a78e-a3f2946c6682 4d6ac96c21144735b8052695b14933f0 ae98bc94f60d47668d53b68f1edd1087 - - default default] 10.0.0.63 "PUT /v2.0/vpn/ipsecpolicies/d8715c32-92d5-4d30-88e7-c7dc4e1707dc HTTP/1.1" status: 200 len: 625 time: 0.0257268
2026-04-27 22:21:03.235 9 INFO neutron.wsgi [None req-3283d2af-eff9-4b11-99c9-9cf7e3d98b3e 4d6ac96c21144735b8052695b14933f0 ae98bc94f60d47668d53b68f1edd1087 - - default default] 10.0.0.63 "DELETE /v2.0/vpn/ipsecpolicies/d8715c32-92d5-4d30-88e7-c7dc4e1707dc HTTP/1.1" status: 204 len: 168 time: 0.0250118
2026-04-27 22:21:03.247 9 INFO neutron.api.v2.resource [None req-d3b145e3-c02d-47c5-9961-f78a4a0aebca 4d6ac96c21144735b8052695b14933f0 ae98bc94f60d47668d53b68f1edd1087 - - default default] delete failed (client error): The resource could not be found.
2026-04-27 22:21:03.248 9 INFO neutron.wsgi [None req-d3b145e3-c02d-47c5-9961-f78a4a0aebca 4d6ac96c21144735b8052695b14933f0 ae98bc94f60d47668d53b68f1edd1087 - - default default] 10.0.0.63 "DELETE /v2.0/vpn/ipsecpolicies/d8715c32-92d5-4d30-88e7-c7dc4e1707dc HTTP/1.1" status: 404 len: 346 time: 0.0087855
2026-04-27 22:21:03.257 9 INFO neutron.api.v2.resource [None req-2355e1bb-8736-4eb4-bfd9-3ae222bc5409 4d6ac96c21144735b8052695b14933f0 ae98bc94f60d47668d53b68f1edd1087 - - default default] delete failed (client error): The resource could not be found.
2026-04-27 22:21:03.258 9 INFO neutron.wsgi [None req-2355e1bb-8736-4eb4-bfd9-3ae222bc5409 4d6ac96c21144735b8052695b14933f0 ae98bc94f60d47668d53b68f1edd1087 - - default default] 10.0.0.63 "DELETE /v2.0/vpn/ipsecpolicies/d8715c32-92d5-4d30-88e7-c7dc4e1707dc HTTP/1.1" status: 404 len: 346 time: 0.0071473
2026-04-27 22:21:03.267 10 WARNING neutron.scheduler.dhcp_agent_scheduler [None req-e1f8c878-8f59-44b3-a136-a76a2ad7a6ea 07279a8bf04d48b582adec943d09ff79 a9c5eda5d9584d02a41a3d170b303bae - - default default] No more DHCP agents
2026-04-27 22:21:03.269 10 WARNING neutron.api.rpc.agentnotifiers.dhcp_rpc_agent_api [None req-e1f8c878-8f59-44b3-a136-a76a2ad7a6ea 07279a8bf04d48b582adec943d09ff79 a9c5eda5d9584d02a41a3d170b303bae - - default default] Unable to schedule network 20ee4d84-be3b-4f8e-8c40-e21ddfc8e124: no agents available; will retry on subsequent port and subnet creation events.
2026-04-27 22:21:03.271 9 WARNING neutron_lib.context [None req-d60f16e2-8a94-4046-a481-17616ec1f490 4d6ac96c21144735b8052695b14933f0 ae98bc94f60d47668d53b68f1edd1087 - - default default] Method 'is_advsvc' is deprecated since 2023.2 release (neutron-lib 3.8.0) and will be removed once support for the old RBAC API policies will be removed from Neutron. Please use method 'is_service_role' instead.
2026-04-27 22:21:03.355 9 INFO neutron.db.segments_db [None req-d60f16e2-8a94-4046-a481-17616ec1f490 4d6ac96c21144735b8052695b14933f0 ae98bc94f60d47668d53b68f1edd1087 - - default default] Added segment 247eb712-f23d-4cc2-b365-fe6f7fb792be of type geneve for network 1f5ff396-da4c-409f-a7dd-f80fe0b85c16
2026-04-27 22:21:03.516 9 INFO neutron.db.ovn_revision_numbers_db [None req-d60f16e2-8a94-4046-a481-17616ec1f490 4d6ac96c21144735b8052695b14933f0 ae98bc94f60d47668d53b68f1edd1087 - - default default] Successfully bumped revision number for resource 1f5ff396-da4c-409f-a7dd-f80fe0b85c16 (type: networks) to 1
2026-04-27 22:21:03.600 10 INFO neutron.wsgi [None req-e1f8c878-8f59-44b3-a136-a76a2ad7a6ea 07279a8bf04d48b582adec943d09ff79 a9c5eda5d9584d02a41a3d170b303bae - - default default] 10.0.0.63 "POST /v2.0/floatingips HTTP/1.1" status: 201 len: 751 time: 0.6162691
2026-04-27 22:21:03.673 9 INFO neutron.wsgi [None req-ed4db73d-788f-40c3-b1b5-aa0926863e68 07279a8bf04d48b582adec943d09ff79 a9c5eda5d9584d02a41a3d170b303bae - - default default] 10.0.0.63 "PUT /v2.0/floatingips/0e5c32e3-239e-4c04-8d80-5b1b905a17b9/tags HTTP/1.1" status: 200 len: 210 time: 0.0685201
2026-04-27 22:21:03.739 10 INFO neutron.wsgi [None req-faaa69c9-3adf-4208-8cc8-07e4edf8115b 07279a8bf04d48b582adec943d09ff79 a9c5eda5d9584d02a41a3d170b303bae - - default default] 10.0.0.63 "PUT /v2.0/floatingips/2cff9f92-a640-49ae-b218-ef67ea2b66d3/tags HTTP/1.1" status: 200 len: 218 time: 0.0614319
2026-04-27 22:21:03.752 9 WARNING neutron.scheduler.dhcp_agent_scheduler [None req-d60f16e2-8a94-4046-a481-17616ec1f490 4d6ac96c21144735b8052695b14933f0 ae98bc94f60d47668d53b68f1edd1087 - - default default] No more DHCP agents
2026-04-27 22:21:03.754 9 WARNING neutron.api.rpc.agentnotifiers.dhcp_rpc_agent_api [None req-d60f16e2-8a94-4046-a481-17616ec1f490 4d6ac96c21144735b8052695b14933f0 ae98bc94f60d47668d53b68f1edd1087 - - default default] Unable to schedule network 1f5ff396-da4c-409f-a7dd-f80fe0b85c16: no agents available; will retry on subsequent port and subnet creation events.
2026-04-27 22:21:03.790 10 INFO neutron.wsgi [None req-ac41b804-ed0f-4728-952c-a3b5c3d43f83 07279a8bf04d48b582adec943d09ff79 a9c5eda5d9584d02a41a3d170b303bae - - default default] 10.0.0.63 "PUT /v2.0/floatingips/cf3dfc58-6e30-48a0-8c43-9325fb350178/tags HTTP/1.1" status: 200 len: 227 time: 0.0454068
2026-04-27 22:21:03.855 9 INFO neutron.db.ovn_revision_numbers_db [None req-d60f16e2-8a94-4046-a481-17616ec1f490 4d6ac96c21144735b8052695b14933f0 ae98bc94f60d47668d53b68f1edd1087 - - default default] Successfully bumped revision number for resource 426e147a-cce2-4e63-a399-bc9cfe90fe6a (type: ports) to 1
2026-04-27 22:21:03.859 10 INFO neutron.wsgi [None req-b33680a3-00e7-47d4-94eb-1116e30e7a3b 07279a8bf04d48b582adec943d09ff79 a9c5eda5d9584d02a41a3d170b303bae - - default default] 10.0.0.63 "PUT /v2.0/floatingips/79d393af-e4cd-464b-af23-fd060af08292/tags HTTP/1.1" status: 200 len: 212 time: 0.0632482
2026-04-27 22:21:03.876 9 INFO neutron.wsgi [None req-d60f16e2-8a94-4046-a481-17616ec1f490 4d6ac96c21144735b8052695b14933f0 ae98bc94f60d47668d53b68f1edd1087 - - default default] 10.0.0.63 "POST /v2.0/networks HTTP/1.1" status: 201 len: 830 time: 0.6109459
2026-04-27 22:21:03.885 9 WARNING neutron_lib.context [None req-461be6df-b58c-41da-a9cd-af4db399ed4a 4d6ac96c21144735b8052695b14933f0 ae98bc94f60d47668d53b68f1edd1087 - - default default] Method 'is_advsvc' is deprecated since 2023.2 release (neutron-lib 3.8.0) and will be removed once support for the old RBAC API policies will be removed from Neutron. Please use method 'is_service_role' instead.
2026-04-27 22:21:03.891 9 WARNING neutron_lib.context [None req-92a4ab29-c0e9-4134-87d5-2816ea8268b9 a5b3f7b9eb93442898bb3eb1f1647b87 efc60a914bb94273a3e5996da6209d22 - - default default] Method 'is_advsvc' is deprecated since 2023.2 release (neutron-lib 3.8.0) and will be removed once support for the old RBAC API policies will be removed from Neutron. Please use method 'is_service_role' instead.
2026-04-27 22:21:03.909 10 INFO neutron.wsgi [None req-1efe4eb8-c25e-4135-ad3c-20bd1208b96b 07279a8bf04d48b582adec943d09ff79 a9c5eda5d9584d02a41a3d170b303bae - - default default] 10.0.0.63 "GET /v2.0/floatingips?tags=red HTTP/1.1" status: 200 len: 1866 time: 0.0438726
2026-04-27 22:21:03.966 10 INFO neutron.wsgi [None req-a6120cab-b108-4b2b-9203-4ec454ea80d3 07279a8bf04d48b582adec943d09ff79 a9c5eda5d9584d02a41a3d170b303bae - - default default] 10.0.0.63 "GET /v2.0/floatingips?tags=red%2Cblue HTTP/1.1" status: 200 len: 1323 time: 0.0528357
2026-04-27 22:21:04.033 9 INFO neutron.wsgi [None req-d40df331-20a1-450d-9014-91cda065a0cb 07279a8bf04d48b582adec943d09ff79 a9c5eda5d9584d02a41a3d170b303bae - - default default] 10.0.0.63 "GET /v2.0/floatingips?tags-any=blue HTTP/1.1" status: 200 len: 1323 time: 0.0609157
2026-04-27 22:21:04.084 10 INFO neutron.wsgi [None req-964418dd-ef73-4238-83fc-9d9301cdcf8d 07279a8bf04d48b582adec943d09ff79 a9c5eda5d9584d02a41a3d170b303bae - - default default] 10.0.0.63 "GET /v2.0/floatingips?tags-any=red%2Cblue HTTP/1.1" status: 200 len: 1866 time: 0.0439792
2026-04-27 22:21:04.145 9 INFO neutron.wsgi [None req-14dbb1dd-9b54-48ea-9c5d-58b975b58659 07279a8bf04d48b582adec943d09ff79 a9c5eda5d9584d02a41a3d170b303bae - - default default] 10.0.0.63 "GET /v2.0/floatingips?not-tags=red HTTP/1.1" status: 200 len: 1295 time: 0.0531883
2026-04-27 22:21:04.163 9 INFO neutron.db.ovn_revision_numbers_db [None req-92a4ab29-c0e9-4134-87d5-2816ea8268b9 a5b3f7b9eb93442898bb3eb1f1647b87 efc60a914bb94273a3e5996da6209d22 - - default default] Successfully bumped revision number for resource 537bbe03-10bf-4910-a7af-b1571437b963 (type: security_groups) to 1
2026-04-27 22:21:04.185 9 INFO neutron.db.ovn_revision_numbers_db [None req-92a4ab29-c0e9-4134-87d5-2816ea8268b9 a5b3f7b9eb93442898bb3eb1f1647b87 efc60a914bb94273a3e5996da6209d22 - - default default] Successfully bumped revision number for resource 1cb89644-6186-4767-abb9-043426a21d19 (type: security_group_rules) to 0
2026-04-27 22:21:04.197 10 INFO neutron.wsgi [None req-ba1dd6dd-fc6f-4a38-a659-2676e873555f 07279a8bf04d48b582adec943d09ff79 a9c5eda5d9584d02a41a3d170b303bae - - default default] 10.0.0.63 "GET /v2.0/floatingips?not-tags=red%2Cblue HTTP/1.1" status: 200 len: 1838 time: 0.0470073
2026-04-27 22:21:04.198 9 WARNING neutron.scheduler.dhcp_agent_scheduler [None req-461be6df-b58c-41da-a9cd-af4db399ed4a 4d6ac96c21144735b8052695b14933f0 ae98bc94f60d47668d53b68f1edd1087 - - default default] No more DHCP agents
2026-04-27 22:21:04.201 9 WARNING neutron.api.rpc.agentnotifiers.dhcp_rpc_agent_api [None req-461be6df-b58c-41da-a9cd-af4db399ed4a 4d6ac96c21144735b8052695b14933f0 ae98bc94f60d47668d53b68f1edd1087 - - default default] Unable to schedule network 1f5ff396-da4c-409f-a7dd-f80fe0b85c16: no agents available; will retry on subsequent port and subnet creation events.
2026-04-27 22:21:04.217 9 INFO neutron.db.ovn_revision_numbers_db [None req-92a4ab29-c0e9-4134-87d5-2816ea8268b9 a5b3f7b9eb93442898bb3eb1f1647b87 efc60a914bb94273a3e5996da6209d22 - - default default] Successfully bumped revision number for resource 392ef220-c89a-42c7-95ec-8abd691bf880 (type: security_group_rules) to 0
2026-04-27 22:21:04.241 9 INFO neutron.db.ovn_revision_numbers_db [None req-92a4ab29-c0e9-4134-87d5-2816ea8268b9 a5b3f7b9eb93442898bb3eb1f1647b87 efc60a914bb94273a3e5996da6209d22 - - default default] Successfully bumped revision number for resource 9d9ed6a4-85e9-4233-b28a-d94619dc3c3e (type: security_group_rules) to 0
2026-04-27 22:21:04.248 10 INFO neutron.wsgi [None req-06fb86e8-4dcb-4e6a-9c31-2ace23fd4583 07279a8bf04d48b582adec943d09ff79 a9c5eda5d9584d02a41a3d170b303bae - - default default] 10.0.0.63 "GET /v2.0/floatingips?not-tags-any=blue HTTP/1.1" status: 200 len: 1838 time: 0.0459387
2026-04-27 22:21:04.262 9 INFO neutron.db.ovn_revision_numbers_db [None req-92a4ab29-c0e9-4134-87d5-2816ea8268b9 a5b3f7b9eb93442898bb3eb1f1647b87 efc60a914bb94273a3e5996da6209d22 - - default default] Successfully bumped revision number for resource 9df40790-f316-4fc6-8b79-e656fce5ffc9 (type: security_group_rules) to 0
