2026-04-27 22:17:20.725 9 INFO neutron.wsgi [None req-78fb8ddc-5fdd-46b6-a4cc-2215fe0fec3e 9a28786a83004caea759142e112bd2a0 61757c2f7b3b4c35a8aa0aa13852c411 - - default default] 10.0.0.63 "GET /v2.0/networks HTTP/1.1" status: 200 len: 2050 time: 0.1286547
2026-04-27 22:17:20.837 10 INFO neutron.wsgi [req-48b0dd92-79d1-4186-ab37-a80d95607578 req-0623d0af-8381-4164-bce7-e6620896d858 88bd2c6eb8764627aa7b7a32d3de9596 46ca02a7f12d4b86ac0ad5deb5a984d1 - - default default] 10.0.0.182 "GET /v2.0/ports?device_id=45eeb460-263e-4579-8a77-31e6bdb90872 HTTP/1.1" status: 200 len: 210 time: 0.0275435
2026-04-27 22:17:20.874 9 WARNING neutron.scheduler.dhcp_agent_scheduler [None req-cd31b807-1d6a-4911-b655-5a1079a746a4 71b731fcd95c43709e42184cf1e66fa6 3dbf2db2dc6b47c8b797a63ffc1636d1 - - default default] No more DHCP agents
2026-04-27 22:17:20.879 9 WARNING neutron.api.rpc.agentnotifiers.dhcp_rpc_agent_api [None req-cd31b807-1d6a-4911-b655-5a1079a746a4 71b731fcd95c43709e42184cf1e66fa6 3dbf2db2dc6b47c8b797a63ffc1636d1 - - default default] Unable to schedule network f5d0f49d-2636-4261-a480-bcda21774844: no agents available; will retry on subsequent port and subnet creation events.
2026-04-27 22:17:20.895 10 INFO neutron.db.l3_db [req-c4d52119-1906-44e8-99f7-caedb50d7573 req-94cb713e-cf6f-4da6-b772-1a8ed033b1a1 df0fd71f2cf743b0949ddcd5b8fb0aec cfbc6a6487de414aafbdadc94d7e7edb - - default default] Floating IP a8c485fd-25ef-4cfa-9e06-9228f9aebb37 disassociated. External IP: 10.96.250.214, port: c5eef504-8253-49a3-96df-cecabb1c8b3a.
2026-04-27 22:17:21.012 10 INFO neutron.wsgi [req-c4d52119-1906-44e8-99f7-caedb50d7573 req-94cb713e-cf6f-4da6-b772-1a8ed033b1a1 df0fd71f2cf743b0949ddcd5b8fb0aec cfbc6a6487de414aafbdadc94d7e7edb - - default default] 199.204.45.250 "DELETE /v2.0/ports/c5eef504-8253-49a3-96df-cecabb1c8b3a HTTP/1.1" status: 204 len: 173 time: 0.7348518
2026-04-27 22:17:21.034 9 INFO neutron.db.ovn_revision_numbers_db [None req-cd31b807-1d6a-4911-b655-5a1079a746a4 71b731fcd95c43709e42184cf1e66fa6 3dbf2db2dc6b47c8b797a63ffc1636d1 - - default default] Successfully bumped revision number for resource b9e6f206-8812-49f5-b894-8e88b168c9c6 (type: ports) to 1
2026-04-27 22:17:21.052 10 INFO neutron.notifiers.nova [-] Nova event matching ['req-de1bd0ff-2be2-4b70-afb4-bf8d79af4828'] response: {'server_uuid': '9eb82a4c-92ad-4b8e-b663-2a67f5af93a8', 'name': 'network-vif-deleted', 'tag': 'c5eef504-8253-49a3-96df-cecabb1c8b3a', 'status': 'completed', 'code': 200}
2026-04-27 22:17:21.078 9 INFO neutron.wsgi [None req-cd31b807-1d6a-4911-b655-5a1079a746a4 71b731fcd95c43709e42184cf1e66fa6 3dbf2db2dc6b47c8b797a63ffc1636d1 - - default default] 10.0.0.63 "POST /v2.0/networks HTTP/1.1" status: 201 len: 849 time: 0.7825868
2026-04-27 22:17:21.088 10 WARNING neutron_lib.context [None req-d31eb2d6-18fd-4cab-9604-4afee7439272 71b731fcd95c43709e42184cf1e66fa6 3dbf2db2dc6b47c8b797a63ffc1636d1 - - default default] Method 'is_advsvc' is deprecated since 2023.2 release (neutron-lib 3.8.0) and will be removed once support for the old RBAC API policies will be removed from Neutron. Please use method 'is_service_role' instead.
2026-04-27 22:17:21.139 10 WARNING neutron_lib.context [None req-d31eb2d6-18fd-4cab-9604-4afee7439272 71b731fcd95c43709e42184cf1e66fa6 3dbf2db2dc6b47c8b797a63ffc1636d1 - - default default] Method 'is_advsvc' is deprecated since 2023.2 release (neutron-lib 3.8.0) and will be removed once support for the old RBAC API policies will be removed from Neutron. Please use method 'is_service_role' instead.
2026-04-27 22:17:21.274 9 INFO neutron.services.segments.plugin [-] Segment 1d830476-fd06-4734-a890-68fcf91b1acb resource provider aggregate not found
2026-04-27 22:17:21.278 9 INFO neutron.services.segments.plugin [-] Segment 1d830476-fd06-4734-a890-68fcf91b1acb resource provider aggregate not found
2026-04-27 22:17:21.291 9 INFO neutron.services.segments.plugin [-] Segment 1d830476-fd06-4734-a890-68fcf91b1acb resource provider not found; error: Placement Client Error (4xx): {"errors": [{"status": 404, "title": "Not Found", "detail": "The resource could not be found.\n\n No resource provider with uuid 1d830476-fd06-4734-a890-68fcf91b1acb found for delete ", "request_id": "req-f07a757e-9e21-4f00-9664-60d89191c191"}]}
2026-04-27 22:17:21.305 9 INFO neutron.services.segments.plugin [-] Segment 1d830476-fd06-4734-a890-68fcf91b1acb resource provider not found; error: Placement Client Error (4xx): {"errors": [{"status": 404, "title": "Not Found", "detail": "The resource could not be found.\n\n No resource provider with uuid 1d830476-fd06-4734-a890-68fcf91b1acb found for delete ", "request_id": "req-25306046-4d9d-48ae-9214-af1d77d2811e"}]}
2026-04-27 22:17:21.310 9 INFO neutron.wsgi [None req-25631de8-1c0c-48fb-965a-c01c21c9f7f2 9a28786a83004caea759142e112bd2a0 61757c2f7b3b4c35a8aa0aa13852c411 - - default default] 10.0.0.63 "DELETE /v2.0/networks/3584521a-dfe7-4b82-9f18-9bfd97b0c5b9 HTTP/1.1" status: 204 len: 168 time: 0.5744536 /var/lib/openstack/lib/python3.10/site-packages/pycadf/identifier.py:71: UserWarning: Invalid uuid: neutron. To ensure interoperability, identifiers should be a valid uuid. warnings.warn(('Invalid uuid: %s. To ensure interoperability, '
2026-04-27 22:17:21.400 10 INFO neutron.wsgi [req-6ee7414d-2b20-4d76-9664-6bed51d32093 req-10b7381c-84fe-4725-81a5-abcb68dd67ea df0fd71f2cf743b0949ddcd5b8fb0aec cfbc6a6487de414aafbdadc94d7e7edb - - default default] 10.0.0.182 "GET /v2.0/ports?device_id=9eb82a4c-92ad-4b8e-b663-2a67f5af93a8 HTTP/1.1" status: 200 len: 210 time: 0.0244422 /var/lib/openstack/lib/python3.10/site-packages/pycadf/identifier.py:71: UserWarning: Invalid uuid: neutron. To ensure interoperability, identifiers should be a valid uuid. warnings.warn(('Invalid uuid: %s. To ensure interoperability, '
2026-04-27 22:17:21.680 10 INFO neutron.wsgi [req-907c686b-8a64-433e-9d37-a58ca1bff595 req-c9d8bd39-35d1-4cf3-8d1f-ff4db0b88d71 88bd2c6eb8764627aa7b7a32d3de9596 46ca02a7f12d4b86ac0ad5deb5a984d1 - - default default] 199.204.45.250 "GET /v2.0/networks?id=87d4a1a3-692e-49f1-9d51-44d131b00a1b HTTP/1.1" status: 200 len: 869 time: 0.0958729
2026-04-27 22:17:21.687 10 WARNING neutron.scheduler.dhcp_agent_scheduler [None req-d31eb2d6-18fd-4cab-9604-4afee7439272 71b731fcd95c43709e42184cf1e66fa6 3dbf2db2dc6b47c8b797a63ffc1636d1 - - default default] No more DHCP agents
2026-04-27 22:17:21.691 10 WARNING neutron.api.rpc.agentnotifiers.dhcp_rpc_agent_api [None req-d31eb2d6-18fd-4cab-9604-4afee7439272 71b731fcd95c43709e42184cf1e66fa6 3dbf2db2dc6b47c8b797a63ffc1636d1 - - default default] Unable to schedule network e94db939-f716-4d4d-b62d-b1a86f4540d7: no agents available; will retry on subsequent port and subnet creation events. /var/lib/openstack/lib/python3.10/site-packages/pycadf/identifier.py:71: UserWarning: Invalid uuid: neutron. To ensure interoperability, identifiers should be a valid uuid. warnings.warn(('Invalid uuid: %s. To ensure interoperability, '
2026-04-27 22:17:21.766 10 INFO neutron.wsgi [req-907c686b-8a64-433e-9d37-a58ca1bff595 req-dde78108-d45b-4e07-b764-6b858a40cfb9 88bd2c6eb8764627aa7b7a32d3de9596 46ca02a7f12d4b86ac0ad5deb5a984d1 - - default default] 199.204.45.250 "GET /v2.0/security-groups?fields=id&fields=name&tenant_id=46ca02a7f12d4b86ac0ad5deb5a984d1 HTTP/1.1" status: 200 len: 380 time: 0.0786357 /var/lib/openstack/lib/python3.10/site-packages/pycadf/identifier.py:71: UserWarning: Invalid uuid: neutron. To ensure interoperability, identifiers should be a valid uuid. warnings.warn(('Invalid uuid: %s. To ensure interoperability, '
2026-04-27 22:17:21.790 10 WARNING neutron_lib.context [req-907c686b-8a64-433e-9d37-a58ca1bff595 req-798d1c1a-00c2-4407-bf28-f24a8f0b8621 88bd2c6eb8764627aa7b7a32d3de9596 46ca02a7f12d4b86ac0ad5deb5a984d1 - - default default] Method 'is_advsvc' is deprecated since 2023.2 release (neutron-lib 3.8.0) and will be removed once support for the old RBAC API policies will be removed from Neutron. Please use method 'is_service_role' instead.
2026-04-27 22:17:21.800 9 INFO neutron.wsgi [None req-7b9a9290-5ae8-4875-9284-851ac4954683 9a28786a83004caea759142e112bd2a0 61757c2f7b3b4c35a8aa0aa13852c411 - - default default] 10.0.0.63 "DELETE /v2.0/networks/ff05a6c1-7408-4913-9590-1b21f5ea0442 HTTP/1.1" status: 204 len: 168 time: 0.4802797
2026-04-27 22:17:21.835 10 INFO neutron.db.ovn_revision_numbers_db [None req-d31eb2d6-18fd-4cab-9604-4afee7439272 71b731fcd95c43709e42184cf1e66fa6 3dbf2db2dc6b47c8b797a63ffc1636d1 - - default default] Successfully bumped revision number for resource 83e14488-8926-46dd-8e2d-77e7e064d972 (type: ports) to 1
2026-04-27 22:17:21.898 10 WARNING neutron.scheduler.dhcp_agent_scheduler [None req-d31eb2d6-18fd-4cab-9604-4afee7439272 71b731fcd95c43709e42184cf1e66fa6 3dbf2db2dc6b47c8b797a63ffc1636d1 - - default default] No more DHCP agents
2026-04-27 22:17:21.902 10 WARNING neutron.api.rpc.agentnotifiers.dhcp_rpc_agent_api [None req-d31eb2d6-18fd-4cab-9604-4afee7439272 71b731fcd95c43709e42184cf1e66fa6 3dbf2db2dc6b47c8b797a63ffc1636d1 - - default default] Unable to schedule network f5d0f49d-2636-4261-a480-bcda21774844: no agents available; will retry on subsequent port and subnet creation events. /var/lib/openstack/lib/python3.10/site-packages/pycadf/identifier.py:71: UserWarning: Invalid uuid: neutron. To ensure interoperability, identifiers should be a valid uuid. warnings.warn(('Invalid uuid: %s. To ensure interoperability, '
2026-04-27 22:17:21.926 10 INFO neutron.wsgi [None req-186b0a2d-a906-42ad-85af-1d37fd24c16b 9a28786a83004caea759142e112bd2a0 61757c2f7b3b4c35a8aa0aa13852c411 - - default default] 10.0.0.63 "GET /v2.0/networks HTTP/1.1" status: 200 len: 845 time: 0.1211257
2026-04-27 22:17:21.950 10 WARNING neutron_lib.context [None req-647e8a5b-38c3-45b8-be75-3bfb9045b533 9a28786a83004caea759142e112bd2a0 61757c2f7b3b4c35a8aa0aa13852c411 - - default default] Method 'is_advsvc' is deprecated since 2023.2 release (neutron-lib 3.8.0) and will be removed once support for the old RBAC API policies will be removed from Neutron. Please use method 'is_service_role' instead.
2026-04-27 22:17:21.958 10 INFO neutron.wsgi [req-5b9a8c24-ed7a-4e35-a2bb-29c637a9c867 req-e3b94453-dabf-482b-8a7b-424c0bb645b9 88bd2c6eb8764627aa7b7a32d3de9596 46ca02a7f12d4b86ac0ad5deb5a984d1 - - default default] 10.0.0.182 "GET /v2.0/ports?device_id=45eeb460-263e-4579-8a77-31e6bdb90872 HTTP/1.1" status: 200 len: 210 time: 0.0534120
2026-04-27 22:17:22.068 10 INFO neutron.db.ovn_revision_numbers_db [None req-d31eb2d6-18fd-4cab-9604-4afee7439272 71b731fcd95c43709e42184cf1e66fa6 3dbf2db2dc6b47c8b797a63ffc1636d1 - - default default] Successfully bumped revision number for resource 67e3f6b8-1eda-4c9b-89cf-9fb727428971 (type: ports) to 1
2026-04-27 22:17:22.116 10 INFO neutron.wsgi [None req-d31eb2d6-18fd-4cab-9604-4afee7439272 71b731fcd95c43709e42184cf1e66fa6 3dbf2db2dc6b47c8b797a63ffc1636d1 - - default default] 10.0.0.63 "POST /v2.0/ports HTTP/1.1" status: 201 len: 1705 time: 1.0332832
2026-04-27 22:17:22.117 10 INFO neutron.db.segments_db [None req-647e8a5b-38c3-45b8-be75-3bfb9045b533 9a28786a83004caea759142e112bd2a0 61757c2f7b3b4c35a8aa0aa13852c411 - - default default] Added segment 379e7b39-b84d-464e-bd60-469323ad5906 of type geneve for network 092eaad8-c7a6-4cce-ab6d-1cf4f0094bcd
2026-04-27 22:17:22.276 9 INFO neutron.wsgi [None req-9549a916-9dfc-4d52-872d-6390ababf4c0 71b731fcd95c43709e42184cf1e66fa6 3dbf2db2dc6b47c8b797a63ffc1636d1 - - default default] 10.0.0.63 "GET /v2.0/ports HTTP/1.1" status: 200 len: 3212 time: 0.1555820
2026-04-27 22:17:22.290 10 INFO neutron.db.ovn_revision_numbers_db [None req-647e8a5b-38c3-45b8-be75-3bfb9045b533 9a28786a83004caea759142e112bd2a0 61757c2f7b3b4c35a8aa0aa13852c411 - - default default] Successfully bumped revision number for resource 092eaad8-c7a6-4cce-ab6d-1cf4f0094bcd (type: networks) to 1
2026-04-27 22:17:22.334 10 WARNING neutron.scheduler.dhcp_agent_scheduler [req-907c686b-8a64-433e-9d37-a58ca1bff595 req-798d1c1a-00c2-4407-bf28-f24a8f0b8621 88bd2c6eb8764627aa7b7a32d3de9596 46ca02a7f12d4b86ac0ad5deb5a984d1 - - default default] No more DHCP agents
2026-04-27 22:17:22.341 10 WARNING neutron.api.rpc.agentnotifiers.dhcp_rpc_agent_api [req-907c686b-8a64-433e-9d37-a58ca1bff595 req-798d1c1a-00c2-4407-bf28-f24a8f0b8621 88bd2c6eb8764627aa7b7a32d3de9596 46ca02a7f12d4b86ac0ad5deb5a984d1 - - default default] Unable to schedule network 87d4a1a3-692e-49f1-9d51-44d131b00a1b: no agents available; will retry on subsequent port and subnet creation events.
2026-04-27 22:17:22.548 10 WARNING neutron.scheduler.dhcp_agent_scheduler [None req-647e8a5b-38c3-45b8-be75-3bfb9045b533 9a28786a83004caea759142e112bd2a0 61757c2f7b3b4c35a8aa0aa13852c411 - - default default] No more DHCP agents
2026-04-27 22:17:22.550 10 WARNING neutron.api.rpc.agentnotifiers.dhcp_rpc_agent_api [None req-647e8a5b-38c3-45b8-be75-3bfb9045b533 9a28786a83004caea759142e112bd2a0 61757c2f7b3b4c35a8aa0aa13852c411 - - default default] Unable to schedule network 092eaad8-c7a6-4cce-ab6d-1cf4f0094bcd: no agents available; will retry on subsequent port and subnet creation events.
2026-04-27 22:17:22.573 9 INFO neutron.wsgi [None req-5debf40f-1abe-4ec6-a65e-9dac50c72a73 71b731fcd95c43709e42184cf1e66fa6 3dbf2db2dc6b47c8b797a63ffc1636d1 - - default default] 10.0.0.63 "DELETE /v2.0/ports/83e14488-8926-46dd-8e2d-77e7e064d972 HTTP/1.1" status: 204 len: 168 time: 0.2920501
2026-04-27 22:17:22.590 10 INFO neutron.db.ovn_revision_numbers_db [req-907c686b-8a64-433e-9d37-a58ca1bff595 req-798d1c1a-00c2-4407-bf28-f24a8f0b8621 88bd2c6eb8764627aa7b7a32d3de9596 46ca02a7f12d4b86ac0ad5deb5a984d1 - - default default] Successfully bumped revision number for resource 19177573-5287-4ebd-a386-71f4b9a65e74 (type: ports) to 1
2026-04-27 22:17:22.662 9 INFO neutron.wsgi [None req-79987e31-e499-495c-9902-a86a29f4cc98 df0fd71f2cf743b0949ddcd5b8fb0aec cfbc6a6487de414aafbdadc94d7e7edb - - default default] 10.0.0.63 "DELETE /v2.0/security-groups/3c27650f-4a49-4c21-a7b9-6375d830e654 HTTP/1.1" status: 204 len: 168 time: 0.1763256
2026-04-27 22:17:22.679 9 INFO neutron.api.v2.resource [None req-a212ed96-8cfd-407a-b0b3-200f028f13ad df0fd71f2cf743b0949ddcd5b8fb0aec cfbc6a6487de414aafbdadc94d7e7edb - - default default] show failed (client error): The resource could not be found.
2026-04-27 22:17:22.680 9 INFO neutron.wsgi [None req-a212ed96-8cfd-407a-b0b3-200f028f13ad df0fd71f2cf743b0949ddcd5b8fb0aec cfbc6a6487de414aafbdadc94d7e7edb - - default default] 10.0.0.63 "GET /v2.0/security-groups/3c27650f-4a49-4c21-a7b9-6375d830e654 HTTP/1.1" status: 404 len: 347 time: 0.0125756
2026-04-27 22:17:22.826 10 INFO neutron.wsgi [req-907c686b-8a64-433e-9d37-a58ca1bff595 req-798d1c1a-00c2-4407-bf28-f24a8f0b8621 88bd2c6eb8764627aa7b7a32d3de9596 46ca02a7f12d4b86ac0ad5deb5a984d1 - - default default] 199.204.45.250 "POST /v2.0/ports HTTP/1.1" status: 201 len: 1158 time: 1.0516827 /var/lib/openstack/lib/python3.10/site-packages/pycadf/identifier.py:71: UserWarning: Invalid uuid: neutron. To ensure interoperability, identifiers should be a valid uuid. warnings.warn(('Invalid uuid: %s. To ensure interoperability, '
2026-04-27 22:17:22.852 10 INFO neutron.db.ovn_revision_numbers_db [None req-647e8a5b-38c3-45b8-be75-3bfb9045b533 9a28786a83004caea759142e112bd2a0 61757c2f7b3b4c35a8aa0aa13852c411 - - default default] Successfully bumped revision number for resource aab64833-278e-4925-85d8-01805604b339 (type: ports) to 1
2026-04-27 22:17:22.878 10 INFO neutron.wsgi [None req-647e8a5b-38c3-45b8-be75-3bfb9045b533 9a28786a83004caea759142e112bd2a0 61757c2f7b3b4c35a8aa0aa13852c411 - - default default] 10.0.0.63 "POST /v2.0/networks HTTP/1.1" status: 201 len: 853 time: 0.9362094
2026-04-27 22:17:22.889 9 WARNING neutron_lib.context [None req-eba68427-b81f-4cb1-adec-7d9f855e0722 9a28786a83004caea759142e112bd2a0 61757c2f7b3b4c35a8aa0aa13852c411 - - default default] Method 'is_advsvc' is deprecated since 2023.2 release (neutron-lib 3.8.0) and will be removed once support for the old RBAC API policies will be removed from Neutron. Please use method 'is_service_role' instead.
2026-04-27 22:17:22.915 9 INFO neutron.wsgi [None req-f279c294-1673-48aa-9b1f-9238bbec0291 71b731fcd95c43709e42184cf1e66fa6 3dbf2db2dc6b47c8b797a63ffc1636d1 - - default default] 10.0.0.63 "DELETE /v2.0/ports/67e3f6b8-1eda-4c9b-89cf-9fb727428971 HTTP/1.1" status: 204 len: 168 time: 0.3382332
2026-04-27 22:17:23.024 9 INFO neutron.db.segments_db [None req-eba68427-b81f-4cb1-adec-7d9f855e0722 9a28786a83004caea759142e112bd2a0 61757c2f7b3b4c35a8aa0aa13852c411 - - default default] Added segment c46e0180-4ff5-4ab1-a65c-8230dae46a0d of type geneve for network eac52d7d-0a3b-439a-a4af-bb00b9e5d25b
2026-04-27 22:17:23.092 10 INFO neutron.wsgi [req-13e9884a-0632-4137-a78f-0cd66cb6e80d req-6d53423f-d5f4-4c7d-9e89-2e9b4d36bf79 88bd2c6eb8764627aa7b7a32d3de9596 46ca02a7f12d4b86ac0ad5deb5a984d1 - - default default] 10.0.0.182 "GET /v2.0/ports?device_id=45eeb460-263e-4579-8a77-31e6bdb90872 HTTP/1.1" status: 200 len: 1156 time: 0.0669031
2026-04-27 22:17:23.130 10 INFO neutron.wsgi [None req-de845c27-5ad3-4184-a821-31a5f739c3c2 71b731fcd95c43709e42184cf1e66fa6 3dbf2db2dc6b47c8b797a63ffc1636d1 - - default default] 10.0.0.63 "GET /v2.0/ports HTTP/1.1" status: 200 len: 1718 time: 0.2098832
2026-04-27 22:17:23.151 10 WARNING neutron_lib.context [None req-0a209d3b-2160-479e-a4ae-42277b83edfc 71b731fcd95c43709e42184cf1e66fa6 3dbf2db2dc6b47c8b797a63ffc1636d1 - - default default] Method 'is_advsvc' is deprecated since 2023.2 release (neutron-lib 3.8.0) and will be removed once support for the old RBAC API policies will be removed from Neutron. Please use method 'is_service_role' instead.
2026-04-27 22:17:23.178 9 INFO neutron.wsgi [None req-ef7ad867-e640-4517-8c63-d996c0ef857c df0fd71f2cf743b0949ddcd5b8fb0aec cfbc6a6487de414aafbdadc94d7e7edb - - default default] 10.0.0.63 "DELETE /v2.0/floatingips/a8c485fd-25ef-4cfa-9e06-9228f9aebb37 HTTP/1.1" status: 204 len: 168 time: 0.4843156
2026-04-27 22:17:23.184 9 INFO neutron.db.ovn_revision_numbers_db [None req-eba68427-b81f-4cb1-adec-7d9f855e0722 9a28786a83004caea759142e112bd2a0 61757c2f7b3b4c35a8aa0aa13852c411 - - default default] Successfully bumped revision number for resource eac52d7d-0a3b-439a-a4af-bb00b9e5d25b (type: networks) to 1
2026-04-27 22:17:23.186 10 INFO neutron.wsgi [req-13e9884a-0632-4137-a78f-0cd66cb6e80d req-adc6c6a7-c12d-41f5-a03d-4dd434147416 88bd2c6eb8764627aa7b7a32d3de9596 46ca02a7f12d4b86ac0ad5deb5a984d1 - - default default] 10.0.0.182 "GET /v2.0/security-groups?id=36640650-b5c6-4258-b682-0462597ba61c&fields=id&fields=name HTTP/1.1" status: 200 len: 313 time: 0.0821691 /var/lib/openstack/lib/python3.10/site-packages/pycadf/identifier.py:71: UserWarning: Invalid uuid: neutron. To ensure interoperability, identifiers should be a valid uuid. warnings.warn(('Invalid uuid: %s. To ensure interoperability, '
2026-04-27 22:17:23.296 10 INFO neutron.db.segments_db [None req-0a209d3b-2160-479e-a4ae-42277b83edfc 71b731fcd95c43709e42184cf1e66fa6 3dbf2db2dc6b47c8b797a63ffc1636d1 - - default default] Added segment 33cd9d34-0005-477f-ad7a-6db04fdbca0e of type geneve for network 27ecc96d-360f-44ff-9faf-47a441785fe7
2026-04-27 22:17:23.320 9 INFO neutron.services.segments.plugin [-] Segment 190799de-f2c2-4c8a-895b-e50221247e07 resource provider aggregate not found
2026-04-27 22:17:23.324 9 INFO neutron.services.segments.plugin [-] Segment 190799de-f2c2-4c8a-895b-e50221247e07 resource provider aggregate not found
2026-04-27 22:17:23.343 9 INFO neutron.services.segments.plugin [-] Segment 190799de-f2c2-4c8a-895b-e50221247e07 resource provider not found; error: Placement Client Error (4xx): {"errors": [{"status": 404, "title": "Not Found", "detail": "The resource could not be found.\n\n No resource provider with uuid 190799de-f2c2-4c8a-895b-e50221247e07 found for delete ", "request_id": "req-03fe40dd-d141-4aac-88ae-fca9d2f14a0c"}]}
2026-04-27 22:17:23.355 9 INFO neutron.services.segments.plugin [-] Segment 190799de-f2c2-4c8a-895b-e50221247e07 resource provider not found; error: Placement Client Error (4xx): {"errors": [{"status": 404, "title": "Not Found", "detail": "The resource could not be found.\n\n No resource provider with uuid 190799de-f2c2-4c8a-895b-e50221247e07 found for delete ", "request_id": "req-fbb36d08-aa77-4610-b774-d77e59867eac"}]}
2026-04-27 22:17:23.404 9 WARNING neutron.scheduler.dhcp_agent_scheduler [None req-eba68427-b81f-4cb1-adec-7d9f855e0722 9a28786a83004caea759142e112bd2a0 61757c2f7b3b4c35a8aa0aa13852c411 - - default default] No more DHCP agents
2026-04-27 22:17:23.406 9 WARNING neutron.api.rpc.agentnotifiers.dhcp_rpc_agent_api [None req-eba68427-b81f-4cb1-adec-7d9f855e0722 9a28786a83004caea759142e112bd2a0 61757c2f7b3b4c35a8aa0aa13852c411 - - default default] Unable to schedule network eac52d7d-0a3b-439a-a4af-bb00b9e5d25b: no agents available; will retry on subsequent port and subnet creation events.
2026-04-27 22:17:23.503 9 INFO neutron.db.ovn_revision_numbers_db [None req-eba68427-b81f-4cb1-adec-7d9f855e0722 9a28786a83004caea759142e112bd2a0 61757c2f7b3b4c35a8aa0aa13852c411 - - default default] Successfully bumped revision number for resource f3a2a9ff-5124-497c-8e96-7dd066329a23 (type: ports) to 1
2026-04-27 22:17:23.508 10 INFO neutron.db.ovn_revision_numbers_db [req-907c686b-8a64-433e-9d37-a58ca1bff595 req-dab25059-7164-4527-9bbf-4f13bfe64fe8 704a36a6de1240e18012a19f0f05f720 2f9b73de570f4c89af39e63d7cdb54cd - - 40fd682ceee84a83889ba67ab46e917c 40fd682ceee84a83889ba67ab46e917c] Successfully bumped revision number for resource 19177573-5287-4ebd-a386-71f4b9a65e74 (type: ports) to 2
2026-04-27 22:17:23.523 9 INFO neutron.wsgi [None req-eba68427-b81f-4cb1-adec-7d9f855e0722 9a28786a83004caea759142e112bd2a0 61757c2f7b3b4c35a8aa0aa13852c411 - - default default] 10.0.0.63 "POST /v2.0/networks HTTP/1.1" status: 201 len: 852 time: 0.6390219
2026-04-27 22:17:23.534 9 WARNING neutron_lib.context [None req-4416ef7b-7a86-4b6a-898c-3a35ebd75314 9a28786a83004caea759142e112bd2a0 61757c2f7b3b4c35a8aa0aa13852c411 - - default default] Method 'is_advsvc' is deprecated since 2023.2 release (neutron-lib 3.8.0) and will be removed once support for the old RBAC API policies will be removed from Neutron. Please use method 'is_service_role' instead.
2026-04-27 22:17:23.550 10 INFO neutron.db.ovn_revision_numbers_db [None req-0a209d3b-2160-479e-a4ae-42277b83edfc 71b731fcd95c43709e42184cf1e66fa6 3dbf2db2dc6b47c8b797a63ffc1636d1 - - default default] Successfully bumped revision number for resource 27ecc96d-360f-44ff-9faf-47a441785fe7 (type: networks) to 1
2026-04-27 22:17:23.574 9 WARNING neutron_lib.context [None req-4416ef7b-7a86-4b6a-898c-3a35ebd75314 9a28786a83004caea759142e112bd2a0 61757c2f7b3b4c35a8aa0aa13852c411 - - default default] Method 'is_advsvc' is deprecated since 2023.2 release (neutron-lib 3.8.0) and will be removed once support for the old RBAC API policies will be removed from Neutron. Please use method 'is_service_role' instead.
2026-04-27 22:17:23.838 10 WARNING neutron.scheduler.dhcp_agent_scheduler [None req-0a209d3b-2160-479e-a4ae-42277b83edfc 71b731fcd95c43709e42184cf1e66fa6 3dbf2db2dc6b47c8b797a63ffc1636d1 - - default default] No more DHCP agents
2026-04-27 22:17:23.841 10 WARNING neutron.api.rpc.agentnotifiers.dhcp_rpc_agent_api [None req-0a209d3b-2160-479e-a4ae-42277b83edfc 71b731fcd95c43709e42184cf1e66fa6 3dbf2db2dc6b47c8b797a63ffc1636d1 - - default default] Unable to schedule network 27ecc96d-360f-44ff-9faf-47a441785fe7: no agents available; will retry on subsequent port and subnet creation events.
2026-04-27 22:17:23.950 10 INFO neutron.db.ovn_revision_numbers_db [req-907c686b-8a64-433e-9d37-a58ca1bff595 req-dab25059-7164-4527-9bbf-4f13bfe64fe8 704a36a6de1240e18012a19f0f05f720 2f9b73de570f4c89af39e63d7cdb54cd - - 40fd682ceee84a83889ba67ab46e917c 40fd682ceee84a83889ba67ab46e917c] Successfully bumped revision number for resource 19177573-5287-4ebd-a386-71f4b9a65e74 (type: ports) to 2
2026-04-27 22:17:23.990 9 WARNING neutron.scheduler.dhcp_agent_scheduler [None req-4416ef7b-7a86-4b6a-898c-3a35ebd75314 9a28786a83004caea759142e112bd2a0 61757c2f7b3b4c35a8aa0aa13852c411 - - default default] No more DHCP agents
2026-04-27 22:17:23.991 10 INFO neutron.wsgi [req-907c686b-8a64-433e-9d37-a58ca1bff595 req-dab25059-7164-4527-9bbf-4f13bfe64fe8 704a36a6de1240e18012a19f0f05f720 2f9b73de570f4c89af39e63d7cdb54cd - - 40fd682ceee84a83889ba67ab46e917c 40fd682ceee84a83889ba67ab46e917c] 199.204.45.250 "PUT /v2.0/ports/19177573-5287-4ebd-a386-71f4b9a65e74 HTTP/1.1" status: 200 len: 1376 time: 1.1574194
2026-04-27 22:17:23.996 9 WARNING neutron.api.rpc.agentnotifiers.dhcp_rpc_agent_api [None req-4416ef7b-7a86-4b6a-898c-3a35ebd75314 9a28786a83004caea759142e112bd2a0 61757c2f7b3b4c35a8aa0aa13852c411 - - default default] Unable to schedule network 092eaad8-c7a6-4cce-ab6d-1cf4f0094bcd: no agents available; will retry on subsequent port and subnet creation events.
2026-04-27 22:17:24.003 10 INFO neutron.db.ovn_revision_numbers_db [None req-0a209d3b-2160-479e-a4ae-42277b83edfc 71b731fcd95c43709e42184cf1e66fa6 3dbf2db2dc6b47c8b797a63ffc1636d1 - - default default] Successfully bumped revision number for resource cf890b87-59f7-4b24-953c-6f394ca8fe5f (type: ports) to 1 /var/lib/openstack/lib/python3.10/site-packages/pycadf/identifier.py:71: UserWarning: Invalid uuid: neutron. To ensure interoperability, identifiers should be a valid uuid. warnings.warn(('Invalid uuid: %s. To ensure interoperability, '
2026-04-27 22:17:24.044 10 INFO neutron.notifiers.nova [-] Nova event matching ['req-2fe9c6eb-d1e0-4577-8d04-365ebc5e0dcf'] response: {'name': 'network-changed', 'server_uuid': '45eeb460-263e-4579-8a77-31e6bdb90872', 'tag': '19177573-5287-4ebd-a386-71f4b9a65e74', 'status': 'completed', 'code': 200}
2026-04-27 22:17:24.049 10 INFO neutron.wsgi [None req-0a209d3b-2160-479e-a4ae-42277b83edfc 71b731fcd95c43709e42184cf1e66fa6 3dbf2db2dc6b47c8b797a63ffc1636d1 - - default default] 10.0.0.63 "POST /v2.0/networks HTTP/1.1" status: 201 len: 849 time: 0.9091735 /var/lib/openstack/lib/python3.10/site-packages/pycadf/identifier.py:71: UserWarning: Invalid uuid: neutron. To ensure interoperability, identifiers should be a valid uuid. warnings.warn(('Invalid uuid: %s. To ensure interoperability, '
2026-04-27 22:17:24.060 9 WARNING neutron_lib.context [None req-a914440e-1fd4-44b2-a7d0-aad2f46f3f56 71b731fcd95c43709e42184cf1e66fa6 3dbf2db2dc6b47c8b797a63ffc1636d1 - - default default] Method 'is_advsvc' is deprecated since 2023.2 release (neutron-lib 3.8.0) and will be removed once support for the old RBAC API policies will be removed from Neutron. Please use method 'is_service_role' instead.
2026-04-27 22:17:24.082 10 INFO neutron.wsgi [req-907c686b-8a64-433e-9d37-a58ca1bff595 req-c885e5e8-c3c9-4962-ae2e-1f5021ee7712 704a36a6de1240e18012a19f0f05f720 2f9b73de570f4c89af39e63d7cdb54cd - - 40fd682ceee84a83889ba67ab46e917c 40fd682ceee84a83889ba67ab46e917c] 199.204.45.250 "GET /v2.0/ports?tenant_id=46ca02a7f12d4b86ac0ad5deb5a984d1&device_id=45eeb460-263e-4579-8a77-31e6bdb90872 HTTP/1.1" status: 200 len: 1407 time: 0.0465760
2026-04-27 22:17:24.083 9 INFO neutron.db.ovn_revision_numbers_db [None req-4416ef7b-7a86-4b6a-898c-3a35ebd75314 9a28786a83004caea759142e112bd2a0 61757c2f7b3b4c35a8aa0aa13852c411 - - default default] Successfully bumped revision number for resource 25d4c6e6-991b-4b24-9b1b-1c15c1f5d113 (type: ports) to 1
2026-04-27 22:17:24.111 10 INFO neutron.wsgi [req-907c686b-8a64-433e-9d37-a58ca1bff595 req-a8d571ae-99c6-4e7b-8fc9-32c3960c51bf 704a36a6de1240e18012a19f0f05f720 2f9b73de570f4c89af39e63d7cdb54cd - - 40fd682ceee84a83889ba67ab46e917c 40fd682ceee84a83889ba67ab46e917c] 199.204.45.250 "GET /v2.0/floatingips?fixed_ip_address=10.100.0.8&port_id=19177573-5287-4ebd-a386-71f4b9a65e74 HTTP/1.1" status: 200 len: 217 time: 0.0218806
2026-04-27 22:17:24.119 9 WARNING neutron.scheduler.dhcp_agent_scheduler [None req-4416ef7b-7a86-4b6a-898c-3a35ebd75314 9a28786a83004caea759142e112bd2a0 61757c2f7b3b4c35a8aa0aa13852c411 - - default default] No more DHCP agents
2026-04-27 22:17:24.123 9 WARNING neutron.api.rpc.agentnotifiers.dhcp_rpc_agent_api [None req-4416ef7b-7a86-4b6a-898c-3a35ebd75314 9a28786a83004caea759142e112bd2a0 61757c2f7b3b4c35a8aa0aa13852c411 - - default default] Unable to schedule network eac52d7d-0a3b-439a-a4af-bb00b9e5d25b: no agents available; will retry on subsequent port and subnet creation events.
2026-04-27 22:17:24.169 9 INFO neutron.db.segments_db [None req-a914440e-1fd4-44b2-a7d0-aad2f46f3f56 71b731fcd95c43709e42184cf1e66fa6 3dbf2db2dc6b47c8b797a63ffc1636d1 - - default default] Added segment a2f496f5-ae06-4173-af1f-a2553c0b9da0 of type geneve for network aa5c5ecd-2d10-43bc-a584-947fd9769bd6
2026-04-27 22:17:24.173 10 INFO neutron.wsgi [req-907c686b-8a64-433e-9d37-a58ca1bff595 req-de0a4cf2-9c9a-4c68-9367-ebd8073b07c8 704a36a6de1240e18012a19f0f05f720 2f9b73de570f4c89af39e63d7cdb54cd - - 40fd682ceee84a83889ba67ab46e917c 40fd682ceee84a83889ba67ab46e917c] 199.204.45.250 "GET /v2.0/subnets?id=39d4cc6a-8c2a-4332-9b4c-badd8d9cfa6b HTTP/1.1" status: 200 len: 863 time: 0.0555942
2026-04-27 22:17:24.216 10 INFO neutron.wsgi [req-907c686b-8a64-433e-9d37-a58ca1bff595 req-13e89c19-dc49-47c7-9ab0-d8a17a3ccfcb 704a36a6de1240e18012a19f0f05f720 2f9b73de570f4c89af39e63d7cdb54cd - - 40fd682ceee84a83889ba67ab46e917c 40fd682ceee84a83889ba67ab46e917c] 199.204.45.250 "GET /v2.0/ports?network_id=87d4a1a3-692e-49f1-9d51-44d131b00a1b&device_owner=network%3Adhcp HTTP/1.1" status: 200 len: 210 time: 0.0353212
2026-04-27 22:17:24.295 9 INFO neutron.db.ovn_revision_numbers_db [None req-4416ef7b-7a86-4b6a-898c-3a35ebd75314 9a28786a83004caea759142e112bd2a0 61757c2f7b3b4c35a8aa0aa13852c411 - - default default] Successfully bumped revision number for resource e4de9c68-d229-456b-995d-27d966bfaf49 (type: ports) to 1
2026-04-27 22:17:24.326 10 INFO neutron.wsgi [req-694dc06c-055b-4318-b45f-9391cf777e36 req-e3af3824-4e1c-4a71-8384-4d707628e02d 88bd2c6eb8764627aa7b7a32d3de9596 46ca02a7f12d4b86ac0ad5deb5a984d1 - - default default] 10.0.0.182 "GET /v2.0/ports?device_id=45eeb460-263e-4579-8a77-31e6bdb90872 HTTP/1.1" status: 200 len: 1168 time: 0.0607550
2026-04-27 22:17:24.331 10 INFO neutron.wsgi [req-907c686b-8a64-433e-9d37-a58ca1bff595 req-a16d8a80-ab13-436f-9704-47bb5a3f88d8 704a36a6de1240e18012a19f0f05f720 2f9b73de570f4c89af39e63d7cdb54cd - - 40fd682ceee84a83889ba67ab46e917c 40fd682ceee84a83889ba67ab46e917c] 199.204.45.250 "GET /v2.0/networks/87d4a1a3-692e-49f1-9d51-44d131b00a1b?fields=segments HTTP/1.1" status: 200 len: 212 time: 0.1074464
2026-04-27 22:17:24.334 9 INFO neutron.wsgi [None req-4416ef7b-7a86-4b6a-898c-3a35ebd75314 9a28786a83004caea759142e112bd2a0 61757c2f7b3b4c35a8aa0aa13852c411 - - default default] 10.0.0.63 "POST /v2.0/ports HTTP/1.1" status: 201 len: 1706 time: 0.8045983 /var/lib/openstack/lib/python3.10/site-packages/pycadf/identifier.py:71: UserWarning: Invalid uuid: neutron. To ensure interoperability, identifiers should be a valid uuid. warnings.warn(('Invalid uuid: %s. To ensure interoperability, '
2026-04-27 22:17:24.396 9 INFO neutron.db.ovn_revision_numbers_db [None req-a914440e-1fd4-44b2-a7d0-aad2f46f3f56 71b731fcd95c43709e42184cf1e66fa6 3dbf2db2dc6b47c8b797a63ffc1636d1 - - default default] Successfully bumped revision number for resource aa5c5ecd-2d10-43bc-a584-947fd9769bd6 (type: networks) to 1
2026-04-27 22:17:24.631 10 INFO neutron.wsgi [req-694dc06c-055b-4318-b45f-9391cf777e36 req-0afacc8d-b159-48d7-af68-1891c8681781 88bd2c6eb8764627aa7b7a32d3de9596 46ca02a7f12d4b86ac0ad5deb5a984d1 - - default default] 10.0.0.182 "GET /v2.0/security-groups?id=36640650-b5c6-4258-b682-0462597ba61c&fields=id&fields=name HTTP/1.1" status: 200 len: 313 time: 0.2972159
2026-04-27 22:17:24.651 10 INFO neutron.wsgi [req-907c686b-8a64-433e-9d37-a58ca1bff595 req-dbeb6f4e-fffb-4eb2-8789-ad7e3a705681 704a36a6de1240e18012a19f0f05f720 2f9b73de570f4c89af39e63d7cdb54cd - - 40fd682ceee84a83889ba67ab46e917c 40fd682ceee84a83889ba67ab46e917c] 199.204.45.250 "GET /v2.0/networks/87d4a1a3-692e-49f1-9d51-44d131b00a1b?fields=provider%3Aphysical_network&fields=provider%3Anetwork_type HTTP/1.1" status: 200 len: 277 time: 0.3091397
2026-04-27 22:17:24.700 9 INFO neutron.wsgi [None req-77938702-fc06-4a13-8f4e-d85753fab419 9a28786a83004caea759142e112bd2a0 61757c2f7b3b4c35a8aa0aa13852c411 - - default default] 10.0.0.63 "GET /v2.0/ports HTTP/1.1" status: 200 len: 3213 time: 0.3566816
2026-04-27 22:17:24.756 10 INFO neutron.wsgi [req-e985cd8a-4eaa-45c8-ae66-1c727cdb5104 req-24171fa6-9218-4906-b3be-f4500d68db4b 704a36a6de1240e18012a19f0f05f720 2f9b73de570f4c89af39e63d7cdb54cd - - 40fd682ceee84a83889ba67ab46e917c 40fd682ceee84a83889ba67ab46e917c] 199.204.45.250 "GET /v2.0/ports?tenant_id=46ca02a7f12d4b86ac0ad5deb5a984d1&device_id=45eeb460-263e-4579-8a77-31e6bdb90872 HTTP/1.1" status: 200 len: 1407 time: 0.0426297
2026-04-27 22:17:24.857 10 INFO neutron.wsgi [req-e985cd8a-4eaa-45c8-ae66-1c727cdb5104 req-de364f42-d0ab-455a-901d-b176fa8e0aa1 704a36a6de1240e18012a19f0f05f720 2f9b73de570f4c89af39e63d7cdb54cd - - 40fd682ceee84a83889ba67ab46e917c 40fd682ceee84a83889ba67ab46e917c] 199.204.45.250 "GET /v2.0/networks?id=87d4a1a3-692e-49f1-9d51-44d131b00a1b HTTP/1.1" status: 200 len: 968 time: 0.0968428
2026-04-27 22:17:24.859 9 WARNING neutron.scheduler.dhcp_agent_scheduler [None req-a914440e-1fd4-44b2-a7d0-aad2f46f3f56 71b731fcd95c43709e42184cf1e66fa6 3dbf2db2dc6b47c8b797a63ffc1636d1 - - default default] No more DHCP agents
2026-04-27 22:17:24.864 9 INFO neutron.plugins.ml2.drivers.ovn.mech_driver.mech_driver [None req-dfd8fd72-4598-4a77-b8a1-42d2eab836db - - - - - -] OVN reports status up for port: 19177573-5287-4ebd-a386-71f4b9a65e74
2026-04-27 22:17:24.878 9 WARNING neutron.api.rpc.agentnotifiers.dhcp_rpc_agent_api [None req-a914440e-1fd4-44b2-a7d0-aad2f46f3f56 71b731fcd95c43709e42184cf1e66fa6 3dbf2db2dc6b47c8b797a63ffc1636d1 - - default default] Unable to schedule network aa5c5ecd-2d10-43bc-a584-947fd9769bd6: no agents available; will retry on subsequent port and subnet creation events.
2026-04-27 22:17:24.885 9 INFO neutron.plugins.ml2.plugin [None req-dfd8fd72-4598-4a77-b8a1-42d2eab836db - - - - - -] Attempt 1 to provision port 19177573-5287-4ebd-a386-71f4b9a65e74
2026-04-27 22:17:24.896 10 INFO neutron.wsgi [req-e985cd8a-4eaa-45c8-ae66-1c727cdb5104 req-7cbeb9ab-bf70-4d65-856a-c66b1a9ad85b 704a36a6de1240e18012a19f0f05f720 2f9b73de570f4c89af39e63d7cdb54cd - - 40fd682ceee84a83889ba67ab46e917c 40fd682ceee84a83889ba67ab46e917c] 199.204.45.250 "GET /v2.0/floatingips?fixed_ip_address=10.100.0.8&port_id=19177573-5287-4ebd-a386-71f4b9a65e74 HTTP/1.1" status: 200 len: 217 time: 0.0228548
2026-04-27 22:17:24.950 10 INFO neutron.wsgi [req-e985cd8a-4eaa-45c8-ae66-1c727cdb5104 req-5c6c30b1-22fc-4386-9910-f889fca758fa 704a36a6de1240e18012a19f0f05f720 2f9b73de570f4c89af39e63d7cdb54cd - - 40fd682ceee84a83889ba67ab46e917c 40fd682ceee84a83889ba67ab46e917c] 199.204.45.250 "GET /v2.0/subnets?id=39d4cc6a-8c2a-4332-9b4c-badd8d9cfa6b HTTP/1.1" status: 200 len: 863 time: 0.0489731
2026-04-27 22:17:24.998 10 INFO neutron.wsgi [req-e985cd8a-4eaa-45c8-ae66-1c727cdb5104 req-8298134a-1f04-4d09-ad5e-2d716642ea8c 704a36a6de1240e18012a19f0f05f720 2f9b73de570f4c89af39e63d7cdb54cd - - 40fd682ceee84a83889ba67ab46e917c 40fd682ceee84a83889ba67ab46e917c] 199.204.45.250 "GET /v2.0/ports?network_id=87d4a1a3-692e-49f1-9d51-44d131b00a1b&device_owner=network%3Adhcp HTTP/1.1" status: 200 len: 210 time: 0.0230501
2026-04-27 22:17:25.057 9 INFO neutron.db.ovn_revision_numbers_db [None req-a914440e-1fd4-44b2-a7d0-aad2f46f3f56 71b731fcd95c43709e42184cf1e66fa6 3dbf2db2dc6b47c8b797a63ffc1636d1 - - default default] Successfully bumped revision number for resource 99fc7784-8946-43b7-882b-17d9d1fa9791 (type: ports) to 1
2026-04-27 22:17:25.119 9 INFO neutron.wsgi [None req-a914440e-1fd4-44b2-a7d0-aad2f46f3f56 71b731fcd95c43709e42184cf1e66fa6 3dbf2db2dc6b47c8b797a63ffc1636d1 - - default default] 10.0.0.63 "POST /v2.0/networks HTTP/1.1" status: 201 len: 848 time: 1.0626192
2026-04-27 22:17:25.137 10 INFO neutron.wsgi [req-e985cd8a-4eaa-45c8-ae66-1c727cdb5104 req-48f5213e-60f9-49e8-960d-a1721e6fb3a0 704a36a6de1240e18012a19f0f05f720 2f9b73de570f4c89af39e63d7cdb54cd - - 40fd682ceee84a83889ba67ab46e917c 40fd682ceee84a83889ba67ab46e917c] 199.204.45.250 "GET /v2.0/networks/87d4a1a3-692e-49f1-9d51-44d131b00a1b?fields=segments HTTP/1.1" status: 200 len: 212 time: 0.1330402
2026-04-27 22:17:25.147 9 INFO neutron.wsgi [None req-6515fcc9-6cdb-49aa-bda1-ce522a351c66 9a28786a83004caea759142e112bd2a0 61757c2f7b3b4c35a8aa0aa13852c411 - - default default] 10.0.0.63 "DELETE /v2.0/ports/25d4c6e6-991b-4b24-9b1b-1c15c1f5d113 HTTP/1.1" status: 204 len: 168 time: 0.4424736
2026-04-27 22:17:25.164 10 WARNING neutron_lib.context [None req-bbf0b5fa-dcbf-4af2-801e-4b7ebcf1b999 71b731fcd95c43709e42184cf1e66fa6 3dbf2db2dc6b47c8b797a63ffc1636d1 - - default default] Method 'is_advsvc' is deprecated since 2023.2 release (neutron-lib 3.8.0) and will be removed once support for the old RBAC API policies will be removed from Neutron. Please use method 'is_service_role' instead.
2026-04-27 22:17:25.166 9 INFO neutron.notifiers.nova [-] Nova event matching ['req-46fb3577-5a6e-4dea-ad4b-fd4a773ad193'] response: {'server_uuid': '45eeb460-263e-4579-8a77-31e6bdb90872', 'name': 'network-vif-plugged', 'status': 'completed', 'tag': '19177573-5287-4ebd-a386-71f4b9a65e74', 'code': 200}
2026-04-27 22:17:25.242 10 WARNING neutron_lib.context [None req-bbf0b5fa-dcbf-4af2-801e-4b7ebcf1b999 71b731fcd95c43709e42184cf1e66fa6 3dbf2db2dc6b47c8b797a63ffc1636d1 - - default default] Method 'is_advsvc' is deprecated since 2023.2 release (neutron-lib 3.8.0) and will be removed once support for the old RBAC API policies will be removed from Neutron. Please use method 'is_service_role' instead.
2026-04-27 22:17:25.260 10 INFO neutron.wsgi [req-e985cd8a-4eaa-45c8-ae66-1c727cdb5104 req-d2c7d349-5e65-456a-ba64-67deaf06dd38 704a36a6de1240e18012a19f0f05f720 2f9b73de570f4c89af39e63d7cdb54cd - - 40fd682ceee84a83889ba67ab46e917c 40fd682ceee84a83889ba67ab46e917c] 199.204.45.250 "GET /v2.0/networks/87d4a1a3-692e-49f1-9d51-44d131b00a1b?fields=provider%3Aphysical_network&fields=provider%3Anetwork_type HTTP/1.1" status: 200 len: 277 time: 0.1177852
2026-04-27 22:17:25.374 9 INFO neutron.db.ovn_revision_numbers_db [None req-dfd8fd72-4598-4a77-b8a1-42d2eab836db - - - - - -] Successfully bumped revision number for resource 19177573-5287-4ebd-a386-71f4b9a65e74 (type: ports) to 4
2026-04-27 22:17:25.442 10 INFO neutron.wsgi [None req-f50673d6-65ff-41cf-bbdd-71c6842954bf deb7f9436ba04777bdace9cc6d5bc8b0 815f3c67b503466886e031bf8324ba89 - - default default] 10.0.0.63 "PUT /v2.0/routers/6c13ded8-b770-41d6-8123-78c38e3f8174/remove_router_interface HTTP/1.1" status: 200 len: 503 time: 2.1815073 /var/lib/openstack/lib/python3.10/site-packages/pycadf/identifier.py:71: UserWarning: Invalid uuid: neutron. To ensure interoperability, identifiers should be a valid uuid. warnings.warn(('Invalid uuid: %s. To ensure interoperability, '
2026-04-27 22:17:25.489 9 INFO neutron.wsgi [None req-aaf8b735-4253-4281-8c40-072f48c15b38 9a28786a83004caea759142e112bd2a0 61757c2f7b3b4c35a8aa0aa13852c411 - - default default] 10.0.0.63 "DELETE /v2.0/ports/e4de9c68-d229-456b-995d-27d966bfaf49 HTTP/1.1" status: 204 len: 168 time: 0.3312395
2026-04-27 22:17:25.513 10 WARNING neutron.plugins.ml2.drivers.ovn.mech_driver.ovsdb.ovn_client [None req-e5eb291a-3077-41b0-9386-e75f14f0bea9 - - - - - -] No hosting information found for port aac1d7cb-dfc8-4f69-afcf-04184847d3b9: RuntimeError: No hosting information found for port aac1d7cb-dfc8-4f69-afcf-04184847d3b9
2026-04-27 22:17:25.513 10 INFO neutron.plugins.ml2.drivers.ovn.mech_driver.mech_driver [None req-e5eb291a-3077-41b0-9386-e75f14f0bea9 - - - - - -] OVN reports status down for port: c5eef504-8253-49a3-96df-cecabb1c8b3a
2026-04-27 22:17:25.542 9 INFO neutron.wsgi [None req-9bf996c5-5727-4617-afee-a2925f65201a 9a28786a83004caea759142e112bd2a0 61757c2f7b3b4c35a8aa0aa13852c411 - - default default] 10.0.0.63 "GET /v2.0/ports HTTP/1.1" status: 200 len: 1718 time: 0.0480289
2026-04-27 22:17:25.558 9 WARNING neutron_lib.context [None req-5eaa8a56-f575-48fc-b3e2-941713544003 9a28786a83004caea759142e112bd2a0 61757c2f7b3b4c35a8aa0aa13852c411 - - default default] Method 'is_advsvc' is deprecated since 2023.2 release (neutron-lib 3.8.0) and will be removed once support for the old RBAC API policies will be removed from Neutron. Please use method 'is_service_role' instead.
2026-04-27 22:17:25.702 9 INFO neutron.db.segments_db [None req-5eaa8a56-f575-48fc-b3e2-941713544003 9a28786a83004caea759142e112bd2a0 61757c2f7b3b4c35a8aa0aa13852c411 - - default default] Added segment 487bbb99-0ac6-4891-93a3-dabfc1807635 of type geneve for network bfbc033f-6cf8-4a5a-873a-d3fd3481452e /var/lib/openstack/lib/python3.10/site-packages/pycadf/identifier.py:71: UserWarning: Invalid uuid: neutron. To ensure interoperability, identifiers should be a valid uuid. warnings.warn(('Invalid uuid: %s. To ensure interoperability, '
2026-04-27 22:17:25.767 10 WARNING neutron.scheduler.dhcp_agent_scheduler [None req-bbf0b5fa-dcbf-4af2-801e-4b7ebcf1b999 71b731fcd95c43709e42184cf1e66fa6 3dbf2db2dc6b47c8b797a63ffc1636d1 - - default default] No more DHCP agents
2026-04-27 22:17:25.768 10 WARNING neutron.api.rpc.agentnotifiers.dhcp_rpc_agent_api [None req-bbf0b5fa-dcbf-4af2-801e-4b7ebcf1b999 71b731fcd95c43709e42184cf1e66fa6 3dbf2db2dc6b47c8b797a63ffc1636d1 - - default default] Unable to schedule network 27ecc96d-360f-44ff-9faf-47a441785fe7: no agents available; will retry on subsequent port and subnet creation events.
2026-04-27 22:17:25.831 10 INFO neutron.wsgi [req-5140e512-f019-4638-b43d-1c7abf194cfe req-90c3c942-b9f5-4790-bfb5-47d9a5189c42 88bd2c6eb8764627aa7b7a32d3de9596 46ca02a7f12d4b86ac0ad5deb5a984d1 - - default default] 10.0.0.182 "GET /v2.0/ports?device_id=45eeb460-263e-4579-8a77-31e6bdb90872 HTTP/1.1" status: 200 len: 1170 time: 0.1298285
2026-04-27 22:17:25.880 9 INFO neutron.db.ovn_revision_numbers_db [None req-5eaa8a56-f575-48fc-b3e2-941713544003 9a28786a83004caea759142e112bd2a0 61757c2f7b3b4c35a8aa0aa13852c411 - - default default] Successfully bumped revision number for resource bfbc033f-6cf8-4a5a-873a-d3fd3481452e (type: networks) to 1
2026-04-27 22:17:25.911 10 INFO neutron.wsgi [req-5140e512-f019-4638-b43d-1c7abf194cfe req-9ca08b10-42ad-466a-bff6-ca7e84fd448b 88bd2c6eb8764627aa7b7a32d3de9596 46ca02a7f12d4b86ac0ad5deb5a984d1 - - default default] 10.0.0.182 "GET /v2.0/security-groups?id=36640650-b5c6-4258-b682-0462597ba61c&fields=id&fields=name HTTP/1.1" status: 200 len: 313 time: 0.0672741
2026-04-27 22:17:26.126 9 WARNING neutron.scheduler.dhcp_agent_scheduler [None req-5eaa8a56-f575-48fc-b3e2-941713544003 9a28786a83004caea759142e112bd2a0 61757c2f7b3b4c35a8aa0aa13852c411 - - default default] No more DHCP agents
2026-04-27 22:17:26.128 9 WARNING neutron.api.rpc.agentnotifiers.dhcp_rpc_agent_api [None req-5eaa8a56-f575-48fc-b3e2-941713544003 9a28786a83004caea759142e112bd2a0 61757c2f7b3b4c35a8aa0aa13852c411 - - default default] Unable to schedule network bfbc033f-6cf8-4a5a-873a-d3fd3481452e: no agents available; will retry on subsequent port and subnet creation events.
2026-04-27 22:17:26.132 9 INFO neutron.wsgi [-] 10.0.0.52 "GET / HTTP/1.1" status: 200 len: 247 time: 0.0013084
2026-04-27 22:17:26.133 9 INFO neutron.wsgi [-] 10.0.0.52 "GET / HTTP/1.1" status: 200 len: 247 time: 0.0008960
2026-04-27 22:17:26.250 9 INFO neutron.db.ovn_revision_numbers_db [None req-5eaa8a56-f575-48fc-b3e2-941713544003 9a28786a83004caea759142e112bd2a0 61757c2f7b3b4c35a8aa0aa13852c411 - - default default] Successfully bumped revision number for resource bfbdb0fb-3ad2-40fe-81f8-8565f18d987b (type: ports) to 1
2026-04-27 22:17:26.278 9 INFO neutron.wsgi [None req-5eaa8a56-f575-48fc-b3e2-941713544003 9a28786a83004caea759142e112bd2a0 61757c2f7b3b4c35a8aa0aa13852c411 - - default default] 10.0.0.63 "POST /v2.0/networks HTTP/1.1" status: 201 len: 853 time: 0.7263458
2026-04-27 22:17:26.291 10 WARNING neutron_lib.context [None req-a5663cf7-f7a3-47fd-9e2f-aa3f62393486 9a28786a83004caea759142e112bd2a0 61757c2f7b3b4c35a8aa0aa13852c411 - - default default] Method 'is_advsvc' is deprecated since 2023.2 release (neutron-lib 3.8.0) and will be removed once support for the old RBAC API policies will be removed from Neutron. Please use method 'is_service_role' instead.
2026-04-27 22:17:26.419 10 INFO neutron.db.segments_db [None req-a5663cf7-f7a3-47fd-9e2f-aa3f62393486 9a28786a83004caea759142e112bd2a0 61757c2f7b3b4c35a8aa0aa13852c411 - - default default] Added segment 73509eba-4441-4e98-83af-cabe211abe76 of type geneve for network 66a276d4-0adb-4cad-962d-4a32aca0a618
2026-04-27 22:17:26.445 10 INFO neutron.db.ovn_revision_numbers_db [None req-bbf0b5fa-dcbf-4af2-801e-4b7ebcf1b999 71b731fcd95c43709e42184cf1e66fa6 3dbf2db2dc6b47c8b797a63ffc1636d1 - - default default] Successfully bumped revision number for resource cf890b87-59f7-4b24-953c-6f394ca8fe5f (type: ports) to 2
2026-04-27 22:17:26.507 10 INFO neutron.db.ovn_revision_numbers_db [None req-bbf0b5fa-dcbf-4af2-801e-4b7ebcf1b999 71b731fcd95c43709e42184cf1e66fa6 3dbf2db2dc6b47c8b797a63ffc1636d1 - - default default] Successfully bumped revision number for resource 66ffa820-e9bb-4d97-a154-f6a28c113912 (type: subnets) to 0
2026-04-27 22:17:26.536 9 INFO neutron.wsgi [None req-dad960f8-7928-49c2-bb73-302f5c81dfba deb7f9436ba04777bdace9cc6d5bc8b0 815f3c67b503466886e031bf8324ba89 - - default default] 10.0.0.63 "DELETE /v2.0/routers/6c13ded8-b770-41d6-8123-78c38e3f8174 HTTP/1.1" status: 204 len: 168 time: 1.0876503
2026-04-27 22:17:26.548 10 WARNING neutron.scheduler.dhcp_agent_scheduler [None req-bbf0b5fa-dcbf-4af2-801e-4b7ebcf1b999 71b731fcd95c43709e42184cf1e66fa6 3dbf2db2dc6b47c8b797a63ffc1636d1 - - default default] No more DHCP agents
2026-04-27 22:17:26.560 10 WARNING neutron.api.rpc.agentnotifiers.dhcp_rpc_agent_api [None req-bbf0b5fa-dcbf-4af2-801e-4b7ebcf1b999 71b731fcd95c43709e42184cf1e66fa6 3dbf2db2dc6b47c8b797a63ffc1636d1 - - default default] Unable to schedule network aa5c5ecd-2d10-43bc-a584-947fd9769bd6: no agents available; will retry on subsequent port and subnet creation events.
2026-04-27 22:17:26.753 9 INFO neutron.wsgi [None req-1b01e10d-5994-4c5d-bb2e-eaedff8c3533 deb7f9436ba04777bdace9cc6d5bc8b0 815f3c67b503466886e031bf8324ba89 - - default default] 10.0.0.63 "DELETE /v2.0/subnets/5ac7c087-05a6-4e41-8381-0e6933d30821 HTTP/1.1" status: 204 len: 168 time: 0.2118132
2026-04-27 22:17:26.869 10 INFO neutron.db.ovn_revision_numbers_db [None req-a5663cf7-f7a3-47fd-9e2f-aa3f62393486 9a28786a83004caea759142e112bd2a0 61757c2f7b3b4c35a8aa0aa13852c411 - - default default] Successfully bumped revision number for resource 66a276d4-0adb-4cad-962d-4a32aca0a618 (type: networks) to 1
2026-04-27 22:17:26.893 10 INFO neutron.wsgi [req-294a169c-9dd6-4cf1-b4e2-5028b7831841 req-2b264251-05c8-4778-a282-0760d479f8cd 704a36a6de1240e18012a19f0f05f720 2f9b73de570f4c89af39e63d7cdb54cd - - 40fd682ceee84a83889ba67ab46e917c 40fd682ceee84a83889ba67ab46e917c] 199.204.45.250 "GET /v2.0/ports?device_id=45eeb460-263e-4579-8a77-31e6bdb90872&fields=binding%3Ahost_id&fields=binding%3Avif_type HTTP/1.1" status: 200 len: 265 time: 0.0616152
2026-04-27 22:17:27.049 10 INFO neutron.wsgi [req-294a169c-9dd6-4cf1-b4e2-5028b7831841 req-7e490b01-7a84-4c26-9d16-4dd59a242ace 704a36a6de1240e18012a19f0f05f720 2f9b73de570f4c89af39e63d7cdb54cd - - 40fd682ceee84a83889ba67ab46e917c 40fd682ceee84a83889ba67ab46e917c] 199.204.45.250 "GET /v2.0/ports?tenant_id=46ca02a7f12d4b86ac0ad5deb5a984d1&device_id=45eeb460-263e-4579-8a77-31e6bdb90872 HTTP/1.1" status: 200 len: 1409 time: 0.0909810
2026-04-27 22:17:27.097 10 INFO neutron.wsgi [req-4508043b-363c-4508-b3df-02fbad15f55f req-2944f577-63b7-48e3-b236-6fdba5512f13 88bd2c6eb8764627aa7b7a32d3de9596 46ca02a7f12d4b86ac0ad5deb5a984d1 - - default default] 10.0.0.182 "GET /v2.0/ports?device_id=45eeb460-263e-4579-8a77-31e6bdb90872 HTTP/1.1" status: 200 len: 1170 time: 0.1013520
2026-04-27 22:17:27.113 9 INFO neutron.services.segments.plugin [-] Segment c1cc49a8-9c39-40a0-a6de-1ea435333072 resource provider aggregate not found
2026-04-27 22:17:27.119 9 INFO neutron.services.segments.plugin [-] Segment c1cc49a8-9c39-40a0-a6de-1ea435333072 resource provider aggregate not found
2026-04-27 22:17:27.135 9 INFO neutron.services.segments.plugin [-] Segment c1cc49a8-9c39-40a0-a6de-1ea435333072 resource provider not found; error: Placement Client Error (4xx): {"errors": [{"status": 404, "title": "Not Found", "detail": "The resource could not be found.\n\n No resource provider with uuid c1cc49a8-9c39-40a0-a6de-1ea435333072 found for delete ", "request_id": "req-825cd622-2be9-4936-9f66-afaa07f39105"}]}
2026-04-27 22:17:27.136 9 INFO neutron.services.segments.plugin [-] Segment c1cc49a8-9c39-40a0-a6de-1ea435333072 resource provider not found; error: Placement Client Error (4xx): {"errors": [{"status": 404, "title": "Not Found", "detail": "The resource could not be found.\n\n No resource provider with uuid c1cc49a8-9c39-40a0-a6de-1ea435333072 found for delete ", "request_id": "req-89f6a1ba-7635-4aa8-8329-09412892ceff"}]}
2026-04-27 22:17:27.161 9 INFO neutron.wsgi [None req-d8e8044a-6844-48ad-999f-d262373a33a1 deb7f9436ba04777bdace9cc6d5bc8b0 815f3c67b503466886e031bf8324ba89 - - default default] 10.0.0.63 "DELETE /v2.0/networks/7dc9a798-ad17-402b-9180-026e7077dec7 HTTP/1.1" status: 204 len: 168 time: 0.4018896
2026-04-27 22:17:27.202 10 INFO neutron.wsgi [req-294a169c-9dd6-4cf1-b4e2-5028b7831841 req-2e3b120c-070c-435e-b4f1-621608e56886 704a36a6de1240e18012a19f0f05f720 2f9b73de570f4c89af39e63d7cdb54cd - - 40fd682ceee84a83889ba67ab46e917c 40fd682ceee84a83889ba67ab46e917c] 199.204.45.250 "GET /v2.0/networks?id=87d4a1a3-692e-49f1-9d51-44d131b00a1b HTTP/1.1" status: 200 len: 968 time: 0.1294289
