Apr 08 05:23:15.863958 np0000164206 devstack@neutron-api.service[102229]: DEBUG neutron.plugins.ml2.drivers.ovn.mech_driver.ovsdb.ovsdb_monitor [None req-1f4a59ed-beb6-4a23-bdc3-a7a474b51ee3 None None] Touching Hash Ring node "449f6b82595f514baa1d4109b8f3d475" from IDL notify handler {{(pid=102229) notify /opt/stack/neutron/neutron/plugins/ml2/drivers/ovn/mech_driver/ovsdb/ovsdb_monitor.py:904}}
Apr 08 05:23:15.867038 np0000164206 devstack@neutron-api.service[102229]: DEBUG neutron.plugins.ml2.drivers.ovn.mech_driver.ovsdb.ovsdb_monitor [None req-1f4a59ed-beb6-4a23-bdc3-a7a474b51ee3 None None] Hash Ring: Node 449f6b82595f514baa1d4109b8f3d475 (host: np0000164206) handling event "update" for row 6f08d478-1c39-4314-8dc9-afbc0419c0ec (table: Logical_Switch) {{(pid=102229) notify /opt/stack/neutron/neutron/plugins/ml2/drivers/ovn/mech_driver/ovsdb/ovsdb_monitor.py:912}}
Apr 08 05:23:15.869869 np0000164206 devstack@neutron-api.service[102227]: DEBUG neutron.plugins.ml2.drivers.ovn.mech_driver.ovsdb.ovsdb_monitor [None req-10f1f9a2-feca-4eaa-a610-0ad37b84b7f8 None None] Hash Ring: Node 2b0993e7e839589ebc1c0c3b0c80d625 (host: np0000164206) handling event "create" for row 38e94a31-1c7f-4a20-a3f9-3bf4bde88aff (table: Logical_Switch_Port) {{(pid=102227) notify /opt/stack/neutron/neutron/plugins/ml2/drivers/ovn/mech_driver/ovsdb/ovsdb_monitor.py:912}}
Apr 08 05:23:15.872967 np0000164206 devstack@neutron-api.service[102227]: DEBUG ovsdbapp.backend.ovs_idl.event [None req-10f1f9a2-feca-4eaa-a610-0ad37b84b7f8 None None] Matched CREATE: LogicalSwitchPortCreateEvent(events=('create',), table='Logical_Switch_Port', conditions=[], old_conditions=None), priority=20 to row=Logical_Switch_Port(uuid=38e94a31-1c7f-4a20-a3f9-3bf4bde88aff, addresses=['fa:16:3e:8c:fe:ae'], dhcpv4_options=[], dhcpv6_options=[], dynamic_addresses=[], enabled=True, external_ids={'neutron:cidrs': '', 'neutron:device_id': 'ovnmeta-6f08d478-1c39-4314-8dc9-afbc0419c0ec', 'neutron:device_owner': 'network:distributed', 'neutron:mtu': '', 'neutron:network_name': 'neutron-6f08d478-1c39-4314-8dc9-afbc0419c0ec', 'neutron:port_capabilities': '', 'neutron:port_name': '', 'neutron:project_id': 'ba8c255cb1c5479bb0ca4c136f08f4e3', 'neutron:revision_number': '1', 'neutron:security_group_ids': '', 'neutron:subnet_pool_addr_scope4': '', 'neutron:subnet_pool_addr_scope6': '', 'neutron:vnic_type': 'normal'}, ha_chassis_group=[], mirror_rules=[], name='22a8b5a3-ad10-45f3-8d16-ed0bb16c7a52', options={}, parent_name=[], port_security=[], tag=[], tag_request=[], type='localport', up=[]) old= {{(pid=102227) matches /opt/stack/data/venv/lib/python3.12/site-packages/ovsdbapp/backend/ovs_idl/event.py:55}}
Apr 08 05:23:15.874686 np0000164206 devstack@neutron-api.service[102227]: INFO neutron.plugins.ml2.drivers.ovn.mech_driver.mech_driver [None req-b0c70300-0367-4f1c-b93f-6f8af674c8ab None None] OVN reports status down for port: 22a8b5a3-ad10-45f3-8d16-ed0bb16c7a52
Apr 08 05:23:15.877383 np0000164206 devstack@neutron-api.service[102227]: DEBUG neutron.plugins.ml2.drivers.ovn.mech_driver.ovsdb.ovsdb_monitor [None req-10f1f9a2-feca-4eaa-a610-0ad37b84b7f8 None None] Touching Hash Ring node "2b0993e7e839589ebc1c0c3b0c80d625" from IDL notify handler {{(pid=102227) notify /opt/stack/neutron/neutron/plugins/ml2/drivers/ovn/mech_driver/ovsdb/ovsdb_monitor.py:904}}
Apr 08 05:23:15.879981 np0000164206 devstack@neutron-api.service[102227]: DEBUG neutron.plugins.ml2.drivers.ovn.mech_driver.ovsdb.ovsdb_monitor [None req-10f1f9a2-feca-4eaa-a610-0ad37b84b7f8 None None] Hash Ring: Node 2b0993e7e839589ebc1c0c3b0c80d625 (host: np0000164206) handling event "update" for row 38e94a31-1c7f-4a20-a3f9-3bf4bde88aff (table: Logical_Switch_Port) {{(pid=102227) notify /opt/stack/neutron/neutron/plugins/ml2/drivers/ovn/mech_driver/ovsdb/ovsdb_monitor.py:912}}
Apr 08 05:23:15.890111 np0000164206 devstack@neutron-api.service[102230]: INFO neutron.db.ovn_revision_numbers_db [None req-7b918ec9-b86a-4ed7-85e6-e6a256b56f8c admin admin] Successfully bumped revision number for resource 22a8b5a3-ad10-45f3-8d16-ed0bb16c7a52 (type: ports) to 1
Apr 08 05:23:15.897596 np0000164206 devstack@neutron-api.service[102230]: DEBUG neutron.pecan_wsgi.hooks.policy_enforcement [None req-7b918ec9-b86a-4ed7-85e6-e6a256b56f8c admin admin] Attributes excluded by policy engine: ['standard_attr_id'] {{(pid=102230) _exclude_attributes_by_policy /opt/stack/neutron/neutron/pecan_wsgi/hooks/policy_enforcement.py:258}}
Apr 08 05:23:15.897954 np0000164206 devstack@neutron-api.service[102230]: DEBUG neutron_lib.callbacks.manager [None req-7b918ec9-b86a-4ed7-85e6-e6a256b56f8c admin admin] Publish callbacks [] for network (None), before_response {{(pid=102230) _notify_loop /opt/stack/data/venv/lib/python3.12/site-packages/neutron_lib/callbacks/manager.py:184}}
Apr 08 05:23:15.905475 np0000164206 devstack@neutron-api.service[102227]: DEBUG neutron.db.provisioning_blocks [None req-b0c70300-0367-4f1c-b93f-6f8af674c8ab None None] Transition to ACTIVE for port object 22a8b5a3-ad10-45f3-8d16-ed0bb16c7a52 will not be triggered until provisioned by entity L2. {{(pid=102227) add_provisioning_component /opt/stack/neutron/neutron/db/provisioning_blocks.py:74}}
Apr 08 05:23:15.911926 np0000164206 devstack@neutron-api.service[102230]: [pid: 102230|app: 0|req: 23/93] 199.204.45.35 () {68 vars in 1351 bytes} [Wed Apr 8 05:23:15 2026] POST /networking/v2.0/networks => generated 683 bytes in 626 msecs (HTTP/1.1 201) 4 headers in 162 bytes (1 switches on core 0)
Apr 08 05:23:15.930202 np0000164206 devstack@neutron-api.service[102227]: DEBUG neutron.plugins.ml2.plugin [None req-b0c70300-0367-4f1c-b93f-6f8af674c8ab None None] Current status of the port 22a8b5a3-ad10-45f3-8d16-ed0bb16c7a52 is: DOWN; New status is: DOWN {{(pid=102227) _update_individual_port_db_status /opt/stack/neutron/neutron/plugins/ml2/plugin.py:2468}}
Apr 08 05:23:15.931309 np0000164206 devstack@neutron-api.service[102227]: DEBUG ovsdbapp.backend.ovs_idl.transaction [None req-10f1f9a2-feca-4eaa-a610-0ad37b84b7f8 None None] Running txn n=1 command(idx=0): DbRemoveCommand(_result=None, table=Logical_Switch_Port, record=22a8b5a3-ad10-45f3-8d16-ed0bb16c7a52, column=external_ids, values=('neutron:host_id',), keyvalues={}, if_exists=True) {{(pid=102227) do_commit /opt/stack/data/venv/lib/python3.12/site-packages/ovsdbapp/backend/ovs_idl/transaction.py:89}}
Apr 08 05:23:16.119411 np0000164206 devstack@neutron-api.service[102228]: INFO neutron.pecan_wsgi.hooks.translation [None req-d5a62362-26f0-4845-8cd2-13455735b970 admin admin] GET failed (client error): The resource could not be found.
Apr 08 05:23:16.120235 np0000164206 devstack@neutron-api.service[102228]: [pid: 102228|app: 0|req: 25/94] 199.204.45.35 () {64 vars in 1327 bytes} [Wed Apr 8 05:23:16 2026] GET /networking/v2.0/networks/admin_net => generated 111 bytes in 11 msecs (HTTP/1.1 404) 4 headers in 164 bytes (1 switches on core 0)
Apr 08 05:23:16.164356 np0000164206 devstack@neutron-api.service[102227]: DEBUG neutron.pecan_wsgi.hooks.policy_enforcement [None req-e231627f-54d7-448e-baad-d2b3b83b07a9 admin admin] Attributes excluded by policy engine: ['standard_attr_id'] {{(pid=102227) _exclude_attributes_by_policy /opt/stack/neutron/neutron/pecan_wsgi/hooks/policy_enforcement.py:258}}
Apr 08 05:23:16.165286 np0000164206 devstack@neutron-api.service[102227]: [pid: 102227|app: 0|req: 24/95] 199.204.45.35 () {64 vars in 1339 bytes} [Wed Apr 8 05:23:16 2026] GET /networking/v2.0/networks?name=admin_net => generated 667 bytes in 35 msecs (HTTP/1.1 200) 4 headers in 157 bytes (1 switches on core 0)
Apr 08 05:23:16.370325 np0000164206 devstack@neutron-api.service[102229]: INFO neutron.pecan_wsgi.hooks.translation [None req-e0d7cfc0-7ce9-41f3-be66-539cdb62799b admin admin] GET failed (client error): The resource could not be found.
Apr 08 05:23:16.371203 np0000164206 devstack@neutron-api.service[102229]: [pid: 102229|app: 0|req: 24/96] 199.204.45.35 () {64 vars in 1333 bytes} [Wed Apr 8 05:23:16 2026] GET /networking/v2.0/subnets/admin_subnet => generated 112 bytes in 12 msecs (HTTP/1.1 404) 4 headers in 164 bytes (1 switches on core 0)
Apr 08 05:23:16.408201 np0000164206 devstack@neutron-api.service[102230]: [pid: 102230|app: 0|req: 24/97] 199.204.45.35 () {64 vars in 1342 bytes} [Wed Apr 8 05:23:16 2026] GET /networking/v2.0/subnets?name=admin_subnet => generated 14 bytes in 25 msecs (HTTP/1.1 200) 4 headers in 156 bytes (1 switches on core 0)
Apr 08 05:23:16.655422 np0000164206 devstack@neutron-api.service[102228]: DEBUG neutron.pecan_wsgi.hooks.policy_enforcement [None req-a3ba7a36-31ad-459f-b220-5f0849af5d02 admin admin] Attributes excluded by policy engine: ['standard_attr_id'] {{(pid=102228) _exclude_attributes_by_policy /opt/stack/neutron/neutron/pecan_wsgi/hooks/policy_enforcement.py:258}}
Apr 08 05:23:16.656098 np0000164206 devstack@neutron-api.service[102228]: [pid: 102228|app: 0|req: 26/98] 199.204.45.35 () {64 vars in 1408 bytes} [Wed Apr 8 05:23:16 2026] GET /networking/v2.0/networks/6f08d478-1c39-4314-8dc9-afbc0419c0ec => generated 664 bytes in 28 msecs (HTTP/1.1 200) 4 headers in 157 bytes (1 switches on core 0)
Apr 08 05:23:16.675541 np0000164206 devstack@neutron-api.service[102227]: DEBUG neutron.api.v2.base [None req-45229465-db67-4a24-8fe9-0563060555a4 admin admin] Request body: {'subnet': {'gateway_ip': None, 'network_id': '6f08d478-1c39-4314-8dc9-afbc0419c0ec', 'project_id': 'ba8c255cb1c5479bb0ca4c136f08f4e3', 'cidr': '10.2.5.0/24', 'ip_version': 4, 'name': 'admin_subnet'}} {{(pid=102227) prepare_request_body /opt/stack/neutron/neutron/api/v2/base.py:729}}
Apr 08 05:23:16.692198 np0000164206 devstack@neutron-api.service[102227]: DEBUG neutron.pecan_wsgi.hooks.quota_enforcement [None req-45229465-db67-4a24-8fe9-0563060555a4 admin admin] Made reservation on behalf of ba8c255cb1c5479bb0ca4c136f08f4e3 for: {'subnet': 1} {{(pid=102227) before /opt/stack/neutron/neutron/pecan_wsgi/hooks/quota_enforcement.py:66}}
Apr 08 05:23:16.695488 np0000164206 devstack@neutron-api.service[102227]: DEBUG neutron_lib.callbacks.manager [None req-45229465-db67-4a24-8fe9-0563060555a4 admin admin] Publish callbacks [] for subnet (None), before_create {{(pid=102227) _notify_loop /opt/stack/data/venv/lib/python3.12/site-packages/neutron_lib/callbacks/manager.py:184}}
Apr 08 05:23:16.756457 np0000164206 devstack@neutron-api.service[102227]: DEBUG neutron.db.ovn_revision_numbers_db [None req-45229465-db67-4a24-8fe9-0563060555a4 admin admin] create_initial_revision uuid=3270000e-6ef8-450a-b6c9-04e96e9eaad8, type=subnets, rev=-1 {{(pid=102227) create_initial_revision /opt/stack/neutron/neutron/db/ovn_revision_numbers_db.py:98}}
Apr 08 05:23:16.762396 np0000164206 devstack@neutron-api.service[102227]: DEBUG neutron_lib.callbacks.manager [None req-45229465-db67-4a24-8fe9-0563060555a4 admin admin] Publish callbacks ['neutron.plugins.ml2.ovo_rpc._ObjectChangeHandler.handle_event-1130705'] for subnet (3270000e-6ef8-450a-b6c9-04e96e9eaad8), after_create {{(pid=102227) _notify_loop /opt/stack/data/venv/lib/python3.12/site-packages/neutron_lib/callbacks/manager.py:184}}
Apr 08 05:23:16.777775 np0000164206 devstack@neutron-api.service[102227]: DEBUG neutron.api.rpc.handlers.resources_rpc [None req-45229465-db67-4a24-8fe9-0563060555a4 admin admin] Pushing event updated for resources: {'Subnet': ['ID=3270000e-6ef8-450a-b6c9-04e96e9eaad8,revision_number=0']} {{(pid=102227) push /opt/stack/neutron/neutron/api/rpc/handlers/resources_rpc.py:237}}
Apr 08 05:23:16.827684 np0000164206 devstack@neutron-api.service[102227]: DEBUG neutron_lib.callbacks.manager [None req-45229465-db67-4a24-8fe9-0563060555a4 admin admin] Publish callbacks ['neutron.plugins.ml2.plugin.SecurityGroupDbMixin._ensure_default_security_group_handler-60539', 'neutron.services.ovn_l3.plugin.OVNL3RouterPlugin._port_update-8183364042682', 'neutron.db.l3_db.L3_NAT_dbonly_mixin._prevent_internal_ip_change_for_fip-8183365585490'] for port (22a8b5a3-ad10-45f3-8d16-ed0bb16c7a52), before_update {{(pid=102227) _notify_loop /opt/stack/data/venv/lib/python3.12/site-packages/neutron_lib/callbacks/manager.py:184}}
Apr 08 05:23:16.903695 np0000164206 devstack@neutron-api.service[102227]: DEBUG neutron.db.db_base_plugin_common [None req-45229465-db67-4a24-8fe9-0563060555a4 admin admin] Allocated IP 10.2.5.1 (6f08d478-1c39-4314-8dc9-afbc0419c0ec/3270000e-6ef8-450a-b6c9-04e96e9eaad8/22a8b5a3-ad10-45f3-8d16-ed0bb16c7a52) {{(pid=102227) _store_ip_allocation /opt/stack/neutron/neutron/db/db_base_plugin_common.py:131}}
Apr 08 05:23:16.962624 np0000164206 devstack@neutron-api.service[102227]: DEBUG neutron_lib.callbacks.manager [None req-45229465-db67-4a24-8fe9-0563060555a4 admin admin] Publish callbacks [] for port (22a8b5a3-ad10-45f3-8d16-ed0bb16c7a52), precommit_update {{(pid=102227) _notify_loop /opt/stack/data/venv/lib/python3.12/site-packages/neutron_lib/callbacks/manager.py:184}}
Apr 08 05:23:16.962833 np0000164206 devstack@neutron-api.service[102227]: DEBUG neutron.plugins.ml2.drivers.ovn.mech_driver.mech_driver [None req-45229465-db67-4a24-8fe9-0563060555a4 admin admin] No provisioning block for port 22a8b5a3-ad10-45f3-8d16-ed0bb16c7a52 since it does not have a host {{(pid=102227) _is_port_provisioning_required /opt/stack/neutron/neutron/plugins/ml2/drivers/ovn/mech_driver/mech_driver.py:884}}
Apr 08 05:23:16.975667 np0000164206 devstack@neutron-api.service[102227]: DEBUG neutron_lib.callbacks.manager [None req-45229465-db67-4a24-8fe9-0563060555a4 admin admin] Publish callbacks ['neutron.plugins.ml2.ovo_rpc._ObjectChangeHandler.handle_event-1130712', 'neutron.db.l3_db.L3RpcNotifierMixin._notify_gateway_port_ip_changed-8183365587918', 'neutron.services.ovn_l3.plugin.OVNL3RouterPlugin._port_update-8183364042682'] for port (22a8b5a3-ad10-45f3-8d16-ed0bb16c7a52), after_update {{(pid=102227) _notify_loop /opt/stack/data/venv/lib/python3.12/site-packages/neutron_lib/callbacks/manager.py:184}}
Apr 08 05:23:17.005245 np0000164206 devstack@neutron-api.service[102227]: DEBUG neutron.api.rpc.handlers.resources_rpc [None req-45229465-db67-4a24-8fe9-0563060555a4 admin admin] Pushing event updated for resources: {'Port': ['ID=22a8b5a3-ad10-45f3-8d16-ed0bb16c7a52,revision_number=2']} {{(pid=102227) push /opt/stack/neutron/neutron/api/rpc/handlers/resources_rpc.py:237}}
Apr 08 05:23:17.098905 np0000164206 devstack@neutron-api.service[102227]: DEBUG ovsdbapp.backend.ovs_idl.transaction [None req-10f1f9a2-feca-4eaa-a610-0ad37b84b7f8 None None] Running txn n=1 command(idx=0): CheckRevisionNumberCommand(_result=None, name=22a8b5a3-ad10-45f3-8d16-ed0bb16c7a52, resource={'id': '22a8b5a3-ad10-45f3-8d16-ed0bb16c7a52', 'name': '', 'network_id': '6f08d478-1c39-4314-8dc9-afbc0419c0ec', 'project_id': 'ba8c255cb1c5479bb0ca4c136f08f4e3', 'mac_address': 'fa:16:3e:8c:fe:ae', 'admin_state_up': True, 'status': 'DOWN', 'device_id': 'ovnmeta-6f08d478-1c39-4314-8dc9-afbc0419c0ec', 'device_owner': 'network:distributed', 'standard_attr_id': 44, 'fixed_ips': [{'subnet_id': '3270000e-6ef8-450a-b6c9-04e96e9eaad8', 'ip_address': '10.2.5.1'}], 'allowed_address_pairs': [], 'extra_dhcp_opts': [], 'security_groups': [], 'description': '', 'binding:vnic_type': 'normal', 'binding:profile': {}, 'binding:host_id': '', 'binding:vif_type': 'unbound', 'binding:vif_details': {}, 'port_security_enabled': False, 'tags': [], 'created_at': '2026-04-08T05:23:15Z', 'updated_at': '2026-04-08T05:23:16Z', 'revision_number': 2, 'tenant_id': 'ba8c255cb1c5479bb0ca4c136f08f4e3', 'network': {'id': '6f08d478-1c39-4314-8dc9-afbc0419c0ec', 'name': 'admin_net', 'tenant_id': 'ba8c255cb1c5479bb0ca4c136f08f4e3', 'project_id': 'ba8c255cb1c5479bb0ca4c136f08f4e3', 'admin_state_up': True, 'mtu': 1372, 'status': 'ACTIVE', 'subnets': ['3270000e-6ef8-450a-b6c9-04e96e9eaad8'], 'standard_attr_id': 42, 'shared': False, 'availability_zone_hints': [], 'availability_zones': [], 'ipv4_address_scope': None, 'ipv6_address_scope': None, 'router:external': False, 'qinq': False, 'vlan_transparent': False, 'description': '', 'port_security_enabled': True, 'tags': [], 'created_at': '2026-04-08T05:23:15Z', 'updated_at': '2026-04-08T05:23:16Z', 'revision_number': 2, 'provider:network_type': 'geneve', 'provider:physical_network': None, 'provider:segmentation_id': 21780}}, resource_type=ports, if_exists=True) {{(pid=102227) do_commit /opt/stack/data/venv/lib/python3.12/site-packages/ovsdbapp/backend/ovs_idl/transaction.py:89}}
Apr 08 05:23:17.099470 np0000164206 devstack@neutron-api.service[102227]: DEBUG ovsdbapp.backend.ovs_idl.transaction [None req-10f1f9a2-feca-4eaa-a610-0ad37b84b7f8 None None] Running txn n=1 command(idx=1): AddDHCPOptionsCommand(_result=None, columns={'cidr': '10.2.5.0/24', 'options': {'server_id': '10.2.5.1', 'lease_time': '43200', 'mtu': '1372', 'server_mac': 'fa:16:3e:cd:4f:4b', 'dns_server': '{127.0.0.53}', 'classless_static_route': '{169.254.169.254/32,10.2.5.1}'}, 'external_ids': {'subnet_id': '3270000e-6ef8-450a-b6c9-04e96e9eaad8', 'neutron:network_id': '6f08d478-1c39-4314-8dc9-afbc0419c0ec', 'neutron:revision_number': '0'}}, may_exist=True, subnet_id=3270000e-6ef8-450a-b6c9-04e96e9eaad8, port_id=None, new_insert=False) {{(pid=102227) do_commit /opt/stack/data/venv/lib/python3.12/site-packages/ovsdbapp/backend/ovs_idl/transaction.py:89}}
Apr 08 05:23:17.100124 np0000164206 devstack@neutron-api.service[102227]: DEBUG ovsdbapp.backend.ovs_idl.transaction [None req-10f1f9a2-feca-4eaa-a610-0ad37b84b7f8 None None] Running txn n=1 command(idx=2): SetLSwitchPortCommand(_result=None, lport=22a8b5a3-ad10-45f3-8d16-ed0bb16c7a52, external_ids_update=None, columns={'external_ids': {'neutron:port_name': '', 'neutron:device_id': 'ovnmeta-6f08d478-1c39-4314-8dc9-afbc0419c0ec', 'neutron:project_id': 'ba8c255cb1c5479bb0ca4c136f08f4e3', 'neutron:cidrs': '10.2.5.1/24', 'neutron:device_owner': 'network:distributed', 'neutron:subnet_pool_addr_scope4': '', 'neutron:subnet_pool_addr_scope6': '', 'neutron:network_name': 'neutron-6f08d478-1c39-4314-8dc9-afbc0419c0ec', 'neutron:security_group_ids': '', 'neutron:revision_number': '2', 'neutron:vnic_type': 'normal', 'neutron:port_capabilities': '', 'neutron:mtu': ''}, 'parent_name': [], 'tag': [], 'options': {}, 'enabled': True, 'port_security': [], 'dhcpv4_options': [], 'dhcpv6_options': [], 'type': 'localport', 'addresses': ['fa:16:3e:8c:fe:ae 10.2.5.1'], 'ha_chassis_group': []}, if_exists=False) {{(pid=102227) do_commit /opt/stack/data/venv/lib/python3.12/site-packages/ovsdbapp/backend/ovs_idl/transaction.py:89}}
Apr 08 05:23:17.101673 np0000164206 devstack@neutron-api.service[102227]: DEBUG ovsdbapp.backend.ovs_idl.transaction [None req-10f1f9a2-feca-4eaa-a610-0ad37b84b7f8 None None] Running txn n=1 command(idx=3): PgDelPortCommand(_result=None, port_group=neutron_pg_drop, lsp=['22a8b5a3-ad10-45f3-8d16-ed0bb16c7a52'], if_exists=False) {{(pid=102227) do_commit /opt/stack/data/venv/lib/python3.12/site-packages/ovsdbapp/backend/ovs_idl/transaction.py:89}}
Apr 08 05:23:17.151763 np0000164206 devstack@neutron-api.service[102229]: DEBUG neutron.plugins.ml2.drivers.ovn.mech_driver.ovsdb.ovsdb_monitor [None req-1f4a59ed-beb6-4a23-bdc3-a7a474b51ee3 None None] Touching Hash Ring node "449f6b82595f514baa1d4109b8f3d475" from IDL notify handler {{(pid=102229) notify /opt/stack/neutron/neutron/plugins/ml2/drivers/ovn/mech_driver/ovsdb/ovsdb_monitor.py:904}}
Apr 08 05:23:17.152856 np0000164206 devstack@neutron-api.service[102227]: DEBUG neutron.plugins.ml2.drivers.ovn.mech_driver.ovsdb.ovsdb_monitor [None req-10f1f9a2-feca-4eaa-a610-0ad37b84b7f8 None None] Touching Hash Ring node "2b0993e7e839589ebc1c0c3b0c80d625" from IDL notify handler {{(pid=102227) notify /opt/stack/neutron/neutron/plugins/ml2/drivers/ovn/mech_driver/ovsdb/ovsdb_monitor.py:904}}
Apr 08 05:23:17.157064 np0000164206 devstack@neutron-api.service[102229]: DEBUG neutron.plugins.ml2.drivers.ovn.mech_driver.ovsdb.ovsdb_monitor [None req-ac388179-8ce8-4ccd-888a-198319e70a69 None None] Hash Ring: Node 449f6b82595f514baa1d4109b8f3d475 (host: np0000164206) handling event "update" for row ff2e5499-5f5b-4aeb-a8a4-492cb0105efd (table: Port_Binding) {{(pid=102229) notify /opt/stack/neutron/neutron/plugins/ml2/drivers/ovn/mech_driver/ovsdb/ovsdb_monitor.py:912}}
Apr 08 05:23:17.161189 np0000164206 devstack@neutron-api.service[102227]: DEBUG neutron.plugins.ml2.drivers.ovn.mech_driver.ovsdb.ovsdb_monitor [None req-10f1f9a2-feca-4eaa-a610-0ad37b84b7f8 None None] Hash Ring: Node 2b0993e7e839589ebc1c0c3b0c80d625 (host: np0000164206) handling event "update" for row 38e94a31-1c7f-4a20-a3f9-3bf4bde88aff (table: Logical_Switch_Port) {{(pid=102227) notify /opt/stack/neutron/neutron/plugins/ml2/drivers/ovn/mech_driver/ovsdb/ovsdb_monitor.py:912}}
Apr 08 05:23:17.162125 np0000164206 devstack@neutron-api.service[102229]: DEBUG neutron.plugins.ml2.drivers.ovn.mech_driver.ovsdb.ovsdb_monitor [None req-1f4a59ed-beb6-4a23-bdc3-a7a474b51ee3 None None] Hash Ring: Node 449f6b82595f514baa1d4109b8f3d475 (host: np0000164206) handling event "create" for row c900bb7c-f558-4d00-968d-e51659b3327e (table: DHCP_Options) {{(pid=102229) notify /opt/stack/neutron/neutron/plugins/ml2/drivers/ovn/mech_driver/ovsdb/ovsdb_monitor.py:912}}
Apr 08 05:23:17.191974 np0000164206 devstack@neutron-api.service[102227]: INFO neutron.db.ovn_revision_numbers_db [None req-45229465-db67-4a24-8fe9-0563060555a4 admin admin] Successfully bumped revision number for resource 22a8b5a3-ad10-45f3-8d16-ed0bb16c7a52 (type: ports) to 2
Apr 08 05:23:17.201337 np0000164206 devstack@neutron-api.service[102227]: DEBUG neutron.plugins.ml2.plugin [None req-45229465-db67-4a24-8fe9-0563060555a4 admin admin] In _notify_port_updated(), no bound segment for port 22a8b5a3-ad10-45f3-8d16-ed0bb16c7a52 on network 6f08d478-1c39-4314-8dc9-afbc0419c0ec {{(pid=102227) _notify_port_updated /opt/stack/neutron/neutron/plugins/ml2/plugin.py:1036}}
Apr 08 05:23:17.222215 np0000164206 devstack@neutron-api.service[102227]: INFO neutron.db.ovn_revision_numbers_db [None req-45229465-db67-4a24-8fe9-0563060555a4 admin admin] Successfully bumped revision number for resource 3270000e-6ef8-450a-b6c9-04e96e9eaad8 (type: subnets) to 0
Apr 08 05:23:17.223939 np0000164206 devstack@neutron-api.service[102227]: DEBUG neutron.pecan_wsgi.hooks.policy_enforcement [None req-45229465-db67-4a24-8fe9-0563060555a4 admin admin] Attributes excluded by policy engine: ['standard_attr_id', 'shared', 'network'] {{(pid=102227) _exclude_attributes_by_policy /opt/stack/neutron/neutron/pecan_wsgi/hooks/policy_enforcement.py:258}}
Apr 08 05:23:17.224292 np0000164206 devstack@neutron-api.service[102227]: DEBUG neutron_lib.callbacks.manager [None req-45229465-db67-4a24-8fe9-0563060555a4 admin admin] Publish callbacks [] for subnet (None), before_response {{(pid=102227) _notify_loop /opt/stack/data/venv/lib/python3.12/site-packages/neutron_lib/callbacks/manager.py:184}}
Apr 08 05:23:17.237635 np0000164206 devstack@neutron-api.service[102227]: [pid: 102227|app: 0|req: 25/99] 199.204.45.35 () {68 vars in 1348 bytes} [Wed Apr 8 05:23:16 2026] POST /networking/v2.0/subnets => generated 625 bytes in 567 msecs (HTTP/1.1 201) 4 headers in 162 bytes (1 switches on core 0)
Apr 08 05:23:17.451567 np0000164206 devstack@neutron-api.service[102229]: INFO neutron.pecan_wsgi.hooks.translation [None req-218eb146-c5a1-49a9-ae74-d6404af1eac2 admin admin] GET failed (client error): The resource could not be found.
Apr 08 05:23:17.452211 np0000164206 devstack@neutron-api.service[102229]: [pid: 102229|app: 0|req: 25/100] 199.204.45.35 () {64 vars in 1333 bytes} [Wed Apr 8 05:23:17 2026] GET /networking/v2.0/subnets/admin_subnet => generated 112 bytes in 12 msecs (HTTP/1.1 404) 4 headers in 164 bytes (1 switches on core 0)
Apr 08 05:23:17.488784 np0000164206 devstack@neutron-api.service[102230]: DEBUG neutron.pecan_wsgi.hooks.policy_enforcement [None req-ba0dc75b-585f-4efa-8bc9-a388ba85faae admin admin] Attributes excluded by policy engine: ['standard_attr_id', 'shared'] {{(pid=102230) _exclude_attributes_by_policy /opt/stack/neutron/neutron/pecan_wsgi/hooks/policy_enforcement.py:258}}
Apr 08 05:23:17.489719 np0000164206 devstack@neutron-api.service[102230]: [pid: 102230|app: 0|req: 25/101] 199.204.45.35 () {64 vars in 1342 bytes} [Wed Apr 8 05:23:17 2026] GET /networking/v2.0/subnets?name=admin_subnet => generated 628 bytes in 26 msecs (HTTP/1.1 200) 4 headers in 157 bytes (1 switches on core 0)
Apr 08 05:23:20.514945 np0000164206 devstack@neutron-api.service[102228]: DEBUG neutron.plugins.ml2.drivers.ovn.mech_driver.ovsdb.ovsdb_monitor [None req-7b61b3f7-1a23-45cc-99d9-fde48f0a96ec None None] ChassisOVNAgentWriteEvent : Matched Chassis_Private, update, None None {{(pid=102228) matches /opt/stack/neutron/neutron/plugins/ml2/drivers/ovn/mech_driver/ovsdb/ovsdb_monitor.py:64}}
Apr 08 05:23:20.515724 np0000164206 devstack@neutron-api.service[102230]: DEBUG neutron.plugins.ml2.drivers.ovn.mech_driver.ovsdb.ovsdb_monitor [None req-992e410f-671b-4f0f-ad2d-6facadbc9273 None None] ChassisOVNAgentWriteEvent : Matched Chassis_Private, update, None None {{(pid=102230) matches /opt/stack/neutron/neutron/plugins/ml2/drivers/ovn/mech_driver/ovsdb/ovsdb_monitor.py:64}}
Apr 08 05:23:20.516112 np0000164206 devstack@neutron-api.service[102229]: DEBUG neutron.plugins.ml2.drivers.ovn.mech_driver.ovsdb.ovsdb_monitor [None req-ac388179-8ce8-4ccd-888a-198319e70a69 None None] ChassisOVNAgentWriteEvent : Matched Chassis_Private, update, None None {{(pid=102229) matches /opt/stack/neutron/neutron/plugins/ml2/drivers/ovn/mech_driver/ovsdb/ovsdb_monitor.py:64}}
Apr 08 05:23:20.519004 np0000164206 devstack@neutron-api.service[102227]: DEBUG neutron.plugins.ml2.drivers.ovn.mech_driver.ovsdb.ovsdb_monitor [None req-f8c48b63-791a-443a-a457-77b0490737c3 None None] ChassisOVNAgentWriteEvent : Matched Chassis_Private, update, None None {{(pid=102227) matches /opt/stack/neutron/neutron/plugins/ml2/drivers/ovn/mech_driver/ovsdb/ovsdb_monitor.py:64}}
Apr 08 05:23:20.519488 np0000164206 devstack@neutron-api.service[102227]: DEBUG neutron.plugins.ml2.drivers.ovn.mech_driver.ovsdb.ovsdb_monitor [None req-f8c48b63-791a-443a-a457-77b0490737c3 None None] Hash Ring: Node 2b0993e7e839589ebc1c0c3b0c80d625 (host: np0000164206) handling event "update" for row ae4cdaa8-e3ab-4f94-9a18-721f01f9d234 (table: Chassis_Private) {{(pid=102227) notify /opt/stack/neutron/neutron/plugins/ml2/drivers/ovn/mech_driver/ovsdb/ovsdb_monitor.py:912}}
Apr 08 05:23:21.707600 np0000164206 devstack@neutron-api.service[102228]: DEBUG futurist.periodics [-] Submitting periodic callback 'neutron.plugins.ml2.drivers.ovn.mech_driver.ovsdb.maintenance.HashRingHealthCheckPeriodics.touch_hash_ring_node' {{(pid=102228) _process_scheduled /opt/stack/data/venv/lib/python3.12/site-packages/futurist/periodics.py:784}}
Apr 08 05:23:21.708504 np0000164206 devstack@neutron-api.service[102228]: DEBUG neutron.plugins.ml2.drivers.ovn.mech_driver.ovsdb.maintenance [-] Touching Hash Ring node "1d7d90a0d56659da99a75856c5d6d781" from periodic health check thread {{(pid=102228) touch_hash_ring_node /opt/stack/neutron/neutron/plugins/ml2/drivers/ovn/mech_driver/ovsdb/maintenance.py:1232}}
Apr 08 05:23:22.214693 np0000164206 devstack@neutron-api.service[102228]: [pid: 102228|app: 0|req: 27/102] 199.204.45.35 () {64 vars in 1362 bytes} [Wed Apr 8 05:23:21 2026] GET /networking/v2.0/ports?device_id=manila-admin-share&binding%3Ahost_id=np0000164206 => generated 12 bytes in 269 msecs (HTTP/1.1 200) 4 headers in 156 bytes (1 switches on core 0)
Apr 08 05:23:22.264777 np0000164206 devstack@neutron-api.service[102227]: DEBUG neutron.api.wsgi [None req-94176ae4-6408-425e-a5c6-c43d130759b4 service neutron] Missing Content-Type {{(pid=102227) get_content_type /opt/stack/neutron/neutron/api/wsgi.py:85}}
Apr 08 05:23:22.264777 np0000164206 devstack@neutron-api.service[102227]: DEBUG neutron.api.wsgi [None req-94176ae4-6408-425e-a5c6-c43d130759b4 service neutron] https://199.204.45.35/networking/v2.0/extensions returned with HTTP 200 {{(pid=102227) __call__ /opt/stack/neutron/neutron/api/wsgi.py:545}}
Apr 08 05:23:22.264777 np0000164206 devstack@neutron-api.service[102227]: [pid: 102227|app: 0|req: 26/103] 199.204.45.35 () {64 vars in 1258 bytes} [Wed Apr 8 05:23:22 2026] GET /networking/v2.0/extensions => generated 15208 bytes in 6 msecs (HTTP/1.1 200) 4 headers in 159 bytes (1 switches on core 0)
Apr 08 05:23:22.308896 np0000164206 devstack@neutron-api.service[102229]: DEBUG neutron.api.v2.base [None req-94fe6a4f-8ef5-4f08-905a-3d25ce275d25 service neutron] Request body: {'port': {'network_id': '6f08d478-1c39-4314-8dc9-afbc0419c0ec', 'admin_state_up': True, 'tenant_id': 'ba8c255cb1c5479bb0ca4c136f08f4e3', 'port_security_enabled': False, 'binding:host_id': 'np0000164206', 'fixed_ips': [{'subnet_id': '3270000e-6ef8-450a-b6c9-04e96e9eaad8'}], 'device_owner': 'manila:share', 'device_id': 'manila-admin-share'}} {{(pid=102229) prepare_request_body /opt/stack/neutron/neutron/api/v2/base.py:729}}
Apr 08 05:23:22.329803 np0000164206 devstack@neutron-api.service[102229]: DEBUG neutron.pecan_wsgi.hooks.quota_enforcement [None req-94fe6a4f-8ef5-4f08-905a-3d25ce275d25 service neutron] Made reservation on behalf of ba8c255cb1c5479bb0ca4c136f08f4e3 for: {'port': 1} {{(pid=102229) before /opt/stack/neutron/neutron/pecan_wsgi/hooks/quota_enforcement.py:66}}
Apr 08 05:23:22.338043 np0000164206 devstack@neutron-api.service[102229]: DEBUG neutron_lib.callbacks.manager [None req-94fe6a4f-8ef5-4f08-905a-3d25ce275d25 service neutron] Publish callbacks ['neutron.plugins.ml2.plugin.SecurityGroupDbMixin._ensure_default_security_group_handler-489745'] for port (None), before_create {{(pid=102229) _notify_loop /opt/stack/data/venv/lib/python3.12/site-packages/neutron_lib/callbacks/manager.py:184}}
Apr 08 05:23:22.396803 np0000164206 devstack@neutron-api.service[102229]: DEBUG neutron.db.db_base_plugin_common [None req-94fe6a4f-8ef5-4f08-905a-3d25ce275d25 service neutron] Allocated IP 10.2.5.144 (6f08d478-1c39-4314-8dc9-afbc0419c0ec/3270000e-6ef8-450a-b6c9-04e96e9eaad8/8db1707c-06f0-484a-a3c0-8f2acb3615f4) {{(pid=102229) _store_ip_allocation /opt/stack/neutron/neutron/db/db_base_plugin_common.py:131}}
Apr 08 05:23:22.462790 np0000164206 devstack@neutron-api.service[102229]: DEBUG neutron_lib.callbacks.manager [None req-94fe6a4f-8ef5-4f08-905a-3d25ce275d25 service neutron] Publish callbacks ['neutron.plugins.ml2.drivers.ovn.mech_driver.mech_driver.OVNMechanismDriver._validate_allowed_address_pairs-858432'] for allowed_address_pair (8db1707c-06f0-484a-a3c0-8f2acb3615f4), before_create {{(pid=102229) _notify_loop /opt/stack/data/venv/lib/python3.12/site-packages/neutron_lib/callbacks/manager.py:184}}
Apr 08 05:23:22.464920 np0000164206 devstack@neutron-api.service[102229]: DEBUG neutron_lib.callbacks.manager [None req-94fe6a4f-8ef5-4f08-905a-3d25ce275d25 service neutron] Publish callbacks [] for port (8db1707c-06f0-484a-a3c0-8f2acb3615f4), precommit_create {{(pid=102229) _notify_loop /opt/stack/data/venv/lib/python3.12/site-packages/neutron_lib/callbacks/manager.py:184}}
Apr 08 05:23:22.468314 np0000164206 devstack@neutron-api.service[102229]: DEBUG neutron.db.provisioning_blocks [None req-94fe6a4f-8ef5-4f08-905a-3d25ce275d25 service neutron] Transition to ACTIVE for port object 8db1707c-06f0-484a-a3c0-8f2acb3615f4 will not be triggered until provisioned by entity L2. {{(pid=102229) add_provisioning_component /opt/stack/neutron/neutron/db/provisioning_blocks.py:74}}
Apr 08 05:23:22.468545 np0000164206 devstack@neutron-api.service[102229]: DEBUG neutron.db.ovn_revision_numbers_db [None req-94fe6a4f-8ef5-4f08-905a-3d25ce275d25 service neutron] create_initial_revision uuid=8db1707c-06f0-484a-a3c0-8f2acb3615f4, type=ports, rev=-1 {{(pid=102229) create_initial_revision /opt/stack/neutron/neutron/db/ovn_revision_numbers_db.py:98}}
Apr 08 05:23:22.479263 np0000164206 devstack@neutron-api.service[102229]: DEBUG neutron_lib.callbacks.manager [None req-94fe6a4f-8ef5-4f08-905a-3d25ce275d25 service neutron] Publish callbacks ['neutron.plugins.ml2.ovo_rpc._ObjectChangeHandler.handle_event-1670979'] for port (8db1707c-06f0-484a-a3c0-8f2acb3615f4), after_create {{(pid=102229) _notify_loop /opt/stack/data/venv/lib/python3.12/site-packages/neutron_lib/callbacks/manager.py:184}}
Apr 08 05:23:22.505656 np0000164206 devstack@neutron-api.service[102229]: DEBUG neutron.api.rpc.handlers.resources_rpc [None req-94fe6a4f-8ef5-4f08-905a-3d25ce275d25 service neutron] Pushing event updated for resources: {'Port': ['ID=8db1707c-06f0-484a-a3c0-8f2acb3615f4,revision_number=1']} {{(pid=102229) push /opt/stack/neutron/neutron/api/rpc/handlers/resources_rpc.py:237}}
Apr 08 05:23:22.510386 np0000164206 devstack@neutron-api.service[102229]: DEBUG neutron.api.rpc.callbacks.version_manager [None req-94fe6a4f-8ef5-4f08-905a-3d25ce275d25 service neutron] Tracked resource versions report:
Apr 08 05:23:22.510386 np0000164206 devstack@neutron-api.service[102229]: pushed versions:
Apr 08 05:23:22.510386 np0000164206 devstack@neutron-api.service[102229]: { 'AddressGroup': {'1.2'},
Apr 08 05:23:22.510386 np0000164206 devstack@neutron-api.service[102229]: 'Agent': {'1.1'},
Apr 08 05:23:22.510386 np0000164206 devstack@neutron-api.service[102229]: 'ConntrackHelper': {'1.0'},
Apr 08 05:23:22.510386 np0000164206 devstack@neutron-api.service[102229]: 'LocalIPAssociation': {'1.0'},
Apr 08 05:23:22.510386 np0000164206 devstack@neutron-api.service[102229]: 'Log': {'1.0'},
Apr 08 05:23:22.510386 np0000164206 devstack@neutron-api.service[102229]: 'NDPProxy': {'1.0'},
Apr 08 05:23:22.510386 np0000164206 devstack@neutron-api.service[102229]: 'Network': {'1.2'},
Apr 08 05:23:22.510386 np0000164206 devstack@neutron-api.service[102229]: 'Port': {'1.10'},
Apr 08 05:23:22.510386 np0000164206 devstack@neutron-api.service[102229]: 'PortForwarding': {'1.3'},
Apr 08 05:23:22.510386 np0000164206 devstack@neutron-api.service[102229]: 'QosPolicy': {'1.10'},
Apr 08 05:23:22.510386 np0000164206 devstack@neutron-api.service[102229]: 'SecurityGroup': {'1.6'},
Apr 08 05:23:22.510386 np0000164206 devstack@neutron-api.service[102229]: 'SecurityGroupRule': {'1.3'},
Apr 08 05:23:22.510386 np0000164206 devstack@neutron-api.service[102229]: 'SubPort': {'1.0'},
Apr 08 05:23:22.510386 np0000164206 devstack@neutron-api.service[102229]: 'Subnet': {'1.2'},
Apr 08 05:23:22.510386 np0000164206 devstack@neutron-api.service[102229]: 'Trunk': {'1.1'}}
Apr 08 05:23:22.510386 np0000164206 devstack@neutron-api.service[102229]: consumer versions:
Apr 08 05:23:22.510386 np0000164206 devstack@neutron-api.service[102229]: { OVN Controller Gateway agent@np0000164206: {},
Apr 08 05:23:22.510386 np0000164206 devstack@neutron-api.service[102229]: OVN Neutron agent@np0000164206: {}}
Apr 08 05:23:22.510386 np0000164206 devstack@neutron-api.service[102229]: {{(pid=102229) report /opt/stack/neutron/neutron/api/rpc/callbacks/version_manager.py:183}}
Apr 08 05:23:22.541631 np0000164206 devstack@neutron-api.service[102229]: DEBUG ovsdbapp.backend.ovs_idl.transaction [None req-1f4a59ed-beb6-4a23-bdc3-a7a474b51ee3 None None] Running txn n=1 command(idx=0): AddLSwitchPortCommand(_result=None, lport=8db1707c-06f0-484a-a3c0-8f2acb3615f4, lswitch=neutron-6f08d478-1c39-4314-8dc9-afbc0419c0ec, may_exist=True, network_uuid=6f08d478-1c39-4314-8dc9-afbc0419c0ec, columns={'addresses': ['fa:16:3e:ff:db:09 10.2.5.144', 'unknown'], 'external_ids': {'neutron:port_name': '', 'neutron:device_id': 'manila-admin-share', 'neutron:project_id': 'ba8c255cb1c5479bb0ca4c136f08f4e3', 'neutron:cidrs': '10.2.5.144/24', 'neutron:device_owner': 'manila:share', 'neutron:subnet_pool_addr_scope4': '', 'neutron:subnet_pool_addr_scope6': '', 'neutron:network_name': 'neutron-6f08d478-1c39-4314-8dc9-afbc0419c0ec', 'neutron:security_group_ids': '', 'neutron:revision_number': '1', 'neutron:vnic_type': 'normal', 'neutron:port_capabilities': '', 'neutron:mtu': ''}, 'parent_name': [], 'tag': [], 'enabled': True, 'options': {'requested-chassis': 'np0000164206'}, 'type': '', 'port_security': [], 'dhcpv4_options': [UUID('c900bb7c-f558-4d00-968d-e51659b3327e')], 'dhcpv6_options': []}) {{(pid=102229) do_commit /opt/stack/data/venv/lib/python3.12/site-packages/ovsdbapp/backend/ovs_idl/transaction.py:89}}
Apr 08 05:23:22.542234 np0000164206 devstack@neutron-api.service[102229]: DEBUG ovsdbapp.backend.ovs_idl.transaction [None req-1f4a59ed-beb6-4a23-bdc3-a7a474b51ee3 None None] Running txn n=1 command(idx=1): QoSDelCommand(_result=None, switch=neutron-6f08d478-1c39-4314-8dc9-afbc0419c0ec, conditions=[('direction', '=', 'to-lport'), ('priority', '=', 2002), ('match', '=', 'outport == "8db1707c-06f0-484a-a3c0-8f2acb3615f4"')], if_exists=True) {{(pid=102229) do_commit /opt/stack/data/venv/lib/python3.12/site-packages/ovsdbapp/backend/ovs_idl/transaction.py:89}}
Apr 08 05:23:22.542473 np0000164206 devstack@neutron-api.service[102229]: DEBUG ovsdbapp.backend.ovs_idl.transaction [None req-1f4a59ed-beb6-4a23-bdc3-a7a474b51ee3 None None] Running txn n=1 command(idx=2): QoSDelCommand(_result=None, switch=neutron-6f08d478-1c39-4314-8dc9-afbc0419c0ec, conditions=[('direction', '=', 'from-lport'), ('priority', '=', 2002), ('match', '=', 'inport == "8db1707c-06f0-484a-a3c0-8f2acb3615f4"')], if_exists=True) {{(pid=102229) do_commit /opt/stack/data/venv/lib/python3.12/site-packages/ovsdbapp/backend/ovs_idl/transaction.py:89}}
Apr 08 05:23:22.547209 np0000164206 devstack@neutron-api.service[102229]: DEBUG neutron.plugins.ml2.drivers.ovn.mech_driver.ovsdb.ovsdb_monitor [None req-1f4a59ed-beb6-4a23-bdc3-a7a474b51ee3 None None] Touching Hash Ring node "449f6b82595f514baa1d4109b8f3d475" from IDL notify handler {{(pid=102229) notify /opt/stack/neutron/neutron/plugins/ml2/drivers/ovn/mech_driver/ovsdb/ovsdb_monitor.py:904}}
Apr 08 05:23:22.551025 np0000164206 devstack@neutron-api.service[102230]: DEBUG neutron.plugins.ml2.drivers.ovn.mech_driver.ovsdb.ovsdb_monitor [None req-2099e5b5-c27f-4b7b-b562-c6284fa7e911 None None] Touching Hash Ring node "587e4a82e5295d01b4ffaf3e03898a3b" from IDL notify handler {{(pid=102230) notify /opt/stack/neutron/neutron/plugins/ml2/drivers/ovn/mech_driver/ovsdb/ovsdb_monitor.py:904}}
Apr 08 05:23:22.556990 np0000164206 devstack@neutron-api.service[102228]: DEBUG neutron.plugins.ml2.drivers.ovn.mech_driver.ovsdb.ovsdb_monitor [None req-7b61b3f7-1a23-45cc-99d9-fde48f0a96ec None None] Hash Ring: Node 1d7d90a0d56659da99a75856c5d6d781 (host: np0000164206) handling event "create" for row 65cbb799-4f6e-4662-afce-66b5fedbdf74 (table: Port_Binding) {{(pid=102228) notify /opt/stack/neutron/neutron/plugins/ml2/drivers/ovn/mech_driver/ovsdb/ovsdb_monitor.py:912}}
Apr 08 05:23:22.558782 np0000164206 devstack@neutron-api.service[102229]: DEBUG neutron.plugins.ml2.drivers.ovn.mech_driver.ovsdb.ovsdb_monitor [None req-1f4a59ed-beb6-4a23-bdc3-a7a474b51ee3 None None] Hash Ring: Node 449f6b82595f514baa1d4109b8f3d475 (host: np0000164206) handling event "update" for row 6f08d478-1c39-4314-8dc9-afbc0419c0ec (table: Logical_Switch) {{(pid=102229) notify /opt/stack/neutron/neutron/plugins/ml2/drivers/ovn/mech_driver/ovsdb/ovsdb_monitor.py:912}}
Apr 08 05:23:22.560351 np0000164206 devstack@neutron-api.service[102230]: DEBUG neutron.plugins.ml2.drivers.ovn.mech_driver.ovsdb.ovsdb_monitor [None req-2099e5b5-c27f-4b7b-b562-c6284fa7e911 None None] Hash Ring: Node 587e4a82e5295d01b4ffaf3e03898a3b (host: np0000164206) handling event "create" for row ba19fc1c-59da-4236-8dee-e9c2a9d2ac2d (table: Logical_Switch_Port) {{(pid=102230) notify /opt/stack/neutron/neutron/plugins/ml2/drivers/ovn/mech_driver/ovsdb/ovsdb_monitor.py:912}}
Apr 08 05:23:22.562129 np0000164206 devstack@neutron-api.service[102230]: DEBUG ovsdbapp.backend.ovs_idl.event [None req-2099e5b5-c27f-4b7b-b562-c6284fa7e911 None None] Matched CREATE: LogicalSwitchPortCreateEvent(events=('create',), table='Logical_Switch_Port', conditions=[], old_conditions=None), priority=20 to row=Logical_Switch_Port(uuid=ba19fc1c-59da-4236-8dee-e9c2a9d2ac2d, addresses=['fa:16:3e:ff:db:09 10.2.5.144', 'unknown'], dhcpv4_options=c900bb7c-f558-4d00-968d-e51659b3327e, dhcpv6_options=[], dynamic_addresses=[], enabled=True, external_ids={'neutron:cidrs': '10.2.5.144/24', 'neutron:device_id': 'manila-admin-share', 'neutron:device_owner': 'manila:share', 'neutron:mtu': '', 'neutron:network_name': 'neutron-6f08d478-1c39-4314-8dc9-afbc0419c0ec', 'neutron:port_capabilities': '', 'neutron:port_name': '', 'neutron:project_id': 'ba8c255cb1c5479bb0ca4c136f08f4e3', 'neutron:revision_number': '1', 'neutron:security_group_ids': '', 'neutron:subnet_pool_addr_scope4': '', 'neutron:subnet_pool_addr_scope6': '', 'neutron:vnic_type': 'normal'}, ha_chassis_group=[], mirror_rules=[], name='8db1707c-06f0-484a-a3c0-8f2acb3615f4', options={'requested-chassis': 'np0000164206'}, parent_name=[], port_security=[], tag=[], tag_request=[], type='', up=[]) old= {{(pid=102230) matches /opt/stack/data/venv/lib/python3.12/site-packages/ovsdbapp/backend/ovs_idl/event.py:55}}
Apr 08 05:23:22.563937 np0000164206 devstack@neutron-api.service[102230]: DEBUG neutron.plugins.ml2.drivers.ovn.mech_driver.ovsdb.ovsdb_monitor [None req-2099e5b5-c27f-4b7b-b562-c6284fa7e911 None None] Touching Hash Ring node "587e4a82e5295d01b4ffaf3e03898a3b" from IDL notify handler {{(pid=102230) notify /opt/stack/neutron/neutron/plugins/ml2/drivers/ovn/mech_driver/ovsdb/ovsdb_monitor.py:904}}
Apr 08 05:23:22.564902 np0000164206 devstack@neutron-api.service[102230]: INFO neutron.plugins.ml2.drivers.ovn.mech_driver.mech_driver [None req-2bd6a4f4-a68c-46b1-835b-d81f1ea614d8 None None] OVN reports status down for port: 8db1707c-06f0-484a-a3c0-8f2acb3615f4
Apr 08 05:23:22.567075 np0000164206 devstack@neutron-api.service[102230]: DEBUG neutron.plugins.ml2.drivers.ovn.mech_driver.ovsdb.ovsdb_monitor [None req-2099e5b5-c27f-4b7b-b562-c6284fa7e911 None None] Hash Ring: Node 587e4a82e5295d01b4ffaf3e03898a3b (host: np0000164206) handling event "update" for row ba19fc1c-59da-4236-8dee-e9c2a9d2ac2d (table: Logical_Switch_Port) {{(pid=102230) notify /opt/stack/neutron/neutron/plugins/ml2/drivers/ovn/mech_driver/ovsdb/ovsdb_monitor.py:912}}
Apr 08 05:23:22.591427 np0000164206 devstack@neutron-api.service[102230]: DEBUG neutron.db.provisioning_blocks [None req-2bd6a4f4-a68c-46b1-835b-d81f1ea614d8 None None] Ignored duplicate provisioning block setup for port 8db1707c-06f0-484a-a3c0-8f2acb3615f4 by entity L2. {{(pid=102230) add_provisioning_component /opt/stack/neutron/neutron/db/provisioning_blocks.py:69}}
Apr 08 05:23:22.591529 np0000164206 devstack@neutron-api.service[102227]: DEBUG futurist.periodics [-] Submitting periodic callback 'neutron.plugins.ml2.drivers.ovn.mech_driver.ovsdb.maintenance.HashRingHealthCheckPeriodics.touch_hash_ring_node' {{(pid=102227) _process_scheduled /opt/stack/data/venv/lib/python3.12/site-packages/futurist/periodics.py:784}}
Apr 08 05:23:22.591740 np0000164206 devstack@neutron-api.service[102229]: INFO neutron.db.ovn_revision_numbers_db [None req-94fe6a4f-8ef5-4f08-905a-3d25ce275d25 service neutron] Successfully bumped revision number for resource 8db1707c-06f0-484a-a3c0-8f2acb3615f4 (type: ports) to 1
Apr 08 05:23:22.592255 np0000164206 devstack@neutron-api.service[102227]: DEBUG neutron.plugins.ml2.drivers.ovn.mech_driver.ovsdb.maintenance [-] Touching Hash Ring node "2b0993e7e839589ebc1c0c3b0c80d625" from periodic health check thread {{(pid=102227) touch_hash_ring_node /opt/stack/neutron/neutron/plugins/ml2/drivers/ovn/mech_driver/ovsdb/maintenance.py:1232}}
Apr 08 05:23:22.609203 np0000164206 devstack@neutron-api.service[102229]: DEBUG futurist.periodics [-] Submitting periodic callback 'neutron.plugins.ml2.drivers.ovn.mech_driver.ovsdb.maintenance.HashRingHealthCheckPeriodics.touch_hash_ring_node' {{(pid=102229) _process_scheduled /opt/stack/data/venv/lib/python3.12/site-packages/futurist/periodics.py:784}}
Apr 08 05:23:22.609855 np0000164206 devstack@neutron-api.service[102229]: DEBUG neutron.plugins.ml2.managers [None req-94fe6a4f-8ef5-4f08-905a-3d25ce275d25 service neutron] Attempting to bind port 8db1707c-06f0-484a-a3c0-8f2acb3615f4 on host np0000164206 for vnic_type normal with profile {{(pid=102229) bind_port /opt/stack/neutron/neutron/plugins/ml2/managers.py:814}}
Apr 08 05:23:22.610016 np0000164206 devstack@neutron-api.service[102229]: DEBUG neutron.plugins.ml2.managers [None req-94fe6a4f-8ef5-4f08-905a-3d25ce275d25 service neutron] Attempting to bind port 8db1707c-06f0-484a-a3c0-8f2acb3615f4 by drivers ovn on host np0000164206 at level 0 using segments [{'id': '0d205221-ebbb-4804-9591-268babf6f80f', 'network_type': 'geneve', 'physical_network': None, 'segmentation_id': 21780, 'network_id': '6f08d478-1c39-4314-8dc9-afbc0419c0ec'}] {{(pid=102229) _bind_port_level /opt/stack/neutron/neutron/plugins/ml2/managers.py:839}}
Apr 08 05:23:22.611303 np0000164206 devstack@neutron-api.service[102229]: DEBUG neutron.plugins.ml2.drivers.ovn.mech_driver.mech_driver [None req-94fe6a4f-8ef5-4f08-905a-3d25ce275d25 service neutron] Attempting to bind port 8db1707c-06f0-484a-a3c0-8f2acb3615f4 on host np0000164206 for network segment with type geneve, segmentation ID 21780, physical network None {{(pid=102229) bind_port /opt/stack/neutron/neutron/plugins/ml2/drivers/ovn/mech_driver/mech_driver.py:1194}}
Apr 08 05:23:22.611956 np0000164206 devstack@neutron-api.service[102229]: DEBUG neutron.plugins.ml2.managers [None req-94fe6a4f-8ef5-4f08-905a-3d25ce275d25 service neutron] Bound port: 8db1707c-06f0-484a-a3c0-8f2acb3615f4, host: np0000164206, vif_type: ovs, vif_details: {"port_filter": true, "connectivity": "l2", "ovs_create_tap": false, "bridge_name": "br-int", "datapath_type": "system"}, binding_levels: [{'bound_driver': 'ovn', 'bound_segment': {'id': '0d205221-ebbb-4804-9591-268babf6f80f', 'network_type': 'geneve', 'physical_network': None, 'segmentation_id': 21780, 'network_id': '6f08d478-1c39-4314-8dc9-afbc0419c0ec'}}] {{(pid=102229) _bind_port_level /opt/stack/neutron/neutron/plugins/ml2/managers.py:950}}
Apr 08 05:23:22.612147 np0000164206 devstack@neutron-api.service[102229]: DEBUG neutron_lib.callbacks.manager [None req-94fe6a4f-8ef5-4f08-905a-3d25ce275d25 service neutron] Publish callbacks ['neutron.plugins.ml2.plugin.SecurityGroupDbMixin._ensure_default_security_group_handler-489745', 'neutron.services.ovn_l3.plugin.OVNL3RouterPlugin._port_update-8183364043676', 'neutron.db.l3_db.L3_NAT_dbonly_mixin._prevent_internal_ip_change_for_fip-8183365587568'] for port (8db1707c-06f0-484a-a3c0-8f2acb3615f4), before_update {{(pid=102229) _notify_loop /opt/stack/data/venv/lib/python3.12/site-packages/neutron_lib/callbacks/manager.py:184}}
Apr 08 05:23:22.612408 np0000164206 devstack@neutron-api.service[102230]: DEBUG neutron.plugins.ml2.plugin [None req-2bd6a4f4-a68c-46b1-835b-d81f1ea614d8 None None] Current status of the port 8db1707c-06f0-484a-a3c0-8f2acb3615f4 is: DOWN; New status is: DOWN {{(pid=102230) _update_individual_port_db_status /opt/stack/neutron/neutron/plugins/ml2/plugin.py:2468}}
Apr 08 05:23:22.613931 np0000164206 devstack@neutron-api.service[102230]: DEBUG ovsdbapp.backend.ovs_idl.transaction [None req-2099e5b5-c27f-4b7b-b562-c6284fa7e911 None None] Running txn n=1 command(idx=0): DbRemoveCommand(_result=None, table=Logical_Switch_Port, record=8db1707c-06f0-484a-a3c0-8f2acb3615f4, column=external_ids, values=('neutron:host_id',), keyvalues={}, if_exists=True) {{(pid=102230) do_commit /opt/stack/data/venv/lib/python3.12/site-packages/ovsdbapp/backend/ovs_idl/transaction.py:89}}
Apr 08 05:23:22.614203 np0000164206 devstack@neutron-api.service[102229]: DEBUG neutron.plugins.ml2.drivers.ovn.mech_driver.ovsdb.maintenance [-] Touching Hash Ring node "449f6b82595f514baa1d4109b8f3d475" from periodic health check thread {{(pid=102229) touch_hash_ring_node /opt/stack/neutron/neutron/plugins/ml2/drivers/ovn/mech_driver/ovsdb/maintenance.py:1232}}
Apr 08 05:23:22.664274 np0000164206 devstack@neutron-api.service[102229]: DEBUG neutron.plugins.ml2.db [None req-94fe6a4f-8ef5-4f08-905a-3d25ce275d25 service neutron] For port 8db1707c-06f0-484a-a3c0-8f2acb3615f4, host np0000164206, cleared binding levels {{(pid=102229) clear_binding_levels /opt/stack/neutron/neutron/plugins/ml2/db.py:87}}
Apr 08 05:23:22.668199 np0000164206 devstack@neutron-api.service[102229]: DEBUG neutron.plugins.ml2.db [None req-94fe6a4f-8ef5-4f08-905a-3d25ce275d25 service neutron] For port 8db1707c-06f0-484a-a3c0-8f2acb3615f4, host np0000164206, set binding levels [PortBindingLevel(driver='ovn',host='np0000164206',level=0,port_id=8db1707c-06f0-484a-a3c0-8f2acb3615f4,segment=NetworkSegment(0d205221-ebbb-4804-9591-268babf6f80f),segment_id=0d205221-ebbb-4804-9591-268babf6f80f)] {{(pid=102229) set_binding_levels /opt/stack/neutron/neutron/plugins/ml2/db.py:59}}
Apr 08 05:23:22.670344 np0000164206 devstack@neutron-api.service[102229]: DEBUG neutron.plugins.ml2.drivers.ovn.mech_driver.mech_driver [None req-94fe6a4f-8ef5-4f08-905a-3d25ce275d25 service neutron] No provisioning block for port 8db1707c-06f0-484a-a3c0-8f2acb3615f4 since host unchanged {{(pid=102229) _is_port_provisioning_required /opt/stack/neutron/neutron/plugins/ml2/drivers/ovn/mech_driver/mech_driver.py:889}}
Apr 08 05:23:22.676295 np0000164206 devstack@neutron-api.service[102229]: DEBUG neutron_lib.callbacks.manager [None req-94fe6a4f-8ef5-4f08-905a-3d25ce275d25 service neutron] Publish callbacks ['neutron.plugins.ml2.ovo_rpc._ObjectChangeHandler.handle_event-1670979', 'neutron.db.l3_db.L3RpcNotifierMixin._notify_gateway_port_ip_changed-8183365590920', 'neutron.services.ovn_l3.plugin.OVNL3RouterPlugin._port_update-8183364043676'] for port (8db1707c-06f0-484a-a3c0-8f2acb3615f4), after_update {{(pid=102229) _notify_loop /opt/stack/data/venv/lib/python3.12/site-packages/neutron_lib/callbacks/manager.py:184}}
