Apr 08 05:19:39.412036 np0000164206 nova-scheduler[107510]: DEBUG cotyledon.oslo_config_glue [-] vnc.server_proxyclient_address = 127.0.0.1 {{(pid=107510) log_opt_values /opt/stack/data/venv/lib/python3.12/site-packages/oslo_config/cfg.py:3006}}
Apr 08 05:19:39.412036 np0000164206 nova-scheduler[107510]: DEBUG cotyledon.oslo_config_glue [-] vnc.vencrypt_ca_certs = None {{(pid=107510) log_opt_values /opt/stack/data/venv/lib/python3.12/site-packages/oslo_config/cfg.py:3006}}
Apr 08 05:19:39.412036 np0000164206 nova-scheduler[107510]: DEBUG cotyledon.oslo_config_glue [-] vnc.vencrypt_client_cert = None {{(pid=107510) log_opt_values /opt/stack/data/venv/lib/python3.12/site-packages/oslo_config/cfg.py:3006}}
Apr 08 05:19:39.412036 np0000164206 nova-scheduler[107510]: DEBUG cotyledon.oslo_config_glue [-] vnc.vencrypt_client_key = None {{(pid=107510) log_opt_values /opt/stack/data/venv/lib/python3.12/site-packages/oslo_config/cfg.py:3006}}
Apr 08 05:19:39.412036 np0000164206 nova-scheduler[107510]: DEBUG cotyledon.oslo_config_glue [-] workarounds.disable_compute_service_check_for_ffu = False {{(pid=107510) log_opt_values /opt/stack/data/venv/lib/python3.12/site-packages/oslo_config/cfg.py:3006}}
Apr 08 05:19:39.412036 np0000164206 nova-scheduler[107510]: DEBUG cotyledon.oslo_config_glue [-] workarounds.disable_deep_image_inspection = False {{(pid=107510) log_opt_values /opt/stack/data/venv/lib/python3.12/site-packages/oslo_config/cfg.py:3006}}
Apr 08 05:19:39.412036 np0000164206 nova-scheduler[107510]: DEBUG cotyledon.oslo_config_glue [-] workarounds.disable_fallback_pcpu_query = False {{(pid=107510) log_opt_values /opt/stack/data/venv/lib/python3.12/site-packages/oslo_config/cfg.py:3006}}
Apr 08 05:19:39.412036 np0000164206 nova-scheduler[107510]: DEBUG cotyledon.oslo_config_glue [-] workarounds.disable_group_policy_check_upcall = False {{(pid=107510) log_opt_values /opt/stack/data/venv/lib/python3.12/site-packages/oslo_config/cfg.py:3006}}
Apr 08 05:19:39.412036 np0000164206 nova-scheduler[107510]: DEBUG cotyledon.oslo_config_glue [-] workarounds.disable_libvirt_livesnapshot = False {{(pid=107510) log_opt_values /opt/stack/data/venv/lib/python3.12/site-packages/oslo_config/cfg.py:3006}}
Apr 08 05:19:39.412379 np0000164206 nova-scheduler[107510]: DEBUG cotyledon.oslo_config_glue [-] workarounds.disable_rootwrap = False {{(pid=107510) log_opt_values /opt/stack/data/venv/lib/python3.12/site-packages/oslo_config/cfg.py:3006}}
Apr 08 05:19:39.412379 np0000164206 nova-scheduler[107510]: DEBUG cotyledon.oslo_config_glue [-] workarounds.enable_numa_live_migration = False {{(pid=107510) log_opt_values /opt/stack/data/venv/lib/python3.12/site-packages/oslo_config/cfg.py:3006}}
Apr 08 05:19:39.412379 np0000164206 nova-scheduler[107510]: DEBUG cotyledon.oslo_config_glue [-] workarounds.enable_qemu_monitor_announce_self = False {{(pid=107510) log_opt_values /opt/stack/data/venv/lib/python3.12/site-packages/oslo_config/cfg.py:3006}}
Apr 08 05:19:39.412379 np0000164206 nova-scheduler[107510]: DEBUG cotyledon.oslo_config_glue [-] workarounds.ensure_libvirt_rbd_instance_dir_cleanup = False {{(pid=107510) log_opt_values /opt/stack/data/venv/lib/python3.12/site-packages/oslo_config/cfg.py:3006}}
Apr 08 05:19:39.412379 np0000164206 nova-scheduler[107510]: DEBUG cotyledon.oslo_config_glue [-] workarounds.handle_virt_lifecycle_events = True {{(pid=107510) log_opt_values /opt/stack/data/venv/lib/python3.12/site-packages/oslo_config/cfg.py:3006}}
Apr 08 05:19:39.412379 np0000164206 nova-scheduler[107510]: DEBUG cotyledon.oslo_config_glue [-] workarounds.libvirt_disable_apic = False {{(pid=107510) log_opt_values /opt/stack/data/venv/lib/python3.12/site-packages/oslo_config/cfg.py:3006}}
Apr 08 05:19:39.412379 np0000164206 nova-scheduler[107510]: DEBUG cotyledon.oslo_config_glue [-] workarounds.never_download_image_if_on_rbd = False {{(pid=107510) log_opt_values /opt/stack/data/venv/lib/python3.12/site-packages/oslo_config/cfg.py:3006}}
Apr 08 05:19:39.412379 np0000164206 nova-scheduler[107510]: DEBUG cotyledon.oslo_config_glue [-] workarounds.qemu_monitor_announce_self_count = 3 {{(pid=107510) log_opt_values /opt/stack/data/venv/lib/python3.12/site-packages/oslo_config/cfg.py:3006}}
Apr 08 05:19:39.412379 np0000164206 nova-scheduler[107510]: DEBUG cotyledon.oslo_config_glue [-] workarounds.qemu_monitor_announce_self_interval = 1 {{(pid=107510) log_opt_values /opt/stack/data/venv/lib/python3.12/site-packages/oslo_config/cfg.py:3006}}
Apr 08 05:19:39.412587 np0000164206 nova-scheduler[107510]: DEBUG cotyledon.oslo_config_glue [-] workarounds.reserve_disk_resource_for_image_cache = False {{(pid=107510) log_opt_values /opt/stack/data/venv/lib/python3.12/site-packages/oslo_config/cfg.py:3006}}
Apr 08 05:19:39.412587 np0000164206 nova-scheduler[107510]: DEBUG cotyledon.oslo_config_glue [-] workarounds.skip_cpu_compare_at_startup = False {{(pid=107510) log_opt_values /opt/stack/data/venv/lib/python3.12/site-packages/oslo_config/cfg.py:3006}}
Apr 08 05:19:39.412587 np0000164206 nova-scheduler[107510]: DEBUG cotyledon.oslo_config_glue [-] workarounds.skip_cpu_compare_on_dest = False {{(pid=107510) log_opt_values /opt/stack/data/venv/lib/python3.12/site-packages/oslo_config/cfg.py:3006}}
Apr 08 05:19:39.412587 np0000164206 nova-scheduler[107510]: DEBUG cotyledon.oslo_config_glue [-] workarounds.skip_hypervisor_version_check_on_lm = False {{(pid=107510) log_opt_values /opt/stack/data/venv/lib/python3.12/site-packages/oslo_config/cfg.py:3006}}
Apr 08 05:19:39.412587 np0000164206 nova-scheduler[107510]: DEBUG cotyledon.oslo_config_glue [-] workarounds.skip_reserve_in_use_ironic_nodes = False {{(pid=107510) log_opt_values /opt/stack/data/venv/lib/python3.12/site-packages/oslo_config/cfg.py:3006}}
Apr 08 05:19:39.412587 np0000164206 nova-scheduler[107510]: DEBUG cotyledon.oslo_config_glue [-] workarounds.unified_limits_count_pcpu_as_vcpu = False {{(pid=107510) log_opt_values /opt/stack/data/venv/lib/python3.12/site-packages/oslo_config/cfg.py:3006}}
Apr 08 05:19:39.412587 np0000164206 nova-scheduler[107510]: DEBUG cotyledon.oslo_config_glue [-] workarounds.wait_for_vif_plugged_event_during_hard_reboot = [] {{(pid=107510) log_opt_values /opt/stack/data/venv/lib/python3.12/site-packages/oslo_config/cfg.py:3006}}
Apr 08 05:19:39.412587 np0000164206 nova-scheduler[107510]: DEBUG cotyledon.oslo_config_glue [-] wsgi.api_paste_config = /etc/nova/api-paste.ini {{(pid=107510) log_opt_values /opt/stack/data/venv/lib/python3.12/site-packages/oslo_config/cfg.py:3006}}
Apr 08 05:19:39.412773 np0000164206 nova-scheduler[107510]: DEBUG cotyledon.oslo_config_glue [-] wsgi.secure_proxy_ssl_header = None {{(pid=107510) log_opt_values /opt/stack/data/venv/lib/python3.12/site-packages/oslo_config/cfg.py:3006}}
Apr 08 05:19:39.412773 np0000164206 nova-scheduler[107510]: DEBUG cotyledon.oslo_config_glue [-] zvm.ca_file = None {{(pid=107510) log_opt_values /opt/stack/data/venv/lib/python3.12/site-packages/oslo_config/cfg.py:3006}}
Apr 08 05:19:39.412773 np0000164206 nova-scheduler[107510]: DEBUG cotyledon.oslo_config_glue [-] zvm.cloud_connector_url = None {{(pid=107510) log_opt_values /opt/stack/data/venv/lib/python3.12/site-packages/oslo_config/cfg.py:3006}}
Apr 08 05:19:39.412773 np0000164206 nova-scheduler[107510]: DEBUG cotyledon.oslo_config_glue [-] zvm.image_tmp_path = /opt/stack/data/nova/images {{(pid=107510) log_opt_values /opt/stack/data/venv/lib/python3.12/site-packages/oslo_config/cfg.py:3006}}
Apr 08 05:19:39.412773 np0000164206 nova-scheduler[107510]: DEBUG cotyledon.oslo_config_glue [-] zvm.reachable_timeout = 300 {{(pid=107510) log_opt_values /opt/stack/data/venv/lib/python3.12/site-packages/oslo_config/cfg.py:3006}}
Apr 08 05:19:39.412773 np0000164206 nova-scheduler[107510]: DEBUG cotyledon.oslo_config_glue [-] oslo_versionedobjects.fatal_exception_format_errors = False {{(pid=107510) log_opt_values /opt/stack/data/venv/lib/python3.12/site-packages/oslo_config/cfg.py:3006}}
Apr 08 05:19:39.412773 np0000164206 nova-scheduler[107510]: DEBUG cotyledon.oslo_config_glue [-] oslo_middleware.http_basic_auth_user_file = /etc/htpasswd {{(pid=107510) log_opt_values /opt/stack/data/venv/lib/python3.12/site-packages/oslo_config/cfg.py:3006}}
Apr 08 05:19:39.412773 np0000164206 nova-scheduler[107510]: DEBUG cotyledon.oslo_config_glue [-] oslo_messaging_metrics.metrics_buffer_size = 1000 {{(pid=107510) log_opt_values /opt/stack/data/venv/lib/python3.12/site-packages/oslo_config/cfg.py:3006}}
Apr 08 05:19:39.412773 np0000164206 nova-scheduler[107510]: DEBUG cotyledon.oslo_config_glue [-] oslo_messaging_metrics.metrics_enabled = False {{(pid=107510) log_opt_values /opt/stack/data/venv/lib/python3.12/site-packages/oslo_config/cfg.py:3006}}
Apr 08 05:19:39.412991 np0000164206 nova-scheduler[107510]: DEBUG cotyledon.oslo_config_glue [-] oslo_messaging_metrics.metrics_process_name = {{(pid=107510) log_opt_values /opt/stack/data/venv/lib/python3.12/site-packages/oslo_config/cfg.py:3006}}
Apr 08 05:19:39.412991 np0000164206 nova-scheduler[107510]: DEBUG cotyledon.oslo_config_glue [-] oslo_messaging_metrics.metrics_socket_file = /var/tmp/metrics_collector.sock {{(pid=107510) log_opt_values /opt/stack/data/venv/lib/python3.12/site-packages/oslo_config/cfg.py:3006}}
Apr 08 05:19:39.412991 np0000164206 nova-scheduler[107510]: DEBUG cotyledon.oslo_config_glue [-] oslo_messaging_metrics.metrics_thread_stop_timeout = 10 {{(pid=107510) log_opt_values /opt/stack/data/venv/lib/python3.12/site-packages/oslo_config/cfg.py:3006}}
Apr 08 05:19:39.412991 np0000164206 nova-scheduler[107510]: DEBUG cotyledon.oslo_config_glue [-] profiler.connection_string = messaging:// {{(pid=107510) log_opt_values /opt/stack/data/venv/lib/python3.12/site-packages/oslo_config/cfg.py:3006}}
Apr 08 05:19:39.412991 np0000164206 nova-scheduler[107510]: DEBUG cotyledon.oslo_config_glue [-] profiler.enabled = False {{(pid=107510) log_opt_values /opt/stack/data/venv/lib/python3.12/site-packages/oslo_config/cfg.py:3006}}
Apr 08 05:19:39.412991 np0000164206 nova-scheduler[107510]: DEBUG cotyledon.oslo_config_glue [-] profiler.es_doc_type = notification {{(pid=107510) log_opt_values /opt/stack/data/venv/lib/python3.12/site-packages/oslo_config/cfg.py:3006}}
Apr 08 05:19:39.412991 np0000164206 nova-scheduler[107510]: DEBUG cotyledon.oslo_config_glue [-] profiler.es_scroll_size = 10000 {{(pid=107510) log_opt_values /opt/stack/data/venv/lib/python3.12/site-packages/oslo_config/cfg.py:3006}}
Apr 08 05:19:39.412991 np0000164206 nova-scheduler[107510]: DEBUG cotyledon.oslo_config_glue [-] profiler.es_scroll_time = 2m {{(pid=107510) log_opt_values /opt/stack/data/venv/lib/python3.12/site-packages/oslo_config/cfg.py:3006}}
Apr 08 05:19:39.412991 np0000164206 nova-scheduler[107510]: DEBUG cotyledon.oslo_config_glue [-] profiler.filter_error_trace = False {{(pid=107510) log_opt_values /opt/stack/data/venv/lib/python3.12/site-packages/oslo_config/cfg.py:3006}}
Apr 08 05:19:39.413511 np0000164206 nova-scheduler[107510]: DEBUG cotyledon.oslo_config_glue [-] profiler.hmac_keys = **** {{(pid=107510) log_opt_values /opt/stack/data/venv/lib/python3.12/site-packages/oslo_config/cfg.py:3006}}
Apr 08 05:19:39.413511 np0000164206 nova-scheduler[107510]: DEBUG cotyledon.oslo_config_glue [-] profiler.sentinel_service_name = mymaster {{(pid=107510) log_opt_values /opt/stack/data/venv/lib/python3.12/site-packages/oslo_config/cfg.py:3006}}
Apr 08 05:19:39.413511 np0000164206 nova-scheduler[107510]: DEBUG cotyledon.oslo_config_glue [-] profiler.socket_timeout = 0.1 {{(pid=107510) log_opt_values /opt/stack/data/venv/lib/python3.12/site-packages/oslo_config/cfg.py:3006}}
Apr 08 05:19:39.413511 np0000164206 nova-scheduler[107510]: DEBUG cotyledon.oslo_config_glue [-] profiler.trace_requests = False {{(pid=107510) log_opt_values /opt/stack/data/venv/lib/python3.12/site-packages/oslo_config/cfg.py:3006}}
Apr 08 05:19:39.413511 np0000164206 nova-scheduler[107510]: DEBUG cotyledon.oslo_config_glue [-] profiler.trace_sqlalchemy = False {{(pid=107510) log_opt_values /opt/stack/data/venv/lib/python3.12/site-packages/oslo_config/cfg.py:3006}}
Apr 08 05:19:39.413511 np0000164206 nova-scheduler[107510]: DEBUG cotyledon.oslo_config_glue [-] profiler_jaeger.process_tags = {} {{(pid=107510) log_opt_values /opt/stack/data/venv/lib/python3.12/site-packages/oslo_config/cfg.py:3006}}
Apr 08 05:19:39.413511 np0000164206 nova-scheduler[107510]: DEBUG cotyledon.oslo_config_glue [-] profiler_jaeger.service_name_prefix = None {{(pid=107510) log_opt_values /opt/stack/data/venv/lib/python3.12/site-packages/oslo_config/cfg.py:3006}}
Apr 08 05:19:39.413511 np0000164206 nova-scheduler[107510]: DEBUG cotyledon.oslo_config_glue [-] profiler_otlp.service_name_prefix = None {{(pid=107510) log_opt_values /opt/stack/data/venv/lib/python3.12/site-packages/oslo_config/cfg.py:3006}}
Apr 08 05:19:39.413511 np0000164206 nova-scheduler[107510]: DEBUG cotyledon.oslo_config_glue [-] oslo_messaging_rabbit.amqp_auto_delete = False {{(pid=107510) log_opt_values /opt/stack/data/venv/lib/python3.12/site-packages/oslo_config/cfg.py:3006}}
Apr 08 05:19:39.413737 np0000164206 nova-scheduler[107510]: DEBUG cotyledon.oslo_config_glue [-] oslo_messaging_rabbit.amqp_durable_queues = False {{(pid=107510) log_opt_values /opt/stack/data/venv/lib/python3.12/site-packages/oslo_config/cfg.py:3006}}
Apr 08 05:19:39.413737 np0000164206 nova-scheduler[107510]: DEBUG cotyledon.oslo_config_glue [-] oslo_messaging_rabbit.conn_pool_min_size = 2 {{(pid=107510) log_opt_values /opt/stack/data/venv/lib/python3.12/site-packages/oslo_config/cfg.py:3006}}
Apr 08 05:19:39.413737 np0000164206 nova-scheduler[107510]: DEBUG cotyledon.oslo_config_glue [-] oslo_messaging_rabbit.conn_pool_ttl = 1200 {{(pid=107510) log_opt_values /opt/stack/data/venv/lib/python3.12/site-packages/oslo_config/cfg.py:3006}}
Apr 08 05:19:39.413737 np0000164206 nova-scheduler[107510]: DEBUG cotyledon.oslo_config_glue [-] oslo_messaging_rabbit.direct_mandatory_flag = True {{(pid=107510) log_opt_values /opt/stack/data/venv/lib/python3.12/site-packages/oslo_config/cfg.py:3006}}
Apr 08 05:19:39.413737 np0000164206 nova-scheduler[107510]: DEBUG cotyledon.oslo_config_glue [-] oslo_messaging_rabbit.enable_cancel_on_failover = False {{(pid=107510) log_opt_values /opt/stack/data/venv/lib/python3.12/site-packages/oslo_config/cfg.py:3006}}
Apr 08 05:19:39.413737 np0000164206 nova-scheduler[107510]: DEBUG cotyledon.oslo_config_glue [-] oslo_messaging_rabbit.heartbeat_in_pthread = False {{(pid=107510) log_opt_values /opt/stack/data/venv/lib/python3.12/site-packages/oslo_config/cfg.py:3006}}
Apr 08 05:19:39.413737 np0000164206 nova-scheduler[107510]: DEBUG cotyledon.oslo_config_glue [-] oslo_messaging_rabbit.heartbeat_rate = 3 {{(pid=107510) log_opt_values /opt/stack/data/venv/lib/python3.12/site-packages/oslo_config/cfg.py:3006}}
Apr 08 05:19:39.413737 np0000164206 nova-scheduler[107510]: DEBUG cotyledon.oslo_config_glue [-] oslo_messaging_rabbit.heartbeat_timeout_threshold = 60 {{(pid=107510) log_opt_values /opt/stack/data/venv/lib/python3.12/site-packages/oslo_config/cfg.py:3006}}
Apr 08 05:19:39.413737 np0000164206 nova-scheduler[107510]: DEBUG cotyledon.oslo_config_glue [-] oslo_messaging_rabbit.hostname = np0000164206 {{(pid=107510) log_opt_values /opt/stack/data/venv/lib/python3.12/site-packages/oslo_config/cfg.py:3006}}
Apr 08 05:19:39.413939 np0000164206 nova-scheduler[107510]: DEBUG cotyledon.oslo_config_glue [-] oslo_messaging_rabbit.kombu_compression = None {{(pid=107510) log_opt_values /opt/stack/data/venv/lib/python3.12/site-packages/oslo_config/cfg.py:3006}}
Apr 08 05:19:39.413939 np0000164206 nova-scheduler[107510]: DEBUG cotyledon.oslo_config_glue [-] oslo_messaging_rabbit.kombu_failover_strategy = round-robin {{(pid=107510) log_opt_values /opt/stack/data/venv/lib/python3.12/site-packages/oslo_config/cfg.py:3006}}
Apr 08 05:19:39.413939 np0000164206 nova-scheduler[107510]: DEBUG cotyledon.oslo_config_glue [-] oslo_messaging_rabbit.kombu_missing_consumer_retry_timeout = 60 {{(pid=107510) log_opt_values /opt/stack/data/venv/lib/python3.12/site-packages/oslo_config/cfg.py:3006}}
Apr 08 05:19:39.413939 np0000164206 nova-scheduler[107510]: DEBUG cotyledon.oslo_config_glue [-] oslo_messaging_rabbit.kombu_reconnect_delay = 1.0 {{(pid=107510) log_opt_values /opt/stack/data/venv/lib/python3.12/site-packages/oslo_config/cfg.py:3006}}
Apr 08 05:19:39.413939 np0000164206 nova-scheduler[107510]: DEBUG cotyledon.oslo_config_glue [-] oslo_messaging_rabbit.kombu_reconnect_splay = 0.0 {{(pid=107510) log_opt_values /opt/stack/data/venv/lib/python3.12/site-packages/oslo_config/cfg.py:3006}}
Apr 08 05:19:39.413939 np0000164206 nova-scheduler[107510]: DEBUG cotyledon.oslo_config_glue [-] oslo_messaging_rabbit.processname = nova-scheduler {{(pid=107510) log_opt_values /opt/stack/data/venv/lib/python3.12/site-packages/oslo_config/cfg.py:3006}}
Apr 08 05:19:39.413939 np0000164206 nova-scheduler[107510]: DEBUG cotyledon.oslo_config_glue [-] oslo_messaging_rabbit.rabbit_ha_queues = False {{(pid=107510) log_opt_values /opt/stack/data/venv/lib/python3.12/site-packages/oslo_config/cfg.py:3006}}
Apr 08 05:19:39.413939 np0000164206 nova-scheduler[107510]: DEBUG cotyledon.oslo_config_glue [-] oslo_messaging_rabbit.rabbit_interval_max = 30 {{(pid=107510) log_opt_values /opt/stack/data/venv/lib/python3.12/site-packages/oslo_config/cfg.py:3006}}
Apr 08 05:19:39.414124 np0000164206 nova-scheduler[107510]: DEBUG cotyledon.oslo_config_glue [-] oslo_messaging_rabbit.rabbit_login_method = AMQPLAIN {{(pid=107510) log_opt_values /opt/stack/data/venv/lib/python3.12/site-packages/oslo_config/cfg.py:3006}}
Apr 08 05:19:39.414124 np0000164206 nova-scheduler[107510]: DEBUG cotyledon.oslo_config_glue [-] oslo_messaging_rabbit.rabbit_qos_prefetch_count = 0 {{(pid=107510) log_opt_values /opt/stack/data/venv/lib/python3.12/site-packages/oslo_config/cfg.py:3006}}
Apr 08 05:19:39.414124 np0000164206 nova-scheduler[107510]: DEBUG cotyledon.oslo_config_glue [-] oslo_messaging_rabbit.rabbit_quorum_delivery_limit = 0 {{(pid=107510) log_opt_values /opt/stack/data/venv/lib/python3.12/site-packages/oslo_config/cfg.py:3006}}
Apr 08 05:19:39.414124 np0000164206 nova-scheduler[107510]: DEBUG cotyledon.oslo_config_glue [-] oslo_messaging_rabbit.rabbit_quorum_max_memory_bytes = 0 {{(pid=107510) log_opt_values /opt/stack/data/venv/lib/python3.12/site-packages/oslo_config/cfg.py:3006}}
Apr 08 05:19:39.414124 np0000164206 nova-scheduler[107510]: DEBUG cotyledon.oslo_config_glue [-] oslo_messaging_rabbit.rabbit_quorum_max_memory_length = 0 {{(pid=107510) log_opt_values /opt/stack/data/venv/lib/python3.12/site-packages/oslo_config/cfg.py:3006}}
Apr 08 05:19:39.414124 np0000164206 nova-scheduler[107510]: DEBUG cotyledon.oslo_config_glue [-] oslo_messaging_rabbit.rabbit_quorum_queue = False {{(pid=107510) log_opt_values /opt/stack/data/venv/lib/python3.12/site-packages/oslo_config/cfg.py:3006}}
Apr 08 05:19:39.414124 np0000164206 nova-scheduler[107510]: DEBUG cotyledon.oslo_config_glue [-] oslo_messaging_rabbit.rabbit_retry_backoff = 2 {{(pid=107510) log_opt_values /opt/stack/data/venv/lib/python3.12/site-packages/oslo_config/cfg.py:3006}}
Apr 08 05:19:39.414124 np0000164206 nova-scheduler[107510]: DEBUG cotyledon.oslo_config_glue [-] oslo_messaging_rabbit.rabbit_retry_interval = 1 {{(pid=107510) log_opt_values /opt/stack/data/venv/lib/python3.12/site-packages/oslo_config/cfg.py:3006}}
Apr 08 05:19:39.414329 np0000164206 nova-scheduler[107510]: DEBUG cotyledon.oslo_config_glue [-] oslo_messaging_rabbit.rabbit_stream_fanout = False {{(pid=107510) log_opt_values /opt/stack/data/venv/lib/python3.12/site-packages/oslo_config/cfg.py:3006}}
Apr 08 05:19:39.414329 np0000164206 nova-scheduler[107510]: DEBUG cotyledon.oslo_config_glue [-] oslo_messaging_rabbit.rabbit_transient_queues_ttl = 1800 {{(pid=107510) log_opt_values /opt/stack/data/venv/lib/python3.12/site-packages/oslo_config/cfg.py:3006}}
Apr 08 05:19:39.414329 np0000164206 nova-scheduler[107510]: DEBUG cotyledon.oslo_config_glue [-] oslo_messaging_rabbit.rabbit_transient_quorum_queue = False {{(pid=107510) log_opt_values /opt/stack/data/venv/lib/python3.12/site-packages/oslo_config/cfg.py:3006}}
Apr 08 05:19:39.414329 np0000164206 nova-scheduler[107510]: DEBUG cotyledon.oslo_config_glue [-] oslo_messaging_rabbit.rpc_conn_pool_size = 30 {{(pid=107510) log_opt_values /opt/stack/data/venv/lib/python3.12/site-packages/oslo_config/cfg.py:3006}}
Apr 08 05:19:39.414329 np0000164206 nova-scheduler[107510]: DEBUG cotyledon.oslo_config_glue [-] oslo_messaging_rabbit.ssl = False {{(pid=107510) log_opt_values /opt/stack/data/venv/lib/python3.12/site-packages/oslo_config/cfg.py:3006}}
Apr 08 05:19:39.414329 np0000164206 nova-scheduler[107510]: DEBUG cotyledon.oslo_config_glue [-] oslo_messaging_rabbit.ssl_ca_file = {{(pid=107510) log_opt_values /opt/stack/data/venv/lib/python3.12/site-packages/oslo_config/cfg.py:3006}}
Apr 08 05:19:39.414329 np0000164206 nova-scheduler[107510]: DEBUG cotyledon.oslo_config_glue [-] oslo_messaging_rabbit.ssl_cert_file = {{(pid=107510) log_opt_values /opt/stack/data/venv/lib/python3.12/site-packages/oslo_config/cfg.py:3006}}
Apr 08 05:19:39.414329 np0000164206 nova-scheduler[107510]: DEBUG cotyledon.oslo_config_glue [-] oslo_messaging_rabbit.ssl_enforce_fips_mode = False {{(pid=107510) log_opt_values /opt/stack/data/venv/lib/python3.12/site-packages/oslo_config/cfg.py:3006}}
Apr 08 05:19:39.414329 np0000164206 nova-scheduler[107510]: DEBUG cotyledon.oslo_config_glue [-] oslo_messaging_rabbit.ssl_key_file = {{(pid=107510) log_opt_values /opt/stack/data/venv/lib/python3.12/site-packages/oslo_config/cfg.py:3006}}
Apr 08 05:19:39.414540 np0000164206 nova-scheduler[107510]: DEBUG cotyledon.oslo_config_glue [-] oslo_messaging_rabbit.ssl_version = {{(pid=107510) log_opt_values /opt/stack/data/venv/lib/python3.12/site-packages/oslo_config/cfg.py:3006}}
Apr 08 05:19:39.414540 np0000164206 nova-scheduler[107510]: DEBUG cotyledon.oslo_config_glue [-] oslo_messaging_rabbit.use_queue_manager = False {{(pid=107510) log_opt_values /opt/stack/data/venv/lib/python3.12/site-packages/oslo_config/cfg.py:3006}}
Apr 08 05:19:39.414540 np0000164206 nova-scheduler[107510]: DEBUG cotyledon.oslo_config_glue [-] oslo_messaging_notifications.driver = ['messagingv2'] {{(pid=107510) log_opt_values /opt/stack/data/venv/lib/python3.12/site-packages/oslo_config/cfg.py:3006}}
Apr 08 05:19:39.414540 np0000164206 nova-scheduler[107510]: DEBUG cotyledon.oslo_config_glue [-] oslo_messaging_notifications.retry = -1 {{(pid=107510) log_opt_values /opt/stack/data/venv/lib/python3.12/site-packages/oslo_config/cfg.py:3006}}
Apr 08 05:19:39.414540 np0000164206 nova-scheduler[107510]: DEBUG cotyledon.oslo_config_glue [-] oslo_messaging_notifications.topics = ['notifications'] {{(pid=107510) log_opt_values /opt/stack/data/venv/lib/python3.12/site-packages/oslo_config/cfg.py:3006}}
Apr 08 05:19:39.414540 np0000164206 nova-scheduler[107510]: DEBUG cotyledon.oslo_config_glue [-] oslo_messaging_notifications.transport_url = **** {{(pid=107510) log_opt_values /opt/stack/data/venv/lib/python3.12/site-packages/oslo_config/cfg.py:3006}}
Apr 08 05:19:39.414540 np0000164206 nova-scheduler[107510]: DEBUG cotyledon.oslo_config_glue [-] oslo_limit.auth_section = None {{(pid=107510) log_opt_values /opt/stack/data/venv/lib/python3.12/site-packages/oslo_config/cfg.py:3006}}
Apr 08 05:19:39.414540 np0000164206 nova-scheduler[107510]: DEBUG cotyledon.oslo_config_glue [-] oslo_limit.auth_type = None {{(pid=107510) log_opt_values /opt/stack/data/venv/lib/python3.12/site-packages/oslo_config/cfg.py:3006}}
Apr 08 05:19:39.414540 np0000164206 nova-scheduler[107510]: DEBUG cotyledon.oslo_config_glue [-] oslo_limit.cafile = None {{(pid=107510) log_opt_values /opt/stack/data/venv/lib/python3.12/site-packages/oslo_config/cfg.py:3006}}
Apr 08 05:19:39.414750 np0000164206 nova-scheduler[107510]: DEBUG cotyledon.oslo_config_glue [-] oslo_limit.certfile = None {{(pid=107510) log_opt_values /opt/stack/data/venv/lib/python3.12/site-packages/oslo_config/cfg.py:3006}}
Apr 08 05:19:39.414750 np0000164206 nova-scheduler[107510]: DEBUG cotyledon.oslo_config_glue [-] oslo_limit.collect_timing = False {{(pid=107510) log_opt_values /opt/stack/data/venv/lib/python3.12/site-packages/oslo_config/cfg.py:3006}}
Apr 08 05:19:39.414750 np0000164206 nova-scheduler[107510]: DEBUG cotyledon.oslo_config_glue [-] oslo_limit.connect_retries = None {{(pid=107510) log_opt_values /opt/stack/data/venv/lib/python3.12/site-packages/oslo_config/cfg.py:3006}}
Apr 08 05:19:39.414750 np0000164206 nova-scheduler[107510]: DEBUG cotyledon.oslo_config_glue [-] oslo_limit.connect_retry_delay = None {{(pid=107510) log_opt_values /opt/stack/data/venv/lib/python3.12/site-packages/oslo_config/cfg.py:3006}}
Apr 08 05:19:39.414750 np0000164206 nova-scheduler[107510]: DEBUG cotyledon.oslo_config_glue [-] oslo_limit.endpoint_id = None {{(pid=107510) log_opt_values /opt/stack/data/venv/lib/python3.12/site-packages/oslo_config/cfg.py:3006}}
Apr 08 05:19:39.414750 np0000164206 nova-scheduler[107510]: DEBUG cotyledon.oslo_config_glue [-] oslo_limit.endpoint_interface = public {{(pid=107510) log_opt_values /opt/stack/data/venv/lib/python3.12/site-packages/oslo_config/cfg.py:3006}}
Apr 08 05:19:39.414898 np0000164206 nova-scheduler[107500]: INFO dbcounter [None req-15ee8d5e-405c-4b22-b2dd-621d69d03ae9 None None] Registered counter for database nova_cell0
Apr 08 05:19:39.414970 np0000164206 nova-scheduler[107510]: DEBUG cotyledon.oslo_config_glue [-] oslo_limit.endpoint_override = None {{(pid=107510) log_opt_values /opt/stack/data/venv/lib/python3.12/site-packages/oslo_config/cfg.py:3006}}
Apr 08 05:19:39.414970 np0000164206 nova-scheduler[107510]: DEBUG cotyledon.oslo_config_glue [-] oslo_limit.endpoint_region_name = None {{(pid=107510) log_opt_values /opt/stack/data/venv/lib/python3.12/site-packages/oslo_config/cfg.py:3006}}
Apr 08 05:19:39.414970 np0000164206 nova-scheduler[107510]: DEBUG cotyledon.oslo_config_glue [-] oslo_limit.endpoint_service_name = None {{(pid=107510) log_opt_values /opt/stack/data/venv/lib/python3.12/site-packages/oslo_config/cfg.py:3006}}
Apr 08 05:19:39.414970 np0000164206 nova-scheduler[107510]: DEBUG cotyledon.oslo_config_glue [-] oslo_limit.endpoint_service_type = None {{(pid=107510) log_opt_values /opt/stack/data/venv/lib/python3.12/site-packages/oslo_config/cfg.py:3006}}
Apr 08 05:19:39.414970 np0000164206 nova-scheduler[107510]: DEBUG cotyledon.oslo_config_glue [-] oslo_limit.insecure = False {{(pid=107510) log_opt_values /opt/stack/data/venv/lib/python3.12/site-packages/oslo_config/cfg.py:3006}}
Apr 08 05:19:39.414970 np0000164206 nova-scheduler[107510]: DEBUG cotyledon.oslo_config_glue [-] oslo_limit.keyfile = None {{(pid=107510) log_opt_values /opt/stack/data/venv/lib/python3.12/site-packages/oslo_config/cfg.py:3006}}
Apr 08 05:19:39.414970 np0000164206 nova-scheduler[107510]: DEBUG cotyledon.oslo_config_glue [-] oslo_limit.max_version = None {{(pid=107510) log_opt_values /opt/stack/data/venv/lib/python3.12/site-packages/oslo_config/cfg.py:3006}}
Apr 08 05:19:39.414970 np0000164206 nova-scheduler[107510]: DEBUG cotyledon.oslo_config_glue [-] oslo_limit.min_version = None {{(pid=107510) log_opt_values /opt/stack/data/venv/lib/python3.12/site-packages/oslo_config/cfg.py:3006}}
Apr 08 05:19:39.414970 np0000164206 nova-scheduler[107510]: DEBUG cotyledon.oslo_config_glue [-] oslo_limit.region_name = None {{(pid=107510) log_opt_values /opt/stack/data/venv/lib/python3.12/site-packages/oslo_config/cfg.py:3006}}
Apr 08 05:19:39.415198 np0000164206 nova-scheduler[107510]: DEBUG cotyledon.oslo_config_glue [-] oslo_limit.retriable_status_codes = None {{(pid=107510) log_opt_values /opt/stack/data/venv/lib/python3.12/site-packages/oslo_config/cfg.py:3006}}
Apr 08 05:19:39.415198 np0000164206 nova-scheduler[107510]: DEBUG cotyledon.oslo_config_glue [-] oslo_limit.service_name = None {{(pid=107510) log_opt_values /opt/stack/data/venv/lib/python3.12/site-packages/oslo_config/cfg.py:3006}}
Apr 08 05:19:39.415198 np0000164206 nova-scheduler[107510]: DEBUG cotyledon.oslo_config_glue [-] oslo_limit.service_type = None {{(pid=107510) log_opt_values /opt/stack/data/venv/lib/python3.12/site-packages/oslo_config/cfg.py:3006}}
Apr 08 05:19:39.415198 np0000164206 nova-scheduler[107510]: DEBUG cotyledon.oslo_config_glue [-] oslo_limit.split_loggers = False {{(pid=107510) log_opt_values /opt/stack/data/venv/lib/python3.12/site-packages/oslo_config/cfg.py:3006}}
Apr 08 05:19:39.415198 np0000164206 nova-scheduler[107510]: DEBUG cotyledon.oslo_config_glue [-] oslo_limit.status_code_retries = None {{(pid=107510) log_opt_values /opt/stack/data/venv/lib/python3.12/site-packages/oslo_config/cfg.py:3006}}
Apr 08 05:19:39.415198 np0000164206 nova-scheduler[107510]: DEBUG cotyledon.oslo_config_glue [-] oslo_limit.status_code_retry_delay = None {{(pid=107510) log_opt_values /opt/stack/data/venv/lib/python3.12/site-packages/oslo_config/cfg.py:3006}}
Apr 08 05:19:39.415198 np0000164206 nova-scheduler[107510]: DEBUG cotyledon.oslo_config_glue [-] oslo_limit.timeout = None {{(pid=107510) log_opt_values /opt/stack/data/venv/lib/python3.12/site-packages/oslo_config/cfg.py:3006}}
Apr 08 05:19:39.415198 np0000164206 nova-scheduler[107510]: DEBUG cotyledon.oslo_config_glue [-] oslo_limit.valid_interfaces = None {{(pid=107510) log_opt_values /opt/stack/data/venv/lib/python3.12/site-packages/oslo_config/cfg.py:3006}}
Apr 08 05:19:39.415198 np0000164206 nova-scheduler[107510]: DEBUG cotyledon.oslo_config_glue [-] oslo_limit.version = None {{(pid=107510) log_opt_values /opt/stack/data/venv/lib/python3.12/site-packages/oslo_config/cfg.py:3006}}
Apr 08 05:19:39.415469 np0000164206 nova-scheduler[107510]: DEBUG cotyledon.oslo_config_glue [-] oslo_reports.file_event_handler = None {{(pid=107510) log_opt_values /opt/stack/data/venv/lib/python3.12/site-packages/oslo_config/cfg.py:3006}}
Apr 08 05:19:39.415469 np0000164206 nova-scheduler[107510]: DEBUG cotyledon.oslo_config_glue [-] oslo_reports.file_event_handler_interval = 1 {{(pid=107510) log_opt_values /opt/stack/data/venv/lib/python3.12/site-packages/oslo_config/cfg.py:3006}}
Apr 08 05:19:39.415469 np0000164206 nova-scheduler[107510]: DEBUG cotyledon.oslo_config_glue [-] oslo_reports.log_dir = None {{(pid=107510) log_opt_values /opt/stack/data/venv/lib/python3.12/site-packages/oslo_config/cfg.py:3006}}
Apr 08 05:19:39.415469 np0000164206 nova-scheduler[107510]: DEBUG cotyledon.oslo_config_glue [-] ******************************************************************************** {{(pid=107510) log_opt_values /opt/stack/data/venv/lib/python3.12/site-packages/oslo_config/cfg.py:3013}}
Apr 08 05:19:39.415469 np0000164206 nova-scheduler[107510]: DEBUG cotyledon._service_worker [-] Run service ServiceWrapper(3) [107510] {{(pid=107510) wait_forever /opt/stack/data/venv/lib/python3.12/site-packages/cotyledon/_service_worker.py:218}}
Apr 08 05:19:39.415469 np0000164206 nova-scheduler[107510]: INFO nova.service [-] Starting scheduler node (version 33.1.0)
Apr 08 05:19:39.415611 np0000164206 nova-scheduler[107492]: DEBUG dbcounter [-] [107492] Writer thread running {{(pid=107492) stat_writer /opt/stack/data/venv/lib/python3.12/site-packages/dbcounter.py:102}}
Apr 08 05:19:39.415640 np0000164206 nova-scheduler[107486]: DEBUG nova.service [None req-ff8ffc4b-33e2-4c76-a0bb-6be533d637cc None None] Creating RPC server for service: nova-scheduler on topic: scheduler {{(pid=107486) start /opt/stack/nova/nova/service.py:195}}
Apr 08 05:19:39.415670 np0000164206 nova-scheduler[107510]: INFO dbcounter [None req-e67e1058-eb86-49fe-855c-73a53a21293b None None] Registered counter for database nova_cell0
Apr 08 05:19:39.415696 np0000164206 nova-scheduler[107492]: DEBUG nova.service [None req-cd647709-a4ac-4def-a682-476c255f8b4b None None] Creating RPC server for service: nova-scheduler on topic: scheduler {{(pid=107492) start /opt/stack/nova/nova/service.py:195}}
Apr 08 05:19:39.415729 np0000164206 nova-scheduler[107500]: DEBUG oslo_db.sqlalchemy.engines [None req-15ee8d5e-405c-4b22-b2dd-621d69d03ae9 None None] MySQL server mode set to STRICT_TRANS_TABLES,STRICT_ALL_TABLES,NO_ZERO_IN_DATE,NO_ZERO_DATE,ERROR_FOR_DIVISION_BY_ZERO,TRADITIONAL,NO_ENGINE_SUBSTITUTION {{(pid=107500) _check_effective_sql_mode /opt/stack/data/venv/lib/python3.12/site-packages/oslo_db/sqlalchemy/engines.py:325}}
Apr 08 05:19:39.415806 np0000164206 nova-scheduler[107510]: DEBUG oslo_db.sqlalchemy.engines [None req-e67e1058-eb86-49fe-855c-73a53a21293b None None] MySQL server mode set to STRICT_TRANS_TABLES,STRICT_ALL_TABLES,NO_ZERO_IN_DATE,NO_ZERO_DATE,ERROR_FOR_DIVISION_BY_ZERO,TRADITIONAL,NO_ENGINE_SUBSTITUTION {{(pid=107510) _check_effective_sql_mode /opt/stack/data/venv/lib/python3.12/site-packages/oslo_db/sqlalchemy/engines.py:325}}
Apr 08 05:19:39.415837 np0000164206 nova-scheduler[107500]: DEBUG dbcounter [-] [107500] Writer thread running {{(pid=107500) stat_writer /opt/stack/data/venv/lib/python3.12/site-packages/dbcounter.py:102}}
Apr 08 05:19:39.415837 np0000164206 nova-scheduler[107500]: DEBUG nova.service [None req-15ee8d5e-405c-4b22-b2dd-621d69d03ae9 None None] Creating RPC server for service: nova-scheduler on topic: scheduler {{(pid=107500) start /opt/stack/nova/nova/service.py:195}}
Apr 08 05:19:39.416281 np0000164206 nova-scheduler[107486]: DEBUG nova.service [None req-ff8ffc4b-33e2-4c76-a0bb-6be533d637cc None None] Join ServiceGroup membership for this service scheduler {{(pid=107486) start /opt/stack/nova/nova/service.py:221}}
Apr 08 05:19:39.416429 np0000164206 nova-scheduler[107486]: DEBUG nova.servicegroup.drivers.db [None req-ff8ffc4b-33e2-4c76-a0bb-6be533d637cc None None] DB_Driver: join new ServiceGroup member np0000164206 to the scheduler group, service = {{(pid=107486) join /opt/stack/nova/nova/servicegroup/drivers/db.py:44}}
Apr 08 05:19:39.416579 np0000164206 nova-scheduler[107510]: DEBUG dbcounter [-] [107510] Writer thread running {{(pid=107510) stat_writer /opt/stack/data/venv/lib/python3.12/site-packages/dbcounter.py:102}}
Apr 08 05:19:39.419605 np0000164206 nova-scheduler[107510]: DEBUG nova.service [None req-e67e1058-eb86-49fe-855c-73a53a21293b None None] Creating RPC server for service: nova-scheduler on topic: scheduler {{(pid=107510) start /opt/stack/nova/nova/service.py:195}}
Apr 08 05:19:39.422297 np0000164206 nova-scheduler[107492]: DEBUG nova.service [None req-cd647709-a4ac-4def-a682-476c255f8b4b None None] Join ServiceGroup membership for this service scheduler {{(pid=107492) start /opt/stack/nova/nova/service.py:221}}
Apr 08 05:19:39.422630 np0000164206 nova-scheduler[107492]: DEBUG nova.servicegroup.drivers.db [None req-cd647709-a4ac-4def-a682-476c255f8b4b None None] DB_Driver: join new ServiceGroup member np0000164206 to the scheduler group, service = {{(pid=107492) join /opt/stack/nova/nova/servicegroup/drivers/db.py:44}}
Apr 08 05:19:39.428791 np0000164206 nova-scheduler[107500]: DEBUG nova.service [None req-15ee8d5e-405c-4b22-b2dd-621d69d03ae9 None None] Join ServiceGroup membership for this service scheduler {{(pid=107500) start /opt/stack/nova/nova/service.py:221}}
Apr 08 05:19:39.429058 np0000164206 nova-scheduler[107500]: DEBUG nova.servicegroup.drivers.db [None req-15ee8d5e-405c-4b22-b2dd-621d69d03ae9 None None] DB_Driver: join new ServiceGroup member np0000164206 to the scheduler group, service = {{(pid=107500) join /opt/stack/nova/nova/servicegroup/drivers/db.py:44}}
Apr 08 05:19:39.437593 np0000164206 nova-scheduler[107510]: DEBUG nova.service [None req-e67e1058-eb86-49fe-855c-73a53a21293b None None] Join ServiceGroup membership for this service scheduler {{(pid=107510) start /opt/stack/nova/nova/service.py:221}}
Apr 08 05:19:39.437813 np0000164206 nova-scheduler[107510]: DEBUG nova.servicegroup.drivers.db [None req-e67e1058-eb86-49fe-855c-73a53a21293b None None] DB_Driver: join new ServiceGroup member np0000164206 to the scheduler group, service = {{(pid=107510) join /opt/stack/nova/nova/servicegroup/drivers/db.py:44}}
Apr 08 05:19:44.436018 np0000164206 nova-scheduler[107486]: DEBUG oslo.service.backend._threading.loopingcall [-] Fixed interval looping call 'nova.servicegroup.drivers.db.DbDriver._report_state' sleeping for 119.98 seconds {{(pid=107486) _run_loop /opt/stack/data/venv/lib/python3.12/site-packages/oslo_service/backend/_threading/loopingcall.py:125}}
Apr 08 05:19:44.439645 np0000164206 nova-scheduler[107492]: DEBUG oslo.service.backend._threading.loopingcall [-] Fixed interval looping call 'nova.servicegroup.drivers.db.DbDriver._report_state' sleeping for 119.99 seconds {{(pid=107492) _run_loop /opt/stack/data/venv/lib/python3.12/site-packages/oslo_service/backend/_threading/loopingcall.py:125}}
Apr 08 05:19:44.446057 np0000164206 nova-scheduler[107500]: DEBUG oslo.service.backend._threading.loopingcall [-] Fixed interval looping call 'nova.servicegroup.drivers.db.DbDriver._report_state' sleeping for 119.99 seconds {{(pid=107500) _run_loop /opt/stack/data/venv/lib/python3.12/site-packages/oslo_service/backend/_threading/loopingcall.py:125}}
Apr 08 05:19:44.450948 np0000164206 nova-scheduler[107510]: DEBUG oslo.service.backend._threading.loopingcall [-] Fixed interval looping call 'nova.servicegroup.drivers.db.DbDriver._report_state' sleeping for 119.99 seconds {{(pid=107510) _run_loop /opt/stack/data/venv/lib/python3.12/site-packages/oslo_service/backend/_threading/loopingcall.py:125}}
Apr 08 05:19:48.045126 np0000164206 nova-scheduler[106690]: DEBUG dbcounter [-] [106690] Writing DB stats nova_api:SELECT=3 {{(pid=106690) stat_writer /opt/stack/data/venv/lib/python3.12/site-packages/dbcounter.py:115}}
Apr 08 05:19:48.146590 np0000164206 nova-scheduler[106690]: DEBUG dbcounter [-] [106690] Writing DB stats nova_cell1:SELECT=1 {{(pid=106690) stat_writer /opt/stack/data/venv/lib/python3.12/site-packages/dbcounter.py:115}}
Apr 08 05:19:48.150720 np0000164206 nova-scheduler[106690]: DEBUG dbcounter [-] [106690] Writing DB stats nova_cell0:SELECT=1 {{(pid=106690) stat_writer /opt/stack/data/venv/lib/python3.12/site-packages/dbcounter.py:115}}
Apr 08 05:19:54.429934 np0000164206 nova-scheduler[107486]: DEBUG dbcounter [-] [107486] Writing DB stats nova_cell0:SELECT=4,nova_cell0:INSERT=1,nova_cell0:UPDATE=1 {{(pid=107486) stat_writer /opt/stack/data/venv/lib/python3.12/site-packages/dbcounter.py:115}}
Apr 08 05:19:54.438075 np0000164206 nova-scheduler[107492]: DEBUG dbcounter [-] [107492] Writing DB stats nova_cell0:SELECT=3,nova_cell0:UPDATE=1 {{(pid=107492) stat_writer /opt/stack/data/venv/lib/python3.12/site-packages/dbcounter.py:115}}
Apr 08 05:19:54.443101 np0000164206 nova-scheduler[107500]: DEBUG dbcounter [-] [107500] Writing DB stats nova_cell0:SELECT=3 {{(pid=107500) stat_writer /opt/stack/data/venv/lib/python3.12/site-packages/dbcounter.py:115}}
Apr 08 05:19:54.449768 np0000164206 nova-scheduler[107510]: DEBUG dbcounter [-] [107510] Writing DB stats nova_cell0:SELECT=3 {{(pid=107510) stat_writer /opt/stack/data/venv/lib/python3.12/site-packages/dbcounter.py:115}}
Apr 08 05:19:57.432033 np0000164206 nova-scheduler[107500]: DEBUG oslo.service.backend._threading.loopingcall [None req-db2a6b44-f0fc-4194-a8cc-e498e9eee37d None None] Dynamic interval looping call 'nova.service.Service.periodic_tasks' sleeping for 60.00 seconds {{(pid=107500) _run_loop /opt/stack/data/venv/lib/python3.12/site-packages/oslo_service/backend/_threading/loopingcall.py:125}}
Apr 08 05:20:06.441496 np0000164206 nova-scheduler[107510]: DEBUG oslo.service.backend._threading.loopingcall [None req-6be4155e-c9c2-4397-8711-5921697f69d3 None None] Dynamic interval looping call 'nova.service.Service.periodic_tasks' sleeping for 60.00 seconds {{(pid=107510) _run_loop /opt/stack/data/venv/lib/python3.12/site-packages/oslo_service/backend/_threading/loopingcall.py:125}}
Apr 08 05:20:23.425689 np0000164206 nova-scheduler[107492]: DEBUG oslo.service.backend._threading.loopingcall [None req-3953df76-480c-4600-b444-3314fb4d2d74 None None] Dynamic interval looping call 'nova.service.Service.periodic_tasks' sleeping for 60.00 seconds {{(pid=107492) _run_loop /opt/stack/data/venv/lib/python3.12/site-packages/oslo_service/backend/_threading/loopingcall.py:125}}
Apr 08 05:20:31.419565 np0000164206 nova-scheduler[107486]: DEBUG oslo.service.backend._threading.loopingcall [None req-adfede3c-17e4-4e0f-926b-36328eaeb549 None None] Dynamic interval looping call 'nova.service.Service.periodic_tasks' sleeping for 60.00 seconds {{(pid=107486) _run_loop /opt/stack/data/venv/lib/python3.12/site-packages/oslo_service/backend/_threading/loopingcall.py:125}}
Apr 08 05:20:57.433001 np0000164206 nova-scheduler[107500]: DEBUG oslo.service.backend._threading.loopingcall [None req-db2a6b44-f0fc-4194-a8cc-e498e9eee37d None None] Dynamic interval looping call 'nova.service.Service.periodic_tasks' sleeping for 60.00 seconds {{(pid=107500) _run_loop /opt/stack/data/venv/lib/python3.12/site-packages/oslo_service/backend/_threading/loopingcall.py:125}}
Apr 08 05:21:06.442404 np0000164206 nova-scheduler[107510]: DEBUG oslo.service.backend._threading.loopingcall [None req-6be4155e-c9c2-4397-8711-5921697f69d3 None None] Dynamic interval looping call 'nova.service.Service.periodic_tasks' sleeping for 60.00 seconds {{(pid=107510) _run_loop /opt/stack/data/venv/lib/python3.12/site-packages/oslo_service/backend/_threading/loopingcall.py:125}}
Apr 08 05:21:23.426592 np0000164206 nova-scheduler[107492]: DEBUG oslo.service.backend._threading.loopingcall [None req-3953df76-480c-4600-b444-3314fb4d2d74 None None] Dynamic interval looping call 'nova.service.Service.periodic_tasks' sleeping for 60.00 seconds {{(pid=107492) _run_loop /opt/stack/data/venv/lib/python3.12/site-packages/oslo_service/backend/_threading/loopingcall.py:125}}
Apr 08 05:21:31.420365 np0000164206 nova-scheduler[107486]: DEBUG oslo.service.backend._threading.loopingcall [None req-adfede3c-17e4-4e0f-926b-36328eaeb549 None None] Dynamic interval looping call 'nova.service.Service.periodic_tasks' sleeping for 60.00 seconds {{(pid=107486) _run_loop /opt/stack/data/venv/lib/python3.12/site-packages/oslo_service/backend/_threading/loopingcall.py:125}}
Apr 08 05:21:44.704737 np0000164206 nova-scheduler[107486]: DEBUG oslo.service.backend._threading.loopingcall [-] Fixed interval looping call 'nova.servicegroup.drivers.db.DbDriver._report_state' sleeping for 119.71 seconds {{(pid=107486) _run_loop /opt/stack/data/venv/lib/python3.12/site-packages/oslo_service/backend/_threading/loopingcall.py:125}}
Apr 08 05:21:44.705732 np0000164206 nova-scheduler[107492]: DEBUG oslo.service.backend._threading.loopingcall [-] Fixed interval looping call 'nova.servicegroup.drivers.db.DbDriver._report_state' sleeping for 119.72 seconds {{(pid=107492) _run_loop /opt/stack/data/venv/lib/python3.12/site-packages/oslo_service/backend/_threading/loopingcall.py:125}}
Apr 08 05:21:44.707010 np0000164206 nova-scheduler[107500]: DEBUG oslo.service.backend._threading.loopingcall [-] Fixed interval looping call 'nova.servicegroup.drivers.db.DbDriver._report_state' sleeping for 119.73 seconds {{(pid=107500) _run_loop /opt/stack/data/venv/lib/python3.12/site-packages/oslo_service/backend/_threading/loopingcall.py:125}}
Apr 08 05:21:44.708620 np0000164206 nova-scheduler[107510]: DEBUG oslo.service.backend._threading.loopingcall [-] Fixed interval looping call 'nova.servicegroup.drivers.db.DbDriver._report_state' sleeping for 119.73 seconds {{(pid=107510) _run_loop /opt/stack/data/venv/lib/python3.12/site-packages/oslo_service/backend/_threading/loopingcall.py:125}}
Apr 08 05:21:54.426334 np0000164206 nova-scheduler[107486]: DEBUG dbcounter [-] [107486] Writing DB stats nova_cell0:SELECT=1,nova_cell0:UPDATE=1 {{(pid=107486) stat_writer /opt/stack/data/venv/lib/python3.12/site-packages/dbcounter.py:115}}
Apr 08 05:21:54.436878 np0000164206 nova-scheduler[107492]: DEBUG dbcounter [-] [107492] Writing DB stats nova_cell0:SELECT=1,nova_cell0:UPDATE=1 {{(pid=107492) stat_writer /opt/stack/data/venv/lib/python3.12/site-packages/dbcounter.py:115}}
Apr 08 05:21:54.446446 np0000164206 nova-scheduler[107500]: DEBUG dbcounter [-] [107500] Writing DB stats nova_cell0:SELECT=1,nova_cell0:UPDATE=1 {{(pid=107500) stat_writer /opt/stack/data/venv/lib/python3.12/site-packages/dbcounter.py:115}}
Apr 08 05:21:54.451156 np0000164206 nova-scheduler[107510]: DEBUG dbcounter [-] [107510] Writing DB stats nova_cell0:SELECT=1,nova_cell0:UPDATE=1 {{(pid=107510) stat_writer /opt/stack/data/venv/lib/python3.12/site-packages/dbcounter.py:115}}
Apr 08 05:21:57.433652 np0000164206 nova-scheduler[107500]: DEBUG oslo.service.backend._threading.loopingcall [None req-db2a6b44-f0fc-4194-a8cc-e498e9eee37d None None] Dynamic interval looping call 'nova.service.Service.periodic_tasks' sleeping for 60.00 seconds {{(pid=107500) _run_loop /opt/stack/data/venv/lib/python3.12/site-packages/oslo_service/backend/_threading/loopingcall.py:125}}
Apr 08 05:22:06.443215 np0000164206 nova-scheduler[107510]: DEBUG oslo.service.backend._threading.loopingcall [None req-6be4155e-c9c2-4397-8711-5921697f69d3 None None] Dynamic interval looping call 'nova.service.Service.periodic_tasks' sleeping for 60.00 seconds {{(pid=107510) _run_loop /opt/stack/data/venv/lib/python3.12/site-packages/oslo_service/backend/_threading/loopingcall.py:125}}
Apr 08 05:22:23.427492 np0000164206 nova-scheduler[107492]: DEBUG oslo.service.backend._threading.loopingcall [None req-3953df76-480c-4600-b444-3314fb4d2d74 None None] Dynamic interval looping call 'nova.service.Service.periodic_tasks' sleeping for 60.00 seconds {{(pid=107492) _run_loop /opt/stack/data/venv/lib/python3.12/site-packages/oslo_service/backend/_threading/loopingcall.py:125}}
Apr 08 05:22:31.421065 np0000164206 nova-scheduler[107486]: DEBUG oslo.service.backend._threading.loopingcall [None req-adfede3c-17e4-4e0f-926b-36328eaeb549 None None] Dynamic interval looping call 'nova.service.Service.periodic_tasks' sleeping for 60.00 seconds {{(pid=107486) _run_loop /opt/stack/data/venv/lib/python3.12/site-packages/oslo_service/backend/_threading/loopingcall.py:125}}
Apr 08 05:22:57.434574 np0000164206 nova-scheduler[107500]: DEBUG oslo.service.backend._threading.loopingcall [None req-db2a6b44-f0fc-4194-a8cc-e498e9eee37d None None] Dynamic interval looping call 'nova.service.Service.periodic_tasks' sleeping for 60.00 seconds {{(pid=107500) _run_loop /opt/stack/data/venv/lib/python3.12/site-packages/oslo_service/backend/_threading/loopingcall.py:125}}
Apr 08 05:23:06.444039 np0000164206 nova-scheduler[107510]: DEBUG oslo.service.backend._threading.loopingcall [None req-6be4155e-c9c2-4397-8711-5921697f69d3 None None] Dynamic interval looping call 'nova.service.Service.periodic_tasks' sleeping for 60.00 seconds {{(pid=107510) _run_loop /opt/stack/data/venv/lib/python3.12/site-packages/oslo_service/backend/_threading/loopingcall.py:125}}
Apr 08 05:23:23.429109 np0000164206 nova-scheduler[107492]: DEBUG oslo.service.backend._threading.loopingcall [None req-3953df76-480c-4600-b444-3314fb4d2d74 None None] Dynamic interval looping call 'nova.service.Service.periodic_tasks' sleeping for 60.00 seconds {{(pid=107492) _run_loop /opt/stack/data/venv/lib/python3.12/site-packages/oslo_service/backend/_threading/loopingcall.py:125}}
Apr 08 05:23:31.421813 np0000164206 nova-scheduler[107486]: DEBUG oslo.service.backend._threading.loopingcall [None req-adfede3c-17e4-4e0f-926b-36328eaeb549 None None] Dynamic interval looping call 'nova.service.Service.periodic_tasks' sleeping for 60.00 seconds {{(pid=107486) _run_loop /opt/stack/data/venv/lib/python3.12/site-packages/oslo_service/backend/_threading/loopingcall.py:125}}
Apr 08 05:23:44.425741 np0000164206 nova-scheduler[107486]: DEBUG oslo.service.backend._threading.loopingcall [-] Fixed interval looping call 'nova.servicegroup.drivers.db.DbDriver._report_state' sleeping for 119.99 seconds {{(pid=107486) _run_loop /opt/stack/data/venv/lib/python3.12/site-packages/oslo_service/backend/_threading/loopingcall.py:125}}
Apr 08 05:23:44.431870 np0000164206 nova-scheduler[107492]: DEBUG oslo.service.backend._threading.loopingcall [-] Fixed interval looping call 'nova.servicegroup.drivers.db.DbDriver._report_state' sleeping for 119.99 seconds {{(pid=107492) _run_loop /opt/stack/data/venv/lib/python3.12/site-packages/oslo_service/backend/_threading/loopingcall.py:125}}
Apr 08 05:23:44.442673 np0000164206 nova-scheduler[107500]: DEBUG oslo.service.backend._threading.loopingcall [-] Fixed interval looping call 'nova.servicegroup.drivers.db.DbDriver._report_state' sleeping for 119.99 seconds {{(pid=107500) _run_loop /opt/stack/data/venv/lib/python3.12/site-packages/oslo_service/backend/_threading/loopingcall.py:125}}
Apr 08 05:23:44.444228 np0000164206 nova-scheduler[107510]: DEBUG oslo.service.backend._threading.loopingcall [-] Fixed interval looping call 'nova.servicegroup.drivers.db.DbDriver._report_state' sleeping for 119.99 seconds {{(pid=107510) _run_loop /opt/stack/data/venv/lib/python3.12/site-packages/oslo_service/backend/_threading/loopingcall.py:125}}
Apr 08 05:23:54.419524 np0000164206 nova-scheduler[107486]: DEBUG dbcounter [-] [107486] Writing DB stats nova_cell0:SELECT=1,nova_cell0:UPDATE=1 {{(pid=107486) stat_writer /opt/stack/data/venv/lib/python3.12/site-packages/dbcounter.py:115}}
Apr 08 05:23:54.429435 np0000164206 nova-scheduler[107492]: DEBUG dbcounter [-] [107492] Writing DB stats nova_cell0:SELECT=1 {{(pid=107492) stat_writer /opt/stack/data/venv/lib/python3.12/site-packages/dbcounter.py:115}}
Apr 08 05:23:54.440629 np0000164206 nova-scheduler[107500]: DEBUG dbcounter [-] [107500] Writing DB stats nova_cell0:SELECT=1 {{(pid=107500) stat_writer /opt/stack/data/venv/lib/python3.12/site-packages/dbcounter.py:115}}
