2026-06-30 23:28:36.659 8 INFO placement.requestlog [None req-6026f4ef-a0c9-4529-b45e-a098ae179cf3 e29d228065604b2b92e83e9d146e1a42 e53fbdfe72844f6baac2bb82b0389d2b - - 5d5c16fcde4f49edb16e6a53e6044b4e 5d5c16fcde4f49edb16e6a53e6044b4e] 10.0.0.2 "DELETE /resource_providers/a6bf991b-c5d7-4472-84b7-11f8f66033e9" status: 404 len: 246 microversion: 1.1 [pid: 8|app: 0|req: 384/768] 10.0.0.2 () {34 vars in 814 bytes} [Tue Jun 30 23:28:36 2026] DELETE /resource_providers/a6bf991b-c5d7-4472-84b7-11f8f66033e9 => generated 246 bytes in 21 msecs (HTTP/1.1 404) 6 headers in 231 bytes (1 switches on core 0)
2026-06-30 23:28:36.665 7 INFO placement.requestlog [None req-4086c3d4-33fb-4954-a37c-3d9a41fe6b6f e29d228065604b2b92e83e9d146e1a42 e53fbdfe72844f6baac2bb82b0389d2b - - 5d5c16fcde4f49edb16e6a53e6044b4e 5d5c16fcde4f49edb16e6a53e6044b4e] 10.0.0.2 "DELETE /resource_providers/a6bf991b-c5d7-4472-84b7-11f8f66033e9" status: 404 len: 246 microversion: 1.1 [pid: 7|app: 0|req: 385/769] 10.0.0.2 () {34 vars in 814 bytes} [Tue Jun 30 23:28:36 2026] DELETE /resource_providers/a6bf991b-c5d7-4472-84b7-11f8f66033e9 => generated 246 bytes in 12 msecs (HTTP/1.1 404) 6 headers in 231 bytes (1 switches on core 0)
2026-06-30 23:28:38.689 8 INFO placement.requestlog [None req-363a99fd-74a7-4e4d-8756-c69eab865a07 e29d228065604b2b92e83e9d146e1a42 e53fbdfe72844f6baac2bb82b0389d2b - - 5d5c16fcde4f49edb16e6a53e6044b4e 5d5c16fcde4f49edb16e6a53e6044b4e] 10.0.0.2 "GET /resource_providers/0c826ff5-aa0c-47b2-a7b6-cf48559df5b8/aggregates" status: 404 len: 235 microversion: 1.1 [pid: 8|app: 0|req: 385/770] 10.0.0.2 () {32 vars in 814 bytes} [Tue Jun 30 23:28:38 2026] GET /resource_providers/0c826ff5-aa0c-47b2-a7b6-cf48559df5b8/aggregates => generated 235 bytes in 15 msecs (HTTP/1.1 404) 5 headers in 202 bytes (1 switches on core 0)
2026-06-30 23:28:38.693 7 INFO placement.requestlog [None req-935fd9ef-10a2-4fef-9f54-c4afff910c7e e29d228065604b2b92e83e9d146e1a42 e53fbdfe72844f6baac2bb82b0389d2b - - 5d5c16fcde4f49edb16e6a53e6044b4e 5d5c16fcde4f49edb16e6a53e6044b4e] 10.0.0.2 "GET /resource_providers/0c826ff5-aa0c-47b2-a7b6-cf48559df5b8/aggregates" status: 404 len: 235 microversion: 1.1 [pid: 7|app: 0|req: 386/771] 10.0.0.2 () {32 vars in 814 bytes} [Tue Jun 30 23:28:38 2026] GET /resource_providers/0c826ff5-aa0c-47b2-a7b6-cf48559df5b8/aggregates => generated 235 bytes in 10 msecs (HTTP/1.1 404) 5 headers in 202 bytes (1 switches on core 0)
2026-06-30 23:28:38.722 8 INFO placement.requestlog [None req-1d1b0253-ae24-417d-9a2c-1b603e3ad15b e29d228065604b2b92e83e9d146e1a42 e53fbdfe72844f6baac2bb82b0389d2b - - 5d5c16fcde4f49edb16e6a53e6044b4e 5d5c16fcde4f49edb16e6a53e6044b4e] 10.0.0.2 "DELETE /resource_providers/0c826ff5-aa0c-47b2-a7b6-cf48559df5b8" status: 404 len: 246 microversion: 1.1 [pid: 8|app: 0|req: 386/772] 10.0.0.2 () {34 vars in 814 bytes} [Tue Jun 30 23:28:38 2026] DELETE /resource_providers/0c826ff5-aa0c-47b2-a7b6-cf48559df5b8 => generated 246 bytes in 16 msecs (HTTP/1.1 404) 6 headers in 231 bytes (1 switches on core 0)
2026-06-30 23:28:38.725 7 INFO placement.requestlog [None req-f7153a2a-7c6b-4f8b-8ad6-882204ff754e e29d228065604b2b92e83e9d146e1a42 e53fbdfe72844f6baac2bb82b0389d2b - - 5d5c16fcde4f49edb16e6a53e6044b4e 5d5c16fcde4f49edb16e6a53e6044b4e] 10.0.0.2 "DELETE /resource_providers/0c826ff5-aa0c-47b2-a7b6-cf48559df5b8" status: 404 len: 246 microversion: 1.1 [pid: 7|app: 0|req: 387/773] 10.0.0.2 () {34 vars in 814 bytes} [Tue Jun 30 23:28:38 2026] DELETE /resource_providers/0c826ff5-aa0c-47b2-a7b6-cf48559df5b8 => generated 246 bytes in 18 msecs (HTTP/1.1 404) 6 headers in 231 bytes (1 switches on core 0)
2026-06-30 23:28:39.282 8 INFO placement.requestlog [req-43f7458a-bcdc-4ef1-8424-adeb27ef1285 req-8f55215e-03eb-42ef-a437-a09072c026e1 2c64d74d01004f94b5c4fabe337fbd08 e53fbdfe72844f6baac2bb82b0389d2b - - 5d5c16fcde4f49edb16e6a53e6044b4e 5d5c16fcde4f49edb16e6a53e6044b4e] 199.204.45.235 "GET /resource_providers/bc05c15b-64a2-4ace-9240-ffe0bdcea0b2/allocations" status: 200 len: 252 microversion: 1.0 [pid: 8|app: 0|req: 387/774] 199.204.45.235 () {32 vars in 857 bytes} [Tue Jun 30 23:28:39 2026] GET /resource_providers/bc05c15b-64a2-4ace-9240-ffe0bdcea0b2/allocations => generated 252 bytes in 23 msecs (HTTP/1.1 200) 6 headers in 224 bytes (1 switches on core 0)
2026-06-30 23:28:39.314 7 INFO placement.requestlog [req-43f7458a-bcdc-4ef1-8424-adeb27ef1285 req-1c87545a-d38f-44c5-ae2a-af348b9cfe6b 2c64d74d01004f94b5c4fabe337fbd08 e53fbdfe72844f6baac2bb82b0389d2b - - 5d5c16fcde4f49edb16e6a53e6044b4e 5d5c16fcde4f49edb16e6a53e6044b4e] 199.204.45.235 "GET /allocations/7cd1ee62-c451-48f7-afa7-6886e0c3c575" status: 200 len: 257 microversion: 1.28 [pid: 7|app: 0|req: 388/775] 199.204.45.235 () {34 vars in 863 bytes} [Tue Jun 30 23:28:39 2026] GET /allocations/7cd1ee62-c451-48f7-afa7-6886e0c3c575 => generated 257 bytes in 17 msecs (HTTP/1.1 200) 8 headers in 296 bytes (1 switches on core 0)
2026-06-30 23:28:39.335 8 INFO placement.requestlog [req-43f7458a-bcdc-4ef1-8424-adeb27ef1285 req-269e5385-966a-40e3-b4a2-0c96918f8400 2c64d74d01004f94b5c4fabe337fbd08 e53fbdfe72844f6baac2bb82b0389d2b - - 5d5c16fcde4f49edb16e6a53e6044b4e 5d5c16fcde4f49edb16e6a53e6044b4e] 199.204.45.235 "GET /allocations/bea5f16b-c2aa-4b62-b937-fe7196c95ca9" status: 200 len: 257 microversion: 1.28 [pid: 8|app: 0|req: 388/776] 199.204.45.235 () {34 vars in 863 bytes} [Tue Jun 30 23:28:39 2026] GET /allocations/bea5f16b-c2aa-4b62-b937-fe7196c95ca9 => generated 257 bytes in 13 msecs (HTTP/1.1 200) 8 headers in 296 bytes (1 switches on core 0)
2026-06-30 23:28:39.438 7 INFO placement.requestlog [req-43f7458a-bcdc-4ef1-8424-adeb27ef1285 req-b3816293-0837-4c4d-b3de-93fb90cfc715 2c64d74d01004f94b5c4fabe337fbd08 e53fbdfe72844f6baac2bb82b0389d2b - - 5d5c16fcde4f49edb16e6a53e6044b4e 5d5c16fcde4f49edb16e6a53e6044b4e] 199.204.45.235 "DELETE /allocations/7cd1ee62-c451-48f7-afa7-6886e0c3c575" status: 204 len: 0 microversion: 1.0 [pid: 7|app: 0|req: 389/777] 199.204.45.235 () {34 vars in 841 bytes} [Tue Jun 30 23:28:39 2026] DELETE /allocations/7cd1ee62-c451-48f7-afa7-6886e0c3c575 => generated 0 bytes in 34 msecs (HTTP/1.1 204) 5 headers in 198 bytes (1 switches on core 0)
2026-06-30 23:28:40.061 8 INFO placement.requestlog [None req-181e2031-ff7f-4b1b-bb93-b69a6af242e3 - - - - - -] 10.0.0.21 "GET /" status: 200 len: 136 microversion: 1.0
2026-06-30 23:28:40.061 7 INFO placement.requestlog [None req-44c26b60-b0f8-4149-a70b-458df5e262d9 - - - - - -] 10.0.0.21 "GET /" status: 200 len: 136 microversion: 1.0
2026-06-30 23:28:40.747 8 INFO placement.requestlog [None req-cbe646ea-a60d-451f-912c-63768048d3c9 e29d228065604b2b92e83e9d146e1a42 e53fbdfe72844f6baac2bb82b0389d2b - - 5d5c16fcde4f49edb16e6a53e6044b4e 5d5c16fcde4f49edb16e6a53e6044b4e] 10.0.0.2 "GET /resource_providers/0c826ff5-aa0c-47b2-a7b6-cf48559df5b8/aggregates" status: 404 len: 235 microversion: 1.1 [pid: 8|app: 0|req: 390/780] 10.0.0.2 () {32 vars in 814 bytes} [Tue Jun 30 23:28:40 2026] GET /resource_providers/0c826ff5-aa0c-47b2-a7b6-cf48559df5b8/aggregates => generated 235 bytes in 10 msecs (HTTP/1.1 404) 5 headers in 202 bytes (1 switches on core 0)
2026-06-30 23:28:40.756 7 INFO placement.requestlog [None req-b789cca8-c66d-474d-b91e-4c3bcc12e954 e29d228065604b2b92e83e9d146e1a42 e53fbdfe72844f6baac2bb82b0389d2b - - 5d5c16fcde4f49edb16e6a53e6044b4e 5d5c16fcde4f49edb16e6a53e6044b4e] 10.0.0.2 "GET /resource_providers/0c826ff5-aa0c-47b2-a7b6-cf48559df5b8/aggregates" status: 404 len: 235 microversion: 1.1 [pid: 7|app: 0|req: 391/781] 10.0.0.2 () {32 vars in 814 bytes} [Tue Jun 30 23:28:40 2026] GET /resource_providers/0c826ff5-aa0c-47b2-a7b6-cf48559df5b8/aggregates => generated 235 bytes in 11 msecs (HTTP/1.1 404) 5 headers in 202 bytes (1 switches on core 0)
2026-06-30 23:28:40.774 8 INFO placement.requestlog [None req-5b20ef17-7e08-4123-b237-81c66b9210d3 e29d228065604b2b92e83e9d146e1a42 e53fbdfe72844f6baac2bb82b0389d2b - - 5d5c16fcde4f49edb16e6a53e6044b4e 5d5c16fcde4f49edb16e6a53e6044b4e] 10.0.0.2 "DELETE /resource_providers/0c826ff5-aa0c-47b2-a7b6-cf48559df5b8" status: 404 len: 246 microversion: 1.1 [pid: 8|app: 0|req: 391/782] 10.0.0.2 () {34 vars in 814 bytes} [Tue Jun 30 23:28:40 2026] DELETE /resource_providers/0c826ff5-aa0c-47b2-a7b6-cf48559df5b8 => generated 246 bytes in 11 msecs (HTTP/1.1 404) 6 headers in 231 bytes (1 switches on core 0)
2026-06-30 23:28:40.798 7 INFO placement.requestlog [None req-b0477af3-0817-4121-b22a-8195a8157ed4 e29d228065604b2b92e83e9d146e1a42 e53fbdfe72844f6baac2bb82b0389d2b - - 5d5c16fcde4f49edb16e6a53e6044b4e 5d5c16fcde4f49edb16e6a53e6044b4e] 10.0.0.2 "DELETE /resource_providers/0c826ff5-aa0c-47b2-a7b6-cf48559df5b8" status: 404 len: 246 microversion: 1.1 [pid: 7|app: 0|req: 392/783] 10.0.0.2 () {34 vars in 814 bytes} [Tue Jun 30 23:28:40 2026] DELETE /resource_providers/0c826ff5-aa0c-47b2-a7b6-cf48559df5b8 => generated 246 bytes in 23 msecs (HTTP/1.1 404) 6 headers in 231 bytes (1 switches on core 0)
2026-06-30 23:28:40.807 8 INFO placement.requestlog [None req-3eede7fe-a112-4187-ba84-805c4d3432fe e29d228065604b2b92e83e9d146e1a42 e53fbdfe72844f6baac2bb82b0389d2b - - 5d5c16fcde4f49edb16e6a53e6044b4e 5d5c16fcde4f49edb16e6a53e6044b4e] 10.0.0.2 "GET /resource_providers/590f57d9-6c25-4ce2-884a-cdb790662d8f/aggregates" status: 404 len: 235 microversion: 1.1 [pid: 8|app: 0|req: 392/784] 10.0.0.2 () {32 vars in 814 bytes} [Tue Jun 30 23:28:40 2026] GET /resource_providers/590f57d9-6c25-4ce2-884a-cdb790662d8f/aggregates => generated 235 bytes in 17 msecs (HTTP/1.1 404) 5 headers in 202 bytes (1 switches on core 0)
2026-06-30 23:28:40.833 7 INFO placement.requestlog [None req-5e1aaf72-20c5-4d3b-b396-c96480199f36 e29d228065604b2b92e83e9d146e1a42 e53fbdfe72844f6baac2bb82b0389d2b - - 5d5c16fcde4f49edb16e6a53e6044b4e 5d5c16fcde4f49edb16e6a53e6044b4e] 10.0.0.2 "DELETE /resource_providers/590f57d9-6c25-4ce2-884a-cdb790662d8f" status: 404 len: 246 microversion: 1.1 [pid: 7|app: 0|req: 393/785] 10.0.0.2 () {34 vars in 814 bytes} [Tue Jun 30 23:28:40 2026] DELETE /resource_providers/590f57d9-6c25-4ce2-884a-cdb790662d8f => generated 246 bytes in 12 msecs (HTTP/1.1 404) 6 headers in 231 bytes (1 switches on core 0)
2026-06-30 23:28:40.842 8 INFO placement.requestlog [None req-ca04a945-bec2-44c4-890b-e385e8b703e7 e29d228065604b2b92e83e9d146e1a42 e53fbdfe72844f6baac2bb82b0389d2b - - 5d5c16fcde4f49edb16e6a53e6044b4e 5d5c16fcde4f49edb16e6a53e6044b4e] 10.0.0.2 "GET /resource_providers/590f57d9-6c25-4ce2-884a-cdb790662d8f/aggregates" status: 404 len: 235 microversion: 1.1 [pid: 8|app: 0|req: 393/786] 10.0.0.2 () {32 vars in 814 bytes} [Tue Jun 30 23:28:40 2026] GET /resource_providers/590f57d9-6c25-4ce2-884a-cdb790662d8f/aggregates => generated 235 bytes in 15 msecs (HTTP/1.1 404) 5 headers in 202 bytes (1 switches on core 0)
2026-06-30 23:28:40.870 7 INFO placement.requestlog [None req-d28ff6e3-34fe-4b42-a4ab-903c27d400f2 e29d228065604b2b92e83e9d146e1a42 e53fbdfe72844f6baac2bb82b0389d2b - - 5d5c16fcde4f49edb16e6a53e6044b4e 5d5c16fcde4f49edb16e6a53e6044b4e] 10.0.0.2 "DELETE /resource_providers/590f57d9-6c25-4ce2-884a-cdb790662d8f" status: 404 len: 246 microversion: 1.1 [pid: 7|app: 0|req: 394/787] 10.0.0.2 () {34 vars in 814 bytes} [Tue Jun 30 23:28:40 2026] DELETE /resource_providers/590f57d9-6c25-4ce2-884a-cdb790662d8f => generated 246 bytes in 20 msecs (HTTP/1.1 404) 6 headers in 231 bytes (1 switches on core 0)
2026-06-30 23:28:43.078 8 INFO placement.requestlog [None req-5c737a85-6aa2-4405-9ca4-97e54a759a05 e29d228065604b2b92e83e9d146e1a42 e53fbdfe72844f6baac2bb82b0389d2b - - 5d5c16fcde4f49edb16e6a53e6044b4e 5d5c16fcde4f49edb16e6a53e6044b4e] 10.0.0.2 "GET /resource_providers/1752b95d-16e9-4def-81e6-43dc15b6ca62/aggregates" status: 404 len: 235 microversion: 1.1 [pid: 8|app: 0|req: 394/788] 10.0.0.2 () {32 vars in 814 bytes} [Tue Jun 30 23:28:43 2026] GET /resource_providers/1752b95d-16e9-4def-81e6-43dc15b6ca62/aggregates => generated 235 bytes in 14 msecs (HTTP/1.1 404) 5 headers in 202 bytes (1 switches on core 0)
2026-06-30 23:28:43.083 7 INFO placement.requestlog [None req-5cf1ef70-0572-430c-af16-df28aa39ea3a e29d228065604b2b92e83e9d146e1a42 e53fbdfe72844f6baac2bb82b0389d2b - - 5d5c16fcde4f49edb16e6a53e6044b4e 5d5c16fcde4f49edb16e6a53e6044b4e] 10.0.0.2 "GET /resource_providers/1752b95d-16e9-4def-81e6-43dc15b6ca62/aggregates" status: 404 len: 235 microversion: 1.1 [pid: 7|app: 0|req: 395/789] 10.0.0.2 () {32 vars in 814 bytes} [Tue Jun 30 23:28:43 2026] GET /resource_providers/1752b95d-16e9-4def-81e6-43dc15b6ca62/aggregates => generated 235 bytes in 16 msecs (HTTP/1.1 404) 5 headers in 202 bytes (1 switches on core 0)
2026-06-30 23:28:43.109 8 INFO placement.requestlog [None req-1b2af50d-5515-4eb6-a50c-b56c0f055728 e29d228065604b2b92e83e9d146e1a42 e53fbdfe72844f6baac2bb82b0389d2b - - 5d5c16fcde4f49edb16e6a53e6044b4e 5d5c16fcde4f49edb16e6a53e6044b4e] 10.0.0.2 "DELETE /resource_providers/1752b95d-16e9-4def-81e6-43dc15b6ca62" status: 404 len: 246 microversion: 1.1 [pid: 8|app: 0|req: 395/790] 10.0.0.2 () {34 vars in 814 bytes} [Tue Jun 30 23:28:43 2026] DELETE /resource_providers/1752b95d-16e9-4def-81e6-43dc15b6ca62 => generated 246 bytes in 20 msecs (HTTP/1.1 404) 6 headers in 231 bytes (1 switches on core 0)
2026-06-30 23:28:43.111 7 INFO placement.requestlog [None req-4a1b92e8-0cca-4bba-8cd0-0e41d2566096 e29d228065604b2b92e83e9d146e1a42 e53fbdfe72844f6baac2bb82b0389d2b - - 5d5c16fcde4f49edb16e6a53e6044b4e 5d5c16fcde4f49edb16e6a53e6044b4e] 10.0.0.2 "DELETE /resource_providers/1752b95d-16e9-4def-81e6-43dc15b6ca62" status: 404 len: 246 microversion: 1.1 [pid: 7|app: 0|req: 396/791] 10.0.0.2 () {34 vars in 814 bytes} [Tue Jun 30 23:28:43 2026] DELETE /resource_providers/1752b95d-16e9-4def-81e6-43dc15b6ca62 => generated 246 bytes in 22 msecs (HTTP/1.1 404) 6 headers in 231 bytes (1 switches on core 0)
2026-06-30 23:28:44.093 8 INFO placement.requestlog [req-690e74be-fe7b-44b6-927f-8046b6127771 req-9bc04840-4eee-4047-a013-ae7664f0310b 2c64d74d01004f94b5c4fabe337fbd08 e53fbdfe72844f6baac2bb82b0389d2b - - 5d5c16fcde4f49edb16e6a53e6044b4e 5d5c16fcde4f49edb16e6a53e6044b4e] 199.204.45.235 "GET /resource_providers/bc05c15b-64a2-4ace-9240-ffe0bdcea0b2/allocations" status: 200 len: 152 microversion: 1.0 [pid: 8|app: 0|req: 396/792] 199.204.45.235 () {32 vars in 857 bytes} [Tue Jun 30 23:28:44 2026] GET /resource_providers/bc05c15b-64a2-4ace-9240-ffe0bdcea0b2/allocations => generated 152 bytes in 14 msecs (HTTP/1.1 200) 6 headers in 224 bytes (1 switches on core 0)
2026-06-30 23:28:44.122 7 INFO placement.requestlog [req-690e74be-fe7b-44b6-927f-8046b6127771 req-b6fdeaff-d931-4c1b-900e-ca5ab9467831 2c64d74d01004f94b5c4fabe337fbd08 e53fbdfe72844f6baac2bb82b0389d2b - - 5d5c16fcde4f49edb16e6a53e6044b4e 5d5c16fcde4f49edb16e6a53e6044b4e] 199.204.45.235 "GET /resource_providers/bc05c15b-64a2-4ace-9240-ffe0bdcea0b2/allocations" status: 200 len: 152 microversion: 1.0 [pid: 7|app: 0|req: 397/793] 199.204.45.235 () {32 vars in 857 bytes} [Tue Jun 30 23:28:44 2026] GET /resource_providers/bc05c15b-64a2-4ace-9240-ffe0bdcea0b2/allocations => generated 152 bytes in 18 msecs (HTTP/1.1 200) 6 headers in 224 bytes (1 switches on core 0)
2026-06-30 23:28:44.144 8 INFO placement.requestlog [req-690e74be-fe7b-44b6-927f-8046b6127771 req-67589e4b-356c-4ae3-8a5d-a305696f7375 2c64d74d01004f94b5c4fabe337fbd08 e53fbdfe72844f6baac2bb82b0389d2b - - 5d5c16fcde4f49edb16e6a53e6044b4e 5d5c16fcde4f49edb16e6a53e6044b4e] 199.204.45.235 "GET /allocations/bea5f16b-c2aa-4b62-b937-fe7196c95ca9" status: 200 len: 257 microversion: 1.28 [pid: 8|app: 0|req: 397/794] 199.204.45.235 () {34 vars in 863 bytes} [Tue Jun 30 23:28:44 2026] GET /allocations/bea5f16b-c2aa-4b62-b937-fe7196c95ca9 => generated 257 bytes in 15 msecs (HTTP/1.1 200) 8 headers in 296 bytes (1 switches on core 0)
2026-06-30 23:28:45.145 8 INFO placement.requestlog [None req-57b6d524-1dfb-459d-8da9-6474dd7ffa6c e29d228065604b2b92e83e9d146e1a42 e53fbdfe72844f6baac2bb82b0389d2b - - 5d5c16fcde4f49edb16e6a53e6044b4e 5d5c16fcde4f49edb16e6a53e6044b4e] 10.0.0.2 "GET /resource_providers/307439fe-06a7-405a-be98-aa2eaa7464e6/aggregates" status: 404 len: 235 microversion: 1.1 [pid: 8|app: 0|req: 398/795] 10.0.0.2 () {32 vars in 814 bytes} [Tue Jun 30 23:28:45 2026] GET /resource_providers/307439fe-06a7-405a-be98-aa2eaa7464e6/aggregates => generated 235 bytes in 11 msecs (HTTP/1.1 404) 5 headers in 202 bytes (1 switches on core 0)
2026-06-30 23:28:45.147 7 INFO placement.requestlog [None req-639189d0-f3c5-4af7-a56a-af5f69d672ff e29d228065604b2b92e83e9d146e1a42 e53fbdfe72844f6baac2bb82b0389d2b - - 5d5c16fcde4f49edb16e6a53e6044b4e 5d5c16fcde4f49edb16e6a53e6044b4e] 10.0.0.2 "GET /resource_providers/307439fe-06a7-405a-be98-aa2eaa7464e6/aggregates" status: 404 len: 235 microversion: 1.1 [pid: 7|app: 0|req: 398/796] 10.0.0.2 () {32 vars in 814 bytes} [Tue Jun 30 23:28:45 2026] GET /resource_providers/307439fe-06a7-405a-be98-aa2eaa7464e6/aggregates => generated 235 bytes in 13 msecs (HTTP/1.1 404) 5 headers in 202 bytes (1 switches on core 0)
2026-06-30 23:28:45.170 7 INFO placement.requestlog [None req-560ff28c-91f2-47a4-9da8-4ca6c642f93a e29d228065604b2b92e83e9d146e1a42 e53fbdfe72844f6baac2bb82b0389d2b - - 5d5c16fcde4f49edb16e6a53e6044b4e 5d5c16fcde4f49edb16e6a53e6044b4e] 10.0.0.2 "DELETE /resource_providers/307439fe-06a7-405a-be98-aa2eaa7464e6" status: 404 len: 246 microversion: 1.1 [pid: 7|app: 0|req: 399/797] 10.0.0.2 () {34 vars in 814 bytes} [Tue Jun 30 23:28:45 2026] DELETE /resource_providers/307439fe-06a7-405a-be98-aa2eaa7464e6 => generated 246 bytes in 10 msecs (HTTP/1.1 404) 6 headers in 231 bytes (1 switches on core 0)
2026-06-30 23:28:45.170 8 INFO placement.requestlog [None req-caf031c6-1b2c-40eb-9dcf-4beba555fa06 e29d228065604b2b92e83e9d146e1a42 e53fbdfe72844f6baac2bb82b0389d2b - - 5d5c16fcde4f49edb16e6a53e6044b4e 5d5c16fcde4f49edb16e6a53e6044b4e] 10.0.0.2 "DELETE /resource_providers/307439fe-06a7-405a-be98-aa2eaa7464e6" status: 404 len: 246 microversion: 1.1 [pid: 8|app: 0|req: 399/798] 10.0.0.2 () {34 vars in 814 bytes} [Tue Jun 30 23:28:45 2026] DELETE /resource_providers/307439fe-06a7-405a-be98-aa2eaa7464e6 => generated 246 bytes in 11 msecs (HTTP/1.1 404) 6 headers in 231 bytes (1 switches on core 0)
2026-06-30 23:28:47.195 7 INFO placement.requestlog [None req-01daf77a-3a5b-404c-b15d-7edd118fe6ad e29d228065604b2b92e83e9d146e1a42 e53fbdfe72844f6baac2bb82b0389d2b - - 5d5c16fcde4f49edb16e6a53e6044b4e 5d5c16fcde4f49edb16e6a53e6044b4e] 10.0.0.2 "GET /resource_providers/c768a65a-fa44-40b6-80ae-34becaec093d/aggregates" status: 404 len: 235 microversion: 1.1 [pid: 7|app: 0|req: 400/799] 10.0.0.2 () {32 vars in 814 bytes} [Tue Jun 30 23:28:47 2026] GET /resource_providers/c768a65a-fa44-40b6-80ae-34becaec093d/aggregates => generated 235 bytes in 13 msecs (HTTP/1.1 404) 5 headers in 202 bytes (1 switches on core 0)
2026-06-30 23:28:47.198 8 INFO placement.requestlog [None req-23c8d7bc-cdbc-4028-9497-bc5185bd3474 e29d228065604b2b92e83e9d146e1a42 e53fbdfe72844f6baac2bb82b0389d2b - - 5d5c16fcde4f49edb16e6a53e6044b4e 5d5c16fcde4f49edb16e6a53e6044b4e] 10.0.0.2 "GET /resource_providers/c768a65a-fa44-40b6-80ae-34becaec093d/aggregates" status: 404 len: 235 microversion: 1.1 [pid: 8|app: 0|req: 400/800] 10.0.0.2 () {32 vars in 814 bytes} [Tue Jun 30 23:28:47 2026] GET /resource_providers/c768a65a-fa44-40b6-80ae-34becaec093d/aggregates => generated 235 bytes in 15 msecs (HTTP/1.1 404) 5 headers in 202 bytes (1 switches on core 0)
2026-06-30 23:28:47.209 7 INFO placement.requestlog [None req-3fc57a5f-aea3-4071-b552-92d01c29bd02 e29d228065604b2b92e83e9d146e1a42 e53fbdfe72844f6baac2bb82b0389d2b - - 5d5c16fcde4f49edb16e6a53e6044b4e 5d5c16fcde4f49edb16e6a53e6044b4e] 10.0.0.2 "DELETE /resource_providers/c768a65a-fa44-40b6-80ae-34becaec093d" status: 404 len: 246 microversion: 1.1 [pid: 7|app: 0|req: 401/801] 10.0.0.2 () {34 vars in 814 bytes} [Tue Jun 30 23:28:47 2026] DELETE /resource_providers/c768a65a-fa44-40b6-80ae-34becaec093d => generated 246 bytes in 8 msecs (HTTP/1.1 404) 6 headers in 231 bytes (1 switches on core 0)
2026-06-30 23:28:47.220 8 INFO placement.requestlog [None req-e476bc1c-1bef-407d-bdea-26d3a0f383ab e29d228065604b2b92e83e9d146e1a42 e53fbdfe72844f6baac2bb82b0389d2b - - 5d5c16fcde4f49edb16e6a53e6044b4e 5d5c16fcde4f49edb16e6a53e6044b4e] 10.0.0.2 "DELETE /resource_providers/c768a65a-fa44-40b6-80ae-34becaec093d" status: 404 len: 246 microversion: 1.1 [pid: 8|app: 0|req: 401/802] 10.0.0.2 () {34 vars in 814 bytes} [Tue Jun 30 23:28:47 2026] DELETE /resource_providers/c768a65a-fa44-40b6-80ae-34becaec093d => generated 246 bytes in 10 msecs (HTTP/1.1 404) 6 headers in 231 bytes (1 switches on core 0)
2026-06-30 23:28:49.254 7 INFO placement.requestlog [None req-11c39dfc-3a45-4a3b-ba32-e573344f8bef e29d228065604b2b92e83e9d146e1a42 e53fbdfe72844f6baac2bb82b0389d2b - - 5d5c16fcde4f49edb16e6a53e6044b4e 5d5c16fcde4f49edb16e6a53e6044b4e] 10.0.0.2 "GET /resource_providers/5687ad56-d214-4456-a7ae-a83fef60d87a/aggregates" status: 404 len: 235 microversion: 1.1 [pid: 7|app: 0|req: 402/803] 10.0.0.2 () {32 vars in 814 bytes} [Tue Jun 30 23:28:49 2026] GET /resource_providers/5687ad56-d214-4456-a7ae-a83fef60d87a/aggregates => generated 235 bytes in 13 msecs (HTTP/1.1 404) 5 headers in 202 bytes (1 switches on core 0)
2026-06-30 23:28:49.262 8 INFO placement.requestlog [None req-76a75153-0480-4967-ba28-1a910f60434e e29d228065604b2b92e83e9d146e1a42 e53fbdfe72844f6baac2bb82b0389d2b - - 5d5c16fcde4f49edb16e6a53e6044b4e 5d5c16fcde4f49edb16e6a53e6044b4e] 10.0.0.2 "GET /resource_providers/5687ad56-d214-4456-a7ae-a83fef60d87a/aggregates" status: 404 len: 235 microversion: 1.1 [pid: 8|app: 0|req: 402/804] 10.0.0.2 () {32 vars in 814 bytes} [Tue Jun 30 23:28:49 2026] GET /resource_providers/5687ad56-d214-4456-a7ae-a83fef60d87a/aggregates => generated 235 bytes in 15 msecs (HTTP/1.1 404) 5 headers in 202 bytes (1 switches on core 0)
2026-06-30 23:28:49.290 7 INFO placement.requestlog [None req-240c0bb5-f115-42c3-bd65-85aba6ede80f e29d228065604b2b92e83e9d146e1a42 e53fbdfe72844f6baac2bb82b0389d2b - - 5d5c16fcde4f49edb16e6a53e6044b4e 5d5c16fcde4f49edb16e6a53e6044b4e] 10.0.0.2 "DELETE /resource_providers/5687ad56-d214-4456-a7ae-a83fef60d87a" status: 404 len: 246 microversion: 1.1 [pid: 7|app: 0|req: 403/805] 10.0.0.2 () {34 vars in 814 bytes} [Tue Jun 30 23:28:49 2026] DELETE /resource_providers/5687ad56-d214-4456-a7ae-a83fef60d87a => generated 246 bytes in 12 msecs (HTTP/1.1 404) 6 headers in 231 bytes (1 switches on core 0)
2026-06-30 23:28:49.315 8 INFO placement.requestlog [None req-a60077a7-8d1a-4cc2-bdeb-aec00fafca95 e29d228065604b2b92e83e9d146e1a42 e53fbdfe72844f6baac2bb82b0389d2b - - 5d5c16fcde4f49edb16e6a53e6044b4e 5d5c16fcde4f49edb16e6a53e6044b4e] 10.0.0.2 "DELETE /resource_providers/5687ad56-d214-4456-a7ae-a83fef60d87a" status: 404 len: 246 microversion: 1.1 [pid: 8|app: 0|req: 403/806] 10.0.0.2 () {34 vars in 814 bytes} [Tue Jun 30 23:28:49 2026] DELETE /resource_providers/5687ad56-d214-4456-a7ae-a83fef60d87a => generated 246 bytes in 36 msecs (HTTP/1.1 404) 6 headers in 231 bytes (1 switches on core 0)
2026-06-30 23:28:50.061 7 INFO placement.requestlog [None req-4706a52d-cf05-4119-a822-66d768f6d500 - - - - - -] 10.0.0.21 "GET /" status: 200 len: 136 microversion: 1.0
2026-06-30 23:28:50.061 8 INFO placement.requestlog [None req-2616ef71-d027-4b75-ac8a-4d9e79c4d060 - - - - - -] 10.0.0.21 "GET /" status: 200 len: 136 microversion: 1.0
2026-06-30 23:28:51.321 8 INFO placement.requestlog [None req-bb305d85-4cf7-43b3-b2ee-644515c374e6 e29d228065604b2b92e83e9d146e1a42 e53fbdfe72844f6baac2bb82b0389d2b - - 5d5c16fcde4f49edb16e6a53e6044b4e 5d5c16fcde4f49edb16e6a53e6044b4e] 10.0.0.2 "GET /resource_providers/61de630f-0378-4946-88a0-c21144d2afea/aggregates" status: 404 len: 235 microversion: 1.1 [pid: 8|app: 0|req: 405/809] 10.0.0.2 () {32 vars in 814 bytes} [Tue Jun 30 23:28:51 2026] GET /resource_providers/61de630f-0378-4946-88a0-c21144d2afea/aggregates => generated 235 bytes in 19 msecs (HTTP/1.1 404) 5 headers in 202 bytes (1 switches on core 0)
2026-06-30 23:28:51.463 7 INFO placement.requestlog [None req-171efa24-eed1-4a3c-bfff-5b68117401e5 e29d228065604b2b92e83e9d146e1a42 e53fbdfe72844f6baac2bb82b0389d2b - - 5d5c16fcde4f49edb16e6a53e6044b4e 5d5c16fcde4f49edb16e6a53e6044b4e] 10.0.0.2 "DELETE /resource_providers/61de630f-0378-4946-88a0-c21144d2afea" status: 404 len: 246 microversion: 1.1 [pid: 7|app: 0|req: 405/810] 10.0.0.2 () {34 vars in 814 bytes} [Tue Jun 30 23:28:51 2026] DELETE /resource_providers/61de630f-0378-4946-88a0-c21144d2afea => generated 246 bytes in 13 msecs (HTTP/1.1 404) 6 headers in 231 bytes (1 switches on core 0)
2026-06-30 23:28:51.576 8 INFO placement.requestlog [req-59579682-285b-4719-b66a-64192063d30e req-79c40166-3a00-4de3-8b82-1f0155df6154 2c64d74d01004f94b5c4fabe337fbd08 e53fbdfe72844f6baac2bb82b0389d2b - - 5d5c16fcde4f49edb16e6a53e6044b4e 5d5c16fcde4f49edb16e6a53e6044b4e] 199.204.45.235 "GET /resource_providers/bc05c15b-64a2-4ace-9240-ffe0bdcea0b2/allocations" status: 200 len: 152 microversion: 1.0 [pid: 8|app: 0|req: 406/811] 199.204.45.235 () {32 vars in 857 bytes} [Tue Jun 30 23:28:51 2026] GET /resource_providers/bc05c15b-64a2-4ace-9240-ffe0bdcea0b2/allocations => generated 152 bytes in 19 msecs (HTTP/1.1 200) 6 headers in 224 bytes (1 switches on core 0)
2026-06-30 23:28:51.596 7 INFO placement.requestlog [req-59579682-285b-4719-b66a-64192063d30e req-55e3bfdd-e799-4f0f-8e09-28b4a4210f65 2c64d74d01004f94b5c4fabe337fbd08 e53fbdfe72844f6baac2bb82b0389d2b - - 5d5c16fcde4f49edb16e6a53e6044b4e 5d5c16fcde4f49edb16e6a53e6044b4e] 199.204.45.235 "GET /allocations/bea5f16b-c2aa-4b62-b937-fe7196c95ca9" status: 200 len: 257 microversion: 1.28 [pid: 7|app: 0|req: 406/812] 199.204.45.235 () {34 vars in 863 bytes} [Tue Jun 30 23:28:51 2026] GET /allocations/bea5f16b-c2aa-4b62-b937-fe7196c95ca9 => generated 257 bytes in 11 msecs (HTTP/1.1 200) 8 headers in 296 bytes (1 switches on core 0)
2026-06-30 23:28:51.683 8 INFO placement.requestlog [req-59579682-285b-4719-b66a-64192063d30e req-c279750e-1722-4886-8dc1-feec1f5d2e14 2c64d74d01004f94b5c4fabe337fbd08 e53fbdfe72844f6baac2bb82b0389d2b - - 5d5c16fcde4f49edb16e6a53e6044b4e 5d5c16fcde4f49edb16e6a53e6044b4e] 199.204.45.235 "DELETE /allocations/bea5f16b-c2aa-4b62-b937-fe7196c95ca9" status: 204 len: 0 microversion: 1.0 [pid: 8|app: 0|req: 407/813] 199.204.45.235 () {34 vars in 841 bytes} [Tue Jun 30 23:28:51 2026] DELETE /allocations/bea5f16b-c2aa-4b62-b937-fe7196c95ca9 => generated 0 bytes in 32 msecs (HTTP/1.1 204) 5 headers in 198 bytes (1 switches on core 0)
2026-06-30 23:28:51.689 7 INFO placement.requestlog [None req-c9b70ada-ac4f-40a5-a539-4184e27a2fbc e29d228065604b2b92e83e9d146e1a42 e53fbdfe72844f6baac2bb82b0389d2b - - 5d5c16fcde4f49edb16e6a53e6044b4e 5d5c16fcde4f49edb16e6a53e6044b4e] 10.0.0.2 "GET /resource_providers/61de630f-0378-4946-88a0-c21144d2afea/aggregates" status: 404 len: 235 microversion: 1.1 [pid: 7|app: 0|req: 407/814] 10.0.0.2 () {32 vars in 814 bytes} [Tue Jun 30 23:28:51 2026] GET /resource_providers/61de630f-0378-4946-88a0-c21144d2afea/aggregates => generated 235 bytes in 10 msecs (HTTP/1.1 404) 5 headers in 202 bytes (1 switches on core 0)
2026-06-30 23:28:51.719 8 INFO placement.requestlog [None req-4c908586-097a-4ef3-9e36-6f29417a0853 e29d228065604b2b92e83e9d146e1a42 e53fbdfe72844f6baac2bb82b0389d2b - - 5d5c16fcde4f49edb16e6a53e6044b4e 5d5c16fcde4f49edb16e6a53e6044b4e] 10.0.0.2 "DELETE /resource_providers/61de630f-0378-4946-88a0-c21144d2afea" status: 404 len: 246 microversion: 1.1 [pid: 8|app: 0|req: 408/815] 10.0.0.2 () {34 vars in 814 bytes} [Tue Jun 30 23:28:51 2026] DELETE /resource_providers/61de630f-0378-4946-88a0-c21144d2afea => generated 246 bytes in 18 msecs (HTTP/1.1 404) 6 headers in 231 bytes (1 switches on core 0)
2026-06-30 23:28:55.105 8 INFO placement.requestlog [None req-1e94f415-da7d-4cf9-a653-d37ddbfad034 e29d228065604b2b92e83e9d146e1a42 e53fbdfe72844f6baac2bb82b0389d2b - - 5d5c16fcde4f49edb16e6a53e6044b4e 5d5c16fcde4f49edb16e6a53e6044b4e] 10.0.0.2 "GET /resource_providers/374e07b9-f735-4b90-a53e-d501dc01816c/aggregates" status: 404 len: 235 microversion: 1.1 [pid: 8|app: 0|req: 409/816] 10.0.0.2 () {32 vars in 814 bytes} [Tue Jun 30 23:28:55 2026] GET /resource_providers/374e07b9-f735-4b90-a53e-d501dc01816c/aggregates => generated 235 bytes in 10 msecs (HTTP/1.1 404) 5 headers in 202 bytes (1 switches on core 0)
2026-06-30 23:28:55.106 7 INFO placement.requestlog [None req-3a57436d-200c-4232-a4d7-91f7e2e7e117 e29d228065604b2b92e83e9d146e1a42 e53fbdfe72844f6baac2bb82b0389d2b - - 5d5c16fcde4f49edb16e6a53e6044b4e 5d5c16fcde4f49edb16e6a53e6044b4e] 10.0.0.2 "GET /resource_providers/374e07b9-f735-4b90-a53e-d501dc01816c/aggregates" status: 404 len: 235 microversion: 1.1 [pid: 7|app: 0|req: 408/817] 10.0.0.2 () {32 vars in 814 bytes} [Tue Jun 30 23:28:55 2026] GET /resource_providers/374e07b9-f735-4b90-a53e-d501dc01816c/aggregates => generated 235 bytes in 11 msecs (HTTP/1.1 404) 5 headers in 202 bytes (1 switches on core 0)
2026-06-30 23:28:55.132 8 INFO placement.requestlog [None req-3d726e65-87bb-41de-b17e-af15613f52cc e29d228065604b2b92e83e9d146e1a42 e53fbdfe72844f6baac2bb82b0389d2b - - 5d5c16fcde4f49edb16e6a53e6044b4e 5d5c16fcde4f49edb16e6a53e6044b4e] 10.0.0.2 "DELETE /resource_providers/374e07b9-f735-4b90-a53e-d501dc01816c" status: 404 len: 246 microversion: 1.1 [pid: 8|app: 0|req: 410/818] 10.0.0.2 () {34 vars in 814 bytes} [Tue Jun 30 23:28:55 2026] DELETE /resource_providers/374e07b9-f735-4b90-a53e-d501dc01816c => generated 246 bytes in 9 msecs (HTTP/1.1 404) 6 headers in 231 bytes (1 switches on core 0)
2026-06-30 23:28:55.134 7 INFO placement.requestlog [None req-fe0fec69-5dd9-433d-ba61-5cb32a50a941 e29d228065604b2b92e83e9d146e1a42 e53fbdfe72844f6baac2bb82b0389d2b - - 5d5c16fcde4f49edb16e6a53e6044b4e 5d5c16fcde4f49edb16e6a53e6044b4e] 10.0.0.2 "DELETE /resource_providers/374e07b9-f735-4b90-a53e-d501dc01816c" status: 404 len: 246 microversion: 1.1 [pid: 7|app: 0|req: 409/819] 10.0.0.2 () {34 vars in 814 bytes} [Tue Jun 30 23:28:55 2026] DELETE /resource_providers/374e07b9-f735-4b90-a53e-d501dc01816c => generated 246 bytes in 11 msecs (HTTP/1.1 404) 6 headers in 231 bytes (1 switches on core 0)
2026-06-30 23:28:57.184 8 INFO placement.requestlog [None req-4de5773f-1f5e-4a5a-b35a-912de87f0d44 e29d228065604b2b92e83e9d146e1a42 e53fbdfe72844f6baac2bb82b0389d2b - - 5d5c16fcde4f49edb16e6a53e6044b4e 5d5c16fcde4f49edb16e6a53e6044b4e] 10.0.0.2 "GET /resource_providers/da841999-6f79-48dd-9e07-a4ec1aa0ea1e/aggregates" status: 404 len: 235 microversion: 1.1 [pid: 8|app: 0|req: 411/820] 10.0.0.2 () {32 vars in 814 bytes} [Tue Jun 30 23:28:57 2026] GET /resource_providers/da841999-6f79-48dd-9e07-a4ec1aa0ea1e/aggregates => generated 235 bytes in 15 msecs (HTTP/1.1 404) 5 headers in 202 bytes (1 switches on core 0)
2026-06-30 23:28:57.189 7 INFO placement.requestlog [None req-f75be3ef-3e16-42c5-81a7-5333fc07c5b7 e29d228065604b2b92e83e9d146e1a42 e53fbdfe72844f6baac2bb82b0389d2b - - 5d5c16fcde4f49edb16e6a53e6044b4e 5d5c16fcde4f49edb16e6a53e6044b4e] 10.0.0.2 "GET /resource_providers/da841999-6f79-48dd-9e07-a4ec1aa0ea1e/aggregates" status: 404 len: 235 microversion: 1.1 [pid: 7|app: 0|req: 410/821] 10.0.0.2 () {32 vars in 814 bytes} [Tue Jun 30 23:28:57 2026] GET /resource_providers/da841999-6f79-48dd-9e07-a4ec1aa0ea1e/aggregates => generated 235 bytes in 20 msecs (HTTP/1.1 404) 5 headers in 202 bytes (1 switches on core 0)
2026-06-30 23:28:57.207 8 INFO placement.requestlog [None req-f3cb0522-c6e6-4b7c-b18c-885ae40ea259 e29d228065604b2b92e83e9d146e1a42 e53fbdfe72844f6baac2bb82b0389d2b - - 5d5c16fcde4f49edb16e6a53e6044b4e 5d5c16fcde4f49edb16e6a53e6044b4e] 10.0.0.2 "DELETE /resource_providers/da841999-6f79-48dd-9e07-a4ec1aa0ea1e" status: 404 len: 246 microversion: 1.1 [pid: 8|app: 0|req: 412/822] 10.0.0.2 () {34 vars in 814 bytes} [Tue Jun 30 23:28:57 2026] DELETE /resource_providers/da841999-6f79-48dd-9e07-a4ec1aa0ea1e => generated 246 bytes in 16 msecs (HTTP/1.1 404) 6 headers in 231 bytes (1 switches on core 0)
2026-06-30 23:28:57.208 7 INFO placement.requestlog [None req-0b1144d0-2e2d-4ede-974b-05ca2668d970 e29d228065604b2b92e83e9d146e1a42 e53fbdfe72844f6baac2bb82b0389d2b - - 5d5c16fcde4f49edb16e6a53e6044b4e 5d5c16fcde4f49edb16e6a53e6044b4e] 10.0.0.2 "DELETE /resource_providers/da841999-6f79-48dd-9e07-a4ec1aa0ea1e" status: 404 len: 246 microversion: 1.1 [pid: 7|app: 0|req: 411/823] 10.0.0.2 () {34 vars in 814 bytes} [Tue Jun 30 23:28:57 2026] DELETE /resource_providers/da841999-6f79-48dd-9e07-a4ec1aa0ea1e => generated 246 bytes in 10 msecs (HTTP/1.1 404) 6 headers in 231 bytes (1 switches on core 0)
2026-06-30 23:29:00.061 8 INFO placement.requestlog [None req-04ea4a79-ac7c-43d1-872a-ecb91ddee22f - - - - - -] 10.0.0.21 "GET /" status: 200 len: 136 microversion: 1.0
2026-06-30 23:29:00.065 7 INFO placement.requestlog [None req-f9e19144-c23b-4091-b1fe-eef24160862b - - - - - -] 10.0.0.21 "GET /" status: 200 len: 136 microversion: 1.0
2026-06-30 23:29:10.060 8 INFO placement.requestlog [None req-44e015e8-383f-4577-af7b-bf5000ef384a - - - - - -] 10.0.0.21 "GET /" status: 200 len: 136 microversion: 1.0
2026-06-30 23:29:10.061 7 INFO placement.requestlog [None req-f4f1d42c-c202-4a90-9c36-3af7fc3d8e28 - - - - - -] 10.0.0.21 "GET /" status: 200 len: 136 microversion: 1.0
2026-06-30 23:29:12.890 8 INFO placement.requestlog [None req-e195c6ea-beab-42a7-9b54-7149f2dd8feb e29d228065604b2b92e83e9d146e1a42 e53fbdfe72844f6baac2bb82b0389d2b - - 5d5c16fcde4f49edb16e6a53e6044b4e 5d5c16fcde4f49edb16e6a53e6044b4e] 10.0.0.2 "GET /resource_providers/43343b9a-0cdf-401d-8168-710487202998/aggregates" status: 404 len: 235 microversion: 1.1 [pid: 8|app: 0|req: 415/828] 10.0.0.2 () {32 vars in 814 bytes} [Tue Jun 30 23:29:12 2026] GET /resource_providers/43343b9a-0cdf-401d-8168-710487202998/aggregates => generated 235 bytes in 14 msecs (HTTP/1.1 404) 5 headers in 202 bytes (1 switches on core 0)
2026-06-30 23:29:12.903 7 INFO placement.requestlog [None req-70dc97af-eedf-4a7f-a59e-97113430edd2 e29d228065604b2b92e83e9d146e1a42 e53fbdfe72844f6baac2bb82b0389d2b - - 5d5c16fcde4f49edb16e6a53e6044b4e 5d5c16fcde4f49edb16e6a53e6044b4e] 10.0.0.2 "GET /resource_providers/43343b9a-0cdf-401d-8168-710487202998/aggregates" status: 404 len: 235 microversion: 1.1 [pid: 7|app: 0|req: 414/829] 10.0.0.2 () {32 vars in 814 bytes} [Tue Jun 30 23:29:12 2026] GET /resource_providers/43343b9a-0cdf-401d-8168-710487202998/aggregates => generated 235 bytes in 27 msecs (HTTP/1.1 404) 5 headers in 202 bytes (1 switches on core 0)
2026-06-30 23:29:12.933 8 INFO placement.requestlog [None req-fd305302-22e4-4c92-813b-8657d90e3c6f e29d228065604b2b92e83e9d146e1a42 e53fbdfe72844f6baac2bb82b0389d2b - - 5d5c16fcde4f49edb16e6a53e6044b4e 5d5c16fcde4f49edb16e6a53e6044b4e] 10.0.0.2 "DELETE /resource_providers/43343b9a-0cdf-401d-8168-710487202998" status: 404 len: 246 microversion: 1.1 [pid: 8|app: 0|req: 416/830] 10.0.0.2 () {34 vars in 814 bytes} [Tue Jun 30 23:29:12 2026] DELETE /resource_providers/43343b9a-0cdf-401d-8168-710487202998 => generated 246 bytes in 14 msecs (HTTP/1.1 404) 6 headers in 231 bytes (1 switches on core 0)
2026-06-30 23:29:12.934 7 INFO placement.requestlog [None req-6f598bc8-1e1b-4f0d-ad19-c0760a65bbac e29d228065604b2b92e83e9d146e1a42 e53fbdfe72844f6baac2bb82b0389d2b - - 5d5c16fcde4f49edb16e6a53e6044b4e 5d5c16fcde4f49edb16e6a53e6044b4e] 10.0.0.2 "DELETE /resource_providers/43343b9a-0cdf-401d-8168-710487202998" status: 404 len: 246 microversion: 1.1 [pid: 7|app: 0|req: 415/831] 10.0.0.2 () {34 vars in 814 bytes} [Tue Jun 30 23:29:12 2026] DELETE /resource_providers/43343b9a-0cdf-401d-8168-710487202998 => generated 246 bytes in 12 msecs (HTTP/1.1 404) 6 headers in 231 bytes (1 switches on core 0)
2026-06-30 23:29:13.862 7 INFO placement.requestlog [None req-58a3be52-fc89-4dce-9853-bda677155ed6 e29d228065604b2b92e83e9d146e1a42 e53fbdfe72844f6baac2bb82b0389d2b - - 5d5c16fcde4f49edb16e6a53e6044b4e 5d5c16fcde4f49edb16e6a53e6044b4e] 10.0.0.2 "GET /resource_providers/71eccc28-dbaa-449f-9fa9-9c2a70ca3cfe/aggregates" status: 404 len: 235 microversion: 1.1 [pid: 7|app: 0|req: 416/832] 10.0.0.2 () {32 vars in 814 bytes} [Tue Jun 30 23:29:13 2026] GET /resource_providers/71eccc28-dbaa-449f-9fa9-9c2a70ca3cfe/aggregates => generated 235 bytes in 14 msecs (HTTP/1.1 404) 5 headers in 202 bytes (1 switches on core 0)
2026-06-30 23:29:13.866 8 INFO placement.requestlog [None req-5921cda5-ea91-4cc0-8f0b-d8d28b575fbe e29d228065604b2b92e83e9d146e1a42 e53fbdfe72844f6baac2bb82b0389d2b - - 5d5c16fcde4f49edb16e6a53e6044b4e 5d5c16fcde4f49edb16e6a53e6044b4e] 10.0.0.2 "GET /resource_providers/71eccc28-dbaa-449f-9fa9-9c2a70ca3cfe/aggregates" status: 404 len: 235 microversion: 1.1 [pid: 8|app: 0|req: 417/833] 10.0.0.2 () {32 vars in 814 bytes} [Tue Jun 30 23:29:13 2026] GET /resource_providers/71eccc28-dbaa-449f-9fa9-9c2a70ca3cfe/aggregates => generated 235 bytes in 17 msecs (HTTP/1.1 404) 5 headers in 202 bytes (1 switches on core 0)
2026-06-30 23:29:13.891 8 INFO placement.requestlog [None req-100f669b-723f-4a69-97f0-b296d0cab3d0 e29d228065604b2b92e83e9d146e1a42 e53fbdfe72844f6baac2bb82b0389d2b - - 5d5c16fcde4f49edb16e6a53e6044b4e 5d5c16fcde4f49edb16e6a53e6044b4e] 10.0.0.2 "DELETE /resource_providers/71eccc28-dbaa-449f-9fa9-9c2a70ca3cfe" status: 404 len: 246 microversion: 1.1
2026-06-30 23:29:13.891 7 INFO placement.requestlog [None req-ba1b632b-a85d-4f59-a3da-ece4c74fdddc e29d228065604b2b92e83e9d146e1a42 e53fbdfe72844f6baac2bb82b0389d2b - - 5d5c16fcde4f49edb16e6a53e6044b4e 5d5c16fcde4f49edb16e6a53e6044b4e] 10.0.0.2 "DELETE /resource_providers/71eccc28-dbaa-449f-9fa9-9c2a70ca3cfe" status: 404 len: 246 microversion: 1.1 [pid: 8|app: 0|req: 418/834] 10.0.0.2 () {34 vars in 814 bytes} [Tue Jun 30 23:29:13 2026] DELETE /resource_providers/71eccc28-dbaa-449f-9fa9-9c2a70ca3cfe => generated 246 bytes in 14 msecs (HTTP/1.1 404) 6 headers in 231 bytes (1 switches on core 0) [pid: 7|app: 0|req: 417/835] 10.0.0.2 () {34 vars in 814 bytes} [Tue Jun 30 23:29:13 2026] DELETE /resource_providers/71eccc28-dbaa-449f-9fa9-9c2a70ca3cfe => generated 246 bytes in 18 msecs (HTTP/1.1 404) 6 headers in 231 bytes (1 switches on core 0)
2026-06-30 23:29:14.231 8 INFO placement.requestlog [req-bebc5521-aa19-49e8-802a-c26783e1ccb2 req-1a87ba0b-e877-4e7c-84c7-e18b6d367719 2c64d74d01004f94b5c4fabe337fbd08 e53fbdfe72844f6baac2bb82b0389d2b - - 5d5c16fcde4f49edb16e6a53e6044b4e 5d5c16fcde4f49edb16e6a53e6044b4e] 10.0.0.10 "GET /allocation_candidates?limit=1000&resources=DISK_GB%3A1%2CMEMORY_MB%3A512%2CVCPU%3A1&root_required=%21COMPUTE_STATUS_DISABLED" status: 200 len: 2147 microversion: 1.36 [pid: 8|app: 0|req: 419/836] 10.0.0.10 () {34 vars in 1011 bytes} [Tue Jun 30 23:29:14 2026] GET /allocation_candidates?limit=1000&resources=DISK_GB%3A1%2CMEMORY_MB%3A512%2CVCPU%3A1&root_required=%21COMPUTE_STATUS_DISABLED => generated 2147 bytes in 59 msecs (HTTP/1.1 200) 8 headers in 297 bytes (1 switches on core 0)
2026-06-30 23:29:14.273 7 INFO placement.requestlog [req-bebc5521-aa19-49e8-802a-c26783e1ccb2 req-02c2a8b4-47fe-43f0-a3ca-d0fa8309967d 2c64d74d01004f94b5c4fabe337fbd08 e53fbdfe72844f6baac2bb82b0389d2b - - 5d5c16fcde4f49edb16e6a53e6044b4e 5d5c16fcde4f49edb16e6a53e6044b4e] 10.0.0.10 "GET /allocations/e9e5358c-3f25-46f8-8b3d-e704d7752a56" status: 200 len: 19 microversion: 1.28 [pid: 7|app: 0|req: 418/837] 10.0.0.10 () {34 vars in 860 bytes} [Tue Jun 30 23:29:14 2026] GET /allocations/e9e5358c-3f25-46f8-8b3d-e704d7752a56 => generated 19 bytes in 15 msecs (HTTP/1.1 200) 8 headers in 295 bytes (1 switches on core 0)
2026-06-30 23:29:14.363 8 INFO placement.requestlog [req-bebc5521-aa19-49e8-802a-c26783e1ccb2 req-6e56e571-6aef-48c0-9fa6-5afad692a136 2c64d74d01004f94b5c4fabe337fbd08 e53fbdfe72844f6baac2bb82b0389d2b - - 5d5c16fcde4f49edb16e6a53e6044b4e 5d5c16fcde4f49edb16e6a53e6044b4e] 10.0.0.10 "PUT /allocations/e9e5358c-3f25-46f8-8b3d-e704d7752a56" status: 204 len: 0 microversion: 1.36 [pid: 8|app: 0|req: 420/838] 10.0.0.10 () {38 vars in 913 bytes} [Tue Jun 30 23:29:14 2026] PUT /allocations/e9e5358c-3f25-46f8-8b3d-e704d7752a56 => generated 0 bytes in 83 msecs (HTTP/1.1 204) 5 headers in 199 bytes (1 switches on core 0)
2026-06-30 23:29:14.582 7 INFO placement.requestlog [req-be364995-8250-4f26-b765-b9b9fc4217bd req-e96f3288-c18a-464b-ad4b-7bc505b3ba89 2c64d74d01004f94b5c4fabe337fbd08 e53fbdfe72844f6baac2bb82b0389d2b - - 5d5c16fcde4f49edb16e6a53e6044b4e 5d5c16fcde4f49edb16e6a53e6044b4e] 10.0.0.10 "GET /allocation_candidates?limit=1000&resources=DISK_GB%3A1%2CMEMORY_MB%3A512%2CVCPU%3A1&root_required=%21COMPUTE_STATUS_DISABLED" status: 200 len: 2149 microversion: 1.36 [pid: 7|app: 0|req: 419/839] 10.0.0.10 () {34 vars in 1011 bytes} [Tue Jun 30 23:29:14 2026] GET /allocation_candidates?limit=1000&resources=DISK_GB%3A1%2CMEMORY_MB%3A512%2CVCPU%3A1&root_required=%21COMPUTE_STATUS_DISABLED => generated 2149 bytes in 139 msecs (HTTP/1.1 200) 8 headers in 297 bytes (1 switches on core 0)
2026-06-30 23:29:14.620 8 INFO placement.requestlog [req-be364995-8250-4f26-b765-b9b9fc4217bd req-f942c590-5e44-4d9f-9dc6-bbed255f2da4 2c64d74d01004f94b5c4fabe337fbd08 e53fbdfe72844f6baac2bb82b0389d2b - - 5d5c16fcde4f49edb16e6a53e6044b4e 5d5c16fcde4f49edb16e6a53e6044b4e] 10.0.0.10 "GET /allocations/cdc95f7d-b105-4fb2-85e2-bda145cddb37" status: 200 len: 19 microversion: 1.28 [pid: 8|app: 0|req: 421/840] 10.0.0.10 () {34 vars in 860 bytes} [Tue Jun 30 23:29:14 2026] GET /allocations/cdc95f7d-b105-4fb2-85e2-bda145cddb37 => generated 19 bytes in 14 msecs (HTTP/1.1 200) 8 headers in 295 bytes (1 switches on core 0)
2026-06-30 23:29:14.652 8 INFO placement.requestlog [req-bebc5521-aa19-49e8-802a-c26783e1ccb2 req-1e9f4569-6b7e-45cf-a20c-e7739f78f83d 2c64d74d01004f94b5c4fabe337fbd08 e53fbdfe72844f6baac2bb82b0389d2b - - 5d5c16fcde4f49edb16e6a53e6044b4e 5d5c16fcde4f49edb16e6a53e6044b4e] 199.204.45.235 "GET /allocations/e9e5358c-3f25-46f8-8b3d-e704d7752a56" status: 200 len: 257 microversion: 1.28 [pid: 8|app: 0|req: 422/841] 199.204.45.235 () {34 vars in 863 bytes} [Tue Jun 30 23:29:14 2026] GET /allocations/e9e5358c-3f25-46f8-8b3d-e704d7752a56 => generated 257 bytes in 16 msecs (HTTP/1.1 200) 8 headers in 296 bytes (1 switches on core 0)
2026-06-30 23:29:14.731 7 INFO placement.requestlog [req-be364995-8250-4f26-b765-b9b9fc4217bd req-aae87c49-d6df-459f-af1d-980e1f49c0d1 2c64d74d01004f94b5c4fabe337fbd08 e53fbdfe72844f6baac2bb82b0389d2b - - 5d5c16fcde4f49edb16e6a53e6044b4e 5d5c16fcde4f49edb16e6a53e6044b4e] 10.0.0.10 "PUT /allocations/cdc95f7d-b105-4fb2-85e2-bda145cddb37" status: 204 len: 0 microversion: 1.36 [pid: 7|app: 0|req: 420/842] 10.0.0.10 () {38 vars in 913 bytes} [Tue Jun 30 23:29:14 2026] PUT /allocations/cdc95f7d-b105-4fb2-85e2-bda145cddb37 => generated 0 bytes in 104 msecs (HTTP/1.1 204) 5 headers in 199 bytes (1 switches on core 0)
2026-06-30 23:29:14.778 8 INFO placement.requestlog [req-bebc5521-aa19-49e8-802a-c26783e1ccb2 req-3fa2fdef-fe3e-4d36-9052-6fafae11e63a 2c64d74d01004f94b5c4fabe337fbd08 e53fbdfe72844f6baac2bb82b0389d2b - - 5d5c16fcde4f49edb16e6a53e6044b4e 5d5c16fcde4f49edb16e6a53e6044b4e] 199.204.45.235 "GET /resource_providers/bc05c15b-64a2-4ace-9240-ffe0bdcea0b2/allocations" status: 200 len: 253 microversion: 1.0 [pid: 8|app: 0|req: 423/843] 199.204.45.235 () {32 vars in 857 bytes} [Tue Jun 30 23:29:14 2026] GET /resource_providers/bc05c15b-64a2-4ace-9240-ffe0bdcea0b2/allocations => generated 253 bytes in 30 msecs (HTTP/1.1 200) 6 headers in 224 bytes (1 switches on core 0)
2026-06-30 23:29:14.806 7 INFO placement.requestlog [req-bebc5521-aa19-49e8-802a-c26783e1ccb2 req-11350807-7210-4ada-9ff9-d7c873063422 2c64d74d01004f94b5c4fabe337fbd08 e53fbdfe72844f6baac2bb82b0389d2b - - 5d5c16fcde4f49edb16e6a53e6044b4e 5d5c16fcde4f49edb16e6a53e6044b4e] 199.204.45.235 "GET /allocations/cdc95f7d-b105-4fb2-85e2-bda145cddb37" status: 200 len: 258 microversion: 1.28 [pid: 7|app: 0|req: 421/844] 199.204.45.235 () {34 vars in 863 bytes} [Tue Jun 30 23:29:14 2026] GET /allocations/cdc95f7d-b105-4fb2-85e2-bda145cddb37 => generated 258 bytes in 17 msecs (HTTP/1.1 200) 8 headers in 296 bytes (1 switches on core 0)
2026-06-30 23:29:14.835 8 INFO placement.requestlog [req-bebc5521-aa19-49e8-802a-c26783e1ccb2 req-bbdc0d41-96da-4c14-896c-0e2bfafbc23c 2c64d74d01004f94b5c4fabe337fbd08 e53fbdfe72844f6baac2bb82b0389d2b - - 5d5c16fcde4f49edb16e6a53e6044b4e 5d5c16fcde4f49edb16e6a53e6044b4e] 199.204.45.235 "GET /allocations/e9e5358c-3f25-46f8-8b3d-e704d7752a56" status: 200 len: 258 microversion: 1.28 [pid: 8|app: 0|req: 424/845] 199.204.45.235 () {34 vars in 863 bytes} [Tue Jun 30 23:29:14 2026] GET /allocations/e9e5358c-3f25-46f8-8b3d-e704d7752a56 => generated 258 bytes in 20 msecs (HTTP/1.1 200) 8 headers in 296 bytes (1 switches on core 0)
2026-06-30 23:29:15.008 8 INFO placement.requestlog [None req-b45b77ce-69bd-43a0-804f-004b572c2d1b e29d228065604b2b92e83e9d146e1a42 e53fbdfe72844f6baac2bb82b0389d2b - - 5d5c16fcde4f49edb16e6a53e6044b4e 5d5c16fcde4f49edb16e6a53e6044b4e] 10.0.0.2 "GET /resource_providers/361c7517-7641-4d35-b449-d20c6e631325/aggregates" status: 404 len: 235 microversion: 1.1 [pid: 8|app: 0|req: 425/846] 10.0.0.2 () {32 vars in 814 bytes} [Tue Jun 30 23:29:14 2026] GET /resource_providers/361c7517-7641-4d35-b449-d20c6e631325/aggregates => generated 235 bytes in 11 msecs (HTTP/1.1 404) 5 headers in 202 bytes (1 switches on core 0)
2026-06-30 23:29:15.013 7 INFO placement.requestlog [None req-0ed08965-8429-4dbb-be09-703a26eea730 e29d228065604b2b92e83e9d146e1a42 e53fbdfe72844f6baac2bb82b0389d2b - - 5d5c16fcde4f49edb16e6a53e6044b4e 5d5c16fcde4f49edb16e6a53e6044b4e] 10.0.0.2 "GET /resource_providers/361c7517-7641-4d35-b449-d20c6e631325/aggregates" status: 404 len: 235 microversion: 1.1 [pid: 7|app: 0|req: 422/847] 10.0.0.2 () {32 vars in 814 bytes} [Tue Jun 30 23:29:14 2026] GET /resource_providers/361c7517-7641-4d35-b449-d20c6e631325/aggregates => generated 235 bytes in 17 msecs (HTTP/1.1 404) 5 headers in 202 bytes (1 switches on core 0)
2026-06-30 23:29:15.031 7 INFO placement.requestlog [None req-02d9ba06-418f-4b81-8b77-46c5279ab51f e29d228065604b2b92e83e9d146e1a42 e53fbdfe72844f6baac2bb82b0389d2b - - 5d5c16fcde4f49edb16e6a53e6044b4e 5d5c16fcde4f49edb16e6a53e6044b4e] 10.0.0.2 "DELETE /resource_providers/361c7517-7641-4d35-b449-d20c6e631325" status: 404 len: 246 microversion: 1.1 [pid: 7|app: 0|req: 423/848] 10.0.0.2 () {34 vars in 814 bytes} [Tue Jun 30 23:29:15 2026] DELETE /resource_providers/361c7517-7641-4d35-b449-d20c6e631325 => generated 246 bytes in 12 msecs (HTTP/1.1 404) 6 headers in 231 bytes (1 switches on core 0)
2026-06-30 23:29:15.083 8 INFO placement.requestlog [None req-73176d06-863f-4688-b719-7d982797b7b1 e29d228065604b2b92e83e9d146e1a42 e53fbdfe72844f6baac2bb82b0389d2b - - 5d5c16fcde4f49edb16e6a53e6044b4e 5d5c16fcde4f49edb16e6a53e6044b4e] 10.0.0.2 "DELETE /resource_providers/361c7517-7641-4d35-b449-d20c6e631325" status: 404 len: 246 microversion: 1.1 [pid: 8|app: 0|req: 426/849] 10.0.0.2 () {34 vars in 814 bytes} [Tue Jun 30 23:29:15 2026] DELETE /resource_providers/361c7517-7641-4d35-b449-d20c6e631325 => generated 246 bytes in 63 msecs (HTTP/1.1 404) 6 headers in 231 bytes (1 switches on core 0)
2026-06-30 23:29:15.143 7 INFO placement.requestlog [req-be364995-8250-4f26-b765-b9b9fc4217bd req-aacb13f6-5439-49d7-baae-b579b0cbfb55 2c64d74d01004f94b5c4fabe337fbd08 e53fbdfe72844f6baac2bb82b0389d2b - - 5d5c16fcde4f49edb16e6a53e6044b4e 5d5c16fcde4f49edb16e6a53e6044b4e] 199.204.45.235 "GET /allocations/cdc95f7d-b105-4fb2-85e2-bda145cddb37" status: 200 len: 258 microversion: 1.28 [pid: 7|app: 0|req: 424/850] 199.204.45.235 () {34 vars in 863 bytes} [Tue Jun 30 23:29:15 2026] GET /allocations/cdc95f7d-b105-4fb2-85e2-bda145cddb37 => generated 258 bytes in 22 msecs (HTTP/1.1 200) 8 headers in 296 bytes (1 switches on core 0)
2026-06-30 23:29:15.274 8 INFO placement.requestlog [req-be364995-8250-4f26-b765-b9b9fc4217bd req-71d2c32b-9960-43e3-bb6f-1c9ae0fe0d45 2c64d74d01004f94b5c4fabe337fbd08 e53fbdfe72844f6baac2bb82b0389d2b - - 5d5c16fcde4f49edb16e6a53e6044b4e 5d5c16fcde4f49edb16e6a53e6044b4e] 199.204.45.235 "GET /resource_providers/bc05c15b-64a2-4ace-9240-ffe0bdcea0b2/allocations" status: 200 len: 253 microversion: 1.0 [pid: 8|app: 0|req: 427/851] 199.204.45.235 () {32 vars in 857 bytes} [Tue Jun 30 23:29:15 2026] GET /resource_providers/bc05c15b-64a2-4ace-9240-ffe0bdcea0b2/allocations => generated 253 bytes in 17 msecs (HTTP/1.1 200) 6 headers in 224 bytes (1 switches on core 0)
2026-06-30 23:29:15.319 7 INFO placement.requestlog [req-be364995-8250-4f26-b765-b9b9fc4217bd req-ad48ade8-ddd2-478f-993a-afc04a01a28c 2c64d74d01004f94b5c4fabe337fbd08 e53fbdfe72844f6baac2bb82b0389d2b - - 5d5c16fcde4f49edb16e6a53e6044b4e 5d5c16fcde4f49edb16e6a53e6044b4e] 199.204.45.235 "GET /allocations/cdc95f7d-b105-4fb2-85e2-bda145cddb37" status: 200 len: 258 microversion: 1.28 [pid: 7|app: 0|req: 425/852] 199.204.45.235 () {34 vars in 863 bytes} [Tue Jun 30 23:29:15 2026] GET /allocations/cdc95f7d-b105-4fb2-85e2-bda145cddb37 => generated 258 bytes in 15 msecs (HTTP/1.1 200) 8 headers in 296 bytes (1 switches on core 0)
2026-06-30 23:29:15.348 8 INFO placement.requestlog [req-be364995-8250-4f26-b765-b9b9fc4217bd req-317194bd-1c38-4cf1-bd5a-9bdb87d98f36 2c64d74d01004f94b5c4fabe337fbd08 e53fbdfe72844f6baac2bb82b0389d2b - - 5d5c16fcde4f49edb16e6a53e6044b4e 5d5c16fcde4f49edb16e6a53e6044b4e] 199.204.45.235 "GET /allocations/e9e5358c-3f25-46f8-8b3d-e704d7752a56" status: 200 len: 258 microversion: 1.28 [pid: 8|app: 0|req: 428/853] 199.204.45.235 () {34 vars in 863 bytes} [Tue Jun 30 23:29:15 2026] GET /allocations/e9e5358c-3f25-46f8-8b3d-e704d7752a56 => generated 258 bytes in 16 msecs (HTTP/1.1 200) 8 headers in 296 bytes (1 switches on core 0)
2026-06-30 23:29:20.060 8 INFO placement.requestlog [None req-bba0a065-3c85-4e96-a949-d6ba704fcfdf - - - - - -] 10.0.0.21 "GET /" status: 200 len: 136 microversion: 1.0
